2025-08-23 16:44:42.656 T:4326 debug : CAMLCodec::GetPicture: index: 67, pts: 2.794, dur:41.000ms ar:1.78 elf:39ms
2025-08-23 16:44:42.656 T:4326 debug : CVideoPlayerVideo::OutputPicture - ttd:353ms pts:2.794 Clock:2.441 Level:5
2025-08-23 16:44:42.660 T:4091 debug : PrepareNextRender: frameOnScreen: 2.445 renderPts: 2.603 nextFramePts: 2.586 -> diff: 0.017 render: 1 forceNext: 0
2025-08-23 16:44:42.660 T:4091 debug : CAMLCodec::ReleaseFrame idx:62, drop:0
2025-08-23 16:44:42.692 T:4327 debug : CVideoPlayerAudio::OutputPacket: pts:3.251 curr_pts:2.453 clock:2.476 level:71
2025-08-23 16:44:42.697 T:4091 debug : CAMLCodec::PollFrame elapsed:36.754ms
2025-08-23 16:44:42.697 T:4326 debug : CAMLCodec::DequeueBuffer: pts:2.836 idx:68
2025-08-23 16:44:42.697 T:4326 debug : CAMLCodec::GetPicture: index: 68, pts: 2.836, dur:42.000ms ar:1.78 elf:41ms
2025-08-23 16:44:42.697 T:4326 debug : CVideoPlayerVideo::OutputPicture - ttd:353ms pts:2.836 Clock:2.482 Level:5
2025-08-23 16:44:42.701 T:4091 debug : PrepareNextRender: frameOnScreen: 2.486 renderPts: 2.644 nextFramePts: 2.628 -> diff: 0.016 render: 1 forceNext: 0
2025-08-23 16:44:42.701 T:4091 debug : CAMLCodec::ReleaseFrame idx:63, drop:0
2025-08-23 16:44:42.738 T:4091 debug : CAMLCodec::PollFrame elapsed:36.916ms
2025-08-23 16:44:42.740 T:4326 debug : CAMLCodec::DequeueBuffer: pts:2.878 idx:69
2025-08-23 16:44:42.740 T:4326 debug : CAMLCodec::GetPicture: index: 69, pts: 2.878, dur:42.000ms ar:1.78 elf:42ms
2025-08-23 16:44:42.740 T:4326 debug : CVideoPlayerVideo::OutputPicture - ttd:352ms pts:2.878 Clock:2.525 Level:5
2025-08-23 16:44:42.743 T:4327 debug : CVideoPlayerAudio::OutputPacket: pts:3.344 curr_pts:2.505 clock:2.528 level:70
2025-08-23 16:44:42.744 T:4091 debug : PrepareNextRender: frameOnScreen: 2.529 renderPts: 2.690 nextFramePts: 2.669 -> diff: 0.021 render: 1 forceNext: 0
2025-08-23 16:44:42.744 T:4091 debug : CAMLCodec::ReleaseFrame idx:64, drop:0
2025-08-23 16:44:42.780 T:4091 debug : CAMLCodec::PollFrame elapsed:35.648ms
2025-08-23 16:44:42.782 T:4326 debug : CAMLCodec::DequeueBuffer: pts:2.920 idx:70
2025-08-23 16:44:42.782 T:4326 debug : CAMLCodec::GetPicture: index: 70, pts: 2.920, dur:42.000ms ar:1.78 elf:41ms
2025-08-23 16:44:42.782 T:4326 debug : CVideoPlayerVideo::OutputPicture - ttd:352ms pts:2.920 Clock:2.567 Level:5
2025-08-23 16:44:42.786 T:4091 debug : PrepareNextRender: frameOnScreen: 2.571 renderPts: 2.732 nextFramePts: 2.711 -> diff: 0.021 render: 1 forceNext: 0
2025-08-23 16:44:42.786 T:4091 debug : CAMLCodec::ReleaseFrame idx:65, drop:0
2025-08-23 16:44:42.822 T:4091 debug : CAMLCodec::PollFrame elapsed:35.977ms
2025-08-23 16:44:42.823 T:4091 debug : PrepareNextRender: frameOnScreen: 2.608 renderPts: 2.769 nextFramePts: 2.753 -> diff: 0.016 render: 1 forceNext: 0
2025-08-23 16:44:42.823 T:4326 debug : CAMLCodec::DequeueBuffer: pts:2.961 idx:71
2025-08-23 16:44:42.823 T:4326 debug : CAMLCodec::GetPicture: index: 71, pts: 2.961, dur:41.000ms ar:1.78 elf:41ms
2025-08-23 16:44:42.824 T:4326 debug : CVideoPlayerVideo::OutputPicture - ttd:352ms pts:2.961 Clock:2.609 Level:4
2025-08-23 16:44:42.824 T:4091 debug : CAMLCodec::ReleaseFrame idx:66, drop:0
2025-08-23 16:44:42.842 T:4327 debug : CVideoPlayerAudio::OutputPacket: pts:3.437 curr_pts:2.605 clock:2.627 level:69
2025-08-23 16:44:42.863 T:4091 debug : CAMLCodec::PollFrame elapsed:39.665ms
2025-08-23 16:44:42.864 T:4326 debug : CAMLCodec::DequeueBuffer: pts:3.003 idx:72
2025-08-23 16:44:42.864 T:4326 debug : CAMLCodec::GetPicture: index: 72, pts: 3.003, dur:42.000ms ar:1.78 elf:40ms
2025-08-23 16:44:42.865 T:4326 debug : CVideoPlayerVideo::OutputPicture - ttd:353ms pts:3.003 Clock:2.650 Level:5
2025-08-23 16:44:42.866 T:4091 debug : PrepareNextRender: frameOnScreen: 2.651 renderPts: 2.812 nextFramePts: 2.794 -> diff: 0.018 render: 1 forceNext: 0
2025-08-23 16:44:42.866 T:4091 debug : CAMLCodec::ReleaseFrame idx:67, drop:0
2025-08-23 16:44:42.905 T:4091 debug : CAMLCodec::PollFrame elapsed:39.054ms
2025-08-23 16:44:42.907 T:4326 debug : CAMLCodec::DequeueBuffer: pts:3.045 idx:73
2025-08-23 16:44:42.907 T:4326 debug : CAMLCodec::GetPicture: index: 73, pts: 3.045, dur:42.000ms ar:1.78 elf:42ms
2025-08-23 16:44:42.907 T:4326 debug : CVideoPlayerVideo::OutputPicture - ttd:352ms pts:3.045 Clock:2.692 Level:5
2025-08-23 16:44:42.911 T:4091 debug : PrepareNextRender: frameOnScreen: 2.696 renderPts: 2.857 nextFramePts: 2.836 -> diff: 0.021 render: 1 forceNext: 0
2025-08-23 16:44:42.911 T:4091 debug : CAMLCodec::ReleaseFrame idx:68, drop:0
2025-08-23 16:44:42.916 T:4326 debug : CAMLCodec::AddData: dl:795328 fl:5299520 sz:188767(188864) lv:13.0% dts:4.087 pts:4.213
2025-08-23 16:44:42.943 T:4327 debug : CVideoPlayerAudio::OutputPacket: pts:3.529 curr_pts:2.705 clock:2.728 level:68
2025-08-23 16:44:42.947 T:4091 debug : CAMLCodec::PollFrame elapsed:35.504ms
2025-08-23 16:44:42.949 T:4326 debug : CAMLCodec::DequeueBuffer: pts:3.086 idx:74
2025-08-23 16:44:42.949 T:4326 debug : CAMLCodec::GetPicture: index: 74, pts: 3.086, dur:41.000ms ar:1.78 elf:41ms
2025-08-23 16:44:42.949 T:4326 debug : CVideoPlayerVideo::OutputPicture - ttd:352ms pts:3.086 Clock:2.734 Level:5
2025-08-23 16:44:42.952 T:4091 debug : PrepareNextRender: frameOnScreen: 2.737 renderPts: 2.898 nextFramePts: 2.878 -> diff: 0.020 render: 1 forceNext: 0
2025-08-23 16:44:42.952 T:4091 debug : CAMLCodec::ReleaseFrame idx:69, drop:0
2025-08-23 16:44:42.989 T:4091 debug : CAMLCodec::PollFrame elapsed:36.321ms
2025-08-23 16:44:42.990 T:4326 debug : CAMLCodec::DequeueBuffer: pts:3.128 idx:75
2025-08-23 16:44:42.990 T:4326 debug : CAMLCodec::GetPicture: index: 75, pts: 3.128, dur:42.000ms ar:1.78 elf:41ms
2025-08-23 16:44:42.990 T:4326 debug : CVideoPlayerVideo::OutputPicture - ttd:352ms pts:3.128 Clock:2.775 Level:5
2025-08-23 16:44:42.994 T:4091 debug : PrepareNextRender: frameOnScreen: 2.779 renderPts: 2.940 nextFramePts: 2.920 -> diff: 0.020 render: 1 forceNext: 0
2025-08-23 16:44:42.994 T:4091 debug : CAMLCodec::ReleaseFrame idx:70, drop:0
2025-08-23 16:44:43.030 T:4091 debug : CAMLCodec::PollFrame elapsed:36.385ms
2025-08-23 16:44:43.031 T:4326 debug : CAMLCodec::DequeueBuffer: pts:3.170 idx:76
2025-08-23 16:44:43.032 T:4326 debug : CAMLCodec::GetPicture: index: 76, pts: 3.170, dur:42.000ms ar:1.78 elf:41ms
2025-08-23 16:44:43.032 T:4326 debug : CVideoPlayerVideo::OutputPicture - ttd:353ms pts:3.170 Clock:2.817 Level:5
2025-08-23 16:44:43.035 T:4091 debug : PrepareNextRender: frameOnScreen: 2.820 renderPts: 2.981 nextFramePts: 2.961 -> diff: 0.020 render: 1 forceNext: 0
2025-08-23 16:44:43.035 T:4091 debug : CAMLCodec::ReleaseFrame idx:71, drop:0
2025-08-23 16:44:43.043 T:4327 debug : CVideoPlayerAudio::OutputPacket: pts:3.622 curr_pts:2.804 clock:2.828 level:67
2025-08-23 16:44:43.072 T:4091 debug : CAMLCodec::PollFrame elapsed:36.510ms
2025-08-23 16:44:43.073 T:4326 debug : CAMLCodec::DequeueBuffer: pts:3.212 idx:77
2025-08-23 16:44:43.073 T:4326 debug : CAMLCodec::GetPicture: index: 77, pts: 3.212, dur:42.000ms ar:1.78 elf:41ms
2025-08-23 16:44:43.073 T:4326 debug : CVideoPlayerVideo::OutputPicture - ttd:353ms pts:3.212 Clock:2.858 Level:5
2025-08-23 16:44:43.077 T:4091 debug : PrepareNextRender: frameOnScreen: 2.862 renderPts: 3.023 nextFramePts: 3.003 -> diff: 0.020 render: 1 forceNext: 0
2025-08-23 16:44:43.077 T:4091 debug : CAMLCodec::ReleaseFrame idx:72, drop:0
2025-08-23 16:44:43.114 T:4091 debug : CAMLCodec::PollFrame elapsed:36.747ms
2025-08-23 16:44:43.114 T:4326 debug : CAMLCodec::DequeueBuffer: pts:3.253 idx:78
2025-08-23 16:44:43.115 T:4326 debug : CAMLCodec::GetPicture: index: 78, pts: 3.253, dur:41.000ms ar:1.78 elf:41ms
2025-08-23 16:44:43.115 T:4326 debug : CVideoPlayerVideo::OutputPicture - ttd:353ms pts:3.253 Clock:2.900 Level:5
2025-08-23 16:44:43.119 T:4091 debug : PrepareNextRender: frameOnScreen: 2.903 renderPts: 3.065 nextFramePts: 3.045 -> diff: 0.020 render: 1 forceNext: 0
2025-08-23 16:44:43.119 T:4091 debug : CAMLCodec::ReleaseFrame idx:73, drop:0
2025-08-23 16:44:43.143 T:4327 debug : CVideoPlayerAudio::OutputPacket: pts:3.715 curr_pts:2.904 clock:2.928 level:66
2025-08-23 16:44:43.155 T:4091 debug : CAMLCodec::PollFrame elapsed:36.673ms
2025-08-23 16:44:43.158 T:4326 debug : CAMLCodec::DequeueBuffer: pts:3.295 idx:79
2025-08-23 16:44:43.158 T:4326 debug : CAMLCodec::GetPicture: index: 79, pts: 3.295, dur:42.000ms ar:1.78 elf:43ms
2025-08-23 16:44:43.158 T:4326 debug : CVideoPlayerVideo::OutputPicture - ttd:351ms pts:3.295 Clock:2.943 Level:5
2025-08-23 16:44:43.160 T:4091 debug : PrepareNextRender: frameOnScreen: 2.945 renderPts: 3.106 nextFramePts: 3.086 -> diff: 0.020 render: 1 forceNext: 0
2025-08-23 16:44:43.160 T:4091 debug : CAMLCodec::ReleaseFrame idx:74, drop:0
2025-08-23 16:44:43.197 T:4091 debug : CAMLCodec::PollFrame elapsed:37.266ms
2025-08-23 16:44:43.199 T:4326 debug : CAMLCodec::DequeueBuffer: pts:3.337 idx:80
2025-08-23 16:44:43.199 T:4326 debug : CAMLCodec::GetPicture: index: 80, pts: 3.337, dur:42.000ms ar:1.78 elf:40ms
2025-08-23 16:44:43.199 T:4326 debug : CVideoPlayerVideo::OutputPicture - ttd:353ms pts:3.337 Clock:2.984 Level:5
2025-08-23 16:44:43.202 T:4091 debug : PrepareNextRender: frameOnScreen: 2.987 renderPts: 3.148 nextFramePts: 3.128 -> diff: 0.020 render: 1 forceNext: 0
2025-08-23 16:44:43.202 T:4091 debug : CAMLCodec::ReleaseFrame idx:75, drop:0
2025-08-23 16:44:43.239 T:4091 debug : CAMLCodec::PollFrame elapsed:37.374ms
2025-08-23 16:44:43.240 T:4326 debug : CAMLCodec::DequeueBuffer: pts:3.378 idx:81
2025-08-23 16:44:43.241 T:4326 debug : CAMLCodec::GetPicture: index: 81, pts: 3.378, dur:41.000ms ar:1.78 elf:41ms
2025-08-23 16:44:43.241 T:4326 debug : CVideoPlayerVideo::OutputPicture - ttd:352ms pts:3.378 Clock:3.026 Level:5
2025-08-23 16:44:43.242 T:4327 debug : CVideoPlayerAudio::OutputPacket: pts:3.807 curr_pts:3.003 clock:3.027 level:64
2025-08-23 16:44:43.245 T:4091 debug : PrepareNextRender: frameOnScreen: 3.029 renderPts: 3.191 nextFramePts: 3.170 -> diff: 0.021 render: 1 forceNext: 0
2025-08-23 16:44:43.245 T:4091 debug : CAMLCodec::ReleaseFrame idx:76, drop:0
2025-08-23 16:44:43.281 T:4091 debug : CAMLCodec::PollFrame elapsed:35.680ms
2025-08-23 16:44:43.282 T:4091 debug : PrepareNextRender: frameOnScreen: 3.067 renderPts: 3.228 nextFramePts: 3.212 -> diff: 0.016 render: 1 forceNext: 0
2025-08-23 16:44:43.282 T:4091 debug : CAMLCodec::ReleaseFrame idx:77, drop:0
2025-08-23 16:44:43.283 T:4326 debug : CAMLCodec::DequeueBuffer: pts:3.420 idx:82
2025-08-23 16:44:43.283 T:4326 debug : CAMLCodec::GetPicture: index: 82, pts: 3.420, dur:42.000ms ar:1.78 elf:41ms
2025-08-23 16:44:43.283 T:4326 debug : CVideoPlayerVideo::OutputPicture - ttd:352ms pts:3.420 Clock:3.068 Level:4
2025-08-23 16:44:43.322 T:4091 debug : CAMLCodec::PollFrame elapsed:39.974ms
2025-08-23 16:44:43.324 T:4326 debug : CAMLCodec::DequeueBuffer: pts:3.462 idx:83
2025-08-23 16:44:43.324 T:4326 debug : CAMLCodec::GetPicture: index: 83, pts: 3.462, dur:42.000ms ar:1.78 elf:41ms
2025-08-23 16:44:43.324 T:4326 debug : CVideoPlayerVideo::OutputPicture - ttd:353ms pts:3.462 Clock:3.109 Level:5
2025-08-23 16:44:43.324 T:4091 debug : PrepareNextRender: frameOnScreen: 3.109 renderPts: 3.270 nextFramePts: 3.253 -> diff: 0.017 render: 1 forceNext: 0
2025-08-23 16:44:43.324 T:4091 debug : CAMLCodec::ReleaseFrame idx:78, drop:0
2025-08-23 16:44:43.342 T:4327 debug : CVideoPlayerAudio::OutputPacket: pts:3.900 curr_pts:3.102 clock:3.127 level:63
2025-08-23 16:44:43.364 T:4091 debug : CAMLCodec::PollFrame elapsed:39.781ms
2025-08-23 16:44:43.365 T:4091 debug : PrepareNextRender: frameOnScreen: 3.150 renderPts: 3.311 nextFramePts: 3.295 -> diff: 0.016 render: 1 forceNext: 0
2025-08-23 16:44:43.365 T:4091 debug : CAMLCodec::ReleaseFrame idx:79, drop:0
2025-08-23 16:44:43.366 T:4326 debug : CAMLCodec::DequeueBuffer: pts:3.503 idx:84
2025-08-23 16:44:43.366 T:4326 debug : CAMLCodec::GetPicture: index: 84, pts: 3.503, dur:41.000ms ar:1.78 elf:41ms
2025-08-23 16:44:43.366 T:4326 debug : CVideoPlayerVideo::OutputPicture - ttd:352ms pts:3.503 Clock:3.151 Level:4
2025-08-23 16:44:43.367 T:4326 debug : CAMLCodec::DequeueBuffer: pts:3.545 idx:85
2025-08-23 16:44:43.367 T:4326 debug : CAMLCodec::GetPicture: index: 85, pts: 3.545, dur:42.000ms ar:1.78 elf:1ms
2025-08-23 16:44:43.367 T:4326 debug : CVideoPlayerVideo::OutputPicture - ttd:393ms pts:3.545 Clock:3.152 Level:5
2025-08-23 16:44:43.368 T:4326 debug : CAMLCodec::DequeueBuffer: pts:3.587 idx:86
2025-08-23 16:44:43.368 T:4326 debug : CAMLCodec::GetPicture: index: 86, pts: 3.587, dur:42.000ms ar:1.78 elf:1ms
2025-08-23 16:44:43.368 T:4326 debug : CVideoPlayerVideo::OutputPicture - ttd:433ms pts:3.587 Clock:3.153 Level:6
2025-08-23 16:44:43.369 T:4326 debug : CAMLCodec::DequeueBuffer: pts:3.629 idx:87
2025-08-23 16:44:43.369 T:4326 debug : CAMLCodec::GetPicture: index: 87, pts: 3.629, dur:42.000ms ar:1.78 elf:1ms
2025-08-23 16:44:43.392 T:4327 debug : CVideoPlayerAudio::OutputPacket: pts:3.993 curr_pts:3.153 clock:3.177 level:62
2025-08-23 16:44:43.406 T:4091 debug : CAMLCodec::PollFrame elapsed:40.178ms
2025-08-23 16:44:43.407 T:4091 debug : PrepareNextRender: frameOnScreen: 3.192 renderPts: 3.353 nextFramePts: 3.337 -> diff: 0.016 render: 1 forceNext: 0
2025-08-23 16:44:43.407 T:4326 debug : CVideoPlayerVideo::OutputPicture - ttd:474ms pts:3.629 Clock:3.154 Level:6
2025-08-23 16:44:43.407 T:4091 debug : CAMLCodec::ReleaseFrame idx:80, drop:0
2025-08-23 16:44:43.447 T:4091 debug : CAMLCodec::PollFrame elapsed:40.453ms
2025-08-23 16:44:43.449 T:4091 debug : PrepareNextRender: frameOnScreen: 3.234 renderPts: 3.395 nextFramePts: 3.378 -> diff: 0.017 render: 1 forceNext: 0
2025-08-23 16:44:43.450 T:4091 debug : CAMLCodec::ReleaseFrame idx:81, drop:0
2025-08-23 16:44:43.489 T:4091 debug : CAMLCodec::PollFrame elapsed:39.435ms
2025-08-23 16:44:43.493 T:4327 debug : CVideoPlayerAudio::OutputPacket: pts:4.086 curr_pts:3.254 clock:3.278 level:61
2025-08-23 16:44:43.496 T:4091 debug : PrepareNextRender: frameOnScreen: 3.280 renderPts: 3.442 nextFramePts: 3.420 -> diff: 0.022 render: 1 forceNext: 0
2025-08-23 16:44:43.496 T:4091 debug : CAMLCodec::ReleaseFrame idx:82, drop:0
2025-08-23 16:44:43.531 T:4091 debug : CAMLCodec::PollFrame elapsed:35.025ms
2025-08-23 16:44:43.534 T:4326 debug : CAMLCodec::DequeueBuffer: pts:3.670 idx:88
2025-08-23 16:44:43.534 T:4326 debug : CAMLCodec::GetPicture: index: 88, pts: 3.670, dur:41.000ms ar:1.78 elf:164ms
2025-08-23 16:44:43.535 T:4326 debug : CVideoPlayerVideo::OutputPicture - ttd:350ms pts:3.670 Clock:3.319 Level:5
2025-08-23 16:44:43.536 T:4091 debug : PrepareNextRender: frameOnScreen: 3.321 renderPts: 3.482 nextFramePts: 3.462 -> diff: 0.020 render: 1 forceNext: 0
2025-08-23 16:44:43.536 T:4091 debug : CAMLCodec::ReleaseFrame idx:83, drop:0
2025-08-23 16:44:43.573 T:4091 debug : CAMLCodec::PollFrame elapsed:36.557ms
2025-08-23 16:44:43.575 T:4326 debug : CAMLCodec::DequeueBuffer: pts:3.712 idx:89
2025-08-23 16:44:43.575 T:4326 debug : CAMLCodec::GetPicture: index: 89, pts: 3.712, dur:42.000ms ar:1.78 elf:40ms
2025-08-23 16:44:43.575 T:4326 debug : CVideoPlayerVideo::OutputPicture - ttd:352ms pts:3.712 Clock:3.360 Level:5
2025-08-23 16:44:43.577 T:4091 debug : PrepareNextRender: frameOnScreen: 3.362 renderPts: 3.523 nextFramePts: 3.503 -> diff: 0.020 render: 1 forceNext: 0
2025-08-23 16:44:43.577 T:4091 debug : CAMLCodec::ReleaseFrame idx:84, drop:0
2025-08-23 16:44:43.593 T:4327 debug : CVideoPlayerAudio::OutputPacket: pts:4.179 curr_pts:3.354 clock:3.378 level:60
2025-08-23 16:44:43.614 T:4091 debug : CAMLCodec::PollFrame elapsed:36.858ms
2025-08-23 16:44:43.616 T:4326 debug : CAMLCodec::DequeueBuffer: pts:3.754 idx:90
2025-08-23 16:44:43.616 T:4326 debug : CAMLCodec::GetPicture: index: 90, pts: 3.754, dur:42.000ms ar:1.78 elf:40ms
2025-08-23 16:44:43.616 T:4326 debug : CVideoPlayerVideo::OutputPicture - ttd:353ms pts:3.754 Clock:3.401 Level:5
2025-08-23 16:44:43.618 T:4091 debug : PrepareNextRender: frameOnScreen: 3.403 renderPts: 3.564 nextFramePts: 3.545 -> diff: 0.019 render: 1 forceNext: 0
2025-08-23 16:44:43.618 T:4091 debug : CAMLCodec::ReleaseFrame idx:85, drop:0
2025-08-23 16:44:43.656 T:4091 debug : CAMLCodec::PollFrame elapsed:37.759ms
2025-08-23 16:44:43.657 T:4326 debug : CAMLCodec::DequeueBuffer: pts:3.795 idx:91
2025-08-23 16:44:43.657 T:4326 debug : CAMLCodec::GetPicture: index: 91, pts: 3.795, dur:41.000ms ar:1.78 elf:41ms
2025-08-23 16:44:43.657 T:4326 debug : CVideoPlayerVideo::OutputPicture - ttd:352ms pts:3.795 Clock:3.442 Level:5
2025-08-23 16:44:43.660 T:4091 debug : PrepareNextRender: frameOnScreen: 3.445 renderPts: 3.606 nextFramePts: 3.587 -> diff: 0.019 render: 1 forceNext: 0
2025-08-23 16:44:43.660 T:4091 debug : CAMLCodec::ReleaseFrame idx:86, drop:0
2025-08-23 16:44:43.693 T:4327 debug : CVideoPlayerAudio::OutputPacket: pts:4.272 curr_pts:3.454 clock:3.478 level:59
2025-08-23 16:44:43.698 T:4091 debug : CAMLCodec::PollFrame elapsed:37.542ms
2025-08-23 16:44:43.699 T:4326 debug : CAMLCodec::DequeueBuffer: pts:3.837 idx:92
2025-08-23 16:44:43.700 T:4326 debug : CAMLCodec::GetPicture: index: 92, pts: 3.837, dur:42.000ms ar:1.78 elf:42ms
2025-08-23 16:44:43.700 T:4326 debug : CVideoPlayerVideo::OutputPicture - ttd:352ms pts:3.837 Clock:3.484 Level:5
2025-08-23 16:44:43.701 T:4091 debug : PrepareNextRender: frameOnScreen: 3.486 renderPts: 3.647 nextFramePts: 3.629 -> diff: 0.018 render: 1 forceNext: 0
2025-08-23 16:44:43.702 T:4091 debug : CAMLCodec::ReleaseFrame idx:87, drop:0
2025-08-23 16:44:43.708 T:4323 debug : CVideoPlayer::ProcessAudioData size:5839 dts:9.102 pts:9.102 dur:92.000ms, clock:3.493 drop:0 level:59
2025-08-23 16:44:43.708 T:4323 debug : CVideoPlayer::ProcessAudioData size:5786 dts:9.194 pts:9.194 dur:92.000ms, clock:3.493 drop:0 level:60
2025-08-23 16:44:43.708 T:4323 debug : CVideoPlayer::ProcessAudioData size:5628 dts:9.287 pts:9.287 dur:92.000ms, clock:3.493 drop:0 level:61
2025-08-23 16:44:43.712 T:4326 debug : CAMLCodec::AddData: dl:779904 fl:5314944 sz:217791(217856) lv:12.8% dts:4.129 pts:4.254
2025-08-23 16:44:43.717 T:4323 debug : CVideoPlayer::ProcessVideoData size:618231 dts:9.009 pts:9.301 dur:41.000ms, clock:3.502 level:60
2025-08-23 16:44:43.740 T:4091 debug : CAMLCodec::PollFrame elapsed:37.849ms
2025-08-23 16:44:43.741 T:4326 debug : CAMLCodec::DequeueBuffer: pts:3.879 idx:93
2025-08-23 16:44:43.742 T:4326 debug : CAMLCodec::GetPicture: index: 93, pts: 3.879, dur:42.000ms ar:1.78 elf:41ms
2025-08-23 16:44:43.742 T:4326 debug : CVideoPlayerVideo::OutputPicture - ttd:352ms pts:3.879 Clock:3.526 Level:5
2025-08-23 16:44:43.744 T:4091 debug : PrepareNextRender: frameOnScreen: 3.529 renderPts: 3.690 nextFramePts: 3.670 -> diff: 0.020 render: 1 forceNext: 0
2025-08-23 16:44:43.744 T:4091 debug : CAMLCodec::ReleaseFrame idx:88, drop:0
2025-08-23 16:44:43.781 T:4091 debug : CAMLCodec::PollFrame elapsed:37.253ms
2025-08-23 16:44:43.783 T:4326 debug : CAMLCodec::DequeueBuffer: pts:3.921 idx:94
2025-08-23 16:44:43.783 T:4326 debug : CAMLCodec::GetPicture: index: 94, pts: 3.921, dur:42.000ms ar:1.78 elf:41ms
2025-08-23 16:44:43.783 T:4326 debug : CVideoPlayerVideo::OutputPicture - ttd:353ms pts:3.921 Clock:3.568 Level:5
2025-08-23 16:44:43.785 T:4091 debug : PrepareNextRender: frameOnScreen: 3.570 renderPts: 3.731 nextFramePts: 3.712 -> diff: 0.019 render: 1 forceNext: 0
2025-08-23 16:44:43.785 T:4091 debug : CAMLCodec::ReleaseFrame idx:89, drop:0
2025-08-23 16:44:43.792 T:4327 debug : CVideoPlayerAudio::OutputPacket: pts:4.365 curr_pts:3.553 clock:3.577 level:61
2025-08-23 16:44:43.792 T:4326 debug : CAMLCodec::AddData: dl:848320 fl:5246528 sz:243955(244032) lv:13.9% dts:4.171 pts:4.296
2025-08-23 16:44:43.823 T:4091 debug : CAMLCodec::PollFrame elapsed:37.622ms
2025-08-23 16:44:43.825 T:4326 debug : CAMLCodec::DequeueBuffer: pts:3.962 idx:95
2025-08-23 16:44:43.825 T:4326 debug : CAMLCodec::GetPicture: index: 95, pts: 3.962, dur:41.000ms ar:1.78 elf:41ms
2025-08-23 16:44:43.825 T:4326 debug : CVideoPlayerVideo::OutputPicture - ttd:352ms pts:3.962 Clock:3.610 Level:5
2025-08-23 16:44:43.827 T:4091 debug : PrepareNextRender: frameOnScreen: 3.611 renderPts: 3.773 nextFramePts: 3.754 -> diff: 0.019 render: 1 forceNext: 0
2025-08-23 16:44:43.827 T:4091 debug : CAMLCodec::ReleaseFrame idx:90, drop:0
2025-08-23 16:44:43.865 T:4091 debug : CAMLCodec::PollFrame elapsed:37.695ms
2025-08-23 16:44:43.866 T:4326 debug : CAMLCodec::DequeueBuffer: pts:4.004 idx:96
2025-08-23 16:44:43.866 T:4326 debug : CAMLCodec::GetPicture: index: 96, pts: 4.004, dur:41.999ms ar:1.78 elf:41ms
2025-08-23 16:44:43.866 T:4326 debug : CVideoPlayerVideo::OutputPicture - ttd:353ms pts:4.004 Clock:3.651 Level:5
2025-08-23 16:44:43.869 T:4091 debug : PrepareNextRender: frameOnScreen: 3.654 renderPts: 3.815 nextFramePts: 3.795 -> diff: 0.020 render: 1 forceNext: 0
2025-08-23 16:44:43.869 T:4091 debug : CAMLCodec::ReleaseFrame idx:91, drop:0
2025-08-23 16:44:43.892 T:4327 debug : CVideoPlayerAudio::OutputPacket: pts:4.458 curr_pts:3.653 clock:3.677 level:60
2025-08-23 16:44:43.906 T:4091 debug : CAMLCodec::PollFrame elapsed:36.800ms
2025-08-23 16:44:43.907 T:4326 debug : CAMLCodec::DequeueBuffer: pts:4.046 idx:97
2025-08-23 16:44:43.907 T:4326 debug : CAMLCodec::GetPicture: index: 97, pts: 4.046, dur:42.001ms ar:1.78 elf:41ms
2025-08-23 16:44:43.907 T:4326 debug : CVideoPlayerVideo::OutputPicture - ttd:353ms pts:4.046 Clock:3.692 Level:5
2025-08-23 16:44:43.910 T:4091 debug : PrepareNextRender: frameOnScreen: 3.695 renderPts: 3.856 nextFramePts: 3.837 -> diff: 0.019 render: 1 forceNext: 0
2025-08-23 16:44:43.910 T:4091 debug : CAMLCodec::ReleaseFrame idx:92, drop:0
2025-08-23 16:44:43.918 T:4326 debug : CAMLCodec::AddData: dl:762112 fl:5332736 sz:300097(300224) lv:12.5% dts:4.213 pts:4.504
2025-08-23 16:44:43.921 T:4323 debug : CVideoPlayer::ProcessVideoData size:591360 dts:9.051 pts:9.218 dur:41.000ms, clock:3.706 level:60
2025-08-23 16:44:43.948 T:4091 debug : CAMLCodec::PollFrame elapsed:37.489ms
2025-08-23 16:44:43.950 T:4326 debug : CAMLCodec::DequeueBuffer: pts:4.087 idx:98
2025-08-23 16:44:43.950 T:4326 debug : CAMLCodec::GetPicture: index: 98, pts: 4.087, dur:40.999ms ar:1.78 elf:42ms
2025-08-23 16:44:43.950 T:4326 debug : CVideoPlayerVideo::OutputPicture - ttd:352ms pts:4.087 Clock:3.735 Level:5
2025-08-23 16:44:43.955 T:4091 debug : PrepareNextRender: frameOnScreen: 3.740 renderPts: 3.901 nextFramePts: 3.879 -> diff: 0.022 render: 1 forceNext: 0
2025-08-23 16:44:43.955 T:4091 debug : CAMLCodec::ReleaseFrame idx:93, drop:0
2025-08-23 16:44:43.959 T:4326 debug : CAMLCodec::AddData: dl:774464 fl:5320384 sz:230119(230208) lv:12.7% dts:4.254 pts:4.421
2025-08-23 16:44:43.990 T:4091 debug : CAMLCodec::PollFrame elapsed:34.284ms
2025-08-23 16:44:43.992 T:4327 debug : CVideoPlayerAudio::OutputPacket: pts:4.551 curr_pts:3.754 clock:3.777 level:59
2025-08-23 16:44:43.993 T:4326 debug : CAMLCodec::DequeueBuffer: pts:4.129 idx:99
2025-08-23 16:44:43.994 T:4326 debug : CAMLCodec::GetPicture: index: 99, pts: 4.129, dur:42.000ms ar:1.78 elf:43ms
2025-08-23 16:44:43.994 T:4326 debug : CVideoPlayerVideo::OutputPicture - ttd:350ms pts:4.129 Clock:3.778 Level:5
2025-08-23 16:44:43.998 T:4091 debug : PrepareNextRender: frameOnScreen: 3.783 renderPts: 3.944 nextFramePts: 3.921 -> diff: 0.023 render: 1 forceNext: 0
2025-08-23 16:44:43.998 T:4091 debug : CAMLCodec::ReleaseFrame idx:94, drop:0
2025-08-23 16:44:44.002 T:4326 debug : CAMLCodec::AddData: dl:765568 fl:5329280 sz:235032(235136) lv:12.6% dts:4.296 pts:4.379
2025-08-23 16:44:44.031 T:4091 debug : CAMLCodec::PollFrame elapsed:33.338ms
2025-08-23 16:44:44.033 T:4326 debug : CAMLCodec::DequeueBuffer: pts:4.171 idx:100
2025-08-23 16:44:44.033 T:4326 debug : CAMLCodec::GetPicture: index: 100, pts: 4.171, dur:42.001ms ar:1.78 elf:39ms
2025-08-23 16:44:44.034 T:4326 debug : CVideoPlayerVideo::OutputPicture - ttd:352ms pts:4.171 Clock:3.818 Level:5
2025-08-23 16:44:44.037 T:4091 debug : PrepareNextRender: frameOnScreen: 3.822 renderPts: 3.984 nextFramePts: 3.962 -> diff: 0.022 render: 1 forceNext: 0
2025-08-23 16:44:44.037 T:4091 debug : CAMLCodec::ReleaseFrame idx:95, drop:0
2025-08-23 16:44:44.043 T:4327 debug : CVideoPlayerAudio::OutputPacket: pts:4.644 curr_pts:3.804 clock:3.828 level:57
2025-08-23 16:44:44.043 T:4326 debug : CAMLCodec::AddData: dl:666752 fl:5428096 sz:201324(201408) lv:10.9% dts:4.338 pts:4.338
2025-08-23 16:44:44.045 T:4323 debug : CVideoPlayer::ProcessVideoData size:461319 dts:9.092 pts:9.176 dur:41.000ms, clock:3.829 level:59
2025-08-23 16:44:44.073 T:4091 debug : CAMLCodec::PollFrame elapsed:36.069ms
2025-08-23 16:44:44.075 T:4326 debug : CAMLCodec::DequeueBuffer: pts:4.213 idx:101
2025-08-23 16:44:44.075 T:4326 debug : CAMLCodec::GetPicture: index: 101, pts: 4.213, dur:42.000ms ar:1.78 elf:41ms
2025-08-23 16:44:44.075 T:4326 debug : CVideoPlayerVideo::OutputPicture - ttd:353ms pts:4.213 Clock:3.860 Level:5
2025-08-23 16:44:44.079 T:4091 debug : PrepareNextRender: frameOnScreen: 3.863 renderPts: 4.026 nextFramePts: 4.004 -> diff: 0.022 render: 1 forceNext: 0
2025-08-23 16:44:44.079 T:4091 debug : CAMLCodec::ReleaseFrame idx:96, drop:0
2025-08-23 16:44:44.086 T:4326 debug : CAMLCodec::AddData: dl:667968 fl:5426880 sz:231343(231424) lv:11.0% dts:4.379 pts:4.463
2025-08-23 16:44:44.115 T:4091 debug : CAMLCodec::PollFrame elapsed:35.919ms
2025-08-23 16:44:44.117 T:4326 debug : CAMLCodec::DequeueBuffer: pts:4.254 idx:102
2025-08-23 16:44:44.117 T:4326 debug : CAMLCodec::GetPicture: index: 102, pts: 4.254, dur:41.000ms ar:1.78 elf:42ms
2025-08-23 16:44:44.117 T:4326 debug : CVideoPlayerVideo::OutputPicture - ttd:351ms pts:4.254 Clock:3.902 Level:5
2025-08-23 16:44:44.120 T:4091 debug : PrepareNextRender: frameOnScreen: 3.905 renderPts: 4.067 nextFramePts: 4.046 -> diff: 0.021 render: 1 forceNext: 0
2025-08-23 16:44:44.120 T:4091 debug : CAMLCodec::ReleaseFrame idx:97, drop:0
2025-08-23 16:44:44.124 T:4098 debug : CLibInputKeyboard::ProcessKey - using delay: 400ms repeat: 80ms
2025-08-23 16:44:44.124 T:4356 debug : Thread Timer start, auto delete: false
2025-08-23 16:44:44.127 T:4323 debug : CVideoPlayer::ProcessVideoData size:453169 dts:9.134 pts:9.134 dur:41.000ms, clock:3.912 level:58
2025-08-23 16:44:44.128 T:4326 debug : CAMLCodec::AddData: dl:746560 fl:5348288 sz:313616(313728) lv:12.2% dts:4.421 pts:4.630
2025-08-23 16:44:44.143 T:4327 debug : CVideoPlayerAudio::OutputPacket: pts:4.737 curr_pts:3.905 clock:3.928 level:56
2025-08-23 16:44:44.157 T:4091 debug : CAMLCodec::PollFrame elapsed:36.516ms
2025-08-23 16:44:44.157 T:4326 debug : CAMLCodec::DequeueBuffer: pts:4.296 idx:103
2025-08-23 16:44:44.157 T:4326 debug : CAMLCodec::GetPicture: index: 103, pts: 4.296, dur:42.000ms ar:1.78 elf:39ms
2025-08-23 16:44:44.157 T:4326 debug : CVideoPlayerVideo::OutputPicture - ttd:353ms pts:4.296 Clock:3.942 Level:5
2025-08-23 16:44:44.160 T:4091 debug : Keyboard: scancode: 0x3c, sym: 0x11b (f2), unicode: 0x00, modifier: 0x0
2025-08-23 16:44:44.160 T:4091 debug : HandleKey: f2 (0xf091) pressed, window 12005, action is PlayerProcessInfo
2025-08-23 16:44:44.160 T:4091 debug : Activating window ID: 10116
2025-08-23 16:44:44.160 T:4091 debug : ------ Window Init (DialogPlayerProcessInfo.xml) ------
2025-08-23 16:44:44.160 T:4091 info : Loading skin file: DialogPlayerProcessInfo.xml, load type: KEEP_IN_MEMORY
2025-08-23 16:44:44.167 T:4326 debug : CAMLCodec::AddData: dl:775872 fl:5318976 sz:230594(230720) lv:12.7% dts:4.463 pts:4.588
2025-08-23 16:44:44.199 T:4326 debug : CAMLCodec::DequeueBuffer: pts:4.338 idx:104
2025-08-23 16:44:44.200 T:4326 debug : CAMLCodec::GetPicture: index: 104, pts: 4.338, dur:42.000ms ar:1.78 elf:42ms
2025-08-23 16:44:44.200 T:4326 debug : CVideoPlayerVideo::OutputPicture - ttd:353ms pts:4.338 Clock:3.984 Level:6
2025-08-23 16:44:44.210 T:4323 debug : CVideoPlayer::ProcessVideoData size:375248 dts:9.176 pts:9.259 dur:41.000ms, clock:3.995 level:58
2025-08-23 16:44:44.210 T:4326 debug : CAMLCodec::AddData: dl:777600 fl:5317248 sz:233031(233152) lv:12.8% dts:4.504 pts:4.546
2025-08-23 16:44:44.240 T:4091 debug : PrepareNextRender: frameOnScreen: 4.024 renderPts: 4.187 nextFramePts: 4.087 -> diff: 0.100 render: 1 forceNext: 0
2025-08-23 16:44:44.240 T:4091 debug : CAMLCodec::ReleaseFrame idx:98, drop:1
2025-08-23 16:44:44.240 T:4091 debug : CAMLCodec::ReleaseFrame idx:99, drop:0
2025-08-23 16:44:44.240 T:4091 debug : CAMLCodec::PollFrame elapsed:0.006ms
2025-08-23 16:44:44.241 T:4326 debug : CAMLCodec::DequeueBuffer: pts:4.379 idx:105
2025-08-23 16:44:44.241 T:4326 debug : CAMLCodec::GetPicture: index: 105, pts: 4.379, dur:41.000ms ar:1.78 elf:41ms
2025-08-23 16:44:44.241 T:4326 debug : CVideoPlayerVideo::OutputPicture - ttd:352ms pts:4.379 Clock:4.026 Level:5
2025-08-23 16:44:44.244 T:4327 debug : CVideoPlayerAudio::OutputPacket: pts:4.829 curr_pts:4.005 clock:4.029 level:55
2025-08-23 16:44:44.245 T:4091 debug : PrepareNextRender: frameOnScreen: 4.030 renderPts: 4.193 nextFramePts: 4.171 -> diff: 0.022 render: 1 forceNext: 0
2025-08-23 16:44:44.245 T:4091 debug : CAMLCodec::ReleaseFrame idx:100, drop:0
2025-08-23 16:44:44.246 T:4091 debug : CAMLCodec::PollFrame elapsed:0.010ms
2025-08-23 16:44:44.253 T:4323 debug : CVideoPlayer::ProcessAudioData size:5542 dts:9.381 pts:9.381 dur:92.000ms, clock:4.037 drop:0 level:55
2025-08-23 16:44:44.253 T:4323 debug : CVideoPlayer::ProcessAudioData size:5638 dts:9.473 pts:9.473 dur:92.000ms, clock:4.038 drop:0 level:56
2025-08-23 16:44:44.255 T:4326 debug : CAMLCodec::AddData: dl:764288 fl:5330560 sz:300305(300416) lv:12.5% dts:4.546 pts:4.671
2025-08-23 16:44:44.255 T:4356 debug : Thread Timer 3751801344 terminating
2025-08-23 16:44:44.259 T:4323 debug : CVideoPlayer::ProcessVideoData size:617416 dts:9.218 pts:9.509 dur:41.000ms, clock:4.043 level:58
2025-08-23 16:44:44.261 T:4091 debug : Keyboard: scancode: 0x3c, sym: 0x11b (f2), unicode: 0x00, modifier: 0x0
2025-08-23 16:44:44.263 T:4091 debug : PrepareNextRender: frameOnScreen: 4.048 renderPts: 4.210 nextFramePts: 4.213 -> diff: -0.003 render: 0 forceNext: 0
2025-08-23 16:44:44.263 T:4091 debug : CAMLCodec::ReleaseFrame idx:101, drop:0
2025-08-23 16:44:44.282 T:4091 debug : CAMLCodec::PollFrame elapsed:18.667ms
2025-08-23 16:44:44.283 T:4326 debug : CAMLCodec::DequeueBuffer: pts:4.421 idx:106
2025-08-23 16:44:44.283 T:4326 debug : CAMLCodec::GetPicture: index: 106, pts: 4.421, dur:42.000ms ar:1.78 elf:42ms
2025-08-23 16:44:44.283 T:4326 debug : CVideoPlayerVideo::OutputPicture - ttd:352ms pts:4.421 Clock:4.068 Level:4
2025-08-23 16:44:44.287 T:4091 debug : PrepareNextRender: frameOnScreen: 4.072 renderPts: 4.235 nextFramePts: 4.254 -> diff: -0.019 render: 0 forceNext: 0
2025-08-23 16:44:44.295 T:4326 debug : CAMLCodec::AddData: dl:803904 fl:5290944 sz:270215(270336) lv:13.2% dts:4.588 pts:4.880
2025-08-23 16:44:44.295 T:4326 debug : CAMLCodec::DequeueBuffer: pts:4.463 idx:107
2025-08-23 16:44:44.295 T:4326 debug : CAMLCodec::GetPicture: index: 107, pts: 4.463, dur:42.000ms ar:1.78 elf:11ms
2025-08-23 16:44:44.295 T:4326 debug : CVideoPlayerVideo::OutputPicture - ttd:383ms pts:4.463 Clock:4.080 Level:5
2025-08-23 16:44:44.303 T:4326 debug : CAMLCodec::AddData: dl:830400 fl:5264448 sz:259578(259648) lv:13.6% dts:4.630 pts:4.796
2025-08-23 16:44:44.311 T:4323 debug : CVideoPlayer::ProcessVideoData size:480075 dts:9.259 pts:9.426 dur:41.000ms, clock:4.096 level:57
2025-08-23 16:44:44.324 T:4091 debug : CAMLCodec::PollFrame elapsed:35.858ms
2025-08-23 16:44:44.325 T:4326 debug : CAMLCodec::DequeueBuffer: pts:4.504 idx:108
2025-08-23 16:44:44.325 T:4326 debug : CAMLCodec::GetPicture: index: 108, pts: 4.504, dur:41.000ms ar:1.78 elf:30ms
2025-08-23 16:44:44.325 T:4326 debug : CVideoPlayerVideo::OutputPicture - ttd:394ms pts:4.504 Clock:4.110 Level:6
2025-08-23 16:44:44.326 T:4326 debug : CAMLCodec::DequeueBuffer: pts:4.546 idx:109
2025-08-23 16:44:44.327 T:4326 debug : CAMLCodec::GetPicture: index: 109, pts: 4.546, dur:42.000ms ar:1.78 elf:1ms
2025-08-23 16:44:44.334 T:4091 debug : PrepareNextRender: frameOnScreen: 4.119 renderPts: 4.282 nextFramePts: 4.254 -> diff: 0.028 render: 1 forceNext: 0
2025-08-23 16:44:44.334 T:4091 debug : CAMLCodec::ReleaseFrame idx:102, drop:0
2025-08-23 16:44:44.335 T:4326 debug : CVideoPlayerVideo::OutputPicture - ttd:434ms pts:4.546 Clock:4.112 Level:6
2025-08-23 16:44:44.336 T:4326 debug : CAMLCodec::DequeueBuffer: pts:4.588 idx:110
2025-08-23 16:44:44.336 T:4326 debug : CAMLCodec::GetPicture: index: 110, pts: 4.588, dur:42.000ms ar:1.78 elf:9ms
2025-08-23 16:44:44.342 T:4327 debug : CVideoPlayerAudio::OutputPacket: pts:4.923 curr_pts:4.103 clock:4.127 level:56
2025-08-23 16:44:44.365 T:4091 debug : CAMLCodec::PollFrame elapsed:30.685ms
2025-08-23 16:44:44.374 T:4091 debug : PrepareNextRender: frameOnScreen: 4.159 renderPts: 4.322 nextFramePts: 4.296 -> diff: 0.026 render: 1 forceNext: 0
2025-08-23 16:44:44.374 T:4326 debug : CVideoPlayerVideo::OutputPicture - ttd:467ms pts:4.588 Clock:4.121 Level:6
2025-08-23 16:44:44.374 T:4091 debug : CAMLCodec::ReleaseFrame idx:103, drop:0
2025-08-23 16:44:44.376 T:4326 debug : CAMLCodec::DequeueBuffer: pts:4.630 idx:111
2025-08-23 16:44:44.376 T:4326 debug : CAMLCodec::GetPicture: index: 111, pts: 4.630, dur:42.000ms ar:1.78 elf:39ms
2025-08-23 16:44:44.407 T:4091 debug : CAMLCodec::PollFrame elapsed:32.326ms
2025-08-23 16:44:44.415 T:4091 debug : PrepareNextRender: frameOnScreen: 4.200 renderPts: 4.363 nextFramePts: 4.338 -> diff: 0.025 render: 1 forceNext: 0
2025-08-23 16:44:44.416 T:4326 debug : CVideoPlayerVideo::OutputPicture - ttd:469ms pts:4.630 Clock:4.161 Level:6
2025-08-23 16:44:44.416 T:4091 debug : CAMLCodec::ReleaseFrame idx:104, drop:0
2025-08-23 16:44:44.420 T:4326 debug : CAMLCodec::AddData: dl:475776 fl:5619072 sz:216057(216128) lv:7.8% dts:4.671 pts:4.755
2025-08-23 16:44:44.422 T:4326 debug : CAMLCodec::AddData: dl:662592 fl:5432256 sz:186712(186816) lv:10.9% dts:4.713 pts:4.713
2025-08-23 16:44:44.442 T:4327 debug : CVideoPlayerAudio::OutputPacket: pts:5.015 curr_pts:4.204 clock:4.227 level:55
2025-08-23 16:44:44.449 T:4091 debug : CAMLCodec::PollFrame elapsed:32.549ms
2025-08-23 16:44:44.459 T:4091 debug : PrepareNextRender: frameOnScreen: 4.244 renderPts: 4.407 nextFramePts: 4.379 -> diff: 0.028 render: 1 forceNext: 0
2025-08-23 16:44:44.459 T:4091 debug : CAMLCodec::ReleaseFrame idx:105, drop:0
2025-08-23 16:44:44.461 T:4326 debug : CAMLCodec::AddData: dl:617792 fl:5477056 sz:214757(214848) lv:10.1% dts:4.755 pts:4.838
2025-08-23 16:44:44.464 T:4323 debug : CVideoPlayer::ProcessVideoData size:480763 dts:9.301 pts:9.384 dur:41.000ms, clock:4.249 level:56
2025-08-23 16:44:44.490 T:4091 debug : CAMLCodec::PollFrame elapsed:30.946ms
2025-08-23 16:44:44.503 T:4326 debug : CAMLCodec::AddData: dl:692160 fl:5402688 sz:290385(290496) lv:11.4% dts:4.796 pts:5.088
2025-08-23 16:44:44.504 T:4091 debug : PrepareNextRender: frameOnScreen: 4.289 renderPts: 4.452 nextFramePts: 4.421 -> diff: 0.031 render: 1 forceNext: 0
2025-08-23 16:44:44.505 T:4091 debug : CAMLCodec::ReleaseFrame idx:106, drop:0
2025-08-23 16:44:44.532 T:4091 debug : CAMLCodec::PollFrame elapsed:27.332ms
2025-08-23 16:44:44.533 T:4326 debug : CAMLCodec::DequeueBuffer: pts:4.671 idx:112
2025-08-23 16:44:44.533 T:4326 debug : CAMLCodec::GetPicture: index: 112, pts: 4.671, dur:41.000ms ar:1.78 elf:157ms
2025-08-23 16:44:44.533 T:4326 debug : CVideoPlayerVideo::OutputPicture - ttd:352ms pts:4.671 Clock:4.318 Level:5
2025-08-23 16:44:44.543 T:4327 debug : CVideoPlayerAudio::OutputPacket: pts:5.108 curr_pts:4.304 clock:4.328 level:54
2025-08-23 16:44:44.545 T:4326 debug : CAMLCodec::AddData: dl:775552 fl:5319296 sz:270134(270208) lv:12.7% dts:4.838 pts:5.005
2025-08-23 16:44:44.546 T:4323 debug : CVideoPlayer::ProcessVideoData size:372069 dts:9.343 pts:9.343 dur:41.000ms, clock:4.331 level:56
2025-08-23 16:44:44.547 T:4091 debug : PrepareNextRender: frameOnScreen: 4.332 renderPts: 4.495 nextFramePts: 4.463 -> diff: 0.032 render: 1 forceNext: 0
2025-08-23 16:44:44.548 T:4091 debug : CAMLCodec::ReleaseFrame idx:107, drop:0
2025-08-23 16:44:44.574 T:4091 debug : CAMLCodec::PollFrame elapsed:26.183ms
2025-08-23 16:44:44.576 T:4326 debug : CAMLCodec::DequeueBuffer: pts:4.713 idx:113
2025-08-23 16:44:44.576 T:4326 debug : CAMLCodec::GetPicture: index: 113, pts: 4.713, dur:42.000ms ar:1.78 elf:42ms
2025-08-23 16:44:44.576 T:4326 debug : CVideoPlayerVideo::OutputPicture - ttd:352ms pts:4.713 Clock:4.361 Level:5
2025-08-23 16:44:44.582 T:4091 debug : PrepareNextRender: frameOnScreen: 4.367 renderPts: 4.529 nextFramePts: 4.504 -> diff: 0.025 render: 1 forceNext: 0
2025-08-23 16:44:44.582 T:4091 debug : CAMLCodec::ReleaseFrame idx:108, drop:0
2025-08-23 16:44:44.586 T:4326 debug : CAMLCodec::AddData: dl:827264 fl:5267584 sz:266464(266560) lv:13.6% dts:4.880 pts:4.963
2025-08-23 16:44:44.588 T:4323 debug : CVideoPlayer::ProcessVideoData size:390186 dts:9.384 pts:9.468 dur:41.000ms, clock:4.373 level:56
2025-08-23 16:44:44.616 T:4091 debug : CAMLCodec::PollFrame elapsed:33.024ms
2025-08-23 16:44:44.617 T:4326 debug : CAMLCodec::DequeueBuffer: pts:4.755 idx:114
2025-08-23 16:44:44.617 T:4326 debug : CAMLCodec::GetPicture: index: 114, pts: 4.755, dur:42.000ms ar:1.78 elf:40ms
2025-08-23 16:44:44.617 T:4326 debug : CVideoPlayerVideo::OutputPicture - ttd:353ms pts:4.755 Clock:4.402 Level:5
2025-08-23 16:44:44.625 T:4091 debug : PrepareNextRender: frameOnScreen: 4.409 renderPts: 4.572 nextFramePts: 4.546 -> diff: 0.026 render: 1 forceNext: 0
2025-08-23 16:44:44.625 T:4091 debug : CAMLCodec::ReleaseFrame idx:109, drop:0
2025-08-23 16:44:44.627 T:4326 debug : CAMLCodec::AddData: dl:725568 fl:5369280 sz:188692(188800) lv:11.9% dts:4.922 pts:4.922
2025-08-23 16:44:44.642 T:4327 debug : CVideoPlayerAudio::OutputPacket: pts:5.201 curr_pts:4.403 clock:4.427 level:53
2025-08-23 16:44:44.658 T:4091 debug : CAMLCodec::PollFrame elapsed:32.620ms
2025-08-23 16:44:44.658 T:4326 debug : CAMLCodec::DequeueBuffer: pts:4.796 idx:115
2025-08-23 16:44:44.658 T:4326 debug : CAMLCodec::GetPicture: index: 115, pts: 4.796, dur:41.000ms ar:1.78 elf:40ms
2025-08-23 16:44:44.658 T:4326 debug : CVideoPlayerVideo::OutputPicture - ttd:353ms pts:4.796 Clock:4.443 Level:5
2025-08-23 16:44:44.665 T:4091 debug : PrepareNextRender: frameOnScreen: 4.450 renderPts: 4.613 nextFramePts: 4.588 -> diff: 0.025 render: 1 forceNext: 0
2025-08-23 16:44:44.665 T:4091 debug : CAMLCodec::ReleaseFrame idx:110, drop:0
2025-08-23 16:44:44.671 T:4323 debug : CVideoPlayer::ProcessAudioData size:5635 dts:9.567 pts:9.567 dur:92.000ms, clock:4.455 drop:0 level:53
2025-08-23 16:44:44.674 T:4323 debug : CVideoPlayer::ProcessVideoData size:640056 dts:9.426 pts:9.635 dur:41.000ms, clock:4.459 level:55
2025-08-23 16:44:44.674 T:4326 debug : CAMLCodec::AddData: dl:685888 fl:5408960 sz:230451(230528) lv:11.3% dts:4.963 pts:5.047
2025-08-23 16:44:44.694 T:4327 debug : CVideoPlayerAudio::OutputPacket: pts:5.295 curr_pts:4.455 clock:4.478 level:53
2025-08-23 16:44:44.699 T:4091 debug : CAMLCodec::PollFrame elapsed:33.526ms
2025-08-23 16:44:44.702 T:4326 debug : CAMLCodec::DequeueBuffer: pts:4.838 idx:116
2025-08-23 16:44:44.702 T:4326 debug : CAMLCodec::GetPicture: index: 116, pts: 4.838, dur:42.000ms ar:1.78 elf:44ms
2025-08-23 16:44:44.702 T:4326 debug : CVideoPlayerVideo::OutputPicture - ttd:351ms pts:4.838 Clock:4.487 Level:5
2025-08-23 16:44:44.711 T:4091 debug : PrepareNextRender: frameOnScreen: 4.496 renderPts: 4.659 nextFramePts: 4.630 -> diff: 0.029 render: 1 forceNext: 0
2025-08-23 16:44:44.712 T:4091 debug : CAMLCodec::ReleaseFrame idx:111, drop:0
2025-08-23 16:44:44.713 T:4326 debug : CAMLCodec::AddData: dl:723392 fl:5371456 sz:303938(304064) lv:11.9% dts:5.005 pts:5.297
2025-08-23 16:44:44.741 T:4091 debug : CAMLCodec::PollFrame elapsed:29.021ms
2025-08-23 16:44:44.742 T:4326 debug : CAMLCodec::DequeueBuffer: pts:4.880 idx:117
2025-08-23 16:44:44.742 T:4326 debug : CAMLCodec::GetPicture: index: 117, pts: 4.880, dur:42.000ms ar:1.78 elf:39ms
2025-08-23 16:44:44.742 T:4326 debug : CVideoPlayerVideo::OutputPicture - ttd:353ms pts:4.880 Clock:4.527 Level:5
2025-08-23 16:44:44.749 T:4091 debug : PrepareNextRender: frameOnScreen: 4.534 renderPts: 4.696 nextFramePts: 4.671 -> diff: 0.025 render: 1 forceNext: 0
2025-08-23 16:44:44.749 T:4091 debug : CAMLCodec::ReleaseFrame idx:112, drop:0
2025-08-23 16:44:44.752 T:4326 debug : CAMLCodec::AddData: dl:820352 fl:5274496 sz:285676(285760) lv:13.5% dts:5.047 pts:5.214
2025-08-23 16:44:44.757 T:4323 debug : CVideoPlayer::ProcessVideoData size:507008 dts:9.468 pts:9.593 dur:41.000ms, clock:4.542 level:55
2025-08-23 16:44:44.782 T:4091 debug : CAMLCodec::PollFrame elapsed:32.866ms
2025-08-23 16:44:44.784 T:4326 debug : CAMLCodec::DequeueBuffer: pts:4.922 idx:118
2025-08-23 16:44:44.784 T:4326 debug : CAMLCodec::GetPicture: index: 118, pts: 4.922, dur:42.000ms ar:1.78 elf:41ms
2025-08-23 16:44:44.784 T:4326 debug : CVideoPlayerVideo::OutputPicture - ttd:353ms pts:4.922 Clock:4.569 Level:5
2025-08-23 16:44:44.790 T:4091 debug : PrepareNextRender: frameOnScreen: 4.574 renderPts: 4.737 nextFramePts: 4.713 -> diff: 0.024 render: 1 forceNext: 0
2025-08-23 16:44:44.790 T:4091 debug : CAMLCodec::ReleaseFrame idx:113, drop:0
2025-08-23 16:44:44.792 T:4327 debug : CVideoPlayerAudio::OutputPacket: pts:5.387 curr_pts:4.554 clock:4.577 level:52
2025-08-23 16:44:44.795 T:4326 debug : CAMLCodec::AddData: dl:879872 fl:5214976 sz:289953(290048) lv:14.4% dts:5.088 pts:5.172
2025-08-23 16:44:44.824 T:4091 debug : CAMLCodec::PollFrame elapsed:34.340ms
2025-08-23 16:44:44.831 T:4326 debug : CAMLCodec::DequeueBuffer: pts:4.963 idx:119
2025-08-23 16:44:44.831 T:4326 debug : CAMLCodec::GetPicture: index: 119, pts: 4.963, dur:41.000ms ar:1.78 elf:46ms
2025-08-23 16:44:44.831 T:4326 debug : CVideoPlayerVideo::OutputPicture - ttd:347ms pts:4.963 Clock:4.615 Level:5
2025-08-23 16:44:44.831 T:4091 debug : PrepareNextRender: frameOnScreen: 4.616 renderPts: 4.778 nextFramePts: 4.755 -> diff: 0.023 render: 1 forceNext: 0
2025-08-23 16:44:44.831 T:4091 debug : CAMLCodec::ReleaseFrame idx:114, drop:0
2025-08-23 16:44:44.837 T:4326 debug : CAMLCodec::AddData: dl:780224 fl:5314624 sz:204306(204416) lv:12.8% dts:5.130 pts:5.130
2025-08-23 16:44:44.839 T:4323 debug : CVideoPlayer::ProcessVideoData size:402108 dts:9.509 pts:9.551 dur:41.000ms, clock:4.624 level:54
2025-08-23 16:44:44.866 T:4091 debug : CAMLCodec::PollFrame elapsed:34.434ms
2025-08-23 16:44:44.868 T:4326 debug : CAMLCodec::DequeueBuffer: pts:5.005 idx:120
2025-08-23 16:44:44.868 T:4326 debug : CAMLCodec::GetPicture: index: 120, pts: 5.005, dur:42.000ms ar:1.78 elf:37ms
2025-08-23 16:44:44.868 T:4326 debug : CVideoPlayerVideo::OutputPicture - ttd:351ms pts:5.005 Clock:4.653 Level:5
2025-08-23 16:44:44.874 T:4091 debug : PrepareNextRender: frameOnScreen: 4.659 renderPts: 4.821 nextFramePts: 4.796 -> diff: 0.025 render: 1 forceNext: 0
2025-08-23 16:44:44.874 T:4091 debug : CAMLCodec::ReleaseFrame idx:115, drop:0
2025-08-23 16:44:44.879 T:4326 debug : CAMLCodec::AddData: dl:734208 fl:5360640 sz:239628(239744) lv:12.0% dts:5.172 pts:5.255
2025-08-23 16:44:44.892 T:4327 debug : CVideoPlayerAudio::OutputPacket: pts:5.480 curr_pts:4.653 clock:4.677 level:50
2025-08-23 16:44:44.908 T:4091 debug : CAMLCodec::PollFrame elapsed:33.163ms
2025-08-23 16:44:44.909 T:4326 debug : CAMLCodec::DequeueBuffer: pts:5.047 idx:121
2025-08-23 16:44:44.910 T:4326 debug : CAMLCodec::GetPicture: index: 121, pts: 5.047, dur:42.000ms ar:1.78 elf:41ms
2025-08-23 16:44:44.910 T:4326 debug : CPtsTracker: detected pattern of length 1: 41708.33, frameduration: 41708.333333
2025-08-23 16:44:44.910 T:4326 debug : CVideoPlayerVideo::OutputPicture - ttd:352ms pts:5.047 Clock:4.694 Level:5
2025-08-23 16:44:44.915 T:4091 debug : PrepareNextRender: frameOnScreen: 4.700 renderPts: 4.863 nextFramePts: 4.838 -> diff: 0.025 render: 1 forceNext: 0
2025-08-23 16:44:44.916 T:4091 debug : CAMLCodec::ReleaseFrame idx:116, drop:0
2025-08-23 16:44:44.921 T:4323 debug : CVideoPlayer::ProcessAudioData size:5560 dts:9.660 pts:9.660 dur:92.000ms, clock:4.706 drop:0 level:50
2025-08-23 16:44:44.922 T:4326 debug : CAMLCodec::AddData: dl:774592 fl:5320256 sz:330339(330432) lv:12.7% dts:5.214 pts:5.505
2025-08-23 16:44:44.923 T:4323 debug : CVideoPlayer::ProcessVideoData size:460273 dts:9.551 pts:9.676 dur:41.000ms, clock:4.708 level:54
2025-08-23 16:44:44.949 T:4091 debug : CAMLCodec::PollFrame elapsed:33.482ms
2025-08-23 16:44:44.952 T:4326 debug : CAMLCodec::DequeueBuffer: pts:5.088 idx:122
2025-08-23 16:44:44.952 T:4326 debug : CAMLCodec::GetPicture: index: 122, pts: 5.088, dur:41.000ms ar:1.78 elf:42ms
2025-08-23 16:44:44.952 T:4326 debug : CVideoPlayerVideo::OutputPicture - ttd:350ms pts:5.088 Clock:4.737 Level:5
2025-08-23 16:44:44.956 T:4091 debug : PrepareNextRender: frameOnScreen: 4.741 renderPts: 4.904 nextFramePts: 4.880 -> diff: 0.024 render: 1 forceNext: 0
2025-08-23 16:44:44.956 T:4091 debug : CAMLCodec::ReleaseFrame idx:117, drop:0
2025-08-23 16:44:44.962 T:4326 debug : CAMLCodec::AddData: dl:869184 fl:5225664 sz:298887(299008) lv:14.3% dts:5.255 pts:5.422
2025-08-23 16:44:44.966 T:4323 debug : CVideoPlayer::ProcessAudioData size:5420 dts:9.752 pts:9.752 dur:92.000ms, clock:4.751 drop:0 level:52
2025-08-23 16:44:44.966 T:4323 debug : CVideoPlayer::ProcessAudioData size:5582 dts:9.844 pts:9.844 dur:92.000ms, clock:4.751 drop:0 level:53
2025-08-23 16:44:44.971 T:4323 debug : CVideoPlayer::ProcessVideoData size:508942 dts:9.593 pts:9.885 dur:41.000ms, clock:4.755 level:54
2025-08-23 16:44:44.991 T:4091 debug : CAMLCodec::PollFrame elapsed:34.346ms
2025-08-23 16:44:44.993 T:4326 debug : CAMLCodec::DequeueBuffer: pts:5.130 idx:123
2025-08-23 16:44:44.993 T:4326 debug : CAMLCodec::GetPicture: index: 123, pts: 5.130, dur:42.000ms ar:1.78 elf:40ms
2025-08-23 16:44:44.993 T:4326 debug : CVideoPlayerVideo::OutputPicture - ttd:351ms pts:5.130 Clock:4.778 Level:5
2025-08-23 16:44:44.994 T:4327 debug : CVideoPlayerAudio::OutputPacket: pts:5.573 curr_pts:4.754 clock:4.778 level:53
2025-08-23 16:44:45.002 T:4091 debug : PrepareNextRender: frameOnScreen: 4.787 renderPts: 4.949 nextFramePts: 4.922 -> diff: 0.027 render: 1 forceNext: 0
2025-08-23 16:44:45.002 T:4091 debug : CAMLCodec::ReleaseFrame idx:118, drop:0
2025-08-23 16:44:45.033 T:4091 debug : CAMLCodec::PollFrame elapsed:30.342ms
2025-08-23 16:44:45.034 T:4326 debug : CAMLCodec::DequeueBuffer: pts:5.172 idx:124
2025-08-23 16:44:45.034 T:4326 debug : CAMLCodec::GetPicture: index: 124, pts: 5.172, dur:42.000ms ar:1.78 elf:40ms
2025-08-23 16:44:45.034 T:4326 debug : CVideoPlayerVideo::OutputPicture - ttd:353ms pts:5.172 Clock:4.819 Level:5
2025-08-23 16:44:45.040 T:4091 debug : PrepareNextRender: frameOnScreen: 4.825 renderPts: 4.987 nextFramePts: 4.963 -> diff: 0.024 render: 1 forceNext: 0
2025-08-23 16:44:45.040 T:4091 debug : CAMLCodec::ReleaseFrame idx:119, drop:0
2025-08-23 16:44:45.044 T:4326 debug : CAMLCodec::AddData: dl:596928 fl:5497920 sz:297802(297920) lv:9.8% dts:5.297 pts:5.380
2025-08-23 16:44:45.047 T:4326 debug : CAMLCodec::AddData: dl:804864 fl:5289984 sz:207859(207936) lv:13.2% dts:5.339 pts:5.339
2025-08-23 16:44:45.055 T:4323 debug : CVideoPlayer::ProcessVideoData size:504028 dts:9.635 pts:9.801 dur:41.000ms, clock:4.840 level:53
2025-08-23 16:44:45.075 T:4091 debug : CAMLCodec::PollFrame elapsed:34.046ms
2025-08-23 16:44:45.077 T:4326 debug : CAMLCodec::DequeueBuffer: pts:5.214 idx:125
2025-08-23 16:44:45.077 T:4326 debug : CAMLCodec::GetPicture: index: 125, pts: 5.214, dur:42.000ms ar:1.78 elf:42ms
2025-08-23 16:44:45.077 T:4326 debug : CVideoPlayerVideo::OutputPicture - ttd:352ms pts:5.214 Clock:4.862 Level:5
2025-08-23 16:44:45.089 T:4326 debug : CAMLCodec::AddData: dl:754176 fl:5340672 sz:248253(248320) lv:12.4% dts:5.380 pts:5.464
2025-08-23 16:44:45.090 T:4091 debug : PrepareNextRender: frameOnScreen: 4.874 renderPts: 5.037 nextFramePts: 5.005 -> diff: 0.032 render: 1 forceNext: 0
2025-08-23 16:44:45.090 T:4091 debug : CAMLCodec::ReleaseFrame idx:120, drop:0
2025-08-23 16:44:45.092 T:4327 debug : CVideoPlayerAudio::OutputPacket: pts:5.666 curr_pts:4.854 clock:4.877 level:52
2025-08-23 16:44:45.116 T:4091 debug : CAMLCodec::PollFrame elapsed:26.648ms
2025-08-23 16:44:45.118 T:4326 debug : CAMLCodec::DequeueBuffer: pts:5.255 idx:126
2025-08-23 16:44:45.118 T:4326 debug : CAMLCodec::GetPicture: index: 126, pts: 5.255, dur:41.000ms ar:1.78 elf:40ms
2025-08-23 16:44:45.118 T:4326 debug : CVideoPlayerVideo::OutputPicture - ttd:352ms pts:5.255 Clock:4.902 Level:5
2025-08-23 16:44:45.120 T:4091 debug : PrepareNextRender: frameOnScreen: 4.905 renderPts: 5.068 nextFramePts: 5.047 -> diff: 0.021 render: 1 forceNext: 0
2025-08-23 16:44:45.120 T:4091 debug : CAMLCodec::ReleaseFrame idx:121, drop:0
2025-08-23 16:44:45.128 T:4323 debug : CVideoPlayer::ProcessVideoData size:401767 dts:9.676 pts:9.760 dur:41.000ms, clock:4.912 level:53
2025-08-23 16:44:45.128 T:4326 debug : CAMLCodec::AddData: dl:804160 fl:5290688 sz:347777(347904) lv:13.2% dts:5.422 pts:5.631
2025-08-23 16:44:45.158 T:4091 debug : CAMLCodec::PollFrame elapsed:37.338ms
2025-08-23 16:44:45.160 T:4326 debug : CAMLCodec::DequeueBuffer: pts:5.297 idx:127
2025-08-23 16:44:45.160 T:4326 debug : CAMLCodec::GetPicture: index: 127, pts: 5.297, dur:42.000ms ar:1.78 elf:42ms
2025-08-23 16:44:45.160 T:4326 debug : CVideoPlayerVideo::OutputPicture - ttd:352ms pts:5.297 Clock:4.945 Level:5
2025-08-23 16:44:45.166 T:4091 debug : PrepareNextRender: frameOnScreen: 4.950 renderPts: 5.113 nextFramePts: 5.088 -> diff: 0.025 render: 1 forceNext: 0
2025-08-23 16:44:45.166 T:4091 debug : CAMLCodec::ReleaseFrame idx:122, drop:0
2025-08-23 16:44:45.170 T:4323 debug : CVideoPlayer::ProcessVideoData size:397713 dts:9.718 pts:9.718 dur:41.000ms, clock:4.954 level:53
2025-08-23 16:44:45.170 T:4326 debug : CAMLCodec::AddData: dl:900416 fl:5194432 sz:304088(304192) lv:14.8% dts:5.464 pts:5.589
