2025-08-23 16:45:00.971 T:4326 debug : CVideoPlayerVideo::OutputPicture - ttd:351ms pts:21.104 Clock:20.753 Level:5
2025-08-23 16:45:00.982 T:4091 debug : PrepareNextRender: frameOnScreen: 20.764 renderPts: 20.921 nextFramePts: 20.896 -> diff: 0.025 render: 1 forceNext: 0
2025-08-23 16:45:00.982 T:4091 debug : CAMLCodec::ReleaseFrame idx:501, drop:0
2025-08-23 16:45:00.988 T:4323 debug : CVideoPlayer::ProcessVideoData size:198361 dts:28.654 pts:28.946 dur:41.000ms, clock:20.770 level:92
2025-08-23 16:45:00.989 T:4323 debug : CVideoPlayer::ProcessVideoData size:142904 dts:28.695 pts:28.862 dur:41.000ms, clock:20.771 level:93
2025-08-23 16:45:00.990 T:4323 debug : CVideoPlayer::ProcessVideoData size:120990 dts:28.737 pts:28.820 dur:41.000ms, clock:20.772 level:93
2025-08-23 16:45:00.990 T:4323 debug : CVideoPlayer::ProcessVideoData size:123351 dts:28.779 pts:28.779 dur:41.000ms, clock:20.772 level:94
2025-08-23 16:45:00.991 T:4326 debug : CAMLCodec::AddData: dl:981824 fl:5113024 sz:600827(600896) lv:16.1% dts:21.230 pts:21.521
2025-08-23 16:45:01.010 T:4091 debug : CAMLCodec::PollFrame elapsed:27.846ms
2025-08-23 16:45:01.011 T:4326 debug : CAMLCodec::DequeueBuffer: pts:21.146 idx:507
2025-08-23 16:45:01.012 T:4326 debug : CAMLCodec::GetPicture: index: 507, pts: 21.146, dur:42.000ms ar:1.78 elf:40ms
2025-08-23 16:45:01.012 T:4326 debug : CVideoPlayerVideo::OutputPicture - ttd:352ms pts:21.146 Clock:20.794 Level:5
2025-08-23 16:45:01.021 T:4091 debug : PrepareNextRender: frameOnScreen: 20.803 renderPts: 20.960 nextFramePts: 20.938 -> diff: 0.022 render: 1 forceNext: 0
2025-08-23 16:45:01.021 T:4091 debug : CAMLCodec::ReleaseFrame idx:502, drop:0
2025-08-23 16:45:01.022 T:4323 debug : CVideoPlayer::ProcessVideoData size:106209 dts:28.820 pts:28.904 dur:41.000ms, clock:20.804 level:94
2025-08-23 16:45:01.026 T:4323 debug : CVideoPlayer::ProcessAudioData size:7815 dts:28.979 pts:28.979 dur:92.000ms, clock:20.808 drop:0 level:91
2025-08-23 16:45:01.026 T:4323 debug : CVideoPlayer::ProcessAudioData size:7925 dts:29.071 pts:29.071 dur:92.000ms, clock:20.808 drop:0 level:92
2025-08-23 16:45:01.026 T:4323 debug : CVideoPlayer::ProcessAudioData size:7728 dts:29.164 pts:29.164 dur:92.000ms, clock:20.808 drop:0 level:93
2025-08-23 16:45:01.027 T:4323 debug : CVideoPlayer::ProcessAudioData size:7794 dts:29.257 pts:29.257 dur:92.000ms, clock:20.808 drop:0 level:95
2025-08-23 16:45:01.027 T:4323 debug : CVideoPlayer::ProcessAudioData size:7825 dts:29.350 pts:29.350 dur:92.000ms, clock:20.808 drop:0 level:96
2025-08-23 16:45:01.027 T:4326 debug : CAMLCodec::AddData: dl:1084992 fl:5009856 sz:483998(484096) lv:17.8% dts:21.271 pts:21.438
2025-08-23 16:45:01.035 T:4323 debug : CVideoPlayer::ProcessVideoData size:258559 dts:28.862 pts:29.154 dur:41.000ms, clock:20.816 level:94
2025-08-23 16:45:01.036 T:4323 debug : CVideoPlayer::ProcessVideoData size:147219 dts:28.904 pts:29.071 dur:41.000ms, clock:20.817 level:95
2025-08-23 16:45:01.046 T:4327 debug : CVideoPlayerAudio::OutputPacket: pts:21.640 curr_pts:20.804 clock:20.828 level:96
2025-08-23 16:45:01.052 T:4091 debug : CAMLCodec::PollFrame elapsed:30.358ms
2025-08-23 16:45:01.055 T:4326 debug : CAMLCodec::DequeueBuffer: pts:21.188 idx:508
2025-08-23 16:45:01.055 T:4326 debug : CAMLCodec::GetPicture: index: 508, pts: 21.188, dur:42.000ms ar:1.78 elf:43ms
2025-08-23 16:45:01.055 T:4326 debug : CVideoPlayerVideo::OutputPicture - ttd:351ms pts:21.188 Clock:20.837 Level:5
2025-08-23 16:45:01.061 T:4091 debug : PrepareNextRender: frameOnScreen: 20.842 renderPts: 20.999 nextFramePts: 20.979 -> diff: 0.020 render: 1 forceNext: 0
2025-08-23 16:45:01.061 T:4091 debug : CAMLCodec::ReleaseFrame idx:503, drop:0
2025-08-23 16:45:01.069 T:4326 debug : CAMLCodec::AddData: dl:968384 fl:5126464 sz:484205(484288) lv:15.9% dts:21.313 pts:21.396
2025-08-23 16:45:01.077 T:4323 debug : CVideoPlayer::ProcessVideoData size:116960 dts:28.946 pts:29.029 dur:41.000ms, clock:20.858 level:95
2025-08-23 16:45:01.077 T:4323 debug : CVideoPlayer::ProcessVideoData size:106015 dts:28.987 pts:28.987 dur:41.000ms, clock:20.859 level:95
2025-08-23 16:45:01.078 T:4323 debug : CVideoPlayer::ProcessVideoData size:136295 dts:29.029 pts:29.112 dur:41.000ms, clock:20.860 level:96
2025-08-23 16:45:01.086 T:4323 debug : CVideoPlayer::ProcessVideoData size:294473 dts:29.071 pts:29.363 dur:41.000ms, clock:20.868 level:96
2025-08-23 16:45:01.093 T:4091 debug : CAMLCodec::PollFrame elapsed:32.058ms
2025-08-23 16:45:01.095 T:4326 debug : CAMLCodec::DequeueBuffer: pts:21.230 idx:509
2025-08-23 16:45:01.095 T:4326 debug : CAMLCodec::GetPicture: index: 509, pts: 21.230, dur:42.000ms ar:1.78 elf:40ms
2025-08-23 16:45:01.095 T:4326 debug : CVideoPlayerVideo::OutputPicture - ttd:352ms pts:21.230 Clock:20.877 Level:5
2025-08-23 16:45:01.102 T:4091 debug : PrepareNextRender: frameOnScreen: 20.884 renderPts: 21.041 nextFramePts: 21.021 -> diff: 0.020 render: 1 forceNext: 0
2025-08-23 16:45:01.102 T:4091 debug : CAMLCodec::ReleaseFrame idx:504, drop:0
2025-08-23 16:45:01.110 T:4326 debug : CAMLCodec::AddData: dl:858240 fl:5236608 sz:373853(373952) lv:14.1% dts:21.355 pts:21.355
2025-08-23 16:45:01.118 T:4323 debug : CVideoPlayer::ProcessVideoData size:148754 dts:29.112 pts:29.279 dur:41.000ms, clock:20.899 level:96
2025-08-23 16:45:01.118 T:4323 debug : CVideoPlayer::ProcessVideoData size:146719 dts:29.154 pts:29.238 dur:41.000ms, clock:20.900 level:97
2025-08-23 16:45:01.135 T:4091 debug : CAMLCodec::PollFrame elapsed:32.631ms
2025-08-23 16:45:01.138 T:4326 debug : CAMLCodec::DequeueBuffer: pts:21.271 idx:510
2025-08-23 16:45:01.138 T:4326 debug : CAMLCodec::GetPicture: index: 510, pts: 21.271, dur:41.000ms ar:1.78 elf:42ms
2025-08-23 16:45:01.138 T:4326 debug : CVideoPlayerVideo::OutputPicture - ttd:351ms pts:21.271 Clock:20.920 Level:5
2025-08-23 16:45:01.142 T:4091 debug : PrepareNextRender: frameOnScreen: 20.923 renderPts: 21.080 nextFramePts: 21.063 -> diff: 0.017 render: 1 forceNext: 0
2025-08-23 16:45:01.142 T:4091 debug : CAMLCodec::ReleaseFrame idx:505, drop:0
2025-08-23 16:45:01.146 T:4327 debug : CVideoPlayerAudio::OutputPacket: pts:21.734 curr_pts:20.904 clock:20.928 level:95
2025-08-23 16:45:01.153 T:4326 debug : CAMLCodec::AddData: dl:772992 fl:5321856 sz:398956(399040) lv:12.7% dts:21.396 pts:21.480
2025-08-23 16:45:01.160 T:4323 debug : CVideoPlayer::ProcessVideoData size:144755 dts:29.196 pts:29.196 dur:41.000ms, clock:20.941 level:97
2025-08-23 16:45:01.160 T:4323 debug : CVideoPlayer::ProcessVideoData size:160909 dts:29.238 pts:29.321 dur:41.000ms, clock:20.942 level:97
2025-08-23 16:45:01.177 T:4091 debug : CAMLCodec::PollFrame elapsed:35.125ms
2025-08-23 16:45:01.179 T:4326 debug : CAMLCodec::DequeueBuffer: pts:21.313 idx:511
2025-08-23 16:45:01.180 T:4326 debug : CAMLCodec::GetPicture: index: 511, pts: 21.313, dur:42.000ms ar:1.78 elf:41ms
2025-08-23 16:45:01.180 T:4326 debug : CVideoPlayerVideo::OutputPicture - ttd:351ms pts:21.313 Clock:20.961 Level:5
2025-08-23 16:45:01.187 T:4091 debug : PrepareNextRender: frameOnScreen: 20.968 renderPts: 21.126 nextFramePts: 21.104 -> diff: 0.022 render: 1 forceNext: 0
2025-08-23 16:45:01.187 T:4091 debug : CAMLCodec::ReleaseFrame idx:506, drop:0
2025-08-23 16:45:01.193 T:4323 debug : CVideoPlayer::ProcessAudioData size:7763 dts:29.443 pts:29.443 dur:92.000ms, clock:20.975 drop:0 level:95
2025-08-23 16:45:01.195 T:4326 debug : CAMLCodec::AddData: dl:1031744 fl:5063104 sz:632605(632704) lv:16.9% dts:21.438 pts:21.647
2025-08-23 16:45:01.197 T:4323 debug : CVideoPlayer::ProcessVideoData size:248801 dts:29.279 pts:29.488 dur:41.000ms, clock:20.978 level:97
2025-08-23 16:45:01.199 T:4323 debug : CVideoPlayer::ProcessVideoData size:165772 dts:29.321 pts:29.446 dur:41.000ms, clock:20.981 level:98
2025-08-23 16:45:01.200 T:4323 debug : CVideoPlayer::ProcessVideoData size:156495 dts:29.363 pts:29.404 dur:41.000ms, clock:20.982 level:99
2025-08-23 16:45:01.202 T:4323 debug : CVideoPlayer::ProcessVideoData size:54421 dts:29.404 pts:29.529 dur:41.000ms, clock:20.984 level:99
2025-08-23 16:45:01.219 T:4091 debug : CAMLCodec::PollFrame elapsed:31.679ms
2025-08-23 16:45:01.222 T:4326 debug : CAMLCodec::DequeueBuffer: pts:21.355 idx:512
2025-08-23 16:45:01.222 T:4326 debug : CAMLCodec::GetPicture: index: 512, pts: 21.355, dur:42.000ms ar:1.78 elf:41ms
2025-08-23 16:45:01.222 T:4326 debug : CVideoPlayerVideo::OutputPicture - ttd:351ms pts:21.355 Clock:21.004 Level:5
2025-08-23 16:45:01.228 T:4091 debug : PrepareNextRender: frameOnScreen: 21.009 renderPts: 21.166 nextFramePts: 21.146 -> diff: 0.020 render: 1 forceNext: 0
2025-08-23 16:45:01.228 T:4091 debug : CAMLCodec::ReleaseFrame idx:507, drop:0
2025-08-23 16:45:01.246 T:4327 debug : CVideoPlayerAudio::OutputPacket: pts:21.826 curr_pts:21.005 clock:21.028 level:95
2025-08-23 16:45:01.260 T:4091 debug : CAMLCodec::PollFrame elapsed:32.323ms
2025-08-23 16:45:01.262 T:4326 debug : CAMLCodec::DequeueBuffer: pts:21.396 idx:513
2025-08-23 16:45:01.262 T:4326 debug : CAMLCodec::GetPicture: index: 513, pts: 21.396, dur:41.000ms ar:1.78 elf:40ms
2025-08-23 16:45:01.262 T:4326 debug : CVideoPlayerVideo::OutputPicture - ttd:352ms pts:21.396 Clock:21.044 Level:5
2025-08-23 16:45:01.271 T:4091 debug : PrepareNextRender: frameOnScreen: 21.052 renderPts: 21.209 nextFramePts: 21.188 -> diff: 0.021 render: 1 forceNext: 0
2025-08-23 16:45:01.271 T:4091 debug : CAMLCodec::ReleaseFrame idx:508, drop:0
2025-08-23 16:45:01.278 T:4326 debug : CAMLCodec::AddData: dl:490560 fl:5604288 sz:490449(490560) lv:8.0% dts:21.480 pts:21.605
2025-08-23 16:45:01.282 T:4326 debug : CAMLCodec::AddData: dl:884800 fl:5210048 sz:394122(394240) lv:14.5% dts:21.521 pts:21.563
2025-08-23 16:45:01.284 T:4323 debug : CVideoPlayer::ProcessAudioData size:7766 dts:29.536 pts:29.536 dur:92.000ms, clock:21.065 drop:0 level:95
2025-08-23 16:45:01.284 T:4323 debug : CVideoPlayer::ProcessAudioData size:7700 dts:29.628 pts:29.628 dur:92.000ms, clock:21.066 drop:0 level:96
2025-08-23 16:45:01.285 T:4323 debug : CVideoPlayer::ProcessAudioData size:7853 dts:29.721 pts:29.721 dur:92.000ms, clock:21.066 drop:0 level:97
2025-08-23 16:45:01.285 T:4323 debug : CVideoPlayer::ProcessAudioData size:7771 dts:29.814 pts:29.814 dur:92.000ms, clock:21.066 drop:0 level:98
2025-08-23 16:45:01.285 T:4323 debug : CVideoPlayer::ProcessAudioData size:7873 dts:29.907 pts:29.907 dur:92.000ms, clock:21.067 drop:0 level:99
2025-08-23 16:45:01.285 T:4323 debug : CVideoPlayer::ProcessAudioData size:7822 dts:30.000 pts:30.000 dur:92.000ms, clock:21.067 drop:0 level:100
2025-08-23 16:45:01.286 T:4323 debug : CVideoPlayer::ProcessAudioData size:7824 dts:30.093 pts:30.093 dur:92.000ms, clock:21.067 drop:0 level:100
2025-08-23 16:45:01.291 T:4323 debug : CVideoPlayer::ProcessVideoData size:96515 dts:29.446 pts:29.738 dur:41.000ms, clock:21.073 level:99
2025-08-23 16:45:01.292 T:4323 debug : CVideoPlayer::ProcessVideoData size:56610 dts:29.488 pts:29.655 dur:41.000ms, clock:21.073 level:99
2025-08-23 16:45:01.292 T:4323 debug : CVideoPlayer::ProcessVideoData size:53710 dts:29.529 pts:29.613 dur:41.000ms, clock:21.074 level:100
2025-08-23 16:45:01.293 T:4323 debug : CVideoPlayer::ProcessVideoData size:54640 dts:29.571 pts:29.571 dur:41.000ms, clock:21.074 level:100
2025-08-23 16:45:01.293 T:4323 debug : CVideoPlayer::ProcessVideoData size:54613 dts:29.613 pts:29.696 dur:41.000ms, clock:21.075 level:100
2025-08-23 16:45:01.299 T:4323 debug : CVideoPlayer::ProcessVideoData size:108272 dts:29.655 pts:29.947 dur:41.000ms, clock:21.081 level:100
2025-08-23 16:45:01.300 T:4323 debug : CVideoPlayer::ProcessVideoData size:68371 dts:29.696 pts:29.863 dur:41.000ms, clock:21.082 level:100
2025-08-23 16:45:01.301 T:4323 debug : CVideoPlayer::ProcessVideoData size:70464 dts:29.738 pts:29.821 dur:41.000ms, clock:21.082 level:100
2025-08-23 16:45:01.301 T:4323 debug : CVideoPlayer::ProcessVideoData size:76451 dts:29.780 pts:29.780 dur:41.000ms, clock:21.083 level:100
2025-08-23 16:45:01.302 T:4323 debug : CVideoPlayer::ProcessVideoData size:79141 dts:29.821 pts:29.905 dur:41.000ms, clock:21.083 level:100
2025-08-23 16:45:01.302 T:4091 debug : CAMLCodec::PollFrame elapsed:31.202ms
2025-08-23 16:45:01.303 T:4326 debug : CAMLCodec::DequeueBuffer: pts:21.438 idx:514
2025-08-23 16:45:01.303 T:4326 debug : CAMLCodec::GetPicture: index: 514, pts: 21.438, dur:42.000ms ar:1.78 elf:40ms
2025-08-23 16:45:01.303 T:4326 debug : CVideoPlayerVideo::OutputPicture - ttd:353ms pts:21.438 Clock:21.085 Level:5
2025-08-23 16:45:01.307 T:4323 debug : CVideoPlayer::ProcessVideoData size:167523 dts:29.863 pts:30.072 dur:41.000ms, clock:21.088 level:100
2025-08-23 16:45:01.307 T:4091 debug : PrepareNextRender: frameOnScreen: 21.089 renderPts: 21.246 nextFramePts: 21.230 -> diff: 0.016 render: 1 forceNext: 0
2025-08-23 16:45:01.307 T:4091 debug : CAMLCodec::ReleaseFrame idx:509, drop:0
2025-08-23 16:45:01.318 T:4323 debug : CVideoPlayer::ProcessVideoData size:79796 dts:29.905 pts:30.030 dur:41.000ms, clock:21.099 level:100
2025-08-23 16:45:01.318 T:4323 debug : CVideoPlayer::ProcessVideoData size:73176 dts:29.947 pts:29.988 dur:41.000ms, clock:21.100 level:100
2025-08-23 16:45:01.320 T:4323 debug : CVideoPlayer::ProcessVideoData size:242201 dts:29.988 pts:30.155 dur:41.000ms, clock:21.101 level:100
2025-08-23 16:45:01.320 T:4323 debug : CVideoPlayer::ProcessVideoData size:90858 dts:30.030 pts:30.113 dur:41.000ms, clock:21.102 level:100
2025-08-23 16:45:01.320 T:4326 debug : CAMLCodec::AddData: dl:919936 fl:5174912 sz:525600(525696) lv:15.1% dts:21.563 pts:21.688
2025-08-23 16:45:01.321 T:4323 debug : CVideoPlayer::ProcessAudioData size:7655 dts:30.186 pts:30.186 dur:92.000ms, clock:21.102 drop:0 level:100
2025-08-23 16:45:01.321 T:4323 debug : CVideoPlayer::ProcessAudioData size:7622 dts:30.278 pts:30.278 dur:92.000ms, clock:21.102 drop:0 level:100
2025-08-23 16:45:01.321 T:4323 debug : CVideoPlayer::ProcessAudioData size:7531 dts:30.371 pts:30.371 dur:92.000ms, clock:21.102 drop:0 level:100
2025-08-23 16:45:01.321 T:4323 debug : CVideoPlayer::ProcessAudioData size:7606 dts:30.464 pts:30.464 dur:92.000ms, clock:21.102 drop:0 level:100
2025-08-23 16:45:01.322 T:4323 debug : CVideoPlayer::ProcessVideoData size:267519 dts:30.072 pts:30.322 dur:41.000ms, clock:21.104 level:100
2025-08-23 16:45:01.344 T:4091 debug : CAMLCodec::PollFrame elapsed:36.189ms
2025-08-23 16:45:01.345 T:4327 debug : CVideoPlayerAudio::OutputPacket: pts:21.920 curr_pts:21.103 clock:21.126 level:100
2025-08-23 16:45:01.347 T:4326 debug : CAMLCodec::DequeueBuffer: pts:21.480 idx:515
2025-08-23 16:45:01.348 T:4326 debug : CAMLCodec::GetPicture: index: 515, pts: 21.480, dur:42.000ms ar:1.78 elf:44ms
2025-08-23 16:45:01.348 T:4326 debug : CVideoPlayerVideo::OutputPicture - ttd:350ms pts:21.480 Clock:21.129 Level:5
2025-08-23 16:45:01.354 T:4091 debug : PrepareNextRender: frameOnScreen: 21.136 renderPts: 21.293 nextFramePts: 21.271 -> diff: 0.022 render: 1 forceNext: 0
2025-08-23 16:45:01.355 T:4091 debug : CAMLCodec::ReleaseFrame idx:510, drop:0
2025-08-23 16:45:01.359 T:4326 debug : CAMLCodec::AddData: dl:1015168 fl:5079680 sz:489398(489472) lv:16.7% dts:21.605 pts:21.897
2025-08-23 16:45:01.364 T:4323 debug : CVideoPlayer::ProcessVideoData size:231331 dts:30.113 pts:30.239 dur:41.000ms, clock:21.145 level:100
2025-08-23 16:45:01.364 T:4323 debug : CVideoPlayer::ProcessVideoData size:150030 dts:30.155 pts:30.197 dur:41.000ms, clock:21.146 level:100
2025-08-23 16:45:01.385 T:4091 debug : CAMLCodec::PollFrame elapsed:30.795ms
2025-08-23 16:45:01.387 T:4326 debug : CAMLCodec::DequeueBuffer: pts:21.521 idx:516
2025-08-23 16:45:01.387 T:4326 debug : CAMLCodec::GetPicture: index: 516, pts: 21.521, dur:41.000ms ar:1.78 elf:39ms
2025-08-23 16:45:01.387 T:4326 debug : CVideoPlayerVideo::OutputPicture - ttd:352ms pts:21.521 Clock:21.169 Level:5
2025-08-23 16:45:01.389 T:4326 debug : CAMLCodec::DequeueBuffer: pts:21.563 idx:517
2025-08-23 16:45:01.389 T:4326 debug : CAMLCodec::GetPicture: index: 517, pts: 21.563, dur:42.000ms ar:1.78 elf:1ms
2025-08-23 16:45:01.389 T:4326 debug : CVideoPlayerVideo::OutputPicture - ttd:392ms pts:21.563 Clock:21.170 Level:6
2025-08-23 16:45:01.390 T:4326 debug : CAMLCodec::DequeueBuffer: pts:21.605 idx:518
2025-08-23 16:45:01.390 T:4326 debug : CAMLCodec::GetPicture: index: 518, pts: 21.605, dur:42.000ms ar:1.78 elf:1ms
2025-08-23 16:45:01.394 T:4091 debug : PrepareNextRender: frameOnScreen: 21.175 renderPts: 21.333 nextFramePts: 21.313 -> diff: 0.020 render: 1 forceNext: 0
2025-08-23 16:45:01.394 T:4326 debug : CVideoPlayerVideo::OutputPicture - ttd:433ms pts:21.605 Clock:21.172 Level:6
2025-08-23 16:45:01.394 T:4091 debug : CAMLCodec::ReleaseFrame idx:511, drop:0
2025-08-23 16:45:01.395 T:4326 debug : CAMLCodec::DequeueBuffer: pts:21.647 idx:519
2025-08-23 16:45:01.395 T:4326 debug : CAMLCodec::GetPicture: index: 519, pts: 21.647, dur:42.000ms ar:1.78 elf:5ms
2025-08-23 16:45:01.427 T:4091 debug : CAMLCodec::PollFrame elapsed:32.822ms
2025-08-23 16:45:01.435 T:4091 debug : PrepareNextRender: frameOnScreen: 21.217 renderPts: 21.374 nextFramePts: 21.355 -> diff: 0.019 render: 1 forceNext: 0
2025-08-23 16:45:01.436 T:4326 debug : CVideoPlayerVideo::OutputPicture - ttd:469ms pts:21.647 Clock:21.177 Level:6
2025-08-23 16:45:01.436 T:4091 debug : CAMLCodec::ReleaseFrame idx:512, drop:0
2025-08-23 16:45:01.440 T:4326 debug : CAMLCodec::AddData: dl:912192 fl:5182656 sz:422617(422720) lv:15.0% dts:21.647 pts:21.813
2025-08-23 16:45:01.444 T:4326 debug : CAMLCodec::AddData: dl:843008 fl:5251840 sz:420172(420288) lv:13.8% dts:21.688 pts:21.772
2025-08-23 16:45:01.446 T:4327 debug : CVideoPlayerAudio::OutputPacket: pts:22.012 curr_pts:21.204 clock:21.227 level:100
2025-08-23 16:45:01.447 T:4323 debug : CVideoPlayer::ProcessVideoData size:189383 dts:30.197 pts:30.280 dur:41.000ms, clock:21.229 level:100
2025-08-23 16:45:01.453 T:4323 debug : CVideoPlayer::ProcessVideoData size:313727 dts:30.239 pts:30.489 dur:41.000ms, clock:21.235 level:100
2025-08-23 16:45:01.455 T:4323 debug : CVideoPlayer::ProcessVideoData size:243297 dts:30.280 pts:30.405 dur:41.000ms, clock:21.236 level:100
2025-08-23 16:45:01.469 T:4091 debug : CAMLCodec::PollFrame elapsed:33.000ms
2025-08-23 16:45:01.480 T:4091 debug : PrepareNextRender: frameOnScreen: 21.262 renderPts: 21.419 nextFramePts: 21.396 -> diff: 0.023 render: 1 forceNext: 0
2025-08-23 16:45:01.481 T:4091 debug : CAMLCodec::ReleaseFrame idx:513, drop:0
2025-08-23 16:45:01.486 T:4326 debug : CAMLCodec::AddData: dl:755712 fl:5339136 sz:335297(335424) lv:12.4% dts:21.730 pts:21.730
2025-08-23 16:45:01.486 T:4323 debug : CVideoPlayer::ProcessVideoData size:105707 dts:30.322 pts:30.364 dur:41.000ms, clock:21.268 level:100
2025-08-23 16:45:01.487 T:4323 debug : CVideoPlayer::ProcessVideoData size:123398 dts:30.364 pts:30.447 dur:41.000ms, clock:21.268 level:100
2025-08-23 16:45:01.489 T:4323 debug : CVideoPlayer::ProcessVideoData size:216465 dts:30.405 pts:30.530 dur:41.000ms, clock:21.270 level:100
2025-08-23 16:45:01.511 T:4091 debug : CAMLCodec::PollFrame elapsed:29.951ms
2025-08-23 16:45:01.519 T:4091 debug : PrepareNextRender: frameOnScreen: 21.301 renderPts: 21.458 nextFramePts: 21.438 -> diff: 0.020 render: 1 forceNext: 0
2025-08-23 16:45:01.520 T:4091 debug : CAMLCodec::ReleaseFrame idx:514, drop:0
2025-08-23 16:45:01.528 T:4326 debug : CAMLCodec::AddData: dl:696640 fl:5398208 sz:361092(361216) lv:11.4% dts:21.772 pts:21.855
2025-08-23 16:45:01.530 T:4323 debug : CVideoPlayer::ProcessAudioData size:7559 dts:30.557 pts:30.557 dur:92.000ms, clock:21.312 drop:0 level:100
2025-08-23 16:45:01.530 T:4323 debug : CVideoPlayer::ProcessAudioData size:7531 dts:30.649 pts:30.649 dur:92.000ms, clock:21.312 drop:0 level:100
2025-08-23 16:45:01.530 T:4323 debug : CVideoPlayer::ProcessAudioData size:7395 dts:30.742 pts:30.742 dur:92.000ms, clock:21.312 drop:0 level:100
2025-08-23 16:45:01.533 T:4323 debug : CVideoPlayer::ProcessVideoData size:324687 dts:30.447 pts:30.614 dur:41.000ms, clock:21.315 level:100
2025-08-23 16:45:01.546 T:4327 debug : CVideoPlayerAudio::OutputPacket: pts:22.106 curr_pts:21.304 clock:21.328 level:100
2025-08-23 16:45:01.552 T:4091 debug : CAMLCodec::PollFrame elapsed:32.543ms
2025-08-23 16:45:01.556 T:4326 debug : CAMLCodec::DequeueBuffer: pts:21.688 idx:520
2025-08-23 16:45:01.556 T:4326 debug : CAMLCodec::GetPicture: index: 520, pts: 21.688, dur:41.000ms ar:1.78 elf:160ms
2025-08-23 16:45:01.556 T:4326 debug : CVideoPlayerVideo::OutputPicture - ttd:350ms pts:21.688 Clock:21.338 Level:5
2025-08-23 16:45:01.569 T:4326 debug : CAMLCodec::AddData: dl:953472 fl:5141376 sz:592152(592256) lv:15.6% dts:21.813 pts:22.105
2025-08-23 16:45:01.571 T:4091 debug : PrepareNextRender: frameOnScreen: 21.352 renderPts: 21.509 nextFramePts: 21.480 -> diff: 0.029 render: 1 forceNext: 0
2025-08-23 16:45:01.571 T:4091 debug : CAMLCodec::ReleaseFrame idx:515, drop:0
2025-08-23 16:45:01.575 T:4323 debug : CVideoPlayer::ProcessVideoData size:209460 dts:30.489 pts:30.572 dur:41.000ms, clock:21.356 level:100
2025-08-23 16:45:01.586 T:4323 debug : CVideoPlayer::ProcessVideoData size:355521 dts:30.530 pts:30.822 dur:41.000ms, clock:21.368 level:100
2025-08-23 16:45:01.594 T:4091 debug : CAMLCodec::PollFrame elapsed:22.571ms
2025-08-23 16:45:01.595 T:4326 debug : CAMLCodec::DequeueBuffer: pts:21.730 idx:521
2025-08-23 16:45:01.595 T:4326 debug : CAMLCodec::GetPicture: index: 521, pts: 21.730, dur:42.000ms ar:1.78 elf:38ms
2025-08-23 16:45:01.597 T:4327 debug : CVideoPlayerAudio::OutputPacket: pts:22.198 curr_pts:21.356 clock:21.379 level:100
2025-08-23 16:45:01.598 T:4326 debug : CVideoPlayerVideo::OutputPicture - ttd:351ms pts:21.730 Clock:21.379 Level:5
2025-08-23 16:45:01.599 T:4091 debug : PrepareNextRender: frameOnScreen: 21.381 renderPts: 21.538 nextFramePts: 21.521 -> diff: 0.017 render: 1 forceNext: 0
2025-08-23 16:45:01.600 T:4091 debug : CAMLCodec::ReleaseFrame idx:516, drop:0
2025-08-23 16:45:01.608 T:4323 debug : CVideoPlayer::ProcessVideoData size:220558 dts:30.572 pts:30.739 dur:41.000ms, clock:21.389 level:100
2025-08-23 16:45:01.608 T:4326 debug : CAMLCodec::AddData: dl:1113792 fl:4981056 sz:521428(521536) lv:18.3% dts:21.855 pts:22.022
2025-08-23 16:45:01.609 T:4323 debug : CVideoPlayer::ProcessVideoData size:212917 dts:30.614 pts:30.697 dur:41.000ms, clock:21.391 level:100
2025-08-23 16:45:01.636 T:4091 debug : CAMLCodec::PollFrame elapsed:35.696ms
2025-08-23 16:45:01.637 T:4326 debug : CAMLCodec::DequeueBuffer: pts:21.772 idx:522
2025-08-23 16:45:01.638 T:4326 debug : CAMLCodec::GetPicture: index: 522, pts: 21.772, dur:42.000ms ar:1.78 elf:42ms
2025-08-23 16:45:01.638 T:4326 debug : CVideoPlayerVideo::OutputPicture - ttd:352ms pts:21.772 Clock:21.419 Level:5
2025-08-23 16:45:01.642 T:4091 debug : PrepareNextRender: frameOnScreen: 21.424 renderPts: 21.581 nextFramePts: 21.563 -> diff: 0.018 render: 1 forceNext: 0
2025-08-23 16:45:01.642 T:4091 debug : CAMLCodec::ReleaseFrame idx:517, drop:0
2025-08-23 16:45:01.651 T:4323 debug : CVideoPlayer::ProcessVideoData size:185159 dts:30.656 pts:30.656 dur:41.000ms, clock:21.433 level:100
2025-08-23 16:45:01.652 T:4323 debug : CVideoPlayer::ProcessVideoData size:195198 dts:30.697 pts:30.781 dur:41.000ms, clock:21.434 level:100
2025-08-23 16:45:01.653 T:4326 debug : CAMLCodec::AddData: dl:951552 fl:5143296 sz:429898(430016) lv:15.6% dts:21.897 pts:21.980
2025-08-23 16:45:01.654 T:4323 debug : CVideoPlayer::ProcessAudioData size:7405 dts:30.836 pts:30.836 dur:92.000ms, clock:21.436 drop:0 level:100
2025-08-23 16:45:01.654 T:4323 debug : CVideoPlayer::ProcessAudioData size:7392 dts:30.928 pts:30.928 dur:92.000ms, clock:21.436 drop:0 level:100
2025-08-23 16:45:01.655 T:4323 debug : CVideoPlayer::ProcessAudioData size:7232 dts:31.021 pts:31.021 dur:92.000ms, clock:21.436 drop:0 level:100
2025-08-23 16:45:01.666 T:4323 debug : CVideoPlayer::ProcessVideoData size:404899 dts:30.739 pts:31.031 dur:41.000ms, clock:21.447 level:100
2025-08-23 16:45:01.678 T:4091 debug : CAMLCodec::PollFrame elapsed:35.111ms
2025-08-23 16:45:01.678 T:4326 debug : CAMLCodec::DequeueBuffer: pts:21.813 idx:523
2025-08-23 16:45:01.679 T:4326 debug : CAMLCodec::GetPicture: index: 523, pts: 21.813, dur:41.000ms ar:1.78 elf:40ms
2025-08-23 16:45:01.679 T:4326 debug : CVideoPlayerVideo::OutputPicture - ttd:352ms pts:21.813 Clock:21.460 Level:5
2025-08-23 16:45:01.687 T:4091 debug : PrepareNextRender: frameOnScreen: 21.469 renderPts: 21.626 nextFramePts: 21.605 -> diff: 0.021 render: 1 forceNext: 0
2025-08-23 16:45:01.687 T:4091 debug : CAMLCodec::ReleaseFrame idx:518, drop:0
2025-08-23 16:45:01.694 T:4326 debug : CAMLCodec::AddData: dl:876992 fl:5217856 sz:446889(446976) lv:14.4% dts:21.939 pts:21.939
2025-08-23 16:45:01.696 T:4327 debug : CVideoPlayerAudio::OutputPacket: pts:22.291 curr_pts:21.454 clock:21.478 level:100
2025-08-23 16:45:01.698 T:4323 debug : CVideoPlayer::ProcessVideoData size:244036 dts:30.781 pts:30.948 dur:41.000ms, clock:21.479 level:100
2025-08-23 16:45:01.719 T:4091 debug : CAMLCodec::PollFrame elapsed:31.802ms
2025-08-23 16:45:01.722 T:4326 debug : CAMLCodec::DequeueBuffer: pts:21.855 idx:524
2025-08-23 16:45:01.722 T:4326 debug : CAMLCodec::GetPicture: index: 524, pts: 21.855, dur:42.000ms ar:1.78 elf:43ms
2025-08-23 16:45:01.722 T:4326 debug : CVideoPlayerVideo::OutputPicture - ttd:351ms pts:21.855 Clock:21.504 Level:5
2025-08-23 16:45:01.723 T:4091 debug : PrepareNextRender: frameOnScreen: 21.505 renderPts: 21.662 nextFramePts: 21.647 -> diff: 0.015 render: 1 forceNext: 0
2025-08-23 16:45:01.723 T:4091 debug : CAMLCodec::ReleaseFrame idx:519, drop:0
2025-08-23 16:45:01.735 T:4326 debug : CAMLCodec::AddData: dl:903936 fl:5190912 sz:456868(456960) lv:14.8% dts:21.980 pts:22.064
2025-08-23 16:45:01.740 T:4323 debug : CVideoPlayer::ProcessVideoData size:233211 dts:30.822 pts:30.906 dur:41.000ms, clock:21.521 level:100
2025-08-23 16:45:01.741 T:4323 debug : CVideoPlayer::ProcessVideoData size:220781 dts:30.864 pts:30.864 dur:41.000ms, clock:21.522 level:100
2025-08-23 16:45:01.761 T:4091 debug : CAMLCodec::PollFrame elapsed:37.677ms
2025-08-23 16:45:01.764 T:4326 debug : CAMLCodec::DequeueBuffer: pts:21.897 idx:525
2025-08-23 16:45:01.764 T:4326 debug : CAMLCodec::GetPicture: index: 525, pts: 21.897, dur:42.000ms ar:1.78 elf:41ms
2025-08-23 16:45:01.764 T:4326 debug : CVideoPlayerVideo::OutputPicture - ttd:351ms pts:21.897 Clock:21.545 Level:5
2025-08-23 16:45:01.767 T:4091 debug : PrepareNextRender: frameOnScreen: 21.548 renderPts: 21.706 nextFramePts: 21.688 -> diff: 0.018 render: 1 forceNext: 0
2025-08-23 16:45:01.767 T:4091 debug : CAMLCodec::ReleaseFrame idx:520, drop:0
2025-08-23 16:45:01.778 T:4326 debug : CAMLCodec::AddData: dl:1043712 fl:5051136 sz:586646(586752) lv:17.1% dts:22.022 pts:22.314
2025-08-23 16:45:01.782 T:4323 debug : CVideoPlayer::ProcessVideoData size:229404 dts:30.906 pts:30.989 dur:41.000ms, clock:21.564 level:100
2025-08-23 16:45:01.785 T:4323 debug : CVideoPlayer::ProcessAudioData size:7305 dts:31.115 pts:31.115 dur:92.000ms, clock:21.566 drop:0 level:100
2025-08-23 16:45:01.785 T:4323 debug : CVideoPlayer::ProcessAudioData size:7198 dts:31.207 pts:31.207 dur:92.000ms, clock:21.566 drop:0 level:100
2025-08-23 16:45:01.789 T:4323 debug : CVideoPlayer::ProcessVideoData size:428034 dts:30.948 pts:31.240 dur:41.000ms, clock:21.570 level:100
2025-08-23 16:45:01.797 T:4327 debug : CVideoPlayerAudio::OutputPacket: pts:22.384 curr_pts:21.555 clock:21.579 level:100
2025-08-23 16:45:01.803 T:4091 debug : CAMLCodec::PollFrame elapsed:35.492ms
2025-08-23 16:45:01.805 T:4326 debug : CAMLCodec::DequeueBuffer: pts:21.939 idx:526
2025-08-23 16:45:01.805 T:4326 debug : CAMLCodec::GetPicture: index: 526, pts: 21.939, dur:42.000ms ar:1.78 elf:41ms
2025-08-23 16:45:01.806 T:4326 debug : CVideoPlayerVideo::OutputPicture - ttd:352ms pts:21.939 Clock:21.587 Level:5
2025-08-23 16:45:01.809 T:4091 debug : PrepareNextRender: frameOnScreen: 21.590 renderPts: 21.747 nextFramePts: 21.730 -> diff: 0.017 render: 1 forceNext: 0
2025-08-23 16:45:01.809 T:4091 debug : CAMLCodec::ReleaseFrame idx:521, drop:0
2025-08-23 16:45:01.821 T:4326 debug : CAMLCodec::AddData: dl:1059776 fl:5035072 sz:472903(473024) lv:17.4% dts:22.064 pts:22.231
2025-08-23 16:45:01.822 T:4323 debug : CVideoPlayer::ProcessVideoData size:272930 dts:30.989 pts:31.156 dur:41.000ms, clock:21.603 level:100
2025-08-23 16:45:01.844 T:4091 debug : CAMLCodec::PollFrame elapsed:35.012ms
2025-08-23 16:45:01.846 T:4326 debug : CAMLCodec::DequeueBuffer: pts:21.980 idx:527
2025-08-23 16:45:01.846 T:4326 debug : CAMLCodec::GetPicture: index: 527, pts: 21.980, dur:41.000ms ar:1.78 elf:40ms
2025-08-23 16:45:01.846 T:4326 debug : CVideoPlayerVideo::OutputPicture - ttd:352ms pts:21.980 Clock:21.628 Level:5
2025-08-23 16:45:01.852 T:4091 debug : PrepareNextRender: frameOnScreen: 21.633 renderPts: 21.791 nextFramePts: 21.772 -> diff: 0.019 render: 1 forceNext: 0
2025-08-23 16:45:01.852 T:4091 debug : CAMLCodec::ReleaseFrame idx:522, drop:0
2025-08-23 16:45:01.861 T:4326 debug : CAMLCodec::AddData: dl:950080 fl:5144768 sz:476971(477056) lv:15.6% dts:22.105 pts:22.189
2025-08-23 16:45:01.863 T:4323 debug : CVideoPlayer::ProcessVideoData size:269574 dts:31.031 pts:31.114 dur:41.000ms, clock:21.645 level:100
2025-08-23 16:45:01.864 T:4323 debug : CVideoPlayer::ProcessVideoData size:247918 dts:31.073 pts:31.073 dur:41.000ms, clock:21.646 level:100
2025-08-23 16:45:01.886 T:4091 debug : CAMLCodec::PollFrame elapsed:33.884ms
2025-08-23 16:45:01.891 T:4326 debug : CAMLCodec::DequeueBuffer: pts:22.022 idx:528
2025-08-23 16:45:01.892 T:4326 debug : CAMLCodec::GetPicture: index: 528, pts: 22.022, dur:42.000ms ar:1.78 elf:43ms
2025-08-23 16:45:01.892 T:4326 debug : CVideoPlayerVideo::OutputPicture - ttd:348ms pts:22.022 Clock:21.673 Level:5
2025-08-23 16:45:01.895 T:4327 debug : CVideoPlayerAudio::OutputPacket: pts:22.477 curr_pts:21.653 clock:21.677 level:100
2025-08-23 16:45:01.896 T:4091 debug : PrepareNextRender: frameOnScreen: 21.678 renderPts: 21.835 nextFramePts: 21.813 -> diff: 0.022 render: 1 forceNext: 0
2025-08-23 16:45:01.896 T:4091 debug : CAMLCodec::ReleaseFrame idx:523, drop:0
2025-08-23 16:45:01.903 T:4326 debug : CAMLCodec::AddData: dl:847872 fl:5246976 sz:370718(370816) lv:13.9% dts:22.147 pts:22.147
2025-08-23 16:45:01.906 T:4323 debug : CVideoPlayer::ProcessVideoData size:236449 dts:31.114 pts:31.198 dur:41.000ms, clock:21.687 level:100
2025-08-23 16:45:01.908 T:4323 debug : CVideoPlayer::ProcessAudioData size:7418 dts:31.300 pts:31.300 dur:92.000ms, clock:21.689 drop:0 level:100
2025-08-23 16:45:01.908 T:4323 debug : CVideoPlayer::ProcessAudioData size:7133 dts:31.392 pts:31.392 dur:92.000ms, clock:21.689 drop:0 level:100
2025-08-23 16:45:01.914 T:4323 debug : CVideoPlayer::ProcessVideoData size:427965 dts:31.156 pts:31.448 dur:41.000ms, clock:21.695 level:100
2025-08-23 16:45:01.928 T:4091 debug : CAMLCodec::PollFrame elapsed:31.269ms
2025-08-23 16:45:01.929 T:4326 debug : CAMLCodec::DequeueBuffer: pts:22.064 idx:529
2025-08-23 16:45:01.929 T:4326 debug : CAMLCodec::GetPicture: index: 529, pts: 22.064, dur:42.000ms ar:1.78 elf:37ms
2025-08-23 16:45:01.929 T:4326 debug : CVideoPlayerVideo::OutputPicture - ttd:353ms pts:22.064 Clock:21.711 Level:5
2025-08-23 16:45:01.940 T:4091 debug : PrepareNextRender: frameOnScreen: 21.721 renderPts: 21.879 nextFramePts: 21.855 -> diff: 0.024 render: 1 forceNext: 0
2025-08-23 16:45:01.940 T:4091 debug : CAMLCodec::ReleaseFrame idx:524, drop:0
2025-08-23 16:45:01.944 T:4326 debug : CAMLCodec::AddData: dl:747520 fl:5347328 sz:376593(376704) lv:12.3% dts:22.189 pts:22.272
2025-08-23 16:45:01.946 T:4323 debug : CVideoPlayer::ProcessVideoData size:263791 dts:31.198 pts:31.365 dur:41.000ms, clock:21.727 level:100
2025-08-23 16:45:01.969 T:4091 debug : CAMLCodec::PollFrame elapsed:29.455ms
2025-08-23 16:45:01.971 T:4326 debug : CAMLCodec::DequeueBuffer: pts:22.105 idx:530
2025-08-23 16:45:01.972 T:4326 debug : CAMLCodec::GetPicture: index: 530, pts: 22.105, dur:41.000ms ar:1.78 elf:42ms
2025-08-23 16:45:01.972 T:4326 debug : CVideoPlayerVideo::OutputPicture - ttd:351ms pts:22.105 Clock:21.753 Level:5
2025-08-23 16:45:01.977 T:4091 debug : PrepareNextRender: frameOnScreen: 21.759 renderPts: 21.916 nextFramePts: 21.897 -> diff: 0.019 render: 1 forceNext: 0
2025-08-23 16:45:01.977 T:4091 debug : CAMLCodec::ReleaseFrame idx:525, drop:0
2025-08-23 16:45:01.984 T:4326 debug : CAMLCodec::AddData: dl:945984 fl:5148864 sz:569155(569280) lv:15.5% dts:22.231 pts:22.439
2025-08-23 16:45:01.987 T:4323 debug : CVideoPlayer::ProcessVideoData size:249286 dts:31.240 pts:31.323 dur:41.000ms, clock:21.769 level:100
2025-08-23 16:45:01.988 T:4323 debug : CVideoPlayer::ProcessVideoData size:230672 dts:31.281 pts:31.281 dur:41.000ms, clock:21.770 level:100
2025-08-23 16:45:01.995 T:4327 debug : CVideoPlayerAudio::OutputPacket: pts:22.570 curr_pts:21.754 clock:21.777 level:100
2025-08-23 16:45:02.011 T:4091 debug : CAMLCodec::PollFrame elapsed:33.654ms
2025-08-23 16:45:02.013 T:4326 debug : CAMLCodec::DequeueBuffer: pts:22.147 idx:531
2025-08-23 16:45:02.013 T:4326 debug : CAMLCodec::GetPicture: index: 531, pts: 22.147, dur:42.000ms ar:1.78 elf:41ms
2025-08-23 16:45:02.013 T:4326 debug : CVideoPlayerVideo::OutputPicture - ttd:352ms pts:22.147 Clock:21.795 Level:5
2025-08-23 16:45:02.022 T:4091 debug : PrepareNextRender: frameOnScreen: 21.804 renderPts: 21.961 nextFramePts: 21.939 -> diff: 0.022 render: 1 forceNext: 0
2025-08-23 16:45:02.022 T:4091 debug : CAMLCodec::ReleaseFrame idx:526, drop:0
2025-08-23 16:45:02.026 T:4326 debug : CAMLCodec::AddData: dl:950784 fl:5144064 sz:381382(381504) lv:15.6% dts:22.272 pts:22.397
2025-08-23 16:45:02.030 T:4323 debug : CVideoPlayer::ProcessVideoData size:245285 dts:31.323 pts:31.406 dur:41.000ms, clock:21.811 level:100
2025-08-23 16:45:02.053 T:4091 debug : CAMLCodec::PollFrame elapsed:30.277ms
2025-08-23 16:45:02.054 T:4326 debug : CAMLCodec::DequeueBuffer: pts:22.189 idx:532
2025-08-23 16:45:02.054 T:4326 debug : CAMLCodec::GetPicture: index: 532, pts: 22.189, dur:42.000ms ar:1.78 elf:40ms
2025-08-23 16:45:02.054 T:4326 debug : CVideoPlayerVideo::OutputPicture - ttd:353ms pts:22.189 Clock:21.835 Level:5
2025-08-23 16:45:02.064 T:4091 debug : PrepareNextRender: frameOnScreen: 21.845 renderPts: 22.003 nextFramePts: 21.980 -> diff: 0.023 render: 1 forceNext: 0
2025-08-23 16:45:02.064 T:4091 debug : CAMLCodec::ReleaseFrame idx:527, drop:0
2025-08-23 16:45:02.070 T:4326 debug : CAMLCodec::AddData: dl:767040 fl:5327808 sz:385464(385536) lv:12.6% dts:22.314 pts:22.356
2025-08-23 16:45:02.071 T:4323 debug : CVideoPlayer::ProcessAudioData size:7096 dts:31.486 pts:31.486 dur:92.000ms, clock:21.853 drop:0 level:100
2025-08-23 16:45:02.073 T:4323 debug : CVideoPlayer::ProcessVideoData size:456942 dts:31.365 pts:31.490 dur:41.000ms, clock:21.854 level:100
2025-08-23 16:45:02.095 T:4091 debug : CAMLCodec::PollFrame elapsed:30.574ms
2025-08-23 16:45:02.095 T:4326 debug : CAMLCodec::DequeueBuffer: pts:22.231 idx:533
2025-08-23 16:45:02.096 T:4326 debug : CAMLCodec::GetPicture: index: 533, pts: 22.231, dur:42.000ms ar:1.78 elf:41ms
2025-08-23 16:45:02.096 T:4327 debug : CVideoPlayerAudio::OutputPacket: pts:22.662 curr_pts:21.854 clock:21.877 level:100
2025-08-23 16:45:02.096 T:4326 debug : CVideoPlayerVideo::OutputPicture - ttd:353ms pts:22.231 Clock:21.877 Level:5
2025-08-23 16:45:02.106 T:4091 debug : PrepareNextRender: frameOnScreen: 21.887 renderPts: 22.045 nextFramePts: 22.022 -> diff: 0.023 render: 1 forceNext: 0
2025-08-23 16:45:02.106 T:4091 debug : CAMLCodec::ReleaseFrame idx:528, drop:0
2025-08-23 16:45:02.109 T:4326 debug : CAMLCodec::AddData: dl:961216 fl:5133632 sz:575559(575680) lv:15.8% dts:22.356 pts:22.522
2025-08-23 16:45:02.114 T:4323 debug : CVideoPlayer::ProcessVideoData size:200856 dts:31.406 pts:31.531 dur:41.000ms, clock:21.896 level:100
2025-08-23 16:45:02.115 T:4323 debug : CVideoPlayer::ProcessAudioData size:7072 dts:31.579 pts:31.579 dur:92.000ms, clock:21.897 drop:0 level:100
2025-08-23 16:45:02.115 T:4323 debug : CVideoPlayer::ProcessAudioData size:7193 dts:31.671 pts:31.671 dur:92.000ms, clock:21.897 drop:0 level:100
2025-08-23 16:45:02.115 T:4323 debug : CVideoPlayer::ProcessAudioData size:7887 dts:31.764 pts:31.764 dur:92.000ms, clock:21.897 drop:0 level:100
2025-08-23 16:45:02.115 T:4323 debug : CVideoPlayer::ProcessAudioData size:7284 dts:31.857 pts:31.857 dur:92.000ms, clock:21.897 drop:0 level:100
2025-08-23 16:45:02.117 T:4323 debug : CVideoPlayer::ProcessVideoData size:198581 dts:31.448 pts:31.740 dur:41.000ms, clock:21.898 level:100
2025-08-23 16:45:02.117 T:4323 debug : CVideoPlayer::ProcessVideoData size:137206 dts:31.490 pts:31.657 dur:41.000ms, clock:21.899 level:100
2025-08-23 16:45:02.136 T:4091 debug : CAMLCodec::PollFrame elapsed:29.882ms
2025-08-23 16:45:02.138 T:4326 debug : CAMLCodec::DequeueBuffer: pts:22.272 idx:534
2025-08-23 16:45:02.138 T:4326 debug : CAMLCodec::GetPicture: index: 534, pts: 22.272, dur:41.000ms ar:1.78 elf:41ms
2025-08-23 16:45:02.138 T:4326 debug : CVideoPlayerVideo::OutputPicture - ttd:352ms pts:22.272 Clock:21.919 Level:5
2025-08-23 16:45:02.145 T:4091 debug : PrepareNextRender: frameOnScreen: 21.927 renderPts: 22.084 nextFramePts: 22.064 -> diff: 0.020 render: 1 forceNext: 0
2025-08-23 16:45:02.146 T:4091 debug : CAMLCodec::ReleaseFrame idx:529, drop:0
2025-08-23 16:45:02.149 T:4323 debug : CVideoPlayer::ProcessVideoData size:138527 dts:31.531 pts:31.615 dur:41.000ms, clock:21.930 level:100
2025-08-23 16:45:02.149 T:4323 debug : CVideoPlayer::ProcessVideoData size:118107 dts:31.573 pts:31.573 dur:41.000ms, clock:21.931 level:100
2025-08-23 16:45:02.149 T:4323 debug : CVideoPlayer::ProcessVideoData size:123030 dts:31.615 pts:31.698 dur:41.000ms, clock:21.931 level:100
2025-08-23 16:45:02.151 T:4326 debug : CAMLCodec::AddData: dl:939712 fl:5155136 sz:363923(364032) lv:15.4% dts:22.397 pts:22.481
2025-08-23 16:45:02.178 T:4091 debug : CAMLCodec::PollFrame elapsed:32.110ms
2025-08-23 16:45:02.181 T:4326 debug : CAMLCodec::DequeueBuffer: pts:22.314 idx:535
2025-08-23 16:45:02.181 T:4326 debug : CAMLCodec::GetPicture: index: 535, pts: 22.314, dur:42.000ms ar:1.78 elf:43ms
2025-08-23 16:45:02.181 T:4326 debug : CVideoPlayerVideo::OutputPicture - ttd:351ms pts:22.314 Clock:21.962 Level:5
2025-08-23 16:45:02.186 T:4091 debug : PrepareNextRender: frameOnScreen: 21.967 renderPts: 22.124 nextFramePts: 22.105 -> diff: 0.019 render: 1 forceNext: 0
2025-08-23 16:45:02.186 T:4091 debug : CAMLCodec::ReleaseFrame idx:530, drop:0
2025-08-23 16:45:02.195 T:4326 debug : CAMLCodec::AddData: dl:809472 fl:5285376 sz:445331(445440) lv:13.3% dts:22.439 pts:22.564
2025-08-23 16:45:02.195 T:4327 debug : CVideoPlayerAudio::OutputPacket: pts:22.756 curr_pts:21.953 clock:21.977 level:100
2025-08-23 16:45:02.206 T:4323 debug : CVideoPlayer::ProcessVideoData size:207702 dts:31.657 pts:31.949 dur:41.000ms, clock:21.987 level:100
2025-08-23 16:45:02.206 T:4323 debug : CVideoPlayer::ProcessVideoData size:152154 dts:31.698 pts:31.865 dur:41.000ms, clock:21.988 level:100
2025-08-23 16:45:02.207 T:4323 debug : CVideoPlayer::ProcessVideoData size:134647 dts:31.740 pts:31.823 dur:41.000ms, clock:21.988 level:100
2025-08-23 16:45:02.220 T:4091 debug : CAMLCodec::PollFrame elapsed:33.905ms
2025-08-23 16:45:02.221 T:4326 debug : CAMLCodec::DequeueBuffer: pts:22.356 idx:536
2025-08-23 16:45:02.221 T:4326 debug : CAMLCodec::GetPicture: index: 536, pts: 22.356, dur:42.000ms ar:1.78 elf:39ms
2025-08-23 16:45:02.222 T:4326 debug : CVideoPlayerVideo::OutputPicture - ttd:353ms pts:22.356 Clock:22.003 Level:5
2025-08-23 16:45:02.230 T:4091 debug : PrepareNextRender: frameOnScreen: 22.011 renderPts: 22.169 nextFramePts: 22.147 -> diff: 0.022 render: 1 forceNext: 0
2025-08-23 16:45:02.230 T:4091 debug : CAMLCodec::ReleaseFrame idx:531, drop:0
2025-08-23 16:45:02.233 T:4326 debug : CAMLCodec::AddData: dl:885248 fl:5209600 sz:439734(439808) lv:14.5% dts:22.481 pts:22.606
2025-08-23 16:45:02.238 T:4323 debug : CVideoPlayer::ProcessVideoData size:135041 dts:31.782 pts:31.782 dur:41.000ms, clock:22.020 level:100
2025-08-23 16:45:02.239 T:4323 debug : CVideoPlayer::ProcessVideoData size:131441 dts:31.823 pts:31.907 dur:41.000ms, clock:22.020 level:100
2025-08-23 16:45:02.239 T:4323 debug : CVideoPlayer::ProcessAudioData size:6960 dts:31.951 pts:31.951 dur:92.000ms, clock:22.021 drop:0 level:100
2025-08-23 16:45:02.240 T:4323 debug : CVideoPlayer::ProcessAudioData size:6981 dts:32.043 pts:32.043 dur:92.000ms, clock:22.021 drop:0 level:100
2025-08-23 16:45:02.240 T:4323 debug : CVideoPlayer::ProcessAudioData size:6655 dts:32.136 pts:32.136 dur:92.000ms, clock:22.021 drop:0 level:100
2025-08-23 16:45:02.247 T:4327 debug : CVideoPlayerAudio::OutputPacket: pts:22.848 curr_pts:22.005 clock:22.029 level:100
2025-08-23 16:45:02.249 T:4323 debug : CVideoPlayer::ProcessVideoData size:239241 dts:31.865 pts:32.157 dur:41.000ms, clock:22.031 level:100
2025-08-23 16:45:02.261 T:4091 debug : CAMLCodec::PollFrame elapsed:31.158ms
2025-08-23 16:45:02.263 T:4326 debug : CAMLCodec::DequeueBuffer: pts:22.397 idx:537
2025-08-23 16:45:02.263 T:4326 debug : CAMLCodec::GetPicture: index: 537, pts: 22.397, dur:41.000ms ar:1.78 elf:41ms
2025-08-23 16:45:02.264 T:4326 debug : CVideoPlayerVideo::OutputPicture - ttd:352ms pts:22.397 Clock:22.045 Level:5
2025-08-23 16:45:02.271 T:4091 debug : PrepareNextRender: frameOnScreen: 22.052 renderPts: 22.209 nextFramePts: 22.189 -> diff: 0.020 render: 1 forceNext: 0
2025-08-23 16:45:02.271 T:4091 debug : CAMLCodec::ReleaseFrame idx:532, drop:0
2025-08-23 16:45:02.278 T:4326 debug : CAMLCodec::AddData: dl:840000 fl:5254848 sz:400102(400192) lv:13.8% dts:22.522 pts:22.648
2025-08-23 16:45:02.281 T:4323 debug : CVideoPlayer::ProcessVideoData size:160768 dts:31.907 pts:32.074 dur:41.000ms, clock:22.062 level:100
2025-08-23 16:45:02.282 T:4323 debug : CVideoPlayer::ProcessVideoData size:134267 dts:31.949 pts:32.032 dur:41.000ms, clock:22.063 level:100
2025-08-23 16:45:02.303 T:4091 debug : CAMLCodec::PollFrame elapsed:32.197ms
2025-08-23 16:45:02.305 T:4326 debug : CAMLCodec::DequeueBuffer: pts:22.439 idx:538
2025-08-23 16:45:02.306 T:4326 debug : CAMLCodec::GetPicture: index: 538, pts: 22.439, dur:42.000ms ar:1.78 elf:42ms
2025-08-23 16:45:02.306 T:4326 debug : CVideoPlayerVideo::OutputPicture - ttd:351ms pts:22.439 Clock:22.087 Level:5
2025-08-23 16:45:02.311 T:4091 debug : PrepareNextRender: frameOnScreen: 22.093 renderPts: 22.250 nextFramePts: 22.231 -> diff: 0.019 render: 1 forceNext: 0
2025-08-23 16:45:02.312 T:4091 debug : CAMLCodec::ReleaseFrame idx:533, drop:0
2025-08-23 16:45:02.318 T:4326 debug : CAMLCodec::AddData: dl:620864 fl:5473984 sz:220582(220672) lv:10.2% dts:22.564 pts:22.689
2025-08-23 16:45:02.323 T:4323 debug : CVideoPlayer::ProcessVideoData size:136122 dts:31.990 pts:31.990 dur:41.000ms, clock:22.105 level:100
2025-08-23 16:45:02.324 T:4323 debug : CVideoPlayer::ProcessVideoData size:139529 dts:32.032 pts:32.115 dur:41.000ms, clock:22.105 level:100
2025-08-23 16:45:02.345 T:4091 debug : CAMLCodec::PollFrame elapsed:33.205ms
2025-08-23 16:45:02.346 T:4326 debug : CAMLCodec::DequeueBuffer: pts:22.481 idx:539
2025-08-23 16:45:02.346 T:4326 debug : CAMLCodec::GetPicture: index: 539, pts: 22.481, dur:42.000ms ar:1.78 elf:40ms
2025-08-23 16:45:02.346 T:4327 debug : CVideoPlayerAudio::OutputPacket: pts:22.941 curr_pts:22.104 clock:22.128 level:100
2025-08-23 16:45:02.347 T:4326 debug : CVideoPlayerVideo::OutputPicture - ttd:353ms pts:22.481 Clock:22.128 Level:5
2025-08-23 16:45:02.353 T:4091 debug : PrepareNextRender: frameOnScreen: 22.134 renderPts: 22.291 nextFramePts: 22.272 -> diff: 0.019 render: 1 forceNext: 0
2025-08-23 16:45:02.353 T:4091 debug : CAMLCodec::ReleaseFrame idx:534, drop:0
2025-08-23 16:45:02.360 T:4326 debug : CAMLCodec::AddData: dl:435072 fl:5659776 sz:214322(214400) lv:7.1% dts:22.606 pts:22.731
2025-08-23 16:45:02.363 T:4326 debug : CAMLCodec::AddData: dl:687104 fl:5407744 sz:251923(252032) lv:11.3% dts:22.648 pts:22.773
2025-08-23 16:45:02.366 T:4323 debug : CVideoPlayer::ProcessVideoData size:235545 dts:32.074 pts:32.199 dur:41.000ms, clock:22.147 level:100
2025-08-23 16:45:02.368 T:4323 debug : CVideoPlayer::ProcessAudioData size:6530 dts:32.230 pts:32.230 dur:92.000ms, clock:22.149 drop:0 level:100
2025-08-23 16:45:02.368 T:4323 debug : CVideoPlayer::ProcessAudioData size:6439 dts:32.322 pts:32.322 dur:92.000ms, clock:22.149 drop:0 level:100
2025-08-23 16:45:02.368 T:4323 debug : CVideoPlayer::ProcessAudioData size:6689 dts:32.415 pts:32.415 dur:92.000ms, clock:22.149 drop:0 level:100
2025-08-23 16:45:02.368 T:4323 debug : CVideoPlayer::ProcessAudioData size:6345 dts:32.508 pts:32.508 dur:92.000ms, clock:22.149 drop:0 level:100
2025-08-23 16:45:02.372 T:4323 debug : CVideoPlayer::ProcessVideoData size:242214 dts:32.115 pts:32.407 dur:41.000ms, clock:22.154 level:100
2025-08-23 16:45:02.387 T:4091 debug : CAMLCodec::PollFrame elapsed:33.536ms
2025-08-23 16:45:02.388 T:4326 debug : CAMLCodec::DequeueBuffer: pts:22.522 idx:540
2025-08-23 16:45:02.388 T:4326 debug : CAMLCodec::GetPicture: index: 540, pts: 22.522, dur:41.000ms ar:1.78 elf:41ms
2025-08-23 16:45:02.388 T:4326 debug : CVideoPlayerVideo::OutputPicture - ttd:352ms pts:22.522 Clock:22.170 Level:5
2025-08-23 16:45:02.389 T:4326 debug : CAMLCodec::DequeueBuffer: pts:22.564 idx:541
2025-08-23 16:45:02.390 T:4326 debug : CAMLCodec::GetPicture: index: 541, pts: 22.564, dur:42.000ms ar:1.78 elf:1ms
2025-08-23 16:45:02.390 T:4326 debug : CVideoPlayerVideo::OutputPicture - ttd:392ms pts:22.564 Clock:22.171 Level:6
2025-08-23 16:45:02.391 T:4326 debug : CAMLCodec::DequeueBuffer: pts:22.606 idx:542
2025-08-23 16:45:02.391 T:4326 debug : CAMLCodec::GetPicture: index: 542, pts: 22.606, dur:42.000ms ar:1.78 elf:1ms
2025-08-23 16:45:02.399 T:4091 debug : PrepareNextRender: frameOnScreen: 22.180 renderPts: 22.337 nextFramePts: 22.314 -> diff: 0.023 render: 1 forceNext: 0
2025-08-23 16:45:02.399 T:4326 debug : CVideoPlayerVideo::OutputPicture - ttd:433ms pts:22.606 Clock:22.172 Level:6
2025-08-23 16:45:02.400 T:4091 debug : CAMLCodec::ReleaseFrame idx:535, drop:0
2025-08-23 16:45:02.401 T:4326 debug : CAMLCodec::DequeueBuffer: pts:22.648 idx:543
2025-08-23 16:45:02.401 T:4326 debug : CAMLCodec::GetPicture: index: 543, pts: 22.648, dur:42.000ms ar:1.78 elf:9ms
2025-08-23 16:45:02.428 T:4091 debug : CAMLCodec::PollFrame elapsed:28.074ms
2025-08-23 16:45:02.434 T:4091 debug : PrepareNextRender: frameOnScreen: 22.216 renderPts: 22.373 nextFramePts: 22.356 -> diff: 0.017 render: 1 forceNext: 0
2025-08-23 16:45:02.435 T:4326 debug : CVideoPlayerVideo::OutputPicture - ttd:465ms pts:22.648 Clock:22.182 Level:6
2025-08-23 16:45:02.435 T:4091 debug : CAMLCodec::ReleaseFrame idx:536, drop:0
2025-08-23 16:45:02.438 T:4326 debug : CAMLCodec::AddData: dl:698496 fl:5396352 sz:231945(232064) lv:11.5% dts:22.689 pts:22.856
2025-08-23 16:45:02.441 T:4326 debug : CAMLCodec::AddData: dl:638592 fl:5456256 sz:154381(154496) lv:10.5% dts:22.731 pts:22.814
2025-08-23 16:45:02.445 T:4327 debug : CVideoPlayerAudio::OutputPacket: pts:23.034 curr_pts:22.203 clock:22.227 level:100
2025-08-23 16:45:02.446 T:4323 debug : CVideoPlayer::ProcessVideoData size:162898 dts:32.157 pts:32.324 dur:41.000ms, clock:22.227 level:100
2025-08-23 16:45:02.446 T:4323 debug : CVideoPlayer::ProcessVideoData size:147111 dts:32.199 pts:32.282 dur:41.000ms, clock:22.228 level:100
2025-08-23 16:45:02.470 T:4091 debug : CAMLCodec::PollFrame elapsed:35.153ms
2025-08-23 16:45:02.477 T:4091 debug : PrepareNextRender: frameOnScreen: 22.259 renderPts: 22.416 nextFramePts: 22.397 -> diff: 0.019 render: 1 forceNext: 0
2025-08-23 16:45:02.477 T:4091 debug : CAMLCodec::ReleaseFrame idx:537, drop:0
2025-08-23 16:45:02.483 T:4326 debug : CAMLCodec::AddData: dl:606016 fl:5488832 sz:219361(219456) lv:9.9% dts:22.773 pts:22.981
2025-08-23 16:45:02.486 T:4326 debug : CAMLCodec::AddData: dl:783296 fl:5311552 sz:177209(177280) lv:12.9% dts:22.814 pts:22.940
2025-08-23 16:45:02.488 T:4323 debug : CVideoPlayer::ProcessVideoData size:145408 dts:32.241 pts:32.241 dur:41.000ms, clock:22.269 level:100
2025-08-23 16:45:02.489 T:4323 debug : CVideoPlayer::ProcessVideoData size:145744 dts:32.282 pts:32.366 dur:41.000ms, clock:22.270 level:100
2025-08-23 16:45:02.491 T:4323 debug : CVideoPlayer::ProcessVideoData size:267301 dts:32.324 pts:32.491 dur:41.000ms, clock:22.273 level:100
2025-08-23 16:45:02.512 T:4091 debug : CAMLCodec::PollFrame elapsed:34.239ms
2025-08-23 16:45:02.521 T:4091 debug : PrepareNextRender: frameOnScreen: 22.302 renderPts: 22.460 nextFramePts: 22.439 -> diff: 0.021 render: 1 forceNext: 0
2025-08-23 16:45:02.521 T:4091 debug : CAMLCodec::ReleaseFrame idx:538, drop:0
2025-08-23 16:45:02.523 T:4326 debug : CAMLCodec::AddData: dl:713536 fl:5381312 sz:162210(162304) lv:11.7% dts:22.856 pts:22.898
2025-08-23 16:45:02.545 T:4327 debug : CVideoPlayerAudio::OutputPacket: pts:23.126 curr_pts:22.303 clock:22.327 level:100
2025-08-23 16:45:02.553 T:4091 debug : CAMLCodec::PollFrame elapsed:32.066ms
2025-08-23 16:45:02.556 T:4326 debug : CAMLCodec::DequeueBuffer: pts:22.689 idx:544
2025-08-23 16:45:02.556 T:4326 debug : CAMLCodec::GetPicture: index: 544, pts: 22.689, dur:41.000ms ar:1.78 elf:155ms
2025-08-23 16:45:02.556 T:4326 debug : CVideoPlayerVideo::OutputPicture - ttd:351ms pts:22.689 Clock:22.337 Level:5
2025-08-23 16:45:02.561 T:4091 debug : PrepareNextRender: frameOnScreen: 22.342 renderPts: 22.500 nextFramePts: 22.481 -> diff: 0.019 render: 1 forceNext: 0
2025-08-23 16:45:02.561 T:4091 debug : CAMLCodec::ReleaseFrame idx:539, drop:0
2025-08-23 16:45:02.566 T:4326 debug : CAMLCodec::AddData: dl:871680 fl:5223168 sz:312565(312640) lv:14.3% dts:22.898 pts:23.023
2025-08-23 16:45:02.573 T:4323 debug : CVideoPlayer::ProcessVideoData size:158453 dts:32.366 pts:32.449 dur:41.000ms, clock:22.355 level:100
