2025-08-23 16:45:21.369 T:4326 debug : CAMLCodec::DequeueBuffer: pts:41.500 idx:995
2025-08-23 16:45:21.369 T:4326 debug : CAMLCodec::GetPicture: index: 995, pts: 41.500, dur:42.000ms ar:1.78 elf:41ms
2025-08-23 16:45:21.369 T:4326 debug : CVideoPlayerVideo::OutputPicture - ttd:352ms pts:41.500 Clock:41.147 Level:5
2025-08-23 16:45:21.375 T:4091 debug : PrepareNextRender: frameOnScreen: 41.153 renderPts: 41.310 nextFramePts: 41.291 -> diff: 0.019 render: 1 forceNext: 0
2025-08-23 16:45:21.375 T:4091 debug : CAMLCodec::ReleaseFrame idx:990, drop:0
2025-08-23 16:45:21.381 T:4323 debug : CVideoPlayer::ProcessAudioData size:8236 dts:49.598 pts:49.598 dur:92.000ms, clock:41.159 drop:0 level:95
2025-08-23 16:45:21.381 T:4323 debug : CVideoPlayer::ProcessAudioData size:9893 dts:49.690 pts:49.690 dur:92.000ms, clock:41.160 drop:0 level:96
2025-08-23 16:45:21.381 T:4323 debug : CVideoPlayer::ProcessAudioData size:9337 dts:49.783 pts:49.783 dur:92.000ms, clock:41.160 drop:0 level:97
2025-08-23 16:45:21.386 T:4323 debug : CVideoPlayer::ProcessVideoData size:331769 dts:49.466 pts:49.758 dur:41.000ms, clock:41.164 level:97
2025-08-23 16:45:21.387 T:4326 debug : CAMLCodec::AddData: dl:821888 fl:5272960 sz:403815(403904) lv:13.5% dts:41.667 pts:41.792
2025-08-23 16:45:21.399 T:4327 debug : CVideoPlayerAudio::OutputPacket: pts:41.981 curr_pts:41.153 clock:41.177 level:97
2025-08-23 16:45:21.409 T:4091 debug : CAMLCodec::PollFrame elapsed:33.821ms
2025-08-23 16:45:21.411 T:4326 debug : CAMLCodec::DequeueBuffer: pts:41.541 idx:996
2025-08-23 16:45:21.411 T:4326 debug : CAMLCodec::GetPicture: index: 996, pts: 41.541, dur:41.000ms ar:1.78 elf:41ms
2025-08-23 16:45:21.411 T:4326 debug : CVideoPlayerVideo::OutputPicture - ttd:351ms pts:41.541 Clock:41.189 Level:5
2025-08-23 16:45:21.420 T:4091 debug : PrepareNextRender: frameOnScreen: 41.198 renderPts: 41.355 nextFramePts: 41.333 -> diff: 0.022 render: 1 forceNext: 0
2025-08-23 16:45:21.420 T:4091 debug : CAMLCodec::ReleaseFrame idx:991, drop:0
2025-08-23 16:45:21.421 T:4326 debug : CAMLCodec::AddData: dl:839168 fl:5255680 sz:278343(278464) lv:13.8% dts:41.708 pts:42.000
2025-08-23 16:45:21.428 T:4323 debug : CVideoPlayer::ProcessVideoData size:237168 dts:49.508 pts:49.675 dur:41.000ms, clock:41.206 level:97
2025-08-23 16:45:21.451 T:4091 debug : CAMLCodec::PollFrame elapsed:30.579ms
2025-08-23 16:45:21.452 T:4326 debug : CAMLCodec::DequeueBuffer: pts:41.583 idx:997
2025-08-23 16:45:21.452 T:4326 debug : CAMLCodec::GetPicture: index: 997, pts: 41.583, dur:42.000ms ar:1.78 elf:40ms
2025-08-23 16:45:21.452 T:4326 debug : CVideoPlayerVideo::OutputPicture - ttd:352ms pts:41.583 Clock:41.230 Level:5
2025-08-23 16:45:21.460 T:4091 debug : PrepareNextRender: frameOnScreen: 41.238 renderPts: 41.395 nextFramePts: 41.375 -> diff: 0.020 render: 1 forceNext: 0
2025-08-23 16:45:21.460 T:4091 debug : CAMLCodec::ReleaseFrame idx:992, drop:0
2025-08-23 16:45:21.492 T:4091 debug : CAMLCodec::PollFrame elapsed:32.429ms
2025-08-23 16:45:21.494 T:4326 debug : CAMLCodec::DequeueBuffer: pts:41.625 idx:998
2025-08-23 16:45:21.494 T:4326 debug : CAMLCodec::GetPicture: index: 998, pts: 41.625, dur:42.000ms ar:1.78 elf:42ms
2025-08-23 16:45:21.494 T:4326 debug : CVideoPlayerVideo::OutputPicture - ttd:352ms pts:41.625 Clock:41.272 Level:5
2025-08-23 16:45:21.496 T:4326 debug : CAMLCodec::DequeueBuffer: pts:41.667 idx:999
2025-08-23 16:45:21.496 T:4326 debug : CAMLCodec::GetPicture: index: 999, pts: 41.667, dur:42.000ms ar:1.78 elf:1ms
2025-08-23 16:45:21.496 T:4326 debug : CVideoPlayerVideo::OutputPicture - ttd:393ms pts:41.667 Clock:41.274 Level:6
2025-08-23 16:45:21.497 T:4326 debug : CAMLCodec::DequeueBuffer: pts:41.708 idx:1000
2025-08-23 16:45:21.497 T:4326 debug : CAMLCodec::GetPicture: index: 1000, pts: 41.708, dur:41.000ms ar:1.78 elf:1ms
2025-08-23 16:45:21.500 T:4327 debug : CVideoPlayerAudio::OutputPacket: pts:42.075 curr_pts:41.254 clock:41.278 level:96
2025-08-23 16:45:21.503 T:4091 debug : PrepareNextRender: frameOnScreen: 41.281 renderPts: 41.438 nextFramePts: 41.416 -> diff: 0.022 render: 1 forceNext: 0
2025-08-23 16:45:21.503 T:4326 debug : CVideoPlayerVideo::OutputPicture - ttd:432ms pts:41.708 Clock:41.275 Level:6
2025-08-23 16:45:21.503 T:4091 debug : CAMLCodec::ReleaseFrame idx:993, drop:0
2025-08-23 16:45:21.504 T:4326 debug : CAMLCodec::DequeueBuffer: pts:41.750 idx:1001
2025-08-23 16:45:21.504 T:4326 debug : CAMLCodec::GetPicture: index: 1001, pts: 41.750, dur:42.000ms ar:1.78 elf:6ms
2025-08-23 16:45:21.534 T:4091 debug : CAMLCodec::PollFrame elapsed:31.114ms
2025-08-23 16:45:21.541 T:4091 debug : PrepareNextRender: frameOnScreen: 41.319 renderPts: 41.479 nextFramePts: 41.458 -> diff: 0.021 render: 1 forceNext: 0
2025-08-23 16:45:21.542 T:4326 debug : CVideoPlayerVideo::OutputPicture - ttd:467ms pts:41.750 Clock:41.282 Level:6
2025-08-23 16:45:21.542 T:4091 debug : CAMLCodec::ReleaseFrame idx:994, drop:0
2025-08-23 16:45:21.545 T:4326 debug : CAMLCodec::AddData: dl:211776 fl:5883072 sz:211659(211776) lv:3.5% dts:41.750 pts:41.917
2025-08-23 16:45:21.548 T:4326 debug : CAMLCodec::AddData: dl:405056 fl:5689792 sz:193210(193280) lv:6.6% dts:41.792 pts:41.875
2025-08-23 16:45:21.550 T:4323 debug : CVideoPlayer::ProcessVideoData size:217574 dts:49.549 pts:49.633 dur:41.000ms, clock:41.328 level:96
2025-08-23 16:45:21.551 T:4323 debug : CVideoPlayer::ProcessVideoData size:172236 dts:49.591 pts:49.591 dur:41.000ms, clock:41.329 level:96
2025-08-23 16:45:21.551 T:4323 debug : CVideoPlayer::ProcessVideoData size:167759 dts:49.633 pts:49.716 dur:41.000ms, clock:41.329 level:97
2025-08-23 16:45:21.552 T:4326 debug : CAMLCodec::AddData: dl:557824 fl:5537024 sz:152703(152768) lv:9.2% dts:41.833 pts:41.833
2025-08-23 16:45:21.555 T:4326 debug : CAMLCodec::AddData: dl:712256 fl:5382592 sz:154360(154432) lv:11.7% dts:41.875 pts:41.959
2025-08-23 16:45:21.564 T:4323 debug : CVideoPlayer::ProcessVideoData size:416888 dts:49.675 pts:49.800 dur:41.000ms, clock:41.343 level:97
2025-08-23 16:45:21.576 T:4091 debug : CAMLCodec::PollFrame elapsed:33.985ms
2025-08-23 16:45:21.589 T:4326 debug : CAMLCodec::AddData: dl:790208 fl:5304640 sz:289620(289728) lv:13.0% dts:41.917 pts:42.209
2025-08-23 16:45:21.590 T:4091 debug : PrepareNextRender: frameOnScreen: 41.368 renderPts: 41.527 nextFramePts: 41.500 -> diff: 0.027 render: 1 forceNext: 0
2025-08-23 16:45:21.590 T:4091 debug : CAMLCodec::ReleaseFrame idx:995, drop:0
2025-08-23 16:45:21.598 T:4323 debug : CVideoPlayer::ProcessAudioData size:9159 dts:49.876 pts:49.876 dur:92.000ms, clock:41.376 drop:0 level:96
2025-08-23 16:45:21.598 T:4323 debug : CVideoPlayer::ProcessAudioData size:8448 dts:49.968 pts:49.968 dur:92.000ms, clock:41.376 drop:0 level:97
2025-08-23 16:45:21.599 T:4327 debug : CVideoPlayerAudio::OutputPacket: pts:42.167 curr_pts:41.355 clock:41.377 level:97
2025-08-23 16:45:21.603 T:4323 debug : CVideoPlayer::ProcessVideoData size:288423 dts:49.716 pts:50.008 dur:41.000ms, clock:41.381 level:97
2025-08-23 16:45:21.617 T:4091 debug : CAMLCodec::PollFrame elapsed:27.438ms
2025-08-23 16:45:21.624 T:4091 debug : PrepareNextRender: frameOnScreen: 41.402 renderPts: 41.562 nextFramePts: 41.541 -> diff: 0.021 render: 1 forceNext: 0
2025-08-23 16:45:21.624 T:4091 debug : CAMLCodec::ReleaseFrame idx:996, drop:0
2025-08-23 16:45:21.630 T:4326 debug : CAMLCodec::AddData: dl:816704 fl:5278144 sz:219676(219776) lv:13.4% dts:41.959 pts:42.125
2025-08-23 16:45:21.659 T:4091 debug : CAMLCodec::PollFrame elapsed:34.843ms
2025-08-23 16:45:21.662 T:4326 debug : CAMLCodec::DequeueBuffer: pts:41.792 idx:1002
2025-08-23 16:45:21.662 T:4326 debug : CAMLCodec::GetPicture: index: 1002, pts: 41.792, dur:42.000ms ar:1.78 elf:158ms
2025-08-23 16:45:21.662 T:4326 debug : CVideoPlayerVideo::OutputPicture - ttd:351ms pts:41.792 Clock:41.440 Level:5
2025-08-23 16:45:21.666 T:4091 debug : PrepareNextRender: frameOnScreen: 41.444 renderPts: 41.603 nextFramePts: 41.583 -> diff: 0.020 render: 1 forceNext: 0
2025-08-23 16:45:21.666 T:4091 debug : CAMLCodec::ReleaseFrame idx:997, drop:0
2025-08-23 16:45:21.699 T:4327 debug : CVideoPlayerAudio::OutputPacket: pts:42.260 curr_pts:41.454 clock:41.478 level:96
2025-08-23 16:45:21.701 T:4091 debug : CAMLCodec::PollFrame elapsed:35.175ms
2025-08-23 16:45:21.702 T:4326 debug : CAMLCodec::DequeueBuffer: pts:41.833 idx:1003
2025-08-23 16:45:21.702 T:4326 debug : CAMLCodec::GetPicture: index: 1003, pts: 41.833, dur:41.000ms ar:1.78 elf:39ms
2025-08-23 16:45:21.702 T:4326 debug : CVideoPlayerVideo::OutputPicture - ttd:353ms pts:41.833 Clock:41.480 Level:5
2025-08-23 16:45:21.707 T:4091 debug : PrepareNextRender: frameOnScreen: 41.485 renderPts: 41.645 nextFramePts: 41.625 -> diff: 0.020 render: 1 forceNext: 0
2025-08-23 16:45:21.707 T:4091 debug : CAMLCodec::ReleaseFrame idx:998, drop:0
2025-08-23 16:45:21.712 T:4326 debug : CAMLCodec::AddData: dl:709440 fl:5385408 sz:199862(199936) lv:11.6% dts:42.000 pts:42.084
2025-08-23 16:45:21.715 T:4323 debug : CVideoPlayer::ProcessVideoData size:214633 dts:49.758 pts:49.925 dur:41.000ms, clock:41.493 level:96
2025-08-23 16:45:21.743 T:4091 debug : CAMLCodec::PollFrame elapsed:35.114ms
2025-08-23 16:45:21.744 T:4326 debug : CAMLCodec::DequeueBuffer: pts:41.875 idx:1004
2025-08-23 16:45:21.744 T:4326 debug : CAMLCodec::GetPicture: index: 1004, pts: 41.875, dur:42.000ms ar:1.78 elf:41ms
2025-08-23 16:45:21.744 T:4326 debug : CVideoPlayerVideo::OutputPicture - ttd:352ms pts:41.875 Clock:41.522 Level:5
2025-08-23 16:45:21.751 T:4091 debug : PrepareNextRender: frameOnScreen: 41.529 renderPts: 41.688 nextFramePts: 41.667 -> diff: 0.021 render: 1 forceNext: 0
2025-08-23 16:45:21.751 T:4091 debug : CAMLCodec::ReleaseFrame idx:999, drop:0
2025-08-23 16:45:21.754 T:4326 debug : CAMLCodec::AddData: dl:579136 fl:5515712 sz:159303(159424) lv:9.5% dts:42.042 pts:42.042
2025-08-23 16:45:21.756 T:4323 debug : CVideoPlayer::ProcessVideoData size:197652 dts:49.800 pts:49.883 dur:41.000ms, clock:41.534 level:96
2025-08-23 16:45:21.756 T:4326 debug : CAMLCodec::AddData: dl:738624 fl:5356224 sz:159400(159488) lv:12.1% dts:42.084 pts:42.167
2025-08-23 16:45:21.757 T:4323 debug : CVideoPlayer::ProcessVideoData size:153442 dts:49.841 pts:49.841 dur:41.000ms, clock:41.535 level:96
2025-08-23 16:45:21.784 T:4091 debug : CAMLCodec::PollFrame elapsed:33.281ms
2025-08-23 16:45:21.786 T:4326 debug : CAMLCodec::DequeueBuffer: pts:41.917 idx:1005
2025-08-23 16:45:21.786 T:4326 debug : CAMLCodec::GetPicture: index: 1005, pts: 41.917, dur:42.000ms ar:1.78 elf:41ms
2025-08-23 16:45:21.786 T:4326 debug : CVideoPlayerVideo::OutputPicture - ttd:353ms pts:41.917 Clock:41.564 Level:5
2025-08-23 16:45:21.794 T:4091 debug : PrepareNextRender: frameOnScreen: 41.572 renderPts: 41.731 nextFramePts: 41.708 -> diff: 0.023 render: 1 forceNext: 0
2025-08-23 16:45:21.794 T:4091 debug : CAMLCodec::ReleaseFrame idx:1000, drop:0
2025-08-23 16:45:21.796 T:4326 debug : CAMLCodec::AddData: dl:812160 fl:5282688 sz:293185(293312) lv:13.3% dts:42.125 pts:42.417
2025-08-23 16:45:21.799 T:4323 debug : CVideoPlayer::ProcessVideoData size:155946 dts:49.883 pts:49.967 dur:41.000ms, clock:41.577 level:96
2025-08-23 16:45:21.800 T:4323 debug : CVideoPlayer::ProcessAudioData size:9510 dts:50.062 pts:50.062 dur:92.000ms, clock:41.578 drop:0 level:96
2025-08-23 16:45:21.801 T:4323 debug : CVideoPlayer::ProcessAudioData size:9431 dts:50.154 pts:50.154 dur:92.000ms, clock:41.579 drop:0 level:97
2025-08-23 16:45:21.801 T:4323 debug : CVideoPlayer::ProcessAudioData size:9133 dts:50.247 pts:50.247 dur:92.000ms, clock:41.579 drop:0 level:98
2025-08-23 16:45:21.801 T:4323 debug : CVideoPlayer::ProcessAudioData size:8374 dts:50.340 pts:50.340 dur:92.000ms, clock:41.579 drop:0 level:99
2025-08-23 16:45:21.805 T:4327 debug : CVideoPlayerAudio::OutputPacket: pts:42.353 curr_pts:41.559 clock:41.583 level:99
2025-08-23 16:45:21.807 T:4323 debug : CVideoPlayer::ProcessVideoData size:296997 dts:49.925 pts:50.217 dur:41.000ms, clock:41.585 level:97
2025-08-23 16:45:21.826 T:4091 debug : CAMLCodec::PollFrame elapsed:31.787ms
2025-08-23 16:45:21.827 T:4326 debug : CAMLCodec::DequeueBuffer: pts:41.959 idx:1006
2025-08-23 16:45:21.827 T:4326 debug : CAMLCodec::GetPicture: index: 1006, pts: 41.959, dur:42.000ms ar:1.78 elf:41ms
2025-08-23 16:45:21.827 T:4326 debug : CVideoPlayerVideo::OutputPicture - ttd:353ms pts:41.959 Clock:41.605 Level:5
2025-08-23 16:45:21.837 T:4091 debug : PrepareNextRender: frameOnScreen: 41.615 renderPts: 41.774 nextFramePts: 41.750 -> diff: 0.024 render: 1 forceNext: 0
2025-08-23 16:45:21.837 T:4091 debug : CAMLCodec::ReleaseFrame idx:1001, drop:0
2025-08-23 16:45:21.849 T:4327 debug : CVideoPlayerAudio::OutputPacket: pts:42.446 curr_pts:41.603 clock:41.627 level:98
2025-08-23 16:45:21.868 T:4091 debug : CAMLCodec::PollFrame elapsed:30.845ms
2025-08-23 16:45:21.869 T:4326 debug : CAMLCodec::DequeueBuffer: pts:42.000 idx:1007
2025-08-23 16:45:21.869 T:4326 debug : CAMLCodec::GetPicture: index: 1007, pts: 42.000, dur:41.000ms ar:1.78 elf:42ms
2025-08-23 16:45:21.870 T:4326 debug : CVideoPlayerVideo::OutputPicture - ttd:352ms pts:42.000 Clock:41.648 Level:5
2025-08-23 16:45:21.876 T:4091 debug : PrepareNextRender: frameOnScreen: 41.654 renderPts: 41.813 nextFramePts: 41.792 -> diff: 0.021 render: 1 forceNext: 0
2025-08-23 16:45:21.876 T:4091 debug : CAMLCodec::ReleaseFrame idx:1002, drop:0
2025-08-23 16:45:21.879 T:4326 debug : CAMLCodec::AddData: dl:676160 fl:5418688 sz:223279(223360) lv:11.1% dts:42.167 pts:42.334
2025-08-23 16:45:21.909 T:4091 debug : CAMLCodec::PollFrame elapsed:33.126ms
2025-08-23 16:45:21.911 T:4326 debug : CAMLCodec::DequeueBuffer: pts:42.042 idx:1008
2025-08-23 16:45:21.911 T:4326 debug : CAMLCodec::GetPicture: index: 1008, pts: 42.042, dur:42.000ms ar:1.78 elf:41ms
2025-08-23 16:45:21.911 T:4326 debug : CVideoPlayerVideo::OutputPicture - ttd:352ms pts:42.042 Clock:41.689 Level:5
2025-08-23 16:45:21.918 T:4091 debug : PrepareNextRender: frameOnScreen: 41.696 renderPts: 41.855 nextFramePts: 41.833 -> diff: 0.022 render: 1 forceNext: 0
2025-08-23 16:45:21.919 T:4323 debug : CVideoPlayer::ProcessVideoData size:223162 dts:49.967 pts:50.133 dur:41.000ms, clock:41.697 level:96
2025-08-23 16:45:21.920 T:4091 debug : CAMLCodec::ReleaseFrame idx:1003, drop:0
2025-08-23 16:45:21.920 T:4326 debug : CAMLCodec::AddData: dl:723328 fl:5371520 sz:206583(206656) lv:11.9% dts:42.209 pts:42.292
2025-08-23 16:45:21.949 T:4327 debug : CVideoPlayerAudio::OutputPacket: pts:42.538 curr_pts:41.704 clock:41.727 level:97
2025-08-23 16:45:21.951 T:4091 debug : CAMLCodec::PollFrame elapsed:31.260ms
2025-08-23 16:45:21.954 T:4326 debug : CAMLCodec::DequeueBuffer: pts:42.084 idx:1009
2025-08-23 16:45:21.954 T:4326 debug : CAMLCodec::GetPicture: index: 1009, pts: 42.084, dur:42.000ms ar:1.78 elf:42ms
2025-08-23 16:45:21.954 T:4326 debug : CVideoPlayerVideo::OutputPicture - ttd:351ms pts:42.084 Clock:41.732 Level:5
2025-08-23 16:45:21.959 T:4091 debug : PrepareNextRender: frameOnScreen: 41.737 renderPts: 41.896 nextFramePts: 41.875 -> diff: 0.021 render: 1 forceNext: 0
2025-08-23 16:45:21.959 T:4091 debug : CAMLCodec::ReleaseFrame idx:1004, drop:0
2025-08-23 16:45:21.963 T:4326 debug : CAMLCodec::AddData: dl:593408 fl:5501440 sz:163319(163392) lv:9.7% dts:42.251 pts:42.251
2025-08-23 16:45:21.966 T:4326 debug : CAMLCodec::AddData: dl:757760 fl:5337088 sz:164242(164352) lv:12.4% dts:42.292 pts:42.376
2025-08-23 16:45:21.971 T:4323 debug : CVideoPlayer::ProcessVideoData size:202409 dts:50.008 pts:50.092 dur:41.000ms, clock:41.749 level:96
2025-08-23 16:45:21.971 T:4323 debug : CVideoPlayer::ProcessVideoData size:157890 dts:50.050 pts:50.050 dur:41.000ms, clock:41.749 level:96
2025-08-23 16:45:21.993 T:4091 debug : CAMLCodec::PollFrame elapsed:33.769ms
2025-08-23 16:45:21.995 T:4326 debug : CAMLCodec::DequeueBuffer: pts:42.125 idx:1010
2025-08-23 16:45:21.996 T:4326 debug : CAMLCodec::GetPicture: index: 1010, pts: 42.125, dur:41.000ms ar:1.78 elf:41ms
2025-08-23 16:45:21.996 T:4326 debug : CVideoPlayerVideo::OutputPicture - ttd:351ms pts:42.125 Clock:41.774 Level:5
2025-08-23 16:45:22.006 T:4326 debug : CAMLCodec::AddData: dl:837568 fl:5257280 sz:303096(303168) lv:13.7% dts:42.334 pts:42.626
2025-08-23 16:45:22.006 T:4091 debug : PrepareNextRender: frameOnScreen: 41.784 renderPts: 41.944 nextFramePts: 41.917 -> diff: 0.027 render: 1 forceNext: 0
2025-08-23 16:45:22.006 T:4091 debug : CAMLCodec::ReleaseFrame idx:1005, drop:0
2025-08-23 16:45:22.013 T:4323 debug : CVideoPlayer::ProcessVideoData size:161857 dts:50.092 pts:50.175 dur:41.000ms, clock:41.791 level:96
2025-08-23 16:45:22.020 T:4323 debug : CVideoPlayer::ProcessVideoData size:309656 dts:50.133 pts:50.425 dur:41.000ms, clock:41.798 level:97
2025-08-23 16:45:22.035 T:4091 debug : CAMLCodec::PollFrame elapsed:28.126ms
2025-08-23 16:45:22.036 T:4326 debug : CAMLCodec::DequeueBuffer: pts:42.167 idx:1011
2025-08-23 16:45:22.036 T:4326 debug : CAMLCodec::GetPicture: index: 1011, pts: 42.167, dur:42.000ms ar:1.78 elf:40ms
2025-08-23 16:45:22.037 T:4326 debug : CVideoPlayerVideo::OutputPicture - ttd:352ms pts:42.167 Clock:41.815 Level:5
2025-08-23 16:45:22.042 T:4091 debug : PrepareNextRender: frameOnScreen: 41.820 renderPts: 41.979 nextFramePts: 41.959 -> diff: 0.020 render: 1 forceNext: 0
2025-08-23 16:45:22.042 T:4091 debug : CAMLCodec::ReleaseFrame idx:1006, drop:0
2025-08-23 16:45:22.049 T:4327 debug : CVideoPlayerAudio::OutputPacket: pts:42.632 curr_pts:41.803 clock:41.827 level:96
2025-08-23 16:45:22.076 T:4091 debug : CAMLCodec::PollFrame elapsed:34.108ms
2025-08-23 16:45:22.078 T:4326 debug : CAMLCodec::DequeueBuffer: pts:42.209 idx:1012
2025-08-23 16:45:22.078 T:4326 debug : CAMLCodec::GetPicture: index: 1012, pts: 42.209, dur:42.000ms ar:1.78 elf:41ms
2025-08-23 16:45:22.078 T:4326 debug : CVideoPlayerVideo::OutputPicture - ttd:353ms pts:42.209 Clock:41.856 Level:5
2025-08-23 16:45:22.084 T:4091 debug : PrepareNextRender: frameOnScreen: 41.862 renderPts: 42.021 nextFramePts: 42.000 -> diff: 0.021 render: 1 forceNext: 0
2025-08-23 16:45:22.084 T:4091 debug : CAMLCodec::ReleaseFrame idx:1007, drop:0
2025-08-23 16:45:22.088 T:4326 debug : CAMLCodec::AddData: dl:698560 fl:5396288 sz:230942(231040) lv:11.5% dts:42.376 pts:42.542
2025-08-23 16:45:22.118 T:4091 debug : CAMLCodec::PollFrame elapsed:33.891ms
2025-08-23 16:45:22.120 T:4326 debug : CAMLCodec::DequeueBuffer: pts:42.251 idx:1013
2025-08-23 16:45:22.120 T:4326 debug : CAMLCodec::GetPicture: index: 1013, pts: 42.251, dur:42.000ms ar:1.78 elf:42ms
2025-08-23 16:45:22.120 T:4326 debug : CVideoPlayerVideo::OutputPicture - ttd:352ms pts:42.251 Clock:41.898 Level:5
2025-08-23 16:45:22.125 T:4091 debug : PrepareNextRender: frameOnScreen: 41.903 renderPts: 42.062 nextFramePts: 42.042 -> diff: 0.020 render: 1 forceNext: 0
2025-08-23 16:45:22.125 T:4091 debug : CAMLCodec::ReleaseFrame idx:1008, drop:0
2025-08-23 16:45:22.130 T:4326 debug : CAMLCodec::AddData: dl:745088 fl:5349760 sz:210809(210880) lv:12.2% dts:42.417 pts:42.501
2025-08-23 16:45:22.133 T:4323 debug : CVideoPlayer::ProcessVideoData size:231704 dts:50.175 pts:50.342 dur:41.000ms, clock:41.911 level:96
2025-08-23 16:45:22.149 T:4327 debug : CVideoPlayerAudio::OutputPacket: pts:42.724 curr_pts:41.904 clock:41.927 level:95
2025-08-23 16:45:22.160 T:4091 debug : CAMLCodec::PollFrame elapsed:34.267ms
2025-08-23 16:45:22.162 T:4326 debug : CAMLCodec::DequeueBuffer: pts:42.292 idx:1014
2025-08-23 16:45:22.162 T:4326 debug : CAMLCodec::GetPicture: index: 1014, pts: 42.292, dur:41.000ms ar:1.78 elf:41ms
2025-08-23 16:45:22.162 T:4326 debug : CVideoPlayerVideo::OutputPicture - ttd:352ms pts:42.292 Clock:41.940 Level:5
2025-08-23 16:45:22.168 T:4091 debug : PrepareNextRender: frameOnScreen: 41.946 renderPts: 42.105 nextFramePts: 42.084 -> diff: 0.021 render: 1 forceNext: 0
2025-08-23 16:45:22.168 T:4091 debug : CAMLCodec::ReleaseFrame idx:1009, drop:0
2025-08-23 16:45:22.171 T:4326 debug : CAMLCodec::AddData: dl:608704 fl:5486144 sz:166659(166784) lv:10.0% dts:42.459 pts:42.459
2025-08-23 16:45:22.174 T:4323 debug : CVideoPlayer::ProcessVideoData size:210688 dts:50.217 pts:50.300 dur:41.000ms, clock:41.952 level:96
2025-08-23 16:45:22.175 T:4323 debug : CVideoPlayer::ProcessVideoData size:161989 dts:50.259 pts:50.259 dur:41.000ms, clock:41.953 level:96
2025-08-23 16:45:22.175 T:4326 debug : CAMLCodec::AddData: dl:777792 fl:5317056 sz:168965(169088) lv:12.8% dts:42.501 pts:42.584
2025-08-23 16:45:22.201 T:4091 debug : CAMLCodec::PollFrame elapsed:33.464ms
2025-08-23 16:45:22.204 T:4326 debug : CAMLCodec::DequeueBuffer: pts:42.334 idx:1015
2025-08-23 16:45:22.205 T:4326 debug : CAMLCodec::GetPicture: index: 1015, pts: 42.334, dur:42.000ms ar:1.78 elf:42ms
2025-08-23 16:45:22.205 T:4326 debug : CVideoPlayerVideo::OutputPicture - ttd:351ms pts:42.334 Clock:41.983 Level:5
2025-08-23 16:45:22.210 T:4091 debug : PrepareNextRender: frameOnScreen: 41.988 renderPts: 42.148 nextFramePts: 42.125 -> diff: 0.023 render: 1 forceNext: 0
2025-08-23 16:45:22.210 T:4091 debug : CAMLCodec::ReleaseFrame idx:1010, drop:0
2025-08-23 16:45:22.214 T:4326 debug : CAMLCodec::AddData: dl:835136 fl:5259712 sz:288264(288384) lv:13.7% dts:42.542 pts:42.751
2025-08-23 16:45:22.217 T:4323 debug : CVideoPlayer::ProcessVideoData size:165732 dts:50.300 pts:50.384 dur:41.000ms, clock:41.994 level:96
2025-08-23 16:45:22.218 T:4323 debug : CVideoPlayer::ProcessAudioData size:9226 dts:50.434 pts:50.434 dur:92.000ms, clock:41.995 drop:0 level:95
2025-08-23 16:45:22.218 T:4323 debug : CVideoPlayer::ProcessAudioData size:9205 dts:50.526 pts:50.526 dur:92.000ms, clock:41.996 drop:0 level:96
2025-08-23 16:45:22.218 T:4323 debug : CVideoPlayer::ProcessAudioData size:9155 dts:50.619 pts:50.619 dur:92.000ms, clock:41.996 drop:0 level:97
2025-08-23 16:45:22.230 T:4323 debug : CVideoPlayer::ProcessVideoData size:324136 dts:50.342 pts:50.634 dur:41.000ms, clock:42.008 level:97
2025-08-23 16:45:22.243 T:4091 debug : CAMLCodec::PollFrame elapsed:32.555ms
2025-08-23 16:45:22.244 T:4326 debug : CAMLCodec::DequeueBuffer: pts:42.376 idx:1016
2025-08-23 16:45:22.245 T:4326 debug : CAMLCodec::GetPicture: index: 1016, pts: 42.376, dur:42.000ms ar:1.78 elf:39ms
2025-08-23 16:45:22.245 T:4326 debug : CVideoPlayerVideo::OutputPicture - ttd:353ms pts:42.376 Clock:42.023 Level:5
2025-08-23 16:45:22.250 T:4327 debug : CVideoPlayerAudio::OutputPacket: pts:42.818 curr_pts:42.004 clock:42.028 level:97
2025-08-23 16:45:22.254 T:4091 debug : PrepareNextRender: frameOnScreen: 42.032 renderPts: 42.191 nextFramePts: 42.167 -> diff: 0.024 render: 1 forceNext: 0
2025-08-23 16:45:22.254 T:4091 debug : CAMLCodec::ReleaseFrame idx:1011, drop:0
2025-08-23 16:45:22.285 T:4091 debug : CAMLCodec::PollFrame elapsed:30.741ms
2025-08-23 16:45:22.287 T:4326 debug : CAMLCodec::DequeueBuffer: pts:42.417 idx:1017
2025-08-23 16:45:22.288 T:4326 debug : CAMLCodec::GetPicture: index: 1017, pts: 42.417, dur:41.000ms ar:1.78 elf:42ms
2025-08-23 16:45:22.288 T:4326 debug : CVideoPlayerVideo::OutputPicture - ttd:351ms pts:42.417 Clock:42.066 Level:5
2025-08-23 16:45:22.293 T:4091 debug : PrepareNextRender: frameOnScreen: 42.071 renderPts: 42.230 nextFramePts: 42.209 -> diff: 0.021 render: 1 forceNext: 0
2025-08-23 16:45:22.293 T:4091 debug : CAMLCodec::ReleaseFrame idx:1012, drop:0
2025-08-23 16:45:22.297 T:4326 debug : CAMLCodec::AddData: dl:666880 fl:5427968 sz:209310(209408) lv:10.9% dts:42.584 pts:42.709
2025-08-23 16:45:22.327 T:4091 debug : CAMLCodec::PollFrame elapsed:33.374ms
2025-08-23 16:45:22.329 T:4326 debug : CAMLCodec::DequeueBuffer: pts:42.459 idx:1018
2025-08-23 16:45:22.329 T:4326 debug : CAMLCodec::GetPicture: index: 1018, pts: 42.459, dur:42.000ms ar:1.78 elf:41ms
2025-08-23 16:45:22.329 T:4326 debug : CVideoPlayerVideo::OutputPicture - ttd:352ms pts:42.459 Clock:42.107 Level:5
2025-08-23 16:45:22.338 T:4091 debug : PrepareNextRender: frameOnScreen: 42.116 renderPts: 42.275 nextFramePts: 42.251 -> diff: 0.024 render: 1 forceNext: 0
2025-08-23 16:45:22.338 T:4091 debug : CAMLCodec::ReleaseFrame idx:1013, drop:0
2025-08-23 16:45:22.339 T:4326 debug : CAMLCodec::AddData: dl:665856 fl:5428992 sz:167948(168064) lv:10.9% dts:42.626 pts:42.668
2025-08-23 16:45:22.342 T:4323 debug : CVideoPlayer::ProcessVideoData size:238812 dts:50.384 pts:50.550 dur:41.000ms, clock:42.120 level:96
2025-08-23 16:45:22.350 T:4327 debug : CVideoPlayerAudio::OutputPacket: pts:42.910 curr_pts:42.105 clock:42.128 level:96
2025-08-23 16:45:22.368 T:4091 debug : CAMLCodec::PollFrame elapsed:30.107ms
2025-08-23 16:45:22.370 T:4326 debug : CAMLCodec::DequeueBuffer: pts:42.501 idx:1019
2025-08-23 16:45:22.370 T:4326 debug : CAMLCodec::GetPicture: index: 1019, pts: 42.501, dur:42.000ms ar:1.78 elf:41ms
2025-08-23 16:45:22.370 T:4326 debug : CVideoPlayerVideo::OutputPicture - ttd:352ms pts:42.501 Clock:42.148 Level:5
2025-08-23 16:45:22.378 T:4091 debug : PrepareNextRender: frameOnScreen: 42.156 renderPts: 42.316 nextFramePts: 42.292 -> diff: 0.024 render: 1 forceNext: 0
2025-08-23 16:45:22.379 T:4091 debug : CAMLCodec::ReleaseFrame idx:1014, drop:0
2025-08-23 16:45:22.380 T:4326 debug : CAMLCodec::AddData: dl:780864 fl:5313984 sz:403318(403392) lv:12.8% dts:42.668 pts:42.793
2025-08-23 16:45:22.384 T:4323 debug : CVideoPlayer::ProcessVideoData size:219498 dts:50.425 pts:50.509 dur:41.000ms, clock:42.162 level:96
2025-08-23 16:45:22.385 T:4323 debug : CVideoPlayer::ProcessVideoData size:171376 dts:50.467 pts:50.467 dur:41.000ms, clock:42.163 level:97
2025-08-23 16:45:22.410 T:4091 debug : CAMLCodec::PollFrame elapsed:31.325ms
2025-08-23 16:45:22.411 T:4326 debug : CAMLCodec::DequeueBuffer: pts:42.542 idx:1020
2025-08-23 16:45:22.411 T:4326 debug : CAMLCodec::GetPicture: index: 1020, pts: 42.542, dur:41.000ms ar:1.78 elf:40ms
2025-08-23 16:45:22.411 T:4326 debug : CVideoPlayerVideo::OutputPicture - ttd:352ms pts:42.542 Clock:42.189 Level:5
2025-08-23 16:45:22.421 T:4091 debug : PrepareNextRender: frameOnScreen: 42.199 renderPts: 42.358 nextFramePts: 42.334 -> diff: 0.024 render: 1 forceNext: 0
2025-08-23 16:45:22.421 T:4091 debug : CAMLCodec::ReleaseFrame idx:1015, drop:0
2025-08-23 16:45:22.421 T:4326 debug : CAMLCodec::AddData: dl:855296 fl:5239552 sz:283737(283840) lv:14.0% dts:42.709 pts:43.001
2025-08-23 16:45:22.426 T:4323 debug : CVideoPlayer::ProcessVideoData size:171421 dts:50.509 pts:50.592 dur:41.000ms, clock:42.204 level:97
2025-08-23 16:45:22.450 T:4327 debug : CVideoPlayerAudio::OutputPacket: pts:43.003 curr_pts:42.204 clock:42.228 level:95
2025-08-23 16:45:22.452 T:4091 debug : CAMLCodec::PollFrame elapsed:30.754ms
2025-08-23 16:45:22.453 T:4326 debug : CAMLCodec::DequeueBuffer: pts:42.584 idx:1021
2025-08-23 16:45:22.454 T:4326 debug : CAMLCodec::GetPicture: index: 1021, pts: 42.584, dur:42.000ms ar:1.78 elf:42ms
2025-08-23 16:45:22.454 T:4326 debug : CVideoPlayerVideo::OutputPicture - ttd:352ms pts:42.584 Clock:42.232 Level:5
2025-08-23 16:45:22.460 T:4091 debug : PrepareNextRender: frameOnScreen: 42.238 renderPts: 42.397 nextFramePts: 42.376 -> diff: 0.021 render: 1 forceNext: 0
2025-08-23 16:45:22.460 T:4091 debug : CAMLCodec::ReleaseFrame idx:1016, drop:0
2025-08-23 16:45:22.493 T:4091 debug : CAMLCodec::PollFrame elapsed:33.147ms
2025-08-23 16:45:22.495 T:4326 debug : CAMLCodec::DequeueBuffer: pts:42.626 idx:1022
2025-08-23 16:45:22.495 T:4326 debug : CAMLCodec::GetPicture: index: 1022, pts: 42.626, dur:42.000ms ar:1.78 elf:41ms
2025-08-23 16:45:22.495 T:4326 debug : CVideoPlayerVideo::OutputPicture - ttd:352ms pts:42.626 Clock:42.273 Level:5
2025-08-23 16:45:22.497 T:4326 debug : CAMLCodec::DequeueBuffer: pts:42.668 idx:1023
2025-08-23 16:45:22.497 T:4326 debug : CAMLCodec::GetPicture: index: 1023, pts: 42.668, dur:42.000ms ar:1.78 elf:1ms
2025-08-23 16:45:22.497 T:4326 debug : CVideoPlayerVideo::OutputPicture - ttd:393ms pts:42.668 Clock:42.275 Level:6
2025-08-23 16:45:22.499 T:4326 debug : CAMLCodec::DequeueBuffer: pts:42.709 idx:1024
2025-08-23 16:45:22.499 T:4326 debug : CAMLCodec::GetPicture: index: 1024, pts: 42.709, dur:41.000ms ar:1.78 elf:1ms
2025-08-23 16:45:22.500 T:4327 debug : CVideoPlayerAudio::OutputPacket: pts:43.095 curr_pts:42.254 clock:42.278 level:93
2025-08-23 16:45:22.503 T:4091 debug : PrepareNextRender: frameOnScreen: 42.281 renderPts: 42.440 nextFramePts: 42.417 -> diff: 0.023 render: 1 forceNext: 0
2025-08-23 16:45:22.503 T:4326 debug : CVideoPlayerVideo::OutputPicture - ttd:432ms pts:42.709 Clock:42.277 Level:6
2025-08-23 16:45:22.503 T:4091 debug : CAMLCodec::ReleaseFrame idx:1017, drop:0
2025-08-23 16:45:22.504 T:4326 debug : CAMLCodec::DequeueBuffer: pts:42.751 idx:1025
2025-08-23 16:45:22.504 T:4326 debug : CAMLCodec::GetPicture: index: 1025, pts: 42.751, dur:42.000ms ar:1.78 elf:5ms
2025-08-23 16:45:22.535 T:4091 debug : CAMLCodec::PollFrame elapsed:32.027ms
2025-08-23 16:45:22.543 T:4091 debug : PrepareNextRender: frameOnScreen: 42.321 renderPts: 42.481 nextFramePts: 42.459 -> diff: 0.022 render: 1 forceNext: 0
2025-08-23 16:45:22.544 T:4326 debug : CVideoPlayerVideo::OutputPicture - ttd:468ms pts:42.751 Clock:42.282 Level:6
2025-08-23 16:45:22.544 T:4091 debug : CAMLCodec::ReleaseFrame idx:1018, drop:0
2025-08-23 16:45:22.549 T:4326 debug : CAMLCodec::AddData: dl:219776 fl:5875072 sz:219697(219776) lv:3.6% dts:42.751 pts:42.918
2025-08-23 16:45:22.551 T:4323 debug : CVideoPlayer::ProcessAudioData size:9253 dts:50.712 pts:50.712 dur:92.000ms, clock:42.329 drop:0 level:93
2025-08-23 16:45:22.553 T:4326 debug : CAMLCodec::AddData: dl:422528 fl:5672320 sz:202683(202752) lv:6.9% dts:42.793 pts:42.876
2025-08-23 16:45:22.555 T:4323 debug : CVideoPlayer::ProcessVideoData size:313481 dts:50.550 pts:50.759 dur:41.000ms, clock:42.333 level:96
2025-08-23 16:45:22.556 T:4326 debug : CAMLCodec::AddData: dl:582656 fl:5512192 sz:160039(160128) lv:9.6% dts:42.834 pts:42.834
2025-08-23 16:45:22.560 T:4323 debug : CVideoPlayer::ProcessVideoData size:219490 dts:50.592 pts:50.717 dur:41.000ms, clock:42.338 level:96
2025-08-23 16:45:22.561 T:4326 debug : CAMLCodec::AddData: dl:746496 fl:5348352 sz:163717(163840) lv:12.2% dts:42.876 pts:42.960
2025-08-23 16:45:22.563 T:4323 debug : CVideoPlayer::ProcessVideoData size:176970 dts:50.634 pts:50.676 dur:41.000ms, clock:42.340 level:96
2025-08-23 16:45:22.571 T:4323 debug : CVideoPlayer::ProcessVideoData size:416868 dts:50.676 pts:50.801 dur:41.000ms, clock:42.349 level:97
2025-08-23 16:45:22.577 T:4091 debug : CAMLCodec::PollFrame elapsed:32.959ms
2025-08-23 16:45:22.588 T:4091 debug : PrepareNextRender: frameOnScreen: 42.366 renderPts: 42.525 nextFramePts: 42.501 -> diff: 0.024 render: 1 forceNext: 0
2025-08-23 16:45:22.588 T:4091 debug : CAMLCodec::ReleaseFrame idx:1019, drop:0
2025-08-23 16:45:22.589 T:4326 debug : CAMLCodec::AddData: dl:812800 fl:5282048 sz:285960(286080) lv:13.3% dts:42.918 pts:43.210
2025-08-23 16:45:22.600 T:4327 debug : CVideoPlayerAudio::OutputPacket: pts:43.188 curr_pts:42.353 clock:42.378 level:93
2025-08-23 16:45:22.619 T:4091 debug : CAMLCodec::PollFrame elapsed:30.583ms
2025-08-23 16:45:22.624 T:4091 debug : PrepareNextRender: frameOnScreen: 42.402 renderPts: 42.561 nextFramePts: 42.542 -> diff: 0.019 render: 1 forceNext: 0
2025-08-23 16:45:22.624 T:4091 debug : CAMLCodec::ReleaseFrame idx:1020, drop:0
2025-08-23 16:45:22.660 T:4091 debug : CAMLCodec::PollFrame elapsed:35.914ms
2025-08-23 16:45:22.663 T:4326 debug : CAMLCodec::DequeueBuffer: pts:42.793 idx:1026
2025-08-23 16:45:22.663 T:4326 debug : CAMLCodec::GetPicture: index: 1026, pts: 42.793, dur:42.000ms ar:1.78 elf:158ms
2025-08-23 16:45:22.663 T:4326 debug : CVideoPlayerVideo::OutputPicture - ttd:352ms pts:42.793 Clock:42.441 Level:5
2025-08-23 16:45:22.668 T:4091 debug : PrepareNextRender: frameOnScreen: 42.446 renderPts: 42.605 nextFramePts: 42.584 -> diff: 0.021 render: 1 forceNext: 0
2025-08-23 16:45:22.668 T:4091 debug : CAMLCodec::ReleaseFrame idx:1021, drop:0
2025-08-23 16:45:22.672 T:4326 debug : CAMLCodec::AddData: dl:674368 fl:5420480 sz:224344(224448) lv:11.1% dts:42.960 pts:43.126
2025-08-23 16:45:22.673 T:4323 debug : CVideoPlayer::ProcessAudioData size:8386 dts:50.805 pts:50.805 dur:92.000ms, clock:42.451 drop:0 level:93
2025-08-23 16:45:22.673 T:4323 debug : CVideoPlayer::ProcessAudioData size:9932 dts:50.897 pts:50.897 dur:92.000ms, clock:42.451 drop:0 level:95
2025-08-23 16:45:22.673 T:4323 debug : CVideoPlayer::ProcessAudioData size:9293 dts:50.990 pts:50.990 dur:92.000ms, clock:42.451 drop:0 level:96
2025-08-23 16:45:22.679 T:4323 debug : CVideoPlayer::ProcessVideoData size:306776 dts:50.717 pts:51.009 dur:41.000ms, clock:42.457 level:96
2025-08-23 16:45:22.699 T:4327 debug : CVideoPlayerAudio::OutputPacket: pts:43.281 curr_pts:42.453 clock:42.477 level:96
2025-08-23 16:45:22.702 T:4091 debug : CAMLCodec::PollFrame elapsed:34.124ms
2025-08-23 16:45:22.705 T:4326 debug : CAMLCodec::DequeueBuffer: pts:42.834 idx:1027
2025-08-23 16:45:22.705 T:4326 debug : CAMLCodec::GetPicture: index: 1027, pts: 42.834, dur:41.000ms ar:1.78 elf:41ms
2025-08-23 16:45:22.705 T:4326 debug : CVideoPlayerVideo::OutputPicture - ttd:351ms pts:42.834 Clock:42.483 Level:5
2025-08-23 16:45:22.710 T:4091 debug : PrepareNextRender: frameOnScreen: 42.488 renderPts: 42.647 nextFramePts: 42.626 -> diff: 0.021 render: 1 forceNext: 0
2025-08-23 16:45:22.710 T:4091 debug : CAMLCodec::ReleaseFrame idx:1022, drop:0
2025-08-23 16:45:22.714 T:4326 debug : CAMLCodec::AddData: dl:718464 fl:5376384 sz:207821(207936) lv:11.8% dts:43.001 pts:43.085
2025-08-23 16:45:22.744 T:4091 debug : CAMLCodec::PollFrame elapsed:33.858ms
2025-08-23 16:45:22.747 T:4326 debug : CAMLCodec::DequeueBuffer: pts:42.876 idx:1028
2025-08-23 16:45:22.747 T:4326 debug : CAMLCodec::GetPicture: index: 1028, pts: 42.876, dur:42.000ms ar:1.78 elf:41ms
2025-08-23 16:45:22.747 T:4326 debug : CVideoPlayerVideo::OutputPicture - ttd:351ms pts:42.876 Clock:42.525 Level:5
2025-08-23 16:45:22.752 T:4091 debug : PrepareNextRender: frameOnScreen: 42.530 renderPts: 42.690 nextFramePts: 42.668 -> diff: 0.022 render: 1 forceNext: 0
2025-08-23 16:45:22.753 T:4091 debug : CAMLCodec::ReleaseFrame idx:1023, drop:0
2025-08-23 16:45:22.756 T:4326 debug : CAMLCodec::AddData: dl:598272 fl:5496576 sz:165804(165888) lv:9.8% dts:43.043 pts:43.043
2025-08-23 16:45:22.758 T:4326 debug : CAMLCodec::AddData: dl:764096 fl:5330752 sz:165711(165824) lv:12.5% dts:43.085 pts:43.168
2025-08-23 16:45:22.761 T:4323 debug : CVideoPlayer::ProcessVideoData size:239955 dts:50.759 pts:50.926 dur:41.000ms, clock:42.539 level:95
2025-08-23 16:45:22.762 T:4323 debug : CVideoPlayer::ProcessVideoData size:214858 dts:50.801 pts:50.884 dur:41.000ms, clock:42.540 level:96
2025-08-23 16:45:22.785 T:4091 debug : CAMLCodec::PollFrame elapsed:32.660ms
2025-08-23 16:45:22.788 T:4326 debug : CAMLCodec::DequeueBuffer: pts:42.918 idx:1029
2025-08-23 16:45:22.788 T:4326 debug : CAMLCodec::GetPicture: index: 1029, pts: 42.918, dur:42.000ms ar:1.78 elf:40ms
2025-08-23 16:45:22.788 T:4326 debug : CVideoPlayerVideo::OutputPicture - ttd:351ms pts:42.918 Clock:42.566 Level:5
2025-08-23 16:45:22.797 T:4091 debug : PrepareNextRender: frameOnScreen: 42.574 renderPts: 42.734 nextFramePts: 42.709 -> diff: 0.025 render: 1 forceNext: 0
2025-08-23 16:45:22.797 T:4091 debug : CAMLCodec::ReleaseFrame idx:1024, drop:0
2025-08-23 16:45:22.798 T:4326 debug : CAMLCodec::AddData: dl:833728 fl:5261120 sz:293960(294080) lv:13.7% dts:43.126 pts:43.418
2025-08-23 16:45:22.800 T:4327 debug : CVideoPlayerAudio::OutputPacket: pts:43.374 curr_pts:42.553 clock:42.577 level:95
2025-08-23 16:45:22.803 T:4323 debug : CVideoPlayer::ProcessVideoData size:170245 dts:50.842 pts:50.842 dur:41.000ms, clock:42.581 level:96
2025-08-23 16:45:22.827 T:4091 debug : CAMLCodec::PollFrame elapsed:30.314ms
2025-08-23 16:45:22.829 T:4326 debug : CAMLCodec::DequeueBuffer: pts:42.960 idx:1030
2025-08-23 16:45:22.829 T:4326 debug : CAMLCodec::GetPicture: index: 1030, pts: 42.960, dur:42.000ms ar:1.78 elf:41ms
2025-08-23 16:45:22.829 T:4326 debug : CVideoPlayerVideo::OutputPicture - ttd:352ms pts:42.960 Clock:42.607 Level:5
2025-08-23 16:45:22.839 T:4091 debug : PrepareNextRender: frameOnScreen: 42.617 renderPts: 42.775 nextFramePts: 42.751 -> diff: 0.024 render: 1 forceNext: 0
2025-08-23 16:45:22.839 T:4091 debug : CAMLCodec::ReleaseFrame idx:1025, drop:0
2025-08-23 16:45:22.869 T:4091 debug : CAMLCodec::PollFrame elapsed:29.974ms
2025-08-23 16:45:22.870 T:4326 debug : CAMLCodec::DequeueBuffer: pts:43.001 idx:1031
2025-08-23 16:45:22.870 T:4326 debug : CAMLCodec::GetPicture: index: 1031, pts: 43.001, dur:41.000ms ar:1.78 elf:40ms
2025-08-23 16:45:22.870 T:4326 debug : CVideoPlayerVideo::OutputPicture - ttd:352ms pts:43.001 Clock:42.648 Level:5
2025-08-23 16:45:22.879 T:4091 debug : PrepareNextRender: frameOnScreen: 42.657 renderPts: 42.814 nextFramePts: 42.793 -> diff: 0.021 render: 1 forceNext: 0
2025-08-23 16:45:22.879 T:4091 debug : CAMLCodec::ReleaseFrame idx:1026, drop:0
2025-08-23 16:45:22.880 T:4326 debug : CAMLCodec::AddData: dl:686336 fl:5408512 sz:226333(226432) lv:11.3% dts:43.168 pts:43.335
2025-08-23 16:45:22.886 T:4323 debug : CVideoPlayer::ProcessVideoData size:175027 dts:50.884 pts:50.968 dur:41.000ms, clock:42.664 level:96
2025-08-23 16:45:22.889 T:4323 debug : CVideoPlayer::ProcessAudioData size:9082 dts:51.084 pts:51.084 dur:92.000ms, clock:42.667 drop:0 level:95
2025-08-23 16:45:22.889 T:4323 debug : CVideoPlayer::ProcessAudioData size:8017 dts:51.176 pts:51.176 dur:92.000ms, clock:42.667 drop:0 level:96
2025-08-23 16:45:22.897 T:4323 debug : CVideoPlayer::ProcessVideoData size:322502 dts:50.926 pts:51.218 dur:41.000ms, clock:42.675 level:96
2025-08-23 16:45:22.901 T:4327 debug : CVideoPlayerAudio::OutputPacket: pts:43.468 curr_pts:42.654 clock:42.679 level:96
2025-08-23 16:45:22.911 T:4091 debug : CAMLCodec::PollFrame elapsed:31.916ms
2025-08-23 16:45:22.912 T:4326 debug : CAMLCodec::DequeueBuffer: pts:43.043 idx:1032
2025-08-23 16:45:22.912 T:4326 debug : CAMLCodec::GetPicture: index: 1032, pts: 43.043, dur:42.000ms ar:1.78 elf:41ms
2025-08-23 16:45:22.913 T:4326 debug : CVideoPlayerVideo::OutputPicture - ttd:352ms pts:43.043 Clock:42.690 Level:5
2025-08-23 16:45:22.921 T:4326 debug : CAMLCodec::AddData: dl:732160 fl:5362688 sz:211544(211648) lv:12.0% dts:43.210 pts:43.293
2025-08-23 16:45:22.924 T:4091 debug : PrepareNextRender: frameOnScreen: 42.702 renderPts: 42.860 nextFramePts: 42.834 -> diff: 0.026 render: 1 forceNext: 0
2025-08-23 16:45:22.924 T:4091 debug : CAMLCodec::ReleaseFrame idx:1027, drop:0
2025-08-23 16:45:22.952 T:4091 debug : CAMLCodec::PollFrame elapsed:27.779ms
2025-08-23 16:45:22.953 T:4326 debug : CAMLCodec::DequeueBuffer: pts:43.085 idx:1033
2025-08-23 16:45:22.953 T:4326 debug : CAMLCodec::GetPicture: index: 1033, pts: 43.085, dur:42.000ms ar:1.78 elf:40ms
2025-08-23 16:45:22.953 T:4326 debug : CVideoPlayerVideo::OutputPicture - ttd:353ms pts:43.085 Clock:42.731 Level:5
2025-08-23 16:45:22.961 T:4091 debug : PrepareNextRender: frameOnScreen: 42.739 renderPts: 42.897 nextFramePts: 42.876 -> diff: 0.021 render: 1 forceNext: 0
2025-08-23 16:45:22.961 T:4091 debug : CAMLCodec::ReleaseFrame idx:1028, drop:0
2025-08-23 16:45:22.964 T:4326 debug : CAMLCodec::AddData: dl:606592 fl:5488256 sz:168421(168512) lv:10.0% dts:43.252 pts:43.252
2025-08-23 16:45:22.967 T:4326 debug : CAMLCodec::AddData: dl:777472 fl:5317376 sz:170767(170880) lv:12.8% dts:43.293 pts:43.377
2025-08-23 16:45:22.970 T:4323 debug : CVideoPlayer::ProcessVideoData size:250759 dts:50.968 pts:51.134 dur:41.000ms, clock:42.747 level:95
2025-08-23 16:45:22.971 T:4323 debug : CVideoPlayer::ProcessVideoData size:229921 dts:51.009 pts:51.093 dur:41.000ms, clock:42.748 level:96
2025-08-23 16:45:22.994 T:4091 debug : CAMLCodec::PollFrame elapsed:32.035ms
2025-08-23 16:45:22.997 T:4326 debug : CAMLCodec::DequeueBuffer: pts:43.126 idx:1034
2025-08-23 16:45:22.997 T:4326 debug : CAMLCodec::GetPicture: index: 1034, pts: 43.126, dur:41.000ms ar:1.78 elf:43ms
2025-08-23 16:45:22.997 T:4326 debug : CVideoPlayerVideo::OutputPicture - ttd:351ms pts:43.126 Clock:42.775 Level:5
2025-08-23 16:45:23.001 T:4327 debug : CVideoPlayerAudio::OutputPacket: pts:43.560 curr_pts:42.755 clock:42.779 level:95
2025-08-23 16:45:23.003 T:4091 debug : PrepareNextRender: frameOnScreen: 42.781 renderPts: 42.939 nextFramePts: 42.918 -> diff: 0.021 render: 1 forceNext: 0
2025-08-23 16:45:23.003 T:4091 debug : CAMLCodec::ReleaseFrame idx:1029, drop:0
2025-08-23 16:45:23.007 T:4326 debug : CAMLCodec::AddData: dl:851712 fl:5243136 sz:300598(300672) lv:14.0% dts:43.335 pts:43.627
2025-08-23 16:45:23.012 T:4323 debug : CVideoPlayer::ProcessVideoData size:178508 dts:51.051 pts:51.051 dur:41.000ms, clock:42.790 level:96
2025-08-23 16:45:23.036 T:4091 debug : CAMLCodec::PollFrame elapsed:32.557ms
2025-08-23 16:45:23.038 T:4326 debug : CAMLCodec::DequeueBuffer: pts:43.168 idx:1035
2025-08-23 16:45:23.038 T:4326 debug : CAMLCodec::GetPicture: index: 1035, pts: 43.168, dur:42.000ms ar:1.78 elf:41ms
2025-08-23 16:45:23.039 T:4326 debug : CVideoPlayerVideo::OutputPicture - ttd:351ms pts:43.168 Clock:42.816 Level:5
2025-08-23 16:45:23.045 T:4091 debug : PrepareNextRender: frameOnScreen: 42.823 renderPts: 42.981 nextFramePts: 42.960 -> diff: 0.021 render: 1 forceNext: 0
2025-08-23 16:45:23.045 T:4091 debug : CAMLCodec::ReleaseFrame idx:1030, drop:0
2025-08-23 16:45:23.077 T:4091 debug : CAMLCodec::PollFrame elapsed:32.389ms
2025-08-23 16:45:23.079 T:4326 debug : CAMLCodec::DequeueBuffer: pts:43.210 idx:1036
2025-08-23 16:45:23.079 T:4326 debug : CAMLCodec::GetPicture: index: 1036, pts: 43.210, dur:42.000ms ar:1.78 elf:40ms
2025-08-23 16:45:23.079 T:4326 debug : CVideoPlayerVideo::OutputPicture - ttd:352ms pts:43.210 Clock:42.857 Level:5
2025-08-23 16:45:23.087 T:4091 debug : PrepareNextRender: frameOnScreen: 42.865 renderPts: 43.023 nextFramePts: 43.001 -> diff: 0.022 render: 1 forceNext: 0
2025-08-23 16:45:23.088 T:4091 debug : CAMLCodec::ReleaseFrame idx:1031, drop:0
2025-08-23 16:45:23.089 T:4326 debug : CAMLCodec::AddData: dl:700544 fl:5394304 sz:228921(228992) lv:11.5% dts:43.377 pts:43.543
2025-08-23 16:45:23.094 T:4323 debug : CVideoPlayer::ProcessVideoData size:183189 dts:51.093 pts:51.176 dur:41.000ms, clock:42.872 level:96
2025-08-23 16:45:23.101 T:4327 debug : CVideoPlayerAudio::OutputPacket: pts:43.654 curr_pts:42.855 clock:42.879 level:93
2025-08-23 16:45:23.119 T:4091 debug : CAMLCodec::PollFrame elapsed:31.525ms
2025-08-23 16:45:23.122 T:4326 debug : CAMLCodec::DequeueBuffer: pts:43.252 idx:1037
2025-08-23 16:45:23.122 T:4326 debug : CAMLCodec::GetPicture: index: 1037, pts: 43.252, dur:42.000ms ar:1.78 elf:42ms
2025-08-23 16:45:23.122 T:4326 debug : CVideoPlayerVideo::OutputPicture - ttd:352ms pts:43.252 Clock:42.900 Level:5
2025-08-23 16:45:23.127 T:4091 debug : PrepareNextRender: frameOnScreen: 42.905 renderPts: 43.063 nextFramePts: 43.043 -> diff: 0.020 render: 1 forceNext: 0
2025-08-23 16:45:23.128 T:4091 debug : CAMLCodec::ReleaseFrame idx:1032, drop:0
2025-08-23 16:45:23.132 T:4326 debug : CAMLCodec::AddData: dl:742976 fl:5351872 sz:213202(213312) lv:12.2% dts:43.418 pts:43.502
2025-08-23 16:45:23.136 T:4323 debug : CVideoPlayer::ProcessAudioData size:9563 dts:51.270 pts:51.270 dur:92.000ms, clock:42.914 drop:0 level:93
2025-08-23 16:45:23.136 T:4323 debug : CVideoPlayer::ProcessAudioData size:9413 dts:51.362 pts:51.362 dur:92.000ms, clock:42.914 drop:0 level:95
2025-08-23 16:45:23.136 T:4323 debug : CVideoPlayer::ProcessAudioData size:9159 dts:51.455 pts:51.455 dur:92.000ms, clock:42.914 drop:0 level:96
2025-08-23 16:45:23.136 T:4323 debug : CVideoPlayer::ProcessAudioData size:8189 dts:51.548 pts:51.548 dur:92.000ms, clock:42.914 drop:0 level:97
2025-08-23 16:45:23.143 T:4323 debug : CVideoPlayer::ProcessVideoData size:340093 dts:51.134 pts:51.426 dur:41.000ms, clock:42.921 level:96
2025-08-23 16:45:23.150 T:4327 debug : CVideoPlayerAudio::OutputPacket: pts:43.746 curr_pts:42.905 clock:42.928 level:97
2025-08-23 16:45:23.161 T:4091 debug : CAMLCodec::PollFrame elapsed:33.239ms
2025-08-23 16:45:23.163 T:4326 debug : CAMLCodec::DequeueBuffer: pts:43.293 idx:1038
2025-08-23 16:45:23.163 T:4326 debug : CAMLCodec::GetPicture: index: 1038, pts: 43.293, dur:41.000ms ar:1.78 elf:41ms
2025-08-23 16:45:23.164 T:4326 debug : CVideoPlayerVideo::OutputPicture - ttd:351ms pts:43.293 Clock:42.941 Level:5
2025-08-23 16:45:23.170 T:4091 debug : PrepareNextRender: frameOnScreen: 42.948 renderPts: 43.106 nextFramePts: 43.085 -> diff: 0.021 render: 1 forceNext: 0
2025-08-23 16:45:23.170 T:4091 debug : CAMLCodec::ReleaseFrame idx:1033, drop:0
2025-08-23 16:45:23.174 T:4326 debug : CAMLCodec::AddData: dl:613056 fl:5481792 sz:170641(170752) lv:10.1% dts:43.460 pts:43.460
2025-08-23 16:45:23.176 T:4323 debug : CVideoPlayer::ProcessVideoData size:263168 dts:51.176 pts:51.343 dur:41.000ms, clock:42.954 level:96
2025-08-23 16:45:23.203 T:4091 debug : CAMLCodec::PollFrame elapsed:32.147ms
2025-08-23 16:45:23.204 T:4326 debug : CAMLCodec::DequeueBuffer: pts:43.335 idx:1039
2025-08-23 16:45:23.204 T:4326 debug : CAMLCodec::GetPicture: index: 1039, pts: 43.335, dur:42.000ms ar:1.78 elf:40ms
2025-08-23 16:45:23.204 T:4326 debug : CVideoPlayerVideo::OutputPicture - ttd:353ms pts:43.335 Clock:42.982 Level:5
2025-08-23 16:45:23.211 T:4091 debug : PrepareNextRender: frameOnScreen: 42.989 renderPts: 43.147 nextFramePts: 43.126 -> diff: 0.021 render: 1 forceNext: 0
2025-08-23 16:45:23.212 T:4091 debug : CAMLCodec::ReleaseFrame idx:1034, drop:0
2025-08-23 16:45:23.214 T:4326 debug : CAMLCodec::AddData: dl:554432 fl:5540416 sz:170244(170368) lv:9.1% dts:43.502 pts:43.585
2025-08-23 16:45:23.217 T:4326 debug : CAMLCodec::AddData: dl:846784 fl:5248064 sz:292239(292352) lv:13.9% dts:43.543 pts:43.752
2025-08-23 16:45:23.218 T:4323 debug : CVideoPlayer::ProcessVideoData size:241204 dts:51.218 pts:51.301 dur:41.000ms, clock:42.995 level:95
2025-08-23 16:45:23.244 T:4091 debug : CAMLCodec::PollFrame elapsed:32.617ms
2025-08-23 16:45:23.245 T:4326 debug : CAMLCodec::DequeueBuffer: pts:43.377 idx:1040
2025-08-23 16:45:23.246 T:4326 debug : CAMLCodec::GetPicture: index: 1040, pts: 43.377, dur:42.000ms ar:1.78 elf:41ms
2025-08-23 16:45:23.246 T:4326 debug : CVideoPlayerVideo::OutputPicture - ttd:353ms pts:43.377 Clock:43.023 Level:5
2025-08-23 16:45:23.250 T:4327 debug : CVideoPlayerAudio::OutputPacket: pts:43.839 curr_pts:43.004 clock:43.028 level:96
2025-08-23 16:45:23.254 T:4091 debug : PrepareNextRender: frameOnScreen: 43.031 renderPts: 43.189 nextFramePts: 43.168 -> diff: 0.021 render: 1 forceNext: 0
2025-08-23 16:45:23.254 T:4091 debug : CAMLCodec::ReleaseFrame idx:1035, drop:0
2025-08-23 16:45:23.286 T:4091 debug : CAMLCodec::PollFrame elapsed:32.167ms
2025-08-23 16:45:23.288 T:4326 debug : CAMLCodec::DequeueBuffer: pts:43.418 idx:1041
2025-08-23 16:45:23.288 T:4326 debug : CAMLCodec::GetPicture: index: 1041, pts: 43.418, dur:41.000ms ar:1.78 elf:42ms
2025-08-23 16:45:23.288 T:4326 debug : CVideoPlayerVideo::OutputPicture - ttd:351ms pts:43.418 Clock:43.066 Level:5
2025-08-23 16:45:23.296 T:4091 debug : PrepareNextRender: frameOnScreen: 43.074 renderPts: 43.231 nextFramePts: 43.210 -> diff: 0.021 render: 1 forceNext: 0
2025-08-23 16:45:23.296 T:4091 debug : CAMLCodec::ReleaseFrame idx:1036, drop:0
2025-08-23 16:45:23.297 T:4326 debug : CAMLCodec::AddData: dl:673600 fl:5421248 sz:210812(210880) lv:11.1% dts:43.585 pts:43.710
2025-08-23 16:45:23.299 T:4323 debug : CVideoPlayer::ProcessVideoData size:192183 dts:51.260 pts:51.260 dur:41.000ms, clock:43.077 level:95
2025-08-23 16:45:23.328 T:4091 debug : CAMLCodec::PollFrame elapsed:31.785ms
2025-08-23 16:45:23.329 T:4326 debug : CAMLCodec::DequeueBuffer: pts:43.460 idx:1042
2025-08-23 16:45:23.329 T:4326 debug : CAMLCodec::GetPicture: index: 1042, pts: 43.460, dur:42.000ms ar:1.78 elf:40ms
2025-08-23 16:45:23.329 T:4326 debug : CVideoPlayerVideo::OutputPicture - ttd:352ms pts:43.460 Clock:43.107 Level:5
2025-08-23 16:45:23.338 T:4091 debug : PrepareNextRender: frameOnScreen: 43.116 renderPts: 43.274 nextFramePts: 43.252 -> diff: 0.022 render: 1 forceNext: 0
2025-08-23 16:45:23.338 T:4091 debug : CAMLCodec::ReleaseFrame idx:1037, drop:0
2025-08-23 16:45:23.340 T:4326 debug : CAMLCodec::AddData: dl:673024 fl:5421824 sz:169675(169792) lv:11.0% dts:43.627 pts:43.669
2025-08-23 16:45:23.341 T:4323 debug : CVideoPlayer::ProcessVideoData size:192334 dts:51.301 pts:51.385 dur:41.000ms, clock:43.119 level:95
2025-08-23 16:45:23.350 T:4327 debug : CVideoPlayerAudio::OutputPacket: pts:43.931 curr_pts:43.104 clock:43.128 level:95
2025-08-23 16:45:23.370 T:4091 debug : CAMLCodec::PollFrame elapsed:31.051ms
2025-08-23 16:45:23.372 T:4326 debug : CAMLCodec::DequeueBuffer: pts:43.502 idx:1043
2025-08-23 16:45:23.372 T:4326 debug : CAMLCodec::GetPicture: index: 1043, pts: 43.502, dur:42.000ms ar:1.78 elf:42ms
2025-08-23 16:45:23.372 T:4326 debug : CVideoPlayerVideo::OutputPicture - ttd:352ms pts:43.502 Clock:43.150 Level:5
2025-08-23 16:45:23.379 T:4091 debug : PrepareNextRender: frameOnScreen: 43.156 renderPts: 43.314 nextFramePts: 43.293 -> diff: 0.021 render: 1 forceNext: 0
2025-08-23 16:45:23.379 T:4091 debug : CAMLCodec::ReleaseFrame idx:1038, drop:0
2025-08-23 16:45:23.385 T:4326 debug : CAMLCodec::AddData: dl:801984 fl:5292864 sz:421228(421312) lv:13.2% dts:43.669 pts:43.794
2025-08-23 16:45:23.388 T:4323 debug : CVideoPlayer::ProcessVideoData size:356912 dts:51.343 pts:51.635 dur:41.000ms, clock:43.166 level:95
2025-08-23 16:45:23.391 T:4323 debug : CVideoPlayer::ProcessVideoData size:271002 dts:51.385 pts:51.551 dur:41.000ms, clock:43.168 level:96
2025-08-23 16:45:23.411 T:4091 debug : CAMLCodec::PollFrame elapsed:31.322ms
2025-08-23 16:45:23.413 T:4326 debug : CAMLCodec::DequeueBuffer: pts:43.543 idx:1044
2025-08-23 16:45:23.413 T:4326 debug : CAMLCodec::GetPicture: index: 1044, pts: 43.543, dur:41.000ms ar:1.78 elf:41ms
