2025-08-23 16:45:19.249 T:4327 debug : CVideoPlayerAudio::OutputPacket: pts:39.845 curr_pts:39.004 clock:39.028 level:98
2025-08-23 16:45:19.253 T:4091 debug : PrepareNextRender: frameOnScreen: 39.031 renderPts: 39.188 nextFramePts: 39.164 -> diff: 0.024 render: 1 forceNext: 0
2025-08-23 16:45:19.253 T:4326 debug : CVideoPlayerVideo::OutputPicture - ttd:433ms pts:39.456 Clock:39.023 Level:6
2025-08-23 16:45:19.253 T:4091 debug : CAMLCodec::ReleaseFrame idx:939, drop:0
2025-08-23 16:45:19.254 T:4326 debug : CAMLCodec::DequeueBuffer: pts:39.498 idx:947
2025-08-23 16:45:19.254 T:4326 debug : CAMLCodec::GetPicture: index: 947, pts: 39.498, dur:42.000ms ar:1.78 elf:9ms
2025-08-23 16:45:19.281 T:4091 debug : CAMLCodec::PollFrame elapsed:28.413ms
2025-08-23 16:45:19.288 T:4091 debug : PrepareNextRender: frameOnScreen: 39.066 renderPts: 39.223 nextFramePts: 39.206 -> diff: 0.017 render: 1 forceNext: 0
2025-08-23 16:45:19.288 T:4326 debug : CVideoPlayerVideo::OutputPicture - ttd:465ms pts:39.498 Clock:39.033 Level:6
2025-08-23 16:45:19.288 T:4091 debug : CAMLCodec::ReleaseFrame idx:940, drop:0
2025-08-23 16:45:19.291 T:4323 debug : CVideoPlayer::ProcessVideoData size:151508 dts:47.589 pts:47.631 dur:41.000ms, clock:39.070 level:100
2025-08-23 16:45:19.292 T:4323 debug : CVideoPlayer::ProcessVideoData size:144920 dts:47.631 pts:47.714 dur:41.000ms, clock:39.071 level:100
2025-08-23 16:45:19.295 T:4323 debug : CVideoPlayer::ProcessVideoData size:402522 dts:47.673 pts:47.798 dur:41.000ms, clock:39.073 level:100
2025-08-23 16:45:19.296 T:4326 debug : CAMLCodec::AddData: dl:511296 fl:5583552 sz:511201(511296) lv:8.4% dts:39.456 pts:39.581
2025-08-23 16:45:19.302 T:4326 debug : CAMLCodec::AddData: dl:1204416 fl:4890432 sz:693015(693120) lv:19.8% dts:39.498 pts:39.790
2025-08-23 16:45:19.307 T:4323 debug : CVideoPlayer::ProcessAudioData size:9710 dts:47.833 pts:47.833 dur:92.000ms, clock:39.086 drop:0 level:98
2025-08-23 16:45:19.307 T:4323 debug : CVideoPlayer::ProcessAudioData size:9291 dts:47.925 pts:47.925 dur:92.000ms, clock:39.086 drop:0 level:99
2025-08-23 16:45:19.307 T:4323 debug : CVideoPlayer::ProcessAudioData size:9784 dts:48.018 pts:48.018 dur:92.000ms, clock:39.086 drop:0 level:100
2025-08-23 16:45:19.312 T:4323 debug : CVideoPlayer::ProcessVideoData size:263770 dts:47.714 pts:48.006 dur:41.000ms, clock:39.090 level:100
2025-08-23 16:45:19.313 T:4323 debug : CVideoPlayer::ProcessVideoData size:196621 dts:47.756 pts:47.923 dur:41.000ms, clock:39.091 level:100
2025-08-23 16:45:19.323 T:4091 debug : CAMLCodec::PollFrame elapsed:35.108ms
2025-08-23 16:45:19.334 T:4091 debug : PrepareNextRender: frameOnScreen: 39.113 renderPts: 39.269 nextFramePts: 39.248 -> diff: 0.021 render: 1 forceNext: 0
2025-08-23 16:45:19.334 T:4091 debug : CAMLCodec::ReleaseFrame idx:941, drop:0
2025-08-23 16:45:19.344 T:4326 debug : CAMLCodec::AddData: dl:588160 fl:5506688 sz:588068(588160) lv:9.7% dts:39.539 pts:39.706
2025-08-23 16:45:19.344 T:4323 debug : CVideoPlayer::ProcessVideoData size:181066 dts:47.798 pts:47.881 dur:41.000ms, clock:39.123 level:100
2025-08-23 16:45:19.349 T:4323 debug : CVideoPlayer::ProcessVideoData size:139963 dts:47.839 pts:47.839 dur:41.000ms, clock:39.127 level:100
2025-08-23 16:45:19.349 T:4326 debug : CAMLCodec::AddData: dl:1144128 fl:4950720 sz:555858(555968) lv:18.8% dts:39.581 pts:39.665
2025-08-23 16:45:19.350 T:4323 debug : CVideoPlayer::ProcessVideoData size:141375 dts:47.881 pts:47.965 dur:41.000ms, clock:39.128 level:100
2025-08-23 16:45:19.350 T:4327 debug : CVideoPlayerAudio::OutputPacket: pts:39.937 curr_pts:39.104 clock:39.128 level:100
2025-08-23 16:45:19.356 T:4323 debug : CVideoPlayer::ProcessAudioData size:9382 dts:48.112 pts:48.112 dur:92.000ms, clock:39.134 drop:0 level:100
2025-08-23 16:45:19.356 T:4323 debug : CVideoPlayer::ProcessAudioData size:9121 dts:48.204 pts:48.204 dur:92.000ms, clock:39.134 drop:0 level:100
2025-08-23 16:45:19.356 T:4323 debug : CVideoPlayer::ProcessAudioData size:8562 dts:48.297 pts:48.297 dur:92.000ms, clock:39.134 drop:0 level:100
2025-08-23 16:45:19.356 T:4323 debug : CVideoPlayer::ProcessAudioData size:7736 dts:48.390 pts:48.390 dur:92.000ms, clock:39.135 drop:0 level:100
2025-08-23 16:45:19.362 T:4323 debug : CVideoPlayer::ProcessVideoData size:271898 dts:47.923 pts:48.215 dur:41.000ms, clock:39.141 level:100
2025-08-23 16:45:19.363 T:4323 debug : CVideoPlayer::ProcessVideoData size:202089 dts:47.965 pts:48.131 dur:41.000ms, clock:39.141 level:100
2025-08-23 16:45:19.363 T:4323 debug : CVideoPlayer::ProcessVideoData size:184002 dts:48.006 pts:48.090 dur:41.000ms, clock:39.142 level:100
2025-08-23 16:45:19.364 T:4323 debug : CVideoPlayer::ProcessVideoData size:143262 dts:48.048 pts:48.048 dur:41.000ms, clock:39.142 level:100
2025-08-23 16:45:19.365 T:4091 debug : CAMLCodec::PollFrame elapsed:30.538ms
2025-08-23 16:45:19.378 T:4091 debug : PrepareNextRender: frameOnScreen: 39.157 renderPts: 39.313 nextFramePts: 39.289 -> diff: 0.024 render: 1 forceNext: 0
2025-08-23 16:45:19.379 T:4091 debug : CAMLCodec::ReleaseFrame idx:942, drop:0
2025-08-23 16:45:19.384 T:4326 debug : CAMLCodec::AddData: dl:1021440 fl:5073408 sz:465367(465472) lv:16.8% dts:39.623 pts:39.623
2025-08-23 16:45:19.384 T:4323 debug : CVideoPlayer::ProcessVideoData size:143895 dts:48.090 pts:48.173 dur:41.000ms, clock:39.163 level:100
2025-08-23 16:45:19.392 T:4323 debug : CVideoPlayer::ProcessVideoData size:283611 dts:48.131 pts:48.423 dur:41.000ms, clock:39.170 level:100
2025-08-23 16:45:19.407 T:4091 debug : CAMLCodec::PollFrame elapsed:27.730ms
2025-08-23 16:45:19.408 T:4326 debug : CAMLCodec::DequeueBuffer: pts:39.539 idx:948
2025-08-23 16:45:19.408 T:4326 debug : CAMLCodec::GetPicture: index: 948, pts: 39.539, dur:41.000ms ar:1.78 elf:153ms
2025-08-23 16:45:19.408 T:4326 debug : CVideoPlayerVideo::OutputPicture - ttd:352ms pts:39.539 Clock:39.187 Level:5
2025-08-23 16:45:19.419 T:4091 debug : PrepareNextRender: frameOnScreen: 39.198 renderPts: 39.354 nextFramePts: 39.331 -> diff: 0.023 render: 1 forceNext: 0
2025-08-23 16:45:19.420 T:4091 debug : CAMLCodec::ReleaseFrame idx:943, drop:0
2025-08-23 16:45:19.424 T:4323 debug : CVideoPlayer::ProcessVideoData size:206377 dts:48.173 pts:48.340 dur:41.000ms, clock:39.202 level:100
2025-08-23 16:45:19.425 T:4323 debug : CVideoPlayer::ProcessVideoData size:189324 dts:48.215 pts:48.298 dur:41.000ms, clock:39.203 level:100
2025-08-23 16:45:19.426 T:4326 debug : CAMLCodec::AddData: dl:901184 fl:5193664 sz:435629(435712) lv:14.8% dts:39.665 pts:39.748
2025-08-23 16:45:19.448 T:4091 debug : CAMLCodec::PollFrame elapsed:28.525ms
2025-08-23 16:45:19.450 T:4327 debug : CVideoPlayerAudio::OutputPacket: pts:40.031 curr_pts:39.204 clock:39.228 level:100
2025-08-23 16:45:19.450 T:4326 debug : CAMLCodec::DequeueBuffer: pts:39.581 idx:949
2025-08-23 16:45:19.450 T:4326 debug : CAMLCodec::GetPicture: index: 949, pts: 39.581, dur:42.000ms ar:1.78 elf:41ms
2025-08-23 16:45:19.450 T:4326 debug : CVideoPlayerVideo::OutputPicture - ttd:352ms pts:39.581 Clock:39.229 Level:5
2025-08-23 16:45:19.464 T:4091 debug : PrepareNextRender: frameOnScreen: 39.242 renderPts: 39.399 nextFramePts: 39.373 -> diff: 0.026 render: 1 forceNext: 0
2025-08-23 16:45:19.464 T:4091 debug : CAMLCodec::ReleaseFrame idx:944, drop:0
2025-08-23 16:45:19.466 T:4323 debug : CVideoPlayer::ProcessVideoData size:148949 dts:48.257 pts:48.257 dur:41.000ms, clock:39.245 level:100
2025-08-23 16:45:19.467 T:4326 debug : CAMLCodec::AddData: dl:896768 fl:5198080 sz:460934(461056) lv:14.7% dts:39.706 pts:39.998
2025-08-23 16:45:19.467 T:4323 debug : CVideoPlayer::ProcessVideoData size:146630 dts:48.298 pts:48.382 dur:41.000ms, clock:39.246 level:100
2025-08-23 16:45:19.471 T:4323 debug : CVideoPlayer::ProcessAudioData size:9470 dts:48.483 pts:48.483 dur:92.000ms, clock:39.250 drop:0 level:100
2025-08-23 16:45:19.472 T:4323 debug : CVideoPlayer::ProcessAudioData size:9059 dts:48.575 pts:48.575 dur:92.000ms, clock:39.250 drop:0 level:100
2025-08-23 16:45:19.479 T:4323 debug : CVideoPlayer::ProcessVideoData size:289018 dts:48.340 pts:48.632 dur:41.000ms, clock:39.257 level:100
2025-08-23 16:45:19.490 T:4091 debug : CAMLCodec::PollFrame elapsed:25.806ms
2025-08-23 16:45:19.492 T:4326 debug : CAMLCodec::DequeueBuffer: pts:39.623 idx:950
2025-08-23 16:45:19.492 T:4326 debug : CAMLCodec::GetPicture: index: 950, pts: 39.623, dur:42.000ms ar:1.78 elf:41ms
2025-08-23 16:45:19.493 T:4326 debug : CVideoPlayerVideo::OutputPicture - ttd:351ms pts:39.623 Clock:39.271 Level:5
2025-08-23 16:45:19.501 T:4091 debug : PrepareNextRender: frameOnScreen: 39.279 renderPts: 39.436 nextFramePts: 39.414 -> diff: 0.022 render: 1 forceNext: 0
2025-08-23 16:45:19.501 T:4091 debug : CAMLCodec::ReleaseFrame idx:945, drop:0
2025-08-23 16:45:19.507 T:4326 debug : CAMLCodec::AddData: dl:918528 fl:5176320 sz:457373(457472) lv:15.1% dts:39.748 pts:39.915
2025-08-23 16:45:19.510 T:4323 debug : CVideoPlayer::ProcessVideoData size:208400 dts:48.382 pts:48.548 dur:41.000ms, clock:39.289 level:100
2025-08-23 16:45:19.511 T:4323 debug : CVideoPlayer::ProcessVideoData size:191158 dts:48.423 pts:48.507 dur:41.000ms, clock:39.290 level:100
2025-08-23 16:45:19.532 T:4091 debug : CAMLCodec::PollFrame elapsed:30.566ms
2025-08-23 16:45:19.533 T:4326 debug : CAMLCodec::DequeueBuffer: pts:39.665 idx:951
2025-08-23 16:45:19.534 T:4326 debug : CAMLCodec::GetPicture: index: 951, pts: 39.665, dur:42.000ms ar:1.78 elf:41ms
2025-08-23 16:45:19.534 T:4326 debug : CVideoPlayerVideo::OutputPicture - ttd:352ms pts:39.665 Clock:39.312 Level:5
2025-08-23 16:45:19.541 T:4091 debug : PrepareNextRender: frameOnScreen: 39.319 renderPts: 39.476 nextFramePts: 39.456 -> diff: 0.020 render: 1 forceNext: 0
2025-08-23 16:45:19.541 T:4091 debug : CAMLCodec::ReleaseFrame idx:946, drop:0
2025-08-23 16:45:19.548 T:4327 debug : CVideoPlayerAudio::OutputPacket: pts:40.124 curr_pts:39.303 clock:39.327 level:100
2025-08-23 16:45:19.549 T:4326 debug : CAMLCodec::AddData: dl:923584 fl:5171264 sz:466004(466112) lv:15.2% dts:39.790 pts:39.873
2025-08-23 16:45:19.552 T:4323 debug : CVideoPlayer::ProcessVideoData size:149714 dts:48.465 pts:48.465 dur:41.000ms, clock:39.331 level:100
2025-08-23 16:45:19.553 T:4323 debug : CVideoPlayer::ProcessVideoData size:148265 dts:48.507 pts:48.590 dur:41.000ms, clock:39.332 level:100
2025-08-23 16:45:19.555 T:4323 debug : CVideoPlayer::ProcessAudioData size:8846 dts:48.669 pts:48.669 dur:92.000ms, clock:39.333 drop:0 level:100
2025-08-23 16:45:19.555 T:4323 debug : CVideoPlayer::ProcessAudioData size:8079 dts:48.761 pts:48.761 dur:92.000ms, clock:39.334 drop:0 level:100
2025-08-23 16:45:19.558 T:4323 debug : CVideoPlayer::ProcessVideoData size:273007 dts:48.548 pts:48.757 dur:41.000ms, clock:39.336 level:100
2025-08-23 16:45:19.574 T:4091 debug : CAMLCodec::PollFrame elapsed:32.608ms
2025-08-23 16:45:19.575 T:4326 debug : CAMLCodec::DequeueBuffer: pts:39.706 idx:952
2025-08-23 16:45:19.575 T:4326 debug : CAMLCodec::GetPicture: index: 952, pts: 39.706, dur:41.000ms ar:1.78 elf:41ms
2025-08-23 16:45:19.575 T:4326 debug : CVideoPlayerVideo::OutputPicture - ttd:352ms pts:39.706 Clock:39.354 Level:5
2025-08-23 16:45:19.589 T:4091 debug : PrepareNextRender: frameOnScreen: 39.367 renderPts: 39.524 nextFramePts: 39.498 -> diff: 0.026 render: 1 forceNext: 0
2025-08-23 16:45:19.589 T:4091 debug : CAMLCodec::ReleaseFrame idx:947, drop:0
2025-08-23 16:45:19.590 T:4323 debug : CVideoPlayer::ProcessVideoData size:187996 dts:48.590 pts:48.715 dur:41.000ms, clock:39.369 level:100
2025-08-23 16:45:19.592 T:4326 debug : CAMLCodec::AddData: dl:855360 fl:5239488 sz:389129(389248) lv:14.0% dts:39.831 pts:39.831
2025-08-23 16:45:19.615 T:4091 debug : CAMLCodec::PollFrame elapsed:26.037ms
2025-08-23 16:45:19.617 T:4326 debug : CAMLCodec::DequeueBuffer: pts:39.748 idx:953
2025-08-23 16:45:19.617 T:4326 debug : CAMLCodec::GetPicture: index: 953, pts: 39.748, dur:42.000ms ar:1.78 elf:41ms
2025-08-23 16:45:19.617 T:4326 debug : CVideoPlayerVideo::OutputPicture - ttd:352ms pts:39.748 Clock:39.396 Level:5
2025-08-23 16:45:19.619 T:4091 debug : PrepareNextRender: frameOnScreen: 39.397 renderPts: 39.554 nextFramePts: 39.539 -> diff: 0.015 render: 1 forceNext: 0
2025-08-23 16:45:19.619 T:4091 debug : CAMLCodec::ReleaseFrame idx:948, drop:0
2025-08-23 16:45:19.631 T:4323 debug : CVideoPlayer::ProcessVideoData size:149255 dts:48.632 pts:48.674 dur:41.000ms, clock:39.410 level:100
2025-08-23 16:45:19.632 T:4326 debug : CAMLCodec::AddData: dl:674688 fl:5420160 sz:285321(285440) lv:11.1% dts:39.873 pts:39.957
2025-08-23 16:45:19.634 T:4323 debug : CVideoPlayer::ProcessVideoData size:400820 dts:48.674 pts:48.799 dur:41.000ms, clock:39.412 level:100
2025-08-23 16:45:19.649 T:4327 debug : CVideoPlayerAudio::OutputPacket: pts:40.216 curr_pts:39.404 clock:39.427 level:100
2025-08-23 16:45:19.657 T:4091 debug : CAMLCodec::PollFrame elapsed:38.247ms
2025-08-23 16:45:19.660 T:4326 debug : CAMLCodec::DequeueBuffer: pts:39.790 idx:954
2025-08-23 16:45:19.660 T:4326 debug : CAMLCodec::GetPicture: index: 954, pts: 39.790, dur:42.000ms ar:1.78 elf:42ms
2025-08-23 16:45:19.660 T:4326 debug : CVideoPlayerVideo::OutputPicture - ttd:351ms pts:39.790 Clock:39.438 Level:5
2025-08-23 16:45:19.666 T:4091 debug : PrepareNextRender: frameOnScreen: 39.444 renderPts: 39.600 nextFramePts: 39.581 -> diff: 0.019 render: 1 forceNext: 0
2025-08-23 16:45:19.666 T:4091 debug : CAMLCodec::ReleaseFrame idx:949, drop:0
2025-08-23 16:45:19.672 T:4326 debug : CAMLCodec::AddData: dl:612416 fl:5482432 sz:326904(326976) lv:10.0% dts:39.915 pts:40.082
2025-08-23 16:45:19.677 T:4323 debug : CVideoPlayer::ProcessAudioData size:9322 dts:48.855 pts:48.855 dur:92.000ms, clock:39.456 drop:0 level:100
2025-08-23 16:45:19.677 T:4323 debug : CVideoPlayer::ProcessAudioData size:9297 dts:48.947 pts:48.947 dur:92.000ms, clock:39.456 drop:0 level:100
2025-08-23 16:45:19.684 T:4323 debug : CVideoPlayer::ProcessVideoData size:268235 dts:48.715 pts:49.007 dur:41.000ms, clock:39.462 level:100
2025-08-23 16:45:19.699 T:4091 debug : CAMLCodec::PollFrame elapsed:33.009ms
2025-08-23 16:45:19.702 T:4326 debug : CAMLCodec::DequeueBuffer: pts:39.831 idx:955
2025-08-23 16:45:19.702 T:4326 debug : CAMLCodec::GetPicture: index: 955, pts: 39.831, dur:41.000ms ar:1.78 elf:42ms
2025-08-23 16:45:19.702 T:4326 debug : CVideoPlayerVideo::OutputPicture - ttd:350ms pts:39.831 Clock:39.481 Level:5
2025-08-23 16:45:19.706 T:4091 debug : PrepareNextRender: frameOnScreen: 39.485 renderPts: 39.641 nextFramePts: 39.623 -> diff: 0.018 render: 1 forceNext: 0
2025-08-23 16:45:19.706 T:4091 debug : CAMLCodec::ReleaseFrame idx:950, drop:0
2025-08-23 16:45:19.713 T:4326 debug : CAMLCodec::AddData: dl:506432 fl:5588416 sz:179331(179456) lv:8.3% dts:39.957 pts:40.040
2025-08-23 16:45:19.715 T:4323 debug : CVideoPlayer::ProcessVideoData size:203975 dts:48.757 pts:48.924 dur:41.000ms, clock:39.493 level:100
2025-08-23 16:45:19.715 T:4326 debug : CAMLCodec::AddData: dl:732480 fl:5362368 sz:225952(226048) lv:12.0% dts:39.998 pts:40.123
2025-08-23 16:45:19.740 T:4091 debug : CAMLCodec::PollFrame elapsed:33.723ms
2025-08-23 16:45:19.742 T:4326 debug : CAMLCodec::DequeueBuffer: pts:39.873 idx:956
2025-08-23 16:45:19.742 T:4326 debug : CAMLCodec::GetPicture: index: 956, pts: 39.873, dur:42.000ms ar:1.78 elf:39ms
2025-08-23 16:45:19.742 T:4326 debug : CVideoPlayerVideo::OutputPicture - ttd:352ms pts:39.873 Clock:39.521 Level:5
2025-08-23 16:45:19.748 T:4327 debug : CVideoPlayerAudio::OutputPacket: pts:40.309 curr_pts:39.503 clock:39.527 level:100
2025-08-23 16:45:19.749 T:4091 debug : PrepareNextRender: frameOnScreen: 39.527 renderPts: 39.684 nextFramePts: 39.665 -> diff: 0.019 render: 1 forceNext: 0
2025-08-23 16:45:19.749 T:4091 debug : CAMLCodec::ReleaseFrame idx:951, drop:0
2025-08-23 16:45:19.751 T:4326 debug : CAMLCodec::AddData: dl:447104 fl:5647744 sz:41504(41600) lv:7.3% dts:40.040 pts:40.332
2025-08-23 16:45:19.752 T:4326 debug : CAMLCodec::AddData: dl:460352 fl:5634496 sz:13146(13248) lv:7.6% dts:40.082 pts:40.249
2025-08-23 16:45:19.752 T:4326 debug : CAMLCodec::AddData: dl:469824 fl:5625024 sz:9398(9472) lv:7.7% dts:40.123 pts:40.207
2025-08-23 16:45:19.752 T:4326 debug : CAMLCodec::AddData: dl:488832 fl:5606016 sz:18907(19008) lv:8.0% dts:40.165 pts:40.165
2025-08-23 16:45:19.752 T:4326 debug : CAMLCodec::AddData: dl:498048 fl:5596800 sz:9133(9216) lv:8.2% dts:40.207 pts:40.290
2025-08-23 16:45:19.754 T:4326 debug : CAMLCodec::AddData: dl:556736 fl:5538112 sz:58608(58688) lv:9.1% dts:40.249 pts:40.540
2025-08-23 16:45:19.754 T:4326 debug : CAMLCodec::AddData: dl:598016 fl:5496832 sz:41208(41280) lv:9.8% dts:40.290 pts:40.457
2025-08-23 16:45:19.754 T:4326 debug : CAMLCodec::AddData: dl:633344 fl:5461504 sz:35259(35328) lv:10.4% dts:40.332 pts:40.415
2025-08-23 16:45:19.757 T:4323 debug : CVideoPlayer::ProcessVideoData size:184250 dts:48.799 pts:48.882 dur:41.000ms, clock:39.535 level:100
2025-08-23 16:45:19.757 T:4323 debug : CVideoPlayer::ProcessVideoData size:142773 dts:48.840 pts:48.840 dur:41.000ms, clock:39.536 level:100
2025-08-23 16:45:19.782 T:4091 debug : CAMLCodec::PollFrame elapsed:32.700ms
2025-08-23 16:45:19.784 T:4326 debug : CAMLCodec::DequeueBuffer: pts:39.915 idx:957
2025-08-23 16:45:19.784 T:4326 debug : CAMLCodec::GetPicture: index: 957, pts: 39.915, dur:42.000ms ar:1.78 elf:41ms
2025-08-23 16:45:19.784 T:4326 debug : CVideoPlayerVideo::OutputPicture - ttd:352ms pts:39.915 Clock:39.562 Level:5
2025-08-23 16:45:19.790 T:4091 debug : PrepareNextRender: frameOnScreen: 39.569 renderPts: 39.725 nextFramePts: 39.706 -> diff: 0.019 render: 1 forceNext: 0
2025-08-23 16:45:19.790 T:4091 debug : CAMLCodec::ReleaseFrame idx:952, drop:0
2025-08-23 16:45:19.792 T:4326 debug : CAMLCodec::AddData: dl:473088 fl:5621760 sz:19087(19200) lv:7.8% dts:40.374 pts:40.374
2025-08-23 16:45:19.792 T:4326 debug : CAMLCodec::AddData: dl:502208 fl:5592640 sz:29034(29120) lv:8.2% dts:40.415 pts:40.499
2025-08-23 16:45:19.792 T:4326 debug : CAMLCodec::AddData: dl:534912 fl:5559936 sz:32591(32704) lv:8.8% dts:40.457 pts:40.749
2025-08-23 16:45:19.792 T:4326 debug : CAMLCodec::AddData: dl:539008 fl:5555840 sz:2989(4096) lv:8.8% dts:40.499 pts:40.666
2025-08-23 16:45:19.792 T:4326 debug : CAMLCodec::AddData: dl:543104 fl:5551744 sz:2546(4096) lv:8.9% dts:40.540 pts:40.624
2025-08-23 16:45:19.792 T:4326 debug : CAMLCodec::AddData: dl:547648 fl:5547200 sz:4461(4544) lv:9.0% dts:40.582 pts:40.582
2025-08-23 16:45:19.792 T:4326 debug : CAMLCodec::AddData: dl:551744 fl:5543104 sz:2855(4096) lv:9.1% dts:40.624 pts:40.707
2025-08-23 16:45:19.793 T:4326 debug : CAMLCodec::AddData: dl:555840 fl:5539008 sz:2599(4096) lv:9.1% dts:40.666 pts:40.791
2025-08-23 16:45:19.795 T:4326 debug : CAMLCodec::AddData: dl:636736 fl:5458112 sz:80793(80896) lv:10.4% dts:40.707 pts:40.999
2025-08-23 16:45:19.798 T:4323 debug : CVideoPlayer::ProcessVideoData size:143940 dts:48.882 pts:48.966 dur:41.000ms, clock:39.577 level:100
2025-08-23 16:45:19.824 T:4091 debug : CAMLCodec::PollFrame elapsed:33.324ms
2025-08-23 16:45:19.826 T:4326 debug : CAMLCodec::DequeueBuffer: pts:39.957 idx:958
2025-08-23 16:45:19.826 T:4326 debug : CAMLCodec::GetPicture: index: 958, pts: 39.957, dur:42.000ms ar:1.78 elf:42ms
2025-08-23 16:45:19.826 T:4326 debug : CVideoPlayerVideo::OutputPicture - ttd:352ms pts:39.957 Clock:39.605 Level:5
2025-08-23 16:45:19.827 T:4326 debug : CAMLCodec::DequeueBuffer: pts:39.998 idx:959
2025-08-23 16:45:19.827 T:4326 debug : CAMLCodec::GetPicture: index: 959, pts: 39.998, dur:41.000ms ar:1.78 elf:1ms
2025-08-23 16:45:19.828 T:4326 debug : CVideoPlayerVideo::OutputPicture - ttd:392ms pts:39.998 Clock:39.606 Level:6
2025-08-23 16:45:19.829 T:4326 debug : CAMLCodec::DequeueBuffer: pts:40.040 idx:960
2025-08-23 16:45:19.829 T:4326 debug : CAMLCodec::GetPicture: index: 960, pts: 40.040, dur:42.000ms ar:1.78 elf:1ms
2025-08-23 16:45:19.832 T:4091 debug : PrepareNextRender: frameOnScreen: 39.610 renderPts: 39.767 nextFramePts: 39.748 -> diff: 0.019 render: 1 forceNext: 0
2025-08-23 16:45:19.832 T:4326 debug : CVideoPlayerVideo::OutputPicture - ttd:432ms pts:40.040 Clock:39.607 Level:6
2025-08-23 16:45:19.832 T:4091 debug : CAMLCodec::ReleaseFrame idx:953, drop:0
2025-08-23 16:45:19.833 T:4326 debug : CAMLCodec::DequeueBuffer: pts:40.082 idx:961
2025-08-23 16:45:19.834 T:4326 debug : CAMLCodec::GetPicture: index: 961, pts: 40.082, dur:42.000ms ar:1.78 elf:4ms
2025-08-23 16:45:19.849 T:4327 debug : CVideoPlayerAudio::OutputPacket: pts:40.402 curr_pts:39.603 clock:39.627 level:100
2025-08-23 16:45:19.865 T:4091 debug : CAMLCodec::PollFrame elapsed:32.907ms
2025-08-23 16:45:19.872 T:4091 debug : PrepareNextRender: frameOnScreen: 39.650 renderPts: 39.807 nextFramePts: 39.790 -> diff: 0.017 render: 1 forceNext: 0
2025-08-23 16:45:19.872 T:4326 debug : CVideoPlayerVideo::OutputPicture - ttd:470ms pts:40.082 Clock:39.612 Level:6
2025-08-23 16:45:19.872 T:4091 debug : CAMLCodec::ReleaseFrame idx:954, drop:0
2025-08-23 16:45:19.873 T:4326 debug : CAMLCodec::AddData: dl:417856 fl:5676992 sz:7049(7168) lv:6.9% dts:40.749 pts:40.916
2025-08-23 16:45:19.874 T:4326 debug : CAMLCodec::AddData: dl:421952 fl:5672896 sz:454(4096) lv:6.9% dts:40.791 pts:40.874
2025-08-23 16:45:19.874 T:4326 debug : CAMLCodec::AddData: dl:426048 fl:5668800 sz:410(4096) lv:7.0% dts:40.832 pts:40.832
2025-08-23 16:45:19.874 T:4326 debug : CAMLCodec::AddData: dl:450816 fl:5644032 sz:24682(24768) lv:7.4% dts:40.874 pts:40.958
2025-08-23 16:45:19.876 T:4326 debug : CAMLCodec::AddData: dl:539264 fl:5555584 sz:88345(88448) lv:8.8% dts:40.916 pts:41.041
2025-08-23 16:45:19.879 T:4326 debug : CAMLCodec::AddData: dl:688832 fl:5406016 sz:191073(191168) lv:11.3% dts:40.958 pts:41.250
2025-08-23 16:45:19.881 T:4323 debug : CVideoPlayer::ProcessAudioData size:9118 dts:49.041 pts:49.041 dur:92.000ms, clock:39.659 drop:0 level:100
2025-08-23 16:45:19.881 T:4323 debug : CVideoPlayer::ProcessAudioData size:8130 dts:49.133 pts:49.133 dur:92.000ms, clock:39.659 drop:0 level:100
2025-08-23 16:45:19.881 T:4323 debug : CVideoPlayer::ProcessAudioData size:9110 dts:49.226 pts:49.226 dur:92.000ms, clock:39.659 drop:0 level:100
2025-08-23 16:45:19.881 T:4323 debug : CVideoPlayer::ProcessAudioData size:9299 dts:49.319 pts:49.319 dur:92.000ms, clock:39.659 drop:0 level:100
2025-08-23 16:45:19.891 T:4323 debug : CVideoPlayer::ProcessVideoData size:308493 dts:48.924 pts:49.216 dur:41.000ms, clock:39.669 level:99
2025-08-23 16:45:19.900 T:4327 debug : CVideoPlayerAudio::OutputPacket: pts:40.495 curr_pts:39.654 clock:39.678 level:100
2025-08-23 16:45:19.907 T:4091 debug : CAMLCodec::PollFrame elapsed:34.626ms
2025-08-23 16:45:19.917 T:4091 debug : PrepareNextRender: frameOnScreen: 39.696 renderPts: 39.852 nextFramePts: 39.831 -> diff: 0.021 render: 1 forceNext: 0
2025-08-23 16:45:19.917 T:4091 debug : CAMLCodec::ReleaseFrame idx:955, drop:0
2025-08-23 16:45:19.949 T:4091 debug : CAMLCodec::PollFrame elapsed:31.893ms
2025-08-23 16:45:19.958 T:4091 debug : PrepareNextRender: frameOnScreen: 39.736 renderPts: 39.893 nextFramePts: 39.873 -> diff: 0.020 render: 1 forceNext: 0
2025-08-23 16:45:19.958 T:4091 debug : CAMLCodec::ReleaseFrame idx:956, drop:0
2025-08-23 16:45:19.991 T:4091 debug : CAMLCodec::PollFrame elapsed:32.452ms
2025-08-23 16:45:19.992 T:4326 debug : CAMLCodec::DequeueBuffer: pts:40.123 idx:962
2025-08-23 16:45:19.992 T:4326 debug : CAMLCodec::GetPicture: index: 962, pts: 40.123, dur:41.000ms ar:1.78 elf:158ms
2025-08-23 16:45:19.992 T:4326 debug : CVideoPlayerVideo::OutputPicture - ttd:352ms pts:40.123 Clock:39.771 Level:5
2025-08-23 16:45:19.999 T:4327 debug : CVideoPlayerAudio::OutputPacket: pts:40.588 curr_pts:39.753 clock:39.777 level:100
2025-08-23 16:45:20.000 T:4091 debug : PrepareNextRender: frameOnScreen: 39.778 renderPts: 39.935 nextFramePts: 39.915 -> diff: 0.020 render: 1 forceNext: 0
2025-08-23 16:45:20.000 T:4091 debug : CAMLCodec::ReleaseFrame idx:957, drop:0
2025-08-23 16:45:20.032 T:4091 debug : CAMLCodec::PollFrame elapsed:32.163ms
2025-08-23 16:45:20.034 T:4326 debug : CAMLCodec::DequeueBuffer: pts:40.165 idx:963
2025-08-23 16:45:20.034 T:4326 debug : CAMLCodec::GetPicture: index: 963, pts: 40.165, dur:42.000ms ar:1.78 elf:41ms
2025-08-23 16:45:20.034 T:4326 debug : CVideoPlayerVideo::OutputPicture - ttd:352ms pts:40.165 Clock:39.812 Level:5
2025-08-23 16:45:20.040 T:4091 debug : PrepareNextRender: frameOnScreen: 39.818 renderPts: 39.975 nextFramePts: 39.957 -> diff: 0.018 render: 1 forceNext: 0
2025-08-23 16:45:20.040 T:4091 debug : CAMLCodec::ReleaseFrame idx:958, drop:0
2025-08-23 16:45:20.074 T:4091 debug : CAMLCodec::PollFrame elapsed:33.694ms
2025-08-23 16:45:20.076 T:4326 debug : CAMLCodec::DequeueBuffer: pts:40.207 idx:964
2025-08-23 16:45:20.076 T:4326 debug : CAMLCodec::GetPicture: index: 964, pts: 40.207, dur:42.000ms ar:1.78 elf:41ms
2025-08-23 16:45:20.076 T:4326 debug : CVideoPlayerVideo::OutputPicture - ttd:352ms pts:40.207 Clock:39.854 Level:5
2025-08-23 16:45:20.081 T:4091 debug : PrepareNextRender: frameOnScreen: 39.860 renderPts: 40.016 nextFramePts: 39.998 -> diff: 0.018 render: 1 forceNext: 0
2025-08-23 16:45:20.082 T:4091 debug : CAMLCodec::ReleaseFrame idx:959, drop:0
2025-08-23 16:45:20.087 T:4326 debug : CAMLCodec::AddData: dl:688576 fl:5406272 sz:109265(109376) lv:11.3% dts:40.999 pts:41.166
2025-08-23 16:45:20.094 T:4323 debug : CVideoPlayer::ProcessVideoData size:232566 dts:48.966 pts:49.132 dur:41.000ms, clock:39.872 level:99
2025-08-23 16:45:20.099 T:4327 debug : CVideoPlayerAudio::OutputPacket: pts:40.681 curr_pts:39.853 clock:39.877 level:100
2025-08-23 16:45:20.116 T:4091 debug : CAMLCodec::PollFrame elapsed:33.854ms
2025-08-23 16:45:20.118 T:4091 debug : PrepareNextRender: frameOnScreen: 39.896 renderPts: 40.053 nextFramePts: 40.040 -> diff: 0.013 render: 1 forceNext: 0
2025-08-23 16:45:20.118 T:4091 debug : CAMLCodec::ReleaseFrame idx:960, drop:0
2025-08-23 16:45:20.118 T:4326 debug : CAMLCodec::DequeueBuffer: pts:40.249 idx:965
2025-08-23 16:45:20.118 T:4326 debug : CAMLCodec::GetPicture: index: 965, pts: 40.249, dur:42.000ms ar:1.78 elf:42ms
2025-08-23 16:45:20.118 T:4326 debug : CVideoPlayerVideo::OutputPicture - ttd:352ms pts:40.249 Clock:39.897 Level:4
2025-08-23 16:45:20.157 T:4091 debug : CAMLCodec::PollFrame elapsed:39.446ms
2025-08-23 16:45:20.159 T:4326 debug : CAMLCodec::DequeueBuffer: pts:40.290 idx:966
2025-08-23 16:45:20.159 T:4326 debug : CAMLCodec::GetPicture: index: 966, pts: 40.290, dur:41.000ms ar:1.78 elf:40ms
2025-08-23 16:45:20.159 T:4326 debug : CVideoPlayerVideo::OutputPicture - ttd:352ms pts:40.290 Clock:39.938 Level:5
2025-08-23 16:45:20.160 T:4091 debug : PrepareNextRender: frameOnScreen: 39.938 renderPts: 40.095 nextFramePts: 40.082 -> diff: 0.013 render: 1 forceNext: 0
2025-08-23 16:45:20.160 T:4091 debug : CAMLCodec::ReleaseFrame idx:961, drop:0
2025-08-23 16:45:20.198 T:4327 debug : CVideoPlayerAudio::OutputPacket: pts:40.774 curr_pts:39.953 clock:39.977 level:100
2025-08-23 16:45:20.199 T:4091 debug : CAMLCodec::PollFrame elapsed:38.810ms
2025-08-23 16:45:20.202 T:4326 debug : CAMLCodec::DequeueBuffer: pts:40.332 idx:967
2025-08-23 16:45:20.202 T:4326 debug : CAMLCodec::GetPicture: index: 967, pts: 40.332, dur:42.000ms ar:1.78 elf:42ms
2025-08-23 16:45:20.202 T:4326 debug : CVideoPlayerVideo::OutputPicture - ttd:351ms pts:40.332 Clock:39.981 Level:5
2025-08-23 16:45:20.208 T:4091 debug : PrepareNextRender: frameOnScreen: 39.986 renderPts: 40.142 nextFramePts: 40.123 -> diff: 0.019 render: 1 forceNext: 0
2025-08-23 16:45:20.208 T:4091 debug : CAMLCodec::ReleaseFrame idx:962, drop:0
2025-08-23 16:45:20.211 T:4326 debug : CAMLCodec::AddData: dl:656128 fl:5438720 sz:63271(63360) lv:10.8% dts:41.041 pts:41.124
2025-08-23 16:45:20.241 T:4091 debug : CAMLCodec::PollFrame elapsed:33.117ms
2025-08-23 16:45:20.243 T:4326 debug : CAMLCodec::DequeueBuffer: pts:40.374 idx:968
2025-08-23 16:45:20.243 T:4326 debug : CAMLCodec::GetPicture: index: 968, pts: 40.374, dur:42.000ms ar:1.78 elf:40ms
2025-08-23 16:45:20.243 T:4326 debug : CVideoPlayerVideo::OutputPicture - ttd:352ms pts:40.374 Clock:40.022 Level:5
2025-08-23 16:45:20.249 T:4091 debug : PrepareNextRender: frameOnScreen: 40.028 renderPts: 40.185 nextFramePts: 40.165 -> diff: 0.020 render: 1 forceNext: 0
2025-08-23 16:45:20.250 T:4091 debug : CAMLCodec::ReleaseFrame idx:963, drop:0
2025-08-23 16:45:20.283 T:4091 debug : CAMLCodec::PollFrame elapsed:32.900ms
2025-08-23 16:45:20.285 T:4326 debug : CAMLCodec::DequeueBuffer: pts:40.415 idx:969
2025-08-23 16:45:20.285 T:4326 debug : CAMLCodec::GetPicture: index: 969, pts: 40.415, dur:41.000ms ar:1.78 elf:41ms
2025-08-23 16:45:20.285 T:4326 debug : CVideoPlayerVideo::OutputPicture - ttd:351ms pts:40.415 Clock:40.063 Level:5
2025-08-23 16:45:20.290 T:4091 debug : PrepareNextRender: frameOnScreen: 40.069 renderPts: 40.226 nextFramePts: 40.207 -> diff: 0.019 render: 1 forceNext: 0
2025-08-23 16:45:20.290 T:4091 debug : CAMLCodec::ReleaseFrame idx:964, drop:0
2025-08-23 16:45:20.293 T:4326 debug : CAMLCodec::AddData: dl:657088 fl:5437760 sz:62665(62784) lv:10.8% dts:41.083 pts:41.083
2025-08-23 16:45:20.299 T:4327 debug : CVideoPlayerAudio::OutputPacket: pts:40.867 curr_pts:40.053 clock:40.077 level:100
2025-08-23 16:45:20.324 T:4091 debug : CAMLCodec::PollFrame elapsed:33.750ms
2025-08-23 16:45:20.326 T:4326 debug : CAMLCodec::DequeueBuffer: pts:40.457 idx:970
2025-08-23 16:45:20.326 T:4326 debug : CAMLCodec::GetPicture: index: 970, pts: 40.457, dur:42.000ms ar:1.78 elf:40ms
2025-08-23 16:45:20.326 T:4326 debug : CVideoPlayerVideo::OutputPicture - ttd:352ms pts:40.457 Clock:40.104 Level:5
2025-08-23 16:45:20.332 T:4091 debug : PrepareNextRender: frameOnScreen: 40.110 renderPts: 40.267 nextFramePts: 40.249 -> diff: 0.018 render: 1 forceNext: 0
2025-08-23 16:45:20.332 T:4091 debug : CAMLCodec::ReleaseFrame idx:965, drop:0
2025-08-23 16:45:20.366 T:4091 debug : CAMLCodec::PollFrame elapsed:33.927ms
2025-08-23 16:45:20.367 T:4326 debug : CAMLCodec::DequeueBuffer: pts:40.499 idx:971
2025-08-23 16:45:20.367 T:4326 debug : CAMLCodec::GetPicture: index: 971, pts: 40.499, dur:42.000ms ar:1.78 elf:41ms
2025-08-23 16:45:20.367 T:4326 debug : CVideoPlayerVideo::OutputPicture - ttd:353ms pts:40.499 Clock:40.146 Level:5
2025-08-23 16:45:20.368 T:4091 debug : PrepareNextRender: frameOnScreen: 40.147 renderPts: 40.304 nextFramePts: 40.290 -> diff: 0.014 render: 1 forceNext: 0
2025-08-23 16:45:20.369 T:4091 debug : CAMLCodec::ReleaseFrame idx:966, drop:0
2025-08-23 16:45:20.399 T:4327 debug : CVideoPlayerAudio::OutputPacket: pts:40.959 curr_pts:40.154 clock:40.177 level:100
2025-08-23 16:45:20.408 T:4091 debug : CAMLCodec::PollFrame elapsed:38.803ms
2025-08-23 16:45:20.410 T:4326 debug : CAMLCodec::DequeueBuffer: pts:40.540 idx:972
2025-08-23 16:45:20.410 T:4326 debug : CAMLCodec::GetPicture: index: 972, pts: 40.540, dur:41.000ms ar:1.78 elf:42ms
2025-08-23 16:45:20.410 T:4326 debug : CVideoPlayerVideo::OutputPicture - ttd:351ms pts:40.540 Clock:40.188 Level:5
2025-08-23 16:45:20.410 T:4091 debug : PrepareNextRender: frameOnScreen: 40.189 renderPts: 40.346 nextFramePts: 40.332 -> diff: 0.014 render: 1 forceNext: 0
2025-08-23 16:45:20.411 T:4091 debug : CAMLCodec::ReleaseFrame idx:967, drop:0
2025-08-23 16:45:20.449 T:4091 debug : CAMLCodec::PollFrame elapsed:38.760ms
2025-08-23 16:45:20.452 T:4326 debug : CAMLCodec::DequeueBuffer: pts:40.582 idx:973
2025-08-23 16:45:20.452 T:4326 debug : CAMLCodec::GetPicture: index: 973, pts: 40.582, dur:42.000ms ar:1.78 elf:42ms
2025-08-23 16:45:20.452 T:4326 debug : CVideoPlayerVideo::OutputPicture - ttd:351ms pts:40.582 Clock:40.231 Level:5
2025-08-23 16:45:20.459 T:4091 debug : PrepareNextRender: frameOnScreen: 40.237 renderPts: 40.394 nextFramePts: 40.374 -> diff: 0.020 render: 1 forceNext: 0
2025-08-23 16:45:20.459 T:4091 debug : CAMLCodec::ReleaseFrame idx:968, drop:0
2025-08-23 16:45:20.491 T:4091 debug : CAMLCodec::PollFrame elapsed:32.339ms
2025-08-23 16:45:20.492 T:4326 debug : CAMLCodec::DequeueBuffer: pts:40.624 idx:974
2025-08-23 16:45:20.492 T:4326 debug : CAMLCodec::GetPicture: index: 974, pts: 40.624, dur:42.000ms ar:1.78 elf:40ms
2025-08-23 16:45:20.493 T:4326 debug : CVideoPlayerVideo::OutputPicture - ttd:353ms pts:40.624 Clock:40.271 Level:5
2025-08-23 16:45:20.494 T:4326 debug : CAMLCodec::DequeueBuffer: pts:40.666 idx:975
2025-08-23 16:45:20.494 T:4326 debug : CAMLCodec::GetPicture: index: 975, pts: 40.666, dur:42.000ms ar:1.78 elf:1ms
2025-08-23 16:45:20.494 T:4326 debug : CVideoPlayerVideo::OutputPicture - ttd:393ms pts:40.666 Clock:40.272 Level:6
2025-08-23 16:45:20.495 T:4326 debug : CAMLCodec::DequeueBuffer: pts:40.707 idx:976
2025-08-23 16:45:20.495 T:4326 debug : CAMLCodec::GetPicture: index: 976, pts: 40.707, dur:41.000ms ar:1.78 elf:1ms
2025-08-23 16:45:20.499 T:4327 debug : CVideoPlayerAudio::OutputPacket: pts:41.052 curr_pts:40.253 clock:40.277 level:100
2025-08-23 16:45:20.501 T:4091 debug : PrepareNextRender: frameOnScreen: 40.280 renderPts: 40.437 nextFramePts: 40.415 -> diff: 0.022 render: 1 forceNext: 0
2025-08-23 16:45:20.502 T:4326 debug : CVideoPlayerVideo::OutputPicture - ttd:433ms pts:40.707 Clock:40.274 Level:6
2025-08-23 16:45:20.502 T:4091 debug : CAMLCodec::ReleaseFrame idx:969, drop:0
2025-08-23 16:45:20.503 T:4326 debug : CAMLCodec::DequeueBuffer: pts:40.749 idx:977
2025-08-23 16:45:20.503 T:4326 debug : CAMLCodec::GetPicture: index: 977, pts: 40.749, dur:42.000ms ar:1.78 elf:7ms
2025-08-23 16:45:20.533 T:4091 debug : CAMLCodec::PollFrame elapsed:31.092ms
2025-08-23 16:45:20.539 T:4091 debug : PrepareNextRender: frameOnScreen: 40.318 renderPts: 40.475 nextFramePts: 40.457 -> diff: 0.018 render: 1 forceNext: 0
2025-08-23 16:45:20.540 T:4326 debug : CVideoPlayerVideo::OutputPicture - ttd:467ms pts:40.749 Clock:40.281 Level:6
2025-08-23 16:45:20.540 T:4091 debug : CAMLCodec::ReleaseFrame idx:970, drop:0
2025-08-23 16:45:20.544 T:4326 debug : CAMLCodec::AddData: dl:646208 fl:5448640 sz:90871(90944) lv:10.6% dts:41.124 pts:41.208
2025-08-23 16:45:20.548 T:4327 debug : CVideoPlayerAudio::OutputPacket: pts:41.145 curr_pts:40.302 clock:40.326 level:100
2025-08-23 16:45:20.575 T:4091 debug : CAMLCodec::PollFrame elapsed:34.796ms
2025-08-23 16:45:20.582 T:4091 debug : PrepareNextRender: frameOnScreen: 40.360 renderPts: 40.518 nextFramePts: 40.499 -> diff: 0.019 render: 1 forceNext: 0
2025-08-23 16:45:20.582 T:4091 debug : CAMLCodec::ReleaseFrame idx:971, drop:0
2025-08-23 16:45:20.616 T:4091 debug : CAMLCodec::PollFrame elapsed:33.940ms
2025-08-23 16:45:20.623 T:4091 debug : PrepareNextRender: frameOnScreen: 40.402 renderPts: 40.559 nextFramePts: 40.540 -> diff: 0.019 render: 1 forceNext: 0
2025-08-23 16:45:20.623 T:4091 debug : CAMLCodec::ReleaseFrame idx:972, drop:0
2025-08-23 16:45:20.648 T:4327 debug : CVideoPlayerAudio::OutputPacket: pts:41.238 curr_pts:40.403 clock:40.427 level:100
2025-08-23 16:45:20.658 T:4091 debug : CAMLCodec::PollFrame elapsed:34.428ms
2025-08-23 16:45:20.660 T:4326 debug : CAMLCodec::DequeueBuffer: pts:40.791 idx:978
2025-08-23 16:45:20.660 T:4326 debug : CAMLCodec::GetPicture: index: 978, pts: 40.791, dur:42.000ms ar:1.78 elf:156ms
2025-08-23 16:45:20.660 T:4326 debug : CVideoPlayerVideo::OutputPicture - ttd:353ms pts:40.791 Clock:40.438 Level:5
2025-08-23 16:45:20.660 T:4091 debug : PrepareNextRender: frameOnScreen: 40.439 renderPts: 40.596 nextFramePts: 40.582 -> diff: 0.014 render: 1 forceNext: 0
2025-08-23 16:45:20.661 T:4091 debug : CAMLCodec::ReleaseFrame idx:973, drop:0
2025-08-23 16:45:20.700 T:4091 debug : CAMLCodec::PollFrame elapsed:38.963ms
2025-08-23 16:45:20.702 T:4091 debug : PrepareNextRender: frameOnScreen: 40.480 renderPts: 40.637 nextFramePts: 40.624 -> diff: 0.013 render: 1 forceNext: 0
2025-08-23 16:45:20.702 T:4326 debug : CAMLCodec::DequeueBuffer: pts:40.832 idx:979
2025-08-23 16:45:20.702 T:4326 debug : CAMLCodec::GetPicture: index: 979, pts: 40.832, dur:41.000ms ar:1.78 elf:42ms
2025-08-23 16:45:20.702 T:4326 debug : CVideoPlayerVideo::OutputPicture - ttd:351ms pts:40.832 Clock:40.480 Level:4
2025-08-23 16:45:20.702 T:4091 debug : CAMLCodec::ReleaseFrame idx:974, drop:0
2025-08-23 16:45:20.711 T:4323 debug : CVideoPlayer::ProcessVideoData size:197059 dts:49.007 pts:49.091 dur:41.000ms, clock:40.489 level:97
2025-08-23 16:45:20.712 T:4323 debug : CVideoPlayer::ProcessVideoData size:147073 dts:49.049 pts:49.049 dur:41.000ms, clock:40.490 level:98
2025-08-23 16:45:20.712 T:4326 debug : CAMLCodec::AddData: dl:855104 fl:5239744 sz:248909(249024) lv:14.0% dts:41.166 pts:41.458
2025-08-23 16:45:20.741 T:4091 debug : CAMLCodec::PollFrame elapsed:38.995ms
2025-08-23 16:45:20.744 T:4091 debug : PrepareNextRender: frameOnScreen: 40.522 renderPts: 40.680 nextFramePts: 40.666 -> diff: 0.014 render: 1 forceNext: 0
2025-08-23 16:45:20.744 T:4326 debug : CAMLCodec::DequeueBuffer: pts:40.874 idx:980
2025-08-23 16:45:20.744 T:4326 debug : CAMLCodec::GetPicture: index: 980, pts: 40.874, dur:42.000ms ar:1.78 elf:42ms
2025-08-23 16:45:20.744 T:4326 debug : CVideoPlayerVideo::OutputPicture - ttd:351ms pts:40.874 Clock:40.523 Level:4
2025-08-23 16:45:20.744 T:4091 debug : CAMLCodec::ReleaseFrame idx:975, drop:0
2025-08-23 16:45:20.749 T:4327 debug : CVideoPlayerAudio::OutputPacket: pts:41.331 curr_pts:40.503 clock:40.527 level:99
2025-08-23 16:45:20.783 T:4091 debug : CAMLCodec::PollFrame elapsed:38.495ms
2025-08-23 16:45:20.786 T:4326 debug : CAMLCodec::DequeueBuffer: pts:40.916 idx:981
2025-08-23 16:45:20.786 T:4326 debug : CAMLCodec::GetPicture: index: 981, pts: 40.916, dur:42.000ms ar:1.78 elf:41ms
2025-08-23 16:45:20.786 T:4326 debug : CVideoPlayerVideo::OutputPicture - ttd:351ms pts:40.916 Clock:40.564 Level:5
2025-08-23 16:45:20.792 T:4091 debug : PrepareNextRender: frameOnScreen: 40.570 renderPts: 40.727 nextFramePts: 40.707 -> diff: 0.020 render: 1 forceNext: 0
2025-08-23 16:45:20.792 T:4091 debug : CAMLCodec::ReleaseFrame idx:976, drop:0
2025-08-23 16:45:20.795 T:4326 debug : CAMLCodec::AddData: dl:748480 fl:5346368 sz:172875(172992) lv:12.3% dts:41.208 pts:41.375
2025-08-23 16:45:20.804 T:4323 debug : CVideoPlayer::ProcessVideoData size:169108 dts:49.091 pts:49.174 dur:41.000ms, clock:40.582 level:98
2025-08-23 16:45:20.825 T:4091 debug : CAMLCodec::PollFrame elapsed:32.887ms
2025-08-23 16:45:20.827 T:4326 debug : CAMLCodec::DequeueBuffer: pts:40.958 idx:982
2025-08-23 16:45:20.827 T:4326 debug : CAMLCodec::GetPicture: index: 982, pts: 40.958, dur:42.000ms ar:1.78 elf:41ms
2025-08-23 16:45:20.827 T:4326 debug : CVideoPlayerVideo::OutputPicture - ttd:352ms pts:40.958 Clock:40.606 Level:5
2025-08-23 16:45:20.832 T:4091 debug : PrepareNextRender: frameOnScreen: 40.610 renderPts: 40.768 nextFramePts: 40.749 -> diff: 0.019 render: 1 forceNext: 0
2025-08-23 16:45:20.833 T:4091 debug : CAMLCodec::ReleaseFrame idx:977, drop:0
2025-08-23 16:45:20.849 T:4327 debug : CVideoPlayerAudio::OutputPacket: pts:41.424 curr_pts:40.603 clock:40.627 level:98
2025-08-23 16:45:20.867 T:4091 debug : CAMLCodec::PollFrame elapsed:33.870ms
2025-08-23 16:45:20.870 T:4326 debug : CAMLCodec::DequeueBuffer: pts:40.999 idx:983
2025-08-23 16:45:20.870 T:4326 debug : CAMLCodec::GetPicture: index: 983, pts: 40.999, dur:41.000ms ar:1.78 elf:42ms
2025-08-23 16:45:20.870 T:4326 debug : CVideoPlayerVideo::OutputPicture - ttd:351ms pts:40.999 Clock:40.648 Level:5
2025-08-23 16:45:20.874 T:4091 debug : PrepareNextRender: frameOnScreen: 40.652 renderPts: 40.809 nextFramePts: 40.791 -> diff: 0.018 render: 1 forceNext: 0
2025-08-23 16:45:20.874 T:4091 debug : CAMLCodec::ReleaseFrame idx:978, drop:0
2025-08-23 16:45:20.879 T:4326 debug : CAMLCodec::AddData: dl:739264 fl:5355584 sz:163415(163520) lv:12.1% dts:41.250 pts:41.333
2025-08-23 16:45:20.888 T:4323 debug : CVideoPlayer::ProcessVideoData size:317962 dts:49.132 pts:49.341 dur:41.000ms, clock:40.666 level:98
2025-08-23 16:45:20.908 T:4091 debug : CAMLCodec::PollFrame elapsed:34.185ms
2025-08-23 16:45:20.910 T:4326 debug : CAMLCodec::DequeueBuffer: pts:41.041 idx:984
2025-08-23 16:45:20.910 T:4326 debug : CAMLCodec::GetPicture: index: 984, pts: 41.041, dur:42.000ms ar:1.78 elf:39ms
2025-08-23 16:45:20.910 T:4326 debug : CVideoPlayerVideo::OutputPicture - ttd:353ms pts:41.041 Clock:40.688 Level:5
2025-08-23 16:45:20.916 T:4091 debug : PrepareNextRender: frameOnScreen: 40.694 renderPts: 40.852 nextFramePts: 40.832 -> diff: 0.020 render: 1 forceNext: 0
2025-08-23 16:45:20.916 T:4091 debug : CAMLCodec::ReleaseFrame idx:979, drop:0
2025-08-23 16:45:20.949 T:4327 debug : CVideoPlayerAudio::OutputPacket: pts:41.517 curr_pts:40.703 clock:40.727 level:97
2025-08-23 16:45:20.950 T:4091 debug : CAMLCodec::PollFrame elapsed:33.570ms
2025-08-23 16:45:20.952 T:4326 debug : CAMLCodec::DequeueBuffer: pts:41.083 idx:985
2025-08-23 16:45:20.952 T:4326 debug : CAMLCodec::GetPicture: index: 985, pts: 41.083, dur:42.000ms ar:1.78 elf:41ms
2025-08-23 16:45:20.952 T:4326 debug : CVideoPlayerVideo::OutputPicture - ttd:353ms pts:41.083 Clock:40.730 Level:5
2025-08-23 16:45:20.960 T:4091 debug : PrepareNextRender: frameOnScreen: 40.738 renderPts: 40.895 nextFramePts: 40.874 -> diff: 0.021 render: 1 forceNext: 0
2025-08-23 16:45:20.960 T:4091 debug : CAMLCodec::ReleaseFrame idx:980, drop:0
2025-08-23 16:45:20.961 T:4326 debug : CAMLCodec::AddData: dl:698112 fl:5396736 sz:112497(112576) lv:11.5% dts:41.291 pts:41.291
2025-08-23 16:45:20.992 T:4091 debug : CAMLCodec::PollFrame elapsed:31.660ms
2025-08-23 16:45:20.994 T:4326 debug : CAMLCodec::DequeueBuffer: pts:41.124 idx:986
2025-08-23 16:45:20.994 T:4326 debug : CAMLCodec::GetPicture: index: 986, pts: 41.124, dur:41.000ms ar:1.78 elf:42ms
2025-08-23 16:45:20.994 T:4326 debug : CVideoPlayerVideo::OutputPicture - ttd:351ms pts:41.124 Clock:40.773 Level:5
2025-08-23 16:45:21.000 T:4091 debug : PrepareNextRender: frameOnScreen: 40.779 renderPts: 40.936 nextFramePts: 40.916 -> diff: 0.020 render: 1 forceNext: 0
2025-08-23 16:45:21.001 T:4091 debug : CAMLCodec::ReleaseFrame idx:981, drop:0
2025-08-23 16:45:21.004 T:4326 debug : CAMLCodec::AddData: dl:578176 fl:5516672 sz:128968(129088) lv:9.5% dts:41.333 pts:41.416
2025-08-23 16:45:21.006 T:4326 debug : CAMLCodec::AddData: dl:835904 fl:5258944 sz:257615(257728) lv:13.7% dts:41.375 pts:41.583
2025-08-23 16:45:21.012 T:4323 debug : CVideoPlayer::ProcessVideoData size:220861 dts:49.174 pts:49.299 dur:41.000ms, clock:40.790 level:97
2025-08-23 16:45:21.013 T:4323 debug : CVideoPlayer::ProcessVideoData size:195999 dts:49.216 pts:49.258 dur:41.000ms, clock:40.791 level:97
2025-08-23 16:45:21.033 T:4091 debug : CAMLCodec::PollFrame elapsed:32.656ms
2025-08-23 16:45:21.036 T:4326 debug : CAMLCodec::DequeueBuffer: pts:41.166 idx:987
2025-08-23 16:45:21.036 T:4326 debug : CAMLCodec::GetPicture: index: 987, pts: 41.166, dur:42.000ms ar:1.78 elf:41ms
2025-08-23 16:45:21.036 T:4326 debug : CVideoPlayerVideo::OutputPicture - ttd:351ms pts:41.166 Clock:40.814 Level:5
2025-08-23 16:45:21.043 T:4091 debug : PrepareNextRender: frameOnScreen: 40.821 renderPts: 40.979 nextFramePts: 40.958 -> diff: 0.021 render: 1 forceNext: 0
2025-08-23 16:45:21.043 T:4091 debug : CAMLCodec::ReleaseFrame idx:982, drop:0
2025-08-23 16:45:21.049 T:4327 debug : CVideoPlayerAudio::OutputPacket: pts:41.609 curr_pts:40.804 clock:40.827 level:96
2025-08-23 16:45:21.075 T:4091 debug : CAMLCodec::PollFrame elapsed:31.887ms
2025-08-23 16:45:21.078 T:4326 debug : CAMLCodec::DequeueBuffer: pts:41.208 idx:988
2025-08-23 16:45:21.078 T:4326 debug : CAMLCodec::GetPicture: index: 988, pts: 41.208, dur:42.000ms ar:1.78 elf:42ms
2025-08-23 16:45:21.079 T:4326 debug : CVideoPlayerVideo::OutputPicture - ttd:351ms pts:41.208 Clock:40.857 Level:5
2025-08-23 16:45:21.083 T:4091 debug : PrepareNextRender: frameOnScreen: 40.861 renderPts: 41.018 nextFramePts: 40.999 -> diff: 0.019 render: 1 forceNext: 0
2025-08-23 16:45:21.083 T:4091 debug : CAMLCodec::ReleaseFrame idx:983, drop:0
2025-08-23 16:45:21.088 T:4326 debug : CAMLCodec::AddData: dl:689088 fl:5405760 sz:189583(189696) lv:11.3% dts:41.416 pts:41.541
2025-08-23 16:45:21.096 T:4323 debug : CVideoPlayer::ProcessAudioData size:9176 dts:49.412 pts:49.412 dur:92.000ms, clock:40.874 drop:0 level:96
2025-08-23 16:45:21.096 T:4323 debug : CVideoPlayer::ProcessAudioData size:8763 dts:49.504 pts:49.504 dur:92.000ms, clock:40.875 drop:0 level:97
2025-08-23 16:45:21.102 T:4323 debug : CVideoPlayer::ProcessVideoData size:374023 dts:49.258 pts:49.549 dur:41.000ms, clock:40.880 level:97
2025-08-23 16:45:21.117 T:4091 debug : CAMLCodec::PollFrame elapsed:33.829ms
2025-08-23 16:45:21.119 T:4326 debug : CAMLCodec::DequeueBuffer: pts:41.250 idx:989
2025-08-23 16:45:21.120 T:4326 debug : CAMLCodec::GetPicture: index: 989, pts: 41.250, dur:42.000ms ar:1.78 elf:40ms
2025-08-23 16:45:21.120 T:4326 debug : CVideoPlayerVideo::OutputPicture - ttd:352ms pts:41.250 Clock:40.898 Level:5
2025-08-23 16:45:21.126 T:4091 debug : PrepareNextRender: frameOnScreen: 40.905 renderPts: 41.062 nextFramePts: 41.041 -> diff: 0.021 render: 1 forceNext: 0
2025-08-23 16:45:21.127 T:4091 debug : CAMLCodec::ReleaseFrame idx:984, drop:0
2025-08-23 16:45:21.129 T:4326 debug : CAMLCodec::AddData: dl:730240 fl:5364608 sz:153664(153728) lv:12.0% dts:41.458 pts:41.500
2025-08-23 16:45:21.149 T:4327 debug : CVideoPlayerAudio::OutputPacket: pts:41.703 curr_pts:40.903 clock:40.927 level:97
2025-08-23 16:45:21.159 T:4091 debug : CAMLCodec::PollFrame elapsed:31.857ms
2025-08-23 16:45:21.160 T:4326 debug : CAMLCodec::DequeueBuffer: pts:41.291 idx:990
2025-08-23 16:45:21.160 T:4326 debug : CAMLCodec::GetPicture: index: 990, pts: 41.291, dur:41.000ms ar:1.78 elf:40ms
2025-08-23 16:45:21.161 T:4326 debug : CVideoPlayerVideo::OutputPicture - ttd:352ms pts:41.291 Clock:40.939 Level:5
2025-08-23 16:45:21.167 T:4091 debug : PrepareNextRender: frameOnScreen: 40.945 renderPts: 41.102 nextFramePts: 41.083 -> diff: 0.019 render: 1 forceNext: 0
2025-08-23 16:45:21.167 T:4091 debug : CAMLCodec::ReleaseFrame idx:985, drop:0
2025-08-23 16:45:21.170 T:4326 debug : CAMLCodec::AddData: dl:826496 fl:5268352 sz:225274(225344) lv:13.6% dts:41.500 pts:41.625
2025-08-23 16:45:21.175 T:4323 debug : CVideoPlayer::ProcessVideoData size:242983 dts:49.299 pts:49.466 dur:41.000ms, clock:40.953 level:97
2025-08-23 16:45:21.199 T:4327 debug : CVideoPlayerAudio::OutputPacket: pts:41.796 curr_pts:40.954 clock:40.977 level:96
2025-08-23 16:45:21.200 T:4091 debug : CAMLCodec::PollFrame elapsed:33.313ms
2025-08-23 16:45:21.201 T:4326 debug : CAMLCodec::DequeueBuffer: pts:41.333 idx:991
2025-08-23 16:45:21.202 T:4326 debug : CAMLCodec::GetPicture: index: 991, pts: 41.333, dur:42.000ms ar:1.78 elf:40ms
2025-08-23 16:45:21.202 T:4326 debug : CVideoPlayerVideo::OutputPicture - ttd:353ms pts:41.333 Clock:40.980 Level:5
2025-08-23 16:45:21.209 T:4091 debug : PrepareNextRender: frameOnScreen: 40.988 renderPts: 41.145 nextFramePts: 41.124 -> diff: 0.021 render: 1 forceNext: 0
2025-08-23 16:45:21.210 T:4091 debug : CAMLCodec::ReleaseFrame idx:986, drop:0
2025-08-23 16:45:21.211 T:4326 debug : CAMLCodec::AddData: dl:810624 fl:5284224 sz:241786(241856) lv:13.3% dts:41.541 pts:41.667
2025-08-23 16:45:21.216 T:4323 debug : CVideoPlayer::ProcessVideoData size:225897 dts:49.341 pts:49.424 dur:41.000ms, clock:40.994 level:97
2025-08-23 16:45:21.242 T:4091 debug : CAMLCodec::PollFrame elapsed:32.358ms
2025-08-23 16:45:21.243 T:4326 debug : CAMLCodec::DequeueBuffer: pts:41.375 idx:992
2025-08-23 16:45:21.243 T:4326 debug : CAMLCodec::GetPicture: index: 992, pts: 41.375, dur:42.000ms ar:1.78 elf:41ms
2025-08-23 16:45:21.243 T:4326 debug : CVideoPlayerVideo::OutputPicture - ttd:353ms pts:41.375 Clock:41.021 Level:5
2025-08-23 16:45:21.252 T:4091 debug : PrepareNextRender: frameOnScreen: 41.030 renderPts: 41.188 nextFramePts: 41.166 -> diff: 0.022 render: 1 forceNext: 0
2025-08-23 16:45:21.252 T:4091 debug : CAMLCodec::ReleaseFrame idx:987, drop:0
2025-08-23 16:45:21.284 T:4091 debug : CAMLCodec::PollFrame elapsed:31.379ms
2025-08-23 16:45:21.286 T:4326 debug : CAMLCodec::DequeueBuffer: pts:41.416 idx:993
2025-08-23 16:45:21.286 T:4326 debug : CAMLCodec::GetPicture: index: 993, pts: 41.416, dur:41.000ms ar:1.78 elf:42ms
2025-08-23 16:45:21.286 T:4326 debug : CVideoPlayerVideo::OutputPicture - ttd:351ms pts:41.416 Clock:41.065 Level:5
2025-08-23 16:45:21.292 T:4091 debug : PrepareNextRender: frameOnScreen: 41.070 renderPts: 41.228 nextFramePts: 41.208 -> diff: 0.020 render: 1 forceNext: 0
2025-08-23 16:45:21.292 T:4091 debug : CAMLCodec::ReleaseFrame idx:988, drop:0
2025-08-23 16:45:21.296 T:4326 debug : CAMLCodec::AddData: dl:728384 fl:5366464 sz:261078(261184) lv:12.0% dts:41.583 pts:41.750
2025-08-23 16:45:21.298 T:4323 debug : CVideoPlayer::ProcessVideoData size:180869 dts:49.383 pts:49.383 dur:41.000ms, clock:41.076 level:97
2025-08-23 16:45:21.299 T:4327 debug : CVideoPlayerAudio::OutputPacket: pts:41.888 curr_pts:41.054 clock:41.077 level:95
2025-08-23 16:45:21.325 T:4091 debug : CAMLCodec::PollFrame elapsed:33.043ms
2025-08-23 16:45:21.327 T:4326 debug : CAMLCodec::DequeueBuffer: pts:41.458 idx:994
2025-08-23 16:45:21.327 T:4326 debug : CAMLCodec::GetPicture: index: 994, pts: 41.458, dur:42.000ms ar:1.78 elf:40ms
2025-08-23 16:45:21.327 T:4326 debug : CVideoPlayerVideo::OutputPicture - ttd:352ms pts:41.458 Clock:41.105 Level:5
2025-08-23 16:45:21.333 T:4091 debug : PrepareNextRender: frameOnScreen: 41.111 renderPts: 41.269 nextFramePts: 41.250 -> diff: 0.019 render: 1 forceNext: 0
2025-08-23 16:45:21.334 T:4091 debug : CAMLCodec::ReleaseFrame idx:989, drop:0
2025-08-23 16:45:21.337 T:4326 debug : CAMLCodec::AddData: dl:659840 fl:5435008 sz:156692(156800) lv:10.8% dts:41.625 pts:41.708
2025-08-23 16:45:21.339 T:4323 debug : CVideoPlayer::ProcessVideoData size:171309 dts:49.424 pts:49.508 dur:41.000ms, clock:41.117 level:97
2025-08-23 16:45:21.367 T:4091 debug : CAMLCodec::PollFrame elapsed:33.528ms
