2025-08-23 16:45:04.514 T:4091 debug : CAMLCodec::PollFrame elapsed:36.265ms
2025-08-23 16:45:04.522 T:4091 debug : PrepareNextRender: frameOnScreen: 24.303 renderPts: 24.461 nextFramePts: 24.441 -> diff: 0.020 render: 1 forceNext: 0
2025-08-23 16:45:04.522 T:4091 debug : CAMLCodec::ReleaseFrame idx:586, drop:0
2025-08-23 16:45:04.556 T:4091 debug : CAMLCodec::PollFrame elapsed:33.674ms
2025-08-23 16:45:04.557 T:4326 debug : CAMLCodec::DequeueBuffer: pts:24.691 idx:592
2025-08-23 16:45:04.558 T:4326 debug : CAMLCodec::GetPicture: index: 592, pts: 24.691, dur:41.000ms ar:1.78 elf:158ms
2025-08-23 16:45:04.558 T:4326 debug : CVideoPlayerVideo::OutputPicture - ttd:352ms pts:24.691 Clock:24.339 Level:5
2025-08-23 16:45:04.563 T:4091 debug : PrepareNextRender: frameOnScreen: 24.344 renderPts: 24.503 nextFramePts: 24.483 -> diff: 0.020 render: 1 forceNext: 0
2025-08-23 16:45:04.563 T:4091 debug : CAMLCodec::ReleaseFrame idx:587, drop:0
2025-08-23 16:45:04.567 T:4326 debug : CAMLCodec::AddData: dl:645568 fl:5449280 sz:90057(90176) lv:10.6% dts:24.942 pts:24.942
2025-08-23 16:45:04.596 T:4327 debug : CVideoPlayerAudio::OutputPacket: pts:25.170 curr_pts:24.354 clock:24.377 level:100
2025-08-23 16:45:04.597 T:4091 debug : CAMLCodec::PollFrame elapsed:33.822ms
2025-08-23 16:45:04.599 T:4326 debug : CAMLCodec::DequeueBuffer: pts:24.733 idx:593
2025-08-23 16:45:04.599 T:4326 debug : CAMLCodec::GetPicture: index: 593, pts: 24.733, dur:42.000ms ar:1.78 elf:41ms
2025-08-23 16:45:04.599 T:4326 debug : CVideoPlayerVideo::OutputPicture - ttd:353ms pts:24.733 Clock:24.380 Level:5
2025-08-23 16:45:04.605 T:4091 debug : PrepareNextRender: frameOnScreen: 24.386 renderPts: 24.545 nextFramePts: 24.524 -> diff: 0.021 render: 1 forceNext: 0
2025-08-23 16:45:04.605 T:4091 debug : CAMLCodec::ReleaseFrame idx:588, drop:0
2025-08-23 16:45:04.608 T:4326 debug : CAMLCodec::AddData: dl:679808 fl:5415040 sz:107336(107456) lv:11.2% dts:24.983 pts:25.067
2025-08-23 16:45:04.639 T:4091 debug : CAMLCodec::PollFrame elapsed:33.922ms
2025-08-23 16:45:04.642 T:4326 debug : CAMLCodec::DequeueBuffer: pts:24.775 idx:594
2025-08-23 16:45:04.642 T:4326 debug : CAMLCodec::GetPicture: index: 594, pts: 24.775, dur:42.000ms ar:1.78 elf:42ms
2025-08-23 16:45:04.642 T:4326 debug : CVideoPlayerVideo::OutputPicture - ttd:352ms pts:24.775 Clock:24.423 Level:5
2025-08-23 16:45:04.648 T:4091 debug : PrepareNextRender: frameOnScreen: 24.429 renderPts: 24.588 nextFramePts: 24.566 -> diff: 0.022 render: 1 forceNext: 0
2025-08-23 16:45:04.648 T:4091 debug : CAMLCodec::ReleaseFrame idx:589, drop:0
2025-08-23 16:45:04.651 T:4326 debug : CAMLCodec::AddData: dl:748928 fl:5345920 sz:244707(244800) lv:12.3% dts:25.025 pts:25.317
2025-08-23 16:45:04.656 T:4323 debug : CVideoPlayer::ProcessVideoData size:89200 dts:34.785 pts:34.910 dur:41.000ms, clock:24.437 level:100
2025-08-23 16:45:04.657 T:4323 debug : CVideoPlayer::ProcessVideoData size:117754 dts:34.826 pts:34.868 dur:41.000ms, clock:24.438 level:100
2025-08-23 16:45:04.681 T:4091 debug : CAMLCodec::PollFrame elapsed:32.400ms
2025-08-23 16:45:04.682 T:4326 debug : CAMLCodec::DequeueBuffer: pts:24.816 idx:595
2025-08-23 16:45:04.683 T:4326 debug : CAMLCodec::GetPicture: index: 595, pts: 24.816, dur:41.000ms ar:1.78 elf:40ms
2025-08-23 16:45:04.683 T:4326 debug : CVideoPlayerVideo::OutputPicture - ttd:352ms pts:24.816 Clock:24.464 Level:5
2025-08-23 16:45:04.688 T:4091 debug : PrepareNextRender: frameOnScreen: 24.469 renderPts: 24.628 nextFramePts: 24.608 -> diff: 0.020 render: 1 forceNext: 0
2025-08-23 16:45:04.689 T:4091 debug : CAMLCodec::ReleaseFrame idx:590, drop:0
2025-08-23 16:45:04.693 T:4326 debug : CAMLCodec::AddData: dl:816832 fl:5278016 sz:251447(251520) lv:13.4% dts:25.067 pts:25.234
2025-08-23 16:45:04.696 T:4327 debug : CVideoPlayerAudio::OutputPacket: pts:25.263 curr_pts:24.454 clock:24.477 level:100
2025-08-23 16:45:04.705 T:4323 debug : CVideoPlayer::ProcessVideoData size:572580 dts:34.868 pts:35.160 dur:41.000ms, clock:24.486 level:100
2025-08-23 16:45:04.723 T:4091 debug : CAMLCodec::PollFrame elapsed:33.930ms
2025-08-23 16:45:04.725 T:4326 debug : CAMLCodec::DequeueBuffer: pts:24.858 idx:596
2025-08-23 16:45:04.725 T:4326 debug : CAMLCodec::GetPicture: index: 596, pts: 24.858, dur:42.000ms ar:1.78 elf:42ms
2025-08-23 16:45:04.725 T:4326 debug : CVideoPlayerVideo::OutputPicture - ttd:351ms pts:24.858 Clock:24.506 Level:5
2025-08-23 16:45:04.730 T:4091 debug : PrepareNextRender: frameOnScreen: 24.511 renderPts: 24.671 nextFramePts: 24.650 -> diff: 0.021 render: 1 forceNext: 0
2025-08-23 16:45:04.731 T:4091 debug : CAMLCodec::ReleaseFrame idx:591, drop:0
2025-08-23 16:45:04.764 T:4091 debug : CAMLCodec::PollFrame elapsed:33.721ms
2025-08-23 16:45:04.766 T:4326 debug : CAMLCodec::DequeueBuffer: pts:24.900 idx:597
2025-08-23 16:45:04.766 T:4326 debug : CAMLCodec::GetPicture: index: 597, pts: 24.900, dur:42.000ms ar:1.78 elf:41ms
2025-08-23 16:45:04.767 T:4326 debug : CVideoPlayerVideo::OutputPicture - ttd:352ms pts:24.900 Clock:24.548 Level:5
2025-08-23 16:45:04.774 T:4091 debug : PrepareNextRender: frameOnScreen: 24.555 renderPts: 24.715 nextFramePts: 24.691 -> diff: 0.024 render: 1 forceNext: 0
2025-08-23 16:45:04.774 T:4091 debug : CAMLCodec::ReleaseFrame idx:592, drop:0
2025-08-23 16:45:04.775 T:4326 debug : CAMLCodec::AddData: dl:769536 fl:5325312 sz:165686(165760) lv:12.6% dts:25.108 pts:25.192
2025-08-23 16:45:04.797 T:4327 debug : CVideoPlayerAudio::OutputPacket: pts:25.355 curr_pts:24.554 clock:24.577 level:100
2025-08-23 16:45:04.806 T:4091 debug : CAMLCodec::PollFrame elapsed:31.844ms
2025-08-23 16:45:04.807 T:4326 debug : CAMLCodec::DequeueBuffer: pts:24.942 idx:598
2025-08-23 16:45:04.807 T:4326 debug : CAMLCodec::GetPicture: index: 598, pts: 24.942, dur:42.000ms ar:1.78 elf:40ms
2025-08-23 16:45:04.807 T:4326 debug : CVideoPlayerVideo::OutputPicture - ttd:354ms pts:24.942 Clock:24.588 Level:5
2025-08-23 16:45:04.814 T:4091 debug : PrepareNextRender: frameOnScreen: 24.595 renderPts: 24.754 nextFramePts: 24.733 -> diff: 0.021 render: 1 forceNext: 0
2025-08-23 16:45:04.814 T:4091 debug : CAMLCodec::ReleaseFrame idx:593, drop:0
2025-08-23 16:45:04.846 T:4327 debug : CVideoPlayerAudio::OutputPacket: pts:25.449 curr_pts:24.603 clock:24.627 level:100
2025-08-23 16:45:04.848 T:4091 debug : CAMLCodec::PollFrame elapsed:33.676ms
2025-08-23 16:45:04.850 T:4326 debug : CAMLCodec::DequeueBuffer: pts:24.983 idx:599
2025-08-23 16:45:04.850 T:4326 debug : CAMLCodec::GetPicture: index: 599, pts: 24.983, dur:41.000ms ar:1.78 elf:42ms
2025-08-23 16:45:04.850 T:4326 debug : CVideoPlayerVideo::OutputPicture - ttd:352ms pts:24.983 Clock:24.631 Level:5
2025-08-23 16:45:04.856 T:4091 debug : PrepareNextRender: frameOnScreen: 24.636 renderPts: 24.796 nextFramePts: 24.775 -> diff: 0.021 render: 1 forceNext: 0
2025-08-23 16:45:04.856 T:4091 debug : CAMLCodec::ReleaseFrame idx:594, drop:0
2025-08-23 16:45:04.859 T:4326 debug : CAMLCodec::AddData: dl:537920 fl:5556928 sz:120557(120640) lv:8.8% dts:25.150 pts:25.150
2025-08-23 16:45:04.862 T:4326 debug : CAMLCodec::AddData: dl:682368 fl:5412480 sz:144334(144448) lv:11.2% dts:25.192 pts:25.275
2025-08-23 16:45:04.868 T:4323 debug : CVideoPlayer::ProcessVideoData size:211202 dts:34.910 pts:35.077 dur:41.000ms, clock:24.649 level:100
2025-08-23 16:45:04.890 T:4091 debug : CAMLCodec::PollFrame elapsed:33.585ms
2025-08-23 16:45:04.892 T:4326 debug : CAMLCodec::DequeueBuffer: pts:25.025 idx:600
2025-08-23 16:45:04.892 T:4326 debug : CAMLCodec::GetPicture: index: 600, pts: 25.025, dur:42.000ms ar:1.78 elf:42ms
2025-08-23 16:45:04.892 T:4326 debug : CVideoPlayerVideo::OutputPicture - ttd:351ms pts:25.025 Clock:24.673 Level:5
2025-08-23 16:45:04.897 T:4091 debug : PrepareNextRender: frameOnScreen: 24.678 renderPts: 24.838 nextFramePts: 24.816 -> diff: 0.022 render: 1 forceNext: 0
2025-08-23 16:45:04.898 T:4091 debug : CAMLCodec::ReleaseFrame idx:595, drop:0
2025-08-23 16:45:04.902 T:4326 debug : CAMLCodec::AddData: dl:731520 fl:5363328 sz:300608(300672) lv:12.0% dts:25.234 pts:25.359
2025-08-23 16:45:04.909 T:4323 debug : CVideoPlayer::ProcessVideoData size:143901 dts:34.952 pts:35.035 dur:41.000ms, clock:24.690 level:100
2025-08-23 16:45:04.910 T:4323 debug : CVideoPlayer::ProcessVideoData size:92180 dts:34.993 pts:34.993 dur:41.000ms, clock:24.691 level:100
2025-08-23 16:45:04.931 T:4091 debug : CAMLCodec::PollFrame elapsed:33.498ms
2025-08-23 16:45:04.933 T:4326 debug : CAMLCodec::DequeueBuffer: pts:25.067 idx:601
2025-08-23 16:45:04.933 T:4326 debug : CAMLCodec::GetPicture: index: 601, pts: 25.067, dur:42.000ms ar:1.78 elf:40ms
2025-08-23 16:45:04.933 T:4326 debug : CVideoPlayerVideo::OutputPicture - ttd:353ms pts:25.067 Clock:24.714 Level:5
2025-08-23 16:45:04.939 T:4091 debug : PrepareNextRender: frameOnScreen: 24.720 renderPts: 24.880 nextFramePts: 24.858 -> diff: 0.022 render: 1 forceNext: 0
2025-08-23 16:45:04.940 T:4091 debug : CAMLCodec::ReleaseFrame idx:596, drop:0
2025-08-23 16:45:04.941 T:4323 debug : CVideoPlayer::ProcessVideoData size:145818 dts:35.035 pts:35.118 dur:41.000ms, clock:24.722 level:100
2025-08-23 16:45:04.942 T:4326 debug : CAMLCodec::AddData: dl:674688 fl:5420160 sz:108846(108928) lv:11.1% dts:25.275 pts:25.400
2025-08-23 16:45:04.946 T:4327 debug : CVideoPlayerAudio::OutputPacket: pts:25.541 curr_pts:24.704 clock:24.727 level:100
2025-08-23 16:45:04.973 T:4091 debug : CAMLCodec::PollFrame elapsed:33.277ms
2025-08-23 16:45:04.974 T:4326 debug : CAMLCodec::DequeueBuffer: pts:25.108 idx:602
2025-08-23 16:45:04.974 T:4326 debug : CAMLCodec::GetPicture: index: 602, pts: 25.108, dur:41.000ms ar:1.78 elf:40ms
2025-08-23 16:45:04.974 T:4326 debug : CVideoPlayerVideo::OutputPicture - ttd:353ms pts:25.108 Clock:24.755 Level:5
2025-08-23 16:45:04.981 T:4091 debug : PrepareNextRender: frameOnScreen: 24.762 renderPts: 24.922 nextFramePts: 24.900 -> diff: 0.022 render: 1 forceNext: 0
2025-08-23 16:45:04.981 T:4091 debug : CAMLCodec::ReleaseFrame idx:597, drop:0
2025-08-23 16:45:04.983 T:4323 debug : CVideoPlayer::ProcessAudioData size:7635 dts:35.201 pts:35.201 dur:92.000ms, clock:24.764 drop:0 level:100
2025-08-23 16:45:04.984 T:4323 debug : CVideoPlayer::ProcessAudioData size:7687 dts:35.293 pts:35.293 dur:92.000ms, clock:24.765 drop:0 level:100
2025-08-23 16:45:04.984 T:4326 debug : CAMLCodec::AddData: dl:845632 fl:5249216 sz:291475(291584) lv:13.9% dts:25.317 pts:25.567
2025-08-23 16:45:04.990 T:4323 debug : CVideoPlayer::ProcessVideoData size:375279 dts:35.077 pts:35.369 dur:41.000ms, clock:24.771 level:100
2025-08-23 16:45:05.015 T:4091 debug : CAMLCodec::PollFrame elapsed:33.546ms
2025-08-23 16:45:05.015 T:4326 debug : CAMLCodec::DequeueBuffer: pts:25.150 idx:603
2025-08-23 16:45:05.015 T:4326 debug : CAMLCodec::GetPicture: index: 603, pts: 25.150, dur:42.000ms ar:1.78 elf:41ms
2025-08-23 16:45:05.015 T:4326 debug : CVideoPlayerVideo::OutputPicture - ttd:353ms pts:25.150 Clock:24.796 Level:5
2025-08-23 16:45:05.025 T:4091 debug : PrepareNextRender: frameOnScreen: 24.806 renderPts: 24.966 nextFramePts: 24.942 -> diff: 0.024 render: 1 forceNext: 0
2025-08-23 16:45:05.025 T:4091 debug : CAMLCodec::ReleaseFrame idx:598, drop:0
2025-08-23 16:45:05.046 T:4327 debug : CVideoPlayerAudio::OutputPacket: pts:25.634 curr_pts:24.803 clock:24.827 level:100
2025-08-23 16:45:05.056 T:4091 debug : CAMLCodec::PollFrame elapsed:30.918ms
2025-08-23 16:45:05.058 T:4326 debug : CAMLCodec::DequeueBuffer: pts:25.192 idx:604
2025-08-23 16:45:05.058 T:4326 debug : CAMLCodec::GetPicture: index: 604, pts: 25.192, dur:42.000ms ar:1.78 elf:43ms
2025-08-23 16:45:05.059 T:4326 debug : CVideoPlayerVideo::OutputPicture - ttd:352ms pts:25.192 Clock:24.839 Level:5
2025-08-23 16:45:05.064 T:4091 debug : PrepareNextRender: frameOnScreen: 24.845 renderPts: 25.005 nextFramePts: 24.983 -> diff: 0.022 render: 1 forceNext: 0
2025-08-23 16:45:05.065 T:4091 debug : CAMLCodec::ReleaseFrame idx:599, drop:0
2025-08-23 16:45:05.069 T:4326 debug : CAMLCodec::AddData: dl:608000 fl:5486848 sz:207393(207488) lv:10.0% dts:25.359 pts:25.484
2025-08-23 16:45:05.072 T:4323 debug : CVideoPlayer::ProcessVideoData size:208469 dts:35.118 pts:35.285 dur:41.000ms, clock:24.853 level:100
2025-08-23 16:45:05.072 T:4326 debug : CAMLCodec::AddData: dl:706304 fl:5388544 sz:98225(98304) lv:11.6% dts:25.400 pts:25.442
2025-08-23 16:45:05.098 T:4091 debug : CAMLCodec::PollFrame elapsed:33.265ms
2025-08-23 16:45:05.100 T:4326 debug : CAMLCodec::DequeueBuffer: pts:25.234 idx:605
2025-08-23 16:45:05.100 T:4326 debug : CAMLCodec::GetPicture: index: 605, pts: 25.234, dur:42.000ms ar:1.78 elf:41ms
2025-08-23 16:45:05.100 T:4326 debug : CVideoPlayerVideo::OutputPicture - ttd:352ms pts:25.234 Clock:24.881 Level:5
2025-08-23 16:45:05.101 T:4326 debug : CAMLCodec::DequeueBuffer: pts:25.275 idx:606
2025-08-23 16:45:05.101 T:4326 debug : CAMLCodec::GetPicture: index: 606, pts: 25.275, dur:41.000ms ar:1.78 elf:1ms
2025-08-23 16:45:05.102 T:4326 debug : CVideoPlayerVideo::OutputPicture - ttd:392ms pts:25.275 Clock:24.883 Level:6
2025-08-23 16:45:05.103 T:4326 debug : CAMLCodec::DequeueBuffer: pts:25.317 idx:607
2025-08-23 16:45:05.103 T:4326 debug : CAMLCodec::GetPicture: index: 607, pts: 25.317, dur:42.000ms ar:1.78 elf:1ms
2025-08-23 16:45:05.105 T:4091 debug : PrepareNextRender: frameOnScreen: 24.886 renderPts: 25.046 nextFramePts: 25.025 -> diff: 0.021 render: 1 forceNext: 0
2025-08-23 16:45:05.105 T:4326 debug : CVideoPlayerVideo::OutputPicture - ttd:433ms pts:25.317 Clock:24.884 Level:6
2025-08-23 16:45:05.105 T:4091 debug : CAMLCodec::ReleaseFrame idx:600, drop:0
2025-08-23 16:45:05.106 T:4326 debug : CAMLCodec::DequeueBuffer: pts:25.359 idx:608
2025-08-23 16:45:05.106 T:4326 debug : CAMLCodec::GetPicture: index: 608, pts: 25.359, dur:42.000ms ar:1.78 elf:3ms
2025-08-23 16:45:05.140 T:4091 debug : CAMLCodec::PollFrame elapsed:34.425ms
2025-08-23 16:45:05.146 T:4327 debug : CVideoPlayerAudio::OutputPacket: pts:25.727 curr_pts:24.903 clock:24.927 level:100
2025-08-23 16:45:05.148 T:4091 debug : PrepareNextRender: frameOnScreen: 24.929 renderPts: 25.089 nextFramePts: 25.067 -> diff: 0.022 render: 1 forceNext: 0
2025-08-23 16:45:05.148 T:4326 debug : CVideoPlayerVideo::OutputPicture - ttd:471ms pts:25.359 Clock:24.887 Level:6
2025-08-23 16:45:05.148 T:4091 debug : CAMLCodec::ReleaseFrame idx:601, drop:0
2025-08-23 16:45:05.152 T:4326 debug : CAMLCodec::AddData: dl:771456 fl:5323392 sz:174003(174080) lv:12.7% dts:25.442 pts:25.525
2025-08-23 16:45:05.154 T:4323 debug : CVideoPlayer::ProcessVideoData size:197547 dts:35.160 pts:35.244 dur:41.000ms, clock:24.935 level:100
2025-08-23 16:45:05.155 T:4323 debug : CVideoPlayer::ProcessVideoData size:137281 dts:35.202 pts:35.202 dur:41.000ms, clock:24.936 level:100
2025-08-23 16:45:05.156 T:4323 debug : CVideoPlayer::ProcessVideoData size:169053 dts:35.244 pts:35.327 dur:41.000ms, clock:24.937 level:100
2025-08-23 16:45:05.157 T:4323 debug : CVideoPlayer::ProcessAudioData size:8151 dts:35.387 pts:35.387 dur:92.000ms, clock:24.938 drop:0 level:100
2025-08-23 16:45:05.157 T:4323 debug : CVideoPlayer::ProcessAudioData size:8086 dts:35.479 pts:35.479 dur:92.000ms, clock:24.938 drop:0 level:100
2025-08-23 16:45:05.160 T:4323 debug : CVideoPlayer::ProcessVideoData size:428205 dts:35.285 pts:35.494 dur:41.000ms, clock:24.941 level:100
2025-08-23 16:45:05.161 T:4326 debug : CAMLCodec::AddData: dl:1022656 fl:5072192 sz:542702(542784) lv:16.8% dts:25.484 pts:25.776
2025-08-23 16:45:05.182 T:4091 debug : CAMLCodec::PollFrame elapsed:33.403ms
2025-08-23 16:45:05.191 T:4091 debug : PrepareNextRender: frameOnScreen: 24.972 renderPts: 25.131 nextFramePts: 25.108 -> diff: 0.023 render: 1 forceNext: 0
2025-08-23 16:45:05.191 T:4091 debug : CAMLCodec::ReleaseFrame idx:602, drop:0
2025-08-23 16:45:05.223 T:4091 debug : CAMLCodec::PollFrame elapsed:32.057ms
2025-08-23 16:45:05.231 T:4091 debug : PrepareNextRender: frameOnScreen: 25.011 renderPts: 25.171 nextFramePts: 25.150 -> diff: 0.021 render: 1 forceNext: 0
2025-08-23 16:45:05.231 T:4091 debug : CAMLCodec::ReleaseFrame idx:603, drop:0
2025-08-23 16:45:05.247 T:4327 debug : CVideoPlayerAudio::OutputPacket: pts:25.821 curr_pts:25.004 clock:25.027 level:100
2025-08-23 16:45:05.265 T:4091 debug : CAMLCodec::PollFrame elapsed:34.161ms
2025-08-23 16:45:05.268 T:4326 debug : CAMLCodec::DequeueBuffer: pts:25.400 idx:609
2025-08-23 16:45:05.268 T:4326 debug : CAMLCodec::GetPicture: index: 609, pts: 25.400, dur:41.000ms ar:1.78 elf:161ms
2025-08-23 16:45:05.268 T:4326 debug : CVideoPlayerVideo::OutputPicture - ttd:351ms pts:25.400 Clock:25.049 Level:5
2025-08-23 16:45:05.271 T:4091 debug : PrepareNextRender: frameOnScreen: 25.052 renderPts: 25.212 nextFramePts: 25.192 -> diff: 0.020 render: 1 forceNext: 0
2025-08-23 16:45:05.271 T:4091 debug : CAMLCodec::ReleaseFrame idx:604, drop:0
2025-08-23 16:45:05.278 T:4326 debug : CAMLCodec::AddData: dl:848064 fl:5246784 sz:305209(305280) lv:13.9% dts:25.525 pts:25.692
2025-08-23 16:45:05.283 T:4323 debug : CVideoPlayer::ProcessVideoData size:244105 dts:35.327 pts:35.452 dur:41.000ms, clock:25.064 level:100
2025-08-23 16:45:05.307 T:4091 debug : CAMLCodec::PollFrame elapsed:35.520ms
2025-08-23 16:45:05.309 T:4326 debug : CAMLCodec::DequeueBuffer: pts:25.442 idx:610
2025-08-23 16:45:05.309 T:4326 debug : CAMLCodec::GetPicture: index: 610, pts: 25.442, dur:42.000ms ar:1.78 elf:40ms
2025-08-23 16:45:05.309 T:4326 debug : CVideoPlayerVideo::OutputPicture - ttd:352ms pts:25.442 Clock:25.090 Level:5
2025-08-23 16:45:05.313 T:4091 debug : PrepareNextRender: frameOnScreen: 25.093 renderPts: 25.253 nextFramePts: 25.234 -> diff: 0.019 render: 1 forceNext: 0
2025-08-23 16:45:05.313 T:4091 debug : CAMLCodec::ReleaseFrame idx:605, drop:0
2025-08-23 16:45:05.324 T:4323 debug : CVideoPlayer::ProcessVideoData size:222749 dts:35.369 pts:35.410 dur:41.000ms, clock:25.105 level:100
2025-08-23 16:45:05.327 T:4326 debug : CAMLCodec::AddData: dl:553792 fl:5541056 sz:248419(248512) lv:9.1% dts:25.567 pts:25.651
2025-08-23 16:45:05.330 T:4326 debug : CAMLCodec::AddData: dl:714880 fl:5379968 sz:160976(161088) lv:11.7% dts:25.609 pts:25.609
2025-08-23 16:45:05.347 T:4327 debug : CVideoPlayerAudio::OutputPacket: pts:25.913 curr_pts:25.105 clock:25.128 level:100
2025-08-23 16:45:05.348 T:4091 debug : CAMLCodec::PollFrame elapsed:35.521ms
2025-08-23 16:45:05.349 T:4326 debug : CAMLCodec::DequeueBuffer: pts:25.484 idx:611
2025-08-23 16:45:05.349 T:4326 debug : CAMLCodec::GetPicture: index: 611, pts: 25.484, dur:42.000ms ar:1.78 elf:40ms
2025-08-23 16:45:05.349 T:4326 debug : CVideoPlayerVideo::OutputPicture - ttd:353ms pts:25.484 Clock:25.130 Level:5
2025-08-23 16:45:05.356 T:4091 debug : PrepareNextRender: frameOnScreen: 25.137 renderPts: 25.297 nextFramePts: 25.275 -> diff: 0.022 render: 1 forceNext: 0
2025-08-23 16:45:05.356 T:4091 debug : CAMLCodec::ReleaseFrame idx:606, drop:0
2025-08-23 16:45:05.361 T:4326 debug : CAMLCodec::AddData: dl:597632 fl:5497216 sz:187947(188032) lv:9.8% dts:25.651 pts:25.734
2025-08-23 16:45:05.364 T:4326 debug : CAMLCodec::AddData: dl:1078016 fl:5016832 sz:480293(480384) lv:17.7% dts:25.692 pts:25.943
2025-08-23 16:45:05.368 T:4323 debug : CVideoPlayer::ProcessVideoData size:656305 dts:35.410 pts:35.535 dur:41.000ms, clock:25.149 level:100
2025-08-23 16:45:05.390 T:4091 debug : CAMLCodec::PollFrame elapsed:33.947ms
2025-08-23 16:45:05.393 T:4326 debug : CAMLCodec::DequeueBuffer: pts:25.525 idx:612
2025-08-23 16:45:05.393 T:4326 debug : CAMLCodec::GetPicture: index: 612, pts: 25.525, dur:41.000ms ar:1.78 elf:43ms
2025-08-23 16:45:05.393 T:4326 debug : CVideoPlayerVideo::OutputPicture - ttd:351ms pts:25.525 Clock:25.174 Level:5
2025-08-23 16:45:05.402 T:4091 debug : PrepareNextRender: frameOnScreen: 25.183 renderPts: 25.343 nextFramePts: 25.317 -> diff: 0.026 render: 1 forceNext: 0
2025-08-23 16:45:05.403 T:4091 debug : CAMLCodec::ReleaseFrame idx:607, drop:0
2025-08-23 16:45:05.432 T:4091 debug : CAMLCodec::PollFrame elapsed:29.110ms
2025-08-23 16:45:05.432 T:4326 debug : CAMLCodec::DequeueBuffer: pts:25.567 idx:613
2025-08-23 16:45:05.433 T:4326 debug : CAMLCodec::GetPicture: index: 613, pts: 25.567, dur:42.000ms ar:1.78 elf:39ms
2025-08-23 16:45:05.433 T:4326 debug : CVideoPlayerVideo::OutputPicture - ttd:353ms pts:25.567 Clock:25.214 Level:5
2025-08-23 16:45:05.440 T:4091 debug : PrepareNextRender: frameOnScreen: 25.221 renderPts: 25.381 nextFramePts: 25.359 -> diff: 0.022 render: 1 forceNext: 0
2025-08-23 16:45:05.440 T:4091 debug : CAMLCodec::ReleaseFrame idx:608, drop:0
2025-08-23 16:45:05.447 T:4327 debug : CVideoPlayerAudio::OutputPacket: pts:26.006 curr_pts:25.204 clock:25.228 level:100
2025-08-23 16:45:05.474 T:4091 debug : CAMLCodec::PollFrame elapsed:33.401ms
2025-08-23 16:45:05.474 T:4326 debug : CAMLCodec::DequeueBuffer: pts:25.609 idx:614
2025-08-23 16:45:05.475 T:4326 debug : CAMLCodec::GetPicture: index: 614, pts: 25.609, dur:42.000ms ar:1.78 elf:41ms
2025-08-23 16:45:05.475 T:4326 debug : CVideoPlayerVideo::OutputPicture - ttd:353ms pts:25.609 Clock:25.255 Level:5
2025-08-23 16:45:05.481 T:4091 debug : PrepareNextRender: frameOnScreen: 25.262 renderPts: 25.422 nextFramePts: 25.400 -> diff: 0.022 render: 1 forceNext: 0
2025-08-23 16:45:05.482 T:4091 debug : CAMLCodec::ReleaseFrame idx:609, drop:0
2025-08-23 16:45:05.485 T:4326 debug : CAMLCodec::AddData: dl:794944 fl:5299904 sz:314436(314560) lv:13.0% dts:25.734 pts:25.859
2025-08-23 16:45:05.491 T:4323 debug : CVideoPlayer::ProcessAudioData size:8165 dts:35.573 pts:35.573 dur:92.000ms, clock:25.271 drop:0 level:100
2025-08-23 16:45:05.491 T:4323 debug : CVideoPlayer::ProcessAudioData size:8250 dts:35.665 pts:35.665 dur:92.000ms, clock:25.272 drop:0 level:100
2025-08-23 16:45:05.496 T:4327 debug : CVideoPlayerAudio::OutputPacket: pts:26.098 curr_pts:25.254 clock:25.277 level:100
2025-08-23 16:45:05.498 T:4323 debug : CVideoPlayer::ProcessVideoData size:500318 dts:35.452 pts:35.744 dur:41.000ms, clock:25.279 level:100
2025-08-23 16:45:05.515 T:4091 debug : CAMLCodec::PollFrame elapsed:33.618ms
2025-08-23 16:45:05.517 T:4326 debug : CAMLCodec::DequeueBuffer: pts:25.651 idx:615
2025-08-23 16:45:05.518 T:4326 debug : CAMLCodec::GetPicture: index: 615, pts: 25.651, dur:42.000ms ar:1.78 elf:42ms
2025-08-23 16:45:05.518 T:4326 debug : CVideoPlayerVideo::OutputPicture - ttd:352ms pts:25.651 Clock:25.299 Level:5
2025-08-23 16:45:05.525 T:4091 debug : PrepareNextRender: frameOnScreen: 25.306 renderPts: 25.466 nextFramePts: 25.442 -> diff: 0.024 render: 1 forceNext: 0
2025-08-23 16:45:05.525 T:4091 debug : CAMLCodec::ReleaseFrame idx:610, drop:0
2025-08-23 16:45:05.534 T:4326 debug : CAMLCodec::AddData: dl:548224 fl:5546624 sz:233571(233664) lv:9.0% dts:25.776 pts:25.817
2025-08-23 16:45:05.536 T:4326 debug : CAMLCodec::AddData: dl:792704 fl:5302144 sz:244369(244480) lv:13.0% dts:25.817 pts:25.901
2025-08-23 16:45:05.541 T:4323 debug : CVideoPlayer::ProcessVideoData size:369404 dts:35.494 pts:35.661 dur:41.000ms, clock:25.322 level:100
2025-08-23 16:45:05.557 T:4091 debug : CAMLCodec::PollFrame elapsed:31.824ms
2025-08-23 16:45:05.559 T:4326 debug : CAMLCodec::DequeueBuffer: pts:25.692 idx:616
2025-08-23 16:45:05.559 T:4326 debug : CAMLCodec::GetPicture: index: 616, pts: 25.692, dur:41.000ms ar:1.78 elf:40ms
2025-08-23 16:45:05.559 T:4326 debug : CVideoPlayerVideo::OutputPicture - ttd:351ms pts:25.692 Clock:25.340 Level:5
2025-08-23 16:45:05.569 T:4091 debug : PrepareNextRender: frameOnScreen: 25.350 renderPts: 25.510 nextFramePts: 25.484 -> diff: 0.026 render: 1 forceNext: 0
2025-08-23 16:45:05.569 T:4091 debug : CAMLCodec::ReleaseFrame idx:611, drop:0
2025-08-23 16:45:05.571 T:4326 debug : CAMLCodec::AddData: dl:796160 fl:5298688 sz:317937(318016) lv:13.1% dts:25.859 pts:26.151
2025-08-23 16:45:05.573 T:4323 debug : CVideoPlayer::ProcessVideoData size:307496 dts:35.535 pts:35.619 dur:41.000ms, clock:25.353 level:100
2025-08-23 16:45:05.596 T:4327 debug : CVideoPlayerAudio::OutputPacket: pts:26.192 curr_pts:25.353 clock:25.377 level:100
2025-08-23 16:45:05.599 T:4091 debug : CAMLCodec::PollFrame elapsed:29.208ms
2025-08-23 16:45:05.600 T:4326 debug : CAMLCodec::DequeueBuffer: pts:25.734 idx:617
2025-08-23 16:45:05.600 T:4326 debug : CAMLCodec::GetPicture: index: 617, pts: 25.734, dur:42.000ms ar:1.78 elf:41ms
2025-08-23 16:45:05.601 T:4326 debug : CVideoPlayerVideo::OutputPicture - ttd:352ms pts:25.734 Clock:25.381 Level:5
2025-08-23 16:45:05.605 T:4091 debug : PrepareNextRender: frameOnScreen: 25.386 renderPts: 25.546 nextFramePts: 25.525 -> diff: 0.021 render: 1 forceNext: 0
2025-08-23 16:45:05.606 T:4091 debug : CAMLCodec::ReleaseFrame idx:612, drop:0
2025-08-23 16:45:05.611 T:4326 debug : CAMLCodec::AddData: dl:815232 fl:5279616 sz:252609(252736) lv:13.4% dts:25.901 pts:26.068
2025-08-23 16:45:05.614 T:4323 debug : CVideoPlayer::ProcessVideoData size:268227 dts:35.577 pts:35.577 dur:41.000ms, clock:25.395 level:100
2025-08-23 16:45:05.640 T:4091 debug : CAMLCodec::PollFrame elapsed:34.763ms
2025-08-23 16:45:05.644 T:4326 debug : CAMLCodec::DequeueBuffer: pts:25.776 idx:618
2025-08-23 16:45:05.644 T:4326 debug : CAMLCodec::GetPicture: index: 618, pts: 25.776, dur:42.000ms ar:1.78 elf:43ms
2025-08-23 16:45:05.644 T:4326 debug : CVideoPlayerVideo::OutputPicture - ttd:350ms pts:25.776 Clock:25.425 Level:5
2025-08-23 16:45:05.648 T:4091 debug : PrepareNextRender: frameOnScreen: 25.429 renderPts: 25.589 nextFramePts: 25.567 -> diff: 0.022 render: 1 forceNext: 0
2025-08-23 16:45:05.648 T:4091 debug : CAMLCodec::ReleaseFrame idx:613, drop:0
2025-08-23 16:45:05.653 T:4326 debug : CAMLCodec::AddData: dl:815808 fl:5279040 sz:244939(245056) lv:13.4% dts:25.943 pts:26.026
2025-08-23 16:45:05.656 T:4323 debug : CVideoPlayer::ProcessVideoData size:291190 dts:35.619 pts:35.702 dur:41.000ms, clock:25.437 level:100
2025-08-23 16:45:05.682 T:4091 debug : CAMLCodec::PollFrame elapsed:33.562ms
2025-08-23 16:45:05.684 T:4326 debug : CAMLCodec::DequeueBuffer: pts:25.817 idx:619
2025-08-23 16:45:05.684 T:4326 debug : CAMLCodec::GetPicture: index: 619, pts: 25.817, dur:41.000ms ar:1.78 elf:39ms
2025-08-23 16:45:05.684 T:4326 debug : CVideoPlayerVideo::OutputPicture - ttd:352ms pts:25.817 Clock:25.465 Level:5
2025-08-23 16:45:05.691 T:4091 debug : PrepareNextRender: frameOnScreen: 25.471 renderPts: 25.631 nextFramePts: 25.609 -> diff: 0.022 render: 1 forceNext: 0
2025-08-23 16:45:05.691 T:4091 debug : CAMLCodec::ReleaseFrame idx:614, drop:0
2025-08-23 16:45:05.696 T:4327 debug : CVideoPlayerAudio::OutputPacket: pts:26.284 curr_pts:25.454 clock:25.477 level:100
2025-08-23 16:45:05.697 T:4323 debug : CVideoPlayer::ProcessAudioData size:8379 dts:35.759 pts:35.759 dur:92.000ms, clock:25.478 drop:0 level:100
2025-08-23 16:45:05.698 T:4323 debug : CVideoPlayer::ProcessAudioData size:8430 dts:35.851 pts:35.851 dur:92.000ms, clock:25.478 drop:0 level:100
2025-08-23 16:45:05.701 T:4323 debug : CVideoPlayer::ProcessVideoData size:545606 dts:35.661 pts:35.869 dur:41.000ms, clock:25.482 level:100
2025-08-23 16:45:05.702 T:4326 debug : CAMLCodec::AddData: dl:668608 fl:5426240 sz:170749(170816) lv:11.0% dts:25.984 pts:25.984
2025-08-23 16:45:05.724 T:4091 debug : CAMLCodec::PollFrame elapsed:32.906ms
2025-08-23 16:45:05.726 T:4326 debug : CAMLCodec::DequeueBuffer: pts:25.859 idx:620
2025-08-23 16:45:05.726 T:4326 debug : CAMLCodec::GetPicture: index: 620, pts: 25.859, dur:42.000ms ar:1.78 elf:42ms
2025-08-23 16:45:05.726 T:4326 debug : CVideoPlayerVideo::OutputPicture - ttd:351ms pts:25.859 Clock:25.507 Level:5
2025-08-23 16:45:05.734 T:4091 debug : PrepareNextRender: frameOnScreen: 25.515 renderPts: 25.675 nextFramePts: 25.651 -> diff: 0.024 render: 1 forceNext: 0
2025-08-23 16:45:05.734 T:4091 debug : CAMLCodec::ReleaseFrame idx:615, drop:0
2025-08-23 16:45:05.738 T:4326 debug : CAMLCodec::AddData: dl:592832 fl:5502016 sz:176888(176960) lv:9.7% dts:26.026 pts:26.109
2025-08-23 16:45:05.741 T:4326 debug : CAMLCodec::AddData: dl:946944 fl:5147904 sz:354041(354112) lv:15.5% dts:26.068 pts:26.360
2025-08-23 16:45:05.766 T:4091 debug : CAMLCodec::PollFrame elapsed:30.972ms
2025-08-23 16:45:05.768 T:4326 debug : CAMLCodec::DequeueBuffer: pts:25.901 idx:621
2025-08-23 16:45:05.768 T:4326 debug : CAMLCodec::GetPicture: index: 621, pts: 25.901, dur:42.000ms ar:1.78 elf:41ms
2025-08-23 16:45:05.768 T:4326 debug : CVideoPlayerVideo::OutputPicture - ttd:352ms pts:25.901 Clock:25.549 Level:5
2025-08-23 16:45:05.773 T:4091 debug : PrepareNextRender: frameOnScreen: 25.554 renderPts: 25.714 nextFramePts: 25.692 -> diff: 0.022 render: 1 forceNext: 0
2025-08-23 16:45:05.773 T:4091 debug : CAMLCodec::ReleaseFrame idx:616, drop:0
2025-08-23 16:45:05.797 T:4327 debug : CVideoPlayerAudio::OutputPacket: pts:26.378 curr_pts:25.553 clock:25.577 level:100
2025-08-23 16:45:05.807 T:4091 debug : CAMLCodec::PollFrame elapsed:33.667ms
2025-08-23 16:45:05.810 T:4326 debug : CAMLCodec::DequeueBuffer: pts:25.943 idx:622
2025-08-23 16:45:05.810 T:4326 debug : CAMLCodec::GetPicture: index: 622, pts: 25.943, dur:42.000ms ar:1.78 elf:41ms
2025-08-23 16:45:05.810 T:4326 debug : CVideoPlayerVideo::OutputPicture - ttd:352ms pts:25.943 Clock:25.591 Level:5
2025-08-23 16:45:05.815 T:4091 debug : PrepareNextRender: frameOnScreen: 25.596 renderPts: 25.755 nextFramePts: 25.734 -> diff: 0.021 render: 1 forceNext: 0
2025-08-23 16:45:05.815 T:4091 debug : CAMLCodec::ReleaseFrame idx:617, drop:0
2025-08-23 16:45:05.821 T:4326 debug : CAMLCodec::AddData: dl:796928 fl:5297920 sz:265743(265856) lv:13.1% dts:26.109 pts:26.276
2025-08-23 16:45:05.824 T:4323 debug : CVideoPlayer::ProcessVideoData size:234311 dts:35.702 pts:35.827 dur:41.000ms, clock:25.604 level:100
2025-08-23 16:45:05.825 T:4323 debug : CVideoPlayer::ProcessVideoData size:365120 dts:35.744 pts:35.786 dur:41.000ms, clock:25.606 level:100
2025-08-23 16:45:05.849 T:4091 debug : CAMLCodec::PollFrame elapsed:33.862ms
2025-08-23 16:45:05.850 T:4326 debug : CAMLCodec::DequeueBuffer: pts:25.984 idx:623
2025-08-23 16:45:05.850 T:4326 debug : CAMLCodec::GetPicture: index: 623, pts: 25.984, dur:41.000ms ar:1.78 elf:40ms
2025-08-23 16:45:05.850 T:4326 debug : CVideoPlayerVideo::OutputPicture - ttd:352ms pts:25.984 Clock:25.631 Level:5
2025-08-23 16:45:05.856 T:4091 debug : PrepareNextRender: frameOnScreen: 25.637 renderPts: 25.797 nextFramePts: 25.776 -> diff: 0.021 render: 1 forceNext: 0
2025-08-23 16:45:05.856 T:4091 debug : CAMLCodec::ReleaseFrame idx:618, drop:0
2025-08-23 16:45:05.891 T:4091 debug : CAMLCodec::PollFrame elapsed:34.154ms
2025-08-23 16:45:05.892 T:4326 debug : CAMLCodec::DequeueBuffer: pts:26.026 idx:624
2025-08-23 16:45:05.892 T:4326 debug : CAMLCodec::GetPicture: index: 624, pts: 26.026, dur:42.000ms ar:1.78 elf:41ms
2025-08-23 16:45:05.892 T:4326 debug : CVideoPlayerVideo::OutputPicture - ttd:352ms pts:26.026 Clock:25.673 Level:5
2025-08-23 16:45:05.897 T:4327 debug : CVideoPlayerAudio::OutputPacket: pts:26.471 curr_pts:25.655 clock:25.678 level:100
2025-08-23 16:45:05.899 T:4091 debug : PrepareNextRender: frameOnScreen: 25.680 renderPts: 25.840 nextFramePts: 25.817 -> diff: 0.023 render: 1 forceNext: 0
2025-08-23 16:45:05.899 T:4091 debug : CAMLCodec::ReleaseFrame idx:619, drop:0
2025-08-23 16:45:05.906 T:4326 debug : CAMLCodec::AddData: dl:508224 fl:5586624 sz:242259(242368) lv:8.3% dts:26.151 pts:26.235
2025-08-23 16:45:05.909 T:4326 debug : CAMLCodec::AddData: dl:686592 fl:5408256 sz:178278(178368) lv:11.3% dts:26.193 pts:26.193
2025-08-23 16:45:05.918 T:4323 debug : CVideoPlayer::ProcessAudioData size:8373 dts:35.944 pts:35.944 dur:92.000ms, clock:25.699 drop:0 level:100
2025-08-23 16:45:05.919 T:4323 debug : CVideoPlayer::ProcessAudioData size:8240 dts:36.036 pts:36.036 dur:92.000ms, clock:25.699 drop:0 level:100
2025-08-23 16:45:05.923 T:4323 debug : CVideoPlayer::ProcessVideoData size:454882 dts:35.786 pts:36.078 dur:41.000ms, clock:25.704 level:100
2025-08-23 16:45:05.932 T:4091 debug : CAMLCodec::PollFrame elapsed:32.941ms
2025-08-23 16:45:05.935 T:4326 debug : CAMLCodec::DequeueBuffer: pts:26.068 idx:625
2025-08-23 16:45:05.935 T:4326 debug : CAMLCodec::GetPicture: index: 625, pts: 26.068, dur:42.000ms ar:1.78 elf:42ms
2025-08-23 16:45:05.935 T:4326 debug : CVideoPlayerVideo::OutputPicture - ttd:352ms pts:26.068 Clock:25.716 Level:5
2025-08-23 16:45:05.940 T:4091 debug : PrepareNextRender: frameOnScreen: 25.720 renderPts: 25.880 nextFramePts: 25.859 -> diff: 0.021 render: 1 forceNext: 0
2025-08-23 16:45:05.940 T:4091 debug : CAMLCodec::ReleaseFrame idx:620, drop:0
2025-08-23 16:45:05.947 T:4326 debug : CAMLCodec::AddData: dl:600320 fl:5494528 sz:179495(179584) lv:9.8% dts:26.235 pts:26.318
2025-08-23 16:45:05.950 T:4326 debug : CAMLCodec::AddData: dl:899968 fl:5194880 sz:299581(299648) lv:14.8% dts:26.276 pts:26.401
2025-08-23 16:45:05.955 T:4323 debug : CVideoPlayer::ProcessVideoData size:326065 dts:35.827 pts:35.994 dur:41.000ms, clock:25.736 level:100
2025-08-23 16:45:05.974 T:4091 debug : CAMLCodec::PollFrame elapsed:34.208ms
2025-08-23 16:45:05.976 T:4326 debug : CAMLCodec::DequeueBuffer: pts:26.109 idx:626
2025-08-23 16:45:05.976 T:4326 debug : CAMLCodec::GetPicture: index: 626, pts: 26.109, dur:41.000ms ar:1.78 elf:40ms
2025-08-23 16:45:05.977 T:4326 debug : CVideoPlayerVideo::OutputPicture - ttd:351ms pts:26.109 Clock:25.757 Level:5
2025-08-23 16:45:05.984 T:4091 debug : PrepareNextRender: frameOnScreen: 25.765 renderPts: 25.925 nextFramePts: 25.901 -> diff: 0.024 render: 1 forceNext: 0
2025-08-23 16:45:05.985 T:4091 debug : CAMLCodec::ReleaseFrame idx:621, drop:0
2025-08-23 16:45:05.997 T:4327 debug : CVideoPlayerAudio::OutputPacket: pts:26.563 curr_pts:25.755 clock:25.778 level:100
2025-08-23 16:45:06.016 T:4091 debug : CAMLCodec::PollFrame elapsed:31.000ms
2025-08-23 16:45:06.017 T:4326 debug : CAMLCodec::DequeueBuffer: pts:26.151 idx:627
2025-08-23 16:45:06.017 T:4326 debug : CAMLCodec::GetPicture: index: 627, pts: 26.151, dur:42.000ms ar:1.78 elf:40ms
2025-08-23 16:45:06.017 T:4326 debug : CVideoPlayerVideo::OutputPicture - ttd:352ms pts:26.151 Clock:25.798 Level:5
2025-08-23 16:45:06.022 T:4091 debug : PrepareNextRender: frameOnScreen: 25.803 renderPts: 25.962 nextFramePts: 25.943 -> diff: 0.019 render: 1 forceNext: 0
2025-08-23 16:45:06.023 T:4091 debug : CAMLCodec::ReleaseFrame idx:622, drop:0
2025-08-23 16:45:06.027 T:4323 debug : CVideoPlayer::ProcessVideoData size:317330 dts:35.869 pts:35.953 dur:41.000ms, clock:25.808 level:100
2025-08-23 16:45:06.028 T:4326 debug : CAMLCodec::AddData: dl:797632 fl:5297216 sz:318289(318400) lv:13.1% dts:26.318 pts:26.610
2025-08-23 16:45:06.058 T:4091 debug : CAMLCodec::PollFrame elapsed:34.830ms
2025-08-23 16:45:06.060 T:4326 debug : CAMLCodec::DequeueBuffer: pts:26.193 idx:628
2025-08-23 16:45:06.060 T:4326 debug : CAMLCodec::GetPicture: index: 628, pts: 26.193, dur:42.000ms ar:1.78 elf:42ms
2025-08-23 16:45:06.060 T:4326 debug : CVideoPlayerVideo::OutputPicture - ttd:352ms pts:26.193 Clock:25.841 Level:5
2025-08-23 16:45:06.066 T:4091 debug : PrepareNextRender: frameOnScreen: 25.846 renderPts: 26.005 nextFramePts: 25.984 -> diff: 0.021 render: 1 forceNext: 0
2025-08-23 16:45:06.066 T:4091 debug : CAMLCodec::ReleaseFrame idx:623, drop:0
2025-08-23 16:45:06.097 T:4327 debug : CVideoPlayerAudio::OutputPacket: pts:26.657 curr_pts:25.854 clock:25.878 level:100
2025-08-23 16:45:06.099 T:4091 debug : CAMLCodec::PollFrame elapsed:33.340ms
2025-08-23 16:45:06.101 T:4326 debug : CAMLCodec::DequeueBuffer: pts:26.235 idx:629
2025-08-23 16:45:06.101 T:4326 debug : CAMLCodec::GetPicture: index: 629, pts: 26.235, dur:42.000ms ar:1.78 elf:40ms
2025-08-23 16:45:06.101 T:4326 debug : CVideoPlayerVideo::OutputPicture - ttd:353ms pts:26.235 Clock:25.882 Level:5
2025-08-23 16:45:06.102 T:4326 debug : CAMLCodec::DequeueBuffer: pts:26.276 idx:630
2025-08-23 16:45:06.102 T:4326 debug : CAMLCodec::GetPicture: index: 630, pts: 26.276, dur:41.000ms ar:1.78 elf:1ms
2025-08-23 16:45:06.102 T:4326 debug : CVideoPlayerVideo::OutputPicture - ttd:393ms pts:26.276 Clock:25.883 Level:6
2025-08-23 16:45:06.103 T:4326 debug : CAMLCodec::DequeueBuffer: pts:26.318 idx:631
2025-08-23 16:45:06.103 T:4326 debug : CAMLCodec::GetPicture: index: 631, pts: 26.318, dur:42.000ms ar:1.78 elf:1ms
2025-08-23 16:45:06.107 T:4091 debug : PrepareNextRender: frameOnScreen: 25.888 renderPts: 26.046 nextFramePts: 26.026 -> diff: 0.020 render: 1 forceNext: 0
2025-08-23 16:45:06.107 T:4326 debug : CVideoPlayerVideo::OutputPicture - ttd:433ms pts:26.318 Clock:25.884 Level:6
2025-08-23 16:45:06.107 T:4091 debug : CAMLCodec::ReleaseFrame idx:624, drop:0
2025-08-23 16:45:06.109 T:4326 debug : CAMLCodec::DequeueBuffer: pts:26.360 idx:632
2025-08-23 16:45:06.109 T:4326 debug : CAMLCodec::GetPicture: index: 632, pts: 26.360, dur:42.000ms ar:1.78 elf:5ms
2025-08-23 16:45:06.141 T:4091 debug : CAMLCodec::PollFrame elapsed:33.419ms
2025-08-23 16:45:06.147 T:4327 debug : CVideoPlayerAudio::OutputPacket: pts:26.749 curr_pts:25.905 clock:25.928 level:100
2025-08-23 16:45:06.149 T:4091 debug : PrepareNextRender: frameOnScreen: 25.929 renderPts: 26.088 nextFramePts: 26.068 -> diff: 0.020 render: 1 forceNext: 0
2025-08-23 16:45:06.149 T:4326 debug : CVideoPlayerVideo::OutputPicture - ttd:470ms pts:26.360 Clock:25.889 Level:6
2025-08-23 16:45:06.149 T:4091 debug : CAMLCodec::ReleaseFrame idx:625, drop:0
2025-08-23 16:45:06.153 T:4326 debug : CAMLCodec::AddData: dl:564160 fl:5530688 sz:245662(245760) lv:9.3% dts:26.360 pts:26.526
2025-08-23 16:45:06.155 T:4326 debug : CAMLCodec::AddData: dl:465088 fl:5629760 sz:219238(219328) lv:7.6% dts:26.401 pts:26.485
2025-08-23 16:45:06.158 T:4326 debug : CAMLCodec::AddData: dl:616064 fl:5478784 sz:150873(150976) lv:10.1% dts:26.443 pts:26.443
2025-08-23 16:45:06.160 T:4323 debug : CVideoPlayer::ProcessVideoData size:229637 dts:35.911 pts:35.911 dur:41.000ms, clock:25.940 level:100
2025-08-23 16:45:06.161 T:4323 debug : CVideoPlayer::ProcessVideoData size:231711 dts:35.953 pts:36.036 dur:41.000ms, clock:25.941 level:100
2025-08-23 16:45:06.183 T:4091 debug : CAMLCodec::PollFrame elapsed:33.692ms
2025-08-23 16:45:06.190 T:4091 debug : PrepareNextRender: frameOnScreen: 25.970 renderPts: 26.129 nextFramePts: 26.109 -> diff: 0.020 render: 1 forceNext: 0
2025-08-23 16:45:06.190 T:4091 debug : CAMLCodec::ReleaseFrame idx:626, drop:0
2025-08-23 16:45:06.197 T:4326 debug : CAMLCodec::AddData: dl:535232 fl:5559616 sz:164827(164928) lv:8.8% dts:26.485 pts:26.568
2025-08-23 16:45:06.200 T:4326 debug : CAMLCodec::AddData: dl:866240 fl:5228608 sz:330934(331008) lv:14.2% dts:26.526 pts:26.818
2025-08-23 16:45:06.203 T:4323 debug : CVideoPlayer::ProcessAudioData size:8207 dts:36.130 pts:36.130 dur:92.000ms, clock:25.983 drop:0 level:100
2025-08-23 16:45:06.203 T:4323 debug : CVideoPlayer::ProcessAudioData size:8012 dts:36.222 pts:36.222 dur:92.000ms, clock:25.983 drop:0 level:100
2025-08-23 16:45:06.207 T:4323 debug : CVideoPlayer::ProcessVideoData size:540338 dts:35.994 pts:36.245 dur:41.000ms, clock:25.988 level:100
2025-08-23 16:45:06.224 T:4091 debug : CAMLCodec::PollFrame elapsed:34.665ms
2025-08-23 16:45:06.235 T:4091 debug : PrepareNextRender: frameOnScreen: 26.016 renderPts: 26.175 nextFramePts: 26.151 -> diff: 0.024 render: 1 forceNext: 0
2025-08-23 16:45:06.236 T:4091 debug : CAMLCodec::ReleaseFrame idx:627, drop:0
2025-08-23 16:45:06.247 T:4327 debug : CVideoPlayerAudio::OutputPacket: pts:26.842 curr_pts:26.004 clock:26.027 level:100
2025-08-23 16:45:06.266 T:4091 debug : CAMLCodec::PollFrame elapsed:30.069ms
2025-08-23 16:45:06.269 T:4326 debug : CAMLCodec::DequeueBuffer: pts:26.401 idx:633
2025-08-23 16:45:06.269 T:4326 debug : CAMLCodec::GetPicture: index: 633, pts: 26.401, dur:41.000ms ar:1.78 elf:160ms
2025-08-23 16:45:06.269 T:4326 debug : CVideoPlayerVideo::OutputPicture - ttd:351ms pts:26.401 Clock:26.050 Level:5
2025-08-23 16:45:06.272 T:4091 debug : PrepareNextRender: frameOnScreen: 26.053 renderPts: 26.212 nextFramePts: 26.193 -> diff: 0.019 render: 1 forceNext: 0
2025-08-23 16:45:06.273 T:4091 debug : CAMLCodec::ReleaseFrame idx:628, drop:0
2025-08-23 16:45:06.279 T:4323 debug : CVideoPlayer::ProcessVideoData size:304297 dts:36.036 pts:36.161 dur:41.000ms, clock:26.060 level:100
2025-08-23 16:45:06.279 T:4326 debug : CAMLCodec::AddData: dl:750656 fl:5344192 sz:254652(254720) lv:12.3% dts:26.568 pts:26.735
2025-08-23 16:45:06.308 T:4091 debug : CAMLCodec::PollFrame elapsed:35.176ms
2025-08-23 16:45:06.309 T:4326 debug : CAMLCodec::DequeueBuffer: pts:26.443 idx:634
2025-08-23 16:45:06.309 T:4326 debug : CAMLCodec::GetPicture: index: 634, pts: 26.443, dur:42.000ms ar:1.78 elf:39ms
2025-08-23 16:45:06.309 T:4326 debug : CVideoPlayerVideo::OutputPicture - ttd:353ms pts:26.443 Clock:26.090 Level:5
2025-08-23 16:45:06.315 T:4091 debug : PrepareNextRender: frameOnScreen: 26.095 renderPts: 26.254 nextFramePts: 26.235 -> diff: 0.019 render: 1 forceNext: 0
2025-08-23 16:45:06.315 T:4091 debug : CAMLCodec::ReleaseFrame idx:629, drop:0
2025-08-23 16:45:06.321 T:4323 debug : CVideoPlayer::ProcessVideoData size:292326 dts:36.078 pts:36.119 dur:41.000ms, clock:26.101 level:100
2025-08-23 16:45:06.321 T:4326 debug : CAMLCodec::AddData: dl:833536 fl:5261312 sz:247742(247808) lv:13.7% dts:26.610 pts:26.693
2025-08-23 16:45:06.347 T:4327 debug : CVideoPlayerAudio::OutputPacket: pts:26.935 curr_pts:26.104 clock:26.127 level:100
2025-08-23 16:45:06.350 T:4091 debug : CAMLCodec::PollFrame elapsed:34.791ms
2025-08-23 16:45:06.352 T:4326 debug : CAMLCodec::DequeueBuffer: pts:26.485 idx:635
2025-08-23 16:45:06.352 T:4326 debug : CAMLCodec::GetPicture: index: 635, pts: 26.485, dur:42.000ms ar:1.78 elf:43ms
2025-08-23 16:45:06.352 T:4326 debug : CVideoPlayerVideo::OutputPicture - ttd:352ms pts:26.485 Clock:26.133 Level:5
2025-08-23 16:45:06.356 T:4091 debug : PrepareNextRender: frameOnScreen: 26.137 renderPts: 26.295 nextFramePts: 26.276 -> diff: 0.019 render: 1 forceNext: 0
2025-08-23 16:45:06.356 T:4091 debug : CAMLCodec::ReleaseFrame idx:630, drop:0
2025-08-23 16:45:06.365 T:4326 debug : CAMLCodec::AddData: dl:677568 fl:5417280 sz:174966(175040) lv:11.1% dts:26.652 pts:26.652
2025-08-23 16:45:06.391 T:4091 debug : CAMLCodec::PollFrame elapsed:34.809ms
2025-08-23 16:45:06.393 T:4326 debug : CAMLCodec::DequeueBuffer: pts:26.526 idx:636
2025-08-23 16:45:06.393 T:4326 debug : CAMLCodec::GetPicture: index: 636, pts: 26.526, dur:41.000ms ar:1.78 elf:40ms
2025-08-23 16:45:06.393 T:4326 debug : CVideoPlayerVideo::OutputPicture - ttd:352ms pts:26.526 Clock:26.174 Level:5
2025-08-23 16:45:06.400 T:4091 debug : PrepareNextRender: frameOnScreen: 26.180 renderPts: 26.339 nextFramePts: 26.318 -> diff: 0.021 render: 1 forceNext: 0
2025-08-23 16:45:06.400 T:4091 debug : CAMLCodec::ReleaseFrame idx:631, drop:0
2025-08-23 16:45:06.405 T:4326 debug : CAMLCodec::AddData: dl:601408 fl:5493440 sz:178490(178560) lv:9.9% dts:26.693 pts:26.777
2025-08-23 16:45:06.408 T:4326 debug : CAMLCodec::AddData: dl:940992 fl:5153856 sz:339472(339584) lv:15.4% dts:26.735 pts:27.027
2025-08-23 16:45:06.413 T:4323 debug : CVideoPlayer::ProcessVideoData size:285251 dts:36.119 pts:36.203 dur:41.000ms, clock:26.193 level:100
2025-08-23 16:45:06.415 T:4323 debug : CVideoPlayer::ProcessVideoData size:461029 dts:36.161 pts:36.286 dur:41.000ms, clock:26.196 level:100
2025-08-23 16:45:06.433 T:4091 debug : CAMLCodec::PollFrame elapsed:33.013ms
2025-08-23 16:45:06.436 T:4326 debug : CAMLCodec::DequeueBuffer: pts:26.568 idx:637
2025-08-23 16:45:06.436 T:4326 debug : CAMLCodec::GetPicture: index: 637, pts: 26.568, dur:42.000ms ar:1.78 elf:42ms
2025-08-23 16:45:06.436 T:4326 debug : CVideoPlayerVideo::OutputPicture - ttd:351ms pts:26.568 Clock:26.217 Level:5
2025-08-23 16:45:06.443 T:4091 debug : PrepareNextRender: frameOnScreen: 26.223 renderPts: 26.382 nextFramePts: 26.360 -> diff: 0.022 render: 1 forceNext: 0
2025-08-23 16:45:06.443 T:4091 debug : CAMLCodec::ReleaseFrame idx:632, drop:0
2025-08-23 16:45:06.447 T:4327 debug : CVideoPlayerAudio::OutputPacket: pts:27.028 curr_pts:26.205 clock:26.228 level:100
2025-08-23 16:45:06.475 T:4091 debug : CAMLCodec::PollFrame elapsed:31.224ms
2025-08-23 16:45:06.476 T:4326 debug : CAMLCodec::DequeueBuffer: pts:26.610 idx:638
2025-08-23 16:45:06.476 T:4326 debug : CAMLCodec::GetPicture: index: 638, pts: 26.610, dur:42.000ms ar:1.78 elf:39ms
2025-08-23 16:45:06.476 T:4326 debug : CVideoPlayerVideo::OutputPicture - ttd:353ms pts:26.610 Clock:26.257 Level:5
2025-08-23 16:45:06.483 T:4091 debug : PrepareNextRender: frameOnScreen: 26.264 renderPts: 26.422 nextFramePts: 26.401 -> diff: 0.021 render: 1 forceNext: 0
2025-08-23 16:45:06.483 T:4091 debug : CAMLCodec::ReleaseFrame idx:633, drop:0
2025-08-23 16:45:06.488 T:4323 debug : CVideoPlayer::ProcessAudioData size:8056 dts:36.316 pts:36.316 dur:92.000ms, clock:26.268 drop:0 level:100
2025-08-23 16:45:06.490 T:4323 debug : CVideoPlayer::ProcessVideoData size:482362 dts:36.203 pts:36.370 dur:41.000ms, clock:26.271 level:100
2025-08-23 16:45:06.490 T:4326 debug : CAMLCodec::AddData: dl:784256 fl:5310592 sz:266030(266112) lv:12.9% dts:26.777 pts:26.944
2025-08-23 16:45:06.516 T:4091 debug : CAMLCodec::PollFrame elapsed:33.277ms
2025-08-23 16:45:06.518 T:4326 debug : CAMLCodec::DequeueBuffer: pts:26.652 idx:639
2025-08-23 16:45:06.518 T:4326 debug : CAMLCodec::GetPicture: index: 639, pts: 26.652, dur:42.000ms ar:1.78 elf:41ms
2025-08-23 16:45:06.518 T:4326 debug : CVideoPlayerVideo::OutputPicture - ttd:352ms pts:26.652 Clock:26.299 Level:5
2025-08-23 16:45:06.525 T:4091 debug : PrepareNextRender: frameOnScreen: 26.306 renderPts: 26.464 nextFramePts: 26.443 -> diff: 0.021 render: 1 forceNext: 0
2025-08-23 16:45:06.526 T:4091 debug : CAMLCodec::ReleaseFrame idx:634, drop:0
2025-08-23 16:45:06.529 T:4326 debug : CAMLCodec::AddData: dl:791680 fl:5303168 sz:185910(185984) lv:13.0% dts:26.818 pts:26.902
2025-08-23 16:45:06.547 T:4327 debug : CVideoPlayerAudio::OutputPacket: pts:27.120 curr_pts:26.305 clock:26.328 level:100
2025-08-23 16:45:06.558 T:4091 debug : CAMLCodec::PollFrame elapsed:32.519ms
2025-08-23 16:45:06.561 T:4326 debug : CAMLCodec::DequeueBuffer: pts:26.693 idx:640
2025-08-23 16:45:06.561 T:4326 debug : CAMLCodec::GetPicture: index: 640, pts: 26.693, dur:41.000ms ar:1.78 elf:42ms
2025-08-23 16:45:06.561 T:4326 debug : CVideoPlayerVideo::OutputPicture - ttd:351ms pts:26.693 Clock:26.342 Level:5
2025-08-23 16:45:06.566 T:4091 debug : PrepareNextRender: frameOnScreen: 26.347 renderPts: 26.505 nextFramePts: 26.485 -> diff: 0.020 render: 1 forceNext: 0
2025-08-23 16:45:06.566 T:4091 debug : CAMLCodec::ReleaseFrame idx:635, drop:0
2025-08-23 16:45:06.573 T:4326 debug : CAMLCodec::AddData: dl:633472 fl:5461376 sz:181283(181376) lv:10.4% dts:26.860 pts:26.860
2025-08-23 16:45:06.600 T:4091 debug : CAMLCodec::PollFrame elapsed:33.296ms
2025-08-23 16:45:06.602 T:4326 debug : CAMLCodec::DequeueBuffer: pts:26.735 idx:641
2025-08-23 16:45:06.602 T:4326 debug : CAMLCodec::GetPicture: index: 641, pts: 26.735, dur:42.000ms ar:1.78 elf:40ms
2025-08-23 16:45:06.602 T:4326 debug : CVideoPlayerVideo::OutputPicture - ttd:352ms pts:26.735 Clock:26.383 Level:5
2025-08-23 16:45:06.607 T:4091 debug : PrepareNextRender: frameOnScreen: 26.388 renderPts: 26.546 nextFramePts: 26.526 -> diff: 0.020 render: 1 forceNext: 0
2025-08-23 16:45:06.607 T:4091 debug : CAMLCodec::ReleaseFrame idx:636, drop:0
2025-08-23 16:45:06.613 T:4323 debug : CVideoPlayer::ProcessVideoData size:281173 dts:36.245 pts:36.328 dur:41.000ms, clock:26.394 level:100
2025-08-23 16:45:06.613 T:4326 debug : CAMLCodec::AddData: dl:562880 fl:5531968 sz:195430(195520) lv:9.2% dts:26.902 pts:26.985
2025-08-23 16:45:06.617 T:4326 debug : CAMLCodec::AddData: dl:922944 fl:5171904 sz:359997(360064) lv:15.1% dts:26.944 pts:27.236
2025-08-23 16:45:06.625 T:4323 debug : CVideoPlayer::ProcessAudioData size:7906 dts:36.409 pts:36.409 dur:92.000ms, clock:26.405 drop:0 level:100
2025-08-23 16:45:06.628 T:4323 debug : CVideoPlayer::ProcessVideoData size:507215 dts:36.286 pts:36.495 dur:41.000ms, clock:26.409 level:100
2025-08-23 16:45:06.642 T:4091 debug : CAMLCodec::PollFrame elapsed:34.018ms
2025-08-23 16:45:06.644 T:4326 debug : CAMLCodec::DequeueBuffer: pts:26.777 idx:642
2025-08-23 16:45:06.644 T:4326 debug : CAMLCodec::GetPicture: index: 642, pts: 26.777, dur:42.000ms ar:1.78 elf:42ms
2025-08-23 16:45:06.644 T:4326 debug : CVideoPlayerVideo::OutputPicture - ttd:352ms pts:26.777 Clock:26.425 Level:5
2025-08-23 16:45:06.649 T:4327 debug : CVideoPlayerAudio::OutputPacket: pts:27.213 curr_pts:26.405 clock:26.429 level:100
2025-08-23 16:45:06.652 T:4091 debug : PrepareNextRender: frameOnScreen: 26.432 renderPts: 26.591 nextFramePts: 26.568 -> diff: 0.023 render: 1 forceNext: 0
2025-08-23 16:45:06.652 T:4091 debug : CAMLCodec::ReleaseFrame idx:637, drop:0
2025-08-23 16:45:06.683 T:4091 debug : CAMLCodec::PollFrame elapsed:31.251ms
2025-08-23 16:45:06.685 T:4326 debug : CAMLCodec::DequeueBuffer: pts:26.818 idx:643
2025-08-23 16:45:06.685 T:4326 debug : CAMLCodec::GetPicture: index: 643, pts: 26.818, dur:41.000ms ar:1.78 elf:40ms
2025-08-23 16:45:06.685 T:4326 debug : CVideoPlayerVideo::OutputPicture - ttd:352ms pts:26.818 Clock:26.465 Level:5
2025-08-23 16:45:06.692 T:4091 debug : PrepareNextRender: frameOnScreen: 26.473 renderPts: 26.631 nextFramePts: 26.610 -> diff: 0.021 render: 1 forceNext: 0
2025-08-23 16:45:06.692 T:4091 debug : CAMLCodec::ReleaseFrame idx:638, drop:0
2025-08-23 16:45:06.695 T:4326 debug : CAMLCodec::AddData: dl:831232 fl:5263616 sz:275562(275648) lv:13.6% dts:26.985 pts:27.152
2025-08-23 16:45:06.725 T:4091 debug : CAMLCodec::PollFrame elapsed:32.782ms
2025-08-23 16:45:06.728 T:4326 debug : CAMLCodec::DequeueBuffer: pts:26.860 idx:644
2025-08-23 16:45:06.728 T:4326 debug : CAMLCodec::GetPicture: index: 644, pts: 26.860, dur:42.000ms ar:1.78 elf:43ms
2025-08-23 16:45:06.728 T:4326 debug : CVideoPlayerVideo::OutputPicture - ttd:351ms pts:26.860 Clock:26.509 Level:5
