2025-08-23 16:44:53.568 T:4323 debug : CVideoPlayer::ProcessAudioData size:7217 dts:17.554 pts:17.554 dur:92.000ms, clock:13.351 drop:0 level:41
2025-08-23 16:44:53.571 T:4323 debug : CVideoPlayer::ProcessVideoData size:574930 dts:17.434 pts:17.643 dur:41.000ms, clock:13.354 level:45
2025-08-23 16:44:53.585 T:4091 debug : CAMLCodec::PollFrame elapsed:33.493ms
2025-08-23 16:44:53.585 T:4326 debug : CAMLCodec::DequeueBuffer: pts:13.722 idx:329
2025-08-23 16:44:53.586 T:4326 debug : CAMLCodec::GetPicture: index: 329, pts: 13.722, dur:42.000ms ar:1.78 elf:40ms
2025-08-23 16:44:53.586 T:4326 debug : CVideoPlayerVideo::OutputPicture - ttd:353ms pts:13.722 Clock:13.369 Level:5
2025-08-23 16:44:53.600 T:4091 debug : PrepareNextRender: frameOnScreen: 13.383 renderPts: 13.541 nextFramePts: 13.513 -> diff: 0.028 render: 1 forceNext: 0
2025-08-23 16:44:53.600 T:4091 debug : CAMLCodec::ReleaseFrame idx:324, drop:0
2025-08-23 16:44:53.600 T:4326 debug : CAMLCodec::AddData: dl:1044096 fl:5050752 sz:530348(530432) lv:17.1% dts:13.847 pts:14.014
2025-08-23 16:44:53.626 T:4091 debug : CAMLCodec::PollFrame elapsed:25.976ms
2025-08-23 16:44:53.629 T:4326 debug : CAMLCodec::DequeueBuffer: pts:13.764 idx:330
2025-08-23 16:44:53.629 T:4326 debug : CAMLCodec::GetPicture: index: 330, pts: 13.764, dur:42.000ms ar:1.78 elf:43ms
2025-08-23 16:44:53.629 T:4326 debug : CVideoPlayerVideo::OutputPicture - ttd:351ms pts:13.764 Clock:13.412 Level:5
2025-08-23 16:44:53.634 T:4091 debug : PrepareNextRender: frameOnScreen: 13.417 renderPts: 13.575 nextFramePts: 13.555 -> diff: 0.020 render: 1 forceNext: 0
2025-08-23 16:44:53.634 T:4091 debug : CAMLCodec::ReleaseFrame idx:325, drop:0
2025-08-23 16:44:53.642 T:4326 debug : CAMLCodec::AddData: dl:967744 fl:5127104 sz:437191(437312) lv:15.9% dts:13.889 pts:13.972
2025-08-23 16:44:53.644 T:4323 debug : CVideoPlayer::ProcessVideoData size:457816 dts:17.476 pts:17.601 dur:41.000ms, clock:13.427 level:44
2025-08-23 16:44:53.645 T:4327 debug : CVideoPlayerAudio::OutputPacket: pts:14.210 curr_pts:13.405 clock:13.428 level:41
2025-08-23 16:44:53.668 T:4091 debug : CAMLCodec::PollFrame elapsed:33.656ms
2025-08-23 16:44:53.670 T:4326 debug : CAMLCodec::DequeueBuffer: pts:13.805 idx:331
2025-08-23 16:44:53.670 T:4326 debug : CAMLCodec::GetPicture: index: 331, pts: 13.805, dur:41.000ms ar:1.78 elf:40ms
2025-08-23 16:44:53.670 T:4326 debug : CVideoPlayerVideo::OutputPicture - ttd:352ms pts:13.805 Clock:13.453 Level:5
2025-08-23 16:44:53.675 T:4091 debug : PrepareNextRender: frameOnScreen: 13.458 renderPts: 13.616 nextFramePts: 13.597 -> diff: 0.019 render: 1 forceNext: 0
2025-08-23 16:44:53.675 T:4091 debug : CAMLCodec::ReleaseFrame idx:326, drop:0
2025-08-23 16:44:53.685 T:4326 debug : CAMLCodec::AddData: dl:862080 fl:5232768 sz:424654(424768) lv:14.1% dts:13.931 pts:13.931
2025-08-23 16:44:53.686 T:4323 debug : CVideoPlayer::ProcessVideoData size:388791 dts:17.517 pts:17.559 dur:41.000ms, clock:13.469 level:44
2025-08-23 16:44:53.710 T:4091 debug : CAMLCodec::PollFrame elapsed:34.167ms
2025-08-23 16:44:53.711 T:4326 debug : CAMLCodec::DequeueBuffer: pts:13.847 idx:332
2025-08-23 16:44:53.711 T:4326 debug : CAMLCodec::GetPicture: index: 332, pts: 13.847, dur:42.000ms ar:1.78 elf:40ms
2025-08-23 16:44:53.711 T:4326 debug : CVideoPlayerVideo::OutputPicture - ttd:353ms pts:13.847 Clock:13.494 Level:5
2025-08-23 16:44:53.716 T:4091 debug : PrepareNextRender: frameOnScreen: 13.499 renderPts: 13.657 nextFramePts: 13.639 -> diff: 0.018 render: 1 forceNext: 0
2025-08-23 16:44:53.716 T:4091 debug : CAMLCodec::ReleaseFrame idx:327, drop:0
2025-08-23 16:44:53.725 T:4326 debug : CAMLCodec::AddData: dl:851392 fl:5243456 sz:426541(426624) lv:14.0% dts:13.972 pts:14.056
2025-08-23 16:44:53.727 T:4323 debug : CVideoPlayer::ProcessAudioData size:7130 dts:17.647 pts:17.647 dur:92.000ms, clock:13.510 drop:0 level:41
2025-08-23 16:44:53.729 T:4323 debug : CVideoPlayer::ProcessVideoData size:508436 dts:17.559 pts:17.684 dur:41.000ms, clock:13.512 level:44
2025-08-23 16:44:53.746 T:4327 debug : CVideoPlayerAudio::OutputPacket: pts:14.303 curr_pts:13.505 clock:13.529 level:41
2025-08-23 16:44:53.751 T:4091 debug : CAMLCodec::PollFrame elapsed:34.829ms
2025-08-23 16:44:53.753 T:4326 debug : CAMLCodec::DequeueBuffer: pts:13.889 idx:333
2025-08-23 16:44:53.753 T:4326 debug : CAMLCodec::GetPicture: index: 333, pts: 13.889, dur:42.000ms ar:1.78 elf:42ms
2025-08-23 16:44:53.753 T:4326 debug : CVideoPlayerVideo::OutputPicture - ttd:352ms pts:13.889 Clock:13.536 Level:5
2025-08-23 16:44:53.768 T:4326 debug : CAMLCodec::AddData: dl:997120 fl:5097728 sz:570396(570496) lv:16.4% dts:14.014 pts:14.306
2025-08-23 16:44:53.768 T:4091 debug : PrepareNextRender: frameOnScreen: 13.551 renderPts: 13.709 nextFramePts: 13.680 -> diff: 0.029 render: 1 forceNext: 0
2025-08-23 16:44:53.768 T:4091 debug : CAMLCodec::ReleaseFrame idx:328, drop:0
2025-08-23 16:44:53.771 T:4323 debug : CVideoPlayer::ProcessAudioData size:7028 dts:17.740 pts:17.740 dur:92.000ms, clock:13.554 drop:0 level:41
2025-08-23 16:44:53.772 T:4323 debug : CVideoPlayer::ProcessAudioData size:7218 dts:17.832 pts:17.832 dur:92.000ms, clock:13.555 drop:0 level:42
2025-08-23 16:44:53.776 T:4323 debug : CVideoPlayer::ProcessVideoData size:511538 dts:17.601 pts:17.893 dur:41.000ms, clock:13.559 level:44
2025-08-23 16:44:53.793 T:4091 debug : CAMLCodec::PollFrame elapsed:24.573ms
2025-08-23 16:44:53.795 T:4327 debug : CVideoPlayerAudio::OutputPacket: pts:14.396 curr_pts:13.554 clock:13.578 level:42
2025-08-23 16:44:53.796 T:4326 debug : CAMLCodec::DequeueBuffer: pts:13.931 idx:334
2025-08-23 16:44:53.796 T:4326 debug : CAMLCodec::GetPicture: index: 334, pts: 13.931, dur:42.000ms ar:1.78 elf:42ms
2025-08-23 16:44:53.796 T:4326 debug : CVideoPlayerVideo::OutputPicture - ttd:351ms pts:13.931 Clock:13.579 Level:5
2025-08-23 16:44:53.811 T:4091 debug : PrepareNextRender: frameOnScreen: 13.594 renderPts: 13.752 nextFramePts: 13.722 -> diff: 0.030 render: 1 forceNext: 0
2025-08-23 16:44:53.811 T:4326 debug : CAMLCodec::AddData: dl:1124800 fl:4970048 sz:554233(554304) lv:18.5% dts:14.056 pts:14.223
2025-08-23 16:44:53.811 T:4091 debug : CAMLCodec::ReleaseFrame idx:329, drop:0
2025-08-23 16:44:53.818 T:4323 debug : CVideoPlayer::ProcessVideoData size:427896 dts:17.643 pts:17.809 dur:41.000ms, clock:13.601 level:44
2025-08-23 16:44:53.820 T:4323 debug : CVideoPlayer::ProcessVideoData size:415377 dts:17.684 pts:17.768 dur:41.000ms, clock:13.603 level:45
2025-08-23 16:44:53.835 T:4091 debug : CAMLCodec::PollFrame elapsed:23.765ms
2025-08-23 16:44:53.836 T:4326 debug : CAMLCodec::DequeueBuffer: pts:13.972 idx:335
2025-08-23 16:44:53.836 T:4326 debug : CAMLCodec::GetPicture: index: 335, pts: 13.972, dur:41.000ms ar:1.78 elf:39ms
2025-08-23 16:44:53.837 T:4326 debug : CVideoPlayerVideo::OutputPicture - ttd:352ms pts:13.972 Clock:13.620 Level:5
2025-08-23 16:44:53.839 T:4091 debug : PrepareNextRender: frameOnScreen: 13.622 renderPts: 13.780 nextFramePts: 13.764 -> diff: 0.016 render: 1 forceNext: 0
2025-08-23 16:44:53.839 T:4091 debug : CAMLCodec::ReleaseFrame idx:330, drop:0
2025-08-23 16:44:53.851 T:4323 debug : CVideoPlayer::ProcessVideoData size:329496 dts:17.726 pts:17.726 dur:41.000ms, clock:13.634 level:45
2025-08-23 16:44:53.852 T:4326 debug : CAMLCodec::AddData: dl:985920 fl:5108928 sz:431539(431616) lv:16.2% dts:14.097 pts:14.181
2025-08-23 16:44:53.877 T:4091 debug : CAMLCodec::PollFrame elapsed:37.129ms
2025-08-23 16:44:53.878 T:4326 debug : CAMLCodec::DequeueBuffer: pts:14.014 idx:336
2025-08-23 16:44:53.878 T:4326 debug : CAMLCodec::GetPicture: index: 336, pts: 14.014, dur:42.000ms ar:1.78 elf:41ms
2025-08-23 16:44:53.878 T:4326 debug : CVideoPlayerVideo::OutputPicture - ttd:352ms pts:14.014 Clock:13.661 Level:5
2025-08-23 16:44:53.883 T:4091 debug : PrepareNextRender: frameOnScreen: 13.666 renderPts: 13.824 nextFramePts: 13.805 -> diff: 0.019 render: 1 forceNext: 0
2025-08-23 16:44:53.883 T:4091 debug : CAMLCodec::ReleaseFrame idx:331, drop:0
2025-08-23 16:44:53.893 T:4323 debug : CVideoPlayer::ProcessVideoData size:358321 dts:17.768 pts:17.851 dur:41.000ms, clock:13.676 level:45
2025-08-23 16:44:53.894 T:4327 debug : CVideoPlayerAudio::OutputPacket: pts:14.488 curr_pts:13.654 clock:13.677 level:41
2025-08-23 16:44:53.896 T:4326 debug : CAMLCodec::AddData: dl:849344 fl:5245504 sz:417634(417728) lv:13.9% dts:14.139 pts:14.139
2025-08-23 16:44:53.918 T:4091 debug : CAMLCodec::PollFrame elapsed:34.739ms
2025-08-23 16:44:53.921 T:4326 debug : CAMLCodec::DequeueBuffer: pts:14.056 idx:337
2025-08-23 16:44:53.921 T:4326 debug : CAMLCodec::GetPicture: index: 337, pts: 14.056, dur:42.000ms ar:1.78 elf:42ms
2025-08-23 16:44:53.921 T:4326 debug : CVideoPlayerVideo::OutputPicture - ttd:352ms pts:14.056 Clock:13.704 Level:5
2025-08-23 16:44:53.926 T:4091 debug : PrepareNextRender: frameOnScreen: 13.709 renderPts: 13.867 nextFramePts: 13.847 -> diff: 0.020 render: 1 forceNext: 0
2025-08-23 16:44:53.926 T:4091 debug : CAMLCodec::ReleaseFrame idx:332, drop:0
2025-08-23 16:44:53.935 T:4323 debug : CVideoPlayer::ProcessAudioData size:7365 dts:17.926 pts:17.926 dur:92.000ms, clock:13.718 drop:0 level:41
2025-08-23 16:44:53.935 T:4323 debug : CVideoPlayer::ProcessAudioData size:7280 dts:18.018 pts:18.018 dur:92.000ms, clock:13.718 drop:0 level:42
2025-08-23 16:44:53.940 T:4323 debug : CVideoPlayer::ProcessVideoData size:548870 dts:17.809 pts:18.101 dur:41.000ms, clock:13.723 level:45
2025-08-23 16:44:53.940 T:4326 debug : CAMLCodec::AddData: dl:869120 fl:5225728 sz:451320(451392) lv:14.3% dts:14.181 pts:14.264
2025-08-23 16:44:53.960 T:4091 debug : CAMLCodec::PollFrame elapsed:33.761ms
2025-08-23 16:44:53.961 T:4326 debug : CAMLCodec::DequeueBuffer: pts:14.097 idx:338
2025-08-23 16:44:53.962 T:4326 debug : CAMLCodec::GetPicture: index: 338, pts: 14.097, dur:41.000ms ar:1.78 elf:40ms
2025-08-23 16:44:53.962 T:4326 debug : CVideoPlayerVideo::OutputPicture - ttd:352ms pts:14.097 Clock:13.745 Level:5
2025-08-23 16:44:53.970 T:4091 debug : PrepareNextRender: frameOnScreen: 13.753 renderPts: 13.911 nextFramePts: 13.889 -> diff: 0.022 render: 1 forceNext: 0
2025-08-23 16:44:53.970 T:4091 debug : CAMLCodec::ReleaseFrame idx:333, drop:0
2025-08-23 16:44:53.976 T:4326 debug : CAMLCodec::AddData: dl:1025536 fl:5069312 sz:574056(574144) lv:16.8% dts:14.223 pts:14.514
2025-08-23 16:44:53.982 T:4323 debug : CVideoPlayer::ProcessVideoData size:457418 dts:17.851 pts:18.018 dur:41.000ms, clock:13.765 level:45
2025-08-23 16:44:53.995 T:4327 debug : CVideoPlayerAudio::OutputPacket: pts:14.582 curr_pts:13.753 clock:13.778 level:42
2025-08-23 16:44:54.002 T:4091 debug : CAMLCodec::PollFrame elapsed:31.326ms
2025-08-23 16:44:54.003 T:4326 debug : CAMLCodec::DequeueBuffer: pts:14.139 idx:339
2025-08-23 16:44:54.003 T:4326 debug : CAMLCodec::GetPicture: index: 339, pts: 14.139, dur:42.000ms ar:1.78 elf:40ms
2025-08-23 16:44:54.003 T:4326 debug : CVideoPlayerVideo::OutputPicture - ttd:353ms pts:14.139 Clock:13.786 Level:5
2025-08-23 16:44:54.009 T:4091 debug : PrepareNextRender: frameOnScreen: 13.792 renderPts: 13.950 nextFramePts: 13.931 -> diff: 0.019 render: 1 forceNext: 0
2025-08-23 16:44:54.009 T:4091 debug : CAMLCodec::ReleaseFrame idx:334, drop:0
2025-08-23 16:44:54.017 T:4326 debug : CAMLCodec::AddData: dl:1133888 fl:4960960 sz:559653(559744) lv:18.6% dts:14.264 pts:14.431
2025-08-23 16:44:54.025 T:4323 debug : CVideoPlayer::ProcessVideoData size:460345 dts:17.893 pts:17.976 dur:41.000ms, clock:13.807 level:45
2025-08-23 16:44:54.044 T:4091 debug : CAMLCodec::PollFrame elapsed:34.301ms
2025-08-23 16:44:54.047 T:4326 debug : CAMLCodec::DequeueBuffer: pts:14.181 idx:340
2025-08-23 16:44:54.047 T:4326 debug : CAMLCodec::GetPicture: index: 340, pts: 14.181, dur:42.000ms ar:1.78 elf:44ms
2025-08-23 16:44:54.047 T:4326 debug : CVideoPlayerVideo::OutputPicture - ttd:350ms pts:14.181 Clock:13.830 Level:5
2025-08-23 16:44:54.052 T:4091 debug : PrepareNextRender: frameOnScreen: 13.835 renderPts: 13.993 nextFramePts: 13.972 -> diff: 0.021 render: 1 forceNext: 0
2025-08-23 16:44:54.053 T:4091 debug : CAMLCodec::ReleaseFrame idx:335, drop:0
2025-08-23 16:44:54.059 T:4326 debug : CAMLCodec::AddData: dl:1009728 fl:5085120 sz:449887(449984) lv:16.6% dts:14.306 pts:14.389
2025-08-23 16:44:54.066 T:4323 debug : CVideoPlayer::ProcessVideoData size:363657 dts:17.935 pts:17.935 dur:41.000ms, clock:13.849 level:45
2025-08-23 16:44:54.068 T:4323 debug : CVideoPlayer::ProcessVideoData size:368616 dts:17.976 pts:18.060 dur:41.000ms, clock:13.851 level:45
2025-08-23 16:44:54.085 T:4091 debug : CAMLCodec::PollFrame elapsed:32.459ms
2025-08-23 16:44:54.087 T:4326 debug : CAMLCodec::DequeueBuffer: pts:14.223 idx:341
2025-08-23 16:44:54.087 T:4326 debug : CAMLCodec::GetPicture: index: 341, pts: 14.223, dur:42.000ms ar:1.78 elf:39ms
2025-08-23 16:44:54.087 T:4326 debug : CVideoPlayerVideo::OutputPicture - ttd:353ms pts:14.223 Clock:13.870 Level:5
2025-08-23 16:44:54.095 T:4327 debug : CVideoPlayerAudio::OutputPacket: pts:14.675 curr_pts:13.855 clock:13.878 level:41
2025-08-23 16:44:54.101 T:4091 debug : PrepareNextRender: frameOnScreen: 13.884 renderPts: 14.042 nextFramePts: 14.014 -> diff: 0.028 render: 1 forceNext: 0
2025-08-23 16:44:54.101 T:4091 debug : CAMLCodec::ReleaseFrame idx:336, drop:0
2025-08-23 16:44:54.104 T:4326 debug : CAMLCodec::AddData: dl:895744 fl:5199104 sz:445650(445760) lv:14.7% dts:14.348 pts:14.348
2025-08-23 16:44:54.109 T:4323 debug : CVideoPlayer::ProcessAudioData size:7150 dts:18.112 pts:18.112 dur:92.000ms, clock:13.892 drop:0 level:41
2025-08-23 16:44:54.109 T:4323 debug : CVideoPlayer::ProcessAudioData size:6800 dts:18.204 pts:18.204 dur:92.000ms, clock:13.892 drop:0 level:42
2025-08-23 16:44:54.109 T:4323 debug : CVideoPlayer::ProcessAudioData size:6169 dts:18.297 pts:18.297 dur:92.000ms, clock:13.892 drop:0 level:43
2025-08-23 16:44:54.115 T:4323 debug : CVideoPlayer::ProcessVideoData size:639593 dts:18.018 pts:18.310 dur:41.000ms, clock:13.898 level:45
2025-08-23 16:44:54.127 T:4091 debug : CAMLCodec::PollFrame elapsed:25.369ms
2025-08-23 16:44:54.129 T:4326 debug : CAMLCodec::DequeueBuffer: pts:14.264 idx:342
2025-08-23 16:44:54.129 T:4326 debug : CAMLCodec::GetPicture: index: 342, pts: 14.264, dur:41.000ms ar:1.78 elf:41ms
2025-08-23 16:44:54.129 T:4326 debug : CVideoPlayerVideo::OutputPicture - ttd:352ms pts:14.264 Clock:13.912 Level:5
2025-08-23 16:44:54.139 T:4091 debug : PrepareNextRender: frameOnScreen: 13.922 renderPts: 14.080 nextFramePts: 14.056 -> diff: 0.024 render: 1 forceNext: 0
2025-08-23 16:44:54.139 T:4091 debug : CAMLCodec::ReleaseFrame idx:337, drop:0
2025-08-23 16:44:54.144 T:4326 debug : CAMLCodec::AddData: dl:905152 fl:5189696 sz:459303(459392) lv:14.9% dts:14.389 pts:14.473
2025-08-23 16:44:54.169 T:4091 debug : CAMLCodec::PollFrame elapsed:28.978ms
2025-08-23 16:44:54.171 T:4326 debug : CAMLCodec::DequeueBuffer: pts:14.306 idx:343
2025-08-23 16:44:54.171 T:4326 debug : CAMLCodec::GetPicture: index: 343, pts: 14.306, dur:42.000ms ar:1.78 elf:42ms
2025-08-23 16:44:54.171 T:4326 debug : CVideoPlayerVideo::OutputPicture - ttd:351ms pts:14.306 Clock:13.954 Level:5
2025-08-23 16:44:54.176 T:4091 debug : PrepareNextRender: frameOnScreen: 13.959 renderPts: 14.117 nextFramePts: 14.097 -> diff: 0.020 render: 1 forceNext: 0
2025-08-23 16:44:54.177 T:4091 debug : CAMLCodec::ReleaseFrame idx:338, drop:0
2025-08-23 16:44:54.186 T:4326 debug : CAMLCodec::AddData: dl:1075712 fl:5019136 sz:616202(616320) lv:17.6% dts:14.431 pts:14.640
2025-08-23 16:44:54.188 T:4323 debug : CVideoPlayer::ProcessVideoData size:482366 dts:18.060 pts:18.227 dur:41.000ms, clock:13.971 level:45
2025-08-23 16:44:54.189 T:4323 debug : CVideoPlayer::ProcessVideoData size:479159 dts:18.101 pts:18.185 dur:41.000ms, clock:13.972 level:45
2025-08-23 16:44:54.195 T:4327 debug : CVideoPlayerAudio::OutputPacket: pts:14.768 curr_pts:13.955 clock:13.978 level:43
2025-08-23 16:44:54.211 T:4091 debug : CAMLCodec::PollFrame elapsed:33.891ms
2025-08-23 16:44:54.212 T:4326 debug : CAMLCodec::DequeueBuffer: pts:14.348 idx:344
2025-08-23 16:44:54.212 T:4326 debug : CAMLCodec::GetPicture: index: 344, pts: 14.348, dur:42.000ms ar:1.78 elf:40ms
2025-08-23 16:44:54.212 T:4326 debug : CVideoPlayerVideo::OutputPicture - ttd:353ms pts:14.348 Clock:13.995 Level:5
2025-08-23 16:44:54.226 T:4091 debug : PrepareNextRender: frameOnScreen: 14.009 renderPts: 14.166 nextFramePts: 14.139 -> diff: 0.027 render: 1 forceNext: 0
2025-08-23 16:44:54.226 T:4091 debug : CAMLCodec::ReleaseFrame idx:339, drop:0
2025-08-23 16:44:54.252 T:4091 debug : CAMLCodec::PollFrame elapsed:25.972ms
2025-08-23 16:44:54.253 T:4326 debug : CAMLCodec::DequeueBuffer: pts:14.389 idx:345
2025-08-23 16:44:54.253 T:4326 debug : CAMLCodec::GetPicture: index: 345, pts: 14.389, dur:41.000ms ar:1.78 elf:41ms
2025-08-23 16:44:54.253 T:4326 debug : CVideoPlayerVideo::OutputPicture - ttd:352ms pts:14.389 Clock:14.036 Level:5
2025-08-23 16:44:54.259 T:4091 debug : PrepareNextRender: frameOnScreen: 14.042 renderPts: 14.200 nextFramePts: 14.181 -> diff: 0.019 render: 1 forceNext: 0
2025-08-23 16:44:54.259 T:4091 debug : CAMLCodec::ReleaseFrame idx:340, drop:0
2025-08-23 16:44:54.269 T:4326 debug : CAMLCodec::AddData: dl:445312 fl:5649536 sz:445191(445312) lv:7.3% dts:14.473 pts:14.598
2025-08-23 16:44:54.272 T:4323 debug : CVideoPlayer::ProcessVideoData size:377344 dts:18.143 pts:18.143 dur:41.000ms, clock:14.054 level:45
2025-08-23 16:44:54.273 T:4323 debug : CVideoPlayer::ProcessVideoData size:395615 dts:18.185 pts:18.268 dur:41.000ms, clock:14.056 level:45
2025-08-23 16:44:54.273 T:4326 debug : CAMLCodec::AddData: dl:898432 fl:5196416 sz:453007(453120) lv:14.7% dts:14.514 pts:14.556
2025-08-23 16:44:54.294 T:4091 debug : CAMLCodec::PollFrame elapsed:34.083ms
2025-08-23 16:44:54.296 T:4326 debug : CAMLCodec::DequeueBuffer: pts:14.431 idx:346
2025-08-23 16:44:54.296 T:4326 debug : CAMLCodec::GetPicture: index: 346, pts: 14.431, dur:42.000ms ar:1.78 elf:42ms
2025-08-23 16:44:54.296 T:4326 debug : CVideoPlayerVideo::OutputPicture - ttd:352ms pts:14.431 Clock:14.079 Level:5
2025-08-23 16:44:54.296 T:4327 debug : CVideoPlayerAudio::OutputPacket: pts:14.860 curr_pts:14.055 clock:14.079 level:42
2025-08-23 16:44:54.308 T:4091 debug : PrepareNextRender: frameOnScreen: 14.091 renderPts: 14.249 nextFramePts: 14.223 -> diff: 0.026 render: 1 forceNext: 0
2025-08-23 16:44:54.308 T:4091 debug : CAMLCodec::ReleaseFrame idx:341, drop:0
2025-08-23 16:44:54.311 T:4326 debug : CAMLCodec::AddData: dl:995328 fl:5099520 sz:542083(542208) lv:16.3% dts:14.556 pts:14.681
2025-08-23 16:44:54.316 T:4323 debug : CVideoPlayer::ProcessAudioData size:7102 dts:18.390 pts:18.390 dur:92.000ms, clock:14.099 drop:0 level:42
2025-08-23 16:44:54.316 T:4323 debug : CVideoPlayer::ProcessAudioData size:7685 dts:18.482 pts:18.482 dur:92.000ms, clock:14.099 drop:0 level:43
2025-08-23 16:44:54.323 T:4323 debug : CVideoPlayer::ProcessVideoData size:689277 dts:18.227 pts:18.518 dur:41.000ms, clock:14.106 level:45
2025-08-23 16:44:54.335 T:4091 debug : CAMLCodec::PollFrame elapsed:26.712ms
2025-08-23 16:44:54.338 T:4326 debug : CAMLCodec::DequeueBuffer: pts:14.473 idx:347
2025-08-23 16:44:54.338 T:4326 debug : CAMLCodec::GetPicture: index: 347, pts: 14.473, dur:42.000ms ar:1.78 elf:42ms
2025-08-23 16:44:54.338 T:4326 debug : CVideoPlayerVideo::OutputPicture - ttd:351ms pts:14.473 Clock:14.121 Level:5
2025-08-23 16:44:54.340 T:4091 debug : PrepareNextRender: frameOnScreen: 14.123 renderPts: 14.280 nextFramePts: 14.264 -> diff: 0.016 render: 1 forceNext: 0
2025-08-23 16:44:54.340 T:4091 debug : CAMLCodec::ReleaseFrame idx:342, drop:0
2025-08-23 16:44:54.353 T:4326 debug : CAMLCodec::AddData: dl:1076416 fl:5018432 sz:534084(534208) lv:17.7% dts:14.598 pts:14.890
2025-08-23 16:44:54.355 T:4323 debug : CVideoPlayer::ProcessVideoData size:525482 dts:18.268 pts:18.435 dur:41.000ms, clock:14.138 level:45
2025-08-23 16:44:54.377 T:4091 debug : CAMLCodec::PollFrame elapsed:37.219ms
2025-08-23 16:44:54.379 T:4326 debug : CAMLCodec::DequeueBuffer: pts:14.514 idx:348
2025-08-23 16:44:54.379 T:4326 debug : CAMLCodec::GetPicture: index: 348, pts: 14.514, dur:41.000ms ar:1.78 elf:40ms
2025-08-23 16:44:54.379 T:4326 debug : CVideoPlayerVideo::OutputPicture - ttd:351ms pts:14.514 Clock:14.162 Level:5
2025-08-23 16:44:54.381 T:4326 debug : CAMLCodec::DequeueBuffer: pts:14.556 idx:349
2025-08-23 16:44:54.381 T:4326 debug : CAMLCodec::GetPicture: index: 349, pts: 14.556, dur:42.000ms ar:1.78 elf:1ms
2025-08-23 16:44:54.381 T:4326 debug : CVideoPlayerVideo::OutputPicture - ttd:392ms pts:14.556 Clock:14.164 Level:6
2025-08-23 16:44:54.382 T:4326 debug : CAMLCodec::DequeueBuffer: pts:14.598 idx:350
2025-08-23 16:44:54.382 T:4326 debug : CAMLCodec::GetPicture: index: 350, pts: 14.598, dur:42.000ms ar:1.78 elf:1ms
2025-08-23 16:44:54.385 T:4091 debug : PrepareNextRender: frameOnScreen: 14.168 renderPts: 14.325 nextFramePts: 14.306 -> diff: 0.019 render: 1 forceNext: 0
2025-08-23 16:44:54.385 T:4326 debug : CVideoPlayerVideo::OutputPicture - ttd:432ms pts:14.598 Clock:14.165 Level:6
2025-08-23 16:44:54.385 T:4091 debug : CAMLCodec::ReleaseFrame idx:343, drop:0
2025-08-23 16:44:54.386 T:4326 debug : CAMLCodec::DequeueBuffer: pts:14.640 idx:351
2025-08-23 16:44:54.386 T:4326 debug : CAMLCodec::GetPicture: index: 351, pts: 14.640, dur:42.000ms ar:1.78 elf:3ms
2025-08-23 16:44:54.394 T:4327 debug : CVideoPlayerAudio::OutputPacket: pts:14.954 curr_pts:14.153 clock:14.176 level:43
2025-08-23 16:44:54.419 T:4091 debug : CAMLCodec::PollFrame elapsed:33.748ms
2025-08-23 16:44:54.425 T:4091 debug : PrepareNextRender: frameOnScreen: 14.208 renderPts: 14.365 nextFramePts: 14.348 -> diff: 0.017 render: 1 forceNext: 0
2025-08-23 16:44:54.425 T:4326 debug : CVideoPlayerVideo::OutputPicture - ttd:470ms pts:14.640 Clock:14.169 Level:6
2025-08-23 16:44:54.425 T:4091 debug : CAMLCodec::ReleaseFrame idx:344, drop:0
2025-08-23 16:44:54.430 T:4326 debug : CAMLCodec::AddData: dl:1046720 fl:5048128 sz:512397(512512) lv:17.2% dts:14.640 pts:14.806
2025-08-23 16:44:54.434 T:4326 debug : CAMLCodec::AddData: dl:1005824 fl:5089024 sz:493196(493312) lv:16.5% dts:14.681 pts:14.765
2025-08-23 16:44:54.438 T:4323 debug : CVideoPlayer::ProcessVideoData size:513221 dts:18.310 pts:18.393 dur:41.000ms, clock:14.221 level:45
2025-08-23 16:44:54.439 T:4323 debug : CVideoPlayer::ProcessVideoData size:401082 dts:18.352 pts:18.352 dur:41.000ms, clock:14.222 level:45
2025-08-23 16:44:54.444 T:4327 debug : CVideoPlayerAudio::OutputPacket: pts:15.046 curr_pts:14.204 clock:14.227 level:42
2025-08-23 16:44:54.461 T:4091 debug : CAMLCodec::PollFrame elapsed:35.380ms
2025-08-23 16:44:54.470 T:4091 debug : PrepareNextRender: frameOnScreen: 14.253 renderPts: 14.410 nextFramePts: 14.389 -> diff: 0.021 render: 1 forceNext: 0
2025-08-23 16:44:54.470 T:4091 debug : CAMLCodec::ReleaseFrame idx:345, drop:0
2025-08-23 16:44:54.479 T:4326 debug : CAMLCodec::AddData: dl:883328 fl:5211520 sz:389946(390016) lv:14.5% dts:14.723 pts:14.723
2025-08-23 16:44:54.481 T:4323 debug : CVideoPlayer::ProcessVideoData size:417801 dts:18.393 pts:18.477 dur:41.000ms, clock:14.264 level:45
2025-08-23 16:44:54.502 T:4091 debug : CAMLCodec::PollFrame elapsed:31.903ms
2025-08-23 16:44:54.510 T:4091 debug : PrepareNextRender: frameOnScreen: 14.293 renderPts: 14.450 nextFramePts: 14.431 -> diff: 0.019 render: 1 forceNext: 0
2025-08-23 16:44:54.510 T:4091 debug : CAMLCodec::ReleaseFrame idx:346, drop:0
2025-08-23 16:44:54.518 T:4326 debug : CAMLCodec::AddData: dl:830912 fl:5263936 sz:440805(440896) lv:13.6% dts:14.765 pts:14.848
2025-08-23 16:44:54.524 T:4323 debug : CVideoPlayer::ProcessAudioData size:7257 dts:18.576 pts:18.576 dur:92.000ms, clock:14.306 drop:0 level:42
2025-08-23 16:44:54.527 T:4323 debug : CVideoPlayer::ProcessVideoData size:700691 dts:18.435 pts:18.644 dur:41.000ms, clock:14.310 level:45
2025-08-23 16:44:54.545 T:4326 debug : CAMLCodec::DequeueBuffer: pts:14.681 idx:352
2025-08-23 16:44:54.545 T:4326 debug : CAMLCodec::GetPicture: index: 352, pts: 14.681, dur:41.000ms ar:1.78 elf:158ms
2025-08-23 16:44:54.545 T:4326 debug : CVideoPlayerVideo::OutputPicture - ttd:352ms pts:14.681 Clock:14.328 Level:5
2025-08-23 16:44:54.546 T:4327 debug : CVideoPlayerAudio::OutputPacket: pts:15.139 curr_pts:14.305 clock:14.329 level:42
2025-08-23 16:44:54.545 T:4091 debug : CAMLCodec::PollFrame elapsed:33.604ms
2025-08-23 16:44:54.555 T:4091 debug : PrepareNextRender: frameOnScreen: 14.338 renderPts: 14.495 nextFramePts: 14.473 -> diff: 0.022 render: 1 forceNext: 0
2025-08-23 16:44:54.555 T:4091 debug : CAMLCodec::ReleaseFrame idx:347, drop:0
2025-08-23 16:44:54.559 T:4326 debug : CAMLCodec::AddData: dl:1030080 fl:5064768 sz:589062(589184) lv:16.9% dts:14.806 pts:15.098
2025-08-23 16:44:54.586 T:4091 debug : CAMLCodec::PollFrame elapsed:30.247ms
2025-08-23 16:44:54.589 T:4326 debug : CAMLCodec::DequeueBuffer: pts:14.723 idx:353
2025-08-23 16:44:54.589 T:4326 debug : CAMLCodec::GetPicture: index: 353, pts: 14.723, dur:42.000ms ar:1.78 elf:43ms
2025-08-23 16:44:54.590 T:4326 debug : CVideoPlayerVideo::OutputPicture - ttd:350ms pts:14.723 Clock:14.373 Level:5
2025-08-23 16:44:54.599 T:4091 debug : PrepareNextRender: frameOnScreen: 14.382 renderPts: 14.539 nextFramePts: 14.514 -> diff: 0.025 render: 1 forceNext: 0
2025-08-23 16:44:54.600 T:4091 debug : CAMLCodec::ReleaseFrame idx:348, drop:0
2025-08-23 16:44:54.604 T:4326 debug : CAMLCodec::AddData: dl:1158400 fl:4936448 sz:569115(569216) lv:19.0% dts:14.848 pts:15.015
2025-08-23 16:44:54.610 T:4323 debug : CVideoPlayer::ProcessVideoData size:420342 dts:18.477 pts:18.602 dur:41.000ms, clock:14.393 level:45
2025-08-23 16:44:54.611 T:4323 debug : CVideoPlayer::ProcessVideoData size:439913 dts:18.518 pts:18.560 dur:41.000ms, clock:14.394 level:45
2025-08-23 16:44:54.627 T:4091 debug : CAMLCodec::PollFrame elapsed:27.507ms
2025-08-23 16:44:54.630 T:4326 debug : CAMLCodec::DequeueBuffer: pts:14.765 idx:354
2025-08-23 16:44:54.630 T:4326 debug : CAMLCodec::GetPicture: index: 354, pts: 14.765, dur:42.000ms ar:1.78 elf:40ms
2025-08-23 16:44:54.630 T:4326 debug : CVideoPlayerVideo::OutputPicture - ttd:352ms pts:14.765 Clock:14.413 Level:5
2025-08-23 16:44:54.637 T:4091 debug : PrepareNextRender: frameOnScreen: 14.420 renderPts: 14.577 nextFramePts: 14.556 -> diff: 0.021 render: 1 forceNext: 0
2025-08-23 16:44:54.637 T:4091 debug : CAMLCodec::ReleaseFrame idx:349, drop:0
2025-08-23 16:44:54.645 T:4327 debug : CVideoPlayerAudio::OutputPacket: pts:15.231 curr_pts:14.404 clock:14.427 level:41
2025-08-23 16:44:54.645 T:4326 debug : CAMLCodec::AddData: dl:1120896 fl:4973952 sz:551568(551680) lv:18.4% dts:14.890 pts:14.973
2025-08-23 16:44:54.654 T:4323 debug : CVideoPlayer::ProcessAudioData size:7142 dts:18.669 pts:18.669 dur:92.000ms, clock:14.436 drop:0 level:41
2025-08-23 16:44:54.657 T:4323 debug : CVideoPlayer::ProcessVideoData size:560685 dts:18.560 pts:18.685 dur:41.000ms, clock:14.440 level:45
2025-08-23 16:44:54.669 T:4091 debug : CAMLCodec::PollFrame elapsed:31.730ms
2025-08-23 16:44:54.672 T:4326 debug : CAMLCodec::DequeueBuffer: pts:14.806 idx:355
2025-08-23 16:44:54.672 T:4326 debug : CAMLCodec::GetPicture: index: 355, pts: 14.806, dur:41.000ms ar:1.78 elf:41ms
2025-08-23 16:44:54.672 T:4326 debug : CVideoPlayerVideo::OutputPicture - ttd:351ms pts:14.806 Clock:14.455 Level:5
2025-08-23 16:44:54.681 T:4091 debug : PrepareNextRender: frameOnScreen: 14.464 renderPts: 14.621 nextFramePts: 14.598 -> diff: 0.023 render: 1 forceNext: 0
2025-08-23 16:44:54.681 T:4091 debug : CAMLCodec::ReleaseFrame idx:350, drop:0
2025-08-23 16:44:54.690 T:4323 debug : CVideoPlayer::ProcessAudioData size:6917 dts:18.762 pts:18.762 dur:92.000ms, clock:14.473 drop:0 level:42
2025-08-23 16:44:54.690 T:4323 debug : CVideoPlayer::ProcessAudioData size:6504 dts:18.854 pts:18.854 dur:92.000ms, clock:14.473 drop:0 level:43
2025-08-23 16:44:54.692 T:4326 debug : CAMLCodec::AddData: dl:991488 fl:5103360 sz:439732(439808) lv:16.3% dts:14.932 pts:14.932
2025-08-23 16:44:54.696 T:4323 debug : CVideoPlayer::ProcessVideoData size:511715 dts:18.602 pts:18.894 dur:41.000ms, clock:14.478 level:45
2025-08-23 16:44:54.711 T:4091 debug : CAMLCodec::PollFrame elapsed:29.343ms
2025-08-23 16:44:54.712 T:4326 debug : CAMLCodec::DequeueBuffer: pts:14.848 idx:356
2025-08-23 16:44:54.713 T:4326 debug : CAMLCodec::GetPicture: index: 356, pts: 14.848, dur:42.000ms ar:1.78 elf:40ms
2025-08-23 16:44:54.713 T:4326 debug : CVideoPlayerVideo::OutputPicture - ttd:352ms pts:14.848 Clock:14.495 Level:5
2025-08-23 16:44:54.727 T:4323 debug : CVideoPlayer::ProcessVideoData size:427372 dts:18.644 pts:18.810 dur:41.000ms, clock:14.510 level:45
2025-08-23 16:44:54.728 T:4091 debug : PrepareNextRender: frameOnScreen: 14.509 renderPts: 14.666 nextFramePts: 14.640 -> diff: 0.026 render: 1 forceNext: 0
2025-08-23 16:44:54.728 T:4091 debug : CAMLCodec::ReleaseFrame idx:351, drop:0
2025-08-23 16:44:54.728 T:4326 debug : CAMLCodec::AddData: dl:903680 fl:5191168 sz:463773(463872) lv:14.8% dts:14.973 pts:15.057
2025-08-23 16:44:54.745 T:4327 debug : CVideoPlayerAudio::OutputPacket: pts:15.325 curr_pts:14.503 clock:14.528 level:43
2025-08-23 16:44:54.753 T:4091 debug : CAMLCodec::PollFrame elapsed:24.847ms
2025-08-23 16:44:54.754 T:4326 debug : CAMLCodec::DequeueBuffer: pts:14.890 idx:357
2025-08-23 16:44:54.754 T:4326 debug : CAMLCodec::GetPicture: index: 357, pts: 14.890, dur:42.000ms ar:1.78 elf:41ms
2025-08-23 16:44:54.754 T:4326 debug : CVideoPlayerVideo::OutputPicture - ttd:353ms pts:14.890 Clock:14.537 Level:5
2025-08-23 16:44:54.762 T:4091 debug : PrepareNextRender: frameOnScreen: 14.545 renderPts: 14.702 nextFramePts: 14.681 -> diff: 0.021 render: 1 forceNext: 0
2025-08-23 16:44:54.763 T:4091 debug : CAMLCodec::ReleaseFrame idx:352, drop:0
2025-08-23 16:44:54.770 T:4323 debug : CVideoPlayer::ProcessVideoData size:429504 dts:18.685 pts:18.769 dur:41.000ms, clock:14.552 level:45
2025-08-23 16:44:54.770 T:4326 debug : CAMLCodec::AddData: dl:1048448 fl:5046400 sz:584481(584576) lv:17.2% dts:15.015 pts:15.307
2025-08-23 16:44:54.794 T:4091 debug : CAMLCodec::PollFrame elapsed:31.682ms
2025-08-23 16:44:54.796 T:4326 debug : CAMLCodec::DequeueBuffer: pts:14.932 idx:358
2025-08-23 16:44:54.796 T:4326 debug : CAMLCodec::GetPicture: index: 358, pts: 14.932, dur:42.000ms ar:1.78 elf:41ms
2025-08-23 16:44:54.796 T:4326 debug : CVideoPlayerVideo::OutputPicture - ttd:353ms pts:14.932 Clock:14.579 Level:5
2025-08-23 16:44:54.802 T:4091 debug : PrepareNextRender: frameOnScreen: 14.585 renderPts: 14.742 nextFramePts: 14.723 -> diff: 0.019 render: 1 forceNext: 0
2025-08-23 16:44:54.803 T:4091 debug : CAMLCodec::ReleaseFrame idx:353, drop:0
2025-08-23 16:44:54.811 T:4323 debug : CVideoPlayer::ProcessVideoData size:340923 dts:18.727 pts:18.727 dur:41.000ms, clock:14.594 level:45
2025-08-23 16:44:54.811 T:4326 debug : CAMLCodec::AddData: dl:1175808 fl:4919040 sz:591148(591232) lv:19.3% dts:15.057 pts:15.224
2025-08-23 16:44:54.813 T:4323 debug : CVideoPlayer::ProcessVideoData size:348613 dts:18.769 pts:18.852 dur:41.000ms, clock:14.595 level:46
2025-08-23 16:44:54.836 T:4091 debug : CAMLCodec::PollFrame elapsed:33.340ms
2025-08-23 16:44:54.838 T:4326 debug : CAMLCodec::DequeueBuffer: pts:14.973 idx:359
2025-08-23 16:44:54.838 T:4326 debug : CAMLCodec::GetPicture: index: 359, pts: 14.973, dur:41.000ms ar:1.78 elf:42ms
2025-08-23 16:44:54.838 T:4326 debug : CVideoPlayerVideo::OutputPicture - ttd:352ms pts:14.973 Clock:14.621 Level:5
2025-08-23 16:44:54.846 T:4327 debug : CVideoPlayerAudio::OutputPacket: pts:15.417 curr_pts:14.605 clock:14.628 level:42
2025-08-23 16:44:54.848 T:4091 debug : PrepareNextRender: frameOnScreen: 14.631 renderPts: 14.788 nextFramePts: 14.765 -> diff: 0.023 render: 1 forceNext: 0
2025-08-23 16:44:54.848 T:4091 debug : CAMLCodec::ReleaseFrame idx:354, drop:0
2025-08-23 16:44:54.853 T:4326 debug : CAMLCodec::AddData: dl:1065088 fl:5029760 sz:473773(473856) lv:17.5% dts:15.098 pts:15.182
2025-08-23 16:44:54.855 T:4323 debug : CVideoPlayer::ProcessAudioData size:6307 dts:18.947 pts:18.947 dur:92.000ms, clock:14.638 drop:0 level:42
2025-08-23 16:44:54.855 T:4323 debug : CVideoPlayer::ProcessAudioData size:6226 dts:19.039 pts:19.039 dur:92.000ms, clock:14.638 drop:0 level:43
2025-08-23 16:44:54.863 T:4323 debug : CVideoPlayer::ProcessVideoData size:531058 dts:18.810 pts:19.102 dur:41.000ms, clock:14.646 level:46
2025-08-23 16:44:54.878 T:4091 debug : CAMLCodec::PollFrame elapsed:29.761ms
2025-08-23 16:44:54.878 T:4326 debug : CAMLCodec::DequeueBuffer: pts:15.015 idx:360
2025-08-23 16:44:54.879 T:4326 debug : CAMLCodec::GetPicture: index: 360, pts: 15.015, dur:42.000ms ar:1.78 elf:40ms
2025-08-23 16:44:54.879 T:4326 debug : CVideoPlayerVideo::OutputPicture - ttd:353ms pts:15.015 Clock:14.661 Level:5
2025-08-23 16:44:54.882 T:4091 debug : PrepareNextRender: frameOnScreen: 14.665 renderPts: 14.822 nextFramePts: 14.806 -> diff: 0.016 render: 1 forceNext: 0
2025-08-23 16:44:54.882 T:4091 debug : CAMLCodec::ReleaseFrame idx:355, drop:0
2025-08-23 16:44:54.896 T:4326 debug : CAMLCodec::AddData: dl:935872 fl:5158976 sz:461920(462016) lv:15.4% dts:15.140 pts:15.140
2025-08-23 16:44:54.897 T:4323 debug : CVideoPlayer::ProcessVideoData size:434702 dts:18.852 pts:19.019 dur:41.000ms, clock:14.680 level:46
2025-08-23 16:44:54.920 T:4091 debug : CAMLCodec::PollFrame elapsed:37.072ms
2025-08-23 16:44:54.920 T:4326 debug : CAMLCodec::DequeueBuffer: pts:15.057 idx:361
2025-08-23 16:44:54.920 T:4326 debug : CAMLCodec::GetPicture: index: 361, pts: 15.057, dur:42.000ms ar:1.78 elf:41ms
2025-08-23 16:44:54.920 T:4326 debug : CVideoPlayerVideo::OutputPicture - ttd:353ms pts:15.057 Clock:14.703 Level:5
2025-08-23 16:44:54.927 T:4091 debug : PrepareNextRender: frameOnScreen: 14.710 renderPts: 14.867 nextFramePts: 14.848 -> diff: 0.019 render: 1 forceNext: 0
2025-08-23 16:44:54.928 T:4091 debug : CAMLCodec::ReleaseFrame idx:356, drop:0
2025-08-23 16:44:54.936 T:4326 debug : CAMLCodec::AddData: dl:927680 fl:5167168 sz:465539(465664) lv:15.2% dts:15.182 pts:15.265
2025-08-23 16:44:54.939 T:4323 debug : CVideoPlayer::ProcessVideoData size:437132 dts:18.894 pts:18.977 dur:41.000ms, clock:14.721 level:46
2025-08-23 16:44:54.944 T:4327 debug : CVideoPlayerAudio::OutputPacket: pts:15.511 curr_pts:14.702 clock:14.726 level:43
2025-08-23 16:44:54.961 T:4091 debug : CAMLCodec::PollFrame elapsed:33.528ms
2025-08-23 16:44:54.963 T:4326 debug : CAMLCodec::DequeueBuffer: pts:15.098 idx:362
2025-08-23 16:44:54.963 T:4326 debug : CAMLCodec::GetPicture: index: 362, pts: 15.098, dur:41.000ms ar:1.78 elf:42ms
2025-08-23 16:44:54.964 T:4326 debug : CVideoPlayerVideo::OutputPicture - ttd:351ms pts:15.098 Clock:14.746 Level:5
2025-08-23 16:44:54.972 T:4091 debug : PrepareNextRender: frameOnScreen: 14.754 renderPts: 14.912 nextFramePts: 14.890 -> diff: 0.022 render: 1 forceNext: 0
2025-08-23 16:44:54.972 T:4091 debug : CAMLCodec::ReleaseFrame idx:357, drop:0
2025-08-23 16:44:54.979 T:4326 debug : CAMLCodec::AddData: dl:1100352 fl:4994496 sz:634575(634688) lv:18.1% dts:15.224 pts:15.515
2025-08-23 16:44:54.981 T:4323 debug : CVideoPlayer::ProcessVideoData size:358136 dts:18.936 pts:18.936 dur:41.000ms, clock:14.764 level:46
2025-08-23 16:44:55.003 T:4091 debug : CAMLCodec::PollFrame elapsed:30.923ms
2025-08-23 16:44:55.004 T:4326 debug : CAMLCodec::DequeueBuffer: pts:15.140 idx:363
2025-08-23 16:44:55.004 T:4326 debug : CAMLCodec::GetPicture: index: 363, pts: 15.140, dur:42.000ms ar:1.78 elf:40ms
2025-08-23 16:44:55.004 T:4326 debug : CVideoPlayerVideo::OutputPicture - ttd:352ms pts:15.140 Clock:14.787 Level:5
2025-08-23 16:44:55.008 T:4091 debug : PrepareNextRender: frameOnScreen: 14.790 renderPts: 14.947 nextFramePts: 14.932 -> diff: 0.015 render: 1 forceNext: 0
2025-08-23 16:44:55.008 T:4091 debug : CAMLCodec::ReleaseFrame idx:358, drop:0
2025-08-23 16:44:55.044 T:4327 debug : CVideoPlayerAudio::OutputPacket: pts:15.604 curr_pts:14.804 clock:14.827 level:42
2025-08-23 16:44:55.045 T:4091 debug : CAMLCodec::PollFrame elapsed:36.862ms
2025-08-23 16:44:55.047 T:4326 debug : CAMLCodec::DequeueBuffer: pts:15.182 idx:364
2025-08-23 16:44:55.047 T:4326 debug : CAMLCodec::GetPicture: index: 364, pts: 15.182, dur:42.000ms ar:1.78 elf:42ms
2025-08-23 16:44:55.047 T:4326 debug : CVideoPlayerVideo::OutputPicture - ttd:352ms pts:15.182 Clock:14.830 Level:5
2025-08-23 16:44:55.051 T:4091 debug : PrepareNextRender: frameOnScreen: 14.833 renderPts: 14.991 nextFramePts: 14.973 -> diff: 0.018 render: 1 forceNext: 0
2025-08-23 16:44:55.051 T:4091 debug : CAMLCodec::ReleaseFrame idx:359, drop:0
2025-08-23 16:44:55.064 T:4323 debug : CVideoPlayer::ProcessVideoData size:382689 dts:18.977 pts:19.061 dur:41.000ms, clock:14.846 level:46
2025-08-23 16:44:55.065 T:4323 debug : CVideoPlayer::ProcessAudioData size:7099 dts:19.133 pts:19.133 dur:92.000ms, clock:14.848 drop:0 level:42
2025-08-23 16:44:55.065 T:4323 debug : CVideoPlayer::ProcessAudioData size:7163 dts:19.225 pts:19.225 dur:92.000ms, clock:14.848 drop:0 level:43
2025-08-23 16:44:55.068 T:4326 debug : CAMLCodec::AddData: dl:601024 fl:5493824 sz:600909(601024) lv:9.9% dts:15.265 pts:15.432
2025-08-23 16:44:55.071 T:4326 debug : CAMLCodec::AddData: dl:1067264 fl:5027584 sz:466173(466240) lv:17.5% dts:15.307 pts:15.390
2025-08-23 16:44:55.072 T:4323 debug : CVideoPlayer::ProcessVideoData size:564863 dts:19.019 pts:19.311 dur:41.000ms, clock:14.855 level:46
2025-08-23 16:44:55.074 T:4323 debug : CVideoPlayer::ProcessVideoData size:473557 dts:19.061 pts:19.228 dur:41.000ms, clock:14.856 level:46
2025-08-23 16:44:55.086 T:4091 debug : CAMLCodec::PollFrame elapsed:35.538ms
2025-08-23 16:44:55.088 T:4326 debug : CAMLCodec::DequeueBuffer: pts:15.224 idx:365
2025-08-23 16:44:55.088 T:4326 debug : CAMLCodec::GetPicture: index: 365, pts: 15.224, dur:42.000ms ar:1.78 elf:41ms
2025-08-23 16:44:55.088 T:4326 debug : CVideoPlayerVideo::OutputPicture - ttd:352ms pts:15.224 Clock:14.871 Level:5
2025-08-23 16:44:55.096 T:4327 debug : CVideoPlayerAudio::OutputPacket: pts:15.697 curr_pts:14.855 clock:14.878 level:43
2025-08-23 16:44:55.099 T:4091 debug : PrepareNextRender: frameOnScreen: 14.882 renderPts: 15.039 nextFramePts: 15.015 -> diff: 0.024 render: 1 forceNext: 0
2025-08-23 16:44:55.099 T:4091 debug : CAMLCodec::ReleaseFrame idx:360, drop:0
2025-08-23 16:44:55.106 T:4326 debug : CAMLCodec::AddData: dl:924352 fl:5170496 sz:458018(458112) lv:15.2% dts:15.349 pts:15.349
2025-08-23 16:44:55.107 T:4323 debug : CVideoPlayer::ProcessVideoData size:481664 dts:19.102 pts:19.186 dur:41.000ms, clock:14.890 level:46
2025-08-23 16:44:55.128 T:4091 debug : CAMLCodec::PollFrame elapsed:28.574ms
2025-08-23 16:44:55.131 T:4326 debug : CAMLCodec::DequeueBuffer: pts:15.265 idx:366
2025-08-23 16:44:55.131 T:4326 debug : CAMLCodec::GetPicture: index: 366, pts: 15.265, dur:41.000ms ar:1.78 elf:42ms
2025-08-23 16:44:55.131 T:4326 debug : CVideoPlayerVideo::OutputPicture - ttd:351ms pts:15.265 Clock:14.914 Level:5
2025-08-23 16:44:55.136 T:4091 debug : PrepareNextRender: frameOnScreen: 14.919 renderPts: 15.076 nextFramePts: 15.057 -> diff: 0.019 render: 1 forceNext: 0
2025-08-23 16:44:55.137 T:4091 debug : CAMLCodec::ReleaseFrame idx:361, drop:0
2025-08-23 16:44:55.149 T:4323 debug : CVideoPlayer::ProcessVideoData size:372056 dts:19.144 pts:19.144 dur:41.000ms, clock:14.931 level:46
2025-08-23 16:44:55.149 T:4326 debug : CAMLCodec::AddData: dl:936704 fl:5158144 sz:478517(478592) lv:15.4% dts:15.390 pts:15.474
2025-08-23 16:44:55.170 T:4091 debug : CAMLCodec::PollFrame elapsed:32.803ms
2025-08-23 16:44:55.173 T:4326 debug : CAMLCodec::DequeueBuffer: pts:15.307 idx:367
2025-08-23 16:44:55.173 T:4326 debug : CAMLCodec::GetPicture: index: 367, pts: 15.307, dur:42.000ms ar:1.78 elf:42ms
2025-08-23 16:44:55.173 T:4326 debug : CVideoPlayerVideo::OutputPicture - ttd:350ms pts:15.307 Clock:14.956 Level:5
2025-08-23 16:44:55.180 T:4091 debug : PrepareNextRender: frameOnScreen: 14.963 renderPts: 15.120 nextFramePts: 15.098 -> diff: 0.022 render: 1 forceNext: 0
2025-08-23 16:44:55.181 T:4091 debug : CAMLCodec::ReleaseFrame idx:362, drop:0
2025-08-23 16:44:55.188 T:4326 debug : CAMLCodec::AddData: dl:1094656 fl:5000192 sz:615971(616064) lv:18.0% dts:15.432 pts:15.641
2025-08-23 16:44:55.190 T:4323 debug : CVideoPlayer::ProcessVideoData size:385357 dts:19.186 pts:19.269 dur:41.000ms, clock:14.973 level:46
2025-08-23 16:44:55.195 T:4327 debug : CVideoPlayerAudio::OutputPacket: pts:15.789 curr_pts:14.955 clock:14.978 level:42
2025-08-23 16:44:55.212 T:4091 debug : CAMLCodec::PollFrame elapsed:30.130ms
2025-08-23 16:44:55.213 T:4326 debug : CAMLCodec::DequeueBuffer: pts:15.349 idx:368
2025-08-23 16:44:55.214 T:4326 debug : CAMLCodec::GetPicture: index: 368, pts: 15.349, dur:42.000ms ar:1.78 elf:39ms
2025-08-23 16:44:55.214 T:4326 debug : CVideoPlayerVideo::OutputPicture - ttd:352ms pts:15.349 Clock:14.996 Level:5
2025-08-23 16:44:55.222 T:4091 debug : PrepareNextRender: frameOnScreen: 15.005 renderPts: 15.162 nextFramePts: 15.140 -> diff: 0.022 render: 1 forceNext: 0
2025-08-23 16:44:55.222 T:4091 debug : CAMLCodec::ReleaseFrame idx:363, drop:0
2025-08-23 16:44:55.253 T:4091 debug : CAMLCodec::PollFrame elapsed:30.697ms
2025-08-23 16:44:55.254 T:4326 debug : CAMLCodec::DequeueBuffer: pts:15.390 idx:369
2025-08-23 16:44:55.254 T:4326 debug : CAMLCodec::GetPicture: index: 369, pts: 15.390, dur:41.000ms ar:1.78 elf:40ms
2025-08-23 16:44:55.254 T:4326 debug : CVideoPlayerVideo::OutputPicture - ttd:353ms pts:15.390 Clock:15.037 Level:5
2025-08-23 16:44:55.261 T:4091 debug : PrepareNextRender: frameOnScreen: 15.044 renderPts: 15.201 nextFramePts: 15.182 -> diff: 0.019 render: 1 forceNext: 0
2025-08-23 16:44:55.261 T:4091 debug : CAMLCodec::ReleaseFrame idx:364, drop:0
2025-08-23 16:44:55.271 T:4326 debug : CAMLCodec::AddData: dl:453760 fl:5641088 sz:453653(453760) lv:7.4% dts:15.474 pts:15.599
2025-08-23 16:44:55.272 T:4323 debug : CVideoPlayer::ProcessAudioData size:7159 dts:19.319 pts:19.319 dur:92.000ms, clock:15.055 drop:0 level:42
2025-08-23 16:44:55.272 T:4323 debug : CVideoPlayer::ProcessAudioData size:7088 dts:19.411 pts:19.411 dur:92.000ms, clock:15.055 drop:0 level:43
2025-08-23 16:44:55.272 T:4323 debug : CVideoPlayer::ProcessAudioData size:6741 dts:19.504 pts:19.504 dur:92.000ms, clock:15.055 drop:0 level:45
2025-08-23 16:44:55.274 T:4326 debug : CAMLCodec::AddData: dl:830144 fl:5264704 sz:376306(376384) lv:13.6% dts:15.515 pts:15.557
2025-08-23 16:44:55.279 T:4323 debug : CVideoPlayer::ProcessVideoData size:618083 dts:19.228 pts:19.519 dur:41.000ms, clock:15.061 level:46
2025-08-23 16:44:55.282 T:4323 debug : CVideoPlayer::ProcessVideoData size:490881 dts:19.269 pts:19.436 dur:41.000ms, clock:15.065 level:46
2025-08-23 16:44:55.296 T:4327 debug : CVideoPlayerAudio::OutputPacket: pts:15.882 curr_pts:15.054 clock:15.078 level:45
2025-08-23 16:44:55.296 T:4326 debug : CAMLCodec::DequeueBuffer: pts:15.432 idx:370
2025-08-23 16:44:55.296 T:4091 debug : CAMLCodec::PollFrame elapsed:34.911ms
2025-08-23 16:44:55.296 T:4326 debug : CAMLCodec::GetPicture: index: 370, pts: 15.432, dur:42.000ms ar:1.78 elf:41ms
2025-08-23 16:44:55.297 T:4326 debug : CVideoPlayerVideo::OutputPicture - ttd:352ms pts:15.432 Clock:15.080 Level:5
2025-08-23 16:44:55.310 T:4091 debug : PrepareNextRender: frameOnScreen: 15.093 renderPts: 15.250 nextFramePts: 15.224 -> diff: 0.026 render: 1 forceNext: 0
2025-08-23 16:44:55.310 T:4091 debug : CAMLCodec::ReleaseFrame idx:365, drop:0
2025-08-23 16:44:55.312 T:4326 debug : CAMLCodec::AddData: dl:859136 fl:5235712 sz:482653(482752) lv:14.1% dts:15.557 pts:15.682
2025-08-23 16:44:55.315 T:4323 debug : CVideoPlayer::ProcessVideoData size:490519 dts:19.311 pts:19.394 dur:41.000ms, clock:15.098 level:46
2025-08-23 16:44:55.337 T:4091 debug : CAMLCodec::PollFrame elapsed:26.068ms
2025-08-23 16:44:55.339 T:4326 debug : CAMLCodec::DequeueBuffer: pts:15.474 idx:371
2025-08-23 16:44:55.340 T:4326 debug : CAMLCodec::GetPicture: index: 371, pts: 15.474, dur:42.000ms ar:1.78 elf:42ms
2025-08-23 16:44:55.341 T:4091 debug : PrepareNextRender: frameOnScreen: 15.124 renderPts: 15.281 nextFramePts: 15.265 -> diff: 0.016 render: 1 forceNext: 0
2025-08-23 16:44:55.342 T:4091 debug : CAMLCodec::ReleaseFrame idx:366, drop:0
2025-08-23 16:44:55.342 T:4326 debug : CVideoPlayerVideo::OutputPicture - ttd:349ms pts:15.474 Clock:15.124 Level:4
2025-08-23 16:44:55.353 T:4326 debug : CAMLCodec::AddData: dl:990336 fl:5104512 sz:507504(507584) lv:16.2% dts:15.599 pts:15.891
2025-08-23 16:44:55.357 T:4323 debug : CVideoPlayer::ProcessVideoData size:385188 dts:19.353 pts:19.353 dur:41.000ms, clock:15.139 level:46
2025-08-23 16:44:55.378 T:4091 debug : CAMLCodec::PollFrame elapsed:36.583ms
2025-08-23 16:44:55.380 T:4326 debug : CAMLCodec::DequeueBuffer: pts:15.515 idx:372
2025-08-23 16:44:55.380 T:4326 debug : CAMLCodec::GetPicture: index: 372, pts: 15.515, dur:41.000ms ar:1.78 elf:39ms
2025-08-23 16:44:55.380 T:4326 debug : CVideoPlayerVideo::OutputPicture - ttd:352ms pts:15.515 Clock:15.163 Level:5
2025-08-23 16:44:55.381 T:4326 debug : CAMLCodec::DequeueBuffer: pts:15.557 idx:373
2025-08-23 16:44:55.381 T:4326 debug : CAMLCodec::GetPicture: index: 373, pts: 15.557, dur:42.000ms ar:1.78 elf:1ms
2025-08-23 16:44:55.381 T:4326 debug : CVideoPlayerVideo::OutputPicture - ttd:393ms pts:15.557 Clock:15.164 Level:6
2025-08-23 16:44:55.383 T:4326 debug : CAMLCodec::DequeueBuffer: pts:15.599 idx:374
2025-08-23 16:44:55.383 T:4326 debug : CAMLCodec::GetPicture: index: 374, pts: 15.599, dur:42.000ms ar:1.78 elf:1ms
2025-08-23 16:44:55.385 T:4091 debug : PrepareNextRender: frameOnScreen: 15.168 renderPts: 15.325 nextFramePts: 15.307 -> diff: 0.018 render: 1 forceNext: 0
2025-08-23 16:44:55.385 T:4326 debug : CVideoPlayerVideo::OutputPicture - ttd:433ms pts:15.599 Clock:15.165 Level:6
2025-08-23 16:44:55.385 T:4091 debug : CAMLCodec::ReleaseFrame idx:367, drop:0
2025-08-23 16:44:55.386 T:4326 debug : CAMLCodec::DequeueBuffer: pts:15.641 idx:375
2025-08-23 16:44:55.387 T:4326 debug : CAMLCodec::GetPicture: index: 375, pts: 15.641, dur:42.000ms ar:1.78 elf:3ms
2025-08-23 16:44:55.395 T:4327 debug : CVideoPlayerAudio::OutputPacket: pts:15.975 curr_pts:15.154 clock:15.178 level:43
2025-08-23 16:44:55.420 T:4091 debug : CAMLCodec::PollFrame elapsed:34.573ms
2025-08-23 16:44:55.427 T:4091 debug : PrepareNextRender: frameOnScreen: 15.210 renderPts: 15.367 nextFramePts: 15.349 -> diff: 0.018 render: 1 forceNext: 0
2025-08-23 16:44:55.427 T:4326 debug : CVideoPlayerVideo::OutputPicture - ttd:471ms pts:15.641 Clock:15.169 Level:6
2025-08-23 16:44:55.427 T:4091 debug : CAMLCodec::ReleaseFrame idx:368, drop:0
2025-08-23 16:44:55.432 T:4326 debug : CAMLCodec::AddData: dl:1016448 fl:5078400 sz:508747(508864) lv:16.7% dts:15.641 pts:15.807
2025-08-23 16:44:55.436 T:4326 debug : CAMLCodec::AddData: dl:910208 fl:5184640 sz:401218(401344) lv:14.9% dts:15.682 pts:15.766
2025-08-23 16:44:55.439 T:4323 debug : CVideoPlayer::ProcessVideoData size:396912 dts:19.394 pts:19.478 dur:41.000ms, clock:15.222 level:46
2025-08-23 16:44:55.441 T:4323 debug : CVideoPlayer::ProcessAudioData size:6449 dts:19.598 pts:19.598 dur:92.000ms, clock:15.224 drop:0 level:43
2025-08-23 16:44:55.444 T:4323 debug : CVideoPlayer::ProcessVideoData size:610459 dts:19.436 pts:19.645 dur:41.000ms, clock:15.227 level:46
2025-08-23 16:44:55.462 T:4091 debug : CAMLCodec::PollFrame elapsed:34.358ms
2025-08-23 16:44:55.469 T:4091 debug : PrepareNextRender: frameOnScreen: 15.252 renderPts: 15.409 nextFramePts: 15.390 -> diff: 0.019 render: 1 forceNext: 0
2025-08-23 16:44:55.469 T:4091 debug : CAMLCodec::ReleaseFrame idx:369, drop:0
2025-08-23 16:44:55.480 T:4326 debug : CAMLCodec::AddData: dl:797248 fl:5297600 sz:395791(395904) lv:13.1% dts:15.724 pts:15.724
2025-08-23 16:44:55.486 T:4323 debug : CVideoPlayer::ProcessVideoData size:496381 dts:19.478 pts:19.603 dur:41.000ms, clock:15.269 level:46
2025-08-23 16:44:55.494 T:4327 debug : CVideoPlayerAudio::OutputPacket: pts:16.067 curr_pts:15.253 clock:15.277 level:43
2025-08-23 16:44:55.504 T:4091 debug : CAMLCodec::PollFrame elapsed:34.258ms
2025-08-23 16:44:55.511 T:4091 debug : PrepareNextRender: frameOnScreen: 15.294 renderPts: 15.451 nextFramePts: 15.432 -> diff: 0.019 render: 1 forceNext: 0
2025-08-23 16:44:55.511 T:4091 debug : CAMLCodec::ReleaseFrame idx:370, drop:0
2025-08-23 16:44:55.519 T:4326 debug : CAMLCodec::AddData: dl:820800 fl:5274048 sz:424817(424896) lv:13.5% dts:15.766 pts:15.849
2025-08-23 16:44:55.545 T:4091 debug : CAMLCodec::PollFrame elapsed:33.744ms
2025-08-23 16:44:55.548 T:4326 debug : CAMLCodec::DequeueBuffer: pts:15.682 idx:376
2025-08-23 16:44:55.548 T:4326 debug : CAMLCodec::GetPicture: index: 376, pts: 15.682, dur:41.000ms ar:1.78 elf:161ms
2025-08-23 16:44:55.548 T:4326 debug : CVideoPlayerVideo::OutputPicture - ttd:351ms pts:15.682 Clock:15.331 Level:5
2025-08-23 16:44:55.551 T:4091 debug : PrepareNextRender: frameOnScreen: 15.334 renderPts: 15.491 nextFramePts: 15.474 -> diff: 0.017 render: 1 forceNext: 0
2025-08-23 16:44:55.552 T:4091 debug : CAMLCodec::ReleaseFrame idx:371, drop:0
2025-08-23 16:44:55.562 T:4326 debug : CAMLCodec::AddData: dl:987712 fl:5107136 sz:562695(562816) lv:16.2% dts:15.807 pts:16.099
2025-08-23 16:44:55.569 T:4323 debug : CVideoPlayer::ProcessVideoData size:402437 dts:19.519 pts:19.561 dur:41.000ms, clock:15.352 level:46
2025-08-23 16:44:55.572 T:4323 debug : CVideoPlayer::ProcessVideoData size:539915 dts:19.561 pts:19.686 dur:41.000ms, clock:15.354 level:46
2025-08-23 16:44:55.587 T:4091 debug : CAMLCodec::PollFrame elapsed:35.089ms
2025-08-23 16:44:55.589 T:4326 debug : CAMLCodec::DequeueBuffer: pts:15.724 idx:377
2025-08-23 16:44:55.589 T:4326 debug : CAMLCodec::GetPicture: index: 377, pts: 15.724, dur:42.000ms ar:1.78 elf:40ms
2025-08-23 16:44:55.589 T:4326 debug : CVideoPlayerVideo::OutputPicture - ttd:352ms pts:15.724 Clock:15.372 Level:5
