2025-08-23 16:45:02.575 T:4323 debug : CVideoPlayer::ProcessVideoData size:212033 dts:32.407 pts:32.532 dur:41.000ms, clock:22.357 level:100
2025-08-23 16:45:02.595 T:4091 debug : CAMLCodec::PollFrame elapsed:33.773ms
2025-08-23 16:45:02.597 T:4326 debug : CAMLCodec::DequeueBuffer: pts:22.731 idx:545
2025-08-23 16:45:02.597 T:4326 debug : CAMLCodec::GetPicture: index: 545, pts: 22.731, dur:42.000ms ar:1.78 elf:40ms
2025-08-23 16:45:02.597 T:4326 debug : CVideoPlayerVideo::OutputPicture - ttd:352ms pts:22.731 Clock:22.378 Level:5
2025-08-23 16:45:02.604 T:4091 debug : PrepareNextRender: frameOnScreen: 22.385 renderPts: 22.543 nextFramePts: 22.522 -> diff: 0.021 render: 1 forceNext: 0
2025-08-23 16:45:02.604 T:4091 debug : CAMLCodec::ReleaseFrame idx:540, drop:0
2025-08-23 16:45:02.637 T:4091 debug : CAMLCodec::PollFrame elapsed:32.693ms
2025-08-23 16:45:02.638 T:4326 debug : CAMLCodec::DequeueBuffer: pts:22.773 idx:546
2025-08-23 16:45:02.639 T:4326 debug : CAMLCodec::GetPicture: index: 546, pts: 22.773, dur:42.000ms ar:1.78 elf:41ms
2025-08-23 16:45:02.639 T:4326 debug : CVideoPlayerVideo::OutputPicture - ttd:353ms pts:22.773 Clock:22.420 Level:5
2025-08-23 16:45:02.646 T:4327 debug : CVideoPlayerAudio::OutputPacket: pts:23.219 curr_pts:22.403 clock:22.427 level:100
2025-08-23 16:45:02.646 T:4091 debug : PrepareNextRender: frameOnScreen: 22.427 renderPts: 22.585 nextFramePts: 22.564 -> diff: 0.021 render: 1 forceNext: 0
2025-08-23 16:45:02.646 T:4091 debug : CAMLCodec::ReleaseFrame idx:541, drop:0
2025-08-23 16:45:02.649 T:4326 debug : CAMLCodec::AddData: dl:716544 fl:5378304 sz:241486(241600) lv:11.8% dts:22.940 pts:23.065
2025-08-23 16:45:02.659 T:4323 debug : CVideoPlayer::ProcessVideoData size:210394 dts:32.449 pts:32.574 dur:41.000ms, clock:22.440 level:100
2025-08-23 16:45:02.679 T:4091 debug : CAMLCodec::PollFrame elapsed:32.337ms
2025-08-23 16:45:02.680 T:4326 debug : CAMLCodec::DequeueBuffer: pts:22.814 idx:547
2025-08-23 16:45:02.680 T:4326 debug : CAMLCodec::GetPicture: index: 547, pts: 22.814, dur:41.000ms ar:1.78 elf:41ms
2025-08-23 16:45:02.680 T:4326 debug : CVideoPlayerVideo::OutputPicture - ttd:352ms pts:22.814 Clock:22.461 Level:5
2025-08-23 16:45:02.685 T:4091 debug : PrepareNextRender: frameOnScreen: 22.467 renderPts: 22.624 nextFramePts: 22.606 -> diff: 0.018 render: 1 forceNext: 0
2025-08-23 16:45:02.686 T:4091 debug : CAMLCodec::ReleaseFrame idx:542, drop:0
2025-08-23 16:45:02.690 T:4326 debug : CAMLCodec::AddData: dl:897024 fl:5197824 sz:342701(342784) lv:14.7% dts:22.981 pts:23.148
2025-08-23 16:45:02.691 T:4323 debug : CVideoPlayer::ProcessAudioData size:6671 dts:32.601 pts:32.601 dur:92.000ms, clock:22.472 drop:0 level:100
2025-08-23 16:45:02.691 T:4323 debug : CVideoPlayer::ProcessAudioData size:6378 dts:32.693 pts:32.693 dur:92.000ms, clock:22.472 drop:0 level:100
2025-08-23 16:45:02.691 T:4323 debug : CVideoPlayer::ProcessAudioData size:6688 dts:32.786 pts:32.786 dur:92.000ms, clock:22.472 drop:0 level:100
2025-08-23 16:45:02.692 T:4323 debug : CVideoPlayer::ProcessVideoData size:203586 dts:32.491 pts:32.616 dur:41.000ms, clock:22.473 level:100
2025-08-23 16:45:02.707 T:4323 debug : CVideoPlayer::ProcessVideoData size:282835 dts:32.532 pts:32.824 dur:41.000ms, clock:22.488 level:100
2025-08-23 16:45:02.720 T:4091 debug : CAMLCodec::PollFrame elapsed:34.640ms
2025-08-23 16:45:02.721 T:4326 debug : CAMLCodec::DequeueBuffer: pts:22.856 idx:548
2025-08-23 16:45:02.721 T:4326 debug : CAMLCodec::GetPicture: index: 548, pts: 22.856, dur:42.000ms ar:1.78 elf:40ms
2025-08-23 16:45:02.721 T:4326 debug : CVideoPlayerVideo::OutputPicture - ttd:353ms pts:22.856 Clock:22.503 Level:5
2025-08-23 16:45:02.730 T:4091 debug : PrepareNextRender: frameOnScreen: 22.512 renderPts: 22.669 nextFramePts: 22.648 -> diff: 0.021 render: 1 forceNext: 0
2025-08-23 16:45:02.731 T:4091 debug : CAMLCodec::ReleaseFrame idx:543, drop:0
2025-08-23 16:45:02.733 T:4326 debug : CAMLCodec::AddData: dl:769216 fl:5325632 sz:184717(184832) lv:12.6% dts:23.023 pts:23.106
2025-08-23 16:45:02.746 T:4327 debug : CVideoPlayerAudio::OutputPacket: pts:23.312 curr_pts:22.503 clock:22.527 level:100
2025-08-23 16:45:02.762 T:4091 debug : CAMLCodec::PollFrame elapsed:31.324ms
2025-08-23 16:45:02.763 T:4326 debug : CAMLCodec::DequeueBuffer: pts:22.898 idx:549
2025-08-23 16:45:02.763 T:4326 debug : CAMLCodec::GetPicture: index: 549, pts: 22.898, dur:42.000ms ar:1.78 elf:41ms
2025-08-23 16:45:02.763 T:4326 debug : CVideoPlayerVideo::OutputPicture - ttd:353ms pts:22.898 Clock:22.544 Level:5
2025-08-23 16:45:02.769 T:4091 debug : PrepareNextRender: frameOnScreen: 22.551 renderPts: 22.708 nextFramePts: 22.689 -> diff: 0.019 render: 1 forceNext: 0
2025-08-23 16:45:02.770 T:4091 debug : CAMLCodec::ReleaseFrame idx:544, drop:0
2025-08-23 16:45:02.775 T:4326 debug : CAMLCodec::AddData: dl:914240 fl:5180608 sz:386553(386624) lv:15.0% dts:23.065 pts:23.315
2025-08-23 16:45:02.779 T:4323 debug : CVideoPlayer::ProcessVideoData size:193205 dts:32.574 pts:32.741 dur:41.000ms, clock:22.560 level:100
2025-08-23 16:45:02.779 T:4323 debug : CVideoPlayer::ProcessVideoData size:168164 dts:32.616 pts:32.699 dur:41.000ms, clock:22.561 level:100
2025-08-23 16:45:02.804 T:4091 debug : CAMLCodec::PollFrame elapsed:34.027ms
2025-08-23 16:45:02.804 T:4326 debug : CAMLCodec::DequeueBuffer: pts:22.940 idx:550
2025-08-23 16:45:02.806 T:4326 debug : CAMLCodec::GetPicture: index: 550, pts: 22.940, dur:42.000ms ar:1.78 elf:41ms
2025-08-23 16:45:02.806 T:4326 debug : CVideoPlayerVideo::OutputPicture - ttd:352ms pts:22.940 Clock:22.587 Level:5
2025-08-23 16:45:02.811 T:4091 debug : PrepareNextRender: frameOnScreen: 22.593 renderPts: 22.750 nextFramePts: 22.731 -> diff: 0.019 render: 1 forceNext: 0
2025-08-23 16:45:02.811 T:4091 debug : CAMLCodec::ReleaseFrame idx:545, drop:0
2025-08-23 16:45:02.818 T:4326 debug : CAMLCodec::AddData: dl:789952 fl:5304896 sz:218378(218496) lv:13.0% dts:23.106 pts:23.232
2025-08-23 16:45:02.821 T:4323 debug : CVideoPlayer::ProcessVideoData size:164384 dts:32.658 pts:32.658 dur:41.000ms, clock:22.602 level:100
2025-08-23 16:45:02.822 T:4323 debug : CVideoPlayer::ProcessVideoData size:180064 dts:32.699 pts:32.783 dur:41.000ms, clock:22.603 level:100
2025-08-23 16:45:02.846 T:4327 debug : CVideoPlayerAudio::OutputPacket: pts:23.406 curr_pts:22.603 clock:22.627 level:100
2025-08-23 16:45:02.846 T:4091 debug : CAMLCodec::PollFrame elapsed:34.384ms
2025-08-23 16:45:02.847 T:4326 debug : CAMLCodec::DequeueBuffer: pts:22.981 idx:551
2025-08-23 16:45:02.847 T:4326 debug : CAMLCodec::GetPicture: index: 551, pts: 22.981, dur:41.000ms ar:1.78 elf:41ms
2025-08-23 16:45:02.847 T:4326 debug : CVideoPlayerVideo::OutputPicture - ttd:352ms pts:22.981 Clock:22.629 Level:5
2025-08-23 16:45:02.854 T:4091 debug : PrepareNextRender: frameOnScreen: 22.635 renderPts: 22.793 nextFramePts: 22.773 -> diff: 0.020 render: 1 forceNext: 0
2025-08-23 16:45:02.854 T:4091 debug : CAMLCodec::ReleaseFrame idx:546, drop:0
2025-08-23 16:45:02.860 T:4326 debug : CAMLCodec::AddData: dl:779200 fl:5315648 sz:173997(174080) lv:12.8% dts:23.148 pts:23.190
2025-08-23 16:45:02.864 T:4323 debug : CVideoPlayer::ProcessAudioData size:6776 dts:32.879 pts:32.879 dur:92.000ms, clock:22.646 drop:0 level:100
2025-08-23 16:45:02.864 T:4323 debug : CVideoPlayer::ProcessAudioData size:6638 dts:32.971 pts:32.971 dur:92.000ms, clock:22.646 drop:0 level:100
2025-08-23 16:45:02.864 T:4323 debug : CVideoPlayer::ProcessAudioData size:6668 dts:33.064 pts:33.064 dur:92.000ms, clock:22.646 drop:0 level:100
2025-08-23 16:45:02.865 T:4323 debug : CVideoPlayer::ProcessAudioData size:6452 dts:33.157 pts:33.157 dur:92.000ms, clock:22.646 drop:0 level:100
2025-08-23 16:45:02.866 T:4323 debug : CVideoPlayer::ProcessVideoData size:212360 dts:32.741 pts:32.908 dur:41.000ms, clock:22.648 level:100
2025-08-23 16:45:02.887 T:4091 debug : CAMLCodec::PollFrame elapsed:32.758ms
2025-08-23 16:45:02.890 T:4326 debug : CAMLCodec::DequeueBuffer: pts:23.023 idx:552
2025-08-23 16:45:02.890 T:4326 debug : CAMLCodec::GetPicture: index: 552, pts: 23.023, dur:42.000ms ar:1.78 elf:42ms
2025-08-23 16:45:02.890 T:4326 debug : CVideoPlayerVideo::OutputPicture - ttd:351ms pts:23.023 Clock:22.671 Level:5
2025-08-23 16:45:02.896 T:4091 debug : PrepareNextRender: frameOnScreen: 22.677 renderPts: 22.835 nextFramePts: 22.814 -> diff: 0.021 render: 1 forceNext: 0
2025-08-23 16:45:02.897 T:4327 debug : CVideoPlayerAudio::OutputPacket: pts:23.498 curr_pts:22.655 clock:22.678 level:100
2025-08-23 16:45:02.897 T:4091 debug : CAMLCodec::ReleaseFrame idx:547, drop:0
2025-08-23 16:45:02.903 T:4326 debug : CAMLCodec::AddData: dl:587008 fl:5507840 sz:194324(194432) lv:9.6% dts:23.190 pts:23.273
2025-08-23 16:45:02.906 T:4326 debug : CAMLCodec::AddData: dl:857024 fl:5237824 sz:269892(270016) lv:14.1% dts:23.232 pts:23.440
2025-08-23 16:45:02.908 T:4323 debug : CVideoPlayer::ProcessVideoData size:168925 dts:32.783 pts:32.866 dur:41.000ms, clock:22.690 level:100
2025-08-23 16:45:02.914 T:4323 debug : CVideoPlayer::ProcessVideoData size:205733 dts:32.824 pts:33.116 dur:41.000ms, clock:22.695 level:100
2025-08-23 16:45:02.929 T:4091 debug : CAMLCodec::PollFrame elapsed:31.804ms
2025-08-23 16:45:02.931 T:4326 debug : CAMLCodec::DequeueBuffer: pts:23.065 idx:553
2025-08-23 16:45:02.931 T:4326 debug : CAMLCodec::GetPicture: index: 553, pts: 23.065, dur:42.000ms ar:1.78 elf:40ms
2025-08-23 16:45:02.931 T:4326 debug : CVideoPlayerVideo::OutputPicture - ttd:352ms pts:23.065 Clock:22.712 Level:5
2025-08-23 16:45:02.942 T:4091 debug : PrepareNextRender: frameOnScreen: 22.723 renderPts: 22.881 nextFramePts: 22.856 -> diff: 0.025 render: 1 forceNext: 0
2025-08-23 16:45:02.942 T:4091 debug : CAMLCodec::ReleaseFrame idx:548, drop:0
2025-08-23 16:45:02.971 T:4091 debug : CAMLCodec::PollFrame elapsed:28.430ms
2025-08-23 16:45:02.973 T:4326 debug : CAMLCodec::DequeueBuffer: pts:23.106 idx:554
2025-08-23 16:45:02.973 T:4326 debug : CAMLCodec::GetPicture: index: 554, pts: 23.106, dur:41.000ms ar:1.78 elf:41ms
2025-08-23 16:45:02.973 T:4326 debug : CVideoPlayerVideo::OutputPicture - ttd:351ms pts:23.106 Clock:22.754 Level:5
2025-08-23 16:45:02.978 T:4091 debug : PrepareNextRender: frameOnScreen: 22.760 renderPts: 22.917 nextFramePts: 22.898 -> diff: 0.019 render: 1 forceNext: 0
2025-08-23 16:45:02.978 T:4091 debug : CAMLCodec::ReleaseFrame idx:549, drop:0
2025-08-23 16:45:02.985 T:4326 debug : CAMLCodec::AddData: dl:605376 fl:5489472 sz:140836(140928) lv:9.9% dts:23.273 pts:23.398
2025-08-23 16:45:02.986 T:4323 debug : CVideoPlayer::ProcessVideoData size:116905 dts:32.866 pts:33.033 dur:41.000ms, clock:22.767 level:100
2025-08-23 16:45:02.987 T:4323 debug : CVideoPlayer::ProcessVideoData size:138502 dts:32.908 pts:32.991 dur:41.000ms, clock:22.768 level:100
2025-08-23 16:45:02.987 T:4326 debug : CAMLCodec::AddData: dl:787008 fl:5307840 sz:181522(181632) lv:12.9% dts:23.315 pts:23.357
2025-08-23 16:45:02.996 T:4327 debug : CVideoPlayerAudio::OutputPacket: pts:23.591 curr_pts:22.753 clock:22.777 level:100
2025-08-23 16:45:03.012 T:4091 debug : CAMLCodec::PollFrame elapsed:33.724ms
2025-08-23 16:45:03.014 T:4326 debug : CAMLCodec::DequeueBuffer: pts:23.148 idx:555
2025-08-23 16:45:03.014 T:4326 debug : CAMLCodec::GetPicture: index: 555, pts: 23.148, dur:42.000ms ar:1.78 elf:41ms
2025-08-23 16:45:03.015 T:4326 debug : CVideoPlayerVideo::OutputPicture - ttd:352ms pts:23.148 Clock:22.796 Level:5
2025-08-23 16:45:03.020 T:4091 debug : PrepareNextRender: frameOnScreen: 22.801 renderPts: 22.958 nextFramePts: 22.940 -> diff: 0.018 render: 1 forceNext: 0
2025-08-23 16:45:03.020 T:4091 debug : CAMLCodec::ReleaseFrame idx:550, drop:0
2025-08-23 16:45:03.025 T:4326 debug : CAMLCodec::AddData: dl:766208 fl:5328640 sz:173537(173632) lv:12.6% dts:23.357 pts:23.523
2025-08-23 16:45:03.028 T:4323 debug : CVideoPlayer::ProcessVideoData size:150428 dts:32.950 pts:32.950 dur:41.000ms, clock:22.809 level:100
2025-08-23 16:45:03.054 T:4091 debug : CAMLCodec::PollFrame elapsed:34.125ms
2025-08-23 16:45:03.057 T:4326 debug : CAMLCodec::DequeueBuffer: pts:23.190 idx:556
2025-08-23 16:45:03.057 T:4326 debug : CAMLCodec::GetPicture: index: 556, pts: 23.190, dur:42.000ms ar:1.78 elf:42ms
2025-08-23 16:45:03.057 T:4326 debug : CVideoPlayerVideo::OutputPicture - ttd:351ms pts:23.190 Clock:22.838 Level:5
2025-08-23 16:45:03.061 T:4091 debug : PrepareNextRender: frameOnScreen: 22.843 renderPts: 23.000 nextFramePts: 22.981 -> diff: 0.019 render: 1 forceNext: 0
2025-08-23 16:45:03.062 T:4091 debug : CAMLCodec::ReleaseFrame idx:551, drop:0
2025-08-23 16:45:03.069 T:4323 debug : CVideoPlayer::ProcessVideoData size:85312 dts:32.991 pts:33.075 dur:41.000ms, clock:22.850 level:100
2025-08-23 16:45:03.072 T:4326 debug : CAMLCodec::AddData: dl:613440 fl:5481408 sz:117124(117248) lv:10.1% dts:23.398 pts:23.482
2025-08-23 16:45:03.073 T:4323 debug : CVideoPlayer::ProcessAudioData size:6577 dts:33.251 pts:33.251 dur:92.000ms, clock:22.854 drop:0 level:100
2025-08-23 16:45:03.073 T:4323 debug : CVideoPlayer::ProcessAudioData size:7322 dts:33.343 pts:33.343 dur:92.000ms, clock:22.855 drop:0 level:100
2025-08-23 16:45:03.073 T:4323 debug : CVideoPlayer::ProcessAudioData size:7507 dts:33.436 pts:33.436 dur:92.000ms, clock:22.855 drop:0 level:100
2025-08-23 16:45:03.074 T:4323 debug : CVideoPlayer::ProcessAudioData size:7217 dts:33.529 pts:33.529 dur:92.000ms, clock:22.855 drop:0 level:100
2025-08-23 16:45:03.077 T:4323 debug : CVideoPlayer::ProcessVideoData size:138947 dts:33.033 pts:33.325 dur:41.000ms, clock:22.859 level:100
2025-08-23 16:45:03.096 T:4327 debug : CVideoPlayerAudio::OutputPacket: pts:23.683 curr_pts:22.853 clock:22.877 level:100
2025-08-23 16:45:03.096 T:4091 debug : CAMLCodec::PollFrame elapsed:34.077ms
2025-08-23 16:45:03.097 T:4326 debug : CAMLCodec::DequeueBuffer: pts:23.232 idx:557
2025-08-23 16:45:03.097 T:4326 debug : CAMLCodec::GetPicture: index: 557, pts: 23.232, dur:42.000ms ar:1.78 elf:40ms
2025-08-23 16:45:03.097 T:4326 debug : CVideoPlayerVideo::OutputPicture - ttd:353ms pts:23.232 Clock:22.879 Level:5
2025-08-23 16:45:03.103 T:4091 debug : PrepareNextRender: frameOnScreen: 22.885 renderPts: 23.042 nextFramePts: 23.023 -> diff: 0.019 render: 1 forceNext: 0
2025-08-23 16:45:03.104 T:4091 debug : CAMLCodec::ReleaseFrame idx:552, drop:0
2025-08-23 16:45:03.107 T:4326 debug : CAMLCodec::AddData: dl:579328 fl:5515520 sz:106691(106816) lv:9.5% dts:23.440 pts:23.649
2025-08-23 16:45:03.109 T:4323 debug : CVideoPlayer::ProcessVideoData size:82692 dts:33.075 pts:33.242 dur:41.000ms, clock:22.890 level:100
2025-08-23 16:45:03.109 T:4326 debug : CAMLCodec::AddData: dl:662784 fl:5432064 sz:83380(83456) lv:10.9% dts:23.482 pts:23.607
2025-08-23 16:45:03.137 T:4091 debug : CAMLCodec::PollFrame elapsed:33.751ms
2025-08-23 16:45:03.139 T:4326 debug : CAMLCodec::DequeueBuffer: pts:23.273 idx:558
2025-08-23 16:45:03.139 T:4326 debug : CAMLCodec::GetPicture: index: 558, pts: 23.273, dur:41.000ms ar:1.78 elf:41ms
2025-08-23 16:45:03.139 T:4326 debug : CVideoPlayerVideo::OutputPicture - ttd:352ms pts:23.273 Clock:22.920 Level:5
2025-08-23 16:45:03.148 T:4091 debug : PrepareNextRender: frameOnScreen: 22.927 renderPts: 23.085 nextFramePts: 23.065 -> diff: 0.020 render: 1 forceNext: 0
2025-08-23 16:45:03.149 T:4091 debug : CAMLCodec::ReleaseFrame idx:553, drop:0
2025-08-23 16:45:03.150 T:4323 debug : CVideoPlayer::ProcessVideoData size:70678 dts:33.116 pts:33.200 dur:41.000ms, clock:22.931 level:100
2025-08-23 16:45:03.151 T:4326 debug : CAMLCodec::AddData: dl:560256 fl:5534592 sz:79012(79104) lv:9.2% dts:23.523 pts:23.565
2025-08-23 16:45:03.153 T:4326 debug : CAMLCodec::AddData: dl:617728 fl:5477120 sz:57364(57472) lv:10.1% dts:23.565 pts:23.690
2025-08-23 16:45:03.161 T:4323 debug : CVideoPlayer::ProcessVideoData size:62262 dts:33.158 pts:33.158 dur:41.000ms, clock:22.942 level:100
2025-08-23 16:45:03.179 T:4091 debug : CAMLCodec::PollFrame elapsed:30.203ms
2025-08-23 16:45:03.180 T:4326 debug : CAMLCodec::DequeueBuffer: pts:23.315 idx:559
2025-08-23 16:45:03.181 T:4326 debug : CAMLCodec::GetPicture: index: 559, pts: 23.315, dur:42.000ms ar:1.78 elf:41ms
2025-08-23 16:45:03.181 T:4326 debug : CVideoPlayerVideo::OutputPicture - ttd:352ms pts:23.315 Clock:22.962 Level:5
2025-08-23 16:45:03.187 T:4091 debug : PrepareNextRender: frameOnScreen: 22.968 renderPts: 23.125 nextFramePts: 23.106 -> diff: 0.019 render: 1 forceNext: 0
2025-08-23 16:45:03.187 T:4091 debug : CAMLCodec::ReleaseFrame idx:554, drop:0
2025-08-23 16:45:03.189 T:4326 debug : CAMLCodec::AddData: dl:477888 fl:5616960 sz:33689(33792) lv:7.8% dts:23.607 pts:23.899
2025-08-23 16:45:03.189 T:4326 debug : CAMLCodec::AddData: dl:525312 fl:5569536 sz:47359(47424) lv:8.6% dts:23.649 pts:23.815
2025-08-23 16:45:03.189 T:4326 debug : CAMLCodec::AddData: dl:563840 fl:5531008 sz:38462(38528) lv:9.3% dts:23.690 pts:23.774
2025-08-23 16:45:03.191 T:4323 debug : CVideoPlayer::ProcessVideoData size:50405 dts:33.200 pts:33.283 dur:41.000ms, clock:22.973 level:100
2025-08-23 16:45:03.196 T:4327 debug : CVideoPlayerAudio::OutputPacket: pts:23.777 curr_pts:22.952 clock:22.977 level:100
2025-08-23 16:45:03.197 T:4323 debug : CVideoPlayer::ProcessVideoData size:102273 dts:33.242 pts:33.492 dur:41.000ms, clock:22.978 level:100
2025-08-23 16:45:03.197 T:4323 debug : CVideoPlayer::ProcessVideoData size:56964 dts:33.283 pts:33.408 dur:41.000ms, clock:22.978 level:100
2025-08-23 16:45:03.197 T:4326 debug : CAMLCodec::AddData: dl:617984 fl:5476864 sz:54054(54144) lv:10.1% dts:23.732 pts:23.732
2025-08-23 16:45:03.221 T:4091 debug : CAMLCodec::PollFrame elapsed:33.751ms
2025-08-23 16:45:03.223 T:4326 debug : CAMLCodec::DequeueBuffer: pts:23.357 idx:560
2025-08-23 16:45:03.223 T:4326 debug : CAMLCodec::GetPicture: index: 560, pts: 23.357, dur:42.000ms ar:1.78 elf:42ms
2025-08-23 16:45:03.223 T:4326 debug : CVideoPlayerVideo::OutputPicture - ttd:352ms pts:23.357 Clock:23.004 Level:5
2025-08-23 16:45:03.229 T:4091 debug : PrepareNextRender: frameOnScreen: 23.010 renderPts: 23.168 nextFramePts: 23.148 -> diff: 0.020 render: 1 forceNext: 0
2025-08-23 16:45:03.229 T:4091 debug : CAMLCodec::ReleaseFrame idx:555, drop:0
2025-08-23 16:45:03.230 T:4326 debug : CAMLCodec::AddData: dl:538112 fl:5556736 sz:37276(37376) lv:8.8% dts:23.774 pts:23.857
2025-08-23 16:45:03.230 T:4326 debug : CAMLCodec::AddData: dl:542208 fl:5552640 sz:2126(4096) lv:8.9% dts:23.815 pts:24.107
2025-08-23 16:45:03.230 T:4326 debug : CAMLCodec::AddData: dl:546304 fl:5548544 sz:915(4096) lv:9.0% dts:23.857 pts:24.024
2025-08-23 16:45:03.230 T:4326 debug : CAMLCodec::AddData: dl:550400 fl:5544448 sz:681(4096) lv:9.0% dts:23.899 pts:23.982
2025-08-23 16:45:03.230 T:4326 debug : CAMLCodec::AddData: dl:558400 fl:5536448 sz:7925(8000) lv:9.2% dts:23.941 pts:23.941
2025-08-23 16:45:03.230 T:4326 debug : CAMLCodec::AddData: dl:562496 fl:5532352 sz:660(4096) lv:9.2% dts:23.982 pts:24.066
2025-08-23 16:45:03.230 T:4326 debug : CAMLCodec::AddData: dl:566592 fl:5528256 sz:1476(4096) lv:9.3% dts:24.024 pts:24.316
2025-08-23 16:45:03.230 T:4326 debug : CAMLCodec::AddData: dl:570688 fl:5524160 sz:790(4096) lv:9.4% dts:24.066 pts:24.233
2025-08-23 16:45:03.230 T:4326 debug : CAMLCodec::AddData: dl:574784 fl:5520064 sz:578(4096) lv:9.4% dts:24.107 pts:24.191
2025-08-23 16:45:03.231 T:4326 debug : CAMLCodec::AddData: dl:578880 fl:5515968 sz:561(4096) lv:9.5% dts:24.149 pts:24.149
2025-08-23 16:45:03.231 T:4326 debug : CAMLCodec::AddData: dl:582976 fl:5511872 sz:583(4096) lv:9.6% dts:24.191 pts:24.274
2025-08-23 16:45:03.231 T:4326 debug : CAMLCodec::AddData: dl:587072 fl:5507776 sz:1250(4096) lv:9.6% dts:24.233 pts:24.524
2025-08-23 16:45:03.231 T:4326 debug : CAMLCodec::AddData: dl:591168 fl:5503680 sz:750(4096) lv:9.7% dts:24.274 pts:24.441
2025-08-23 16:45:03.231 T:4326 debug : CAMLCodec::AddData: dl:595264 fl:5499584 sz:579(4096) lv:9.8% dts:24.316 pts:24.399
2025-08-23 16:45:03.231 T:4326 debug : CAMLCodec::AddData: dl:599360 fl:5495488 sz:556(4096) lv:9.8% dts:24.358 pts:24.358
2025-08-23 16:45:03.231 T:4326 debug : CAMLCodec::AddData: dl:603456 fl:5491392 sz:572(4096) lv:9.9% dts:24.399 pts:24.483
2025-08-23 16:45:03.231 T:4326 debug : CAMLCodec::AddData: dl:607552 fl:5487296 sz:1193(4096) lv:10.0% dts:24.441 pts:24.650
2025-08-23 16:45:03.231 T:4326 debug : CAMLCodec::AddData: dl:611648 fl:5483200 sz:581(4096) lv:10.0% dts:24.483 pts:24.608
2025-08-23 16:45:03.238 T:4323 debug : CVideoPlayer::ProcessVideoData size:64174 dts:33.325 pts:33.367 dur:41.000ms, clock:23.019 level:100
2025-08-23 16:45:03.263 T:4091 debug : CAMLCodec::PollFrame elapsed:33.330ms
2025-08-23 16:45:03.265 T:4326 debug : CAMLCodec::DequeueBuffer: pts:23.398 idx:561
2025-08-23 16:45:03.265 T:4326 debug : CAMLCodec::GetPicture: index: 561, pts: 23.398, dur:41.000ms ar:1.78 elf:42ms
2025-08-23 16:45:03.266 T:4326 debug : CVideoPlayerVideo::OutputPicture - ttd:351ms pts:23.398 Clock:23.047 Level:5
2025-08-23 16:45:03.270 T:4091 debug : PrepareNextRender: frameOnScreen: 23.051 renderPts: 23.209 nextFramePts: 23.190 -> diff: 0.019 render: 1 forceNext: 0
2025-08-23 16:45:03.270 T:4091 debug : CAMLCodec::ReleaseFrame idx:556, drop:0
2025-08-23 16:45:03.272 T:4326 debug : CAMLCodec::AddData: dl:508928 fl:5585920 sz:545(4096) lv:8.4% dts:24.524 pts:24.566
2025-08-23 16:45:03.275 T:4326 debug : CAMLCodec::AddData: dl:565952 fl:5528896 sz:56916(57024) lv:9.3% dts:24.566 pts:24.691
2025-08-23 16:45:03.277 T:4326 debug : CAMLCodec::AddData: dl:702848 fl:5392000 sz:136821(136896) lv:11.5% dts:24.608 pts:24.900
2025-08-23 16:45:03.279 T:4323 debug : CVideoPlayer::ProcessVideoData size:61342 dts:33.367 pts:33.450 dur:41.000ms, clock:23.060 level:100
2025-08-23 16:45:03.280 T:4323 debug : CVideoPlayer::ProcessVideoData size:13710 dts:33.408 pts:33.533 dur:41.000ms, clock:23.061 level:100
2025-08-23 16:45:03.286 T:4323 debug : CVideoPlayer::ProcessAudioData size:7091 dts:33.622 pts:33.622 dur:92.000ms, clock:23.067 drop:0 level:100
2025-08-23 16:45:03.286 T:4323 debug : CVideoPlayer::ProcessAudioData size:6912 dts:33.714 pts:33.714 dur:92.000ms, clock:23.067 drop:0 level:100
2025-08-23 16:45:03.286 T:4323 debug : CVideoPlayer::ProcessAudioData size:6690 dts:33.807 pts:33.807 dur:92.000ms, clock:23.067 drop:0 level:100
2025-08-23 16:45:03.286 T:4323 debug : CVideoPlayer::ProcessAudioData size:6801 dts:33.900 pts:33.900 dur:92.000ms, clock:23.067 drop:0 level:100
2025-08-23 16:45:03.286 T:4323 debug : CVideoPlayer::ProcessAudioData size:6546 dts:33.993 pts:33.993 dur:92.000ms, clock:23.067 drop:0 level:100
2025-08-23 16:45:03.286 T:4323 debug : CVideoPlayer::ProcessAudioData size:6728 dts:34.086 pts:34.086 dur:92.000ms, clock:23.067 drop:0 level:100
2025-08-23 16:45:03.287 T:4323 debug : CVideoPlayer::ProcessAudioData size:6570 dts:34.179 pts:34.179 dur:92.000ms, clock:23.069 drop:0 level:100
2025-08-23 16:45:03.287 T:4323 debug : CVideoPlayer::ProcessAudioData size:6541 dts:34.272 pts:34.272 dur:92.000ms, clock:23.069 drop:0 level:100
2025-08-23 16:45:03.292 T:4323 debug : CVideoPlayer::ProcessVideoData size:12812 dts:33.450 pts:33.742 dur:41.000ms, clock:23.073 level:100
2025-08-23 16:45:03.292 T:4323 debug : CVideoPlayer::ProcessVideoData size:10924 dts:33.492 pts:33.659 dur:41.000ms, clock:23.073 level:100
2025-08-23 16:45:03.293 T:4323 debug : CVideoPlayer::ProcessVideoData size:12109 dts:33.533 pts:33.617 dur:41.000ms, clock:23.074 level:100
2025-08-23 16:45:03.293 T:4323 debug : CVideoPlayer::ProcessVideoData size:7489 dts:33.575 pts:33.575 dur:41.000ms, clock:23.075 level:100
2025-08-23 16:45:03.293 T:4323 debug : CVideoPlayer::ProcessVideoData size:7057 dts:33.617 pts:33.700 dur:41.000ms, clock:23.075 level:100
2025-08-23 16:45:03.296 T:4323 debug : CVideoPlayer::ProcessVideoData size:9870 dts:33.659 pts:33.951 dur:41.000ms, clock:23.077 level:100
2025-08-23 16:45:03.296 T:4323 debug : CVideoPlayer::ProcessVideoData size:10659 dts:33.700 pts:33.867 dur:41.000ms, clock:23.077 level:100
2025-08-23 16:45:03.296 T:4327 debug : CVideoPlayerAudio::OutputPacket: pts:23.869 curr_pts:23.054 clock:23.077 level:100
2025-08-23 16:45:03.304 T:4091 debug : CAMLCodec::PollFrame elapsed:33.873ms
2025-08-23 16:45:03.306 T:4326 debug : CAMLCodec::DequeueBuffer: pts:23.440 idx:562
2025-08-23 16:45:03.307 T:4326 debug : CAMLCodec::GetPicture: index: 562, pts: 23.440, dur:42.000ms ar:1.78 elf:40ms
2025-08-23 16:45:03.307 T:4326 debug : CVideoPlayerVideo::OutputPicture - ttd:352ms pts:23.440 Clock:23.088 Level:5
2025-08-23 16:45:03.314 T:4091 debug : PrepareNextRender: frameOnScreen: 23.095 renderPts: 23.252 nextFramePts: 23.232 -> diff: 0.020 render: 1 forceNext: 0
2025-08-23 16:45:03.314 T:4091 debug : CAMLCodec::ReleaseFrame idx:557, drop:0
2025-08-23 16:45:03.346 T:4091 debug : CAMLCodec::PollFrame elapsed:32.035ms
2025-08-23 16:45:03.347 T:4326 debug : CAMLCodec::DequeueBuffer: pts:23.482 idx:563
2025-08-23 16:45:03.347 T:4326 debug : CAMLCodec::GetPicture: index: 563, pts: 23.482, dur:42.000ms ar:1.78 elf:40ms
2025-08-23 16:45:03.347 T:4326 debug : CVideoPlayerVideo::OutputPicture - ttd:353ms pts:23.482 Clock:23.129 Level:5
2025-08-23 16:45:03.354 T:4091 debug : PrepareNextRender: frameOnScreen: 23.135 renderPts: 23.292 nextFramePts: 23.273 -> diff: 0.019 render: 1 forceNext: 0
2025-08-23 16:45:03.354 T:4091 debug : CAMLCodec::ReleaseFrame idx:558, drop:0
2025-08-23 16:45:03.356 T:4323 debug : CVideoPlayer::ProcessVideoData size:13686 dts:33.742 pts:33.825 dur:41.000ms, clock:23.137 level:100
2025-08-23 16:45:03.356 T:4323 debug : CVideoPlayer::ProcessVideoData size:7837 dts:33.784 pts:33.784 dur:41.000ms, clock:23.138 level:100
2025-08-23 16:45:03.356 T:4323 debug : CVideoPlayer::ProcessVideoData size:4823 dts:33.825 pts:33.909 dur:41.000ms, clock:23.138 level:100
2025-08-23 16:45:03.357 T:4326 debug : CAMLCodec::AddData: dl:624768 fl:5470080 sz:84374(84480) lv:10.3% dts:24.650 pts:24.816
2025-08-23 16:45:03.365 T:4323 debug : CVideoPlayer::ProcessVideoData size:10938 dts:33.867 pts:34.159 dur:41.000ms, clock:23.147 level:100
2025-08-23 16:45:03.366 T:4323 debug : CVideoPlayer::ProcessVideoData size:12793 dts:33.909 pts:34.076 dur:41.000ms, clock:23.147 level:100
2025-08-23 16:45:03.366 T:4323 debug : CVideoPlayer::ProcessVideoData size:15315 dts:33.951 pts:34.034 dur:41.000ms, clock:23.147 level:100
2025-08-23 16:45:03.366 T:4323 debug : CVideoPlayer::ProcessVideoData size:6425 dts:33.992 pts:33.992 dur:41.000ms, clock:23.147 level:100
2025-08-23 16:45:03.366 T:4323 debug : CVideoPlayer::ProcessVideoData size:5178 dts:34.034 pts:34.117 dur:41.000ms, clock:23.147 level:100
2025-08-23 16:45:03.372 T:4323 debug : CVideoPlayer::ProcessAudioData size:6577 dts:34.366 pts:34.366 dur:92.000ms, clock:23.153 drop:0 level:100
2025-08-23 16:45:03.373 T:4323 debug : CVideoPlayer::ProcessAudioData size:6687 dts:34.458 pts:34.458 dur:92.000ms, clock:23.154 drop:0 level:100
2025-08-23 16:45:03.373 T:4323 debug : CVideoPlayer::ProcessVideoData size:12178 dts:34.076 pts:34.368 dur:41.000ms, clock:23.154 level:100
2025-08-23 16:45:03.388 T:4091 debug : CAMLCodec::PollFrame elapsed:33.611ms
2025-08-23 16:45:03.388 T:4326 debug : CAMLCodec::DequeueBuffer: pts:23.523 idx:564
2025-08-23 16:45:03.389 T:4326 debug : CAMLCodec::GetPicture: index: 564, pts: 23.523, dur:41.000ms ar:1.78 elf:40ms
2025-08-23 16:45:03.389 T:4326 debug : CVideoPlayerVideo::OutputPicture - ttd:353ms pts:23.523 Clock:23.170 Level:5
2025-08-23 16:45:03.390 T:4326 debug : CAMLCodec::DequeueBuffer: pts:23.565 idx:565
2025-08-23 16:45:03.390 T:4326 debug : CAMLCodec::GetPicture: index: 565, pts: 23.565, dur:42.000ms ar:1.78 elf:1ms
2025-08-23 16:45:03.390 T:4326 debug : CVideoPlayerVideo::OutputPicture - ttd:393ms pts:23.565 Clock:23.171 Level:6
2025-08-23 16:45:03.391 T:4326 debug : CAMLCodec::DequeueBuffer: pts:23.607 idx:566
2025-08-23 16:45:03.391 T:4326 debug : CAMLCodec::GetPicture: index: 566, pts: 23.607, dur:42.000ms ar:1.78 elf:1ms
2025-08-23 16:45:03.394 T:4091 debug : PrepareNextRender: frameOnScreen: 23.175 renderPts: 23.332 nextFramePts: 23.315 -> diff: 0.017 render: 1 forceNext: 0
2025-08-23 16:45:03.394 T:4326 debug : CVideoPlayerVideo::OutputPicture - ttd:434ms pts:23.607 Clock:23.173 Level:6
2025-08-23 16:45:03.394 T:4091 debug : CAMLCodec::ReleaseFrame idx:559, drop:0
2025-08-23 16:45:03.395 T:4326 debug : CAMLCodec::DequeueBuffer: pts:23.649 idx:567
2025-08-23 16:45:03.395 T:4326 debug : CAMLCodec::GetPicture: index: 567, pts: 23.649, dur:42.000ms ar:1.78 elf:3ms
2025-08-23 16:45:03.396 T:4327 debug : CVideoPlayerAudio::OutputPacket: pts:23.962 curr_pts:23.153 clock:23.177 level:100
2025-08-23 16:45:03.429 T:4091 debug : CAMLCodec::PollFrame elapsed:35.555ms
2025-08-23 16:45:03.436 T:4091 debug : PrepareNextRender: frameOnScreen: 23.217 renderPts: 23.376 nextFramePts: 23.357 -> diff: 0.019 render: 1 forceNext: 0
2025-08-23 16:45:03.436 T:4326 debug : CVideoPlayerVideo::OutputPicture - ttd:472ms pts:23.649 Clock:23.176 Level:6
2025-08-23 16:45:03.436 T:4091 debug : CAMLCodec::ReleaseFrame idx:560, drop:0
2025-08-23 16:45:03.439 T:4326 debug : CAMLCodec::AddData: dl:650432 fl:5444416 sz:83029(83136) lv:10.7% dts:24.691 pts:24.775
2025-08-23 16:45:03.444 T:4323 debug : CVideoPlayer::ProcessVideoData size:11777 dts:34.117 pts:34.284 dur:41.000ms, clock:23.226 level:100
2025-08-23 16:45:03.445 T:4323 debug : CVideoPlayer::ProcessVideoData size:12623 dts:34.159 pts:34.243 dur:41.000ms, clock:23.226 level:100
2025-08-23 16:45:03.445 T:4323 debug : CVideoPlayer::ProcessVideoData size:5698 dts:34.201 pts:34.201 dur:41.000ms, clock:23.226 level:100
2025-08-23 16:45:03.445 T:4323 debug : CVideoPlayer::ProcessVideoData size:5477 dts:34.243 pts:34.326 dur:41.000ms, clock:23.226 level:100
2025-08-23 16:45:03.448 T:4323 debug : CVideoPlayer::ProcessVideoData size:12655 dts:34.284 pts:34.493 dur:41.000ms, clock:23.229 level:100
2025-08-23 16:45:03.448 T:4323 debug : CVideoPlayer::ProcessVideoData size:12325 dts:34.326 pts:34.451 dur:41.000ms, clock:23.230 level:100
2025-08-23 16:45:03.449 T:4323 debug : CVideoPlayer::ProcessVideoData size:5683 dts:34.368 pts:34.409 dur:41.000ms, clock:23.230 level:100
2025-08-23 16:45:03.450 T:4323 debug : CVideoPlayer::ProcessVideoData size:9420 dts:34.409 pts:34.534 dur:41.000ms, clock:23.231 level:100
2025-08-23 16:45:03.471 T:4091 debug : CAMLCodec::PollFrame elapsed:34.940ms
2025-08-23 16:45:03.478 T:4091 debug : PrepareNextRender: frameOnScreen: 23.259 renderPts: 23.418 nextFramePts: 23.398 -> diff: 0.020 render: 1 forceNext: 0
2025-08-23 16:45:03.478 T:4091 debug : CAMLCodec::ReleaseFrame idx:561, drop:0
2025-08-23 16:45:03.481 T:4323 debug : CVideoPlayer::ProcessAudioData size:6595 dts:34.551 pts:34.551 dur:92.000ms, clock:23.262 drop:0 level:100
2025-08-23 16:45:03.481 T:4323 debug : CVideoPlayer::ProcessAudioData size:6452 dts:34.643 pts:34.643 dur:92.000ms, clock:23.262 drop:0 level:100
2025-08-23 16:45:03.481 T:4323 debug : CVideoPlayer::ProcessAudioData size:6419 dts:34.736 pts:34.736 dur:92.000ms, clock:23.262 drop:0 level:100
2025-08-23 16:45:03.481 T:4323 debug : CVideoPlayer::ProcessAudioData size:6550 dts:34.829 pts:34.829 dur:92.000ms, clock:23.262 drop:0 level:100
2025-08-23 16:45:03.481 T:4323 debug : CVideoPlayer::ProcessAudioData size:7519 dts:34.922 pts:34.922 dur:92.000ms, clock:23.262 drop:0 level:100
2025-08-23 16:45:03.481 T:4323 debug : CVideoPlayer::ProcessAudioData size:7697 dts:35.015 pts:35.015 dur:92.000ms, clock:23.262 drop:0 level:100
2025-08-23 16:45:03.481 T:4323 debug : CVideoPlayer::ProcessAudioData size:7567 dts:35.108 pts:35.108 dur:92.000ms, clock:23.263 drop:0 level:100
2025-08-23 16:45:03.482 T:4326 debug : CAMLCodec::AddData: dl:639168 fl:5455680 sz:69868(69952) lv:10.5% dts:24.733 pts:24.733
2025-08-23 16:45:03.486 T:4323 debug : CVideoPlayer::ProcessVideoData size:120971 dts:34.451 pts:34.743 dur:41.000ms, clock:23.267 level:100
2025-08-23 16:45:03.496 T:4327 debug : CVideoPlayerAudio::OutputPacket: pts:24.055 curr_pts:23.253 clock:23.277 level:100
2025-08-23 16:45:03.513 T:4091 debug : CAMLCodec::PollFrame elapsed:34.739ms
2025-08-23 16:45:03.520 T:4091 debug : PrepareNextRender: frameOnScreen: 23.302 renderPts: 23.460 nextFramePts: 23.440 -> diff: 0.020 render: 1 forceNext: 0
2025-08-23 16:45:03.521 T:4091 debug : CAMLCodec::ReleaseFrame idx:562, drop:0
2025-08-23 16:45:03.525 T:4326 debug : CAMLCodec::AddData: dl:673856 fl:5420992 sz:73122(73216) lv:11.1% dts:24.775 pts:24.858
2025-08-23 16:45:03.527 T:4323 debug : CVideoPlayer::ProcessVideoData size:4308 dts:34.493 pts:34.660 dur:41.000ms, clock:23.308 level:100
2025-08-23 16:45:03.527 T:4323 debug : CVideoPlayer::ProcessVideoData size:2958 dts:34.534 pts:34.618 dur:41.000ms, clock:23.308 level:100
2025-08-23 16:45:03.527 T:4323 debug : CVideoPlayer::ProcessVideoData size:2162 dts:34.576 pts:34.576 dur:41.000ms, clock:23.308 level:100
2025-08-23 16:45:03.527 T:4323 debug : CVideoPlayer::ProcessVideoData size:10630 dts:34.618 pts:34.701 dur:41.000ms, clock:23.308 level:100
2025-08-23 16:45:03.530 T:4323 debug : CVideoPlayer::ProcessVideoData size:218912 dts:34.660 pts:34.826 dur:41.000ms, clock:23.311 level:100
2025-08-23 16:45:03.545 T:4327 debug : CVideoPlayerAudio::OutputPacket: pts:24.148 curr_pts:23.302 clock:23.326 level:100
2025-08-23 16:45:03.555 T:4091 debug : CAMLCodec::PollFrame elapsed:33.924ms
2025-08-23 16:45:03.556 T:4326 debug : CAMLCodec::DequeueBuffer: pts:23.690 idx:568
2025-08-23 16:45:03.556 T:4326 debug : CAMLCodec::GetPicture: index: 568, pts: 23.690, dur:41.000ms ar:1.78 elf:161ms
2025-08-23 16:45:03.557 T:4326 debug : CVideoPlayerVideo::OutputPicture - ttd:352ms pts:23.690 Clock:23.338 Level:5
2025-08-23 16:45:03.562 T:4091 debug : PrepareNextRender: frameOnScreen: 23.343 renderPts: 23.501 nextFramePts: 23.482 -> diff: 0.019 render: 1 forceNext: 0
2025-08-23 16:45:03.562 T:4091 debug : CAMLCodec::ReleaseFrame idx:563, drop:0
2025-08-23 16:45:03.596 T:4091 debug : CAMLCodec::PollFrame elapsed:34.556ms
2025-08-23 16:45:03.598 T:4326 debug : CAMLCodec::DequeueBuffer: pts:23.732 idx:569
2025-08-23 16:45:03.598 T:4326 debug : CAMLCodec::GetPicture: index: 569, pts: 23.732, dur:42.000ms ar:1.78 elf:41ms
2025-08-23 16:45:03.598 T:4326 debug : CVideoPlayerVideo::OutputPicture - ttd:352ms pts:23.732 Clock:23.379 Level:5
2025-08-23 16:45:03.603 T:4091 debug : PrepareNextRender: frameOnScreen: 23.384 renderPts: 23.542 nextFramePts: 23.523 -> diff: 0.019 render: 1 forceNext: 0
2025-08-23 16:45:03.603 T:4091 debug : CAMLCodec::ReleaseFrame idx:564, drop:0
2025-08-23 16:45:03.606 T:4326 debug : CAMLCodec::AddData: dl:758016 fl:5336832 sz:175599(175680) lv:12.4% dts:24.816 pts:25.108
2025-08-23 16:45:03.638 T:4091 debug : CAMLCodec::PollFrame elapsed:35.002ms
2025-08-23 16:45:03.641 T:4326 debug : CAMLCodec::DequeueBuffer: pts:23.774 idx:570
2025-08-23 16:45:03.641 T:4326 debug : CAMLCodec::GetPicture: index: 570, pts: 23.774, dur:42.000ms ar:1.78 elf:42ms
2025-08-23 16:45:03.641 T:4326 debug : CVideoPlayerVideo::OutputPicture - ttd:351ms pts:23.774 Clock:23.422 Level:5
2025-08-23 16:45:03.646 T:4327 debug : CVideoPlayerAudio::OutputPacket: pts:24.241 curr_pts:23.403 clock:23.427 level:100
2025-08-23 16:45:03.647 T:4091 debug : PrepareNextRender: frameOnScreen: 23.428 renderPts: 23.587 nextFramePts: 23.565 -> diff: 0.022 render: 1 forceNext: 0
2025-08-23 16:45:03.647 T:4091 debug : CAMLCodec::ReleaseFrame idx:565, drop:0
2025-08-23 16:45:03.680 T:4091 debug : CAMLCodec::PollFrame elapsed:32.329ms
2025-08-23 16:45:03.680 T:4326 debug : CAMLCodec::DequeueBuffer: pts:23.815 idx:571
2025-08-23 16:45:03.681 T:4326 debug : CAMLCodec::GetPicture: index: 571, pts: 23.815, dur:41.000ms ar:1.78 elf:39ms
2025-08-23 16:45:03.681 T:4326 debug : CVideoPlayerVideo::OutputPicture - ttd:353ms pts:23.815 Clock:23.462 Level:5
2025-08-23 16:45:03.688 T:4091 debug : PrepareNextRender: frameOnScreen: 23.469 renderPts: 23.628 nextFramePts: 23.607 -> diff: 0.021 render: 1 forceNext: 0
2025-08-23 16:45:03.688 T:4091 debug : CAMLCodec::ReleaseFrame idx:566, drop:0
2025-08-23 16:45:03.721 T:4091 debug : CAMLCodec::PollFrame elapsed:33.362ms
2025-08-23 16:45:03.723 T:4326 debug : CAMLCodec::DequeueBuffer: pts:23.857 idx:572
2025-08-23 16:45:03.723 T:4326 debug : CAMLCodec::GetPicture: index: 572, pts: 23.857, dur:42.000ms ar:1.78 elf:42ms
2025-08-23 16:45:03.723 T:4326 debug : CVideoPlayerVideo::OutputPicture - ttd:352ms pts:23.857 Clock:23.504 Level:5
2025-08-23 16:45:03.728 T:4091 debug : PrepareNextRender: frameOnScreen: 23.510 renderPts: 23.668 nextFramePts: 23.649 -> diff: 0.019 render: 1 forceNext: 0
2025-08-23 16:45:03.729 T:4091 debug : CAMLCodec::ReleaseFrame idx:567, drop:0
2025-08-23 16:45:03.746 T:4327 debug : CVideoPlayerAudio::OutputPacket: pts:24.334 curr_pts:23.503 clock:23.527 level:100
2025-08-23 16:45:03.763 T:4091 debug : CAMLCodec::PollFrame elapsed:34.365ms
2025-08-23 16:45:03.764 T:4326 debug : CAMLCodec::DequeueBuffer: pts:23.899 idx:573
2025-08-23 16:45:03.764 T:4326 debug : CAMLCodec::GetPicture: index: 573, pts: 23.899, dur:42.000ms ar:1.78 elf:40ms
2025-08-23 16:45:03.764 T:4326 debug : CVideoPlayerVideo::OutputPicture - ttd:353ms pts:23.899 Clock:23.545 Level:5
2025-08-23 16:45:03.771 T:4091 debug : PrepareNextRender: frameOnScreen: 23.552 renderPts: 23.710 nextFramePts: 23.690 -> diff: 0.020 render: 1 forceNext: 0
2025-08-23 16:45:03.771 T:4091 debug : CAMLCodec::ReleaseFrame idx:568, drop:0
2025-08-23 16:45:03.805 T:4091 debug : CAMLCodec::PollFrame elapsed:33.987ms
2025-08-23 16:45:03.807 T:4326 debug : CAMLCodec::DequeueBuffer: pts:23.941 idx:574
2025-08-23 16:45:03.807 T:4326 debug : CAMLCodec::GetPicture: index: 574, pts: 23.941, dur:42.000ms ar:1.78 elf:42ms
2025-08-23 16:45:03.807 T:4326 debug : CVideoPlayerVideo::OutputPicture - ttd:352ms pts:23.941 Clock:23.588 Level:5
2025-08-23 16:45:03.812 T:4091 debug : PrepareNextRender: frameOnScreen: 23.593 renderPts: 23.752 nextFramePts: 23.732 -> diff: 0.020 render: 1 forceNext: 0
2025-08-23 16:45:03.812 T:4091 debug : CAMLCodec::ReleaseFrame idx:569, drop:0
2025-08-23 16:45:03.846 T:4327 debug : CVideoPlayerAudio::OutputPacket: pts:24.427 curr_pts:23.603 clock:23.627 level:100
2025-08-23 16:45:03.847 T:4091 debug : CAMLCodec::PollFrame elapsed:34.079ms
2025-08-23 16:45:03.850 T:4326 debug : CAMLCodec::DequeueBuffer: pts:23.982 idx:575
2025-08-23 16:45:03.850 T:4326 debug : CAMLCodec::GetPicture: index: 575, pts: 23.982, dur:41.000ms ar:1.78 elf:42ms
2025-08-23 16:45:03.850 T:4326 debug : CVideoPlayerVideo::OutputPicture - ttd:351ms pts:23.982 Clock:23.631 Level:5
2025-08-23 16:45:03.854 T:4091 debug : PrepareNextRender: frameOnScreen: 23.635 renderPts: 23.793 nextFramePts: 23.774 -> diff: 0.019 render: 1 forceNext: 0
2025-08-23 16:45:03.854 T:4091 debug : CAMLCodec::ReleaseFrame idx:570, drop:0
2025-08-23 16:45:03.888 T:4091 debug : CAMLCodec::PollFrame elapsed:34.540ms
2025-08-23 16:45:03.890 T:4326 debug : CAMLCodec::DequeueBuffer: pts:24.024 idx:576
2025-08-23 16:45:03.890 T:4326 debug : CAMLCodec::GetPicture: index: 576, pts: 24.024, dur:42.000ms ar:1.78 elf:40ms
2025-08-23 16:45:03.890 T:4326 debug : CVideoPlayerVideo::OutputPicture - ttd:352ms pts:24.024 Clock:23.671 Level:5
2025-08-23 16:45:03.895 T:4091 debug : PrepareNextRender: frameOnScreen: 23.676 renderPts: 23.835 nextFramePts: 23.815 -> diff: 0.020 render: 1 forceNext: 0
2025-08-23 16:45:03.895 T:4091 debug : CAMLCodec::ReleaseFrame idx:571, drop:0
2025-08-23 16:45:03.930 T:4091 debug : CAMLCodec::PollFrame elapsed:34.573ms
2025-08-23 16:45:03.932 T:4326 debug : CAMLCodec::DequeueBuffer: pts:24.066 idx:577
2025-08-23 16:45:03.933 T:4326 debug : CAMLCodec::GetPicture: index: 577, pts: 24.066, dur:42.000ms ar:1.78 elf:42ms
2025-08-23 16:45:03.933 T:4326 debug : CVideoPlayerVideo::OutputPicture - ttd:352ms pts:24.066 Clock:23.714 Level:5
2025-08-23 16:45:03.937 T:4091 debug : PrepareNextRender: frameOnScreen: 23.718 renderPts: 23.876 nextFramePts: 23.857 -> diff: 0.019 render: 1 forceNext: 0
2025-08-23 16:45:03.937 T:4091 debug : CAMLCodec::ReleaseFrame idx:572, drop:0
2025-08-23 16:45:03.946 T:4327 debug : CVideoPlayerAudio::OutputPacket: pts:24.520 curr_pts:23.704 clock:23.727 level:100
2025-08-23 16:45:03.972 T:4091 debug : CAMLCodec::PollFrame elapsed:34.802ms
2025-08-23 16:45:03.973 T:4326 debug : CAMLCodec::DequeueBuffer: pts:24.107 idx:578
2025-08-23 16:45:03.973 T:4326 debug : CAMLCodec::GetPicture: index: 578, pts: 24.107, dur:41.000ms ar:1.78 elf:40ms
2025-08-23 16:45:03.973 T:4326 debug : CVideoPlayerVideo::OutputPicture - ttd:352ms pts:24.107 Clock:23.754 Level:5
2025-08-23 16:45:03.974 T:4091 debug : PrepareNextRender: frameOnScreen: 23.756 renderPts: 23.914 nextFramePts: 23.899 -> diff: 0.015 render: 1 forceNext: 0
2025-08-23 16:45:03.975 T:4091 debug : CAMLCodec::ReleaseFrame idx:573, drop:0
2025-08-23 16:45:04.013 T:4091 debug : CAMLCodec::PollFrame elapsed:38.717ms
2025-08-23 16:45:04.015 T:4326 debug : CAMLCodec::DequeueBuffer: pts:24.149 idx:579
2025-08-23 16:45:04.015 T:4326 debug : CAMLCodec::GetPicture: index: 579, pts: 24.149, dur:42.000ms ar:1.78 elf:42ms
2025-08-23 16:45:04.016 T:4326 debug : CVideoPlayerVideo::OutputPicture - ttd:352ms pts:24.149 Clock:23.797 Level:5
2025-08-23 16:45:04.016 T:4091 debug : PrepareNextRender: frameOnScreen: 23.797 renderPts: 23.956 nextFramePts: 23.941 -> diff: 0.015 render: 1 forceNext: 0
2025-08-23 16:45:04.017 T:4091 debug : CAMLCodec::ReleaseFrame idx:574, drop:0
2025-08-23 16:45:04.046 T:4327 debug : CVideoPlayerAudio::OutputPacket: pts:24.612 curr_pts:23.804 clock:23.827 level:100
2025-08-23 16:45:04.055 T:4091 debug : CAMLCodec::PollFrame elapsed:38.431ms
2025-08-23 16:45:04.058 T:4326 debug : CAMLCodec::DequeueBuffer: pts:24.191 idx:580
2025-08-23 16:45:04.058 T:4326 debug : CAMLCodec::GetPicture: index: 580, pts: 24.191, dur:42.000ms ar:1.78 elf:42ms
2025-08-23 16:45:04.059 T:4326 debug : CVideoPlayerVideo::OutputPicture - ttd:351ms pts:24.191 Clock:23.840 Level:5
2025-08-23 16:45:04.063 T:4091 debug : PrepareNextRender: frameOnScreen: 23.844 renderPts: 24.003 nextFramePts: 23.982 -> diff: 0.021 render: 1 forceNext: 0
2025-08-23 16:45:04.063 T:4091 debug : CAMLCodec::ReleaseFrame idx:575, drop:0
2025-08-23 16:45:04.097 T:4091 debug : CAMLCodec::PollFrame elapsed:33.352ms
2025-08-23 16:45:04.099 T:4326 debug : CAMLCodec::DequeueBuffer: pts:24.233 idx:581
2025-08-23 16:45:04.099 T:4326 debug : CAMLCodec::GetPicture: index: 581, pts: 24.233, dur:42.000ms ar:1.78 elf:40ms
2025-08-23 16:45:04.099 T:4326 debug : CVideoPlayerVideo::OutputPicture - ttd:352ms pts:24.233 Clock:23.880 Level:5
2025-08-23 16:45:04.105 T:4091 debug : PrepareNextRender: frameOnScreen: 23.886 renderPts: 24.044 nextFramePts: 24.024 -> diff: 0.020 render: 1 forceNext: 0
2025-08-23 16:45:04.105 T:4091 debug : CAMLCodec::ReleaseFrame idx:576, drop:0
2025-08-23 16:45:04.139 T:4091 debug : CAMLCodec::PollFrame elapsed:33.466ms
2025-08-23 16:45:04.141 T:4326 debug : CAMLCodec::DequeueBuffer: pts:24.274 idx:582
2025-08-23 16:45:04.141 T:4326 debug : CAMLCodec::GetPicture: index: 582, pts: 24.274, dur:41.000ms ar:1.78 elf:41ms
2025-08-23 16:45:04.141 T:4326 debug : CVideoPlayerVideo::OutputPicture - ttd:352ms pts:24.274 Clock:23.922 Level:5
2025-08-23 16:45:04.147 T:4327 debug : CVideoPlayerAudio::OutputPacket: pts:24.706 curr_pts:23.903 clock:23.928 level:100
2025-08-23 16:45:04.148 T:4091 debug : PrepareNextRender: frameOnScreen: 23.929 renderPts: 24.087 nextFramePts: 24.066 -> diff: 0.021 render: 1 forceNext: 0
2025-08-23 16:45:04.148 T:4091 debug : CAMLCodec::ReleaseFrame idx:577, drop:0
2025-08-23 16:45:04.180 T:4091 debug : CAMLCodec::PollFrame elapsed:32.445ms
2025-08-23 16:45:04.181 T:4326 debug : CAMLCodec::DequeueBuffer: pts:24.316 idx:583
2025-08-23 16:45:04.181 T:4326 debug : CAMLCodec::GetPicture: index: 583, pts: 24.316, dur:42.000ms ar:1.78 elf:40ms
2025-08-23 16:45:04.182 T:4326 debug : CVideoPlayerVideo::OutputPicture - ttd:353ms pts:24.316 Clock:23.963 Level:5
2025-08-23 16:45:04.188 T:4091 debug : PrepareNextRender: frameOnScreen: 23.969 renderPts: 24.128 nextFramePts: 24.107 -> diff: 0.021 render: 1 forceNext: 0
2025-08-23 16:45:04.189 T:4091 debug : CAMLCodec::ReleaseFrame idx:578, drop:0
2025-08-23 16:45:04.196 T:4327 debug : CVideoPlayerAudio::OutputPacket: pts:24.798 curr_pts:23.954 clock:23.977 level:100
2025-08-23 16:45:04.222 T:4091 debug : CAMLCodec::PollFrame elapsed:33.241ms
2025-08-23 16:45:04.225 T:4326 debug : CAMLCodec::DequeueBuffer: pts:24.358 idx:584
2025-08-23 16:45:04.225 T:4326 debug : CAMLCodec::GetPicture: index: 584, pts: 24.358, dur:42.000ms ar:1.78 elf:43ms
2025-08-23 16:45:04.225 T:4326 debug : CVideoPlayerVideo::OutputPicture - ttd:352ms pts:24.358 Clock:24.006 Level:5
2025-08-23 16:45:04.230 T:4091 debug : PrepareNextRender: frameOnScreen: 24.011 renderPts: 24.169 nextFramePts: 24.149 -> diff: 0.020 render: 1 forceNext: 0
2025-08-23 16:45:04.230 T:4091 debug : CAMLCodec::ReleaseFrame idx:579, drop:0
2025-08-23 16:45:04.264 T:4091 debug : CAMLCodec::PollFrame elapsed:33.925ms
2025-08-23 16:45:04.265 T:4326 debug : CAMLCodec::DequeueBuffer: pts:24.399 idx:585
2025-08-23 16:45:04.265 T:4326 debug : CAMLCodec::GetPicture: index: 585, pts: 24.399, dur:41.000ms ar:1.78 elf:40ms
2025-08-23 16:45:04.265 T:4326 debug : CVideoPlayerVideo::OutputPicture - ttd:352ms pts:24.399 Clock:24.046 Level:5
2025-08-23 16:45:04.271 T:4091 debug : PrepareNextRender: frameOnScreen: 24.052 renderPts: 24.211 nextFramePts: 24.191 -> diff: 0.020 render: 1 forceNext: 0
2025-08-23 16:45:04.271 T:4091 debug : CAMLCodec::ReleaseFrame idx:580, drop:0
2025-08-23 16:45:04.296 T:4327 debug : CVideoPlayerAudio::OutputPacket: pts:24.891 curr_pts:24.053 clock:24.077 level:100
2025-08-23 16:45:04.305 T:4091 debug : CAMLCodec::PollFrame elapsed:33.895ms
2025-08-23 16:45:04.307 T:4326 debug : CAMLCodec::DequeueBuffer: pts:24.441 idx:586
2025-08-23 16:45:04.307 T:4326 debug : CAMLCodec::GetPicture: index: 586, pts: 24.441, dur:42.000ms ar:1.78 elf:41ms
2025-08-23 16:45:04.307 T:4326 debug : CVideoPlayerVideo::OutputPicture - ttd:352ms pts:24.441 Clock:24.088 Level:5
2025-08-23 16:45:04.312 T:4091 debug : PrepareNextRender: frameOnScreen: 24.093 renderPts: 24.252 nextFramePts: 24.233 -> diff: 0.019 render: 1 forceNext: 0
2025-08-23 16:45:04.313 T:4091 debug : CAMLCodec::ReleaseFrame idx:581, drop:0
2025-08-23 16:45:04.347 T:4091 debug : CAMLCodec::PollFrame elapsed:34.359ms
2025-08-23 16:45:04.350 T:4326 debug : CAMLCodec::DequeueBuffer: pts:24.483 idx:587
2025-08-23 16:45:04.350 T:4326 debug : CAMLCodec::GetPicture: index: 587, pts: 24.483, dur:42.000ms ar:1.78 elf:42ms
2025-08-23 16:45:04.350 T:4326 debug : CVideoPlayerVideo::OutputPicture - ttd:352ms pts:24.483 Clock:24.131 Level:5
2025-08-23 16:45:04.354 T:4091 debug : PrepareNextRender: frameOnScreen: 24.135 renderPts: 24.294 nextFramePts: 24.274 -> diff: 0.020 render: 1 forceNext: 0
2025-08-23 16:45:04.354 T:4091 debug : CAMLCodec::ReleaseFrame idx:582, drop:0
2025-08-23 16:45:04.389 T:4091 debug : CAMLCodec::PollFrame elapsed:34.676ms
2025-08-23 16:45:04.390 T:4326 debug : CAMLCodec::DequeueBuffer: pts:24.524 idx:588
2025-08-23 16:45:04.390 T:4326 debug : CAMLCodec::GetPicture: index: 588, pts: 24.524, dur:41.000ms ar:1.78 elf:40ms
2025-08-23 16:45:04.390 T:4326 debug : CVideoPlayerVideo::OutputPicture - ttd:352ms pts:24.524 Clock:24.171 Level:5
2025-08-23 16:45:04.391 T:4326 debug : CAMLCodec::DequeueBuffer: pts:24.566 idx:589
2025-08-23 16:45:04.391 T:4326 debug : CAMLCodec::GetPicture: index: 589, pts: 24.566, dur:42.000ms ar:1.78 elf:1ms
2025-08-23 16:45:04.391 T:4326 debug : CVideoPlayerVideo::OutputPicture - ttd:393ms pts:24.566 Clock:24.172 Level:6
2025-08-23 16:45:04.393 T:4326 debug : CAMLCodec::DequeueBuffer: pts:24.608 idx:590
2025-08-23 16:45:04.393 T:4326 debug : CAMLCodec::GetPicture: index: 590, pts: 24.608, dur:42.000ms ar:1.78 elf:1ms
2025-08-23 16:45:04.396 T:4327 debug : CVideoPlayerAudio::OutputPacket: pts:24.984 curr_pts:24.153 clock:24.177 level:100
2025-08-23 16:45:04.397 T:4091 debug : PrepareNextRender: frameOnScreen: 24.178 renderPts: 24.337 nextFramePts: 24.316 -> diff: 0.021 render: 1 forceNext: 0
2025-08-23 16:45:04.397 T:4326 debug : CVideoPlayerVideo::OutputPicture - ttd:434ms pts:24.608 Clock:24.174 Level:6
2025-08-23 16:45:04.397 T:4091 debug : CAMLCodec::ReleaseFrame idx:583, drop:0
2025-08-23 16:45:04.398 T:4326 debug : CAMLCodec::DequeueBuffer: pts:24.650 idx:591
2025-08-23 16:45:04.398 T:4326 debug : CAMLCodec::GetPicture: index: 591, pts: 24.650, dur:42.000ms ar:1.78 elf:5ms
2025-08-23 16:45:04.431 T:4091 debug : CAMLCodec::PollFrame elapsed:33.251ms
2025-08-23 16:45:04.432 T:4091 debug : PrepareNextRender: frameOnScreen: 24.213 renderPts: 24.372 nextFramePts: 24.358 -> diff: 0.014 render: 1 forceNext: 0
2025-08-23 16:45:04.432 T:4326 debug : CVideoPlayerVideo::OutputPicture - ttd:470ms pts:24.650 Clock:24.179 Level:6
2025-08-23 16:45:04.432 T:4091 debug : CAMLCodec::ReleaseFrame idx:584, drop:0
2025-08-23 16:45:04.442 T:4326 debug : CAMLCodec::AddData: dl:670080 fl:5424768 sz:183534(183616) lv:11.0% dts:24.858 pts:25.025
2025-08-23 16:45:04.449 T:4323 debug : CVideoPlayer::ProcessVideoData size:133006 dts:34.701 pts:34.785 dur:41.000ms, clock:24.230 level:100
2025-08-23 16:45:04.454 T:4323 debug : CVideoPlayer::ProcessVideoData size:383035 dts:34.743 pts:34.952 dur:41.000ms, clock:24.235 level:100
2025-08-23 16:45:04.472 T:4091 debug : CAMLCodec::PollFrame elapsed:39.720ms
2025-08-23 16:45:04.478 T:4091 debug : PrepareNextRender: frameOnScreen: 24.259 renderPts: 24.417 nextFramePts: 24.399 -> diff: 0.018 render: 1 forceNext: 0
2025-08-23 16:45:04.478 T:4091 debug : CAMLCodec::ReleaseFrame idx:585, drop:0
2025-08-23 16:45:04.482 T:4326 debug : CAMLCodec::AddData: dl:708480 fl:5386368 sz:122764(122880) lv:11.6% dts:24.900 pts:24.983
2025-08-23 16:45:04.496 T:4327 debug : CVideoPlayerAudio::OutputPacket: pts:25.077 curr_pts:24.253 clock:24.277 level:100
