2025-08-23 16:45:16.046 T:4323 debug : CVideoPlayer::ProcessAudioData size:7970 dts:40.124 pts:40.124 dur:92.000ms, clock:35.825 drop:0 level:42
2025-08-23 16:45:16.046 T:4323 debug : CVideoPlayer::ProcessAudioData size:8247 dts:40.216 pts:40.216 dur:92.000ms, clock:35.825 drop:0 level:43
2025-08-23 16:45:16.046 T:4323 debug : CVideoPlayer::ProcessAudioData size:8229 dts:40.309 pts:40.309 dur:92.000ms, clock:35.825 drop:0 level:45
2025-08-23 16:45:16.046 T:4323 debug : CVideoPlayer::ProcessAudioData size:8431 dts:40.402 pts:40.402 dur:92.000ms, clock:35.825 drop:0 level:46
2025-08-23 16:45:16.046 T:4323 debug : CVideoPlayer::ProcessAudioData size:8220 dts:40.495 pts:40.495 dur:92.000ms, clock:35.825 drop:0 level:47
2025-08-23 16:45:16.046 T:4323 debug : CVideoPlayer::ProcessAudioData size:8417 dts:40.588 pts:40.588 dur:92.000ms, clock:35.826 drop:0 level:48
2025-08-23 16:45:16.047 T:4323 debug : CVideoPlayer::ProcessAudioData size:11095 dts:40.681 pts:40.681 dur:92.000ms, clock:35.826 drop:0 level:49
2025-08-23 16:45:16.047 T:4323 debug : CVideoPlayer::ProcessAudioData size:10986 dts:40.774 pts:40.774 dur:92.000ms, clock:35.826 drop:0 level:50
2025-08-23 16:45:16.053 T:4323 debug : CVideoPlayer::ProcessVideoData size:41506 dts:40.040 pts:40.332 dur:41.000ms, clock:35.832 level:46
2025-08-23 16:45:16.053 T:4323 debug : CVideoPlayer::ProcessVideoData size:13148 dts:40.082 pts:40.249 dur:41.000ms, clock:35.832 level:47
2025-08-23 16:45:16.053 T:4323 debug : CVideoPlayer::ProcessVideoData size:9400 dts:40.123 pts:40.207 dur:41.000ms, clock:35.832 level:47
2025-08-23 16:45:16.053 T:4323 debug : CVideoPlayer::ProcessVideoData size:18909 dts:40.165 pts:40.165 dur:41.000ms, clock:35.832 level:48
2025-08-23 16:45:16.053 T:4323 debug : CVideoPlayer::ProcessVideoData size:9135 dts:40.207 pts:40.290 dur:41.000ms, clock:35.832 level:48
2025-08-23 16:45:16.064 T:4323 debug : CVideoPlayer::ProcessVideoData size:58610 dts:40.249 pts:40.540 dur:41.000ms, clock:35.843 level:49
2025-08-23 16:45:16.064 T:4323 debug : CVideoPlayer::ProcessVideoData size:41210 dts:40.290 pts:40.457 dur:41.000ms, clock:35.843 level:50
2025-08-23 16:45:16.064 T:4323 debug : CVideoPlayer::ProcessVideoData size:35261 dts:40.332 pts:40.415 dur:41.000ms, clock:35.843 level:50
2025-08-23 16:45:16.064 T:4323 debug : CVideoPlayer::ProcessVideoData size:19089 dts:40.374 pts:40.374 dur:41.000ms, clock:35.843 level:51
2025-08-23 16:45:16.064 T:4323 debug : CVideoPlayer::ProcessVideoData size:29036 dts:40.415 pts:40.499 dur:41.000ms, clock:35.843 level:51
2025-08-23 16:45:16.069 T:4091 debug : CAMLCodec::PollFrame elapsed:34.216ms
2025-08-23 16:45:16.071 T:4326 debug : CAMLCodec::DequeueBuffer: pts:36.203 idx:868
2025-08-23 16:45:16.071 T:4326 debug : CAMLCodec::GetPicture: index: 868, pts: 36.203, dur:42.000ms ar:1.78 elf:41ms
2025-08-23 16:45:16.072 T:4326 debug : CVideoPlayerVideo::OutputPicture - ttd:352ms pts:36.203 Clock:35.851 Level:5
2025-08-23 16:45:16.078 T:4091 debug : PrepareNextRender: frameOnScreen: 35.857 renderPts: 36.016 nextFramePts: 35.994 -> diff: 0.022 render: 1 forceNext: 0
2025-08-23 16:45:16.078 T:4091 debug : CAMLCodec::ReleaseFrame idx:863, drop:0
2025-08-23 16:45:16.080 T:4323 debug : CVideoPlayer::ProcessVideoData size:32593 dts:40.457 pts:40.749 dur:41.000ms, clock:35.859 level:52
2025-08-23 16:45:16.080 T:4323 debug : CVideoPlayer::ProcessVideoData size:2991 dts:40.499 pts:40.666 dur:41.000ms, clock:35.859 level:52
2025-08-23 16:45:16.080 T:4323 debug : CVideoPlayer::ProcessVideoData size:2548 dts:40.540 pts:40.624 dur:41.000ms, clock:35.859 level:53
2025-08-23 16:45:16.080 T:4323 debug : CVideoPlayer::ProcessVideoData size:4463 dts:40.582 pts:40.582 dur:41.000ms, clock:35.859 level:53
2025-08-23 16:45:16.080 T:4323 debug : CVideoPlayer::ProcessVideoData size:2857 dts:40.624 pts:40.707 dur:41.000ms, clock:35.859 level:54
2025-08-23 16:45:16.081 T:4323 debug : CVideoPlayer::ProcessVideoData size:2606 dts:40.666 pts:40.791 dur:41.000ms, clock:35.860 level:54
2025-08-23 16:45:16.082 T:4323 debug : CVideoPlayer::ProcessAudioData size:10409 dts:40.867 pts:40.867 dur:92.000ms, clock:35.861 drop:0 level:52
2025-08-23 16:45:16.082 T:4323 debug : CVideoPlayer::ProcessAudioData size:9617 dts:40.959 pts:40.959 dur:92.000ms, clock:35.861 drop:0 level:53
2025-08-23 16:45:16.082 T:4323 debug : CVideoPlayer::ProcessAudioData size:9134 dts:41.052 pts:41.052 dur:92.000ms, clock:35.861 drop:0 level:54
2025-08-23 16:45:16.082 T:4323 debug : CVideoPlayer::ProcessAudioData size:8662 dts:41.145 pts:41.145 dur:92.000ms, clock:35.861 drop:0 level:55
2025-08-23 16:45:16.082 T:4323 debug : CVideoPlayer::ProcessAudioData size:9798 dts:41.238 pts:41.238 dur:92.000ms, clock:35.861 drop:0 level:56
2025-08-23 16:45:16.082 T:4323 debug : CVideoPlayer::ProcessAudioData size:9389 dts:41.331 pts:41.331 dur:92.000ms, clock:35.861 drop:0 level:57
2025-08-23 16:45:16.082 T:4323 debug : CVideoPlayer::ProcessAudioData size:8906 dts:41.424 pts:41.424 dur:92.000ms, clock:35.861 drop:0 level:59
2025-08-23 16:45:16.083 T:4323 debug : CVideoPlayer::ProcessVideoData size:80795 dts:40.707 pts:40.999 dur:41.000ms, clock:35.862 level:54
2025-08-23 16:45:16.083 T:4323 debug : CVideoPlayer::ProcessVideoData size:7051 dts:40.749 pts:40.916 dur:41.000ms, clock:35.862 level:55
2025-08-23 16:45:16.083 T:4323 debug : CVideoPlayer::ProcessVideoData size:456 dts:40.791 pts:40.874 dur:41.000ms, clock:35.862 level:55
2025-08-23 16:45:16.083 T:4323 debug : CVideoPlayer::ProcessVideoData size:412 dts:40.832 pts:40.832 dur:41.000ms, clock:35.862 level:56
2025-08-23 16:45:16.083 T:4323 debug : CVideoPlayer::ProcessVideoData size:24684 dts:40.874 pts:40.958 dur:41.000ms, clock:35.862 level:56
2025-08-23 16:45:16.084 T:4323 debug : CVideoPlayer::ProcessVideoData size:88347 dts:40.916 pts:41.041 dur:41.000ms, clock:35.863 level:57
2025-08-23 16:45:16.085 T:4326 debug : CAMLCodec::AddData: dl:876096 fl:5218752 sz:368658(368768) lv:14.4% dts:36.328 pts:36.453
2025-08-23 16:45:16.086 T:4323 debug : CVideoPlayer::ProcessVideoData size:191075 dts:40.958 pts:41.250 dur:41.000ms, clock:35.865 level:57
2025-08-23 16:45:16.087 T:4323 debug : CVideoPlayer::ProcessVideoData size:109267 dts:40.999 pts:41.166 dur:41.000ms, clock:35.866 level:58
2025-08-23 16:45:16.098 T:4327 debug : CVideoPlayerAudio::OutputPacket: pts:36.687 curr_pts:35.854 clock:35.877 level:59
2025-08-23 16:45:16.111 T:4091 debug : CAMLCodec::PollFrame elapsed:32.669ms
2025-08-23 16:45:16.116 T:4326 debug : CAMLCodec::DequeueBuffer: pts:36.245 idx:869
2025-08-23 16:45:16.116 T:4326 debug : CAMLCodec::GetPicture: index: 869, pts: 36.245, dur:42.000ms ar:1.78 elf:44ms
2025-08-23 16:45:16.116 T:4326 debug : CVideoPlayerVideo::OutputPicture - ttd:350ms pts:36.245 Clock:35.895 Level:5
2025-08-23 16:45:16.120 T:4091 debug : PrepareNextRender: frameOnScreen: 35.899 renderPts: 36.058 nextFramePts: 36.036 -> diff: 0.022 render: 1 forceNext: 0
2025-08-23 16:45:16.120 T:4091 debug : CAMLCodec::ReleaseFrame idx:864, drop:0
2025-08-23 16:45:16.128 T:4326 debug : CAMLCodec::AddData: dl:645632 fl:5449216 sz:276775(276864) lv:10.6% dts:36.370 pts:36.411
2025-08-23 16:45:16.128 T:4323 debug : CVideoPlayer::ProcessVideoData size:63273 dts:41.041 pts:41.124 dur:41.000ms, clock:35.907 level:58
2025-08-23 16:45:16.129 T:4323 debug : CVideoPlayer::ProcessVideoData size:62667 dts:41.083 pts:41.083 dur:41.000ms, clock:35.908 level:58
2025-08-23 16:45:16.130 T:4323 debug : CVideoPlayer::ProcessVideoData size:90873 dts:41.124 pts:41.208 dur:41.000ms, clock:35.909 level:59
2025-08-23 16:45:16.137 T:4323 debug : CVideoPlayer::ProcessVideoData size:248911 dts:41.166 pts:41.458 dur:41.000ms, clock:35.916 level:59
2025-08-23 16:45:16.153 T:4091 debug : CAMLCodec::PollFrame elapsed:32.057ms
2025-08-23 16:45:16.154 T:4326 debug : CAMLCodec::DequeueBuffer: pts:36.286 idx:870
2025-08-23 16:45:16.155 T:4326 debug : CAMLCodec::GetPicture: index: 870, pts: 36.286, dur:41.000ms ar:1.78 elf:38ms
2025-08-23 16:45:16.155 T:4326 debug : CVideoPlayerVideo::OutputPicture - ttd:352ms pts:36.286 Clock:35.934 Level:5
2025-08-23 16:45:16.160 T:4091 debug : PrepareNextRender: frameOnScreen: 35.939 renderPts: 36.098 nextFramePts: 36.078 -> diff: 0.020 render: 1 forceNext: 0
2025-08-23 16:45:16.160 T:4091 debug : CAMLCodec::ReleaseFrame idx:865, drop:0
2025-08-23 16:45:16.169 T:4323 debug : CVideoPlayer::ProcessVideoData size:172877 dts:41.208 pts:41.375 dur:41.000ms, clock:35.948 level:59
2025-08-23 16:45:16.170 T:4326 debug : CAMLCodec::AddData: dl:1245952 fl:4848896 sz:968999(969088) lv:20.4% dts:36.411 pts:36.536
2025-08-23 16:45:16.171 T:4323 debug : CVideoPlayer::ProcessVideoData size:163417 dts:41.250 pts:41.333 dur:41.000ms, clock:35.950 level:60
2025-08-23 16:45:16.172 T:4323 debug : CVideoPlayer::ProcessVideoData size:112499 dts:41.291 pts:41.291 dur:41.000ms, clock:35.951 level:60
2025-08-23 16:45:16.172 T:4323 debug : CVideoPlayer::ProcessVideoData size:128970 dts:41.333 pts:41.416 dur:41.000ms, clock:35.951 level:61
2025-08-23 16:45:16.176 T:4323 debug : CVideoPlayer::ProcessAudioData size:8422 dts:41.517 pts:41.517 dur:92.000ms, clock:35.955 drop:0 level:59
2025-08-23 16:45:16.176 T:4323 debug : CVideoPlayer::ProcessAudioData size:9457 dts:41.609 pts:41.609 dur:92.000ms, clock:35.955 drop:0 level:60
2025-08-23 16:45:16.180 T:4323 debug : CVideoPlayer::ProcessVideoData size:257617 dts:41.375 pts:41.583 dur:41.000ms, clock:35.959 level:61
2025-08-23 16:45:16.194 T:4091 debug : CAMLCodec::PollFrame elapsed:33.936ms
2025-08-23 16:45:16.196 T:4326 debug : CAMLCodec::DequeueBuffer: pts:36.328 idx:871
2025-08-23 16:45:16.196 T:4326 debug : CAMLCodec::GetPicture: index: 871, pts: 36.328, dur:42.000ms ar:1.78 elf:41ms
2025-08-23 16:45:16.196 T:4326 debug : CVideoPlayerVideo::OutputPicture - ttd:352ms pts:36.328 Clock:35.975 Level:5
2025-08-23 16:45:16.199 T:4327 debug : CVideoPlayerAudio::OutputPacket: pts:36.780 curr_pts:35.954 clock:35.978 level:60
2025-08-23 16:45:16.204 T:4091 debug : PrepareNextRender: frameOnScreen: 35.983 renderPts: 36.142 nextFramePts: 36.119 -> diff: 0.023 render: 1 forceNext: 0
2025-08-23 16:45:16.204 T:4091 debug : CAMLCodec::ReleaseFrame idx:866, drop:0
2025-08-23 16:45:16.236 T:4091 debug : CAMLCodec::PollFrame elapsed:32.111ms
2025-08-23 16:45:16.238 T:4326 debug : CAMLCodec::DequeueBuffer: pts:36.370 idx:872
2025-08-23 16:45:16.238 T:4326 debug : CAMLCodec::GetPicture: index: 872, pts: 36.370, dur:42.000ms ar:1.78 elf:41ms
2025-08-23 16:45:16.238 T:4326 debug : CVideoPlayerVideo::OutputPicture - ttd:353ms pts:36.370 Clock:36.017 Level:5
2025-08-23 16:45:16.239 T:4326 debug : CAMLCodec::DequeueBuffer: pts:36.411 idx:873
2025-08-23 16:45:16.239 T:4326 debug : CAMLCodec::GetPicture: index: 873, pts: 36.411, dur:41.000ms ar:1.78 elf:1ms
2025-08-23 16:45:16.239 T:4326 debug : CVideoPlayerVideo::OutputPicture - ttd:392ms pts:36.411 Clock:36.018 Level:6
2025-08-23 16:45:16.241 T:4326 debug : CAMLCodec::DequeueBuffer: pts:36.453 idx:874
2025-08-23 16:45:16.241 T:4326 debug : CAMLCodec::GetPicture: index: 874, pts: 36.453, dur:42.000ms ar:1.78 elf:1ms
2025-08-23 16:45:16.242 T:4091 debug : PrepareNextRender: frameOnScreen: 36.021 renderPts: 36.180 nextFramePts: 36.161 -> diff: 0.019 render: 1 forceNext: 0
2025-08-23 16:45:16.242 T:4326 debug : CVideoPlayerVideo::OutputPicture - ttd:433ms pts:36.453 Clock:36.020 Level:6
2025-08-23 16:45:16.242 T:4091 debug : CAMLCodec::ReleaseFrame idx:867, drop:0
2025-08-23 16:45:16.243 T:4326 debug : CAMLCodec::DequeueBuffer: pts:36.495 idx:875
2025-08-23 16:45:16.244 T:4326 debug : CAMLCodec::GetPicture: index: 875, pts: 36.495, dur:42.000ms ar:1.78 elf:2ms
2025-08-23 16:45:16.278 T:4091 debug : CAMLCodec::PollFrame elapsed:35.453ms
2025-08-23 16:45:16.283 T:4091 debug : PrepareNextRender: frameOnScreen: 36.062 renderPts: 36.221 nextFramePts: 36.203 -> diff: 0.018 render: 1 forceNext: 0
2025-08-23 16:45:16.284 T:4326 debug : CVideoPlayerVideo::OutputPicture - ttd:472ms pts:36.495 Clock:36.023 Level:6
2025-08-23 16:45:16.284 T:4091 debug : CAMLCodec::ReleaseFrame idx:868, drop:0
2025-08-23 16:45:16.288 T:4326 debug : CAMLCodec::AddData: dl:672256 fl:5422592 sz:672189(672256) lv:11.0% dts:36.453 pts:36.745
2025-08-23 16:45:16.292 T:4323 debug : CVideoPlayer::ProcessVideoData size:189585 dts:41.416 pts:41.541 dur:41.000ms, clock:36.071 level:61
2025-08-23 16:45:16.293 T:4323 debug : CVideoPlayer::ProcessVideoData size:153666 dts:41.458 pts:41.500 dur:41.000ms, clock:36.072 level:62
2025-08-23 16:45:16.295 T:4323 debug : CVideoPlayer::ProcessVideoData size:225276 dts:41.500 pts:41.625 dur:41.000ms, clock:36.074 level:63
2025-08-23 16:45:16.297 T:4323 debug : CVideoPlayer::ProcessVideoData size:241788 dts:41.541 pts:41.667 dur:41.000ms, clock:36.076 level:63
2025-08-23 16:45:16.298 T:4327 debug : CVideoPlayerAudio::OutputPacket: pts:36.873 curr_pts:36.054 clock:36.077 level:59
2025-08-23 16:45:16.305 T:4326 debug : CAMLCodec::AddData: dl:385856 fl:5708992 sz:385772(385856) lv:6.3% dts:36.495 pts:36.662
2025-08-23 16:45:16.309 T:4326 debug : CAMLCodec::AddData: dl:735488 fl:5359360 sz:349553(349632) lv:12.1% dts:36.536 pts:36.620
2025-08-23 16:45:16.310 T:4323 debug : CVideoPlayer::ProcessAudioData size:9247 dts:41.703 pts:41.703 dur:92.000ms, clock:36.089 drop:0 level:59
2025-08-23 16:45:16.312 T:4323 debug : CVideoPlayer::ProcessVideoData size:261080 dts:41.583 pts:41.750 dur:41.000ms, clock:36.091 level:63
2025-08-23 16:45:16.314 T:4323 debug : CVideoPlayer::ProcessVideoData size:156694 dts:41.625 pts:41.708 dur:41.000ms, clock:36.093 level:63
2025-08-23 16:45:16.317 T:4323 debug : CVideoPlayer::ProcessVideoData size:403822 dts:41.667 pts:41.792 dur:41.000ms, clock:36.096 level:64
2025-08-23 16:45:16.320 T:4091 debug : CAMLCodec::PollFrame elapsed:35.770ms
2025-08-23 16:45:16.331 T:4091 debug : PrepareNextRender: frameOnScreen: 36.110 renderPts: 36.269 nextFramePts: 36.245 -> diff: 0.024 render: 1 forceNext: 0
2025-08-23 16:45:16.331 T:4091 debug : CAMLCodec::ReleaseFrame idx:869, drop:0
2025-08-23 16:45:16.336 T:4326 debug : CAMLCodec::AddData: dl:696320 fl:5398528 sz:346568(346688) lv:11.4% dts:36.578 pts:36.578
2025-08-23 16:45:16.339 T:4323 debug : CVideoPlayer::ProcessAudioData size:9049 dts:41.796 pts:41.796 dur:92.000ms, clock:36.118 drop:0 level:60
2025-08-23 16:45:16.340 T:4323 debug : CVideoPlayer::ProcessAudioData size:8496 dts:41.888 pts:41.888 dur:92.000ms, clock:36.118 drop:0 level:61
2025-08-23 16:45:16.340 T:4323 debug : CVideoPlayer::ProcessAudioData size:8761 dts:41.981 pts:41.981 dur:92.000ms, clock:36.119 drop:0 level:62
2025-08-23 16:45:16.349 T:4323 debug : CVideoPlayer::ProcessVideoData size:278345 dts:41.708 pts:42.000 dur:41.000ms, clock:36.128 level:64
2025-08-23 16:45:16.361 T:4091 debug : CAMLCodec::PollFrame elapsed:29.952ms
2025-08-23 16:45:16.372 T:4091 debug : PrepareNextRender: frameOnScreen: 36.151 renderPts: 36.309 nextFramePts: 36.286 -> diff: 0.023 render: 1 forceNext: 0
2025-08-23 16:45:16.372 T:4091 debug : CAMLCodec::ReleaseFrame idx:870, drop:0
2025-08-23 16:45:16.377 T:4326 debug : CAMLCodec::AddData: dl:706496 fl:5388352 sz:359697(359808) lv:11.6% dts:36.620 pts:36.703
2025-08-23 16:45:16.381 T:4323 debug : CVideoPlayer::ProcessVideoData size:211661 dts:41.750 pts:41.917 dur:41.000ms, clock:36.160 level:64
2025-08-23 16:45:16.399 T:4327 debug : CVideoPlayerAudio::OutputPacket: pts:36.966 curr_pts:36.154 clock:36.178 level:62
2025-08-23 16:45:16.403 T:4091 debug : CAMLCodec::PollFrame elapsed:30.837ms
2025-08-23 16:45:16.406 T:4326 debug : CAMLCodec::DequeueBuffer: pts:36.536 idx:876
2025-08-23 16:45:16.407 T:4326 debug : CAMLCodec::GetPicture: index: 876, pts: 36.536, dur:41.000ms ar:1.78 elf:162ms
2025-08-23 16:45:16.407 T:4326 debug : CVideoPlayerVideo::OutputPicture - ttd:350ms pts:36.536 Clock:36.186 Level:5
2025-08-23 16:45:16.408 T:4091 debug : PrepareNextRender: frameOnScreen: 36.187 renderPts: 36.345 nextFramePts: 36.328 -> diff: 0.017 render: 1 forceNext: 0
2025-08-23 16:45:16.408 T:4091 debug : CAMLCodec::ReleaseFrame idx:871, drop:0
2025-08-23 16:45:16.419 T:4326 debug : CAMLCodec::AddData: dl:999936 fl:5094912 sz:640030(640128) lv:16.4% dts:36.662 pts:36.954
2025-08-23 16:45:16.422 T:4323 debug : CVideoPlayer::ProcessVideoData size:193212 dts:41.792 pts:41.875 dur:41.000ms, clock:36.201 level:64
2025-08-23 16:45:16.423 T:4323 debug : CVideoPlayer::ProcessVideoData size:152705 dts:41.833 pts:41.833 dur:41.000ms, clock:36.202 level:64
2025-08-23 16:45:16.425 T:4323 debug : CVideoPlayer::ProcessVideoData size:154362 dts:41.875 pts:41.959 dur:41.000ms, clock:36.204 level:65
2025-08-23 16:45:16.430 T:4323 debug : CVideoPlayer::ProcessAudioData size:9364 dts:42.075 pts:42.075 dur:92.000ms, clock:36.209 drop:0 level:62
2025-08-23 16:45:16.431 T:4323 debug : CVideoPlayer::ProcessAudioData size:9162 dts:42.167 pts:42.167 dur:92.000ms, clock:36.210 drop:0 level:63
2025-08-23 16:45:16.431 T:4323 debug : CVideoPlayer::ProcessAudioData size:8738 dts:42.260 pts:42.260 dur:92.000ms, clock:36.210 drop:0 level:64
2025-08-23 16:45:16.432 T:4323 debug : CVideoPlayer::ProcessAudioData size:8061 dts:42.353 pts:42.353 dur:92.000ms, clock:36.210 drop:0 level:66
2025-08-23 16:45:16.439 T:4323 debug : CVideoPlayer::ProcessVideoData size:289622 dts:41.917 pts:42.209 dur:41.000ms, clock:36.218 level:65
2025-08-23 16:45:16.445 T:4091 debug : CAMLCodec::PollFrame elapsed:36.606ms
2025-08-23 16:45:16.446 T:4326 debug : CAMLCodec::DequeueBuffer: pts:36.578 idx:877
2025-08-23 16:45:16.446 T:4326 debug : CAMLCodec::GetPicture: index: 877, pts: 36.578, dur:42.000ms ar:1.78 elf:39ms
2025-08-23 16:45:16.446 T:4326 debug : CVideoPlayerVideo::OutputPicture - ttd:352ms pts:36.578 Clock:36.225 Level:5
2025-08-23 16:45:16.452 T:4091 debug : PrepareNextRender: frameOnScreen: 36.231 renderPts: 36.389 nextFramePts: 36.370 -> diff: 0.019 render: 1 forceNext: 0
2025-08-23 16:45:16.452 T:4091 debug : CAMLCodec::ReleaseFrame idx:872, drop:0
2025-08-23 16:45:16.486 T:4091 debug : CAMLCodec::PollFrame elapsed:33.837ms
2025-08-23 16:45:16.489 T:4326 debug : CAMLCodec::DequeueBuffer: pts:36.620 idx:878
2025-08-23 16:45:16.489 T:4326 debug : CAMLCodec::GetPicture: index: 878, pts: 36.620, dur:42.000ms ar:1.78 elf:43ms
2025-08-23 16:45:16.489 T:4326 debug : CVideoPlayerVideo::OutputPicture - ttd:351ms pts:36.620 Clock:36.268 Level:5
2025-08-23 16:45:16.494 T:4091 debug : PrepareNextRender: frameOnScreen: 36.273 renderPts: 36.431 nextFramePts: 36.411 -> diff: 0.020 render: 1 forceNext: 0
2025-08-23 16:45:16.494 T:4091 debug : CAMLCodec::ReleaseFrame idx:873, drop:0
2025-08-23 16:45:16.499 T:4327 debug : CVideoPlayerAudio::OutputPacket: pts:37.058 curr_pts:36.254 clock:36.278 level:66
2025-08-23 16:45:16.506 T:4326 debug : CAMLCodec::AddData: dl:507776 fl:5587072 sz:507668(507776) lv:8.3% dts:36.703 pts:36.870
2025-08-23 16:45:16.509 T:4326 debug : CAMLCodec::AddData: dl:861248 fl:5233600 sz:353370(353472) lv:14.1% dts:36.745 pts:36.828
2025-08-23 16:45:16.511 T:4323 debug : CVideoPlayer::ProcessVideoData size:219678 dts:41.959 pts:42.125 dur:41.000ms, clock:36.290 level:65
2025-08-23 16:45:16.512 T:4323 debug : CVideoPlayer::ProcessVideoData size:199864 dts:42.000 pts:42.084 dur:41.000ms, clock:36.291 level:65
2025-08-23 16:45:16.513 T:4323 debug : CVideoPlayer::ProcessVideoData size:159305 dts:42.042 pts:42.042 dur:41.000ms, clock:36.292 level:66
2025-08-23 16:45:16.514 T:4323 debug : CVideoPlayer::ProcessVideoData size:159402 dts:42.084 pts:42.167 dur:41.000ms, clock:36.292 level:66
2025-08-23 16:45:16.528 T:4091 debug : CAMLCodec::PollFrame elapsed:34.025ms
2025-08-23 16:45:16.529 T:4326 debug : CAMLCodec::DequeueBuffer: pts:36.662 idx:879
2025-08-23 16:45:16.529 T:4326 debug : CAMLCodec::GetPicture: index: 879, pts: 36.662, dur:42.000ms ar:1.78 elf:39ms
2025-08-23 16:45:16.529 T:4326 debug : CVideoPlayerVideo::OutputPicture - ttd:353ms pts:36.662 Clock:36.308 Level:5
2025-08-23 16:45:16.542 T:4091 debug : PrepareNextRender: frameOnScreen: 36.321 renderPts: 36.479 nextFramePts: 36.453 -> diff: 0.026 render: 1 forceNext: 0
2025-08-23 16:45:16.542 T:4091 debug : CAMLCodec::ReleaseFrame idx:874, drop:0
2025-08-23 16:45:16.545 T:4326 debug : CAMLCodec::AddData: dl:689856 fl:5404992 sz:336300(336384) lv:11.3% dts:36.787 pts:36.787
2025-08-23 16:45:16.551 T:4323 debug : CVideoPlayer::ProcessVideoData size:293187 dts:42.125 pts:42.417 dur:41.000ms, clock:36.330 level:66
2025-08-23 16:45:16.570 T:4091 debug : CAMLCodec::PollFrame elapsed:27.523ms
2025-08-23 16:45:16.572 T:4326 debug : CAMLCodec::DequeueBuffer: pts:36.703 idx:880
2025-08-23 16:45:16.573 T:4326 debug : CAMLCodec::GetPicture: index: 880, pts: 36.703, dur:41.000ms ar:1.78 elf:43ms
2025-08-23 16:45:16.573 T:4326 debug : CVideoPlayerVideo::OutputPicture - ttd:351ms pts:36.703 Clock:36.352 Level:5
2025-08-23 16:45:16.577 T:4091 debug : PrepareNextRender: frameOnScreen: 36.356 renderPts: 36.514 nextFramePts: 36.495 -> diff: 0.019 render: 1 forceNext: 0
2025-08-23 16:45:16.577 T:4091 debug : CAMLCodec::ReleaseFrame idx:875, drop:0
2025-08-23 16:45:16.586 T:4326 debug : CAMLCodec::AddData: dl:718912 fl:5375936 sz:382421(382528) lv:11.8% dts:36.828 pts:36.912
2025-08-23 16:45:16.593 T:4323 debug : CVideoPlayer::ProcessVideoData size:223281 dts:42.167 pts:42.334 dur:41.000ms, clock:36.372 level:66
2025-08-23 16:45:16.594 T:4323 debug : CVideoPlayer::ProcessVideoData size:206585 dts:42.209 pts:42.292 dur:41.000ms, clock:36.373 level:67
2025-08-23 16:45:16.600 T:4327 debug : CVideoPlayerAudio::OutputPacket: pts:37.151 curr_pts:36.354 clock:36.378 level:64
2025-08-23 16:45:16.612 T:4091 debug : CAMLCodec::PollFrame elapsed:34.081ms
2025-08-23 16:45:16.614 T:4326 debug : CAMLCodec::DequeueBuffer: pts:36.745 idx:881
2025-08-23 16:45:16.614 T:4326 debug : CAMLCodec::GetPicture: index: 881, pts: 36.745, dur:42.000ms ar:1.78 elf:40ms
2025-08-23 16:45:16.614 T:4326 debug : CVideoPlayerVideo::OutputPicture - ttd:352ms pts:36.745 Clock:36.393 Level:5
2025-08-23 16:45:16.623 T:4091 debug : PrepareNextRender: frameOnScreen: 36.402 renderPts: 36.560 nextFramePts: 36.536 -> diff: 0.024 render: 1 forceNext: 0
2025-08-23 16:45:16.625 T:4091 debug : CAMLCodec::ReleaseFrame idx:876, drop:0
2025-08-23 16:45:16.625 T:4323 debug : CVideoPlayer::ProcessVideoData size:163321 dts:42.251 pts:42.251 dur:41.000ms, clock:36.404 level:67
2025-08-23 16:45:16.626 T:4323 debug : CVideoPlayer::ProcessVideoData size:164244 dts:42.292 pts:42.376 dur:41.000ms, clock:36.405 level:67
2025-08-23 16:45:16.627 T:4326 debug : CAMLCodec::AddData: dl:1046144 fl:5048704 sz:663551(663616) lv:17.2% dts:36.870 pts:37.162
2025-08-23 16:45:16.629 T:4323 debug : CVideoPlayer::ProcessAudioData size:9762 dts:42.446 pts:42.446 dur:92.000ms, clock:36.408 drop:0 level:64
2025-08-23 16:45:16.629 T:4323 debug : CVideoPlayer::ProcessAudioData size:9164 dts:42.538 pts:42.538 dur:92.000ms, clock:36.408 drop:0 level:66
2025-08-23 16:45:16.638 T:4323 debug : CVideoPlayer::ProcessVideoData size:303098 dts:42.334 pts:42.626 dur:41.000ms, clock:36.417 level:68
2025-08-23 16:45:16.649 T:4327 debug : CVideoPlayerAudio::OutputPacket: pts:37.245 curr_pts:36.403 clock:36.428 level:66
2025-08-23 16:45:16.653 T:4091 debug : CAMLCodec::PollFrame elapsed:28.283ms
2025-08-23 16:45:16.656 T:4326 debug : CAMLCodec::DequeueBuffer: pts:36.787 idx:882
2025-08-23 16:45:16.656 T:4326 debug : CAMLCodec::GetPicture: index: 882, pts: 36.787, dur:42.000ms ar:1.78 elf:42ms
2025-08-23 16:45:16.656 T:4326 debug : CVideoPlayerVideo::OutputPicture - ttd:351ms pts:36.787 Clock:36.435 Level:5
2025-08-23 16:45:16.658 T:4091 debug : PrepareNextRender: frameOnScreen: 36.437 renderPts: 36.595 nextFramePts: 36.578 -> diff: 0.017 render: 1 forceNext: 0
2025-08-23 16:45:16.658 T:4091 debug : CAMLCodec::ReleaseFrame idx:877, drop:0
2025-08-23 16:45:16.695 T:4091 debug : CAMLCodec::PollFrame elapsed:36.687ms
2025-08-23 16:45:16.696 T:4326 debug : CAMLCodec::DequeueBuffer: pts:36.828 idx:883
2025-08-23 16:45:16.696 T:4326 debug : CAMLCodec::GetPicture: index: 883, pts: 36.828, dur:41.000ms ar:1.78 elf:39ms
2025-08-23 16:45:16.696 T:4326 debug : CVideoPlayerVideo::OutputPicture - ttd:353ms pts:36.828 Clock:36.475 Level:5
2025-08-23 16:45:16.702 T:4091 debug : PrepareNextRender: frameOnScreen: 36.481 renderPts: 36.639 nextFramePts: 36.620 -> diff: 0.019 render: 1 forceNext: 0
2025-08-23 16:45:16.702 T:4091 debug : CAMLCodec::ReleaseFrame idx:878, drop:0
2025-08-23 16:45:16.714 T:4326 debug : CAMLCodec::AddData: dl:509184 fl:5585664 sz:509096(509184) lv:8.4% dts:36.912 pts:37.079
2025-08-23 16:45:16.718 T:4326 debug : CAMLCodec::AddData: dl:867264 fl:5227584 sz:357957(358080) lv:14.2% dts:36.954 pts:37.037
2025-08-23 16:45:16.720 T:4323 debug : CVideoPlayer::ProcessVideoData size:230944 dts:42.376 pts:42.542 dur:41.000ms, clock:36.499 level:67
2025-08-23 16:45:16.721 T:4323 debug : CVideoPlayer::ProcessVideoData size:210811 dts:42.417 pts:42.501 dur:41.000ms, clock:36.500 level:68
2025-08-23 16:45:16.723 T:4323 debug : CVideoPlayer::ProcessVideoData size:166661 dts:42.459 pts:42.459 dur:41.000ms, clock:36.501 level:68
2025-08-23 16:45:16.726 T:4323 debug : CVideoPlayer::ProcessVideoData size:168967 dts:42.501 pts:42.584 dur:41.000ms, clock:36.504 level:69
2025-08-23 16:45:16.737 T:4091 debug : CAMLCodec::PollFrame elapsed:34.310ms
2025-08-23 16:45:16.739 T:4326 debug : CAMLCodec::DequeueBuffer: pts:36.870 idx:884
2025-08-23 16:45:16.739 T:4326 debug : CAMLCodec::GetPicture: index: 884, pts: 36.870, dur:42.000ms ar:1.78 elf:42ms
2025-08-23 16:45:16.740 T:4326 debug : CVideoPlayerVideo::OutputPicture - ttd:351ms pts:36.870 Clock:36.519 Level:5
2025-08-23 16:45:16.749 T:4327 debug : CVideoPlayerAudio::OutputPacket: pts:37.337 curr_pts:36.505 clock:36.528 level:64
2025-08-23 16:45:16.751 T:4091 debug : PrepareNextRender: frameOnScreen: 36.530 renderPts: 36.688 nextFramePts: 36.662 -> diff: 0.026 render: 1 forceNext: 0
2025-08-23 16:45:16.752 T:4091 debug : CAMLCodec::ReleaseFrame idx:879, drop:0
2025-08-23 16:45:16.755 T:4326 debug : CAMLCodec::AddData: dl:728640 fl:5366208 sz:370440(370560) lv:12.0% dts:36.995 pts:36.995
2025-08-23 16:45:16.758 T:4323 debug : CVideoPlayer::ProcessAudioData size:8682 dts:42.632 pts:42.632 dur:92.000ms, clock:36.537 drop:0 level:64
2025-08-23 16:45:16.758 T:4323 debug : CVideoPlayer::ProcessAudioData size:7743 dts:42.724 pts:42.724 dur:92.000ms, clock:36.537 drop:0 level:66
2025-08-23 16:45:16.761 T:4323 debug : CVideoPlayer::ProcessVideoData size:288266 dts:42.542 pts:42.751 dur:41.000ms, clock:36.540 level:69
2025-08-23 16:45:16.763 T:4323 debug : CVideoPlayer::ProcessVideoData size:209312 dts:42.584 pts:42.709 dur:41.000ms, clock:36.542 level:69
2025-08-23 16:45:16.778 T:4091 debug : CAMLCodec::PollFrame elapsed:26.745ms
2025-08-23 16:45:16.779 T:4326 debug : CAMLCodec::DequeueBuffer: pts:36.912 idx:885
2025-08-23 16:45:16.779 T:4326 debug : CAMLCodec::GetPicture: index: 885, pts: 36.912, dur:42.000ms ar:1.78 elf:39ms
2025-08-23 16:45:16.779 T:4326 debug : CVideoPlayerVideo::OutputPicture - ttd:353ms pts:36.912 Clock:36.558 Level:5
2025-08-23 16:45:16.783 T:4091 debug : PrepareNextRender: frameOnScreen: 36.562 renderPts: 36.720 nextFramePts: 36.703 -> diff: 0.017 render: 1 forceNext: 0
2025-08-23 16:45:16.783 T:4091 debug : CAMLCodec::ReleaseFrame idx:880, drop:0
2025-08-23 16:45:16.792 T:4326 debug : CAMLCodec::AddData: dl:748160 fl:5346688 sz:377504(377600) lv:12.3% dts:37.037 pts:37.120
2025-08-23 16:45:16.794 T:4323 debug : CVideoPlayer::ProcessVideoData size:167950 dts:42.626 pts:42.668 dur:41.000ms, clock:36.573 level:69
2025-08-23 16:45:16.799 T:4323 debug : CVideoPlayer::ProcessVideoData size:403325 dts:42.668 pts:42.793 dur:41.000ms, clock:36.577 level:70
2025-08-23 16:45:16.820 T:4091 debug : CAMLCodec::PollFrame elapsed:36.611ms
2025-08-23 16:45:16.823 T:4326 debug : CAMLCodec::DequeueBuffer: pts:36.954 idx:886
2025-08-23 16:45:16.823 T:4326 debug : CAMLCodec::GetPicture: index: 886, pts: 36.954, dur:42.000ms ar:1.78 elf:43ms
2025-08-23 16:45:16.823 T:4326 debug : CVideoPlayerVideo::OutputPicture - ttd:351ms pts:36.954 Clock:36.602 Level:5
2025-08-23 16:45:16.827 T:4091 debug : PrepareNextRender: frameOnScreen: 36.605 renderPts: 36.764 nextFramePts: 36.745 -> diff: 0.019 render: 1 forceNext: 0
2025-08-23 16:45:16.827 T:4091 debug : CAMLCodec::ReleaseFrame idx:881, drop:0
2025-08-23 16:45:16.837 T:4326 debug : CAMLCodec::AddData: dl:1019008 fl:5075840 sz:641314(641408) lv:16.7% dts:37.079 pts:37.371
2025-08-23 16:45:16.841 T:4323 debug : CVideoPlayer::ProcessAudioData size:9564 dts:42.818 pts:42.818 dur:92.000ms, clock:36.619 drop:0 level:67
2025-08-23 16:45:16.841 T:4323 debug : CVideoPlayer::ProcessAudioData size:9351 dts:42.910 pts:42.910 dur:92.000ms, clock:36.620 drop:0 level:68
2025-08-23 16:45:16.846 T:4323 debug : CVideoPlayer::ProcessVideoData size:283739 dts:42.709 pts:43.001 dur:41.000ms, clock:36.625 level:70
2025-08-23 16:45:16.849 T:4323 debug : CVideoPlayer::ProcessVideoData size:219699 dts:42.751 pts:42.918 dur:41.000ms, clock:36.628 level:70
2025-08-23 16:45:16.849 T:4327 debug : CVideoPlayerAudio::OutputPacket: pts:37.431 curr_pts:36.604 clock:36.628 level:68
2025-08-23 16:45:16.862 T:4091 debug : CAMLCodec::PollFrame elapsed:35.209ms
2025-08-23 16:45:16.864 T:4326 debug : CAMLCodec::DequeueBuffer: pts:36.995 idx:887
2025-08-23 16:45:16.864 T:4326 debug : CAMLCodec::GetPicture: index: 887, pts: 36.995, dur:41.000ms ar:1.78 elf:40ms
2025-08-23 16:45:16.864 T:4326 debug : CVideoPlayerVideo::OutputPicture - ttd:352ms pts:36.995 Clock:36.643 Level:5
2025-08-23 16:45:16.874 T:4091 debug : PrepareNextRender: frameOnScreen: 36.653 renderPts: 36.811 nextFramePts: 36.787 -> diff: 0.024 render: 1 forceNext: 0
2025-08-23 16:45:16.874 T:4091 debug : CAMLCodec::ReleaseFrame idx:882, drop:0
2025-08-23 16:45:16.904 T:4091 debug : CAMLCodec::PollFrame elapsed:29.057ms
2025-08-23 16:45:16.905 T:4326 debug : CAMLCodec::DequeueBuffer: pts:37.037 idx:888
2025-08-23 16:45:16.905 T:4326 debug : CAMLCodec::GetPicture: index: 888, pts: 37.037, dur:42.000ms ar:1.78 elf:41ms
2025-08-23 16:45:16.905 T:4326 debug : CVideoPlayerVideo::OutputPicture - ttd:352ms pts:37.037 Clock:36.684 Level:5
2025-08-23 16:45:16.912 T:4091 debug : PrepareNextRender: frameOnScreen: 36.691 renderPts: 36.849 nextFramePts: 36.828 -> diff: 0.021 render: 1 forceNext: 0
2025-08-23 16:45:16.913 T:4091 debug : CAMLCodec::ReleaseFrame idx:883, drop:0
2025-08-23 16:45:16.922 T:4323 debug : CVideoPlayer::ProcessVideoData size:202685 dts:42.793 pts:42.876 dur:41.000ms, clock:36.701 level:70
2025-08-23 16:45:16.923 T:4323 debug : CVideoPlayer::ProcessVideoData size:160041 dts:42.834 pts:42.834 dur:41.000ms, clock:36.701 level:71
2025-08-23 16:45:16.923 T:4326 debug : CAMLCodec::AddData: dl:445568 fl:5649280 sz:445461(445568) lv:7.3% dts:37.120 pts:37.287
2025-08-23 16:45:16.926 T:4326 debug : CAMLCodec::AddData: dl:790656 fl:5304192 sz:345000(345088) lv:13.0% dts:37.162 pts:37.246
2025-08-23 16:45:16.934 T:4323 debug : CVideoPlayer::ProcessVideoData size:163719 dts:42.876 pts:42.960 dur:41.000ms, clock:36.713 level:71
2025-08-23 16:45:16.935 T:4323 debug : CVideoPlayer::ProcessAudioData size:9024 dts:43.003 pts:43.003 dur:92.000ms, clock:36.713 drop:0 level:68
2025-08-23 16:45:16.935 T:4323 debug : CVideoPlayer::ProcessAudioData size:8247 dts:43.095 pts:43.095 dur:92.000ms, clock:36.714 drop:0 level:69
2025-08-23 16:45:16.935 T:4323 debug : CVideoPlayer::ProcessAudioData size:9131 dts:43.188 pts:43.188 dur:92.000ms, clock:36.714 drop:0 level:70
2025-08-23 16:45:16.935 T:4323 debug : CVideoPlayer::ProcessAudioData size:9483 dts:43.281 pts:43.281 dur:92.000ms, clock:36.714 drop:0 level:71
2025-08-23 16:45:16.935 T:4323 debug : CVideoPlayer::ProcessAudioData size:8983 dts:43.374 pts:43.374 dur:92.000ms, clock:36.714 drop:0 level:72
2025-08-23 16:45:16.941 T:4323 debug : CVideoPlayer::ProcessVideoData size:285962 dts:42.918 pts:43.210 dur:41.000ms, clock:36.719 level:71
2025-08-23 16:45:16.945 T:4091 debug : CAMLCodec::PollFrame elapsed:32.725ms
2025-08-23 16:45:16.948 T:4326 debug : CAMLCodec::DequeueBuffer: pts:37.079 idx:889
2025-08-23 16:45:16.948 T:4326 debug : CAMLCodec::GetPicture: index: 889, pts: 37.079, dur:42.000ms ar:1.78 elf:42ms
2025-08-23 16:45:16.949 T:4326 debug : CVideoPlayerVideo::OutputPicture - ttd:351ms pts:37.079 Clock:36.728 Level:5
2025-08-23 16:45:16.949 T:4327 debug : CVideoPlayerAudio::OutputPacket: pts:37.523 curr_pts:36.705 clock:36.728 level:72
2025-08-23 16:45:16.955 T:4091 debug : PrepareNextRender: frameOnScreen: 36.733 renderPts: 36.891 nextFramePts: 36.870 -> diff: 0.021 render: 1 forceNext: 0
2025-08-23 16:45:16.955 T:4091 debug : CAMLCodec::ReleaseFrame idx:884, drop:0
2025-08-23 16:45:16.962 T:4326 debug : CAMLCodec::AddData: dl:691904 fl:5402944 sz:346717(346816) lv:11.4% dts:37.204 pts:37.204
2025-08-23 16:45:16.962 T:4323 debug : CVideoPlayer::ProcessVideoData size:224346 dts:42.960 pts:43.126 dur:41.000ms, clock:36.741 level:71
2025-08-23 16:45:16.987 T:4091 debug : CAMLCodec::PollFrame elapsed:32.323ms
2025-08-23 16:45:16.989 T:4326 debug : CAMLCodec::DequeueBuffer: pts:37.120 idx:890
2025-08-23 16:45:16.989 T:4326 debug : CAMLCodec::GetPicture: index: 890, pts: 37.120, dur:41.000ms ar:1.78 elf:40ms
2025-08-23 16:45:16.990 T:4326 debug : CVideoPlayerVideo::OutputPicture - ttd:351ms pts:37.120 Clock:36.769 Level:5
2025-08-23 16:45:16.998 T:4091 debug : PrepareNextRender: frameOnScreen: 36.777 renderPts: 36.935 nextFramePts: 36.912 -> diff: 0.023 render: 1 forceNext: 0
2025-08-23 16:45:16.998 T:4091 debug : CAMLCodec::ReleaseFrame idx:885, drop:0
2025-08-23 16:45:17.002 T:4326 debug : CAMLCodec::AddData: dl:661376 fl:5433472 sz:314440(314560) lv:10.9% dts:37.246 pts:37.329
2025-08-23 16:45:17.004 T:4323 debug : CVideoPlayer::ProcessVideoData size:207823 dts:43.001 pts:43.085 dur:41.000ms, clock:36.783 level:71
2025-08-23 16:45:17.005 T:4323 debug : CVideoPlayer::ProcessVideoData size:165806 dts:43.043 pts:43.043 dur:41.000ms, clock:36.784 level:72
2025-08-23 16:45:17.029 T:4091 debug : CAMLCodec::PollFrame elapsed:30.235ms
2025-08-23 16:45:17.031 T:4326 debug : CAMLCodec::DequeueBuffer: pts:37.162 idx:891
2025-08-23 16:45:17.031 T:4326 debug : CAMLCodec::GetPicture: index: 891, pts: 37.162, dur:42.000ms ar:1.78 elf:41ms
2025-08-23 16:45:17.031 T:4326 debug : CVideoPlayerVideo::OutputPicture - ttd:352ms pts:37.162 Clock:36.810 Level:5
2025-08-23 16:45:17.035 T:4091 debug : PrepareNextRender: frameOnScreen: 36.814 renderPts: 36.972 nextFramePts: 36.954 -> diff: 0.018 render: 1 forceNext: 0
2025-08-23 16:45:17.036 T:4091 debug : CAMLCodec::ReleaseFrame idx:886, drop:0
2025-08-23 16:45:17.044 T:4326 debug : CAMLCodec::AddData: dl:940032 fl:5154816 sz:625369(625472) lv:15.4% dts:37.287 pts:37.496
2025-08-23 16:45:17.046 T:4323 debug : CVideoPlayer::ProcessVideoData size:165713 dts:43.085 pts:43.168 dur:41.000ms, clock:36.825 level:72
2025-08-23 16:45:17.050 T:4327 debug : CVideoPlayerAudio::OutputPacket: pts:37.616 curr_pts:36.804 clock:36.828 level:71
2025-08-23 16:45:17.058 T:4323 debug : CVideoPlayer::ProcessVideoData size:293962 dts:43.126 pts:43.418 dur:41.000ms, clock:36.837 level:72
2025-08-23 16:45:17.060 T:4323 debug : CVideoPlayer::ProcessVideoData size:226335 dts:43.168 pts:43.335 dur:41.000ms, clock:36.838 level:73
2025-08-23 16:45:17.070 T:4091 debug : CAMLCodec::PollFrame elapsed:34.702ms
2025-08-23 16:45:17.072 T:4326 debug : CAMLCodec::DequeueBuffer: pts:37.204 idx:892
2025-08-23 16:45:17.073 T:4326 debug : CAMLCodec::GetPicture: index: 892, pts: 37.204, dur:42.000ms ar:1.78 elf:41ms
2025-08-23 16:45:17.073 T:4326 debug : CVideoPlayerVideo::OutputPicture - ttd:352ms pts:37.204 Clock:36.852 Level:5
2025-08-23 16:45:17.081 T:4091 debug : PrepareNextRender: frameOnScreen: 36.859 renderPts: 37.017 nextFramePts: 36.995 -> diff: 0.022 render: 1 forceNext: 0
2025-08-23 16:45:17.081 T:4091 debug : CAMLCodec::ReleaseFrame idx:887, drop:0
2025-08-23 16:45:17.112 T:4091 debug : CAMLCodec::PollFrame elapsed:30.590ms
2025-08-23 16:45:17.114 T:4326 debug : CAMLCodec::DequeueBuffer: pts:37.246 idx:893
2025-08-23 16:45:17.114 T:4326 debug : CAMLCodec::GetPicture: index: 893, pts: 37.246, dur:42.000ms ar:1.78 elf:41ms
2025-08-23 16:45:17.114 T:4326 debug : CVideoPlayerVideo::OutputPicture - ttd:352ms pts:37.246 Clock:36.893 Level:5
2025-08-23 16:45:17.119 T:4091 debug : PrepareNextRender: frameOnScreen: 36.898 renderPts: 37.056 nextFramePts: 37.037 -> diff: 0.019 render: 1 forceNext: 0
2025-08-23 16:45:17.119 T:4091 debug : CAMLCodec::ReleaseFrame idx:888, drop:0
2025-08-23 16:45:17.132 T:4326 debug : CAMLCodec::AddData: dl:444672 fl:5650176 sz:444586(444672) lv:7.3% dts:37.329 pts:37.454
2025-08-23 16:45:17.132 T:4323 debug : CVideoPlayer::ProcessVideoData size:211546 dts:43.210 pts:43.293 dur:41.000ms, clock:36.910 level:73
2025-08-23 16:45:17.133 T:4323 debug : CVideoPlayer::ProcessVideoData size:168423 dts:43.252 pts:43.252 dur:41.000ms, clock:36.912 level:73
2025-08-23 16:45:17.134 T:4323 debug : CVideoPlayer::ProcessVideoData size:170769 dts:43.293 pts:43.377 dur:41.000ms, clock:36.913 level:73
2025-08-23 16:45:17.135 T:4326 debug : CAMLCodec::AddData: dl:779712 fl:5315136 sz:334930(335040) lv:12.8% dts:37.371 pts:37.412
2025-08-23 16:45:17.139 T:4323 debug : CVideoPlayer::ProcessAudioData size:8456 dts:43.468 pts:43.468 dur:92.000ms, clock:36.918 drop:0 level:71
2025-08-23 16:45:17.140 T:4323 debug : CVideoPlayer::ProcessAudioData size:8144 dts:43.560 pts:43.560 dur:92.000ms, clock:36.918 drop:0 level:72
2025-08-23 16:45:17.150 T:4327 debug : CVideoPlayerAudio::OutputPacket: pts:37.708 curr_pts:36.904 clock:36.929 level:72
2025-08-23 16:45:17.152 T:4323 debug : CVideoPlayer::ProcessVideoData size:300600 dts:43.335 pts:43.627 dur:41.000ms, clock:36.931 level:74
2025-08-23 16:45:17.154 T:4091 debug : CAMLCodec::PollFrame elapsed:34.441ms
2025-08-23 16:45:17.157 T:4326 debug : CAMLCodec::DequeueBuffer: pts:37.287 idx:894
2025-08-23 16:45:17.157 T:4326 debug : CAMLCodec::GetPicture: index: 894, pts: 37.287, dur:41.000ms ar:1.78 elf:42ms
2025-08-23 16:45:17.157 T:4326 debug : CVideoPlayerVideo::OutputPicture - ttd:350ms pts:37.287 Clock:36.936 Level:5
2025-08-23 16:45:17.166 T:4091 debug : PrepareNextRender: frameOnScreen: 36.945 renderPts: 37.103 nextFramePts: 37.079 -> diff: 0.024 render: 1 forceNext: 0
2025-08-23 16:45:17.167 T:4091 debug : CAMLCodec::ReleaseFrame idx:889, drop:0
2025-08-23 16:45:17.173 T:4323 debug : CVideoPlayer::ProcessVideoData size:228923 dts:43.377 pts:43.543 dur:41.000ms, clock:36.952 level:74
2025-08-23 16:45:17.173 T:4323 debug : CVideoPlayer::ProcessVideoData size:213204 dts:43.418 pts:43.502 dur:41.000ms, clock:36.952 level:75
2025-08-23 16:45:17.174 T:4323 debug : CVideoPlayer::ProcessVideoData size:170643 dts:43.460 pts:43.460 dur:41.000ms, clock:36.952 level:75
2025-08-23 16:45:17.174 T:4326 debug : CAMLCodec::AddData: dl:1384128 fl:4710720 sz:1048996(1049088) lv:22.7% dts:37.412 pts:37.537
2025-08-23 16:45:17.174 T:4323 debug : CVideoPlayer::ProcessVideoData size:170246 dts:43.502 pts:43.585 dur:41.000ms, clock:36.953 level:76
2025-08-23 16:45:17.196 T:4091 debug : CAMLCodec::PollFrame elapsed:28.987ms
2025-08-23 16:45:17.198 T:4326 debug : CAMLCodec::DequeueBuffer: pts:37.329 idx:895
2025-08-23 16:45:17.198 T:4326 debug : CAMLCodec::GetPicture: index: 895, pts: 37.329, dur:42.000ms ar:1.78 elf:40ms
2025-08-23 16:45:17.198 T:4326 debug : CVideoPlayerVideo::OutputPicture - ttd:351ms pts:37.329 Clock:36.977 Level:5
2025-08-23 16:45:17.200 T:4091 debug : PrepareNextRender: frameOnScreen: 36.978 renderPts: 37.137 nextFramePts: 37.120 -> diff: 0.017 render: 1 forceNext: 0
2025-08-23 16:45:17.200 T:4091 debug : CAMLCodec::ReleaseFrame idx:890, drop:0
2025-08-23 16:45:17.237 T:4091 debug : CAMLCodec::PollFrame elapsed:37.175ms
2025-08-23 16:45:17.239 T:4326 debug : CAMLCodec::DequeueBuffer: pts:37.371 idx:896
2025-08-23 16:45:17.239 T:4326 debug : CAMLCodec::GetPicture: index: 896, pts: 37.371, dur:42.000ms ar:1.78 elf:40ms
2025-08-23 16:45:17.239 T:4326 debug : CVideoPlayerVideo::OutputPicture - ttd:353ms pts:37.371 Clock:37.018 Level:5
2025-08-23 16:45:17.240 T:4326 debug : CAMLCodec::DequeueBuffer: pts:37.412 idx:897
2025-08-23 16:45:17.240 T:4326 debug : CAMLCodec::GetPicture: index: 897, pts: 37.412, dur:41.000ms ar:1.78 elf:1ms
2025-08-23 16:45:17.240 T:4326 debug : CVideoPlayerVideo::OutputPicture - ttd:392ms pts:37.412 Clock:37.019 Level:6
2025-08-23 16:45:17.241 T:4326 debug : CAMLCodec::DequeueBuffer: pts:37.454 idx:898
2025-08-23 16:45:17.241 T:4326 debug : CAMLCodec::GetPicture: index: 898, pts: 37.454, dur:42.000ms ar:1.78 elf:1ms
2025-08-23 16:45:17.243 T:4091 debug : PrepareNextRender: frameOnScreen: 37.022 renderPts: 37.180 nextFramePts: 37.162 -> diff: 0.018 render: 1 forceNext: 0
2025-08-23 16:45:17.243 T:4091 debug : CAMLCodec::ReleaseFrame idx:891, drop:0
2025-08-23 16:45:17.243 T:4326 debug : CVideoPlayerVideo::OutputPicture - ttd:433ms pts:37.454 Clock:37.020 Level:6
2025-08-23 16:45:17.245 T:4326 debug : CAMLCodec::DequeueBuffer: pts:37.496 idx:899
2025-08-23 16:45:17.245 T:4326 debug : CAMLCodec::GetPicture: index: 899, pts: 37.496, dur:42.000ms ar:1.78 elf:3ms
2025-08-23 16:45:17.249 T:4327 debug : CVideoPlayerAudio::OutputPacket: pts:37.802 curr_pts:37.003 clock:37.028 level:71
2025-08-23 16:45:17.279 T:4091 debug : CAMLCodec::PollFrame elapsed:35.696ms
2025-08-23 16:45:17.285 T:4091 debug : PrepareNextRender: frameOnScreen: 37.064 renderPts: 37.222 nextFramePts: 37.204 -> diff: 0.018 render: 1 forceNext: 0
2025-08-23 16:45:17.285 T:4326 debug : CVideoPlayerVideo::OutputPicture - ttd:472ms pts:37.496 Clock:37.024 Level:6
2025-08-23 16:45:17.285 T:4091 debug : CAMLCodec::ReleaseFrame idx:892, drop:0
2025-08-23 16:45:17.290 T:4326 debug : CAMLCodec::AddData: dl:654976 fl:5439872 sz:654855(654976) lv:10.7% dts:37.454 pts:37.746
2025-08-23 16:45:17.297 T:4323 debug : CVideoPlayer::ProcessAudioData size:9363 dts:43.654 pts:43.654 dur:92.000ms, clock:37.075 drop:0 level:71
2025-08-23 16:45:17.297 T:4323 debug : CVideoPlayer::ProcessAudioData size:9186 dts:43.746 pts:43.746 dur:92.000ms, clock:37.076 drop:0 level:72
2025-08-23 16:45:17.298 T:4327 debug : CVideoPlayerAudio::OutputPacket: pts:37.894 curr_pts:37.054 clock:37.077 level:72
2025-08-23 16:45:17.302 T:4323 debug : CVideoPlayer::ProcessVideoData size:292241 dts:43.543 pts:43.752 dur:41.000ms, clock:37.080 level:76
2025-08-23 16:45:17.306 T:4323 debug : CVideoPlayer::ProcessVideoData size:210814 dts:43.585 pts:43.710 dur:41.000ms, clock:37.084 level:76
2025-08-23 16:45:17.307 T:4326 debug : CAMLCodec::AddData: dl:473152 fl:5621696 sz:473066(473152) lv:7.8% dts:37.496 pts:37.663
2025-08-23 16:45:17.310 T:4323 debug : CVideoPlayer::ProcessVideoData size:169677 dts:43.627 pts:43.669 dur:41.000ms, clock:37.089 level:76
2025-08-23 16:45:17.311 T:4326 debug : CAMLCodec::AddData: dl:925056 fl:5169792 sz:451829(451904) lv:15.2% dts:37.537 pts:37.621
2025-08-23 16:45:17.313 T:4323 debug : CVideoPlayer::ProcessVideoData size:421235 dts:43.669 pts:43.794 dur:41.000ms, clock:37.092 level:76
2025-08-23 16:45:17.314 T:4323 debug : CVideoPlayer::ProcessAudioData size:8917 dts:43.839 pts:43.839 dur:92.000ms, clock:37.093 drop:0 level:72
2025-08-23 16:45:17.315 T:4323 debug : CVideoPlayer::ProcessAudioData size:7998 dts:43.931 pts:43.931 dur:92.000ms, clock:37.093 drop:0 level:74
2025-08-23 16:45:17.317 T:4323 debug : CVideoPlayer::ProcessVideoData size:327598 dts:43.710 pts:44.002 dur:41.000ms, clock:37.096 level:77
2025-08-23 16:45:17.317 T:4323 debug : CVideoPlayer::ProcessVideoData size:248337 dts:43.752 pts:43.919 dur:41.000ms, clock:37.096 level:77
2025-08-23 16:45:17.321 T:4091 debug : CAMLCodec::PollFrame elapsed:35.758ms
2025-08-23 16:45:17.333 T:4091 debug : PrepareNextRender: frameOnScreen: 37.112 renderPts: 37.270 nextFramePts: 37.246 -> diff: 0.024 render: 1 forceNext: 0
2025-08-23 16:45:17.333 T:4091 debug : CAMLCodec::ReleaseFrame idx:893, drop:0
2025-08-23 16:45:17.338 T:4326 debug : CAMLCodec::AddData: dl:787456 fl:5307392 sz:335462(335552) lv:12.9% dts:37.579 pts:37.579
2025-08-23 16:45:17.340 T:4323 debug : CVideoPlayer::ProcessVideoData size:222460 dts:43.794 pts:43.877 dur:41.000ms, clock:37.118 level:77
2025-08-23 16:45:17.363 T:4091 debug : CAMLCodec::PollFrame elapsed:29.173ms
2025-08-23 16:45:17.375 T:4091 debug : PrepareNextRender: frameOnScreen: 37.153 renderPts: 37.311 nextFramePts: 37.287 -> diff: 0.024 render: 1 forceNext: 0
2025-08-23 16:45:17.375 T:4091 debug : CAMLCodec::ReleaseFrame idx:894, drop:0
2025-08-23 16:45:17.378 T:4326 debug : CAMLCodec::AddData: dl:681984 fl:5412864 sz:346335(346432) lv:11.2% dts:37.621 pts:37.704
2025-08-23 16:45:17.382 T:4323 debug : CVideoPlayer::ProcessVideoData size:181823 dts:43.835 pts:43.835 dur:41.000ms, clock:37.161 level:77
2025-08-23 16:45:17.383 T:4323 debug : CVideoPlayer::ProcessVideoData size:198885 dts:43.877 pts:43.961 dur:41.000ms, clock:37.161 level:78
2025-08-23 16:45:17.399 T:4327 debug : CVideoPlayerAudio::OutputPacket: pts:37.988 curr_pts:37.153 clock:37.177 level:74
2025-08-23 16:45:17.404 T:4091 debug : CAMLCodec::PollFrame elapsed:28.938ms
2025-08-23 16:45:17.406 T:4326 debug : CAMLCodec::DequeueBuffer: pts:37.537 idx:900
2025-08-23 16:45:17.406 T:4326 debug : CAMLCodec::GetPicture: index: 900, pts: 37.537, dur:41.000ms ar:1.78 elf:161ms
2025-08-23 16:45:17.406 T:4326 debug : CVideoPlayerVideo::OutputPicture - ttd:351ms pts:37.537 Clock:37.185 Level:5
2025-08-23 16:45:17.420 T:4091 debug : PrepareNextRender: frameOnScreen: 37.199 renderPts: 37.357 nextFramePts: 37.329 -> diff: 0.028 render: 1 forceNext: 0
2025-08-23 16:45:17.420 T:4091 debug : CAMLCodec::ReleaseFrame idx:895, drop:0
2025-08-23 16:45:17.421 T:4326 debug : CAMLCodec::AddData: dl:958272 fl:5136576 sz:611750(611840) lv:15.7% dts:37.663 pts:37.955
2025-08-23 16:45:17.424 T:4323 debug : CVideoPlayer::ProcessAudioData size:9467 dts:44.025 pts:44.025 dur:92.000ms, clock:37.203 drop:0 level:74
2025-08-23 16:45:17.424 T:4323 debug : CVideoPlayer::ProcessAudioData size:9402 dts:44.117 pts:44.117 dur:92.000ms, clock:37.203 drop:0 level:75
2025-08-23 16:45:17.424 T:4323 debug : CVideoPlayer::ProcessAudioData size:9419 dts:44.210 pts:44.210 dur:92.000ms, clock:37.203 drop:0 level:76
2025-08-23 16:45:17.425 T:4323 debug : CVideoPlayer::ProcessAudioData size:8929 dts:44.303 pts:44.303 dur:92.000ms, clock:37.203 drop:0 level:77
2025-08-23 16:45:17.431 T:4323 debug : CVideoPlayer::ProcessVideoData size:352012 dts:43.919 pts:44.169 dur:41.000ms, clock:37.210 level:78
2025-08-23 16:45:17.433 T:4323 debug : CVideoPlayer::ProcessVideoData size:249504 dts:43.961 pts:44.086 dur:41.000ms, clock:37.212 level:78
2025-08-23 16:45:17.446 T:4091 debug : CAMLCodec::PollFrame elapsed:25.589ms
2025-08-23 16:45:17.448 T:4326 debug : CAMLCodec::DequeueBuffer: pts:37.579 idx:901
2025-08-23 16:45:17.449 T:4326 debug : CAMLCodec::GetPicture: index: 901, pts: 37.579, dur:42.000ms ar:1.78 elf:41ms
2025-08-23 16:45:17.449 T:4326 debug : CVideoPlayerVideo::OutputPicture - ttd:351ms pts:37.579 Clock:37.228 Level:5
2025-08-23 16:45:17.460 T:4091 debug : PrepareNextRender: frameOnScreen: 37.239 renderPts: 37.397 nextFramePts: 37.371 -> diff: 0.026 render: 1 forceNext: 0
2025-08-23 16:45:17.460 T:4091 debug : CAMLCodec::ReleaseFrame idx:896, drop:0
2025-08-23 16:45:17.488 T:4091 debug : CAMLCodec::PollFrame elapsed:27.445ms
2025-08-23 16:45:17.488 T:4326 debug : CAMLCodec::DequeueBuffer: pts:37.621 idx:902
2025-08-23 16:45:17.488 T:4326 debug : CAMLCodec::GetPicture: index: 902, pts: 37.621, dur:42.000ms ar:1.78 elf:39ms
2025-08-23 16:45:17.489 T:4326 debug : CVideoPlayerVideo::OutputPicture - ttd:353ms pts:37.621 Clock:37.267 Level:5
2025-08-23 16:45:17.493 T:4091 debug : PrepareNextRender: frameOnScreen: 37.272 renderPts: 37.430 nextFramePts: 37.412 -> diff: 0.018 render: 1 forceNext: 0
2025-08-23 16:45:17.493 T:4091 debug : CAMLCodec::ReleaseFrame idx:897, drop:0
2025-08-23 16:45:17.499 T:4327 debug : CVideoPlayerAudio::OutputPacket: pts:38.080 curr_pts:37.254 clock:37.277 level:77
2025-08-23 16:45:17.505 T:4323 debug : CVideoPlayer::ProcessVideoData size:194583 dts:44.002 pts:44.044 dur:41.000ms, clock:37.284 level:78
2025-08-23 16:45:17.506 T:4323 debug : CVideoPlayer::ProcessVideoData size:190272 dts:44.044 pts:44.127 dur:41.000ms, clock:37.285 level:79
2025-08-23 16:45:17.506 T:4326 debug : CAMLCodec::AddData: dl:450176 fl:5644672 sz:450072(450176) lv:7.4% dts:37.704 pts:37.871
2025-08-23 16:45:17.509 T:4326 debug : CAMLCodec::AddData: dl:883008 fl:5211840 sz:432724(432832) lv:14.5% dts:37.746 pts:37.829
2025-08-23 16:45:17.518 T:4323 debug : CVideoPlayer::ProcessVideoData size:337849 dts:44.086 pts:44.378 dur:41.000ms, clock:37.297 level:79
2025-08-23 16:45:17.521 T:4323 debug : CVideoPlayer::ProcessVideoData size:253334 dts:44.127 pts:44.294 dur:41.000ms, clock:37.299 level:79
2025-08-23 16:45:17.529 T:4091 debug : CAMLCodec::PollFrame elapsed:36.214ms
2025-08-23 16:45:17.531 T:4326 debug : CAMLCodec::DequeueBuffer: pts:37.663 idx:903
2025-08-23 16:45:17.531 T:4326 debug : CAMLCodec::GetPicture: index: 903, pts: 37.663, dur:42.000ms ar:1.78 elf:42ms
2025-08-23 16:45:17.531 T:4326 debug : CVideoPlayerVideo::OutputPicture - ttd:352ms pts:37.663 Clock:37.310 Level:5
2025-08-23 16:45:17.543 T:4091 debug : PrepareNextRender: frameOnScreen: 37.322 renderPts: 37.480 nextFramePts: 37.454 -> diff: 0.026 render: 1 forceNext: 0
2025-08-23 16:45:17.543 T:4091 debug : CAMLCodec::ReleaseFrame idx:898, drop:0
2025-08-23 16:45:17.546 T:4326 debug : CAMLCodec::AddData: dl:775744 fl:5319104 sz:342808(342912) lv:12.7% dts:37.788 pts:37.788
2025-08-23 16:45:17.553 T:4323 debug : CVideoPlayer::ProcessVideoData size:236194 dts:44.169 pts:44.253 dur:41.000ms, clock:37.331 level:79
2025-08-23 16:45:17.571 T:4091 debug : CAMLCodec::PollFrame elapsed:27.490ms
