2025-08-23 16:44:49.424 T:4326 debug : CAMLCodec::AddData: dl:1013184 fl:5081664 sz:504026(504128) lv:16.6% dts:9.635 pts:9.801
2025-08-23 16:44:49.426 T:4323 debug : CVideoPlayer::ProcessVideoData size:391695 dts:13.388 pts:13.472 dur:41.000ms, clock:9.210 level:46
2025-08-23 16:44:49.430 T:4326 debug : CAMLCodec::AddData: dl:905984 fl:5188864 sz:401765(401856) lv:14.9% dts:9.676 pts:9.760
2025-08-23 16:44:49.438 T:4323 debug : CVideoPlayer::ProcessAudioData size:7304 dts:13.560 pts:13.560 dur:92.000ms, clock:9.222 drop:0 level:43
2025-08-23 16:44:49.442 T:4323 debug : CVideoPlayer::ProcessVideoData size:624560 dts:13.430 pts:13.639 dur:41.000ms, clock:9.226 level:46
2025-08-23 16:44:49.444 T:4327 debug : CVideoPlayerAudio::OutputPacket: pts:10.030 curr_pts:9.204 clock:9.228 level:43
2025-08-23 16:44:49.455 T:4091 debug : CAMLCodec::PollFrame elapsed:35.059ms
2025-08-23 16:44:49.464 T:4091 debug : PrepareNextRender: frameOnScreen: 9.247 renderPts: 9.404 nextFramePts: 9.384 -> diff: 0.020 render: 1 forceNext: 0
2025-08-23 16:44:49.464 T:4091 debug : CAMLCodec::ReleaseFrame idx:225, drop:0
2025-08-23 16:44:49.471 T:4326 debug : CAMLCodec::AddData: dl:799680 fl:5295168 sz:397711(397824) lv:13.1% dts:9.718 pts:9.718
2025-08-23 16:44:49.496 T:4091 debug : CAMLCodec::PollFrame elapsed:32.207ms
2025-08-23 16:44:49.504 T:4091 debug : PrepareNextRender: frameOnScreen: 9.288 renderPts: 9.445 nextFramePts: 9.426 -> diff: 0.019 render: 1 forceNext: 0
2025-08-23 16:44:49.504 T:4091 debug : CAMLCodec::ReleaseFrame idx:226, drop:0
2025-08-23 16:44:49.512 T:4326 debug : CAMLCodec::AddData: dl:829824 fl:5265024 sz:431923(432000) lv:13.6% dts:9.760 pts:9.843
2025-08-23 16:44:49.514 T:4323 debug : CVideoPlayer::ProcessVideoData size:483819 dts:13.472 pts:13.597 dur:41.000ms, clock:9.298 level:46
2025-08-23 16:44:49.538 T:4091 debug : CAMLCodec::PollFrame elapsed:34.015ms
2025-08-23 16:44:49.539 T:4326 debug : CAMLCodec::DequeueBuffer: pts:9.676 idx:232
2025-08-23 16:44:49.539 T:4326 debug : CAMLCodec::GetPicture: index: 232, pts: 9.676, dur:41.000ms ar:1.78 elf:158ms
2025-08-23 16:44:49.539 T:4326 debug : CVideoPlayerVideo::OutputPicture - ttd:352ms pts:9.676 Clock:9.323 Level:5
2025-08-23 16:44:49.545 T:4327 debug : CVideoPlayerAudio::OutputPacket: pts:10.124 curr_pts:9.304 clock:9.328 level:42
2025-08-23 16:44:49.547 T:4091 debug : PrepareNextRender: frameOnScreen: 9.331 renderPts: 9.488 nextFramePts: 9.468 -> diff: 0.020 render: 1 forceNext: 0
2025-08-23 16:44:49.547 T:4091 debug : CAMLCodec::ReleaseFrame idx:227, drop:0
2025-08-23 16:44:49.553 T:4326 debug : CAMLCodec::AddData: dl:984256 fl:5110592 sz:552169(552256) lv:16.1% dts:9.801 pts:10.093
2025-08-23 16:44:49.556 T:4323 debug : CVideoPlayer::ProcessVideoData size:377930 dts:13.513 pts:13.555 dur:41.000ms, clock:9.340 level:46
2025-08-23 16:44:49.557 T:4323 debug : CVideoPlayer::ProcessAudioData size:7178 dts:13.653 pts:13.653 dur:92.000ms, clock:9.340 drop:0 level:42
2025-08-23 16:44:49.559 T:4323 debug : CVideoPlayer::ProcessVideoData size:475120 dts:13.555 pts:13.680 dur:41.000ms, clock:9.342 level:46
2025-08-23 16:44:49.580 T:4091 debug : CAMLCodec::PollFrame elapsed:32.770ms
2025-08-23 16:44:49.582 T:4326 debug : CAMLCodec::DequeueBuffer: pts:9.718 idx:233
2025-08-23 16:44:49.582 T:4326 debug : CAMLCodec::GetPicture: index: 233, pts: 9.718, dur:42.000ms ar:1.78 elf:42ms
2025-08-23 16:44:49.582 T:4326 debug : CVideoPlayerVideo::OutputPicture - ttd:352ms pts:9.718 Clock:9.366 Level:5
2025-08-23 16:44:49.593 T:4091 debug : PrepareNextRender: frameOnScreen: 9.377 renderPts: 9.534 nextFramePts: 9.509 -> diff: 0.025 render: 1 forceNext: 0
2025-08-23 16:44:49.593 T:4091 debug : CAMLCodec::ReleaseFrame idx:228, drop:0
2025-08-23 16:44:49.597 T:4326 debug : CAMLCodec::AddData: dl:1109888 fl:4984960 sz:557514(557632) lv:18.2% dts:9.843 pts:10.010
2025-08-23 16:44:49.601 T:4323 debug : CVideoPlayer::ProcessAudioData size:7188 dts:13.746 pts:13.746 dur:92.000ms, clock:9.384 drop:0 level:43
2025-08-23 16:44:49.601 T:4323 debug : CVideoPlayer::ProcessAudioData size:7190 dts:13.838 pts:13.838 dur:92.000ms, clock:9.385 drop:0 level:45
2025-08-23 16:44:49.603 T:4323 debug : CVideoPlayer::ProcessVideoData size:508736 dts:13.597 pts:13.889 dur:41.000ms, clock:9.387 level:46
2025-08-23 16:44:49.622 T:4091 debug : CAMLCodec::PollFrame elapsed:28.126ms
2025-08-23 16:44:49.623 T:4326 debug : CAMLCodec::DequeueBuffer: pts:9.760 idx:234
2025-08-23 16:44:49.624 T:4326 debug : CAMLCodec::GetPicture: index: 234, pts: 9.760, dur:42.000ms ar:1.78 elf:41ms
2025-08-23 16:44:49.624 T:4326 debug : CVideoPlayerVideo::OutputPicture - ttd:352ms pts:9.760 Clock:9.408 Level:5
2025-08-23 16:44:49.635 T:4091 debug : PrepareNextRender: frameOnScreen: 9.419 renderPts: 9.576 nextFramePts: 9.551 -> diff: 0.025 render: 1 forceNext: 0
2025-08-23 16:44:49.635 T:4091 debug : CAMLCodec::ReleaseFrame idx:229, drop:0
2025-08-23 16:44:49.638 T:4326 debug : CAMLCodec::AddData: dl:995008 fl:5099840 sz:437268(437376) lv:16.3% dts:9.885 pts:9.968
2025-08-23 16:44:49.643 T:4327 debug : CVideoPlayerAudio::OutputPacket: pts:10.216 curr_pts:9.403 clock:9.427 level:45
2025-08-23 16:44:49.645 T:4323 debug : CVideoPlayer::ProcessVideoData size:494121 dts:13.639 pts:13.805 dur:41.000ms, clock:9.429 level:46
2025-08-23 16:44:49.663 T:4091 debug : CAMLCodec::PollFrame elapsed:28.075ms
2025-08-23 16:44:49.666 T:4326 debug : CAMLCodec::DequeueBuffer: pts:9.801 idx:235
2025-08-23 16:44:49.666 T:4326 debug : CAMLCodec::GetPicture: index: 235, pts: 9.801, dur:41.000ms ar:1.78 elf:42ms
2025-08-23 16:44:49.666 T:4326 debug : CVideoPlayerVideo::OutputPicture - ttd:351ms pts:9.801 Clock:9.450 Level:5
2025-08-23 16:44:49.672 T:4091 debug : PrepareNextRender: frameOnScreen: 9.455 renderPts: 9.613 nextFramePts: 9.593 -> diff: 0.020 render: 1 forceNext: 0
2025-08-23 16:44:49.672 T:4091 debug : CAMLCodec::ReleaseFrame idx:230, drop:0
2025-08-23 16:44:49.681 T:4326 debug : CAMLCodec::AddData: dl:875520 fl:5219328 sz:438032(438144) lv:14.4% dts:9.927 pts:9.927
2025-08-23 16:44:49.687 T:4323 debug : CVideoPlayer::ProcessVideoData size:396563 dts:13.680 pts:13.764 dur:41.000ms, clock:9.471 level:46
2025-08-23 16:44:49.705 T:4091 debug : CAMLCodec::PollFrame elapsed:32.807ms
2025-08-23 16:44:49.707 T:4326 debug : CAMLCodec::DequeueBuffer: pts:9.843 idx:236
2025-08-23 16:44:49.707 T:4326 debug : CAMLCodec::GetPicture: index: 236, pts: 9.843, dur:42.000ms ar:1.78 elf:41ms
2025-08-23 16:44:49.707 T:4326 debug : CVideoPlayerVideo::OutputPicture - ttd:351ms pts:9.843 Clock:9.491 Level:5
2025-08-23 16:44:49.713 T:4091 debug : PrepareNextRender: frameOnScreen: 9.497 renderPts: 9.654 nextFramePts: 9.635 -> diff: 0.019 render: 1 forceNext: 0
2025-08-23 16:44:49.713 T:4091 debug : CAMLCodec::ReleaseFrame idx:231, drop:0
2025-08-23 16:44:49.722 T:4326 debug : CAMLCodec::AddData: dl:891520 fl:5203328 sz:453260(453376) lv:14.6% dts:9.968 pts:10.052
2025-08-23 16:44:49.729 T:4323 debug : CVideoPlayer::ProcessVideoData size:390384 dts:13.722 pts:13.722 dur:41.000ms, clock:9.513 level:46
2025-08-23 16:44:49.744 T:4327 debug : CVideoPlayerAudio::OutputPacket: pts:10.310 curr_pts:9.503 clock:9.527 level:43
2025-08-23 16:44:49.747 T:4091 debug : CAMLCodec::PollFrame elapsed:33.208ms
2025-08-23 16:44:49.748 T:4326 debug : CAMLCodec::DequeueBuffer: pts:9.885 idx:237
2025-08-23 16:44:49.748 T:4326 debug : CAMLCodec::GetPicture: index: 237, pts: 9.885, dur:42.000ms ar:1.78 elf:40ms
2025-08-23 16:44:49.748 T:4326 debug : CVideoPlayerVideo::OutputPicture - ttd:352ms pts:9.885 Clock:9.532 Level:5
2025-08-23 16:44:49.756 T:4091 debug : PrepareNextRender: frameOnScreen: 9.539 renderPts: 9.697 nextFramePts: 9.676 -> diff: 0.021 render: 1 forceNext: 0
2025-08-23 16:44:49.756 T:4091 debug : CAMLCodec::ReleaseFrame idx:232, drop:0
2025-08-23 16:44:49.763 T:4326 debug : CAMLCodec::AddData: dl:1048128 fl:5046720 sz:594630(594752) lv:17.2% dts:10.010 pts:10.302
2025-08-23 16:44:49.771 T:4323 debug : CVideoPlayer::ProcessVideoData size:424730 dts:13.764 pts:13.847 dur:41.000ms, clock:9.555 level:46
2025-08-23 16:44:49.789 T:4091 debug : CAMLCodec::PollFrame elapsed:33.097ms
2025-08-23 16:44:49.789 T:4326 debug : CAMLCodec::DequeueBuffer: pts:9.927 idx:238
2025-08-23 16:44:49.789 T:4326 debug : CAMLCodec::GetPicture: index: 238, pts: 9.927, dur:42.000ms ar:1.78 elf:41ms
2025-08-23 16:44:49.790 T:4326 debug : CVideoPlayerVideo::OutputPicture - ttd:353ms pts:9.927 Clock:9.573 Level:5
2025-08-23 16:44:49.800 T:4091 debug : PrepareNextRender: frameOnScreen: 9.584 renderPts: 9.741 nextFramePts: 9.718 -> diff: 0.023 render: 1 forceNext: 0
2025-08-23 16:44:49.800 T:4091 debug : CAMLCodec::ReleaseFrame idx:233, drop:0
2025-08-23 16:44:49.805 T:4326 debug : CAMLCodec::AddData: dl:1173440 fl:4921408 sz:578597(578688) lv:19.3% dts:10.052 pts:10.219
2025-08-23 16:44:49.813 T:4323 debug : CVideoPlayer::ProcessAudioData size:7186 dts:13.932 pts:13.932 dur:92.000ms, clock:9.597 drop:0 level:43
2025-08-23 16:44:49.813 T:4323 debug : CVideoPlayer::ProcessAudioData size:7186 dts:14.024 pts:14.024 dur:92.000ms, clock:9.597 drop:0 level:45
2025-08-23 16:44:49.818 T:4323 debug : CVideoPlayer::ProcessVideoData size:513545 dts:13.805 pts:14.097 dur:41.000ms, clock:9.602 level:46
2025-08-23 16:44:49.830 T:4091 debug : CAMLCodec::PollFrame elapsed:29.262ms
2025-08-23 16:44:49.832 T:4326 debug : CAMLCodec::DequeueBuffer: pts:9.968 idx:239
2025-08-23 16:44:49.832 T:4326 debug : CAMLCodec::GetPicture: index: 239, pts: 9.968, dur:41.000ms ar:1.78 elf:42ms
2025-08-23 16:44:49.832 T:4326 debug : CVideoPlayerVideo::OutputPicture - ttd:352ms pts:9.968 Clock:9.616 Level:5
2025-08-23 16:44:49.837 T:4091 debug : PrepareNextRender: frameOnScreen: 9.621 renderPts: 9.778 nextFramePts: 9.760 -> diff: 0.018 render: 1 forceNext: 0
2025-08-23 16:44:49.837 T:4091 debug : CAMLCodec::ReleaseFrame idx:234, drop:0
2025-08-23 16:44:49.843 T:4327 debug : CVideoPlayerAudio::OutputPacket: pts:10.402 curr_pts:9.604 clock:9.627 level:45
2025-08-23 16:44:49.847 T:4326 debug : CAMLCodec::AddData: dl:1031168 fl:5063680 sz:452373(452480) lv:16.9% dts:10.093 pts:10.177
2025-08-23 16:44:49.850 T:4323 debug : CVideoPlayer::ProcessVideoData size:530350 dts:13.847 pts:14.014 dur:41.000ms, clock:9.634 level:46
2025-08-23 16:44:49.872 T:4091 debug : CAMLCodec::PollFrame elapsed:34.215ms
2025-08-23 16:44:49.873 T:4326 debug : CAMLCodec::DequeueBuffer: pts:10.010 idx:240
2025-08-23 16:44:49.873 T:4326 debug : CAMLCodec::GetPicture: index: 240, pts: 10.010, dur:42.000ms ar:1.78 elf:41ms
2025-08-23 16:44:49.874 T:4326 debug : CVideoPlayerVideo::OutputPicture - ttd:352ms pts:10.010 Clock:9.657 Level:5
2025-08-23 16:44:49.882 T:4091 debug : PrepareNextRender: frameOnScreen: 9.666 renderPts: 9.823 nextFramePts: 9.801 -> diff: 0.022 render: 1 forceNext: 0
2025-08-23 16:44:49.882 T:4091 debug : CAMLCodec::ReleaseFrame idx:235, drop:0
2025-08-23 16:44:49.891 T:4326 debug : CAMLCodec::AddData: dl:897408 fl:5197440 sz:444801(444928) lv:14.7% dts:10.135 pts:10.135
2025-08-23 16:44:49.893 T:4323 debug : CVideoPlayer::ProcessVideoData size:437193 dts:13.889 pts:13.972 dur:41.000ms, clock:9.676 level:46
2025-08-23 16:44:49.894 T:4327 debug : CVideoPlayerAudio::OutputPacket: pts:10.495 curr_pts:9.654 clock:9.678 level:43
2025-08-23 16:44:49.914 T:4091 debug : CAMLCodec::PollFrame elapsed:30.869ms
2025-08-23 16:44:49.916 T:4326 debug : CAMLCodec::DequeueBuffer: pts:10.052 idx:241
2025-08-23 16:44:49.916 T:4326 debug : CAMLCodec::GetPicture: index: 241, pts: 10.052, dur:42.000ms ar:1.78 elf:42ms
2025-08-23 16:44:49.916 T:4326 debug : CVideoPlayerVideo::OutputPicture - ttd:352ms pts:10.052 Clock:9.700 Level:5
2025-08-23 16:44:49.922 T:4091 debug : PrepareNextRender: frameOnScreen: 9.705 renderPts: 9.863 nextFramePts: 9.843 -> diff: 0.020 render: 1 forceNext: 0
2025-08-23 16:44:49.922 T:4091 debug : CAMLCodec::ReleaseFrame idx:236, drop:0
2025-08-23 16:44:49.931 T:4326 debug : CAMLCodec::AddData: dl:910016 fl:5184832 sz:465007(465088) lv:14.9% dts:10.177 pts:10.260
2025-08-23 16:44:49.935 T:4323 debug : CVideoPlayer::ProcessVideoData size:424656 dts:13.931 pts:13.931 dur:41.000ms, clock:9.718 level:46
2025-08-23 16:44:49.955 T:4091 debug : CAMLCodec::PollFrame elapsed:33.151ms
2025-08-23 16:44:49.958 T:4326 debug : CAMLCodec::DequeueBuffer: pts:10.093 idx:242
2025-08-23 16:44:49.958 T:4326 debug : CAMLCodec::GetPicture: index: 242, pts: 10.093, dur:41.000ms ar:1.78 elf:41ms
2025-08-23 16:44:49.958 T:4326 debug : CVideoPlayerVideo::OutputPicture - ttd:351ms pts:10.093 Clock:9.742 Level:5
2025-08-23 16:44:49.963 T:4091 debug : PrepareNextRender: frameOnScreen: 9.747 renderPts: 9.904 nextFramePts: 9.885 -> diff: 0.019 render: 1 forceNext: 0
2025-08-23 16:44:49.963 T:4091 debug : CAMLCodec::ReleaseFrame idx:237, drop:0
2025-08-23 16:44:49.973 T:4326 debug : CAMLCodec::AddData: dl:1071104 fl:5023744 sz:605914(606016) lv:17.6% dts:10.219 pts:10.510
2025-08-23 16:44:49.978 T:4323 debug : CVideoPlayer::ProcessVideoData size:426543 dts:13.972 pts:14.056 dur:41.000ms, clock:9.761 level:46
2025-08-23 16:44:49.980 T:4323 debug : CVideoPlayer::ProcessAudioData size:7089 dts:14.118 pts:14.118 dur:92.000ms, clock:9.763 drop:0 level:43
2025-08-23 16:44:49.980 T:4323 debug : CVideoPlayer::ProcessAudioData size:7027 dts:14.210 pts:14.210 dur:92.000ms, clock:9.764 drop:0 level:45
2025-08-23 16:44:49.980 T:4323 debug : CVideoPlayer::ProcessAudioData size:6819 dts:14.303 pts:14.303 dur:92.000ms, clock:9.764 drop:0 level:46
2025-08-23 16:44:49.985 T:4323 debug : CVideoPlayer::ProcessVideoData size:570398 dts:14.014 pts:14.306 dur:41.000ms, clock:9.769 level:47
2025-08-23 16:44:49.994 T:4327 debug : CVideoPlayerAudio::OutputPacket: pts:10.588 curr_pts:9.754 clock:9.778 level:46
2025-08-23 16:44:49.997 T:4091 debug : CAMLCodec::PollFrame elapsed:33.806ms
2025-08-23 16:44:49.998 T:4326 debug : CAMLCodec::DequeueBuffer: pts:10.135 idx:243
2025-08-23 16:44:49.998 T:4326 debug : CAMLCodec::GetPicture: index: 243, pts: 10.135, dur:42.000ms ar:1.78 elf:40ms
2025-08-23 16:44:49.998 T:4326 debug : CVideoPlayerVideo::OutputPicture - ttd:352ms pts:10.135 Clock:9.782 Level:5
2025-08-23 16:44:50.008 T:4091 debug : PrepareNextRender: frameOnScreen: 9.792 renderPts: 9.949 nextFramePts: 9.927 -> diff: 0.022 render: 1 forceNext: 0
2025-08-23 16:44:50.008 T:4091 debug : CAMLCodec::ReleaseFrame idx:238, drop:0
2025-08-23 16:44:50.015 T:4326 debug : CAMLCodec::AddData: dl:1079936 fl:5014912 sz:473828(473920) lv:17.7% dts:10.260 pts:10.427
2025-08-23 16:44:50.018 T:4323 debug : CVideoPlayer::ProcessVideoData size:554235 dts:14.056 pts:14.223 dur:41.000ms, clock:9.801 level:47
2025-08-23 16:44:50.039 T:4091 debug : CAMLCodec::PollFrame elapsed:30.328ms
2025-08-23 16:44:50.040 T:4326 debug : CAMLCodec::DequeueBuffer: pts:10.177 idx:244
2025-08-23 16:44:50.040 T:4326 debug : CAMLCodec::GetPicture: index: 244, pts: 10.177, dur:42.000ms ar:1.78 elf:41ms
2025-08-23 16:44:50.040 T:4326 debug : CVideoPlayerVideo::OutputPicture - ttd:353ms pts:10.177 Clock:9.824 Level:5
2025-08-23 16:44:50.047 T:4091 debug : PrepareNextRender: frameOnScreen: 9.831 renderPts: 9.988 nextFramePts: 9.968 -> diff: 0.020 render: 1 forceNext: 0
2025-08-23 16:44:50.047 T:4091 debug : CAMLCodec::ReleaseFrame idx:239, drop:0
2025-08-23 16:44:50.056 T:4326 debug : CAMLCodec::AddData: dl:944256 fl:5150592 sz:470250(470336) lv:15.5% dts:10.302 pts:10.385
2025-08-23 16:44:50.080 T:4091 debug : CAMLCodec::PollFrame elapsed:32.643ms
2025-08-23 16:44:50.082 T:4326 debug : CAMLCodec::DequeueBuffer: pts:10.219 idx:245
2025-08-23 16:44:50.082 T:4326 debug : CAMLCodec::GetPicture: index: 245, pts: 10.219, dur:42.000ms ar:1.78 elf:41ms
2025-08-23 16:44:50.082 T:4326 debug : CVideoPlayerVideo::OutputPicture - ttd:353ms pts:10.219 Clock:9.866 Level:5
2025-08-23 16:44:50.088 T:4091 debug : PrepareNextRender: frameOnScreen: 9.872 renderPts: 10.029 nextFramePts: 10.010 -> diff: 0.019 render: 1 forceNext: 0
2025-08-23 16:44:50.088 T:4091 debug : CAMLCodec::ReleaseFrame idx:240, drop:0
2025-08-23 16:44:50.095 T:4327 debug : CVideoPlayerAudio::OutputPacket: pts:10.681 curr_pts:9.855 clock:9.879 level:45
2025-08-23 16:44:50.096 T:4326 debug : CAMLCodec::AddData: dl:833856 fl:5260992 sz:363402(363520) lv:13.7% dts:10.344 pts:10.344
2025-08-23 16:44:50.100 T:4323 debug : CVideoPlayer::ProcessVideoData size:431541 dts:14.097 pts:14.181 dur:41.000ms, clock:9.884 level:46
2025-08-23 16:44:50.122 T:4091 debug : CAMLCodec::PollFrame elapsed:33.883ms
2025-08-23 16:44:50.124 T:4326 debug : CAMLCodec::DequeueBuffer: pts:10.260 idx:246
2025-08-23 16:44:50.124 T:4326 debug : CAMLCodec::GetPicture: index: 246, pts: 10.260, dur:41.000ms ar:1.78 elf:41ms
2025-08-23 16:44:50.124 T:4326 debug : CVideoPlayerVideo::OutputPicture - ttd:352ms pts:10.260 Clock:9.908 Level:5
2025-08-23 16:44:50.133 T:4091 debug : PrepareNextRender: frameOnScreen: 9.916 renderPts: 10.073 nextFramePts: 10.052 -> diff: 0.021 render: 1 forceNext: 0
2025-08-23 16:44:50.133 T:4091 debug : CAMLCodec::ReleaseFrame idx:241, drop:0
2025-08-23 16:44:50.140 T:4326 debug : CAMLCodec::AddData: dl:754624 fl:5340224 sz:391023(391104) lv:12.4% dts:10.385 pts:10.469
2025-08-23 16:44:50.142 T:4323 debug : CVideoPlayer::ProcessVideoData size:417636 dts:14.139 pts:14.139 dur:41.000ms, clock:9.926 level:46
2025-08-23 16:44:50.164 T:4091 debug : CAMLCodec::PollFrame elapsed:30.739ms
2025-08-23 16:44:50.167 T:4326 debug : CAMLCodec::DequeueBuffer: pts:10.302 idx:247
2025-08-23 16:44:50.167 T:4326 debug : CAMLCodec::GetPicture: index: 247, pts: 10.302, dur:42.000ms ar:1.78 elf:42ms
2025-08-23 16:44:50.167 T:4326 debug : CVideoPlayerVideo::OutputPicture - ttd:351ms pts:10.302 Clock:9.950 Level:5
2025-08-23 16:44:50.172 T:4091 debug : PrepareNextRender: frameOnScreen: 9.956 renderPts: 10.113 nextFramePts: 10.093 -> diff: 0.020 render: 1 forceNext: 0
2025-08-23 16:44:50.173 T:4091 debug : CAMLCodec::ReleaseFrame idx:242, drop:0
2025-08-23 16:44:50.179 T:4326 debug : CAMLCodec::AddData: dl:1029696 fl:5065152 sz:638524(638592) lv:16.9% dts:10.427 pts:10.636
2025-08-23 16:44:50.184 T:4323 debug : CVideoPlayer::ProcessVideoData size:451322 dts:14.181 pts:14.264 dur:41.000ms, clock:9.968 level:46
2025-08-23 16:44:50.187 T:4323 debug : CVideoPlayer::ProcessAudioData size:6771 dts:14.396 pts:14.396 dur:92.000ms, clock:9.971 drop:0 level:45
2025-08-23 16:44:50.187 T:4323 debug : CVideoPlayer::ProcessAudioData size:6624 dts:14.488 pts:14.488 dur:92.000ms, clock:9.971 drop:0 level:46
2025-08-23 16:44:50.194 T:4327 debug : CVideoPlayerAudio::OutputPacket: pts:10.773 curr_pts:9.954 clock:9.978 level:46
2025-08-23 16:44:50.198 T:4323 debug : CVideoPlayer::ProcessVideoData size:574058 dts:14.223 pts:14.514 dur:41.000ms, clock:9.982 level:47
2025-08-23 16:44:50.206 T:4091 debug : CAMLCodec::PollFrame elapsed:32.603ms
2025-08-23 16:44:50.207 T:4326 debug : CAMLCodec::DequeueBuffer: pts:10.344 idx:248
2025-08-23 16:44:50.207 T:4326 debug : CAMLCodec::GetPicture: index: 248, pts: 10.344, dur:42.000ms ar:1.78 elf:40ms
2025-08-23 16:44:50.207 T:4326 debug : CVideoPlayerVideo::OutputPicture - ttd:352ms pts:10.344 Clock:9.991 Level:5
2025-08-23 16:44:50.218 T:4091 debug : PrepareNextRender: frameOnScreen: 10.001 renderPts: 10.158 nextFramePts: 10.135 -> diff: 0.023 render: 1 forceNext: 0
2025-08-23 16:44:50.218 T:4091 debug : CAMLCodec::ReleaseFrame idx:243, drop:0
2025-08-23 16:44:50.247 T:4091 debug : CAMLCodec::PollFrame elapsed:28.782ms
2025-08-23 16:44:50.249 T:4326 debug : CAMLCodec::DequeueBuffer: pts:10.385 idx:249
2025-08-23 16:44:50.249 T:4326 debug : CAMLCodec::GetPicture: index: 249, pts: 10.385, dur:41.000ms ar:1.78 elf:41ms
2025-08-23 16:44:50.249 T:4326 debug : CVideoPlayerVideo::OutputPicture - ttd:351ms pts:10.385 Clock:10.033 Level:5
2025-08-23 16:44:50.254 T:4091 debug : PrepareNextRender: frameOnScreen: 10.038 renderPts: 10.195 nextFramePts: 10.177 -> diff: 0.018 render: 1 forceNext: 0
2025-08-23 16:44:50.255 T:4091 debug : CAMLCodec::ReleaseFrame idx:244, drop:0
2025-08-23 16:44:50.267 T:4326 debug : CAMLCodec::AddData: dl:500736 fl:5594112 sz:500650(500736) lv:8.2% dts:10.469 pts:10.594
2025-08-23 16:44:50.271 T:4323 debug : CVideoPlayer::ProcessVideoData size:559655 dts:14.264 pts:14.431 dur:41.000ms, clock:10.055 level:46
2025-08-23 16:44:50.271 T:4326 debug : CAMLCodec::AddData: dl:896576 fl:5198272 sz:395757(395840) lv:14.7% dts:10.510 pts:10.552
2025-08-23 16:44:50.289 T:4091 debug : CAMLCodec::PollFrame elapsed:34.265ms
2025-08-23 16:44:50.292 T:4326 debug : CAMLCodec::DequeueBuffer: pts:10.427 idx:250
2025-08-23 16:44:50.292 T:4326 debug : CAMLCodec::GetPicture: index: 250, pts: 10.427, dur:42.000ms ar:1.78 elf:42ms
2025-08-23 16:44:50.292 T:4326 debug : CVideoPlayerVideo::OutputPicture - ttd:351ms pts:10.427 Clock:10.075 Level:5
2025-08-23 16:44:50.293 T:4327 debug : CVideoPlayerAudio::OutputPacket: pts:10.866 curr_pts:10.053 clock:10.077 level:45
2025-08-23 16:44:50.300 T:4091 debug : PrepareNextRender: frameOnScreen: 10.084 renderPts: 10.241 nextFramePts: 10.219 -> diff: 0.022 render: 1 forceNext: 0
2025-08-23 16:44:50.301 T:4091 debug : CAMLCodec::ReleaseFrame idx:245, drop:0
2025-08-23 16:44:50.308 T:4326 debug : CAMLCodec::AddData: dl:851520 fl:5243328 sz:455562(455680) lv:14.0% dts:10.552 pts:10.677
2025-08-23 16:44:50.313 T:4323 debug : CVideoPlayer::ProcessVideoData size:449889 dts:14.306 pts:14.389 dur:41.000ms, clock:10.097 level:46
2025-08-23 16:44:50.331 T:4091 debug : CAMLCodec::PollFrame elapsed:29.875ms
2025-08-23 16:44:50.331 T:4326 debug : CAMLCodec::DequeueBuffer: pts:10.469 idx:251
2025-08-23 16:44:50.331 T:4326 debug : CAMLCodec::GetPicture: index: 251, pts: 10.469, dur:42.000ms ar:1.78 elf:39ms
2025-08-23 16:44:50.331 T:4326 debug : CVideoPlayerVideo::OutputPicture - ttd:353ms pts:10.469 Clock:10.115 Level:5
2025-08-23 16:44:50.343 T:4091 debug : PrepareNextRender: frameOnScreen: 10.126 renderPts: 10.283 nextFramePts: 10.260 -> diff: 0.023 render: 1 forceNext: 0
2025-08-23 16:44:50.343 T:4091 debug : CAMLCodec::ReleaseFrame idx:246, drop:0
2025-08-23 16:44:50.345 T:4323 debug : CVideoPlayer::ProcessVideoData size:445652 dts:14.348 pts:14.348 dur:41.000ms, clock:10.129 level:46
2025-08-23 16:44:50.345 T:4326 debug : CAMLCodec::AddData: dl:953984 fl:5140864 sz:498189(498304) lv:15.7% dts:10.594 pts:10.886
2025-08-23 16:44:50.372 T:4091 debug : CAMLCodec::PollFrame elapsed:26.810ms
2025-08-23 16:44:50.374 T:4326 debug : CAMLCodec::DequeueBuffer: pts:10.510 idx:252
2025-08-23 16:44:50.374 T:4326 debug : CAMLCodec::GetPicture: index: 252, pts: 10.510, dur:41.000ms ar:1.78 elf:42ms
2025-08-23 16:44:50.374 T:4326 debug : CVideoPlayerVideo::OutputPicture - ttd:351ms pts:10.510 Clock:10.158 Level:5
2025-08-23 16:44:50.376 T:4326 debug : CAMLCodec::DequeueBuffer: pts:10.552 idx:253
2025-08-23 16:44:50.376 T:4326 debug : CAMLCodec::GetPicture: index: 253, pts: 10.552, dur:42.000ms ar:1.78 elf:1ms
2025-08-23 16:44:50.376 T:4326 debug : CVideoPlayerVideo::OutputPicture - ttd:392ms pts:10.552 Clock:10.159 Level:6
2025-08-23 16:44:50.377 T:4326 debug : CAMLCodec::DequeueBuffer: pts:10.594 idx:254
2025-08-23 16:44:50.377 T:4326 debug : CAMLCodec::GetPicture: index: 254, pts: 10.594, dur:42.000ms ar:1.78 elf:1ms
2025-08-23 16:44:50.381 T:4091 debug : PrepareNextRender: frameOnScreen: 10.165 renderPts: 10.322 nextFramePts: 10.302 -> diff: 0.020 render: 1 forceNext: 0
2025-08-23 16:44:50.381 T:4326 debug : CVideoPlayerVideo::OutputPicture - ttd:433ms pts:10.594 Clock:10.161 Level:6
2025-08-23 16:44:50.381 T:4091 debug : CAMLCodec::ReleaseFrame idx:247, drop:0
2025-08-23 16:44:50.382 T:4326 debug : CAMLCodec::DequeueBuffer: pts:10.636 idx:255
2025-08-23 16:44:50.382 T:4326 debug : CAMLCodec::GetPicture: index: 255, pts: 10.636, dur:42.000ms ar:1.78 elf:5ms
2025-08-23 16:44:50.393 T:4327 debug : CVideoPlayerAudio::OutputPacket: pts:10.960 curr_pts:10.153 clock:10.177 level:43
2025-08-23 16:44:50.414 T:4091 debug : CAMLCodec::PollFrame elapsed:32.642ms
2025-08-23 16:44:50.422 T:4091 debug : PrepareNextRender: frameOnScreen: 10.205 renderPts: 10.362 nextFramePts: 10.344 -> diff: 0.018 render: 1 forceNext: 0
2025-08-23 16:44:50.422 T:4326 debug : CVideoPlayerVideo::OutputPicture - ttd:469ms pts:10.636 Clock:10.166 Level:6
2025-08-23 16:44:50.422 T:4091 debug : CAMLCodec::ReleaseFrame idx:248, drop:0
2025-08-23 16:44:50.427 T:4326 debug : CAMLCodec::AddData: dl:991232 fl:5103616 sz:492833(492928) lv:16.3% dts:10.636 pts:10.802
2025-08-23 16:44:50.428 T:4323 debug : CVideoPlayer::ProcessVideoData size:459305 dts:14.389 pts:14.473 dur:41.000ms, clock:10.211 level:46
2025-08-23 16:44:50.431 T:4326 debug : CAMLCodec::AddData: dl:892800 fl:5202048 sz:399796(399872) lv:14.6% dts:10.677 pts:10.761
2025-08-23 16:44:50.439 T:4323 debug : CVideoPlayer::ProcessAudioData size:6563 dts:14.582 pts:14.582 dur:92.000ms, clock:10.223 drop:0 level:43
2025-08-23 16:44:50.446 T:4323 debug : CVideoPlayer::ProcessVideoData size:616204 dts:14.431 pts:14.640 dur:41.000ms, clock:10.229 level:46
2025-08-23 16:44:50.456 T:4091 debug : CAMLCodec::PollFrame elapsed:33.886ms
2025-08-23 16:44:50.468 T:4091 debug : PrepareNextRender: frameOnScreen: 10.251 renderPts: 10.408 nextFramePts: 10.385 -> diff: 0.023 render: 1 forceNext: 0
2025-08-23 16:44:50.468 T:4091 debug : CAMLCodec::ReleaseFrame idx:249, drop:0
2025-08-23 16:44:50.473 T:4326 debug : CAMLCodec::AddData: dl:790592 fl:5304256 sz:390598(390720) lv:13.0% dts:10.719 pts:10.719
2025-08-23 16:44:50.477 T:4323 debug : CVideoPlayer::ProcessVideoData size:445193 dts:14.473 pts:14.598 dur:41.000ms, clock:10.261 level:46
2025-08-23 16:44:50.493 T:4327 debug : CVideoPlayerAudio::OutputPacket: pts:11.052 curr_pts:10.254 clock:10.277 level:43
2025-08-23 16:44:50.498 T:4091 debug : CAMLCodec::PollFrame elapsed:29.624ms
2025-08-23 16:44:50.503 T:4091 debug : PrepareNextRender: frameOnScreen: 10.286 renderPts: 10.444 nextFramePts: 10.427 -> diff: 0.017 render: 1 forceNext: 0
2025-08-23 16:44:50.503 T:4091 debug : CAMLCodec::ReleaseFrame idx:250, drop:0
2025-08-23 16:44:50.513 T:4326 debug : CAMLCodec::AddData: dl:815744 fl:5279104 sz:424899(425024) lv:13.4% dts:10.761 pts:10.844
2025-08-23 16:44:50.519 T:4323 debug : CVideoPlayer::ProcessVideoData size:453009 dts:14.514 pts:14.556 dur:41.000ms, clock:10.303 level:46
2025-08-23 16:44:50.539 T:4091 debug : CAMLCodec::PollFrame elapsed:36.285ms
2025-08-23 16:44:50.542 T:4326 debug : CAMLCodec::DequeueBuffer: pts:10.677 idx:256
2025-08-23 16:44:50.542 T:4326 debug : CAMLCodec::GetPicture: index: 256, pts: 10.677, dur:41.000ms ar:1.78 elf:159ms
2025-08-23 16:44:50.542 T:4326 debug : CVideoPlayerVideo::OutputPicture - ttd:351ms pts:10.677 Clock:10.326 Level:5
2025-08-23 16:44:50.544 T:4327 debug : CVideoPlayerAudio::OutputPacket: pts:11.146 curr_pts:10.304 clock:10.328 level:42
2025-08-23 16:44:50.552 T:4091 debug : PrepareNextRender: frameOnScreen: 10.335 renderPts: 10.493 nextFramePts: 10.469 -> diff: 0.024 render: 1 forceNext: 0
2025-08-23 16:44:50.552 T:4091 debug : CAMLCodec::ReleaseFrame idx:251, drop:0
2025-08-23 16:44:50.555 T:4326 debug : CAMLCodec::AddData: dl:982528 fl:5112320 sz:557378(557504) lv:16.1% dts:10.802 pts:11.094
2025-08-23 16:44:50.561 T:4323 debug : CVideoPlayer::ProcessAudioData size:6517 dts:14.675 pts:14.675 dur:92.000ms, clock:10.345 drop:0 level:42
2025-08-23 16:44:50.563 T:4323 debug : CVideoPlayer::ProcessVideoData size:542090 dts:14.556 pts:14.681 dur:41.000ms, clock:10.346 level:46
2025-08-23 16:44:50.581 T:4091 debug : CAMLCodec::PollFrame elapsed:28.876ms
2025-08-23 16:44:50.584 T:4326 debug : CAMLCodec::DequeueBuffer: pts:10.719 idx:257
2025-08-23 16:44:50.584 T:4326 debug : CAMLCodec::GetPicture: index: 257, pts: 10.719, dur:42.000ms ar:1.78 elf:41ms
2025-08-23 16:44:50.584 T:4326 debug : CVideoPlayerVideo::OutputPicture - ttd:351ms pts:10.719 Clock:10.368 Level:5
2025-08-23 16:44:50.586 T:4091 debug : PrepareNextRender: frameOnScreen: 10.369 renderPts: 10.527 nextFramePts: 10.510 -> diff: 0.017 render: 1 forceNext: 0
2025-08-23 16:44:50.586 T:4091 debug : CAMLCodec::ReleaseFrame idx:252, drop:0
2025-08-23 16:44:50.598 T:4326 debug : CAMLCodec::AddData: dl:1103040 fl:4991808 sz:545412(545536) lv:18.1% dts:10.844 pts:11.011
2025-08-23 16:44:50.606 T:4323 debug : CVideoPlayer::ProcessAudioData size:6663 dts:14.768 pts:14.768 dur:92.000ms, clock:10.390 drop:0 level:43
2025-08-23 16:44:50.607 T:4323 debug : CVideoPlayer::ProcessAudioData size:6555 dts:14.860 pts:14.860 dur:92.000ms, clock:10.390 drop:0 level:45
2025-08-23 16:44:50.614 T:4323 debug : CVideoPlayer::ProcessVideoData size:534086 dts:14.598 pts:14.890 dur:41.000ms, clock:10.397 level:46
2025-08-23 16:44:50.623 T:4091 debug : CAMLCodec::PollFrame elapsed:36.748ms
2025-08-23 16:44:50.625 T:4326 debug : CAMLCodec::DequeueBuffer: pts:10.761 idx:258
2025-08-23 16:44:50.625 T:4326 debug : CAMLCodec::GetPicture: index: 258, pts: 10.761, dur:42.000ms ar:1.78 elf:41ms
2025-08-23 16:44:50.626 T:4326 debug : CVideoPlayerVideo::OutputPicture - ttd:351ms pts:10.761 Clock:10.409 Level:5
2025-08-23 16:44:50.635 T:4091 debug : PrepareNextRender: frameOnScreen: 10.418 renderPts: 10.576 nextFramePts: 10.552 -> diff: 0.024 render: 1 forceNext: 0
2025-08-23 16:44:50.635 T:4091 debug : CAMLCodec::ReleaseFrame idx:253, drop:0
2025-08-23 16:44:50.640 T:4326 debug : CAMLCodec::AddData: dl:979840 fl:5115008 sz:434217(434304) lv:16.1% dts:10.886 pts:10.969
2025-08-23 16:44:50.644 T:4327 debug : CVideoPlayerAudio::OutputPacket: pts:11.238 curr_pts:10.405 clock:10.428 level:45
2025-08-23 16:44:50.646 T:4323 debug : CVideoPlayer::ProcessVideoData size:512399 dts:14.640 pts:14.806 dur:41.000ms, clock:10.430 level:46
2025-08-23 16:44:50.664 T:4091 debug : CAMLCodec::PollFrame elapsed:29.197ms
2025-08-23 16:44:50.667 T:4326 debug : CAMLCodec::DequeueBuffer: pts:10.802 idx:259
2025-08-23 16:44:50.667 T:4326 debug : CAMLCodec::GetPicture: index: 259, pts: 10.802, dur:41.000ms ar:1.78 elf:41ms
2025-08-23 16:44:50.667 T:4326 debug : CVideoPlayerVideo::OutputPicture - ttd:351ms pts:10.802 Clock:10.451 Level:5
2025-08-23 16:44:50.677 T:4091 debug : PrepareNextRender: frameOnScreen: 10.461 renderPts: 10.618 nextFramePts: 10.594 -> diff: 0.024 render: 1 forceNext: 0
2025-08-23 16:44:50.678 T:4091 debug : CAMLCodec::ReleaseFrame idx:254, drop:0
2025-08-23 16:44:50.683 T:4326 debug : CAMLCodec::AddData: dl:858048 fl:5236800 sz:423656(423744) lv:14.1% dts:10.928 pts:10.928
2025-08-23 16:44:50.706 T:4091 debug : CAMLCodec::PollFrame elapsed:28.369ms
2025-08-23 16:44:50.708 T:4326 debug : CAMLCodec::DequeueBuffer: pts:10.844 idx:260
2025-08-23 16:44:50.708 T:4326 debug : CAMLCodec::GetPicture: index: 260, pts: 10.844, dur:42.000ms ar:1.78 elf:40ms
2025-08-23 16:44:50.708 T:4326 debug : CVideoPlayerVideo::OutputPicture - ttd:352ms pts:10.844 Clock:10.492 Level:5
2025-08-23 16:44:50.714 T:4091 debug : PrepareNextRender: frameOnScreen: 10.497 renderPts: 10.655 nextFramePts: 10.636 -> diff: 0.019 render: 1 forceNext: 0
2025-08-23 16:44:50.714 T:4091 debug : CAMLCodec::ReleaseFrame idx:255, drop:0
2025-08-23 16:44:50.724 T:4326 debug : CAMLCodec::AddData: dl:874560 fl:5220288 sz:450730(450816) lv:14.3% dts:10.969 pts:11.053
2025-08-23 16:44:50.729 T:4323 debug : CVideoPlayer::ProcessVideoData size:493198 dts:14.681 pts:14.765 dur:41.000ms, clock:10.513 level:46
2025-08-23 16:44:50.743 T:4327 debug : CVideoPlayerAudio::OutputPacket: pts:11.331 curr_pts:10.503 clock:10.527 level:43
2025-08-23 16:44:50.748 T:4091 debug : CAMLCodec::PollFrame elapsed:33.941ms
2025-08-23 16:44:50.750 T:4326 debug : CAMLCodec::DequeueBuffer: pts:10.886 idx:261
2025-08-23 16:44:50.750 T:4326 debug : CAMLCodec::GetPicture: index: 261, pts: 10.886, dur:42.000ms ar:1.78 elf:41ms
2025-08-23 16:44:50.750 T:4326 debug : CVideoPlayerVideo::OutputPicture - ttd:352ms pts:10.886 Clock:10.534 Level:5
2025-08-23 16:44:50.757 T:4091 debug : PrepareNextRender: frameOnScreen: 10.541 renderPts: 10.698 nextFramePts: 10.677 -> diff: 0.021 render: 1 forceNext: 0
2025-08-23 16:44:50.757 T:4091 debug : CAMLCodec::ReleaseFrame idx:256, drop:0
2025-08-23 16:44:50.765 T:4326 debug : CAMLCodec::AddData: dl:1051136 fl:5043712 sz:600243(600320) lv:17.2% dts:11.011 pts:11.303
2025-08-23 16:44:50.771 T:4323 debug : CVideoPlayer::ProcessVideoData size:389948 dts:14.723 pts:14.723 dur:41.000ms, clock:10.554 level:46
2025-08-23 16:44:50.772 T:4323 debug : CVideoPlayer::ProcessVideoData size:440807 dts:14.765 pts:14.848 dur:41.000ms, clock:10.556 level:46
2025-08-23 16:44:50.790 T:4091 debug : CAMLCodec::PollFrame elapsed:32.411ms
2025-08-23 16:44:50.792 T:4326 debug : CAMLCodec::DequeueBuffer: pts:10.928 idx:262
2025-08-23 16:44:50.792 T:4326 debug : CAMLCodec::GetPicture: index: 262, pts: 10.928, dur:42.000ms ar:1.78 elf:41ms
2025-08-23 16:44:50.792 T:4326 debug : CVideoPlayerVideo::OutputPicture - ttd:352ms pts:10.928 Clock:10.576 Level:5
2025-08-23 16:44:50.800 T:4091 debug : PrepareNextRender: frameOnScreen: 10.583 renderPts: 10.741 nextFramePts: 10.719 -> diff: 0.022 render: 1 forceNext: 0
2025-08-23 16:44:50.800 T:4091 debug : CAMLCodec::ReleaseFrame idx:257, drop:0
2025-08-23 16:44:50.809 T:4326 debug : CAMLCodec::AddData: dl:1184832 fl:4910016 sz:584410(584512) lv:19.4% dts:11.053 pts:11.220
2025-08-23 16:44:50.815 T:4323 debug : CVideoPlayer::ProcessAudioData size:6351 dts:14.954 pts:14.954 dur:92.000ms, clock:10.598 drop:0 level:43
2025-08-23 16:44:50.815 T:4323 debug : CVideoPlayer::ProcessAudioData size:6199 dts:15.046 pts:15.046 dur:92.000ms, clock:10.598 drop:0 level:45
2025-08-23 16:44:50.821 T:4323 debug : CVideoPlayer::ProcessVideoData size:589064 dts:14.806 pts:15.098 dur:41.000ms, clock:10.604 level:46
2025-08-23 16:44:50.831 T:4091 debug : CAMLCodec::PollFrame elapsed:31.254ms
2025-08-23 16:44:50.833 T:4326 debug : CAMLCodec::DequeueBuffer: pts:10.969 idx:263
2025-08-23 16:44:50.833 T:4326 debug : CAMLCodec::GetPicture: index: 263, pts: 10.969, dur:41.000ms ar:1.78 elf:40ms
2025-08-23 16:44:50.833 T:4326 debug : CVideoPlayerVideo::OutputPicture - ttd:352ms pts:10.969 Clock:10.617 Level:5
2025-08-23 16:44:50.845 T:4327 debug : CVideoPlayerAudio::OutputPacket: pts:11.423 curr_pts:10.604 clock:10.628 level:45
2025-08-23 16:44:50.848 T:4091 debug : PrepareNextRender: frameOnScreen: 10.631 renderPts: 10.789 nextFramePts: 10.761 -> diff: 0.028 render: 1 forceNext: 0
2025-08-23 16:44:50.848 T:4326 debug : CAMLCodec::AddData: dl:1044864 fl:5049984 sz:460225(460352) lv:17.1% dts:11.094 pts:11.178
2025-08-23 16:44:50.848 T:4091 debug : CAMLCodec::ReleaseFrame idx:258, drop:0
2025-08-23 16:44:50.854 T:4323 debug : CVideoPlayer::ProcessVideoData size:569117 dts:14.848 pts:15.015 dur:41.000ms, clock:10.637 level:46
2025-08-23 16:44:50.873 T:4091 debug : CAMLCodec::PollFrame elapsed:24.604ms
2025-08-23 16:44:50.876 T:4326 debug : CAMLCodec::DequeueBuffer: pts:11.011 idx:264
2025-08-23 16:44:50.876 T:4326 debug : CAMLCodec::GetPicture: index: 264, pts: 11.011, dur:42.000ms ar:1.78 elf:42ms
2025-08-23 16:44:50.876 T:4326 debug : CVideoPlayerVideo::OutputPicture - ttd:351ms pts:11.011 Clock:10.659 Level:5
2025-08-23 16:44:50.877 T:4091 debug : PrepareNextRender: frameOnScreen: 10.661 renderPts: 10.818 nextFramePts: 10.802 -> diff: 0.016 render: 1 forceNext: 0
2025-08-23 16:44:50.877 T:4091 debug : CAMLCodec::ReleaseFrame idx:259, drop:0
2025-08-23 16:44:50.893 T:4326 debug : CAMLCodec::AddData: dl:816320 fl:5278528 sz:355865(355968) lv:13.4% dts:11.136 pts:11.136
2025-08-23 16:44:50.915 T:4091 debug : CAMLCodec::PollFrame elapsed:37.142ms
2025-08-23 16:44:50.915 T:4326 debug : CAMLCodec::DequeueBuffer: pts:11.053 idx:265
2025-08-23 16:44:50.916 T:4326 debug : CAMLCodec::GetPicture: index: 265, pts: 11.053, dur:42.000ms ar:1.78 elf:39ms
2025-08-23 16:44:50.916 T:4326 debug : CVideoPlayerVideo::OutputPicture - ttd:353ms pts:11.053 Clock:10.699 Level:5
2025-08-23 16:44:50.922 T:4091 debug : PrepareNextRender: frameOnScreen: 10.706 renderPts: 10.863 nextFramePts: 10.844 -> diff: 0.019 render: 1 forceNext: 0
2025-08-23 16:44:50.922 T:4091 debug : CAMLCodec::ReleaseFrame idx:260, drop:0
2025-08-23 16:44:50.931 T:4326 debug : CAMLCodec::AddData: dl:725952 fl:5368896 sz:369896(369984) lv:11.9% dts:11.178 pts:11.261
2025-08-23 16:44:50.937 T:4323 debug : CVideoPlayer::ProcessVideoData size:551570 dts:14.890 pts:14.973 dur:41.000ms, clock:10.720 level:46
2025-08-23 16:44:50.944 T:4327 debug : CVideoPlayerAudio::OutputPacket: pts:11.517 curr_pts:10.703 clock:10.728 level:43
2025-08-23 16:44:50.956 T:4091 debug : CAMLCodec::PollFrame elapsed:34.068ms
2025-08-23 16:44:50.958 T:4326 debug : CAMLCodec::DequeueBuffer: pts:11.094 idx:266
2025-08-23 16:44:50.958 T:4326 debug : CAMLCodec::GetPicture: index: 266, pts: 11.094, dur:41.000ms ar:1.78 elf:42ms
2025-08-23 16:44:50.958 T:4326 debug : CVideoPlayerVideo::OutputPicture - ttd:352ms pts:11.094 Clock:10.742 Level:5
2025-08-23 16:44:50.967 T:4091 debug : PrepareNextRender: frameOnScreen: 10.750 renderPts: 10.908 nextFramePts: 10.886 -> diff: 0.022 render: 1 forceNext: 0
2025-08-23 16:44:50.967 T:4091 debug : CAMLCodec::ReleaseFrame idx:261, drop:0
2025-08-23 16:44:50.971 T:4326 debug : CAMLCodec::AddData: dl:961152 fl:5133696 sz:591073(591168) lv:15.8% dts:11.220 pts:11.511
2025-08-23 16:44:50.979 T:4323 debug : CVideoPlayer::ProcessVideoData size:439734 dts:14.932 pts:14.932 dur:41.000ms, clock:10.762 level:46
2025-08-23 16:44:50.998 T:4091 debug : CAMLCodec::PollFrame elapsed:31.175ms
2025-08-23 16:44:51.000 T:4326 debug : CAMLCodec::DequeueBuffer: pts:11.136 idx:267
2025-08-23 16:44:51.000 T:4326 debug : CAMLCodec::GetPicture: index: 267, pts: 11.136, dur:42.000ms ar:1.78 elf:41ms
2025-08-23 16:44:51.000 T:4326 debug : CVideoPlayerVideo::OutputPicture - ttd:352ms pts:11.136 Clock:10.784 Level:5
2025-08-23 16:44:51.008 T:4091 debug : PrepareNextRender: frameOnScreen: 10.791 renderPts: 10.949 nextFramePts: 10.928 -> diff: 0.021 render: 1 forceNext: 0
2025-08-23 16:44:51.008 T:4091 debug : CAMLCodec::ReleaseFrame idx:262, drop:0
2025-08-23 16:44:51.012 T:4326 debug : CAMLCodec::AddData: dl:1060544 fl:5034304 sz:469255(469376) lv:17.4% dts:11.261 pts:11.428
2025-08-23 16:44:51.021 T:4323 debug : CVideoPlayer::ProcessVideoData size:463775 dts:14.973 pts:15.057 dur:41.000ms, clock:10.804 level:46
2025-08-23 16:44:51.040 T:4091 debug : CAMLCodec::PollFrame elapsed:31.648ms
2025-08-23 16:44:51.042 T:4326 debug : CAMLCodec::DequeueBuffer: pts:11.178 idx:268
2025-08-23 16:44:51.042 T:4326 debug : CAMLCodec::GetPicture: index: 268, pts: 11.178, dur:42.000ms ar:1.78 elf:41ms
2025-08-23 16:44:51.042 T:4326 debug : CVideoPlayerVideo::OutputPicture - ttd:352ms pts:11.178 Clock:10.826 Level:5
2025-08-23 16:44:51.044 T:4327 debug : CVideoPlayerAudio::OutputPacket: pts:11.609 curr_pts:10.804 clock:10.828 level:42
2025-08-23 16:44:51.046 T:4091 debug : PrepareNextRender: frameOnScreen: 10.829 renderPts: 10.987 nextFramePts: 10.969 -> diff: 0.018 render: 1 forceNext: 0
2025-08-23 16:44:51.046 T:4091 debug : CAMLCodec::ReleaseFrame idx:263, drop:0
2025-08-23 16:44:51.058 T:4326 debug : CAMLCodec::AddData: dl:937408 fl:5157440 sz:467950(468032) lv:15.4% dts:11.303 pts:11.386
2025-08-23 16:44:51.063 T:4323 debug : CVideoPlayer::ProcessAudioData size:6397 dts:15.139 pts:15.139 dur:92.000ms, clock:10.846 drop:0 level:42
2025-08-23 16:44:51.063 T:4323 debug : CVideoPlayer::ProcessAudioData size:6258 dts:15.231 pts:15.231 dur:92.000ms, clock:10.846 drop:0 level:43
2025-08-23 16:44:51.068 T:4323 debug : CVideoPlayer::ProcessVideoData size:584483 dts:15.015 pts:15.307 dur:41.000ms, clock:10.851 level:46
2025-08-23 16:44:51.082 T:4091 debug : CAMLCodec::PollFrame elapsed:35.402ms
2025-08-23 16:44:51.084 T:4326 debug : CAMLCodec::DequeueBuffer: pts:11.220 idx:269
2025-08-23 16:44:51.084 T:4326 debug : CAMLCodec::GetPicture: index: 269, pts: 11.220, dur:42.000ms ar:1.78 elf:41ms
2025-08-23 16:44:51.084 T:4326 debug : CVideoPlayerVideo::OutputPicture - ttd:352ms pts:11.220 Clock:10.868 Level:5
2025-08-23 16:44:51.093 T:4091 debug : PrepareNextRender: frameOnScreen: 10.876 renderPts: 11.034 nextFramePts: 11.011 -> diff: 0.023 render: 1 forceNext: 0
2025-08-23 16:44:51.093 T:4091 debug : CAMLCodec::ReleaseFrame idx:264, drop:0
2025-08-23 16:44:51.099 T:4326 debug : CAMLCodec::AddData: dl:826432 fl:5268416 sz:358323(358400) lv:13.6% dts:11.345 pts:11.345
2025-08-23 16:44:51.101 T:4323 debug : CVideoPlayer::ProcessVideoData size:591150 dts:15.057 pts:15.224 dur:41.000ms, clock:10.885 level:46
2025-08-23 16:44:51.123 T:4091 debug : CAMLCodec::PollFrame elapsed:29.713ms
2025-08-23 16:44:51.124 T:4326 debug : CAMLCodec::DequeueBuffer: pts:11.261 idx:270
2025-08-23 16:44:51.124 T:4326 debug : CAMLCodec::GetPicture: index: 270, pts: 11.261, dur:41.000ms ar:1.78 elf:39ms
2025-08-23 16:44:51.124 T:4326 debug : CVideoPlayerVideo::OutputPicture - ttd:353ms pts:11.261 Clock:10.908 Level:5
2025-08-23 16:44:51.132 T:4091 debug : PrepareNextRender: frameOnScreen: 10.915 renderPts: 11.073 nextFramePts: 11.053 -> diff: 0.020 render: 1 forceNext: 0
2025-08-23 16:44:51.132 T:4091 debug : CAMLCodec::ReleaseFrame idx:265, drop:0
2025-08-23 16:44:51.139 T:4326 debug : CAMLCodec::AddData: dl:737728 fl:5357120 sz:379253(379328) lv:12.1% dts:11.386 pts:11.470
2025-08-23 16:44:51.144 T:4327 debug : CVideoPlayerAudio::OutputPacket: pts:11.703 curr_pts:10.903 clock:10.927 level:43
2025-08-23 16:44:51.165 T:4091 debug : CAMLCodec::PollFrame elapsed:32.956ms
2025-08-23 16:44:51.168 T:4326 debug : CAMLCodec::DequeueBuffer: pts:11.303 idx:271
2025-08-23 16:44:51.168 T:4326 debug : CAMLCodec::GetPicture: index: 271, pts: 11.303, dur:42.000ms ar:1.78 elf:43ms
2025-08-23 16:44:51.168 T:4326 debug : CVideoPlayerVideo::OutputPicture - ttd:351ms pts:11.303 Clock:10.952 Level:5
2025-08-23 16:44:51.173 T:4091 debug : PrepareNextRender: frameOnScreen: 10.956 renderPts: 11.114 nextFramePts: 11.094 -> diff: 0.020 render: 1 forceNext: 0
2025-08-23 16:44:51.173 T:4091 debug : CAMLCodec::ReleaseFrame idx:266, drop:0
2025-08-23 16:44:51.181 T:4326 debug : CAMLCodec::AddData: dl:1009856 fl:5084992 sz:630436(630528) lv:16.6% dts:11.428 pts:11.637
2025-08-23 16:44:51.184 T:4323 debug : CVideoPlayer::ProcessVideoData size:473775 dts:15.098 pts:15.182 dur:41.000ms, clock:10.967 level:45
2025-08-23 16:44:51.185 T:4323 debug : CVideoPlayer::ProcessVideoData size:461922 dts:15.140 pts:15.140 dur:41.000ms, clock:10.969 level:46
2025-08-23 16:44:51.193 T:4327 debug : CVideoPlayerAudio::OutputPacket: pts:11.795 curr_pts:10.953 clock:10.977 level:42
2025-08-23 16:44:51.207 T:4091 debug : CAMLCodec::PollFrame elapsed:33.436ms
2025-08-23 16:44:51.208 T:4326 debug : CAMLCodec::DequeueBuffer: pts:11.345 idx:272
2025-08-23 16:44:51.208 T:4326 debug : CAMLCodec::GetPicture: index: 272, pts: 11.345, dur:42.000ms ar:1.78 elf:39ms
2025-08-23 16:44:51.208 T:4326 debug : CVideoPlayerVideo::OutputPicture - ttd:353ms pts:11.345 Clock:10.992 Level:5
2025-08-23 16:44:51.220 T:4091 debug : PrepareNextRender: frameOnScreen: 11.003 renderPts: 11.160 nextFramePts: 11.136 -> diff: 0.024 render: 1 forceNext: 0
2025-08-23 16:44:51.220 T:4091 debug : CAMLCodec::ReleaseFrame idx:267, drop:0
2025-08-23 16:44:51.248 T:4091 debug : CAMLCodec::PollFrame elapsed:28.287ms
2025-08-23 16:44:51.250 T:4326 debug : CAMLCodec::DequeueBuffer: pts:11.386 idx:273
2025-08-23 16:44:51.250 T:4326 debug : CAMLCodec::GetPicture: index: 273, pts: 11.386, dur:41.000ms ar:1.78 elf:42ms
2025-08-23 16:44:51.250 T:4326 debug : CVideoPlayerVideo::OutputPicture - ttd:352ms pts:11.386 Clock:11.034 Level:5
2025-08-23 16:44:51.256 T:4091 debug : PrepareNextRender: frameOnScreen: 11.040 renderPts: 11.197 nextFramePts: 11.178 -> diff: 0.019 render: 1 forceNext: 0
2025-08-23 16:44:51.256 T:4091 debug : CAMLCodec::ReleaseFrame idx:268, drop:0
2025-08-23 16:44:51.268 T:4323 debug : CVideoPlayer::ProcessVideoData size:465541 dts:15.182 pts:15.265 dur:41.000ms, clock:11.051 level:46
2025-08-23 16:44:51.268 T:4326 debug : CAMLCodec::AddData: dl:392512 fl:5702336 sz:392404(392512) lv:6.4% dts:11.470 pts:11.595
2025-08-23 16:44:51.271 T:4326 debug : CAMLCodec::AddData: dl:785344 fl:5309504 sz:392715(392832) lv:12.9% dts:11.511 pts:11.553
2025-08-23 16:44:51.290 T:4091 debug : CAMLCodec::PollFrame elapsed:33.746ms
2025-08-23 16:44:51.292 T:4326 debug : CAMLCodec::DequeueBuffer: pts:11.428 idx:274
2025-08-23 16:44:51.292 T:4326 debug : CAMLCodec::GetPicture: index: 274, pts: 11.428, dur:42.000ms ar:1.78 elf:41ms
2025-08-23 16:44:51.292 T:4326 debug : CVideoPlayerVideo::OutputPicture - ttd:352ms pts:11.428 Clock:11.076 Level:5
2025-08-23 16:44:51.294 T:4327 debug : CVideoPlayerAudio::OutputPacket: pts:11.889 curr_pts:11.053 clock:11.077 level:41
2025-08-23 16:44:51.300 T:4091 debug : PrepareNextRender: frameOnScreen: 11.083 renderPts: 11.241 nextFramePts: 11.220 -> diff: 0.021 render: 1 forceNext: 0
2025-08-23 16:44:51.300 T:4091 debug : CAMLCodec::ReleaseFrame idx:269, drop:0
2025-08-23 16:44:51.304 T:4326 debug : CAMLCodec::AddData: dl:858304 fl:5236544 sz:465394(465472) lv:14.1% dts:11.553 pts:11.678
2025-08-23 16:44:51.309 T:4323 debug : CVideoPlayer::ProcessAudioData size:6112 dts:15.325 pts:15.325 dur:92.000ms, clock:11.093 drop:0 level:41
2025-08-23 16:44:51.309 T:4323 debug : CVideoPlayer::ProcessAudioData size:5972 dts:15.417 pts:15.417 dur:92.000ms, clock:11.093 drop:0 level:42
2025-08-23 16:44:51.313 T:4323 debug : CVideoPlayer::ProcessAudioData size:5984 dts:15.511 pts:15.511 dur:92.000ms, clock:11.097 drop:0 level:43
2025-08-23 16:44:51.315 T:4323 debug : CVideoPlayer::ProcessVideoData size:634577 dts:15.224 pts:15.515 dur:41.000ms, clock:11.099 level:45
2025-08-23 16:44:51.332 T:4091 debug : CAMLCodec::PollFrame elapsed:31.673ms
2025-08-23 16:44:51.334 T:4326 debug : CAMLCodec::DequeueBuffer: pts:11.470 idx:275
2025-08-23 16:44:51.335 T:4326 debug : CAMLCodec::GetPicture: index: 275, pts: 11.470, dur:42.000ms ar:1.78 elf:42ms
2025-08-23 16:44:51.335 T:4326 debug : CVideoPlayerVideo::OutputPicture - ttd:351ms pts:11.470 Clock:11.118 Level:5
2025-08-23 16:44:51.343 T:4091 debug : PrepareNextRender: frameOnScreen: 11.126 renderPts: 11.284 nextFramePts: 11.261 -> diff: 0.023 render: 1 forceNext: 0
2025-08-23 16:44:51.343 T:4091 debug : CAMLCodec::ReleaseFrame idx:270, drop:0
2025-08-23 16:44:51.348 T:4323 debug : CVideoPlayer::ProcessVideoData size:600911 dts:15.265 pts:15.432 dur:41.000ms, clock:11.132 level:45
2025-08-23 16:44:51.349 T:4326 debug : CAMLCodec::AddData: dl:948288 fl:5146560 sz:482747(482816) lv:15.6% dts:11.595 pts:11.887
2025-08-23 16:44:51.374 T:4091 debug : CAMLCodec::PollFrame elapsed:30.745ms
2025-08-23 16:44:51.376 T:4326 debug : CAMLCodec::DequeueBuffer: pts:11.511 idx:276
2025-08-23 16:44:51.376 T:4326 debug : CAMLCodec::GetPicture: index: 276, pts: 11.511, dur:41.000ms ar:1.78 elf:40ms
2025-08-23 16:44:51.376 T:4326 debug : CVideoPlayerVideo::OutputPicture - ttd:351ms pts:11.511 Clock:11.159 Level:5
2025-08-23 16:44:51.377 T:4326 debug : CAMLCodec::DequeueBuffer: pts:11.553 idx:277
2025-08-23 16:44:51.377 T:4326 debug : CAMLCodec::GetPicture: index: 277, pts: 11.553, dur:42.000ms ar:1.78 elf:1ms
2025-08-23 16:44:51.377 T:4326 debug : CVideoPlayerVideo::OutputPicture - ttd:392ms pts:11.553 Clock:11.160 Level:6
2025-08-23 16:44:51.378 T:4326 debug : CAMLCodec::DequeueBuffer: pts:11.595 idx:278
2025-08-23 16:44:51.378 T:4326 debug : CAMLCodec::GetPicture: index: 278, pts: 11.595, dur:42.000ms ar:1.78 elf:1ms
2025-08-23 16:44:51.379 T:4091 debug : PrepareNextRender: frameOnScreen: 11.162 renderPts: 11.320 nextFramePts: 11.303 -> diff: 0.017 render: 1 forceNext: 0
2025-08-23 16:44:51.379 T:4326 debug : CVideoPlayerVideo::OutputPicture - ttd:433ms pts:11.595 Clock:11.162 Level:6
2025-08-23 16:44:51.379 T:4091 debug : CAMLCodec::ReleaseFrame idx:271, drop:0
2025-08-23 16:44:51.380 T:4326 debug : CAMLCodec::DequeueBuffer: pts:11.637 idx:279
2025-08-23 16:44:51.380 T:4326 debug : CAMLCodec::GetPicture: index: 279, pts: 11.637, dur:42.000ms ar:1.78 elf:1ms
2025-08-23 16:44:51.393 T:4327 debug : CVideoPlayerAudio::OutputPacket: pts:11.981 curr_pts:11.154 clock:11.177 level:43
2025-08-23 16:44:51.415 T:4091 debug : CAMLCodec::PollFrame elapsed:36.045ms
2025-08-23 16:44:51.422 T:4091 debug : PrepareNextRender: frameOnScreen: 11.205 renderPts: 11.363 nextFramePts: 11.345 -> diff: 0.018 render: 1 forceNext: 0
2025-08-23 16:44:51.422 T:4326 debug : CVideoPlayerVideo::OutputPicture - ttd:473ms pts:11.637 Clock:11.164 Level:6
2025-08-23 16:44:51.422 T:4091 debug : CAMLCodec::ReleaseFrame idx:272, drop:0
2025-08-23 16:44:51.426 T:4326 debug : CAMLCodec::AddData: dl:888000 fl:5206848 sz:405105(405184) lv:14.6% dts:11.637 pts:11.803
2025-08-23 16:44:51.429 T:4326 debug : CAMLCodec::AddData: dl:808448 fl:5286400 sz:403145(403264) lv:13.3% dts:11.678 pts:11.762
2025-08-23 16:44:51.431 T:4323 debug : CVideoPlayer::ProcessVideoData size:466175 dts:15.307 pts:15.390 dur:41.000ms, clock:11.214 level:45
2025-08-23 16:44:51.457 T:4091 debug : CAMLCodec::PollFrame elapsed:34.959ms
2025-08-23 16:44:51.464 T:4091 debug : PrepareNextRender: frameOnScreen: 11.247 renderPts: 11.405 nextFramePts: 11.386 -> diff: 0.019 render: 1 forceNext: 0
2025-08-23 16:44:51.464 T:4091 debug : CAMLCodec::ReleaseFrame idx:273, drop:0
2025-08-23 16:44:51.472 T:4326 debug : CAMLCodec::AddData: dl:721024 fl:5373824 sz:317664(317760) lv:11.8% dts:11.720 pts:11.720
2025-08-23 16:44:51.473 T:4323 debug : CVideoPlayer::ProcessVideoData size:458020 dts:15.349 pts:15.349 dur:41.000ms, clock:11.256 level:45
2025-08-23 16:44:51.493 T:4327 debug : CVideoPlayerAudio::OutputPacket: pts:12.074 curr_pts:11.253 clock:11.277 level:42
2025-08-23 16:44:51.499 T:4091 debug : CAMLCodec::PollFrame elapsed:34.644ms
2025-08-23 16:44:51.505 T:4091 debug : PrepareNextRender: frameOnScreen: 11.288 renderPts: 11.445 nextFramePts: 11.428 -> diff: 0.017 render: 1 forceNext: 0
2025-08-23 16:44:51.505 T:4091 debug : CAMLCodec::ReleaseFrame idx:274, drop:0
