2025-08-23 16:44:39.474 T:4326 debug : CAMLCodec::AddData: dl:143360 fl:5951488 sz:477(4096) lv:2.4% dts:1.293 pts:1.376
2025-08-23 16:44:39.474 T:4326 debug : CVideoPlayerVideo::CalcDropRequirement - hurry: 0
2025-08-23 16:44:39.474 T:4326 debug : CAMLCodec::AddData: dl:147456 fl:5947392 sz:463(4096) lv:2.4% dts:1.335 pts:1.627
2025-08-23 16:44:39.474 T:4326 debug : CVideoPlayerVideo::CalcDropRequirement - hurry: 0
2025-08-23 16:44:39.474 T:4326 debug : CAMLCodec::AddData: dl:151552 fl:5943296 sz:471(4096) lv:2.5% dts:1.376 pts:1.543
2025-08-23 16:44:39.474 T:4326 debug : CVideoPlayerVideo::CalcDropRequirement - hurry: 0
2025-08-23 16:44:39.474 T:4326 debug : CAMLCodec::AddData: dl:155648 fl:5939200 sz:470(4096) lv:2.6% dts:1.418 pts:1.501
2025-08-23 16:44:39.474 T:4326 debug : CVideoPlayerVideo::CalcDropRequirement - hurry: 0
2025-08-23 16:44:39.474 T:4326 debug : CAMLCodec::AddData: dl:159744 fl:5935104 sz:470(4096) lv:2.6% dts:1.460 pts:1.460
2025-08-23 16:44:39.474 T:4326 debug : CVideoPlayerVideo::CalcDropRequirement - hurry: 0
2025-08-23 16:44:39.474 T:4326 debug : CAMLCodec::AddData: dl:163840 fl:5931008 sz:477(4096) lv:2.7% dts:1.501 pts:1.585
2025-08-23 16:44:39.474 T:4326 debug : CVideoPlayerVideo::CalcDropRequirement - hurry: 0
2025-08-23 16:44:39.474 T:4326 debug : CAMLCodec::AddData: dl:167936 fl:5926912 sz:2636(4096) lv:2.8% dts:1.543 pts:1.668
2025-08-23 16:44:39.475 T:4323 debug : CVideoPlayer::ProcessVideoData size:435 dts:1.585 pts:1.877 dur:41.000ms, clock:0.001 level:0
2025-08-23 16:44:39.475 T:4323 debug : CVideoPlayer::ProcessVideoData size:416 dts:1.627 pts:1.793 dur:41.000ms, clock:0.001 level:0
2025-08-23 16:44:39.475 T:4323 debug : CVideoPlayer::ProcessVideoData size:425 dts:1.668 pts:1.752 dur:41.000ms, clock:0.001 level:1
2025-08-23 16:44:39.475 T:4323 debug : CVideoPlayer::ProcessVideoData size:424 dts:1.710 pts:1.710 dur:41.000ms, clock:0.001 level:2
2025-08-23 16:44:39.475 T:4323 debug : CVideoPlayer::ProcessVideoData size:424 dts:1.752 pts:1.835 dur:41.000ms, clock:0.001 level:2
2025-08-23 16:44:39.476 T:4326 debug : CVideoPlayerVideo::CalcDropRequirement - hurry: 0
2025-08-23 16:44:39.476 T:4326 debug : CAMLCodec::AddData: dl:172032 fl:5922816 sz:433(4096) lv:2.8% dts:1.585 pts:1.877
2025-08-23 16:44:39.476 T:4326 debug : CVideoPlayerVideo::CalcDropRequirement - hurry: 0
2025-08-23 16:44:39.476 T:4326 debug : CAMLCodec::AddData: dl:176128 fl:5918720 sz:414(4096) lv:2.9% dts:1.627 pts:1.793
2025-08-23 16:44:39.476 T:4326 debug : CVideoPlayerVideo::CalcDropRequirement - hurry: 0
2025-08-23 16:44:39.476 T:4326 debug : CAMLCodec::AddData: dl:180224 fl:5914624 sz:423(4096) lv:3.0% dts:1.668 pts:1.752
2025-08-23 16:44:39.476 T:4326 debug : CVideoPlayerVideo::CalcDropRequirement - hurry: 0
2025-08-23 16:44:39.476 T:4326 debug : CAMLCodec::AddData: dl:184320 fl:5910528 sz:422(4096) lv:3.0% dts:1.710 pts:1.710
2025-08-23 16:44:39.476 T:4326 debug : CVideoPlayerVideo::CalcDropRequirement - hurry: 0
2025-08-23 16:44:39.476 T:4326 debug : CAMLCodec::AddData: dl:188416 fl:5906432 sz:422(4096) lv:3.1% dts:1.752 pts:1.835
2025-08-23 16:44:39.477 T:4323 debug : CVideoPlayer::ProcessVideoData size:409 dts:1.793 pts:2.085 dur:41.000ms, clock:0.001 level:0
2025-08-23 16:44:39.477 T:4323 debug : CVideoPlayer::ProcessVideoData size:416 dts:1.835 pts:2.002 dur:41.000ms, clock:0.001 level:0
2025-08-23 16:44:39.477 T:4326 debug : CVideoPlayerVideo::CalcDropRequirement - hurry: 0
2025-08-23 16:44:39.477 T:4323 debug : CVideoPlayer::ProcessVideoData size:425 dts:1.877 pts:1.960 dur:41.000ms, clock:0.001 level:0
2025-08-23 16:44:39.477 T:4323 debug : CVideoPlayer::ProcessVideoData size:424 dts:1.919 pts:1.919 dur:41.000ms, clock:0.001 level:1
2025-08-23 16:44:39.477 T:4323 debug : CVideoPlayer::ProcessVideoData size:424 dts:1.960 pts:2.044 dur:41.000ms, clock:0.001 level:2
2025-08-23 16:44:39.477 T:4326 debug : CAMLCodec::AddData: dl:192512 fl:5902336 sz:407(4096) lv:3.2% dts:1.793 pts:2.085
2025-08-23 16:44:39.477 T:4326 debug : CVideoPlayerVideo::CalcDropRequirement - hurry: 0
2025-08-23 16:44:39.477 T:4326 debug : CAMLCodec::AddData: dl:196608 fl:5898240 sz:414(4096) lv:3.2% dts:1.835 pts:2.002
2025-08-23 16:44:39.477 T:4326 debug : CVideoPlayerVideo::CalcDropRequirement - hurry: 0
2025-08-23 16:44:39.477 T:4326 debug : CAMLCodec::AddData: dl:200704 fl:5894144 sz:423(4096) lv:3.3% dts:1.877 pts:1.960
2025-08-23 16:44:39.478 T:4326 debug : CVideoPlayerVideo::CalcDropRequirement - hurry: 0
2025-08-23 16:44:39.478 T:4326 debug : CAMLCodec::AddData: dl:204800 fl:5890048 sz:422(4096) lv:3.4% dts:1.919 pts:1.919
2025-08-23 16:44:39.478 T:4326 debug : CVideoPlayerVideo::CalcDropRequirement - hurry: 0
2025-08-23 16:44:39.478 T:4326 debug : CAMLCodec::AddData: dl:208896 fl:5885952 sz:422(4096) lv:3.4% dts:1.960 pts:2.044
2025-08-23 16:44:39.479 T:4323 debug : CVideoPlayer::ProcessVideoData size:409 dts:2.002 pts:2.294 dur:41.000ms, clock:0.001 level:0
2025-08-23 16:44:39.479 T:4323 debug : CVideoPlayer::ProcessVideoData size:416 dts:2.044 pts:2.211 dur:41.000ms, clock:0.001 level:0
2025-08-23 16:44:39.479 T:4326 debug : CVideoPlayerVideo::CalcDropRequirement - hurry: 0
2025-08-23 16:44:39.479 T:4323 debug : CVideoPlayer::ProcessVideoData size:425 dts:2.085 pts:2.169 dur:41.000ms, clock:0.001 level:0
2025-08-23 16:44:39.479 T:4323 debug : CVideoPlayer::ProcessVideoData size:424 dts:2.127 pts:2.127 dur:41.000ms, clock:0.001 level:1
2025-08-23 16:44:39.479 T:4326 debug : CAMLCodec::AddData: dl:212992 fl:5881856 sz:407(4096) lv:3.5% dts:2.002 pts:2.294
2025-08-23 16:44:39.479 T:4323 debug : CVideoPlayer::ProcessVideoData size:424 dts:2.169 pts:2.252 dur:41.000ms, clock:0.001 level:2
2025-08-23 16:44:39.479 T:4326 debug : CVideoPlayerVideo::CalcDropRequirement - hurry: 0
2025-08-23 16:44:39.479 T:4326 debug : CAMLCodec::AddData: dl:217088 fl:5877760 sz:414(4096) lv:3.6% dts:2.044 pts:2.211
2025-08-23 16:44:39.479 T:4326 debug : CVideoPlayerVideo::CalcDropRequirement - hurry: 0
2025-08-23 16:44:39.479 T:4326 debug : CAMLCodec::AddData: dl:221184 fl:5873664 sz:423(4096) lv:3.6% dts:2.085 pts:2.169
2025-08-23 16:44:39.479 T:4326 debug : CVideoPlayerVideo::CalcDropRequirement - hurry: 0
2025-08-23 16:44:39.479 T:4326 debug : CAMLCodec::AddData: dl:225280 fl:5869568 sz:422(4096) lv:3.7% dts:2.127 pts:2.127
2025-08-23 16:44:39.479 T:4326 debug : CVideoPlayerVideo::CalcDropRequirement - hurry: 0
2025-08-23 16:44:39.479 T:4326 debug : CAMLCodec::AddData: dl:229376 fl:5865472 sz:422(4096) lv:3.8% dts:2.169 pts:2.252
2025-08-23 16:44:39.480 T:4323 debug : CVideoPlayer::ProcessAudioData size:2636 dts:2.415 pts:2.415 dur:92.000ms, clock:0.001 drop:0 level:25
2025-08-23 16:44:39.480 T:4323 debug : CVideoPlayer::ProcessAudioData size:2661 dts:2.507 pts:2.507 dur:92.000ms, clock:0.001 drop:0 level:26
2025-08-23 16:44:39.480 T:4323 debug : CVideoPlayer::ProcessAudioData size:2640 dts:2.600 pts:2.600 dur:92.000ms, clock:0.001 drop:0 level:27
2025-08-23 16:44:39.481 T:4323 debug : CVideoPlayer::ProcessVideoData size:409 dts:2.211 pts:2.502 dur:41.000ms, clock:0.001 level:0
2025-08-23 16:44:39.481 T:4323 debug : CVideoPlayer::ProcessVideoData size:416 dts:2.252 pts:2.419 dur:41.000ms, clock:0.001 level:0
2025-08-23 16:44:39.481 T:4326 debug : CVideoPlayerVideo::CalcDropRequirement - hurry: 0
2025-08-23 16:44:39.481 T:4323 debug : CVideoPlayer::ProcessVideoData size:425 dts:2.294 pts:2.377 dur:41.000ms, clock:0.001 level:0
2025-08-23 16:44:39.481 T:4326 debug : CAMLCodec::AddData: dl:233472 fl:5861376 sz:407(4096) lv:3.8% dts:2.211 pts:2.502
2025-08-23 16:44:39.481 T:4323 debug : CVideoPlayer::ProcessVideoData size:424 dts:2.336 pts:2.336 dur:41.000ms, clock:0.001 level:1
2025-08-23 16:44:39.481 T:4326 debug : CVideoPlayerVideo::CalcDropRequirement - hurry: 0
2025-08-23 16:44:39.481 T:4323 debug : CVideoPlayer::ProcessVideoData size:424 dts:2.377 pts:2.461 dur:41.000ms, clock:0.001 level:1
2025-08-23 16:44:39.481 T:4326 debug : CAMLCodec::AddData: dl:237568 fl:5857280 sz:414(4096) lv:3.9% dts:2.252 pts:2.419
2025-08-23 16:44:39.481 T:4326 debug : CVideoPlayerVideo::CalcDropRequirement - hurry: 0
2025-08-23 16:44:39.481 T:4326 debug : CAMLCodec::AddData: dl:241664 fl:5853184 sz:423(4096) lv:4.0% dts:2.294 pts:2.377
2025-08-23 16:44:39.481 T:4326 debug : CVideoPlayerVideo::CalcDropRequirement - hurry: 0
2025-08-23 16:44:39.481 T:4326 debug : CAMLCodec::AddData: dl:245760 fl:5849088 sz:422(4096) lv:4.0% dts:2.336 pts:2.336
2025-08-23 16:44:39.481 T:4326 debug : CVideoPlayerVideo::CalcDropRequirement - hurry: 0
2025-08-23 16:44:39.481 T:4326 debug : CAMLCodec::AddData: dl:249856 fl:5844992 sz:422(4096) lv:4.1% dts:2.377 pts:2.461
2025-08-23 16:44:39.482 T:4323 debug : CVideoPlayer::ProcessVideoData size:409 dts:2.419 pts:2.628 dur:41.000ms, clock:0.001 level:0
2025-08-23 16:44:39.482 T:4326 debug : CVideoPlayerVideo::CalcDropRequirement - hurry: 0
2025-08-23 16:44:39.482 T:4323 debug : CVideoPlayer::ProcessVideoData size:424 dts:2.461 pts:2.586 dur:41.000ms, clock:0.001 level:0
2025-08-23 16:44:39.482 T:4323 debug : CVideoPlayer::ProcessVideoData size:423 dts:2.502 pts:2.544 dur:41.000ms, clock:0.001 level:0
2025-08-23 16:44:39.482 T:4326 debug : CAMLCodec::AddData: dl:253952 fl:5840896 sz:407(4096) lv:4.2% dts:2.419 pts:2.628
2025-08-23 16:44:39.482 T:4326 debug : CVideoPlayerVideo::CalcDropRequirement - hurry: 0
2025-08-23 16:44:39.482 T:4326 debug : CAMLCodec::AddData: dl:258048 fl:5836800 sz:422(4096) lv:4.2% dts:2.461 pts:2.586
2025-08-23 16:44:39.482 T:4326 debug : CVideoPlayerVideo::CalcDropRequirement - hurry: 0
2025-08-23 16:44:39.482 T:4326 debug : CAMLCodec::AddData: dl:262144 fl:5832704 sz:421(4096) lv:4.3% dts:2.502 pts:2.544
2025-08-23 16:44:39.483 T:4323 debug : CVideoPlayer::ProcessVideoData size:2641 dts:2.544 pts:2.669 dur:41.000ms, clock:0.001 level:0
2025-08-23 16:44:39.483 T:4326 debug : CVideoPlayerVideo::CalcDropRequirement - hurry: 0
2025-08-23 16:44:39.483 T:4326 debug : CAMLCodec::AddData: dl:266240 fl:5828608 sz:2634(4096) lv:4.4% dts:2.544 pts:2.669
2025-08-23 16:44:39.483 T:4323 debug : CVideoPlayer::ProcessAudioData size:2606 dts:2.694 pts:2.694 dur:92.000ms, clock:0.001 drop:0 level:28
2025-08-23 16:44:39.483 T:4323 debug : CVideoPlayer::ProcessAudioData size:3696 dts:2.786 pts:2.786 dur:92.000ms, clock:0.001 drop:0 level:30
2025-08-23 16:44:39.483 T:4323 debug : CVideoPlayer::ProcessAudioData size:3875 dts:2.879 pts:2.879 dur:92.000ms, clock:0.001 drop:0 level:31
2025-08-23 16:44:39.483 T:4323 debug : CVideoPlayer::ProcessAudioData size:3895 dts:2.972 pts:2.972 dur:92.000ms, clock:0.001 drop:0 level:32
2025-08-23 16:44:39.483 T:4323 debug : CVideoPlayer::ProcessAudioData size:3886 dts:3.065 pts:3.065 dur:92.000ms, clock:0.001 drop:0 level:33
2025-08-23 16:44:39.483 T:4323 debug : CVideoPlayer::ProcessAudioData size:3878 dts:3.158 pts:3.158 dur:92.000ms, clock:0.001 drop:0 level:34
2025-08-23 16:44:39.483 T:4323 debug : CVideoPlayer::ProcessAudioData size:3880 dts:3.251 pts:3.251 dur:92.000ms, clock:0.001 drop:0 level:35
2025-08-23 16:44:39.483 T:4323 debug : CVideoPlayer::ProcessAudioData size:3863 dts:3.344 pts:3.344 dur:92.000ms, clock:0.001 drop:0 level:36
2025-08-23 16:44:39.484 T:4323 debug : CVideoPlayer::ProcessVideoData size:435 dts:2.586 pts:2.878 dur:41.000ms, clock:0.001 level:0
2025-08-23 16:44:39.484 T:4326 debug : CVideoPlayerVideo::CalcDropRequirement - hurry: 0
2025-08-23 16:44:39.484 T:4323 debug : CVideoPlayer::ProcessVideoData size:416 dts:2.628 pts:2.794 dur:41.000ms, clock:0.001 level:0
2025-08-23 16:44:39.484 T:4326 debug : CAMLCodec::AddData: dl:270336 fl:5824512 sz:433(4096) lv:4.4% dts:2.586 pts:2.878
2025-08-23 16:44:39.484 T:4323 debug : CVideoPlayer::ProcessVideoData size:425 dts:2.669 pts:2.753 dur:41.000ms, clock:0.001 level:0
2025-08-23 16:44:39.484 T:4326 debug : CVideoPlayerVideo::CalcDropRequirement - hurry: 0
2025-08-23 16:44:39.484 T:4326 debug : CAMLCodec::AddData: dl:274432 fl:5820416 sz:414(4096) lv:4.5% dts:2.628 pts:2.794
2025-08-23 16:44:39.484 T:4326 debug : CVideoPlayerVideo::CalcDropRequirement - hurry: 0
2025-08-23 16:44:39.484 T:4323 debug : CVideoPlayer::ProcessVideoData size:424 dts:2.711 pts:2.711 dur:41.000ms, clock:0.001 level:0
2025-08-23 16:44:39.484 T:4326 debug : CAMLCodec::AddData: dl:278528 fl:5816320 sz:423(4096) lv:4.6% dts:2.669 pts:2.753
2025-08-23 16:44:39.484 T:4326 debug : CVideoPlayerVideo::CalcDropRequirement - hurry: 0
2025-08-23 16:44:39.484 T:4323 debug : CVideoPlayer::ProcessVideoData size:424 dts:2.753 pts:2.836 dur:41.000ms, clock:0.001 level:0
2025-08-23 16:44:39.484 T:4326 debug : CAMLCodec::AddData: dl:282624 fl:5812224 sz:422(4096) lv:4.6% dts:2.711 pts:2.711
2025-08-23 16:44:39.484 T:4326 debug : CVideoPlayerVideo::CalcDropRequirement - hurry: 0
2025-08-23 16:44:39.484 T:4326 debug : CAMLCodec::AddData: dl:286720 fl:5808128 sz:422(4096) lv:4.7% dts:2.753 pts:2.836
2025-08-23 16:44:39.486 T:4323 debug : CVideoPlayer::ProcessVideoData size:409 dts:2.794 pts:3.086 dur:41.000ms, clock:0.001 level:0
2025-08-23 16:44:39.486 T:4326 debug : CVideoPlayerVideo::CalcDropRequirement - hurry: 0
2025-08-23 16:44:39.486 T:4323 debug : CVideoPlayer::ProcessVideoData size:416 dts:2.836 pts:3.003 dur:41.000ms, clock:0.001 level:0
2025-08-23 16:44:39.486 T:4323 debug : CVideoPlayer::ProcessVideoData size:425 dts:2.878 pts:2.961 dur:41.000ms, clock:0.001 level:0
2025-08-23 16:44:39.486 T:4326 debug : CAMLCodec::AddData: dl:290816 fl:5804032 sz:407(4096) lv:4.8% dts:2.794 pts:3.086
2025-08-23 16:44:39.486 T:4323 debug : CVideoPlayer::ProcessVideoData size:424 dts:2.920 pts:2.920 dur:41.000ms, clock:0.001 level:1
2025-08-23 16:44:39.486 T:4326 debug : CVideoPlayerVideo::CalcDropRequirement - hurry: 0
2025-08-23 16:44:39.486 T:4323 debug : CVideoPlayer::ProcessVideoData size:424 dts:2.961 pts:3.045 dur:41.000ms, clock:0.001 level:1
2025-08-23 16:44:39.486 T:4326 debug : CAMLCodec::AddData: dl:294912 fl:5799936 sz:414(4096) lv:4.8% dts:2.836 pts:3.003
2025-08-23 16:44:39.486 T:4326 debug : CVideoPlayerVideo::CalcDropRequirement - hurry: 0
2025-08-23 16:44:39.487 T:4326 debug : CAMLCodec::AddData: dl:299008 fl:5795840 sz:423(4096) lv:4.9% dts:2.878 pts:2.961
2025-08-23 16:44:39.487 T:4326 debug : CVideoPlayerVideo::CalcDropRequirement - hurry: 0
2025-08-23 16:44:39.487 T:4326 debug : CAMLCodec::AddData: dl:303104 fl:5791744 sz:422(4096) lv:5.0% dts:2.920 pts:2.920
2025-08-23 16:44:39.487 T:4326 debug : CVideoPlayerVideo::CalcDropRequirement - hurry: 0
2025-08-23 16:44:39.487 T:4326 debug : CAMLCodec::AddData: dl:307200 fl:5787648 sz:422(4096) lv:5.0% dts:2.961 pts:3.045
2025-08-23 16:44:39.489 T:4323 debug : CVideoPlayer::ProcessVideoData size:421 dts:3.003 pts:3.295 dur:41.000ms, clock:0.001 level:0
2025-08-23 16:44:39.489 T:4326 debug : CVideoPlayerVideo::CalcDropRequirement - hurry: 0
2025-08-23 16:44:39.489 T:4323 debug : CVideoPlayer::ProcessVideoData size:416 dts:3.045 pts:3.212 dur:41.000ms, clock:0.001 level:0
2025-08-23 16:44:39.489 T:4323 debug : CVideoPlayer::ProcessVideoData size:434 dts:3.086 pts:3.170 dur:41.000ms, clock:0.001 level:0
2025-08-23 16:44:39.489 T:4323 debug : CVideoPlayer::ProcessVideoData size:425 dts:3.128 pts:3.128 dur:41.000ms, clock:0.001 level:1
2025-08-23 16:44:39.489 T:4326 debug : CAMLCodec::AddData: dl:307200 fl:5787648 sz:419(4096) lv:5.0% dts:3.003 pts:3.295
2025-08-23 16:44:39.489 T:4323 debug : CVideoPlayer::ProcessVideoData size:424 dts:3.170 pts:3.253 dur:41.000ms, clock:0.001 level:2
2025-08-23 16:44:39.489 T:4326 debug : CAMLCodec::DequeueBuffer: pts:0.000 idx:0
2025-08-23 16:44:39.489 T:4326 debug : CAMLCodec::GetPicture: index: 0, pts: 0.000, dur:41.708ms ar:1.78 elf:37ms
2025-08-23 16:44:39.489 T:4326 debug : CRenderManager::Configure - change configuration. 3840x2160. display: 3840x2160. framerate: 23.98. hdrType: hdr10.
2025-08-23 16:44:39.490 T:4323 debug : CVideoPlayer::ProcessAudioData size:3890 dts:3.437 pts:3.437 dur:92.000ms, clock:0.001 drop:0 level:38
2025-08-23 16:44:39.490 T:4323 debug : CVideoPlayer::ProcessAudioData size:3882 dts:3.529 pts:3.529 dur:92.000ms, clock:0.001 drop:0 level:39
2025-08-23 16:44:39.491 T:4323 debug : CVideoPlayer::ProcessAudioData size:3882 dts:3.622 pts:3.622 dur:92.000ms, clock:0.001 drop:0 level:40
2025-08-23 16:44:39.492 T:4323 debug : CVideoPlayer::ProcessVideoData size:5048 dts:3.212 pts:3.503 dur:41.000ms, clock:0.001 level:2
2025-08-23 16:44:39.492 T:4323 debug : CVideoPlayer::ProcessVideoData size:4018 dts:3.253 pts:3.420 dur:41.000ms, clock:0.001 level:3
2025-08-23 16:44:39.492 T:4323 debug : CVideoPlayer::ProcessVideoData size:2665 dts:3.295 pts:3.378 dur:41.000ms, clock:0.001 level:3
2025-08-23 16:44:39.492 T:4323 debug : CVideoPlayer::ProcessVideoData size:1177 dts:3.337 pts:3.337 dur:41.000ms, clock:0.001 level:4
2025-08-23 16:44:39.492 T:4323 debug : CVideoPlayer::ProcessVideoData size:4563 dts:3.378 pts:3.462 dur:41.000ms, clock:0.001 level:4
2025-08-23 16:44:39.492 T:4091 debug : DeleteRenderer - deleting renderer
2025-08-23 16:44:39.492 T:4091 debug : LinuxRendererGLES: Cleaning up GLES resources
2025-08-23 16:44:39.492 T:4091 info : Constructing CRendererAML
2025-08-23 16:44:39.493 T:4091 debug : CRendererAML::Configure DV support, enabled, DV system is disabled, HDR is used
2025-08-23 16:44:39.493 T:4323 debug : CVideoPlayer::ProcessVideoData size:8015 dts:3.420 pts:3.629 dur:41.000ms, clock:0.001 level:5
2025-08-23 16:44:39.493 T:4091 debug : CRenderManager::Configure - 8
2025-08-23 16:44:39.493 T:4323 debug : CVideoPlayer::ProcessVideoData size:12226 dts:3.462 pts:3.587 dur:41.000ms, clock:0.001 level:5
2025-08-23 16:44:39.493 T:4324 debug : OnAVChange: CApplication::OnAVChange
2025-08-23 16:44:39.493 T:4323 debug : CVideoPlayer::ProcessVideoData size:11359 dts:3.503 pts:3.545 dur:41.000ms, clock:0.001 level:6
2025-08-23 16:44:39.493 T:4326 debug : CVideoPlayerVideo::OutputPicture - ttd:0ms pts:0.000 Clock:0.001 Level:0
2025-08-23 16:44:39.493 T:4091 debug : PrepareNextRender: frameOnScreen: 0.001 renderPts: 0.051 nextFramePts: 0.000 -> diff: 0.051 render: 1 forceNext: 1
2025-08-23 16:44:39.493 T:4323 debug : CVideoPlayer::HandleMessages - player started 2
2025-08-23 16:44:39.493 T:4323 debug : VideoPlayer::Sync - Audio - pts: 0.278, cache: 0.544, totalcache: 0.800, packets:40 level:41
2025-08-23 16:44:39.493 T:4323 debug : VideoPlayer::Sync - Video - pts: 0.000, cache: 0.050, totalcache: 0.100, packets:88 level:6
2025-08-23 16:44:39.493 T:4323 debug : CVideoPlayer::SetCaching - caching state 0 clock:-0.266 start pts:0.000
2025-08-23 16:44:39.493 T:4327 debug : CVideoPlayerAudio - CDVDMsg::GENERAL_RESYNC(-0.266 level: 41 cache:0.565
2025-08-23 16:44:39.493 T:4323 debug : CDVDClock::SetSpeedAdjust - adjusted:0.000000
2025-08-23 16:44:39.493 T:4327 debug : CVideoPlayerAudio - CDVDMsg::PLAYER_SETSPEED: 1000.000000 last: 0
2025-08-23 16:44:39.493 T:4327 debug : CDVDAudio::Resume - resume audio stream
2025-08-23 16:44:39.494 T:4327 debug : CVideoPlayerAudio::OutputPacket: pts:0.371 curr_pts:-0.173 clock:-0.265 level:40
2025-08-23 16:44:39.494 T:4326 debug : CVideoPlayerVideo - CDVDMsg::GENERAL_RESYNC(-265761.676987)
2025-08-23 16:44:39.494 T:4326 debug : CVideoPlayerVideo - OUTPUT_AGAIN - vfmt, interlace should be checked.
2025-08-23 16:44:39.494 T:4326 debug : CAMLCodec::SetSpeed, speed(1000)
2025-08-23 16:44:39.494 T:4123 debug : ActiveAE - start sync of audio stream
2025-08-23 16:44:39.494 T:4326 debug : CVideoPlayerVideo::CalcDropRequirement - hurry: 0
2025-08-23 16:44:39.494 T:4324 debug : OnAVStarted: CApplication::OnAVStarted
2025-08-23 16:44:39.494 T:4323 debug : CVideoPlayer::ProcessVideoData size:11275 dts:3.545 pts:3.670 dur:41.000ms, clock:-0.265 level:6
2025-08-23 16:44:39.494 T:4327 debug : CVideoPlayerAudio::OutputPacket: pts:0.464 curr_pts:-0.193 clock:-0.265 level:39
2025-08-23 16:44:39.495 T:4323 debug : CVideoPlayer::ProcessVideoData size:8928 dts:3.587 pts:3.712 dur:41.000ms, clock:-0.264 level:6
2025-08-23 16:44:39.495 T:4326 debug : CAMLCodec::AddData: dl:311296 fl:5783552 sz:414(4096) lv:5.1% dts:3.045 pts:3.212
2025-08-23 16:44:39.495 T:4323 debug : CVideoPlayer::ProcessAudioData size:3899 dts:3.715 pts:3.715 dur:92.000ms, clock:-0.264 drop:0 level:38
2025-08-23 16:44:39.495 T:4323 debug : CVideoPlayer::ProcessAudioData size:3915 dts:3.807 pts:3.807 dur:92.000ms, clock:-0.264 drop:0 level:39
2025-08-23 16:44:39.495 T:4323 debug : CVideoPlayer::ProcessAudioData size:3931 dts:3.900 pts:3.900 dur:92.000ms, clock:-0.264 drop:0 level:40
2025-08-23 16:44:39.495 T:4327 debug : CVideoPlayerAudio::OutputPacket: pts:0.557 curr_pts:-0.193 clock:-0.264 level:41
2025-08-23 16:44:39.495 T:4323 debug : CVideoPlayer::ProcessAudioData size:3937 dts:3.993 pts:3.993 dur:92.000ms, clock:-0.264 drop:0 level:41
2025-08-23 16:44:39.495 T:4323 debug : CVideoPlayer::ProcessAudioData size:3927 dts:4.086 pts:4.086 dur:92.000ms, clock:-0.264 drop:0 level:42
2025-08-23 16:44:39.495 T:4323 debug : CVideoPlayer::ProcessAudioData size:3916 dts:4.179 pts:4.179 dur:92.000ms, clock:-0.264 drop:0 level:43
2025-08-23 16:44:39.495 T:4326 debug : CVideoPlayerVideo - CDVDMsg::DEMUXER_PACKET - checking interlace vfmt: null
2025-08-23 16:44:39.495 T:4323 debug : CVideoPlayer::ProcessAudioData size:3933 dts:4.272 pts:4.272 dur:92.000ms, clock:-0.264 drop:0 level:45
2025-08-23 16:44:39.495 T:4326 debug : CVideoPlayerVideo::CalcDropRequirement - hurry: 0
2025-08-23 16:44:39.495 T:4323 debug : CVideoPlayer::ProcessAudioData size:3964 dts:4.365 pts:4.365 dur:92.000ms, clock:-0.264 drop:0 level:46
2025-08-23 16:44:39.495 T:4326 debug : CAMLCodec::AddData: dl:315392 fl:5779456 sz:432(4096) lv:5.2% dts:3.086 pts:3.170
2025-08-23 16:44:39.496 T:4326 debug : CVideoPlayerVideo::CalcDropRequirement - hurry: 0
2025-08-23 16:44:39.496 T:4326 debug : CAMLCodec::AddData: dl:319488 fl:5775360 sz:423(4096) lv:5.2% dts:3.128 pts:3.128
2025-08-23 16:44:39.496 T:4326 debug : CVideoPlayerVideo::CalcDropRequirement - hurry: 0
2025-08-23 16:44:39.496 T:4326 debug : CAMLCodec::AddData: dl:323584 fl:5771264 sz:422(4096) lv:5.3% dts:3.170 pts:3.253
2025-08-23 16:44:39.496 T:4326 debug : CVideoPlayerVideo::CalcDropRequirement - hurry: 0
2025-08-23 16:44:39.496 T:4326 debug : CAMLCodec::AddData: dl:328704 fl:5766144 sz:5046(5120) lv:5.4% dts:3.212 pts:3.503
2025-08-23 16:44:39.496 T:4326 debug : CVideoPlayerVideo::CalcDropRequirement - hurry: 0
2025-08-23 16:44:39.496 T:4326 debug : CAMLCodec::AddData: dl:332800 fl:5762048 sz:4016(4096) lv:5.5% dts:3.253 pts:3.420
2025-08-23 16:44:39.496 T:4326 debug : CVideoPlayerVideo - CDVDMsg::DEMUXER_PACKET - checking interlace vfmt: null
2025-08-23 16:44:39.496 T:4326 debug : CVideoPlayerVideo::CalcDropRequirement - hurry: 0
2025-08-23 16:44:39.496 T:4326 debug : CAMLCodec::AddData: dl:336896 fl:5757952 sz:2663(4096) lv:5.5% dts:3.295 pts:3.378
2025-08-23 16:44:39.496 T:4326 debug : CVideoPlayerVideo::CalcDropRequirement - hurry: 0
2025-08-23 16:44:39.496 T:4323 debug : CVideoPlayer::ProcessVideoData size:18317 dts:3.629 pts:3.754 dur:41.000ms, clock:-0.263 level:3
2025-08-23 16:44:39.496 T:4326 debug : CAMLCodec::AddData: dl:340992 fl:5753856 sz:1175(4096) lv:5.6% dts:3.337 pts:3.337
2025-08-23 16:44:39.496 T:4326 debug : CVideoPlayerVideo::CalcDropRequirement - hurry: 0
2025-08-23 16:44:39.496 T:4326 debug : CAMLCodec::AddData: dl:345664 fl:5749184 sz:4561(4672) lv:5.7% dts:3.378 pts:3.462
2025-08-23 16:44:39.496 T:4326 debug : CVideoPlayerVideo::CalcDropRequirement - hurry: 0
2025-08-23 16:44:39.496 T:4326 debug : CAMLCodec::AddData: dl:353792 fl:5741056 sz:8013(8128) lv:5.8% dts:3.420 pts:3.629
2025-08-23 16:44:39.496 T:4326 debug : CVideoPlayerVideo::CalcDropRequirement - hurry: 0
2025-08-23 16:44:39.496 T:4326 debug : CAMLCodec::AddData: dl:366080 fl:5728768 sz:12224(12288) lv:6.0% dts:3.462 pts:3.587
2025-08-23 16:44:39.496 T:4326 debug : CVideoPlayerVideo - CDVDMsg::DEMUXER_PACKET - checking interlace vfmt: null
2025-08-23 16:44:39.496 T:4326 debug : CVideoPlayerVideo::CalcDropRequirement - hurry: 0
2025-08-23 16:44:39.496 T:4326 debug : CAMLCodec::AddData: dl:377536 fl:5717312 sz:11357(11456) lv:6.2% dts:3.503 pts:3.545
2025-08-23 16:44:39.496 T:4326 debug : CVideoPlayerVideo::CalcDropRequirement - hurry: 0
2025-08-23 16:44:39.496 T:4326 debug : CAMLCodec::AddData: dl:388928 fl:5705920 sz:11268(11392) lv:6.4% dts:3.545 pts:3.670
2025-08-23 16:44:39.496 T:4326 debug : CVideoPlayerVideo::CalcDropRequirement - hurry: 0
2025-08-23 16:44:39.496 T:4326 debug : CAMLCodec::AddData: dl:397952 fl:5696896 sz:8926(9024) lv:6.5% dts:3.587 pts:3.712
2025-08-23 16:44:39.496 T:4326 debug : CVideoPlayerVideo::CalcDropRequirement - hurry: 0
2025-08-23 16:44:39.496 T:4326 debug : CAMLCodec::AddData: dl:416384 fl:5678464 sz:18315(18432) lv:6.8% dts:3.629 pts:3.754
2025-08-23 16:44:39.497 T:4323 debug : CVideoPlayer::ProcessVideoData size:11756 dts:3.670 pts:3.837 dur:41.000ms, clock:-0.262 level:0
2025-08-23 16:44:39.497 T:4326 debug : CVideoPlayerVideo::CalcDropRequirement - hurry: 0
2025-08-23 16:44:39.497 T:4323 debug : CVideoPlayer::ProcessVideoData size:7901 dts:3.712 pts:3.795 dur:41.000ms, clock:-0.262 level:0
2025-08-23 16:44:39.497 T:4326 debug : CAMLCodec::AddData: dl:424128 fl:5670720 sz:11754(11840) lv:7.0% dts:3.670 pts:3.837
2025-08-23 16:44:39.497 T:4326 debug : CVideoPlayerVideo - CDVDMsg::DEMUXER_PACKET - checking interlace vfmt: null
2025-08-23 16:44:39.497 T:4326 debug : CVideoPlayerVideo::CalcDropRequirement - hurry: 0
2025-08-23 16:44:39.497 T:4323 debug : CVideoPlayer::ProcessVideoData size:12530 dts:3.754 pts:3.879 dur:41.000ms, clock:-0.262 level:0
2025-08-23 16:44:39.499 T:4326 debug : CAMLCodec::AddData: dl:432128 fl:5662720 sz:7899(8000) lv:7.1% dts:3.712 pts:3.795
2025-08-23 16:44:39.499 T:4326 debug : CVideoPlayerVideo::CalcDropRequirement - hurry: 0
2025-08-23 16:44:39.499 T:4326 debug : CAMLCodec::AddData: dl:444736 fl:5650112 sz:12528(12608) lv:7.3% dts:3.754 pts:3.879
2025-08-23 16:44:39.499 T:4323 debug : CVideoPlayer::ProcessVideoData size:18551 dts:3.795 pts:3.921 dur:41.000ms, clock:-0.260 level:0
2025-08-23 16:44:39.499 T:4326 debug : CVideoPlayerVideo::CalcDropRequirement - hurry: 0
2025-08-23 16:44:39.499 T:4326 debug : CAMLCodec::AddData: dl:463360 fl:5631488 sz:18549(18624) lv:7.6% dts:3.795 pts:3.921
2025-08-23 16:44:39.499 T:4323 debug : CVideoPlayer::ProcessVideoData size:31059 dts:3.837 pts:3.962 dur:41.000ms, clock:-0.260 level:0
2025-08-23 16:44:39.499 T:4326 debug : CVideoPlayerVideo::CalcDropRequirement - hurry: 0
2025-08-23 16:44:39.499 T:4326 debug : CAMLCodec::AddData: dl:494528 fl:5600320 sz:31057(31168) lv:8.1% dts:3.837 pts:3.962
2025-08-23 16:44:39.500 T:4323 debug : CVideoPlayer::ProcessVideoData size:49934 dts:3.879 pts:4.004 dur:41.000ms, clock:-0.259 level:0
2025-08-23 16:44:39.500 T:4326 debug : CVideoPlayerVideo::CalcDropRequirement - hurry: 0
2025-08-23 16:44:39.500 T:4326 debug : CAMLCodec::AddData: dl:544576 fl:5550272 sz:49932(50048) lv:8.9% dts:3.879 pts:4.004
2025-08-23 16:44:39.500 T:4323 debug : CVideoPlayer::ProcessVideoData size:71800 dts:3.921 pts:4.046 dur:41.000ms, clock:-0.259 level:0
2025-08-23 16:44:39.500 T:4326 debug : CVideoPlayerVideo::CalcDropRequirement - hurry: 0
2025-08-23 16:44:39.500 T:4323 debug : CVideoPlayer::ProcessVideoData size:103639 dts:3.962 pts:4.087 dur:41.000ms, clock:-0.259 level:0
2025-08-23 16:44:39.501 T:4323 debug : CVideoPlayer::ProcessVideoData size:151867 dts:4.004 pts:4.171 dur:41.000ms, clock:-0.258 level:0
2025-08-23 16:44:39.501 T:4323 debug : CVideoPlayer::ProcessVideoData size:45551 dts:4.046 pts:4.129 dur:41.000ms, clock:-0.258 level:1
2025-08-23 16:44:39.502 T:4323 debug : CVideoPlayer::ProcessVideoData size:188769 dts:4.087 pts:4.213 dur:41.000ms, clock:-0.257 level:2
2025-08-23 16:44:39.502 T:4323 debug : CVideoPlayer::ProcessVideoData size:217793 dts:4.129 pts:4.254 dur:41.000ms, clock:-0.257 level:2
2025-08-23 16:44:39.502 T:4326 debug : CAMLCodec::AddData: dl:616448 fl:5478400 sz:71798(71872) lv:10.1% dts:3.921 pts:4.046
2025-08-23 16:44:39.503 T:4323 debug : CVideoPlayer::ProcessVideoData size:243957 dts:4.171 pts:4.296 dur:41.000ms, clock:-0.256 level:3
2025-08-23 16:44:39.504 T:4323 debug : CVideoPlayer::ProcessAudioData size:3968 dts:4.458 pts:4.458 dur:92.000ms, clock:-0.255 drop:0 level:47
2025-08-23 16:44:39.505 T:4323 debug : CVideoPlayer::ProcessVideoData size:300099 dts:4.213 pts:4.504 dur:41.000ms, clock:-0.254 level:3
2025-08-23 16:44:39.506 T:4323 debug : CVideoPlayer::ProcessVideoData size:230121 dts:4.254 pts:4.421 dur:41.000ms, clock:-0.253 level:4
2025-08-23 16:44:39.506 T:4323 debug : CVideoPlayer::ProcessVideoData size:235034 dts:4.296 pts:4.379 dur:41.000ms, clock:-0.253 level:4
2025-08-23 16:44:39.506 T:4323 debug : CVideoPlayer::ProcessVideoData size:201326 dts:4.338 pts:4.338 dur:41.000ms, clock:-0.253 level:5
2025-08-23 16:44:39.507 T:4323 debug : CVideoPlayer::ProcessVideoData size:231345 dts:4.379 pts:4.463 dur:41.000ms, clock:-0.253 level:5
2025-08-23 16:44:39.507 T:4323 debug : CVideoPlayer::ProcessAudioData size:3991 dts:4.551 pts:4.551 dur:92.000ms, clock:-0.252 drop:0 level:48
2025-08-23 16:44:39.508 T:4323 debug : CVideoPlayer::ProcessVideoData size:313618 dts:4.421 pts:4.630 dur:41.000ms, clock:-0.251 level:6
2025-08-23 16:44:39.508 T:4323 debug : CVideoPlayer::ProcessVideoData size:230596 dts:4.463 pts:4.588 dur:41.000ms, clock:-0.251 level:6
2025-08-23 16:44:39.508 T:4323 debug : CVideoPlayer::ProcessVideoData size:233033 dts:4.504 pts:4.546 dur:41.000ms, clock:-0.251 level:7
2025-08-23 16:44:39.509 T:4323 debug : CVideoPlayer::ProcessAudioData size:4018 dts:4.644 pts:4.644 dur:92.000ms, clock:-0.250 drop:0 level:49
2025-08-23 16:44:39.509 T:4323 debug : CVideoPlayer::ProcessVideoData size:300312 dts:4.546 pts:4.671 dur:41.000ms, clock:-0.250 level:7
2025-08-23 16:44:39.510 T:4323 debug : CVideoPlayer::ProcessAudioData size:4247 dts:4.737 pts:4.737 dur:92.000ms, clock:-0.249 drop:0 level:50
2025-08-23 16:44:39.510 T:4323 debug : CVideoPlayer::ProcessAudioData size:4490 dts:4.829 pts:4.829 dur:92.000ms, clock:-0.249 drop:0 level:52
2025-08-23 16:44:39.511 T:4323 debug : CVideoPlayer::ProcessVideoData size:270217 dts:4.588 pts:4.880 dur:41.000ms, clock:-0.248 level:8
2025-08-23 16:44:39.512 T:4323 debug : CVideoPlayer::ProcessVideoData size:259580 dts:4.630 pts:4.796 dur:41.000ms, clock:-0.247 level:8
2025-08-23 16:44:39.513 T:4323 debug : CVideoPlayer::ProcessVideoData size:216059 dts:4.671 pts:4.755 dur:41.000ms, clock:-0.247 level:9
2025-08-23 16:44:39.514 T:4323 debug : CVideoPlayer::ProcessVideoData size:186714 dts:4.713 pts:4.713 dur:41.000ms, clock:-0.245 level:9
2025-08-23 16:44:39.514 T:4323 debug : CVideoPlayer::ProcessVideoData size:214759 dts:4.755 pts:4.838 dur:41.000ms, clock:-0.245 level:10
2025-08-23 16:44:39.515 T:4323 debug : CVideoPlayer::ProcessAudioData size:4712 dts:4.923 pts:4.923 dur:92.000ms, clock:-0.244 drop:0 level:53
2025-08-23 16:44:39.515 T:4323 debug : CVideoPlayer::ProcessAudioData size:5083 dts:5.015 pts:5.015 dur:92.000ms, clock:-0.244 drop:0 level:54
2025-08-23 16:44:39.515 T:4323 debug : CVideoPlayer::ProcessAudioData size:5487 dts:5.108 pts:5.108 dur:92.000ms, clock:-0.244 drop:0 level:55
2025-08-23 16:44:39.515 T:4323 debug : CVideoPlayer::ProcessAudioData size:5317 dts:5.201 pts:5.201 dur:92.000ms, clock:-0.244 drop:0 level:56
2025-08-23 16:44:39.516 T:4326 debug : CVideoPlayerVideo::CalcDropRequirement - hurry: 0
2025-08-23 16:44:39.517 T:4323 debug : CVideoPlayer::ProcessVideoData size:290387 dts:4.796 pts:5.088 dur:41.000ms, clock:-0.242 level:10
2025-08-23 16:44:39.518 T:4323 debug : CVideoPlayer::ProcessVideoData size:270136 dts:4.838 pts:5.005 dur:41.000ms, clock:-0.241 level:10
2025-08-23 16:44:39.518 T:4326 debug : CAMLCodec::AddData: dl:712000 fl:5382848 sz:103637(103744) lv:11.7% dts:3.962 pts:4.087
2025-08-23 16:44:39.519 T:4323 debug : CVideoPlayer::ProcessVideoData size:266466 dts:4.880 pts:4.963 dur:41.000ms, clock:-0.240 level:11
2025-08-23 16:44:39.519 T:4323 debug : CVideoPlayer::ProcessVideoData size:188694 dts:4.922 pts:4.922 dur:41.000ms, clock:-0.240 level:11
2025-08-23 16:44:39.520 T:4323 debug : CVideoPlayer::ProcessVideoData size:230453 dts:4.963 pts:5.047 dur:41.000ms, clock:-0.239 level:12
2025-08-23 16:44:39.522 T:4326 debug : CAMLCodec::DequeueBuffer: pts:0.042 idx:1
2025-08-23 16:44:39.522 T:4326 debug : CAMLCodec::GetPicture: index: 1, pts: 0.042, dur:42.000ms ar:1.78 elf:28ms
2025-08-23 16:44:39.522 T:4326 debug : CVideoPlayerVideo::OutputPicture - ttd:278ms pts:0.042 Clock:-0.237 Level:0
2025-08-23 16:44:39.526 T:4323 debug : CVideoPlayer::ProcessAudioData size:5257 dts:5.295 pts:5.295 dur:92.000ms, clock:-0.233 drop:0 level:57
2025-08-23 16:44:39.527 T:4323 debug : CVideoPlayer::ProcessAudioData size:5177 dts:5.387 pts:5.387 dur:92.000ms, clock:-0.232 drop:0 level:59
2025-08-23 16:44:39.527 T:4323 debug : CVideoPlayer::ProcessAudioData size:5483 dts:5.480 pts:5.480 dur:92.000ms, clock:-0.232 drop:0 level:60
2025-08-23 16:44:39.529 T:4326 debug : CAMLCodec::DequeueBuffer: pts:0.083 idx:2
2025-08-23 16:44:39.529 T:4326 debug : CAMLCodec::GetPicture: index: 2, pts: 0.083, dur:41.000ms ar:1.78 elf:6ms
2025-08-23 16:44:39.529 T:4326 debug : CVideoPlayerVideo::OutputPicture - ttd:313ms pts:0.083 Clock:-0.230 Level:1
2025-08-23 16:44:39.535 T:4326 debug : CAMLCodec::DequeueBuffer: pts:0.125 idx:3
2025-08-23 16:44:39.535 T:4326 debug : CAMLCodec::GetPicture: index: 3, pts: 0.125, dur:42.000ms ar:1.78 elf:5ms
2025-08-23 16:44:39.535 T:4326 debug : CVideoPlayerVideo::OutputPicture - ttd:349ms pts:0.125 Clock:-0.224 Level:2
2025-08-23 16:44:39.541 T:4326 debug : CAMLCodec::DequeueBuffer: pts:0.167 idx:4
2025-08-23 16:44:39.541 T:4326 debug : CAMLCodec::GetPicture: index: 4, pts: 0.167, dur:42.000ms ar:1.78 elf:6ms
2025-08-23 16:44:39.542 T:4326 debug : CVideoPlayerVideo::OutputPicture - ttd:384ms pts:0.167 Clock:-0.218 Level:3
2025-08-23 16:44:39.548 T:4326 debug : CAMLCodec::DequeueBuffer: pts:0.209 idx:5
2025-08-23 16:44:39.548 T:4326 debug : CAMLCodec::GetPicture: index: 5, pts: 0.209, dur:42.000ms ar:1.78 elf:6ms
2025-08-23 16:44:39.548 T:4326 debug : CVideoPlayerVideo::OutputPicture - ttd:419ms pts:0.209 Clock:-0.211 Level:4
2025-08-23 16:44:39.555 T:4326 debug : CAMLCodec::DequeueBuffer: pts:0.250 idx:6
2025-08-23 16:44:39.555 T:4323 debug : CVideoPlayer::ProcessVideoData size:303940 dts:5.005 pts:5.297 dur:41.000ms, clock:-0.204 level:12
2025-08-23 16:44:39.555 T:4326 debug : CAMLCodec::GetPicture: index: 6, pts: 0.250, dur:41.000ms ar:1.78 elf:6ms
2025-08-23 16:44:39.555 T:4326 debug : CVideoPlayerVideo::OutputPicture - ttd:453ms pts:0.250 Clock:-0.204 Level:5
2025-08-23 16:44:39.562 T:4326 debug : CAMLCodec::DequeueBuffer: pts:0.292 idx:7
2025-08-23 16:44:39.562 T:4326 debug : CAMLCodec::GetPicture: index: 7, pts: 0.292, dur:42.000ms ar:1.78 elf:6ms
2025-08-23 16:44:39.562 T:4326 debug : CVideoPlayerVideo::OutputPicture - ttd:489ms pts:0.292 Clock:-0.197 Level:6
2025-08-23 16:44:39.563 T:4218 debug : trying to load setting definitions from old format...
2025-08-23 16:44:39.565 T:4218 debug : requested setting (server_speed_check_data) was not found.
2025-08-23 16:44:39.575 T:4323 debug : CVideoPlayer::ProcessVideoData size:285678 dts:5.047 pts:5.214 dur:41.000ms, clock:-0.184 level:13
2025-08-23 16:44:39.591 T:4327 debug : CVideoPlayerAudio::OutputPacket: pts:0.650 curr_pts:-0.147 clock:-0.168 level:60
2025-08-23 16:44:39.596 T:4323 debug : CVideoPlayer::ProcessVideoData size:289955 dts:5.088 pts:5.172 dur:41.000ms, clock:-0.163 level:14
2025-08-23 16:44:39.614 T:4323 debug : CVideoPlayer::ProcessVideoData size:204308 dts:5.130 pts:5.130 dur:41.000ms, clock:-0.145 level:14
2025-08-23 16:44:39.635 T:4323 debug : CVideoPlayer::ProcessVideoData size:239630 dts:5.172 pts:5.255 dur:41.000ms, clock:-0.124 level:15
2025-08-23 16:44:39.641 T:4123 debug : ActiveAE::SyncStream - average error of 54.373552, start adjusting
2025-08-23 16:44:39.641 T:4123 debug : ActiveAE::SyncStream - delay frames:2205 error 4ms
2025-08-23 16:44:39.641 T:4123 debug : ActiveAE::SyncStream - average error 4.373552 below threshold of 30.000000
2025-08-23 16:44:39.691 T:4327 debug : CVideoPlayerAudio::OutputPacket: pts:0.743 curr_pts:-0.096 clock:-0.068 level:59
2025-08-23 16:44:39.697 T:4323 debug : CVideoPlayer::ProcessVideoData size:330341 dts:5.214 pts:5.505 dur:41.000ms, clock:-0.062 level:15
2025-08-23 16:44:39.708 T:4323 debug : CVideoPlayer::ProcessVideoData size:298889 dts:5.255 pts:5.422 dur:41.000ms, clock:-0.052 level:16
2025-08-23 16:44:39.727 T:4323 debug : CVideoPlayer::ProcessVideoData size:297804 dts:5.297 pts:5.380 dur:41.000ms, clock:-0.032 level:16
2025-08-23 16:44:39.732 T:4323 debug : CVideoPlayer::ProcessVideoData size:207861 dts:5.339 pts:5.339 dur:41.000ms, clock:-0.027 level:17
2025-08-23 16:44:39.744 T:4323 debug : CVideoPlayer::ProcessVideoData size:248255 dts:5.380 pts:5.464 dur:41.000ms, clock:-0.015 level:17
2025-08-23 16:44:39.745 T:4323 debug : CVideoPlayer::ProcessAudioData size:5370 dts:5.573 pts:5.573 dur:92.000ms, clock:-0.014 drop:0 level:59
2025-08-23 16:44:39.765 T:4091 debug : CAMLCodec::ReleaseFrame idx:0, drop:0
2025-08-23 16:44:39.765 T:4091 info : CAMLCodec::Enable_vadj1 - vadj1 brightness/contrast control got enabled
2025-08-23 16:44:39.766 T:4091 debug : CAMLCodec::SetVideoRect:display(0,0,3840,2160)
2025-08-23 16:44:39.766 T:4091 debug : CAMLCodec::SetVideoRect:gui(0,0,1920,1080)
2025-08-23 16:44:39.766 T:4091 debug : CAMLCodec::SetVideoRect:m_dst_rect(0,0,0,0)
2025-08-23 16:44:39.766 T:4091 debug : CAMLCodec::SetVideoRect:dst_rect(0,0,0,0)
2025-08-23 16:44:39.766 T:4091 debug : CAMLCodec::SetVideoRect:m_guiStereoMode(0)
2025-08-23 16:44:39.766 T:4091 debug : CAMLCodec::SetVideoRect:m_guiStereoView(0)
2025-08-23 16:44:39.766 T:4091 debug : CAMLCodec::PollFrame elapsed:0.008ms
2025-08-23 16:44:39.766 T:4323 debug : CVideoPlayer::ProcessVideoData size:347779 dts:5.422 pts:5.631 dur:41.000ms, clock:0.007 level:18
2025-08-23 16:44:39.771 T:4091 debug : Activating window ID: 12005
2025-08-23 16:44:39.771 T:4091 debug : ------ Window Deinit (FileManager.xml) ------
2025-08-23 16:44:39.772 T:4091 debug : ------ Window Init (VideoFullScreen.xml) ------
2025-08-23 16:44:39.772 T:4091 info : Loading skin file: VideoFullScreen.xml, load type: KEEP_IN_MEMORY
2025-08-23 16:44:39.779 T:4091 info : [WHITELIST] Searching the whitelist for: width: 3840, height: 2160, fps: 23.976, 3D: false:(0x4), stereo mode: 0
2025-08-23 16:44:39.779 T:4091 debug : [WHITELIST] Using the default whitelist because the user whitelist is empty
2025-08-23 16:44:39.779 T:4091 debug : [WHITELIST] Searching for an exact resolution with an exact refresh rate
2025-08-23 16:44:39.779 T:4091 debug : [WHITELIST] Matched an exact resolution with an exact refresh rate 3840x2160 @ 23.98 - Full Screen, 0x4 (33)
2025-08-23 16:44:39.779 T:4091 debug : [WHITELIST] Matched an exact resolution with an exact refresh rate 4096x2160 @ 23.98 - Full Screen, 0x4 (35)
2025-08-23 16:44:39.779 T:4091 debug : [WHITELIST] Searching for an exact resolution with double the refresh rate
2025-08-23 16:44:39.780 T:4091 info : Display resolution ADJUST : 3840x2160 @ 23.98 - Full Screen (33) (weight: 0.000)
2025-08-23 16:44:39.780 T:4091 debug : CWinSystemAmlogicGLESContext::CreateNewWindow: m_bWindowCreated: true, frac rate 1(0), hdrType: hdr10(none), force mode switch: false
2025-08-23 16:44:39.780 T:4091 debug : CWinSystemAmlogicGLESContext::CreateNewWindow: cur: iWidth: 1920, iHeight: 1080, iScreenWidth: 3840, iScreenHeight: 2160, fRefreshRate: 60.00, dwFlags: 04
2025-08-23 16:44:39.780 T:4091 debug : CWinSystemAmlogicGLESContext::CreateNewWindow: res: iWidth: 1920, iHeight: 1080, iScreenWidth: 3840, iScreenHeight: 2160, fRefreshRate: 23.98, dwFlags: 04
2025-08-23 16:44:39.780 T:4091 info : VideoPlayer: OnLostDisplay received
2025-08-23 16:44:39.780 T:4091 debug : aml_set_display_resolution: try to set mode: 2160p24hz
2025-08-23 16:44:39.780 T:4326 debug : CVideoPlayerVideo - CDVDMsg::GENERAL_PAUSE: true
2025-08-23 16:44:39.786 T:4323 debug : CVideoPlayer::ProcessVideoData size:304090 dts:5.464 pts:5.589 dur:41.000ms, clock:0.021 level:18
2025-08-23 16:44:39.791 T:4327 debug : CVideoPlayerAudio - CDVDMsg::GENERAL_PAUSE: true
2025-08-23 16:44:40.235 T:4091 info : VideoPlayer: OnResetDisplay received
2025-08-23 16:44:40.235 T:4326 debug : CVideoPlayerVideo - CDVDMsg::GENERAL_PAUSE: false
2025-08-23 16:44:40.235 T:4326 debug : SetCodecControl 4000000->0
2025-08-23 16:44:40.236 T:4091 info : GLES: Maximum texture width: 8192
2025-08-23 16:44:40.237 T:4327 debug : CVideoPlayerAudio - CDVDMsg::GENERAL_PAUSE: false
2025-08-23 16:44:40.237 T:4327 info : CVideoPlayerAudio: display reset occurred, checking for passthrough
2025-08-23 16:44:40.238 T:4327 info : CDVDAudioCodecFFmpeg::Open() Successful opened audio decoder flac
2025-08-23 16:44:40.238 T:4327 debug : CVideoPlayerAudio::OutputPacket: pts:0.835 curr_pts:0.004 clock:0.024 level:59
2025-08-23 16:44:40.240 T:4327 debug : CVideoPlayerAudio::OutputPacket: pts:0.928 curr_pts:0.450 clock:0.025 level:57
2025-08-23 16:44:40.240 T:4323 debug : CVideoPlayer::ProcessVideoData size:249869 dts:5.505 pts:5.547 dur:41.000ms, clock:0.026 level:18
2025-08-23 16:44:40.241 T:4327 debug : CVideoPlayerAudio::OutputPacket: pts:1.022 curr_pts:0.452 clock:0.026 level:56
2025-08-23 16:44:40.241 T:4327 debug : CVideoPlayerAudio::OutputPacket: pts:1.114 curr_pts:0.454 clock:0.027 level:55
2025-08-23 16:44:40.241 T:4323 debug : CVideoPlayer::ProcessAudioData size:5265 dts:5.666 pts:5.666 dur:92.000ms, clock:0.027 drop:0 level:54
2025-08-23 16:44:40.242 T:4327 debug : CVideoPlayerAudio::OutputPacket: pts:1.207 curr_pts:0.454 clock:0.027 level:55
2025-08-23 16:44:40.243 T:4323 debug : CVideoPlayer::ProcessVideoData size:301962 dts:5.547 pts:5.672 dur:41.000ms, clock:0.028 level:19
2025-08-23 16:44:40.244 T:4091 debug : CRenderManager::UpdateLatencyTweak - got latency tweak of 0.0ms with a refresh rate of 23.976Hz and resolution of 2160
2025-08-23 16:44:40.244 T:4324 debug : OnAVChange: CApplication::OnAVChange
2025-08-23 16:44:40.244 T:4091 debug : PrepareNextRender: frameOnScreen: 0.029 renderPts: 0.175 nextFramePts: 0.042 -> diff: 0.133 render: 1 forceNext: 0
2025-08-23 16:44:40.244 T:4091 debug : CAMLCodec::ReleaseFrame idx:1, drop:1
2025-08-23 16:44:40.244 T:4091 debug : CAMLCodec::ReleaseFrame idx:2, drop:1
2025-08-23 16:44:40.244 T:4091 debug : CAMLCodec::ReleaseFrame idx:3, drop:0
2025-08-23 16:44:40.244 T:4091 debug : CAMLCodec::SetVideoRect:display(0,0,3840,2160)
2025-08-23 16:44:40.244 T:4091 debug : CAMLCodec::SetVideoRect:gui(0,0,1920,1080)
2025-08-23 16:44:40.244 T:4091 debug : CAMLCodec::SetVideoRect:m_dst_rect(0,0,1920,1080)
2025-08-23 16:44:40.244 T:4091 debug : CAMLCodec::SetVideoRect:dst_rect(0,0,3840,2160)
2025-08-23 16:44:40.244 T:4091 debug : CAMLCodec::SetVideoRect:m_guiStereoMode(0)
2025-08-23 16:44:40.244 T:4091 debug : CAMLCodec::SetVideoRect:m_guiStereoView(0)
2025-08-23 16:44:40.244 T:4091 debug : CAMLCodec::PollFrame elapsed:0.009ms
2025-08-23 16:44:40.240 T:4326 debug : CAMLCodec::AddData: dl:831168 fl:5263680 sz:151865(151936) lv:13.6% dts:4.004 pts:4.171
2025-08-23 16:44:40.247 T:4323 debug : CVideoPlayer::ProcessAudioData size:5314 dts:5.759 pts:5.759 dur:92.000ms, clock:0.032 drop:0 level:55
2025-08-23 16:44:40.247 T:4323 debug : CVideoPlayer::ProcessAudioData size:5440 dts:5.851 pts:5.851 dur:92.000ms, clock:0.033 drop:0 level:56
2025-08-23 16:44:40.248 T:4091 debug : ------ Window Deinit (DialogBusy.xml) ------
2025-08-23 16:44:40.253 T:4323 debug : CVideoPlayer::ProcessVideoData size:386659 dts:5.589 pts:5.881 dur:41.000ms, clock:0.039 level:19
2025-08-23 16:44:40.253 T:4091 debug : PrepareNextRender: frameOnScreen: 0.039 renderPts: 0.185 nextFramePts: 0.167 -> diff: 0.018 render: 1 forceNext: 0
2025-08-23 16:44:40.253 T:4091 debug : CAMLCodec::ReleaseFrame idx:4, drop:0
2025-08-23 16:44:40.254 T:4323 debug : CVideoPlayer::ProcessVideoData size:309109 dts:5.631 pts:5.797 dur:41.000ms, clock:0.039 level:20
2025-08-23 16:44:40.255 T:4323 debug : CVideoPlayer::ProcessVideoData size:262595 dts:5.672 pts:5.756 dur:41.000ms, clock:0.041 level:20
2025-08-23 16:44:40.256 T:4323 debug : CVideoPlayer::ProcessVideoData size:227929 dts:5.714 pts:5.714 dur:41.000ms, clock:0.041 level:21
2025-08-23 16:44:40.256 T:4323 debug : CVideoPlayer::ProcessVideoData size:279473 dts:5.756 pts:5.839 dur:41.000ms, clock:0.042 level:21
2025-08-23 16:44:40.257 T:4323 debug : CVideoPlayer::ProcessAudioData size:5468 dts:5.944 pts:5.944 dur:92.000ms, clock:0.043 drop:0 level:57
2025-08-23 16:44:40.258 T:4323 debug : CVideoPlayer::ProcessAudioData size:5335 dts:6.036 pts:6.036 dur:92.000ms, clock:0.043 drop:0 level:59
2025-08-23 16:44:40.259 T:4323 debug : CVideoPlayer::ProcessVideoData size:422382 dts:5.797 pts:6.089 dur:41.000ms, clock:0.045 level:22
2025-08-23 16:44:40.260 T:4323 debug : CVideoPlayer::ProcessVideoData size:350644 dts:5.839 pts:6.006 dur:41.000ms, clock:0.046 level:22
2025-08-23 16:44:40.261 T:4323 debug : CVideoPlayer::ProcessVideoData size:353494 dts:5.881 pts:5.964 dur:41.000ms, clock:0.046 level:23
2025-08-23 16:44:40.261 T:4323 debug : CVideoPlayer::ProcessVideoData size:257372 dts:5.923 pts:5.923 dur:41.000ms, clock:0.047 level:23
2025-08-23 16:44:40.262 T:4323 debug : CVideoPlayer::ProcessVideoData size:301842 dts:5.964 pts:6.048 dur:41.000ms, clock:0.047 level:24
2025-08-23 16:44:40.263 T:4323 debug : CVideoPlayer::ProcessAudioData size:5174 dts:6.130 pts:6.130 dur:92.000ms, clock:0.048 drop:0 level:60
2025-08-23 16:44:40.263 T:4323 debug : CVideoPlayer::ProcessAudioData size:5260 dts:6.222 pts:6.222 dur:92.000ms, clock:0.048 drop:0 level:61
2025-08-23 16:44:40.265 T:4323 debug : CVideoPlayer::ProcessVideoData size:453180 dts:6.006 pts:6.298 dur:41.000ms, clock:0.050 level:24
2025-08-23 16:44:40.266 T:4323 debug : CVideoPlayer::ProcessVideoData size:362475 dts:6.048 pts:6.215 dur:41.000ms, clock:0.051 level:25
2025-08-23 16:44:40.266 T:4323 debug : CVideoPlayer::ProcessVideoData size:365341 dts:6.089 pts:6.173 dur:41.000ms, clock:0.052 level:26
2025-08-23 16:44:40.267 T:4323 debug : CVideoPlayer::ProcessVideoData size:265637 dts:6.131 pts:6.131 dur:41.000ms, clock:0.053 level:26
2025-08-23 16:44:40.268 T:4323 debug : CVideoPlayer::ProcessVideoData size:311513 dts:6.173 pts:6.256 dur:41.000ms, clock:0.053 level:27
2025-08-23 16:44:40.268 T:4323 debug : CVideoPlayer::ProcessAudioData size:5492 dts:6.316 pts:6.316 dur:92.000ms, clock:0.054 drop:0 level:62
2025-08-23 16:44:40.268 T:4323 debug : CVideoPlayer::ProcessAudioData size:5308 dts:6.408 pts:6.408 dur:92.000ms, clock:0.054 drop:0 level:63
2025-08-23 16:44:40.268 T:4323 debug : CVideoPlayer::ProcessAudioData size:5241 dts:6.501 pts:6.501 dur:92.000ms, clock:0.054 drop:0 level:64
2025-08-23 16:44:40.271 T:4323 debug : CVideoPlayer::ProcessVideoData size:484009 dts:6.215 pts:6.506 dur:41.000ms, clock:0.056 level:27
2025-08-23 16:44:40.271 T:4323 debug : CVideoPlayer::ProcessVideoData size:380556 dts:6.256 pts:6.423 dur:41.000ms, clock:0.057 level:28
2025-08-23 16:44:40.277 T:4091 debug : CAMLCodec::PollFrame elapsed:23.631ms
2025-08-23 16:44:40.278 T:4326 debug : CAMLCodec::DequeueBuffer: pts:0.334 idx:8
2025-08-23 16:44:40.279 T:4326 debug : CAMLCodec::GetPicture: index: 8, pts: 0.334, dur:42.000ms ar:1.78 elf:716ms
2025-08-23 16:44:40.279 T:4326 debug : CVideoPlayerVideo::OutputPicture - ttd:269ms pts:0.334 Clock:0.064 Level:3
2025-08-23 16:44:40.283 T:4323 debug : CVideoPlayer::ProcessVideoData size:385670 dts:6.298 pts:6.381 dur:41.000ms, clock:0.068 level:28
2025-08-23 16:44:40.286 T:4326 debug : CAMLCodec::DequeueBuffer: pts:0.375 idx:9
2025-08-23 16:44:40.286 T:4326 debug : CAMLCodec::GetPicture: index: 9, pts: 0.375, dur:41.000ms ar:1.78 elf:6ms
2025-08-23 16:44:40.286 T:4326 debug : CVideoPlayerVideo::OutputPicture - ttd:303ms pts:0.375 Clock:0.071 Level:4
2025-08-23 16:44:40.287 T:4091 debug : PrepareNextRender: frameOnScreen: 0.072 renderPts: 0.218 nextFramePts: 0.209 -> diff: 0.009 render: 1 forceNext: 0
2025-08-23 16:44:40.287 T:4091 debug : CAMLCodec::ReleaseFrame idx:5, drop:0
2025-08-23 16:44:40.292 T:4327 debug : CVideoPlayerAudio::OutputPacket: pts:1.300 curr_pts:0.504 clock:0.078 level:64
2025-08-23 16:44:40.292 T:4326 debug : CAMLCodec::DequeueBuffer: pts:0.417 idx:10
2025-08-23 16:44:40.293 T:4326 debug : CAMLCodec::GetPicture: index: 10, pts: 0.417, dur:42.000ms ar:1.78 elf:6ms
2025-08-23 16:44:40.293 T:4326 debug : CVideoPlayerVideo::OutputPicture - ttd:338ms pts:0.417 Clock:0.078 Level:4
2025-08-23 16:44:40.302 T:4323 debug : CVideoPlayer::ProcessVideoData size:272377 dts:6.340 pts:6.340 dur:41.000ms, clock:0.088 level:29
2025-08-23 16:44:40.319 T:4091 debug : CAMLCodec::PollFrame elapsed:31.350ms
2025-08-23 16:44:40.321 T:4326 debug : CAMLCodec::DequeueBuffer: pts:0.459 idx:11
2025-08-23 16:44:40.321 T:4326 debug : CAMLCodec::GetPicture: index: 11, pts: 0.459, dur:42.000ms ar:1.78 elf:28ms
2025-08-23 16:44:40.321 T:4326 debug : CVideoPlayerVideo::OutputPicture - ttd:352ms pts:0.459 Clock:0.107 Level:5
2025-08-23 16:44:40.324 T:4091 debug : PrepareNextRender: frameOnScreen: 0.109 renderPts: 0.255 nextFramePts: 0.250 -> diff: 0.005 render: 1 forceNext: 0
2025-08-23 16:44:40.324 T:4091 debug : CAMLCodec::ReleaseFrame idx:6, drop:0
2025-08-23 16:44:40.329 T:4323 debug : CVideoPlayer::ProcessVideoData size:321699 dts:6.381 pts:6.465 dur:41.000ms, clock:0.114 level:29
2025-08-23 16:44:40.336 T:4323 debug : CVideoPlayer::ProcessAudioData size:5251 dts:6.594 pts:6.594 dur:92.000ms, clock:0.121 drop:0 level:64
2025-08-23 16:44:40.342 T:4327 debug : CVideoPlayerAudio::OutputPacket: pts:1.393 curr_pts:0.554 clock:0.127 level:64
2025-08-23 16:44:40.360 T:4091 debug : CAMLCodec::PollFrame elapsed:36.333ms
2025-08-23 16:44:40.362 T:4326 debug : CAMLCodec::DequeueBuffer: pts:0.500 idx:12
