2025-08-23 16:44:59.221 T:4091 debug : PrepareNextRender: frameOnScreen: 19.003 renderPts: 19.161 nextFramePts: 19.144 -> diff: 0.017 render: 1 forceNext: 0
2025-08-23 16:44:59.221 T:4091 debug : CAMLCodec::ReleaseFrame idx:459, drop:0
2025-08-23 16:44:59.258 T:4091 debug : CAMLCodec::PollFrame elapsed:36.930ms
2025-08-23 16:44:59.259 T:4326 debug : CAMLCodec::DequeueBuffer: pts:19.394 idx:465
2025-08-23 16:44:59.259 T:4326 debug : CAMLCodec::GetPicture: index: 465, pts: 19.394, dur:41.000ms ar:1.78 elf:40ms
2025-08-23 16:44:59.259 T:4326 debug : CVideoPlayerVideo::OutputPicture - ttd:352ms pts:19.394 Clock:19.041 Level:5
2025-08-23 16:44:59.267 T:4091 debug : PrepareNextRender: frameOnScreen: 19.049 renderPts: 19.207 nextFramePts: 19.186 -> diff: 0.021 render: 1 forceNext: 0
2025-08-23 16:44:59.268 T:4091 debug : CAMLCodec::ReleaseFrame idx:460, drop:0
2025-08-23 16:44:59.276 T:4323 debug : CVideoPlayer::ProcessVideoData size:98227 dts:25.400 pts:25.442 dur:41.000ms, clock:19.058 level:73
2025-08-23 16:44:59.276 T:4323 debug : CVideoPlayer::ProcessVideoData size:174005 dts:25.442 pts:25.525 dur:41.000ms, clock:19.058 level:74
2025-08-23 16:44:59.277 T:4326 debug : CAMLCodec::AddData: dl:496448 fl:5598400 sz:496379(496448) lv:8.1% dts:19.478 pts:19.603
2025-08-23 16:44:59.280 T:4326 debug : CAMLCodec::AddData: dl:899008 fl:5195840 sz:402435(402560) lv:14.8% dts:19.519 pts:19.561
2025-08-23 16:44:59.286 T:4323 debug : CVideoPlayer::ProcessVideoData size:542704 dts:25.484 pts:25.776 dur:41.000ms, clock:19.068 level:74
2025-08-23 16:44:59.295 T:4327 debug : CVideoPlayerAudio::OutputPacket: pts:19.876 curr_pts:19.054 clock:19.077 level:72
2025-08-23 16:44:59.300 T:4091 debug : CAMLCodec::PollFrame elapsed:31.981ms
2025-08-23 16:44:59.301 T:4326 debug : CAMLCodec::DequeueBuffer: pts:19.436 idx:466
2025-08-23 16:44:59.302 T:4326 debug : CAMLCodec::GetPicture: index: 466, pts: 19.436, dur:42.000ms ar:1.78 elf:41ms
2025-08-23 16:44:59.302 T:4326 debug : CVideoPlayerVideo::OutputPicture - ttd:352ms pts:19.436 Clock:19.084 Level:5
2025-08-23 16:44:59.308 T:4091 debug : PrepareNextRender: frameOnScreen: 19.090 renderPts: 19.248 nextFramePts: 19.228 -> diff: 0.020 render: 1 forceNext: 0
2025-08-23 16:44:59.308 T:4091 debug : CAMLCodec::ReleaseFrame idx:461, drop:0
2025-08-23 16:44:59.318 T:4326 debug : CAMLCodec::AddData: dl:942592 fl:5152256 sz:539908(540032) lv:15.5% dts:19.561 pts:19.686
2025-08-23 16:44:59.319 T:4323 debug : CVideoPlayer::ProcessVideoData size:305211 dts:25.525 pts:25.692 dur:41.000ms, clock:19.101 level:74
2025-08-23 16:44:59.320 T:4323 debug : CVideoPlayer::ProcessVideoData size:248421 dts:25.567 pts:25.651 dur:41.000ms, clock:19.102 level:75
2025-08-23 16:44:59.341 T:4091 debug : CAMLCodec::PollFrame elapsed:32.901ms
2025-08-23 16:44:59.343 T:4326 debug : CAMLCodec::DequeueBuffer: pts:19.478 idx:467
2025-08-23 16:44:59.343 T:4326 debug : CAMLCodec::GetPicture: index: 467, pts: 19.478, dur:42.000ms ar:1.78 elf:41ms
2025-08-23 16:44:59.344 T:4326 debug : CVideoPlayerVideo::OutputPicture - ttd:352ms pts:19.478 Clock:19.126 Level:5
2025-08-23 16:44:59.346 T:4091 debug : PrepareNextRender: frameOnScreen: 19.128 renderPts: 19.286 nextFramePts: 19.269 -> diff: 0.017 render: 1 forceNext: 0
2025-08-23 16:44:59.346 T:4091 debug : CAMLCodec::ReleaseFrame idx:462, drop:0
2025-08-23 16:44:59.357 T:4326 debug : CAMLCodec::AddData: dl:1049728 fl:5045120 sz:509591(509696) lv:17.2% dts:19.603 pts:19.895
2025-08-23 16:44:59.361 T:4323 debug : CVideoPlayer::ProcessVideoData size:160978 dts:25.609 pts:25.609 dur:41.000ms, clock:19.143 level:75
2025-08-23 16:44:59.362 T:4323 debug : CVideoPlayer::ProcessVideoData size:187949 dts:25.651 pts:25.734 dur:41.000ms, clock:19.144 level:75
2025-08-23 16:44:59.364 T:4323 debug : CVideoPlayer::ProcessAudioData size:6423 dts:25.821 pts:25.821 dur:92.000ms, clock:19.146 drop:0 level:72
2025-08-23 16:44:59.364 T:4323 debug : CVideoPlayer::ProcessAudioData size:6556 dts:25.913 pts:25.913 dur:92.000ms, clock:19.146 drop:0 level:74
2025-08-23 16:44:59.369 T:4323 debug : CVideoPlayer::ProcessVideoData size:480295 dts:25.692 pts:25.943 dur:41.000ms, clock:19.151 level:76
2025-08-23 16:44:59.383 T:4091 debug : CAMLCodec::PollFrame elapsed:36.783ms
2025-08-23 16:44:59.386 T:4326 debug : CAMLCodec::DequeueBuffer: pts:19.519 idx:468
2025-08-23 16:44:59.386 T:4326 debug : CAMLCodec::GetPicture: index: 468, pts: 19.519, dur:41.000ms ar:1.78 elf:42ms
2025-08-23 16:44:59.386 T:4326 debug : CVideoPlayerVideo::OutputPicture - ttd:351ms pts:19.519 Clock:19.168 Level:5
2025-08-23 16:44:59.387 T:4326 debug : CAMLCodec::DequeueBuffer: pts:19.561 idx:469
2025-08-23 16:44:59.387 T:4326 debug : CAMLCodec::GetPicture: index: 469, pts: 19.561, dur:42.000ms ar:1.78 elf:1ms
2025-08-23 16:44:59.387 T:4326 debug : CVideoPlayerVideo::OutputPicture - ttd:391ms pts:19.561 Clock:19.169 Level:6
2025-08-23 16:44:59.389 T:4326 debug : CAMLCodec::DequeueBuffer: pts:19.603 idx:470
2025-08-23 16:44:59.389 T:4326 debug : CAMLCodec::GetPicture: index: 470, pts: 19.603, dur:42.000ms ar:1.78 elf:1ms
2025-08-23 16:44:59.394 T:4091 debug : PrepareNextRender: frameOnScreen: 19.176 renderPts: 19.334 nextFramePts: 19.311 -> diff: 0.023 render: 1 forceNext: 0
2025-08-23 16:44:59.394 T:4091 debug : CAMLCodec::ReleaseFrame idx:463, drop:0
2025-08-23 16:44:59.394 T:4326 debug : CVideoPlayerVideo::OutputPicture - ttd:431ms pts:19.603 Clock:19.171 Level:6
2025-08-23 16:44:59.396 T:4326 debug : CAMLCodec::DequeueBuffer: pts:19.645 idx:471
2025-08-23 16:44:59.396 T:4326 debug : CAMLCodec::GetPicture: index: 471, pts: 19.645, dur:42.000ms ar:1.78 elf:6ms
2025-08-23 16:44:59.396 T:4327 debug : CVideoPlayerAudio::OutputPacket: pts:19.969 curr_pts:19.154 clock:19.178 level:74
2025-08-23 16:44:59.425 T:4091 debug : CAMLCodec::PollFrame elapsed:30.360ms
2025-08-23 16:44:59.432 T:4091 debug : PrepareNextRender: frameOnScreen: 19.213 renderPts: 19.372 nextFramePts: 19.353 -> diff: 0.019 render: 1 forceNext: 0
2025-08-23 16:44:59.432 T:4326 debug : CVideoPlayerVideo::OutputPicture - ttd:467ms pts:19.645 Clock:19.178 Level:6
2025-08-23 16:44:59.432 T:4091 debug : CAMLCodec::ReleaseFrame idx:464, drop:0
2025-08-23 16:44:59.436 T:4326 debug : CAMLCodec::AddData: dl:932928 fl:5161920 sz:423124(423232) lv:15.3% dts:19.645 pts:19.811
2025-08-23 16:44:59.440 T:4326 debug : CAMLCodec::AddData: dl:847424 fl:5247424 sz:424068(424192) lv:13.9% dts:19.686 pts:19.770
2025-08-23 16:44:59.442 T:4323 debug : CVideoPlayer::ProcessVideoData size:314438 dts:25.734 pts:25.859 dur:41.000ms, clock:19.224 level:75
2025-08-23 16:44:59.443 T:4323 debug : CVideoPlayer::ProcessVideoData size:233573 dts:25.776 pts:25.817 dur:41.000ms, clock:19.225 level:76
2025-08-23 16:44:59.467 T:4091 debug : CAMLCodec::PollFrame elapsed:34.862ms
2025-08-23 16:44:59.479 T:4091 debug : PrepareNextRender: frameOnScreen: 19.261 renderPts: 19.419 nextFramePts: 19.394 -> diff: 0.025 render: 1 forceNext: 0
2025-08-23 16:44:59.479 T:4091 debug : CAMLCodec::ReleaseFrame idx:465, drop:0
2025-08-23 16:44:59.483 T:4326 debug : CAMLCodec::AddData: dl:759296 fl:5335552 sz:334985(335104) lv:12.5% dts:19.728 pts:19.728
2025-08-23 16:44:59.484 T:4323 debug : CVideoPlayer::ProcessVideoData size:244371 dts:25.817 pts:25.901 dur:41.000ms, clock:19.266 level:76
2025-08-23 16:44:59.496 T:4327 debug : CVideoPlayerAudio::OutputPacket: pts:20.061 curr_pts:19.254 clock:19.278 level:72
2025-08-23 16:44:59.508 T:4091 debug : CAMLCodec::PollFrame elapsed:29.080ms
2025-08-23 16:44:59.516 T:4091 debug : PrepareNextRender: frameOnScreen: 19.298 renderPts: 19.456 nextFramePts: 19.436 -> diff: 0.020 render: 1 forceNext: 0
2025-08-23 16:44:59.516 T:4091 debug : CAMLCodec::ReleaseFrame idx:466, drop:0
2025-08-23 16:44:59.525 T:4326 debug : CAMLCodec::AddData: dl:694720 fl:5400128 sz:359522(359616) lv:11.4% dts:19.770 pts:19.853
2025-08-23 16:44:59.527 T:4323 debug : CVideoPlayer::ProcessAudioData size:6579 dts:26.006 pts:26.006 dur:92.000ms, clock:19.309 drop:0 level:72
2025-08-23 16:44:59.527 T:4323 debug : CVideoPlayer::ProcessAudioData size:6578 dts:26.098 pts:26.098 dur:92.000ms, clock:19.309 drop:0 level:74
2025-08-23 16:44:59.531 T:4323 debug : CVideoPlayer::ProcessVideoData size:317939 dts:25.859 pts:26.151 dur:41.000ms, clock:19.313 level:76
2025-08-23 16:44:59.550 T:4091 debug : CAMLCodec::PollFrame elapsed:33.771ms
2025-08-23 16:44:59.553 T:4326 debug : CAMLCodec::DequeueBuffer: pts:19.686 idx:472
2025-08-23 16:44:59.553 T:4326 debug : CAMLCodec::GetPicture: index: 472, pts: 19.686, dur:41.000ms ar:1.78 elf:156ms
2025-08-23 16:44:59.553 T:4326 debug : CVideoPlayerVideo::OutputPicture - ttd:351ms pts:19.686 Clock:19.335 Level:5
2025-08-23 16:44:59.560 T:4091 debug : PrepareNextRender: frameOnScreen: 19.342 renderPts: 19.499 nextFramePts: 19.478 -> diff: 0.021 render: 1 forceNext: 0
2025-08-23 16:44:59.560 T:4091 debug : CAMLCodec::ReleaseFrame idx:467, drop:0
2025-08-23 16:44:59.564 T:4323 debug : CVideoPlayer::ProcessVideoData size:252611 dts:25.901 pts:26.068 dur:41.000ms, clock:19.346 level:76
2025-08-23 16:44:59.565 T:4326 debug : CAMLCodec::AddData: dl:861120 fl:5233728 sz:501395(501504) lv:14.1% dts:19.811 pts:20.103
2025-08-23 16:44:59.566 T:4323 debug : CVideoPlayer::ProcessVideoData size:244941 dts:25.943 pts:26.026 dur:41.000ms, clock:19.348 level:76
2025-08-23 16:44:59.592 T:4091 debug : CAMLCodec::PollFrame elapsed:30.814ms
2025-08-23 16:44:59.593 T:4326 debug : CAMLCodec::DequeueBuffer: pts:19.728 idx:473
2025-08-23 16:44:59.593 T:4326 debug : CAMLCodec::GetPicture: index: 473, pts: 19.728, dur:42.000ms ar:1.78 elf:40ms
2025-08-23 16:44:59.593 T:4326 debug : CVideoPlayerVideo::OutputPicture - ttd:352ms pts:19.728 Clock:19.375 Level:5
2025-08-23 16:44:59.596 T:4327 debug : CVideoPlayerAudio::OutputPacket: pts:20.155 curr_pts:19.354 clock:19.378 level:74
2025-08-23 16:44:59.602 T:4091 debug : PrepareNextRender: frameOnScreen: 19.384 renderPts: 19.541 nextFramePts: 19.519 -> diff: 0.022 render: 1 forceNext: 0
2025-08-23 16:44:59.602 T:4091 debug : CAMLCodec::ReleaseFrame idx:468, drop:0
2025-08-23 16:44:59.606 T:4326 debug : CAMLCodec::AddData: dl:921536 fl:5173312 sz:419927(420032) lv:15.1% dts:19.853 pts:20.020
2025-08-23 16:44:59.607 T:4323 debug : CVideoPlayer::ProcessVideoData size:170751 dts:25.984 pts:25.984 dur:41.000ms, clock:19.389 level:76
2025-08-23 16:44:59.608 T:4323 debug : CVideoPlayer::ProcessVideoData size:176890 dts:26.026 pts:26.109 dur:41.000ms, clock:19.390 level:77
2025-08-23 16:44:59.610 T:4323 debug : CVideoPlayer::ProcessAudioData size:6838 dts:26.192 pts:26.192 dur:92.000ms, clock:19.392 drop:0 level:74
2025-08-23 16:44:59.610 T:4323 debug : CVideoPlayer::ProcessAudioData size:6450 dts:26.284 pts:26.284 dur:92.000ms, clock:19.392 drop:0 level:75
2025-08-23 16:44:59.617 T:4323 debug : CVideoPlayer::ProcessVideoData size:354043 dts:26.068 pts:26.360 dur:41.000ms, clock:19.399 level:77
2025-08-23 16:44:59.633 T:4091 debug : CAMLCodec::PollFrame elapsed:31.372ms
2025-08-23 16:44:59.636 T:4326 debug : CAMLCodec::DequeueBuffer: pts:19.770 idx:474
2025-08-23 16:44:59.636 T:4326 debug : CAMLCodec::GetPicture: index: 474, pts: 19.770, dur:42.000ms ar:1.78 elf:42ms
2025-08-23 16:44:59.636 T:4326 debug : CVideoPlayerVideo::OutputPicture - ttd:352ms pts:19.770 Clock:19.418 Level:5
2025-08-23 16:44:59.644 T:4091 debug : PrepareNextRender: frameOnScreen: 19.425 renderPts: 19.583 nextFramePts: 19.561 -> diff: 0.022 render: 1 forceNext: 0
2025-08-23 16:44:59.644 T:4091 debug : CAMLCodec::ReleaseFrame idx:469, drop:0
2025-08-23 16:44:59.646 T:4327 debug : CVideoPlayerAudio::OutputPacket: pts:20.247 curr_pts:19.404 clock:19.428 level:75
2025-08-23 16:44:59.649 T:4326 debug : CAMLCodec::AddData: dl:861184 fl:5233664 sz:441079(441152) lv:14.1% dts:19.895 pts:19.978
2025-08-23 16:44:59.650 T:4323 debug : CVideoPlayer::ProcessVideoData size:265745 dts:26.109 pts:26.276 dur:41.000ms, clock:19.432 level:77
2025-08-23 16:44:59.675 T:4091 debug : CAMLCodec::PollFrame elapsed:30.803ms
2025-08-23 16:44:59.677 T:4326 debug : CAMLCodec::DequeueBuffer: pts:19.811 idx:475
2025-08-23 16:44:59.677 T:4326 debug : CAMLCodec::GetPicture: index: 475, pts: 19.811, dur:41.000ms ar:1.78 elf:40ms
2025-08-23 16:44:59.677 T:4326 debug : CVideoPlayerVideo::OutputPicture - ttd:352ms pts:19.811 Clock:19.459 Level:5
2025-08-23 16:44:59.682 T:4091 debug : PrepareNextRender: frameOnScreen: 19.464 renderPts: 19.621 nextFramePts: 19.603 -> diff: 0.018 render: 1 forceNext: 0
2025-08-23 16:44:59.682 T:4091 debug : CAMLCodec::ReleaseFrame idx:470, drop:0
2025-08-23 16:44:59.691 T:4326 debug : CAMLCodec::AddData: dl:808768 fl:5286080 sz:367522(367616) lv:13.3% dts:19.937 pts:19.937
2025-08-23 16:44:59.692 T:4323 debug : CVideoPlayer::ProcessVideoData size:242261 dts:26.151 pts:26.235 dur:41.000ms, clock:19.474 level:77
2025-08-23 16:44:59.693 T:4323 debug : CVideoPlayer::ProcessVideoData size:178280 dts:26.193 pts:26.193 dur:41.000ms, clock:19.475 level:78
2025-08-23 16:44:59.717 T:4091 debug : CAMLCodec::PollFrame elapsed:34.443ms
2025-08-23 16:44:59.720 T:4326 debug : CAMLCodec::DequeueBuffer: pts:19.853 idx:476
2025-08-23 16:44:59.720 T:4326 debug : CAMLCodec::GetPicture: index: 476, pts: 19.853, dur:42.000ms ar:1.78 elf:43ms
2025-08-23 16:44:59.720 T:4326 debug : CVideoPlayerVideo::OutputPicture - ttd:350ms pts:19.853 Clock:19.502 Level:5
2025-08-23 16:44:59.726 T:4091 debug : PrepareNextRender: frameOnScreen: 19.508 renderPts: 19.665 nextFramePts: 19.645 -> diff: 0.020 render: 1 forceNext: 0
2025-08-23 16:44:59.726 T:4091 debug : CAMLCodec::ReleaseFrame idx:471, drop:0
2025-08-23 16:44:59.733 T:4326 debug : CAMLCodec::AddData: dl:718208 fl:5376640 sz:350498(350592) lv:11.8% dts:19.978 pts:20.062
2025-08-23 16:44:59.735 T:4323 debug : CVideoPlayer::ProcessVideoData size:179497 dts:26.235 pts:26.318 dur:41.000ms, clock:19.517 level:78
2025-08-23 16:44:59.735 T:4323 debug : CVideoPlayer::ProcessAudioData size:6465 dts:26.378 pts:26.378 dur:92.000ms, clock:19.517 drop:0 level:75
2025-08-23 16:44:59.737 T:4323 debug : CVideoPlayer::ProcessVideoData size:299588 dts:26.276 pts:26.401 dur:41.000ms, clock:19.519 level:78
2025-08-23 16:44:59.745 T:4327 debug : CVideoPlayerAudio::OutputPacket: pts:20.341 curr_pts:19.503 clock:19.527 level:75
2025-08-23 16:44:59.758 T:4091 debug : CAMLCodec::PollFrame elapsed:32.284ms
2025-08-23 16:44:59.760 T:4326 debug : CAMLCodec::DequeueBuffer: pts:19.895 idx:477
2025-08-23 16:44:59.760 T:4326 debug : CAMLCodec::GetPicture: index: 477, pts: 19.895, dur:42.000ms ar:1.78 elf:39ms
2025-08-23 16:44:59.760 T:4326 debug : CVideoPlayerVideo::OutputPicture - ttd:352ms pts:19.895 Clock:19.542 Level:5
2025-08-23 16:44:59.769 T:4091 debug : PrepareNextRender: frameOnScreen: 19.551 renderPts: 19.708 nextFramePts: 19.686 -> diff: 0.022 render: 1 forceNext: 0
2025-08-23 16:44:59.769 T:4091 debug : CAMLCodec::ReleaseFrame idx:472, drop:0
2025-08-23 16:44:59.773 T:4326 debug : CAMLCodec::AddData: dl:969344 fl:5125504 sz:618663(618752) lv:15.9% dts:20.020 pts:20.312
2025-08-23 16:44:59.780 T:4323 debug : CVideoPlayer::ProcessAudioData size:6532 dts:26.471 pts:26.471 dur:92.000ms, clock:19.562 drop:0 level:75
2025-08-23 16:44:59.780 T:4323 debug : CVideoPlayer::ProcessAudioData size:6725 dts:26.563 pts:26.563 dur:92.000ms, clock:19.562 drop:0 level:76
2025-08-23 16:44:59.784 T:4323 debug : CVideoPlayer::ProcessVideoData size:318291 dts:26.318 pts:26.610 dur:41.000ms, clock:19.566 level:78
2025-08-23 16:44:59.785 T:4323 debug : CVideoPlayer::ProcessVideoData size:245664 dts:26.360 pts:26.526 dur:41.000ms, clock:19.567 level:79
2025-08-23 16:44:59.800 T:4091 debug : CAMLCodec::PollFrame elapsed:31.139ms
2025-08-23 16:44:59.803 T:4326 debug : CAMLCodec::DequeueBuffer: pts:19.937 idx:478
2025-08-23 16:44:59.803 T:4326 debug : CAMLCodec::GetPicture: index: 478, pts: 19.937, dur:42.000ms ar:1.78 elf:42ms
2025-08-23 16:44:59.803 T:4326 debug : CVideoPlayerVideo::OutputPicture - ttd:352ms pts:19.937 Clock:19.585 Level:5
2025-08-23 16:44:59.809 T:4091 debug : PrepareNextRender: frameOnScreen: 19.590 renderPts: 19.748 nextFramePts: 19.728 -> diff: 0.020 render: 1 forceNext: 0
2025-08-23 16:44:59.809 T:4091 debug : CAMLCodec::ReleaseFrame idx:473, drop:0
2025-08-23 16:44:59.842 T:4091 debug : CAMLCodec::PollFrame elapsed:32.764ms
2025-08-23 16:44:59.844 T:4326 debug : CAMLCodec::DequeueBuffer: pts:19.978 idx:479
2025-08-23 16:44:59.844 T:4326 debug : CAMLCodec::GetPicture: index: 479, pts: 19.978, dur:41.000ms ar:1.78 elf:41ms
2025-08-23 16:44:59.844 T:4326 debug : CVideoPlayerVideo::OutputPicture - ttd:351ms pts:19.978 Clock:19.626 Level:5
2025-08-23 16:44:59.846 T:4327 debug : CVideoPlayerAudio::OutputPacket: pts:20.433 curr_pts:19.605 clock:19.627 level:76
2025-08-23 16:44:59.852 T:4091 debug : PrepareNextRender: frameOnScreen: 19.633 renderPts: 19.791 nextFramePts: 19.770 -> diff: 0.021 render: 1 forceNext: 0
2025-08-23 16:44:59.852 T:4091 debug : CAMLCodec::ReleaseFrame idx:474, drop:0
2025-08-23 16:44:59.860 T:4326 debug : CAMLCodec::AddData: dl:583488 fl:5511360 sz:583423(583488) lv:9.6% dts:20.062 pts:20.229
2025-08-23 16:44:59.863 T:4326 debug : CAMLCodec::AddData: dl:1042112 fl:5052736 sz:458559(458624) lv:17.1% dts:20.103 pts:20.187
2025-08-23 16:44:59.867 T:4323 debug : CVideoPlayer::ProcessVideoData size:219240 dts:26.401 pts:26.485 dur:41.000ms, clock:19.649 level:78
2025-08-23 16:44:59.867 T:4323 debug : CVideoPlayer::ProcessVideoData size:150875 dts:26.443 pts:26.443 dur:41.000ms, clock:19.649 level:79
2025-08-23 16:44:59.868 T:4323 debug : CVideoPlayer::ProcessVideoData size:164829 dts:26.485 pts:26.568 dur:41.000ms, clock:19.650 level:79
2025-08-23 16:44:59.870 T:4323 debug : CVideoPlayer::ProcessAudioData size:6472 dts:26.657 pts:26.657 dur:92.000ms, clock:19.652 drop:0 level:76
2025-08-23 16:44:59.870 T:4323 debug : CVideoPlayer::ProcessAudioData size:6497 dts:26.749 pts:26.749 dur:92.000ms, clock:19.652 drop:0 level:77
2025-08-23 16:44:59.870 T:4323 debug : CVideoPlayer::ProcessAudioData size:6832 dts:26.842 pts:26.842 dur:92.000ms, clock:19.652 drop:0 level:78
2025-08-23 16:44:59.870 T:4323 debug : CVideoPlayer::ProcessAudioData size:7319 dts:26.935 pts:26.935 dur:92.000ms, clock:19.652 drop:0 level:79
2025-08-23 16:44:59.875 T:4323 debug : CVideoPlayer::ProcessVideoData size:330936 dts:26.526 pts:26.818 dur:41.000ms, clock:19.657 level:80
2025-08-23 16:44:59.884 T:4091 debug : CAMLCodec::PollFrame elapsed:31.725ms
2025-08-23 16:44:59.884 T:4326 debug : CAMLCodec::DequeueBuffer: pts:20.020 idx:480
2025-08-23 16:44:59.885 T:4326 debug : CAMLCodec::GetPicture: index: 480, pts: 20.020, dur:42.000ms ar:1.78 elf:40ms
2025-08-23 16:44:59.885 T:4326 debug : CVideoPlayerVideo::OutputPicture - ttd:353ms pts:20.020 Clock:19.666 Level:5
2025-08-23 16:44:59.893 T:4091 debug : PrepareNextRender: frameOnScreen: 19.675 renderPts: 19.832 nextFramePts: 19.811 -> diff: 0.021 render: 1 forceNext: 0
2025-08-23 16:44:59.893 T:4091 debug : CAMLCodec::ReleaseFrame idx:475, drop:0
2025-08-23 16:44:59.903 T:4326 debug : CAMLCodec::AddData: dl:825600 fl:5269248 sz:366897(366976) lv:13.5% dts:20.145 pts:20.145
2025-08-23 16:44:59.908 T:4323 debug : CVideoPlayer::ProcessVideoData size:254654 dts:26.568 pts:26.735 dur:41.000ms, clock:19.689 level:80
2025-08-23 16:44:59.910 T:4323 debug : CVideoPlayer::ProcessVideoData size:247744 dts:26.610 pts:26.693 dur:41.000ms, clock:19.691 level:80
2025-08-23 16:44:59.925 T:4091 debug : CAMLCodec::PollFrame elapsed:32.230ms
2025-08-23 16:44:59.927 T:4326 debug : CAMLCodec::DequeueBuffer: pts:20.062 idx:481
2025-08-23 16:44:59.927 T:4326 debug : CAMLCodec::GetPicture: index: 481, pts: 20.062, dur:42.000ms ar:1.78 elf:42ms
2025-08-23 16:44:59.927 T:4326 debug : CVideoPlayerVideo::OutputPicture - ttd:353ms pts:20.062 Clock:19.709 Level:5
2025-08-23 16:44:59.936 T:4091 debug : PrepareNextRender: frameOnScreen: 19.717 renderPts: 19.875 nextFramePts: 19.853 -> diff: 0.022 render: 1 forceNext: 0
2025-08-23 16:44:59.936 T:4091 debug : CAMLCodec::ReleaseFrame idx:476, drop:0
2025-08-23 16:44:59.942 T:4326 debug : CAMLCodec::AddData: dl:749376 fl:5345472 sz:382304(382400) lv:12.3% dts:20.187 pts:20.270
2025-08-23 16:44:59.943 T:4323 debug : CVideoPlayer::ProcessVideoData size:174968 dts:26.652 pts:26.652 dur:41.000ms, clock:19.725 level:80
2025-08-23 16:44:59.945 T:4323 debug : CVideoPlayer::ProcessVideoData size:178492 dts:26.693 pts:26.777 dur:41.000ms, clock:19.726 level:81
2025-08-23 16:44:59.946 T:4327 debug : CVideoPlayerAudio::OutputPacket: pts:20.526 curr_pts:19.704 clock:19.728 level:79
2025-08-23 16:44:59.967 T:4091 debug : CAMLCodec::PollFrame elapsed:30.616ms
2025-08-23 16:44:59.970 T:4326 debug : CAMLCodec::DequeueBuffer: pts:20.103 idx:482
2025-08-23 16:44:59.970 T:4326 debug : CAMLCodec::GetPicture: index: 482, pts: 20.103, dur:41.000ms ar:1.78 elf:43ms
2025-08-23 16:44:59.970 T:4326 debug : CVideoPlayerVideo::OutputPicture - ttd:350ms pts:20.103 Clock:19.752 Level:5
2025-08-23 16:44:59.975 T:4091 debug : PrepareNextRender: frameOnScreen: 19.757 renderPts: 19.914 nextFramePts: 19.895 -> diff: 0.019 render: 1 forceNext: 0
2025-08-23 16:44:59.975 T:4091 debug : CAMLCodec::ReleaseFrame idx:477, drop:0
2025-08-23 16:44:59.983 T:4326 debug : CAMLCodec::AddData: dl:989824 fl:5105024 sz:607303(607424) lv:16.2% dts:20.229 pts:20.520
2025-08-23 16:44:59.991 T:4323 debug : CVideoPlayer::ProcessVideoData size:339474 dts:26.735 pts:27.027 dur:41.000ms, clock:19.773 level:81
2025-08-23 16:44:59.992 T:4323 debug : CVideoPlayer::ProcessVideoData size:266032 dts:26.777 pts:26.944 dur:41.000ms, clock:19.774 level:81
2025-08-23 16:45:00.009 T:4091 debug : CAMLCodec::PollFrame elapsed:33.629ms
2025-08-23 16:45:00.012 T:4326 debug : CAMLCodec::DequeueBuffer: pts:20.145 idx:483
2025-08-23 16:45:00.012 T:4326 debug : CAMLCodec::GetPicture: index: 483, pts: 20.145, dur:42.000ms ar:1.78 elf:41ms
2025-08-23 16:45:00.012 T:4326 debug : CVideoPlayerVideo::OutputPicture - ttd:350ms pts:20.145 Clock:19.794 Level:5
2025-08-23 16:45:00.022 T:4091 debug : PrepareNextRender: frameOnScreen: 19.804 renderPts: 19.961 nextFramePts: 19.937 -> diff: 0.024 render: 1 forceNext: 0
2025-08-23 16:45:00.025 T:4323 debug : CVideoPlayer::ProcessVideoData size:185912 dts:26.818 pts:26.902 dur:41.000ms, clock:19.807 level:81
2025-08-23 16:45:00.026 T:4323 debug : CVideoPlayer::ProcessVideoData size:181285 dts:26.860 pts:26.860 dur:41.000ms, clock:19.808 level:82
2025-08-23 16:45:00.026 T:4091 debug : CAMLCodec::ReleaseFrame idx:478, drop:0
2025-08-23 16:45:00.027 T:4326 debug : CAMLCodec::AddData: dl:1081792 fl:5013056 sz:474279(474368) lv:17.7% dts:20.270 pts:20.437
2025-08-23 16:45:00.046 T:4327 debug : CVideoPlayerAudio::OutputPacket: pts:20.618 curr_pts:19.804 clock:19.828 level:78
2025-08-23 16:45:00.050 T:4091 debug : CAMLCodec::PollFrame elapsed:24.100ms
2025-08-23 16:45:00.053 T:4326 debug : CAMLCodec::DequeueBuffer: pts:20.187 idx:484
2025-08-23 16:45:00.053 T:4326 debug : CAMLCodec::GetPicture: index: 484, pts: 20.187, dur:42.000ms ar:1.78 elf:40ms
2025-08-23 16:45:00.053 T:4326 debug : CVideoPlayerVideo::OutputPicture - ttd:352ms pts:20.187 Clock:19.835 Level:5
2025-08-23 16:45:00.059 T:4091 debug : PrepareNextRender: frameOnScreen: 19.840 renderPts: 19.998 nextFramePts: 19.978 -> diff: 0.020 render: 1 forceNext: 0
2025-08-23 16:45:00.059 T:4091 debug : CAMLCodec::ReleaseFrame idx:479, drop:0
2025-08-23 16:45:00.067 T:4323 debug : CVideoPlayer::ProcessVideoData size:195432 dts:26.902 pts:26.985 dur:41.000ms, clock:19.849 level:82
2025-08-23 16:45:00.068 T:4323 debug : CVideoPlayer::ProcessAudioData size:6886 dts:27.028 pts:27.028 dur:92.000ms, clock:19.850 drop:0 level:78
2025-08-23 16:45:00.068 T:4323 debug : CVideoPlayer::ProcessAudioData size:7053 dts:27.120 pts:27.120 dur:92.000ms, clock:19.850 drop:0 level:79
2025-08-23 16:45:00.068 T:4323 debug : CVideoPlayer::ProcessAudioData size:8292 dts:27.213 pts:27.213 dur:92.000ms, clock:19.850 drop:0 level:81
2025-08-23 16:45:00.068 T:4326 debug : CAMLCodec::AddData: dl:950976 fl:5143872 sz:476496(476608) lv:15.6% dts:20.312 pts:20.395
2025-08-23 16:45:00.074 T:4323 debug : CVideoPlayer::ProcessVideoData size:359999 dts:26.944 pts:27.236 dur:41.000ms, clock:19.856 level:82
2025-08-23 16:45:00.092 T:4091 debug : CAMLCodec::PollFrame elapsed:33.274ms
2025-08-23 16:45:00.094 T:4326 debug : CAMLCodec::DequeueBuffer: pts:20.229 idx:485
2025-08-23 16:45:00.094 T:4326 debug : CAMLCodec::GetPicture: index: 485, pts: 20.229, dur:42.000ms ar:1.78 elf:41ms
2025-08-23 16:45:00.094 T:4326 debug : CVideoPlayerVideo::OutputPicture - ttd:352ms pts:20.229 Clock:19.876 Level:5
2025-08-23 16:45:00.103 T:4091 debug : PrepareNextRender: frameOnScreen: 19.885 renderPts: 20.042 nextFramePts: 20.020 -> diff: 0.022 render: 1 forceNext: 0
2025-08-23 16:45:00.103 T:4091 debug : CAMLCodec::ReleaseFrame idx:480, drop:0
2025-08-23 16:45:00.110 T:4326 debug : CAMLCodec::AddData: dl:840256 fl:5254592 sz:363545(363648) lv:13.8% dts:20.354 pts:20.354
2025-08-23 16:45:00.116 T:4323 debug : CVideoPlayer::ProcessVideoData size:275564 dts:26.985 pts:27.152 dur:41.000ms, clock:19.898 level:82
2025-08-23 16:45:00.134 T:4091 debug : CAMLCodec::PollFrame elapsed:30.549ms
2025-08-23 16:45:00.135 T:4326 debug : CAMLCodec::DequeueBuffer: pts:20.270 idx:486
2025-08-23 16:45:00.135 T:4326 debug : CAMLCodec::GetPicture: index: 486, pts: 20.270, dur:41.000ms ar:1.78 elf:41ms
2025-08-23 16:45:00.136 T:4326 debug : CVideoPlayerVideo::OutputPicture - ttd:352ms pts:20.270 Clock:19.917 Level:5
2025-08-23 16:45:00.142 T:4091 debug : PrepareNextRender: frameOnScreen: 19.924 renderPts: 20.081 nextFramePts: 20.062 -> diff: 0.019 render: 1 forceNext: 0
2025-08-23 16:45:00.142 T:4091 debug : CAMLCodec::ReleaseFrame idx:481, drop:0
2025-08-23 16:45:00.146 T:4327 debug : CVideoPlayerAudio::OutputPacket: pts:20.712 curr_pts:19.903 clock:19.928 level:81
2025-08-23 16:45:00.151 T:4326 debug : CAMLCodec::AddData: dl:752448 fl:5342400 sz:388673(388800) lv:12.3% dts:20.395 pts:20.479
2025-08-23 16:45:00.157 T:4323 debug : CVideoPlayer::ProcessVideoData size:194715 dts:27.027 pts:27.110 dur:41.000ms, clock:19.939 level:82
2025-08-23 16:45:00.158 T:4323 debug : CVideoPlayer::ProcessVideoData size:185458 dts:27.069 pts:27.069 dur:41.000ms, clock:19.940 level:83
2025-08-23 16:45:00.176 T:4091 debug : CAMLCodec::PollFrame elapsed:33.254ms
2025-08-23 16:45:00.178 T:4326 debug : CAMLCodec::DequeueBuffer: pts:20.312 idx:487
2025-08-23 16:45:00.178 T:4326 debug : CAMLCodec::GetPicture: index: 487, pts: 20.312, dur:42.000ms ar:1.78 elf:42ms
2025-08-23 16:45:00.178 T:4326 debug : CVideoPlayerVideo::OutputPicture - ttd:352ms pts:20.312 Clock:19.960 Level:5
2025-08-23 16:45:00.187 T:4091 debug : PrepareNextRender: frameOnScreen: 19.969 renderPts: 20.127 nextFramePts: 20.103 -> diff: 0.024 render: 1 forceNext: 0
2025-08-23 16:45:00.187 T:4091 debug : CAMLCodec::ReleaseFrame idx:482, drop:0
2025-08-23 16:45:00.190 T:4323 debug : CVideoPlayer::ProcessVideoData size:183793 dts:27.110 pts:27.194 dur:41.000ms, clock:19.971 level:83
2025-08-23 16:45:00.192 T:4323 debug : CVideoPlayer::ProcessAudioData size:7073 dts:27.307 pts:27.307 dur:92.000ms, clock:19.973 drop:0 level:81
2025-08-23 16:45:00.192 T:4323 debug : CVideoPlayer::ProcessAudioData size:6602 dts:27.399 pts:27.399 dur:92.000ms, clock:19.974 drop:0 level:82
2025-08-23 16:45:00.192 T:4326 debug : CAMLCodec::AddData: dl:1017536 fl:5077312 sz:628635(628736) lv:16.7% dts:20.437 pts:20.646
2025-08-23 16:45:00.197 T:4323 debug : CVideoPlayer::ProcessVideoData size:354402 dts:27.152 pts:27.361 dur:41.000ms, clock:19.979 level:83
2025-08-23 16:45:00.198 T:4323 debug : CVideoPlayer::ProcessVideoData size:202072 dts:27.194 pts:27.319 dur:41.000ms, clock:19.980 level:84
2025-08-23 16:45:00.217 T:4091 debug : CAMLCodec::PollFrame elapsed:23.744ms
2025-08-23 16:45:00.220 T:4326 debug : CAMLCodec::DequeueBuffer: pts:20.354 idx:488
2025-08-23 16:45:00.221 T:4326 debug : CAMLCodec::GetPicture: index: 488, pts: 20.354, dur:42.000ms ar:1.78 elf:42ms
2025-08-23 16:45:00.221 T:4326 debug : CVideoPlayerVideo::OutputPicture - ttd:350ms pts:20.354 Clock:20.003 Level:5
2025-08-23 16:45:00.226 T:4091 debug : PrepareNextRender: frameOnScreen: 20.008 renderPts: 20.166 nextFramePts: 20.145 -> diff: 0.021 render: 1 forceNext: 0
2025-08-23 16:45:00.227 T:4091 debug : CAMLCodec::ReleaseFrame idx:483, drop:0
2025-08-23 16:45:00.246 T:4327 debug : CVideoPlayerAudio::OutputPacket: pts:20.804 curr_pts:20.005 clock:20.028 level:82
2025-08-23 16:45:00.259 T:4091 debug : CAMLCodec::PollFrame elapsed:32.476ms
2025-08-23 16:45:00.260 T:4326 debug : CAMLCodec::DequeueBuffer: pts:20.395 idx:489
2025-08-23 16:45:00.260 T:4326 debug : CAMLCodec::GetPicture: index: 489, pts: 20.395, dur:41.000ms ar:1.78 elf:39ms
2025-08-23 16:45:00.260 T:4326 debug : CVideoPlayerVideo::OutputPicture - ttd:352ms pts:20.395 Clock:20.042 Level:5
2025-08-23 16:45:00.267 T:4091 debug : PrepareNextRender: frameOnScreen: 20.049 renderPts: 20.206 nextFramePts: 20.187 -> diff: 0.019 render: 1 forceNext: 0
2025-08-23 16:45:00.267 T:4091 debug : CAMLCodec::ReleaseFrame idx:484, drop:0
2025-08-23 16:45:00.277 T:4326 debug : CAMLCodec::AddData: dl:476672 fl:5618176 sz:476572(476672) lv:7.8% dts:20.479 pts:20.604
2025-08-23 16:45:00.280 T:4323 debug : CVideoPlayer::ProcessVideoData size:202101 dts:27.236 pts:27.277 dur:41.000ms, clock:20.062 level:83
2025-08-23 16:45:00.282 T:4323 debug : CVideoPlayer::ProcessVideoData size:302908 dts:27.277 pts:27.402 dur:41.000ms, clock:20.064 level:84
2025-08-23 16:45:00.282 T:4326 debug : CAMLCodec::AddData: dl:859136 fl:5235712 sz:382356(382464) lv:14.1% dts:20.520 pts:20.562
2025-08-23 16:45:00.285 T:4323 debug : CVideoPlayer::ProcessAudioData size:6642 dts:27.492 pts:27.492 dur:92.000ms, clock:20.067 drop:0 level:82
2025-08-23 16:45:00.285 T:4323 debug : CVideoPlayer::ProcessAudioData size:6542 dts:27.584 pts:27.584 dur:92.000ms, clock:20.067 drop:0 level:83
2025-08-23 16:45:00.285 T:4323 debug : CVideoPlayer::ProcessAudioData size:6754 dts:27.677 pts:27.677 dur:92.000ms, clock:20.067 drop:0 level:84
2025-08-23 16:45:00.285 T:4323 debug : CVideoPlayer::ProcessAudioData size:6402 dts:27.770 pts:27.770 dur:92.000ms, clock:20.067 drop:0 level:85
2025-08-23 16:45:00.288 T:4323 debug : CVideoPlayer::ProcessVideoData size:319096 dts:27.319 pts:27.569 dur:41.000ms, clock:20.069 level:84
2025-08-23 16:45:00.296 T:4327 debug : CVideoPlayerAudio::OutputPacket: pts:20.898 curr_pts:20.053 clock:20.078 level:85
2025-08-23 16:45:00.301 T:4091 debug : CAMLCodec::PollFrame elapsed:33.374ms
2025-08-23 16:45:00.302 T:4326 debug : CAMLCodec::DequeueBuffer: pts:20.437 idx:490
2025-08-23 16:45:00.302 T:4326 debug : CAMLCodec::GetPicture: index: 490, pts: 20.437, dur:42.000ms ar:1.78 elf:41ms
2025-08-23 16:45:00.302 T:4326 debug : CVideoPlayerVideo::OutputPicture - ttd:352ms pts:20.437 Clock:20.084 Level:5
2025-08-23 16:45:00.314 T:4091 debug : PrepareNextRender: frameOnScreen: 20.095 renderPts: 20.253 nextFramePts: 20.229 -> diff: 0.024 render: 1 forceNext: 0
2025-08-23 16:45:00.314 T:4091 debug : CAMLCodec::ReleaseFrame idx:485, drop:0
2025-08-23 16:45:00.318 T:4326 debug : CAMLCodec::AddData: dl:903232 fl:5191616 sz:520661(520768) lv:14.8% dts:20.562 pts:20.687
2025-08-23 16:45:00.320 T:4323 debug : CVideoPlayer::ProcessVideoData size:176838 dts:27.361 pts:27.486 dur:41.000ms, clock:20.102 level:84
2025-08-23 16:45:00.321 T:4323 debug : CVideoPlayer::ProcessVideoData size:166600 dts:27.402 pts:27.444 dur:41.000ms, clock:20.103 level:85
2025-08-23 16:45:00.322 T:4323 debug : CVideoPlayer::ProcessVideoData size:184412 dts:27.444 pts:27.527 dur:41.000ms, clock:20.104 level:85
2025-08-23 16:45:00.343 T:4091 debug : CAMLCodec::PollFrame elapsed:28.890ms
2025-08-23 16:45:00.346 T:4326 debug : CAMLCodec::DequeueBuffer: pts:20.479 idx:491
2025-08-23 16:45:00.346 T:4326 debug : CAMLCodec::GetPicture: index: 491, pts: 20.479, dur:42.000ms ar:1.78 elf:43ms
2025-08-23 16:45:00.346 T:4326 debug : CVideoPlayerVideo::OutputPicture - ttd:351ms pts:20.479 Clock:20.127 Level:5
2025-08-23 16:45:00.353 T:4091 debug : PrepareNextRender: frameOnScreen: 20.134 renderPts: 20.292 nextFramePts: 20.270 -> diff: 0.022 render: 1 forceNext: 0
2025-08-23 16:45:00.353 T:4091 debug : CAMLCodec::ReleaseFrame idx:486, drop:0
2025-08-23 16:45:00.358 T:4326 debug : CAMLCodec::AddData: dl:1034112 fl:5060736 sz:513243(513344) lv:17.0% dts:20.604 pts:20.896
2025-08-23 16:45:00.373 T:4323 debug : CVideoPlayer::ProcessVideoData size:362874 dts:27.486 pts:27.778 dur:41.000ms, clock:20.154 level:85
2025-08-23 16:45:00.374 T:4323 debug : CVideoPlayer::ProcessVideoData size:289382 dts:27.527 pts:27.694 dur:41.000ms, clock:20.155 level:86
2025-08-23 16:45:00.384 T:4091 debug : CAMLCodec::PollFrame elapsed:31.396ms
2025-08-23 16:45:00.386 T:4326 debug : CAMLCodec::DequeueBuffer: pts:20.520 idx:492
2025-08-23 16:45:00.387 T:4326 debug : CAMLCodec::GetPicture: index: 492, pts: 20.520, dur:41.000ms ar:1.78 elf:40ms
2025-08-23 16:45:00.387 T:4326 debug : CVideoPlayerVideo::OutputPicture - ttd:351ms pts:20.520 Clock:20.168 Level:5
2025-08-23 16:45:00.388 T:4326 debug : CAMLCodec::DequeueBuffer: pts:20.562 idx:493
2025-08-23 16:45:00.388 T:4326 debug : CAMLCodec::GetPicture: index: 493, pts: 20.562, dur:42.000ms ar:1.78 elf:1ms
2025-08-23 16:45:00.388 T:4326 debug : CVideoPlayerVideo::OutputPicture - ttd:392ms pts:20.562 Clock:20.170 Level:6
2025-08-23 16:45:00.389 T:4326 debug : CAMLCodec::DequeueBuffer: pts:20.604 idx:494
2025-08-23 16:45:00.389 T:4326 debug : CAMLCodec::GetPicture: index: 494, pts: 20.604, dur:42.000ms ar:1.78 elf:1ms
2025-08-23 16:45:00.396 T:4327 debug : CVideoPlayerAudio::OutputPacket: pts:20.990 curr_pts:20.154 clock:20.178 level:84
2025-08-23 16:45:00.398 T:4091 debug : PrepareNextRender: frameOnScreen: 20.180 renderPts: 20.338 nextFramePts: 20.312 -> diff: 0.026 render: 1 forceNext: 0
2025-08-23 16:45:00.399 T:4326 debug : CVideoPlayerVideo::OutputPicture - ttd:432ms pts:20.604 Clock:20.171 Level:6
2025-08-23 16:45:00.399 T:4091 debug : CAMLCodec::ReleaseFrame idx:487, drop:0
2025-08-23 16:45:00.400 T:4326 debug : CAMLCodec::DequeueBuffer: pts:20.646 idx:495
2025-08-23 16:45:00.400 T:4326 debug : CAMLCodec::GetPicture: index: 495, pts: 20.646, dur:42.000ms ar:1.78 elf:10ms
2025-08-23 16:45:00.426 T:4091 debug : CAMLCodec::PollFrame elapsed:27.239ms
2025-08-23 16:45:00.433 T:4091 debug : PrepareNextRender: frameOnScreen: 20.215 renderPts: 20.372 nextFramePts: 20.354 -> diff: 0.018 render: 1 forceNext: 0
2025-08-23 16:45:00.433 T:4326 debug : CVideoPlayerVideo::OutputPicture - ttd:464ms pts:20.646 Clock:20.182 Level:6
2025-08-23 16:45:00.433 T:4091 debug : CAMLCodec::ReleaseFrame idx:488, drop:0
2025-08-23 16:45:00.437 T:4323 debug : CVideoPlayer::ProcessVideoData size:208701 dts:27.569 pts:27.653 dur:41.000ms, clock:20.219 level:86
2025-08-23 16:45:00.437 T:4326 debug : CAMLCodec::AddData: dl:937856 fl:5156992 sz:424416(424512) lv:15.4% dts:20.646 pts:20.812
2025-08-23 16:45:00.441 T:4326 debug : CAMLCodec::AddData: dl:842240 fl:5252608 sz:417643(417728) lv:13.8% dts:20.687 pts:20.771
2025-08-23 16:45:00.449 T:4323 debug : CVideoPlayer::ProcessVideoData size:204826 dts:27.611 pts:27.611 dur:41.000ms, clock:20.230 level:86
2025-08-23 16:45:00.450 T:4323 debug : CVideoPlayer::ProcessVideoData size:212229 dts:27.653 pts:27.736 dur:41.000ms, clock:20.232 level:87
2025-08-23 16:45:00.468 T:4091 debug : CAMLCodec::PollFrame elapsed:34.522ms
2025-08-23 16:45:00.476 T:4091 debug : PrepareNextRender: frameOnScreen: 20.258 renderPts: 20.415 nextFramePts: 20.395 -> diff: 0.020 render: 1 forceNext: 0
2025-08-23 16:45:00.477 T:4091 debug : CAMLCodec::ReleaseFrame idx:489, drop:0
2025-08-23 16:45:00.484 T:4326 debug : CAMLCodec::AddData: dl:745536 fl:5349312 sz:327689(327808) lv:12.2% dts:20.729 pts:20.729
2025-08-23 16:45:00.492 T:4323 debug : CVideoPlayer::ProcessAudioData size:6295 dts:27.864 pts:27.864 dur:92.000ms, clock:20.274 drop:0 level:84
2025-08-23 16:45:00.496 T:4327 debug : CVideoPlayerAudio::OutputPacket: pts:21.083 curr_pts:20.254 clock:20.278 level:84
2025-08-23 16:45:00.496 T:4323 debug : CVideoPlayer::ProcessVideoData size:438861 dts:27.694 pts:27.945 dur:41.000ms, clock:20.278 level:87
2025-08-23 16:45:00.509 T:4091 debug : CAMLCodec::PollFrame elapsed:32.156ms
2025-08-23 16:45:00.522 T:4091 debug : PrepareNextRender: frameOnScreen: 20.304 renderPts: 20.461 nextFramePts: 20.437 -> diff: 0.024 render: 1 forceNext: 0
2025-08-23 16:45:00.523 T:4091 debug : CAMLCodec::ReleaseFrame idx:490, drop:0
2025-08-23 16:45:00.528 T:4323 debug : CVideoPlayer::ProcessVideoData size:233719 dts:27.736 pts:27.861 dur:41.000ms, clock:20.309 level:87
2025-08-23 16:45:00.528 T:4326 debug : CAMLCodec::AddData: dl:698496 fl:5396352 sz:370592(370688) lv:11.5% dts:20.771 pts:20.854
2025-08-23 16:45:00.551 T:4091 debug : CAMLCodec::PollFrame elapsed:26.133ms
2025-08-23 16:45:00.554 T:4326 debug : CAMLCodec::DequeueBuffer: pts:20.687 idx:496
2025-08-23 16:45:00.554 T:4326 debug : CAMLCodec::GetPicture: index: 496, pts: 20.687, dur:41.000ms ar:1.78 elf:153ms
2025-08-23 16:45:00.554 T:4326 debug : CVideoPlayerVideo::OutputPicture - ttd:351ms pts:20.687 Clock:20.335 Level:5
2025-08-23 16:45:00.561 T:4091 debug : PrepareNextRender: frameOnScreen: 20.343 renderPts: 20.501 nextFramePts: 20.479 -> diff: 0.022 render: 1 forceNext: 0
2025-08-23 16:45:00.561 T:4091 debug : CAMLCodec::ReleaseFrame idx:491, drop:0
2025-08-23 16:45:00.565 T:4326 debug : CAMLCodec::AddData: dl:983424 fl:5111424 sz:612649(612736) lv:16.1% dts:20.812 pts:21.104
2025-08-23 16:45:00.570 T:4323 debug : CVideoPlayer::ProcessVideoData size:216926 dts:27.778 pts:27.819 dur:41.000ms, clock:20.351 level:87
2025-08-23 16:45:00.571 T:4323 debug : CVideoPlayer::ProcessVideoData size:237793 dts:27.819 pts:27.903 dur:41.000ms, clock:20.352 level:87
2025-08-23 16:45:00.571 T:4323 debug : CVideoPlayer::ProcessAudioData size:6503 dts:27.957 pts:27.957 dur:92.000ms, clock:20.353 drop:0 level:84
2025-08-23 16:45:00.572 T:4323 debug : CVideoPlayer::ProcessAudioData size:6650 dts:28.049 pts:28.049 dur:92.000ms, clock:20.353 drop:0 level:85
2025-08-23 16:45:00.572 T:4323 debug : CVideoPlayer::ProcessAudioData size:6474 dts:28.142 pts:28.142 dur:92.000ms, clock:20.353 drop:0 level:86
2025-08-23 16:45:00.579 T:4323 debug : CVideoPlayer::ProcessVideoData size:583434 dts:27.861 pts:28.153 dur:41.000ms, clock:20.360 level:88
2025-08-23 16:45:00.593 T:4091 debug : CAMLCodec::PollFrame elapsed:31.256ms
2025-08-23 16:45:00.596 T:4327 debug : CVideoPlayerAudio::OutputPacket: pts:21.177 curr_pts:20.354 clock:20.378 level:86
2025-08-23 16:45:00.596 T:4326 debug : CAMLCodec::DequeueBuffer: pts:20.729 idx:497
2025-08-23 16:45:00.596 T:4326 debug : CAMLCodec::GetPicture: index: 497, pts: 20.729, dur:42.000ms ar:1.78 elf:42ms
2025-08-23 16:45:00.597 T:4326 debug : CVideoPlayerVideo::OutputPicture - ttd:350ms pts:20.729 Clock:20.378 Level:5
2025-08-23 16:45:00.604 T:4091 debug : PrepareNextRender: frameOnScreen: 20.386 renderPts: 20.543 nextFramePts: 20.520 -> diff: 0.023 render: 1 forceNext: 0
2025-08-23 16:45:00.605 T:4091 debug : CAMLCodec::ReleaseFrame idx:492, drop:0
2025-08-23 16:45:00.635 T:4091 debug : CAMLCodec::PollFrame elapsed:29.652ms
2025-08-23 16:45:00.636 T:4326 debug : CAMLCodec::DequeueBuffer: pts:20.771 idx:498
2025-08-23 16:45:00.636 T:4326 debug : CAMLCodec::GetPicture: index: 498, pts: 20.771, dur:42.000ms ar:1.78 elf:39ms
2025-08-23 16:45:00.636 T:4326 debug : CVideoPlayerVideo::OutputPicture - ttd:352ms pts:20.771 Clock:20.418 Level:5
2025-08-23 16:45:00.640 T:4091 debug : PrepareNextRender: frameOnScreen: 20.421 renderPts: 20.579 nextFramePts: 20.562 -> diff: 0.017 render: 1 forceNext: 0
2025-08-23 16:45:00.640 T:4091 debug : CAMLCodec::ReleaseFrame idx:493, drop:0
2025-08-23 16:45:00.652 T:4326 debug : CAMLCodec::AddData: dl:523776 fl:5571072 sz:523656(523776) lv:8.6% dts:20.854 pts:21.021
2025-08-23 16:45:00.652 T:4323 debug : CVideoPlayer::ProcessVideoData size:402995 dts:27.903 pts:28.070 dur:41.000ms, clock:20.434 level:88
2025-08-23 16:45:00.654 T:4323 debug : CVideoPlayer::ProcessVideoData size:278042 dts:27.945 pts:28.028 dur:41.000ms, clock:20.436 level:88
2025-08-23 16:45:00.656 T:4326 debug : CAMLCodec::AddData: dl:945984 fl:5148864 sz:422131(422208) lv:15.5% dts:20.896 pts:20.979
2025-08-23 16:45:00.676 T:4091 debug : CAMLCodec::PollFrame elapsed:36.516ms
2025-08-23 16:45:00.677 T:4326 debug : CAMLCodec::DequeueBuffer: pts:20.812 idx:499
2025-08-23 16:45:00.677 T:4326 debug : CAMLCodec::GetPicture: index: 499, pts: 20.812, dur:41.000ms ar:1.78 elf:40ms
2025-08-23 16:45:00.677 T:4326 debug : CVideoPlayerVideo::OutputPicture - ttd:353ms pts:20.812 Clock:20.459 Level:5
2025-08-23 16:45:00.684 T:4091 debug : PrepareNextRender: frameOnScreen: 20.466 renderPts: 20.623 nextFramePts: 20.604 -> diff: 0.019 render: 1 forceNext: 0
2025-08-23 16:45:00.684 T:4091 debug : CAMLCodec::ReleaseFrame idx:494, drop:0
2025-08-23 16:45:00.693 T:4326 debug : CAMLCodec::AddData: dl:886784 fl:5208064 sz:464489(464576) lv:14.5% dts:20.938 pts:20.938
2025-08-23 16:45:00.696 T:4323 debug : CVideoPlayer::ProcessVideoData size:275071 dts:27.986 pts:27.986 dur:41.000ms, clock:20.477 level:88
2025-08-23 16:45:00.697 T:4323 debug : CVideoPlayer::ProcessVideoData size:274968 dts:28.028 pts:28.111 dur:41.000ms, clock:20.478 level:88
2025-08-23 16:45:00.698 T:4327 debug : CVideoPlayerAudio::OutputPacket: pts:21.269 curr_pts:20.457 clock:20.479 level:85
2025-08-23 16:45:00.718 T:4091 debug : CAMLCodec::PollFrame elapsed:33.894ms
2025-08-23 16:45:00.720 T:4326 debug : CAMLCodec::DequeueBuffer: pts:20.854 idx:500
2025-08-23 16:45:00.720 T:4326 debug : CAMLCodec::GetPicture: index: 500, pts: 20.854, dur:42.000ms ar:1.78 elf:43ms
2025-08-23 16:45:00.721 T:4326 debug : CVideoPlayerVideo::OutputPicture - ttd:351ms pts:20.854 Clock:20.502 Level:5
2025-08-23 16:45:00.730 T:4091 debug : PrepareNextRender: frameOnScreen: 20.511 renderPts: 20.669 nextFramePts: 20.646 -> diff: 0.023 render: 1 forceNext: 0
2025-08-23 16:45:00.730 T:4091 debug : CAMLCodec::ReleaseFrame idx:495, drop:0
2025-08-23 16:45:00.734 T:4326 debug : CAMLCodec::AddData: dl:909888 fl:5184960 sz:445186(445312) lv:14.9% dts:20.979 pts:21.063
2025-08-23 16:45:00.740 T:4323 debug : CVideoPlayer::ProcessAudioData size:6547 dts:28.235 pts:28.235 dur:92.000ms, clock:20.521 drop:0 level:85
2025-08-23 16:45:00.740 T:4323 debug : CVideoPlayer::ProcessAudioData size:6410 dts:28.327 pts:28.327 dur:92.000ms, clock:20.521 drop:0 level:86
2025-08-23 16:45:00.747 T:4323 debug : CVideoPlayer::ProcessVideoData size:395704 dts:28.070 pts:28.362 dur:41.000ms, clock:20.528 level:88
2025-08-23 16:45:00.760 T:4091 debug : CAMLCodec::PollFrame elapsed:29.900ms
2025-08-23 16:45:00.762 T:4326 debug : CAMLCodec::DequeueBuffer: pts:20.896 idx:501
2025-08-23 16:45:00.763 T:4326 debug : CAMLCodec::GetPicture: index: 501, pts: 20.896, dur:42.000ms ar:1.78 elf:41ms
2025-08-23 16:45:00.763 T:4326 debug : CVideoPlayerVideo::OutputPicture - ttd:351ms pts:20.896 Clock:20.545 Level:5
2025-08-23 16:45:00.765 T:4091 debug : PrepareNextRender: frameOnScreen: 20.547 renderPts: 20.705 nextFramePts: 20.687 -> diff: 0.018 render: 1 forceNext: 0
2025-08-23 16:45:00.765 T:4091 debug : CAMLCodec::ReleaseFrame idx:496, drop:0
2025-08-23 16:45:00.778 T:4323 debug : CVideoPlayer::ProcessVideoData size:338067 dts:28.111 pts:28.278 dur:41.000ms, clock:20.560 level:88
2025-08-23 16:45:00.779 T:4323 debug : CVideoPlayer::ProcessVideoData size:280740 dts:28.153 pts:28.237 dur:41.000ms, clock:20.561 level:89
2025-08-23 16:45:00.779 T:4326 debug : CAMLCodec::AddData: dl:1075456 fl:5019392 sz:630072(630144) lv:17.6% dts:21.021 pts:21.313
2025-08-23 16:45:00.795 T:4327 debug : CVideoPlayerAudio::OutputPacket: pts:21.362 curr_pts:20.553 clock:20.577 level:86
2025-08-23 16:45:00.801 T:4091 debug : CAMLCodec::PollFrame elapsed:35.867ms
2025-08-23 16:45:00.805 T:4326 debug : CAMLCodec::DequeueBuffer: pts:20.938 idx:502
2025-08-23 16:45:00.805 T:4326 debug : CAMLCodec::GetPicture: index: 502, pts: 20.938, dur:42.000ms ar:1.78 elf:42ms
2025-08-23 16:45:00.805 T:4326 debug : CVideoPlayerVideo::OutputPicture - ttd:351ms pts:20.938 Clock:20.587 Level:5
2025-08-23 16:45:00.811 T:4091 debug : PrepareNextRender: frameOnScreen: 20.593 renderPts: 20.750 nextFramePts: 20.729 -> diff: 0.021 render: 1 forceNext: 0
2025-08-23 16:45:00.811 T:4091 debug : CAMLCodec::ReleaseFrame idx:497, drop:0
2025-08-23 16:45:00.843 T:4091 debug : CAMLCodec::PollFrame elapsed:32.014ms
2025-08-23 16:45:00.845 T:4326 debug : CAMLCodec::DequeueBuffer: pts:20.979 idx:503
2025-08-23 16:45:00.846 T:4326 debug : CAMLCodec::GetPicture: index: 503, pts: 20.979, dur:41.000ms ar:1.78 elf:40ms
2025-08-23 16:45:00.846 T:4326 debug : CVideoPlayerVideo::OutputPicture - ttd:351ms pts:20.979 Clock:20.627 Level:5
2025-08-23 16:45:00.850 T:4091 debug : PrepareNextRender: frameOnScreen: 20.632 renderPts: 20.789 nextFramePts: 20.771 -> diff: 0.018 render: 1 forceNext: 0
2025-08-23 16:45:00.850 T:4091 debug : CAMLCodec::ReleaseFrame idx:498, drop:0
2025-08-23 16:45:00.861 T:4323 debug : CVideoPlayer::ProcessVideoData size:228201 dts:28.195 pts:28.195 dur:41.000ms, clock:20.643 level:89
2025-08-23 16:45:00.862 T:4323 debug : CVideoPlayer::ProcessVideoData size:183296 dts:28.237 pts:28.320 dur:41.000ms, clock:20.644 level:89
2025-08-23 16:45:00.864 T:4326 debug : CAMLCodec::AddData: dl:593152 fl:5501696 sz:593068(593152) lv:9.7% dts:21.063 pts:21.230
2025-08-23 16:45:00.870 T:4326 debug : CAMLCodec::AddData: dl:1067392 fl:5027456 sz:474172(474240) lv:17.5% dts:21.104 pts:21.188
2025-08-23 16:45:00.875 T:4323 debug : CVideoPlayer::ProcessVideoData size:147270 dts:28.278 pts:28.403 dur:41.000ms, clock:20.656 level:89
2025-08-23 16:45:00.875 T:4323 debug : CVideoPlayer::ProcessAudioData size:6810 dts:28.421 pts:28.421 dur:92.000ms, clock:20.657 drop:0 level:86
2025-08-23 16:45:00.876 T:4323 debug : CVideoPlayer::ProcessAudioData size:7439 dts:28.513 pts:28.513 dur:92.000ms, clock:20.657 drop:0 level:88
2025-08-23 16:45:00.877 T:4323 debug : CVideoPlayer::ProcessVideoData size:282791 dts:28.320 pts:28.445 dur:41.000ms, clock:20.659 level:90
2025-08-23 16:45:00.879 T:4323 debug : CVideoPlayer::ProcessVideoData size:147070 dts:28.362 pts:28.487 dur:41.000ms, clock:20.660 level:90
2025-08-23 16:45:00.885 T:4091 debug : CAMLCodec::PollFrame elapsed:34.307ms
2025-08-23 16:45:00.887 T:4326 debug : CAMLCodec::DequeueBuffer: pts:21.021 idx:504
2025-08-23 16:45:00.887 T:4326 debug : CAMLCodec::GetPicture: index: 504, pts: 21.021, dur:42.000ms ar:1.78 elf:41ms
2025-08-23 16:45:00.887 T:4326 debug : CVideoPlayerVideo::OutputPicture - ttd:352ms pts:21.021 Clock:20.669 Level:5
2025-08-23 16:45:00.896 T:4327 debug : CVideoPlayerAudio::OutputPacket: pts:21.454 curr_pts:20.653 clock:20.677 level:88
2025-08-23 16:45:00.899 T:4091 debug : PrepareNextRender: frameOnScreen: 20.681 renderPts: 20.838 nextFramePts: 20.812 -> diff: 0.026 render: 1 forceNext: 0
2025-08-23 16:45:00.900 T:4091 debug : CAMLCodec::ReleaseFrame idx:499, drop:0
2025-08-23 16:45:00.905 T:4326 debug : CAMLCodec::AddData: dl:852224 fl:5242624 sz:377902(377984) lv:14.0% dts:21.146 pts:21.146
2025-08-23 16:45:00.910 T:4323 debug : CVideoPlayer::ProcessVideoData size:76540 dts:28.403 pts:28.528 dur:41.000ms, clock:20.692 level:90
2025-08-23 16:45:00.913 T:4323 debug : CVideoPlayer::ProcessAudioData size:7759 dts:28.607 pts:28.607 dur:92.000ms, clock:20.694 drop:0 level:88
2025-08-23 16:45:00.913 T:4323 debug : CVideoPlayer::ProcessAudioData size:7585 dts:28.699 pts:28.699 dur:92.000ms, clock:20.695 drop:0 level:89
2025-08-23 16:45:00.913 T:4323 debug : CVideoPlayer::ProcessAudioData size:7574 dts:28.792 pts:28.792 dur:92.000ms, clock:20.695 drop:0 level:90
2025-08-23 16:45:00.913 T:4323 debug : CVideoPlayer::ProcessAudioData size:7729 dts:28.885 pts:28.885 dur:92.000ms, clock:20.695 drop:0 level:91
2025-08-23 16:45:00.919 T:4323 debug : CVideoPlayer::ProcessVideoData size:189956 dts:28.445 pts:28.737 dur:41.000ms, clock:20.701 level:91
2025-08-23 16:45:00.927 T:4091 debug : CAMLCodec::PollFrame elapsed:26.721ms
2025-08-23 16:45:00.930 T:4326 debug : CAMLCodec::DequeueBuffer: pts:21.063 idx:505
2025-08-23 16:45:00.930 T:4326 debug : CAMLCodec::GetPicture: index: 505, pts: 21.063, dur:42.000ms ar:1.78 elf:42ms
2025-08-23 16:45:00.930 T:4326 debug : CVideoPlayerVideo::OutputPicture - ttd:351ms pts:21.063 Clock:20.712 Level:5
2025-08-23 16:45:00.939 T:4091 debug : PrepareNextRender: frameOnScreen: 20.721 renderPts: 20.878 nextFramePts: 20.854 -> diff: 0.024 render: 1 forceNext: 0
2025-08-23 16:45:00.940 T:4091 debug : CAMLCodec::ReleaseFrame idx:500, drop:0
2025-08-23 16:45:00.945 T:4326 debug : CAMLCodec::AddData: dl:758912 fl:5335936 sz:380842(380928) lv:12.5% dts:21.188 pts:21.271
2025-08-23 16:45:00.946 T:4327 debug : CVideoPlayerAudio::OutputPacket: pts:21.548 curr_pts:20.703 clock:20.727 level:91
2025-08-23 16:45:00.951 T:4323 debug : CVideoPlayer::ProcessVideoData size:111363 dts:28.487 pts:28.654 dur:41.000ms, clock:20.732 level:91
2025-08-23 16:45:00.951 T:4323 debug : CVideoPlayer::ProcessVideoData size:86585 dts:28.528 pts:28.612 dur:41.000ms, clock:20.733 level:91
2025-08-23 16:45:00.952 T:4323 debug : CVideoPlayer::ProcessVideoData size:85807 dts:28.570 pts:28.570 dur:41.000ms, clock:20.734 level:92
2025-08-23 16:45:00.952 T:4323 debug : CVideoPlayer::ProcessVideoData size:100135 dts:28.612 pts:28.695 dur:41.000ms, clock:20.734 level:92
2025-08-23 16:45:00.968 T:4091 debug : CAMLCodec::PollFrame elapsed:27.730ms
2025-08-23 16:45:00.971 T:4326 debug : CAMLCodec::DequeueBuffer: pts:21.104 idx:506
2025-08-23 16:45:00.971 T:4326 debug : CAMLCodec::GetPicture: index: 506, pts: 21.104, dur:41.000ms ar:1.78 elf:40ms
