2025-08-23 16:45:08.990 T:4326 debug : CAMLCodec::AddData: dl:720640 fl:5374208 sz:165770(165888) lv:11.8% dts:29.321 pts:29.446
2025-08-23 16:45:09.019 T:4091 debug : CAMLCodec::PollFrame elapsed:33.293ms
2025-08-23 16:45:09.021 T:4326 debug : CAMLCodec::DequeueBuffer: pts:29.154 idx:699
2025-08-23 16:45:09.021 T:4326 debug : CAMLCodec::GetPicture: index: 699, pts: 29.154, dur:42.000ms ar:1.78 elf:42ms
2025-08-23 16:45:09.021 T:4326 debug : CVideoPlayerVideo::OutputPicture - ttd:352ms pts:29.154 Clock:28.802 Level:5
2025-08-23 16:45:09.026 T:4091 debug : PrepareNextRender: frameOnScreen: 28.806 renderPts: 28.964 nextFramePts: 28.946 -> diff: 0.018 render: 1 forceNext: 0
2025-08-23 16:45:09.026 T:4091 debug : CAMLCodec::ReleaseFrame idx:694, drop:0
2025-08-23 16:45:09.032 T:4326 debug : CAMLCodec::AddData: dl:732416 fl:5362432 sz:156493(156608) lv:12.0% dts:29.363 pts:29.404
2025-08-23 16:45:09.046 T:4327 debug : CVideoPlayerAudio::OutputPacket: pts:29.628 curr_pts:28.804 clock:28.827 level:98
2025-08-23 16:45:09.061 T:4091 debug : CAMLCodec::PollFrame elapsed:34.820ms
2025-08-23 16:45:09.062 T:4326 debug : CAMLCodec::DequeueBuffer: pts:29.196 idx:700
2025-08-23 16:45:09.062 T:4326 debug : CAMLCodec::GetPicture: index: 700, pts: 29.196, dur:42.000ms ar:1.78 elf:40ms
2025-08-23 16:45:09.062 T:4326 debug : CVideoPlayerVideo::OutputPicture - ttd:353ms pts:29.196 Clock:28.843 Level:5
2025-08-23 16:45:09.068 T:4091 debug : PrepareNextRender: frameOnScreen: 28.848 renderPts: 29.006 nextFramePts: 28.987 -> diff: 0.019 render: 1 forceNext: 0
2025-08-23 16:45:09.068 T:4091 debug : CAMLCodec::ReleaseFrame idx:695, drop:0
2025-08-23 16:45:09.074 T:4326 debug : CAMLCodec::AddData: dl:625920 fl:5468928 sz:54414(54528) lv:10.3% dts:29.404 pts:29.529
2025-08-23 16:45:09.103 T:4091 debug : CAMLCodec::PollFrame elapsed:34.550ms
2025-08-23 16:45:09.104 T:4326 debug : CAMLCodec::DequeueBuffer: pts:29.238 idx:701
2025-08-23 16:45:09.104 T:4326 debug : CAMLCodec::GetPicture: index: 701, pts: 29.238, dur:42.000ms ar:1.78 elf:41ms
2025-08-23 16:45:09.104 T:4326 debug : CVideoPlayerVideo::OutputPicture - ttd:353ms pts:29.238 Clock:28.885 Level:5
2025-08-23 16:45:09.109 T:4091 debug : PrepareNextRender: frameOnScreen: 28.890 renderPts: 29.048 nextFramePts: 29.029 -> diff: 0.019 render: 1 forceNext: 0
2025-08-23 16:45:09.110 T:4091 debug : CAMLCodec::ReleaseFrame idx:696, drop:0
2025-08-23 16:45:09.116 T:4326 debug : CAMLCodec::AddData: dl:473664 fl:5621184 sz:96513(96640) lv:7.8% dts:29.446 pts:29.738
2025-08-23 16:45:09.118 T:4326 debug : CAMLCodec::AddData: dl:530368 fl:5564480 sz:56608(56704) lv:8.7% dts:29.488 pts:29.655
2025-08-23 16:45:09.120 T:4326 debug : CAMLCodec::AddData: dl:584192 fl:5510656 sz:53708(53824) lv:9.6% dts:29.529 pts:29.613
2025-08-23 16:45:09.123 T:4326 debug : CAMLCodec::AddData: dl:638912 fl:5455936 sz:54638(54720) lv:10.5% dts:29.571 pts:29.571
2025-08-23 16:45:09.144 T:4091 debug : CAMLCodec::PollFrame elapsed:34.868ms
2025-08-23 16:45:09.147 T:4327 debug : CVideoPlayerAudio::OutputPacket: pts:29.721 curr_pts:28.904 clock:28.927 level:97
2025-08-23 16:45:09.148 T:4326 debug : CAMLCodec::DequeueBuffer: pts:29.279 idx:702
2025-08-23 16:45:09.148 T:4326 debug : CAMLCodec::GetPicture: index: 702, pts: 29.279, dur:41.000ms ar:1.78 elf:43ms
2025-08-23 16:45:09.148 T:4326 debug : CVideoPlayerVideo::OutputPicture - ttd:350ms pts:29.279 Clock:28.928 Level:5
2025-08-23 16:45:09.152 T:4091 debug : PrepareNextRender: frameOnScreen: 28.932 renderPts: 29.090 nextFramePts: 29.071 -> diff: 0.019 render: 1 forceNext: 0
2025-08-23 16:45:09.152 T:4091 debug : CAMLCodec::ReleaseFrame idx:697, drop:0
2025-08-23 16:45:09.158 T:4326 debug : CAMLCodec::AddData: dl:527744 fl:5567104 sz:54611(54720) lv:8.7% dts:29.613 pts:29.696
2025-08-23 16:45:09.161 T:4326 debug : CAMLCodec::AddData: dl:636096 fl:5458752 sz:108270(108352) lv:10.4% dts:29.655 pts:29.947
2025-08-23 16:45:09.186 T:4091 debug : CAMLCodec::PollFrame elapsed:34.237ms
2025-08-23 16:45:09.187 T:4326 debug : CAMLCodec::DequeueBuffer: pts:29.321 idx:703
2025-08-23 16:45:09.187 T:4326 debug : CAMLCodec::GetPicture: index: 703, pts: 29.321, dur:42.000ms ar:1.78 elf:39ms
2025-08-23 16:45:09.187 T:4326 debug : CVideoPlayerVideo::OutputPicture - ttd:353ms pts:29.321 Clock:28.967 Level:5
2025-08-23 16:45:09.193 T:4091 debug : PrepareNextRender: frameOnScreen: 28.973 renderPts: 29.131 nextFramePts: 29.112 -> diff: 0.019 render: 1 forceNext: 0
2025-08-23 16:45:09.193 T:4091 debug : CAMLCodec::ReleaseFrame idx:698, drop:0
2025-08-23 16:45:09.197 T:4326 debug : CAMLCodec::AddData: dl:547968 fl:5546880 sz:68369(68480) lv:9.0% dts:29.696 pts:29.863
2025-08-23 16:45:09.200 T:4326 debug : CAMLCodec::AddData: dl:618496 fl:5476352 sz:70462(70528) lv:10.1% dts:29.738 pts:29.821
2025-08-23 16:45:09.209 T:4323 debug : CVideoPlayer::ProcessAudioData size:8024 dts:37.616 pts:37.616 dur:92.000ms, clock:28.989 drop:0 level:97
2025-08-23 16:45:09.209 T:4323 debug : CVideoPlayer::ProcessAudioData size:8034 dts:37.708 pts:37.708 dur:92.000ms, clock:28.989 drop:0 level:98
2025-08-23 16:45:09.214 T:4323 debug : CVideoPlayer::ProcessVideoData size:654857 dts:37.454 pts:37.746 dur:41.000ms, clock:28.994 level:96
2025-08-23 16:45:09.228 T:4091 debug : CAMLCodec::PollFrame elapsed:34.543ms
2025-08-23 16:45:09.230 T:4326 debug : CAMLCodec::DequeueBuffer: pts:29.363 idx:704
2025-08-23 16:45:09.230 T:4326 debug : CAMLCodec::GetPicture: index: 704, pts: 29.363, dur:42.000ms ar:1.78 elf:42ms
2025-08-23 16:45:09.230 T:4326 debug : CVideoPlayerVideo::OutputPicture - ttd:352ms pts:29.363 Clock:29.010 Level:5
2025-08-23 16:45:09.231 T:4326 debug : CAMLCodec::DequeueBuffer: pts:29.404 idx:705
2025-08-23 16:45:09.232 T:4326 debug : CAMLCodec::GetPicture: index: 705, pts: 29.404, dur:41.000ms ar:1.78 elf:1ms
2025-08-23 16:45:09.232 T:4326 debug : CVideoPlayerVideo::OutputPicture - ttd:392ms pts:29.404 Clock:29.012 Level:6
2025-08-23 16:45:09.233 T:4326 debug : CAMLCodec::DequeueBuffer: pts:29.446 idx:706
2025-08-23 16:45:09.233 T:4326 debug : CAMLCodec::GetPicture: index: 706, pts: 29.446, dur:42.000ms ar:1.78 elf:1ms
2025-08-23 16:45:09.238 T:4091 debug : PrepareNextRender: frameOnScreen: 29.018 renderPts: 29.176 nextFramePts: 29.154 -> diff: 0.022 render: 1 forceNext: 0
2025-08-23 16:45:09.238 T:4091 debug : CAMLCodec::ReleaseFrame idx:699, drop:0
2025-08-23 16:45:09.238 T:4326 debug : CVideoPlayerVideo::OutputPicture - ttd:432ms pts:29.446 Clock:29.013 Level:6
2025-08-23 16:45:09.239 T:4326 debug : CAMLCodec::DequeueBuffer: pts:29.488 idx:707
2025-08-23 16:45:09.239 T:4326 debug : CAMLCodec::GetPicture: index: 707, pts: 29.488, dur:42.000ms ar:1.78 elf:5ms
2025-08-23 16:45:09.247 T:4327 debug : CVideoPlayerAudio::OutputPacket: pts:29.814 curr_pts:29.003 clock:29.027 level:98
2025-08-23 16:45:09.270 T:4091 debug : CAMLCodec::PollFrame elapsed:31.909ms
2025-08-23 16:45:09.278 T:4091 debug : PrepareNextRender: frameOnScreen: 29.058 renderPts: 29.216 nextFramePts: 29.196 -> diff: 0.020 render: 1 forceNext: 0
2025-08-23 16:45:09.278 T:4326 debug : CVideoPlayerVideo::OutputPicture - ttd:468ms pts:29.488 Clock:29.019 Level:6
2025-08-23 16:45:09.278 T:4091 debug : CAMLCodec::ReleaseFrame idx:700, drop:0
2025-08-23 16:45:09.282 T:4326 debug : CAMLCodec::AddData: dl:543872 fl:5550976 sz:76449(76544) lv:8.9% dts:29.780 pts:29.780
2025-08-23 16:45:09.284 T:4326 debug : CAMLCodec::AddData: dl:623104 fl:5471744 sz:79139(79232) lv:10.2% dts:29.821 pts:29.905
2025-08-23 16:45:09.311 T:4091 debug : CAMLCodec::PollFrame elapsed:33.001ms
2025-08-23 16:45:09.319 T:4091 debug : PrepareNextRender: frameOnScreen: 29.099 renderPts: 29.257 nextFramePts: 29.238 -> diff: 0.019 render: 1 forceNext: 0
2025-08-23 16:45:09.319 T:4091 debug : CAMLCodec::ReleaseFrame idx:701, drop:0
2025-08-23 16:45:09.323 T:4326 debug : CAMLCodec::AddData: dl:734016 fl:5360832 sz:167521(167616) lv:12.0% dts:29.863 pts:30.072
2025-08-23 16:45:09.347 T:4327 debug : CVideoPlayerAudio::OutputPacket: pts:29.907 curr_pts:29.104 clock:29.127 level:97
2025-08-23 16:45:09.353 T:4091 debug : CAMLCodec::PollFrame elapsed:34.323ms
2025-08-23 16:45:09.360 T:4091 debug : PrepareNextRender: frameOnScreen: 29.140 renderPts: 29.298 nextFramePts: 29.279 -> diff: 0.019 render: 1 forceNext: 0
2025-08-23 16:45:09.360 T:4091 debug : CAMLCodec::ReleaseFrame idx:702, drop:0
2025-08-23 16:45:09.395 T:4091 debug : CAMLCodec::PollFrame elapsed:34.339ms
2025-08-23 16:45:09.395 T:4326 debug : CAMLCodec::DequeueBuffer: pts:29.529 idx:708
2025-08-23 16:45:09.396 T:4326 debug : CAMLCodec::GetPicture: index: 708, pts: 29.529, dur:41.000ms ar:1.78 elf:156ms
2025-08-23 16:45:09.396 T:4326 debug : CVideoPlayerVideo::OutputPicture - ttd:353ms pts:29.529 Clock:29.176 Level:5
2025-08-23 16:45:09.402 T:4091 debug : PrepareNextRender: frameOnScreen: 29.183 renderPts: 29.341 nextFramePts: 29.321 -> diff: 0.020 render: 1 forceNext: 0
2025-08-23 16:45:09.403 T:4091 debug : CAMLCodec::ReleaseFrame idx:703, drop:0
2025-08-23 16:45:09.437 T:4091 debug : CAMLCodec::PollFrame elapsed:33.790ms
2025-08-23 16:45:09.438 T:4326 debug : CAMLCodec::DequeueBuffer: pts:29.571 idx:709
2025-08-23 16:45:09.439 T:4326 debug : CAMLCodec::GetPicture: index: 709, pts: 29.571, dur:42.000ms ar:1.78 elf:42ms
2025-08-23 16:45:09.439 T:4326 debug : CVideoPlayerVideo::OutputPicture - ttd:352ms pts:29.571 Clock:29.219 Level:5
2025-08-23 16:45:09.444 T:4091 debug : PrepareNextRender: frameOnScreen: 29.224 renderPts: 29.382 nextFramePts: 29.363 -> diff: 0.019 render: 1 forceNext: 0
2025-08-23 16:45:09.444 T:4091 debug : CAMLCodec::ReleaseFrame idx:704, drop:0
2025-08-23 16:45:09.447 T:4327 debug : CVideoPlayerAudio::OutputPacket: pts:30.000 curr_pts:29.204 clock:29.227 level:96
2025-08-23 16:45:09.448 T:4326 debug : CAMLCodec::AddData: dl:650624 fl:5444224 sz:79794(79872) lv:10.7% dts:29.905 pts:30.030
2025-08-23 16:45:09.478 T:4091 debug : CAMLCodec::PollFrame elapsed:33.993ms
2025-08-23 16:45:09.479 T:4326 debug : CAMLCodec::DequeueBuffer: pts:29.613 idx:710
2025-08-23 16:45:09.479 T:4326 debug : CAMLCodec::GetPicture: index: 710, pts: 29.613, dur:42.000ms ar:1.78 elf:40ms
2025-08-23 16:45:09.479 T:4326 debug : CVideoPlayerVideo::OutputPicture - ttd:353ms pts:29.613 Clock:29.259 Level:5
2025-08-23 16:45:09.487 T:4091 debug : PrepareNextRender: frameOnScreen: 29.267 renderPts: 29.425 nextFramePts: 29.404 -> diff: 0.021 render: 1 forceNext: 0
2025-08-23 16:45:09.487 T:4091 debug : CAMLCodec::ReleaseFrame idx:705, drop:0
2025-08-23 16:45:09.488 T:4326 debug : CAMLCodec::AddData: dl:615552 fl:5479296 sz:73174(73280) lv:10.1% dts:29.947 pts:29.988
2025-08-23 16:45:09.496 T:4327 debug : CVideoPlayerAudio::OutputPacket: pts:30.093 curr_pts:29.253 clock:29.277 level:95
2025-08-23 16:45:09.520 T:4091 debug : CAMLCodec::PollFrame elapsed:33.213ms
2025-08-23 16:45:09.523 T:4326 debug : CAMLCodec::DequeueBuffer: pts:29.655 idx:711
2025-08-23 16:45:09.523 T:4326 debug : CAMLCodec::GetPicture: index: 711, pts: 29.655, dur:42.000ms ar:1.78 elf:43ms
2025-08-23 16:45:09.523 T:4326 debug : CVideoPlayerVideo::OutputPicture - ttd:351ms pts:29.655 Clock:29.304 Level:5
2025-08-23 16:45:09.528 T:4091 debug : PrepareNextRender: frameOnScreen: 29.308 renderPts: 29.466 nextFramePts: 29.446 -> diff: 0.020 render: 1 forceNext: 0
2025-08-23 16:45:09.528 T:4091 debug : CAMLCodec::ReleaseFrame idx:706, drop:0
2025-08-23 16:45:09.532 T:4326 debug : CAMLCodec::AddData: dl:789376 fl:5305472 sz:242199(242304) lv:13.0% dts:29.988 pts:30.155
2025-08-23 16:45:09.539 T:4323 debug : CVideoPlayer::ProcessVideoData size:473068 dts:37.496 pts:37.663 dur:41.000ms, clock:29.319 level:93
2025-08-23 16:45:09.562 T:4091 debug : CAMLCodec::PollFrame elapsed:33.451ms
2025-08-23 16:45:09.563 T:4326 debug : CAMLCodec::DequeueBuffer: pts:29.696 idx:712
2025-08-23 16:45:09.564 T:4326 debug : CAMLCodec::GetPicture: index: 712, pts: 29.696, dur:41.000ms ar:1.78 elf:40ms
2025-08-23 16:45:09.564 T:4326 debug : CVideoPlayerVideo::OutputPicture - ttd:352ms pts:29.696 Clock:29.344 Level:5
2025-08-23 16:45:09.570 T:4091 debug : PrepareNextRender: frameOnScreen: 29.350 renderPts: 29.508 nextFramePts: 29.488 -> diff: 0.020 render: 1 forceNext: 0
2025-08-23 16:45:09.570 T:4091 debug : CAMLCodec::ReleaseFrame idx:707, drop:0
2025-08-23 16:45:09.597 T:4327 debug : CVideoPlayerAudio::OutputPacket: pts:30.186 curr_pts:29.354 clock:29.377 level:93
2025-08-23 16:45:09.603 T:4091 debug : CAMLCodec::PollFrame elapsed:33.084ms
2025-08-23 16:45:09.606 T:4326 debug : CAMLCodec::DequeueBuffer: pts:29.738 idx:713
2025-08-23 16:45:09.606 T:4326 debug : CAMLCodec::GetPicture: index: 713, pts: 29.738, dur:42.000ms ar:1.78 elf:42ms
2025-08-23 16:45:09.606 T:4326 debug : CVideoPlayerVideo::OutputPicture - ttd:351ms pts:29.738 Clock:29.387 Level:5
2025-08-23 16:45:09.612 T:4091 debug : PrepareNextRender: frameOnScreen: 29.392 renderPts: 29.550 nextFramePts: 29.529 -> diff: 0.021 render: 1 forceNext: 0
2025-08-23 16:45:09.612 T:4091 debug : CAMLCodec::ReleaseFrame idx:708, drop:0
2025-08-23 16:45:09.645 T:4091 debug : CAMLCodec::PollFrame elapsed:33.147ms
2025-08-23 16:45:09.647 T:4326 debug : CAMLCodec::DequeueBuffer: pts:29.780 idx:714
2025-08-23 16:45:09.647 T:4326 debug : CAMLCodec::GetPicture: index: 714, pts: 29.780, dur:42.000ms ar:1.78 elf:40ms
2025-08-23 16:45:09.647 T:4326 debug : CVideoPlayerVideo::OutputPicture - ttd:353ms pts:29.780 Clock:29.427 Level:5
2025-08-23 16:45:09.653 T:4091 debug : PrepareNextRender: frameOnScreen: 29.433 renderPts: 29.591 nextFramePts: 29.571 -> diff: 0.020 render: 1 forceNext: 0
2025-08-23 16:45:09.653 T:4091 debug : CAMLCodec::ReleaseFrame idx:709, drop:0
2025-08-23 16:45:09.656 T:4326 debug : CAMLCodec::AddData: dl:654016 fl:5440832 sz:90856(90944) lv:10.7% dts:30.030 pts:30.113
2025-08-23 16:45:09.687 T:4091 debug : CAMLCodec::PollFrame elapsed:33.819ms
2025-08-23 16:45:09.690 T:4326 debug : CAMLCodec::DequeueBuffer: pts:29.821 idx:715
2025-08-23 16:45:09.690 T:4326 debug : CAMLCodec::GetPicture: index: 715, pts: 29.821, dur:41.000ms ar:1.78 elf:42ms
2025-08-23 16:45:09.690 T:4326 debug : CVideoPlayerVideo::OutputPicture - ttd:350ms pts:29.821 Clock:29.470 Level:5
2025-08-23 16:45:09.697 T:4327 debug : CVideoPlayerAudio::OutputPacket: pts:30.278 curr_pts:29.454 clock:29.477 level:92
2025-08-23 16:45:09.697 T:4091 debug : PrepareNextRender: frameOnScreen: 29.476 renderPts: 29.634 nextFramePts: 29.613 -> diff: 0.021 render: 1 forceNext: 0
2025-08-23 16:45:09.698 T:4091 debug : CAMLCodec::ReleaseFrame idx:710, drop:0
2025-08-23 16:45:09.700 T:4326 debug : CAMLCodec::AddData: dl:753984 fl:5340864 sz:267517(267584) lv:12.4% dts:30.072 pts:30.322
2025-08-23 16:45:09.729 T:4091 debug : CAMLCodec::PollFrame elapsed:30.337ms
2025-08-23 16:45:09.731 T:4326 debug : CAMLCodec::DequeueBuffer: pts:29.863 idx:716
2025-08-23 16:45:09.731 T:4326 debug : CAMLCodec::GetPicture: index: 716, pts: 29.863, dur:42.000ms ar:1.78 elf:40ms
2025-08-23 16:45:09.731 T:4326 debug : CVideoPlayerVideo::OutputPicture - ttd:351ms pts:29.863 Clock:29.511 Level:5
2025-08-23 16:45:09.737 T:4091 debug : PrepareNextRender: frameOnScreen: 29.517 renderPts: 29.675 nextFramePts: 29.655 -> diff: 0.020 render: 1 forceNext: 0
2025-08-23 16:45:09.737 T:4091 debug : CAMLCodec::ReleaseFrame idx:711, drop:0
2025-08-23 16:45:09.770 T:4091 debug : CAMLCodec::PollFrame elapsed:32.732ms
2025-08-23 16:45:09.772 T:4326 debug : CAMLCodec::DequeueBuffer: pts:29.905 idx:717
2025-08-23 16:45:09.772 T:4326 debug : CAMLCodec::GetPicture: index: 717, pts: 29.905, dur:42.000ms ar:1.78 elf:40ms
2025-08-23 16:45:09.772 T:4326 debug : CVideoPlayerVideo::OutputPicture - ttd:353ms pts:29.905 Clock:29.552 Level:5
2025-08-23 16:45:09.778 T:4091 debug : PrepareNextRender: frameOnScreen: 29.558 renderPts: 29.716 nextFramePts: 29.696 -> diff: 0.020 render: 1 forceNext: 0
2025-08-23 16:45:09.778 T:4091 debug : CAMLCodec::ReleaseFrame idx:712, drop:0
2025-08-23 16:45:09.781 T:4326 debug : CAMLCodec::AddData: dl:832256 fl:5262592 sz:231329(231424) lv:13.7% dts:30.113 pts:30.239
2025-08-23 16:45:09.783 T:4323 debug : CVideoPlayer::ProcessVideoData size:451831 dts:37.537 pts:37.621 dur:41.000ms, clock:29.564 level:92
2025-08-23 16:45:09.797 T:4327 debug : CVideoPlayerAudio::OutputPacket: pts:30.371 curr_pts:29.553 clock:29.577 level:91
2025-08-23 16:45:09.812 T:4091 debug : CAMLCodec::PollFrame elapsed:33.480ms
2025-08-23 16:45:09.815 T:4326 debug : CAMLCodec::DequeueBuffer: pts:29.947 idx:718
2025-08-23 16:45:09.815 T:4326 debug : CAMLCodec::GetPicture: index: 718, pts: 29.947, dur:42.000ms ar:1.78 elf:42ms
2025-08-23 16:45:09.815 T:4326 debug : CVideoPlayerVideo::OutputPicture - ttd:352ms pts:29.947 Clock:29.595 Level:5
2025-08-23 16:45:09.819 T:4091 debug : PrepareNextRender: frameOnScreen: 29.599 renderPts: 29.757 nextFramePts: 29.738 -> diff: 0.019 render: 1 forceNext: 0
2025-08-23 16:45:09.820 T:4091 debug : CAMLCodec::ReleaseFrame idx:713, drop:0
2025-08-23 16:45:09.825 T:4326 debug : CAMLCodec::AddData: dl:740096 fl:5354752 sz:150028(150144) lv:12.1% dts:30.155 pts:30.197
2025-08-23 16:45:09.854 T:4091 debug : CAMLCodec::PollFrame elapsed:34.000ms
2025-08-23 16:45:09.856 T:4326 debug : CAMLCodec::DequeueBuffer: pts:29.988 idx:719
2025-08-23 16:45:09.856 T:4326 debug : CAMLCodec::GetPicture: index: 719, pts: 29.988, dur:41.000ms ar:1.78 elf:40ms
2025-08-23 16:45:09.856 T:4326 debug : CVideoPlayerVideo::OutputPicture - ttd:352ms pts:29.988 Clock:29.636 Level:5
2025-08-23 16:45:09.860 T:4091 debug : PrepareNextRender: frameOnScreen: 29.640 renderPts: 29.798 nextFramePts: 29.780 -> diff: 0.018 render: 1 forceNext: 0
2025-08-23 16:45:09.860 T:4091 debug : CAMLCodec::ReleaseFrame idx:714, drop:0
2025-08-23 16:45:09.895 T:4091 debug : CAMLCodec::PollFrame elapsed:35.145ms
2025-08-23 16:45:09.896 T:4326 debug : CAMLCodec::DequeueBuffer: pts:30.030 idx:720
2025-08-23 16:45:09.897 T:4326 debug : CAMLCodec::GetPicture: index: 720, pts: 30.030, dur:42.000ms ar:1.78 elf:40ms
2025-08-23 16:45:09.897 T:4326 debug : CVideoPlayerVideo::OutputPicture - ttd:353ms pts:30.030 Clock:29.677 Level:5
2025-08-23 16:45:09.898 T:4327 debug : CVideoPlayerAudio::OutputPacket: pts:30.464 curr_pts:29.654 clock:29.678 level:90
2025-08-23 16:45:09.904 T:4091 debug : PrepareNextRender: frameOnScreen: 29.684 renderPts: 29.843 nextFramePts: 29.821 -> diff: 0.022 render: 1 forceNext: 0
2025-08-23 16:45:09.904 T:4091 debug : CAMLCodec::ReleaseFrame idx:715, drop:0
2025-08-23 16:45:09.906 T:4323 debug : CVideoPlayer::ProcessVideoData size:335464 dts:37.579 pts:37.579 dur:41.000ms, clock:29.686 level:92
2025-08-23 16:45:09.907 T:4326 debug : CAMLCodec::AddData: dl:571072 fl:5523776 sz:189381(189504) lv:9.4% dts:30.197 pts:30.280
2025-08-23 16:45:09.910 T:4326 debug : CAMLCodec::AddData: dl:884864 fl:5209984 sz:313725(313792) lv:14.5% dts:30.239 pts:30.489
2025-08-23 16:45:09.919 T:4323 debug : CVideoPlayer::ProcessVideoData size:346337 dts:37.621 pts:37.704 dur:41.000ms, clock:29.699 level:92
2025-08-23 16:45:09.937 T:4091 debug : CAMLCodec::PollFrame elapsed:33.135ms
2025-08-23 16:45:09.940 T:4326 debug : CAMLCodec::DequeueBuffer: pts:30.072 idx:721
2025-08-23 16:45:09.940 T:4326 debug : CAMLCodec::GetPicture: index: 721, pts: 30.072, dur:42.000ms ar:1.78 elf:42ms
2025-08-23 16:45:09.940 T:4326 debug : CVideoPlayerVideo::OutputPicture - ttd:352ms pts:30.072 Clock:29.720 Level:5
2025-08-23 16:45:09.945 T:4091 debug : PrepareNextRender: frameOnScreen: 29.725 renderPts: 29.884 nextFramePts: 29.863 -> diff: 0.021 render: 1 forceNext: 0
2025-08-23 16:45:09.945 T:4091 debug : CAMLCodec::ReleaseFrame idx:716, drop:0
2025-08-23 16:45:09.979 T:4091 debug : CAMLCodec::PollFrame elapsed:33.590ms
2025-08-23 16:45:09.980 T:4326 debug : CAMLCodec::DequeueBuffer: pts:30.113 idx:722
2025-08-23 16:45:09.980 T:4326 debug : CAMLCodec::GetPicture: index: 722, pts: 30.113, dur:41.000ms ar:1.78 elf:40ms
2025-08-23 16:45:09.980 T:4326 debug : CVideoPlayerVideo::OutputPicture - ttd:352ms pts:30.113 Clock:29.760 Level:5
2025-08-23 16:45:09.987 T:4091 debug : PrepareNextRender: frameOnScreen: 29.767 renderPts: 29.926 nextFramePts: 29.905 -> diff: 0.021 render: 1 forceNext: 0
2025-08-23 16:45:09.987 T:4091 debug : CAMLCodec::ReleaseFrame idx:717, drop:0
2025-08-23 16:45:09.990 T:4326 debug : CAMLCodec::AddData: dl:746688 fl:5348160 sz:243295(243392) lv:12.3% dts:30.280 pts:30.405
2025-08-23 16:45:09.997 T:4327 debug : CVideoPlayerAudio::OutputPacket: pts:30.557 curr_pts:29.754 clock:29.777 level:89
2025-08-23 16:45:10.021 T:4091 debug : CAMLCodec::PollFrame elapsed:33.596ms
2025-08-23 16:45:10.022 T:4326 debug : CAMLCodec::DequeueBuffer: pts:30.155 idx:723
2025-08-23 16:45:10.022 T:4326 debug : CAMLCodec::GetPicture: index: 723, pts: 30.155, dur:42.000ms ar:1.78 elf:41ms
2025-08-23 16:45:10.022 T:4326 debug : CVideoPlayerVideo::OutputPicture - ttd:353ms pts:30.155 Clock:29.802 Level:5
2025-08-23 16:45:10.028 T:4091 debug : PrepareNextRender: frameOnScreen: 29.808 renderPts: 29.967 nextFramePts: 29.947 -> diff: 0.020 render: 1 forceNext: 0
2025-08-23 16:45:10.028 T:4091 debug : CAMLCodec::ReleaseFrame idx:718, drop:0
2025-08-23 16:45:10.032 T:4323 debug : CVideoPlayer::ProcessAudioData size:7998 dts:37.802 pts:37.802 dur:92.000ms, clock:29.812 drop:0 level:89
2025-08-23 16:45:10.032 T:4323 debug : CVideoPlayer::ProcessAudioData size:8036 dts:37.894 pts:37.894 dur:92.000ms, clock:29.812 drop:0 level:90
2025-08-23 16:45:10.037 T:4326 debug : CAMLCodec::AddData: dl:662976 fl:5431872 sz:105705(105792) lv:10.9% dts:30.322 pts:30.364
2025-08-23 16:45:10.037 T:4323 debug : CVideoPlayer::ProcessVideoData size:611752 dts:37.663 pts:37.955 dur:41.000ms, clock:29.817 level:91
2025-08-23 16:45:10.062 T:4091 debug : CAMLCodec::PollFrame elapsed:33.962ms
2025-08-23 16:45:10.066 T:4326 debug : CAMLCodec::DequeueBuffer: pts:30.197 idx:724
2025-08-23 16:45:10.066 T:4326 debug : CAMLCodec::GetPicture: index: 724, pts: 30.197, dur:42.000ms ar:1.78 elf:43ms
2025-08-23 16:45:10.066 T:4326 debug : CVideoPlayerVideo::OutputPicture - ttd:351ms pts:30.197 Clock:29.846 Level:5
2025-08-23 16:45:10.073 T:4091 debug : PrepareNextRender: frameOnScreen: 29.853 renderPts: 30.012 nextFramePts: 29.988 -> diff: 0.024 render: 1 forceNext: 0
2025-08-23 16:45:10.074 T:4091 debug : CAMLCodec::ReleaseFrame idx:719, drop:0
2025-08-23 16:45:10.077 T:4326 debug : CAMLCodec::AddData: dl:472704 fl:5622144 sz:123396(123520) lv:7.8% dts:30.364 pts:30.447
2025-08-23 16:45:10.080 T:4326 debug : CAMLCodec::AddData: dl:689280 fl:5405568 sz:216458(216576) lv:11.3% dts:30.405 pts:30.530
2025-08-23 16:45:10.097 T:4327 debug : CVideoPlayerAudio::OutputPacket: pts:30.649 curr_pts:29.854 clock:29.878 level:90
2025-08-23 16:45:10.104 T:4091 debug : CAMLCodec::PollFrame elapsed:30.339ms
2025-08-23 16:45:10.105 T:4326 debug : CAMLCodec::DequeueBuffer: pts:30.239 idx:725
2025-08-23 16:45:10.105 T:4326 debug : CAMLCodec::GetPicture: index: 725, pts: 30.239, dur:42.000ms ar:1.78 elf:39ms
2025-08-23 16:45:10.105 T:4326 debug : CVideoPlayerVideo::OutputPicture - ttd:353ms pts:30.239 Clock:29.885 Level:5
2025-08-23 16:45:10.110 T:4091 debug : PrepareNextRender: frameOnScreen: 29.890 renderPts: 30.049 nextFramePts: 30.030 -> diff: 0.019 render: 1 forceNext: 0
2025-08-23 16:45:10.110 T:4091 debug : CAMLCodec::ReleaseFrame idx:720, drop:0
2025-08-23 16:45:10.116 T:4326 debug : CAMLCodec::AddData: dl:770688 fl:5324160 sz:324685(324800) lv:12.6% dts:30.447 pts:30.614
2025-08-23 16:45:10.120 T:4323 debug : CVideoPlayer::ProcessVideoData size:450074 dts:37.704 pts:37.871 dur:41.000ms, clock:29.900 level:90
2025-08-23 16:45:10.146 T:4091 debug : CAMLCodec::PollFrame elapsed:35.534ms
2025-08-23 16:45:10.147 T:4327 debug : CVideoPlayerAudio::OutputPacket: pts:30.742 curr_pts:29.903 clock:29.927 level:89
2025-08-23 16:45:10.148 T:4326 debug : CAMLCodec::DequeueBuffer: pts:30.280 idx:726
2025-08-23 16:45:10.148 T:4326 debug : CAMLCodec::GetPicture: index: 726, pts: 30.280, dur:41.000ms ar:1.78 elf:42ms
2025-08-23 16:45:10.148 T:4326 debug : CVideoPlayerVideo::OutputPicture - ttd:352ms pts:30.280 Clock:29.928 Level:5
2025-08-23 16:45:10.155 T:4091 debug : PrepareNextRender: frameOnScreen: 29.935 renderPts: 30.094 nextFramePts: 30.072 -> diff: 0.022 render: 1 forceNext: 0
2025-08-23 16:45:10.156 T:4091 debug : CAMLCodec::ReleaseFrame idx:721, drop:0
2025-08-23 16:45:10.187 T:4091 debug : CAMLCodec::PollFrame elapsed:31.697ms
2025-08-23 16:45:10.190 T:4326 debug : CAMLCodec::DequeueBuffer: pts:30.322 idx:727
2025-08-23 16:45:10.190 T:4326 debug : CAMLCodec::GetPicture: index: 727, pts: 30.322, dur:42.000ms ar:1.78 elf:41ms
2025-08-23 16:45:10.190 T:4326 debug : CVideoPlayerVideo::OutputPicture - ttd:352ms pts:30.322 Clock:29.970 Level:5
2025-08-23 16:45:10.196 T:4091 debug : PrepareNextRender: frameOnScreen: 29.976 renderPts: 30.135 nextFramePts: 30.113 -> diff: 0.022 render: 1 forceNext: 0
2025-08-23 16:45:10.197 T:4091 debug : CAMLCodec::ReleaseFrame idx:722, drop:0
2025-08-23 16:45:10.199 T:4326 debug : CAMLCodec::AddData: dl:750912 fl:5343936 sz:209458(209536) lv:12.3% dts:30.489 pts:30.572
2025-08-23 16:45:10.229 T:4091 debug : CAMLCodec::PollFrame elapsed:32.482ms
2025-08-23 16:45:10.231 T:4326 debug : CAMLCodec::DequeueBuffer: pts:30.364 idx:728
2025-08-23 16:45:10.231 T:4326 debug : CAMLCodec::GetPicture: index: 728, pts: 30.364, dur:42.000ms ar:1.78 elf:40ms
2025-08-23 16:45:10.231 T:4326 debug : CVideoPlayerVideo::OutputPicture - ttd:352ms pts:30.364 Clock:30.011 Level:5
2025-08-23 16:45:10.232 T:4326 debug : CAMLCodec::DequeueBuffer: pts:30.405 idx:729
2025-08-23 16:45:10.232 T:4326 debug : CAMLCodec::GetPicture: index: 729, pts: 30.405, dur:41.000ms ar:1.78 elf:1ms
2025-08-23 16:45:10.232 T:4326 debug : CVideoPlayerVideo::OutputPicture - ttd:392ms pts:30.405 Clock:30.012 Level:6
2025-08-23 16:45:10.234 T:4326 debug : CAMLCodec::DequeueBuffer: pts:30.447 idx:730
2025-08-23 16:45:10.234 T:4326 debug : CAMLCodec::GetPicture: index: 730, pts: 30.447, dur:42.000ms ar:1.78 elf:1ms
2025-08-23 16:45:10.238 T:4091 debug : PrepareNextRender: frameOnScreen: 30.018 renderPts: 30.176 nextFramePts: 30.155 -> diff: 0.021 render: 1 forceNext: 0
2025-08-23 16:45:10.238 T:4326 debug : CVideoPlayerVideo::OutputPicture - ttd:433ms pts:30.447 Clock:30.014 Level:6
2025-08-23 16:45:10.238 T:4091 debug : CAMLCodec::ReleaseFrame idx:723, drop:0
2025-08-23 16:45:10.239 T:4326 debug : CAMLCodec::DequeueBuffer: pts:30.489 idx:731
2025-08-23 16:45:10.239 T:4326 debug : CAMLCodec::GetPicture: index: 731, pts: 30.489, dur:42.000ms ar:1.78 elf:5ms
2025-08-23 16:45:10.247 T:4327 debug : CVideoPlayerAudio::OutputPacket: pts:30.836 curr_pts:30.003 clock:30.027 level:88
2025-08-23 16:45:10.271 T:4091 debug : CAMLCodec::PollFrame elapsed:32.970ms
2025-08-23 16:45:10.278 T:4091 debug : PrepareNextRender: frameOnScreen: 30.057 renderPts: 30.216 nextFramePts: 30.197 -> diff: 0.019 render: 1 forceNext: 0
2025-08-23 16:45:10.278 T:4326 debug : CVideoPlayerVideo::OutputPicture - ttd:469ms pts:30.489 Clock:30.019 Level:6
2025-08-23 16:45:10.278 T:4091 debug : CAMLCodec::ReleaseFrame idx:724, drop:0
2025-08-23 16:45:10.283 T:4323 debug : CVideoPlayer::ProcessVideoData size:432726 dts:37.746 pts:37.829 dur:41.000ms, clock:30.063 level:90
2025-08-23 16:45:10.283 T:4326 debug : CAMLCodec::AddData: dl:889920 fl:5204928 sz:355519(355584) lv:14.6% dts:30.530 pts:30.822
2025-08-23 16:45:10.286 T:4326 debug : CAMLCodec::AddData: dl:785792 fl:5309056 sz:220556(220672) lv:12.9% dts:30.572 pts:30.739
2025-08-23 16:45:10.295 T:4323 debug : CVideoPlayer::ProcessVideoData size:342810 dts:37.788 pts:37.788 dur:41.000ms, clock:30.075 level:90
2025-08-23 16:45:10.313 T:4091 debug : CAMLCodec::PollFrame elapsed:34.898ms
2025-08-23 16:45:10.325 T:4326 debug : CAMLCodec::AddData: dl:789248 fl:5305600 sz:212915(212992) lv:12.9% dts:30.614 pts:30.697
2025-08-23 16:45:10.327 T:4091 debug : PrepareNextRender: frameOnScreen: 30.107 renderPts: 30.266 nextFramePts: 30.239 -> diff: 0.027 render: 1 forceNext: 0
2025-08-23 16:45:10.327 T:4091 debug : CAMLCodec::ReleaseFrame idx:725, drop:0
2025-08-23 16:45:10.347 T:4327 debug : CVideoPlayerAudio::OutputPacket: pts:30.928 curr_pts:30.104 clock:30.127 level:86
2025-08-23 16:45:10.354 T:4091 debug : CAMLCodec::PollFrame elapsed:27.373ms
2025-08-23 16:45:10.361 T:4091 debug : PrepareNextRender: frameOnScreen: 30.141 renderPts: 30.300 nextFramePts: 30.280 -> diff: 0.020 render: 1 forceNext: 0
2025-08-23 16:45:10.361 T:4091 debug : CAMLCodec::ReleaseFrame idx:726, drop:0
2025-08-23 16:45:10.368 T:4323 debug : CVideoPlayer::ProcessVideoData size:324745 dts:37.829 pts:37.913 dur:41.000ms, clock:30.148 level:89
2025-08-23 16:45:10.368 T:4326 debug : CAMLCodec::AddData: dl:618944 fl:5475904 sz:185157(185280) lv:10.2% dts:30.656 pts:30.656
2025-08-23 16:45:10.396 T:4091 debug : CAMLCodec::PollFrame elapsed:34.529ms
2025-08-23 16:45:10.397 T:4326 debug : CAMLCodec::DequeueBuffer: pts:30.530 idx:732
2025-08-23 16:45:10.397 T:4326 debug : CAMLCodec::GetPicture: index: 732, pts: 30.530, dur:41.000ms ar:1.78 elf:157ms
2025-08-23 16:45:10.397 T:4326 debug : CVideoPlayerVideo::OutputPicture - ttd:352ms pts:30.530 Clock:30.177 Level:5
2025-08-23 16:45:10.405 T:4091 debug : PrepareNextRender: frameOnScreen: 30.185 renderPts: 30.344 nextFramePts: 30.322 -> diff: 0.022 render: 1 forceNext: 0
2025-08-23 16:45:10.405 T:4091 debug : CAMLCodec::ReleaseFrame idx:727, drop:0
2025-08-23 16:45:10.409 T:4326 debug : CAMLCodec::AddData: dl:593536 fl:5501312 sz:195196(195264) lv:9.7% dts:30.697 pts:30.781
2025-08-23 16:45:10.412 T:4326 debug : CAMLCodec::AddData: dl:998528 fl:5096320 sz:404897(404992) lv:16.4% dts:30.739 pts:31.031
2025-08-23 16:45:10.419 T:4323 debug : CVideoPlayer::ProcessAudioData size:8044 dts:37.988 pts:37.988 dur:92.000ms, clock:30.199 drop:0 level:86
2025-08-23 16:45:10.420 T:4323 debug : CVideoPlayer::ProcessAudioData size:8044 dts:38.080 pts:38.080 dur:92.000ms, clock:30.200 drop:0 level:88
2025-08-23 16:45:10.425 T:4323 debug : CVideoPlayer::ProcessVideoData size:614811 dts:37.871 pts:38.163 dur:41.000ms, clock:30.205 level:89
2025-08-23 16:45:10.438 T:4091 debug : CAMLCodec::PollFrame elapsed:32.619ms
2025-08-23 16:45:10.439 T:4326 debug : CAMLCodec::DequeueBuffer: pts:30.572 idx:733
2025-08-23 16:45:10.440 T:4326 debug : CAMLCodec::GetPicture: index: 733, pts: 30.572, dur:42.000ms ar:1.78 elf:42ms
2025-08-23 16:45:10.440 T:4326 debug : CVideoPlayerVideo::OutputPicture - ttd:352ms pts:30.572 Clock:30.220 Level:5
2025-08-23 16:45:10.447 T:4327 debug : CVideoPlayerAudio::OutputPacket: pts:31.021 curr_pts:30.203 clock:30.227 level:88
2025-08-23 16:45:10.449 T:4091 debug : PrepareNextRender: frameOnScreen: 30.228 renderPts: 30.387 nextFramePts: 30.364 -> diff: 0.023 render: 1 forceNext: 0
2025-08-23 16:45:10.449 T:4091 debug : CAMLCodec::ReleaseFrame idx:728, drop:0
2025-08-23 16:45:10.479 T:4091 debug : CAMLCodec::PollFrame elapsed:30.621ms
2025-08-23 16:45:10.482 T:4326 debug : CAMLCodec::DequeueBuffer: pts:30.614 idx:734
2025-08-23 16:45:10.482 T:4326 debug : CAMLCodec::GetPicture: index: 734, pts: 30.614, dur:42.000ms ar:1.78 elf:42ms
2025-08-23 16:45:10.482 T:4326 debug : CVideoPlayerVideo::OutputPicture - ttd:351ms pts:30.614 Clock:30.262 Level:5
2025-08-23 16:45:10.487 T:4091 debug : PrepareNextRender: frameOnScreen: 30.267 renderPts: 30.426 nextFramePts: 30.405 -> diff: 0.021 render: 1 forceNext: 0
2025-08-23 16:45:10.487 T:4091 debug : CAMLCodec::ReleaseFrame idx:729, drop:0
2025-08-23 16:45:10.493 T:4326 debug : CAMLCodec::AddData: dl:844416 fl:5250432 sz:244034(244160) lv:13.9% dts:30.781 pts:30.948
2025-08-23 16:45:10.498 T:4323 debug : CVideoPlayer::ProcessVideoData size:484309 dts:37.913 pts:38.080 dur:41.000ms, clock:30.278 level:89
2025-08-23 16:45:10.521 T:4091 debug : CAMLCodec::PollFrame elapsed:34.130ms
2025-08-23 16:45:10.524 T:4326 debug : CAMLCodec::DequeueBuffer: pts:30.656 idx:735
2025-08-23 16:45:10.524 T:4326 debug : CAMLCodec::GetPicture: index: 735, pts: 30.656, dur:42.000ms ar:1.78 elf:41ms
2025-08-23 16:45:10.524 T:4326 debug : CVideoPlayerVideo::OutputPicture - ttd:351ms pts:30.656 Clock:30.304 Level:5
2025-08-23 16:45:10.530 T:4091 debug : PrepareNextRender: frameOnScreen: 30.310 renderPts: 30.469 nextFramePts: 30.447 -> diff: 0.022 render: 1 forceNext: 0
2025-08-23 16:45:10.530 T:4091 debug : CAMLCodec::ReleaseFrame idx:730, drop:0
2025-08-23 16:45:10.547 T:4327 debug : CVideoPlayerAudio::OutputPacket: pts:31.115 curr_pts:30.303 clock:30.327 level:86
2025-08-23 16:45:10.563 T:4091 debug : CAMLCodec::PollFrame elapsed:32.446ms
2025-08-23 16:45:10.564 T:4326 debug : CAMLCodec::DequeueBuffer: pts:30.697 idx:736
2025-08-23 16:45:10.564 T:4326 debug : CAMLCodec::GetPicture: index: 736, pts: 30.697, dur:41.000ms ar:1.78 elf:40ms
2025-08-23 16:45:10.564 T:4326 debug : CVideoPlayerVideo::OutputPicture - ttd:352ms pts:30.697 Clock:30.344 Level:5
2025-08-23 16:45:10.570 T:4091 debug : PrepareNextRender: frameOnScreen: 30.350 renderPts: 30.509 nextFramePts: 30.489 -> diff: 0.020 render: 1 forceNext: 0
2025-08-23 16:45:10.571 T:4091 debug : CAMLCodec::ReleaseFrame idx:731, drop:0
2025-08-23 16:45:10.578 T:4326 debug : CAMLCodec::AddData: dl:477440 fl:5617408 sz:233209(233280) lv:7.8% dts:30.822 pts:30.906
2025-08-23 16:45:10.581 T:4326 debug : CAMLCodec::AddData: dl:698304 fl:5396544 sz:220779(220864) lv:11.5% dts:30.864 pts:30.864
2025-08-23 16:45:10.605 T:4091 debug : CAMLCodec::PollFrame elapsed:33.880ms
2025-08-23 16:45:10.606 T:4326 debug : CAMLCodec::DequeueBuffer: pts:30.739 idx:737
2025-08-23 16:45:10.606 T:4326 debug : CAMLCodec::GetPicture: index: 737, pts: 30.739, dur:42.000ms ar:1.78 elf:41ms
2025-08-23 16:45:10.606 T:4326 debug : CVideoPlayerVideo::OutputPicture - ttd:352ms pts:30.739 Clock:30.386 Level:5
2025-08-23 16:45:10.612 T:4091 debug : PrepareNextRender: frameOnScreen: 30.392 renderPts: 30.551 nextFramePts: 30.530 -> diff: 0.021 render: 1 forceNext: 0
2025-08-23 16:45:10.612 T:4091 debug : CAMLCodec::ReleaseFrame idx:732, drop:0
2025-08-23 16:45:10.618 T:4326 debug : CAMLCodec::AddData: dl:683648 fl:5411200 sz:229402(229504) lv:11.2% dts:30.906 pts:30.989
2025-08-23 16:45:10.621 T:4323 debug : CVideoPlayer::ProcessVideoData size:453512 dts:37.955 pts:38.038 dur:41.000ms, clock:30.401 level:88
2025-08-23 16:45:10.646 T:4091 debug : CAMLCodec::PollFrame elapsed:34.125ms
2025-08-23 16:45:10.648 T:4327 debug : CVideoPlayerAudio::OutputPacket: pts:31.207 curr_pts:30.405 clock:30.428 level:85
2025-08-23 16:45:10.648 T:4326 debug : CAMLCodec::DequeueBuffer: pts:30.781 idx:738
2025-08-23 16:45:10.648 T:4326 debug : CAMLCodec::GetPicture: index: 738, pts: 30.781, dur:42.000ms ar:1.78 elf:41ms
2025-08-23 16:45:10.648 T:4326 debug : CVideoPlayerVideo::OutputPicture - ttd:352ms pts:30.781 Clock:30.428 Level:5
2025-08-23 16:45:10.654 T:4091 debug : PrepareNextRender: frameOnScreen: 30.434 renderPts: 30.593 nextFramePts: 30.572 -> diff: 0.021 render: 1 forceNext: 0
2025-08-23 16:45:10.654 T:4091 debug : CAMLCodec::ReleaseFrame idx:733, drop:0
2025-08-23 16:45:10.660 T:4326 debug : CAMLCodec::AddData: dl:878464 fl:5216384 sz:428032(428096) lv:14.4% dts:30.948 pts:31.240
2025-08-23 16:45:10.663 T:4323 debug : CVideoPlayer::ProcessVideoData size:326952 dts:37.996 pts:37.996 dur:41.000ms, clock:30.443 level:88
2025-08-23 16:45:10.688 T:4091 debug : CAMLCodec::PollFrame elapsed:33.433ms
2025-08-23 16:45:10.689 T:4326 debug : CAMLCodec::DequeueBuffer: pts:30.822 idx:739
2025-08-23 16:45:10.689 T:4326 debug : CAMLCodec::GetPicture: index: 739, pts: 30.822, dur:41.000ms ar:1.78 elf:40ms
2025-08-23 16:45:10.689 T:4326 debug : CVideoPlayerVideo::OutputPicture - ttd:352ms pts:30.822 Clock:30.469 Level:5
2025-08-23 16:45:10.698 T:4091 debug : PrepareNextRender: frameOnScreen: 30.478 renderPts: 30.637 nextFramePts: 30.614 -> diff: 0.023 render: 1 forceNext: 0
2025-08-23 16:45:10.698 T:4091 debug : CAMLCodec::ReleaseFrame idx:734, drop:0
2025-08-23 16:45:10.730 T:4091 debug : CAMLCodec::PollFrame elapsed:31.634ms
2025-08-23 16:45:10.732 T:4326 debug : CAMLCodec::DequeueBuffer: pts:30.864 idx:740
2025-08-23 16:45:10.732 T:4326 debug : CAMLCodec::GetPicture: index: 740, pts: 30.864, dur:42.000ms ar:1.78 elf:42ms
2025-08-23 16:45:10.732 T:4326 debug : CVideoPlayerVideo::OutputPicture - ttd:352ms pts:30.864 Clock:30.512 Level:5
2025-08-23 16:45:10.739 T:4091 debug : PrepareNextRender: frameOnScreen: 30.519 renderPts: 30.678 nextFramePts: 30.656 -> diff: 0.022 render: 1 forceNext: 0
2025-08-23 16:45:10.739 T:4091 debug : CAMLCodec::ReleaseFrame idx:735, drop:0
2025-08-23 16:45:10.744 T:4326 debug : CAMLCodec::AddData: dl:701120 fl:5393728 sz:272928(273024) lv:11.5% dts:30.989 pts:31.156
2025-08-23 16:45:10.745 T:4323 debug : CVideoPlayer::ProcessVideoData size:340261 dts:38.038 pts:38.121 dur:41.000ms, clock:30.525 level:88
2025-08-23 16:45:10.748 T:4327 debug : CVideoPlayerAudio::OutputPacket: pts:31.300 curr_pts:30.504 clock:30.528 level:84
2025-08-23 16:45:10.771 T:4091 debug : CAMLCodec::PollFrame elapsed:32.353ms
2025-08-23 16:45:10.773 T:4326 debug : CAMLCodec::DequeueBuffer: pts:30.906 idx:741
2025-08-23 16:45:10.774 T:4326 debug : CAMLCodec::GetPicture: index: 741, pts: 30.906, dur:42.000ms ar:1.78 elf:41ms
2025-08-23 16:45:10.774 T:4326 debug : CVideoPlayerVideo::OutputPicture - ttd:352ms pts:30.906 Clock:30.554 Level:5
2025-08-23 16:45:10.783 T:4091 debug : PrepareNextRender: frameOnScreen: 30.563 renderPts: 30.721 nextFramePts: 30.697 -> diff: 0.024 render: 1 forceNext: 0
2025-08-23 16:45:10.783 T:4091 debug : CAMLCodec::ReleaseFrame idx:736, drop:0
2025-08-23 16:45:10.786 T:4323 debug : CVideoPlayer::ProcessAudioData size:8014 dts:38.174 pts:38.174 dur:92.000ms, clock:30.566 drop:0 level:84
2025-08-23 16:45:10.786 T:4323 debug : CVideoPlayer::ProcessAudioData size:8065 dts:38.266 pts:38.266 dur:92.000ms, clock:30.566 drop:0 level:85
2025-08-23 16:45:10.786 T:4323 debug : CVideoPlayer::ProcessAudioData size:8044 dts:38.359 pts:38.359 dur:92.000ms, clock:30.566 drop:0 level:86
2025-08-23 16:45:10.787 T:4326 debug : CAMLCodec::AddData: dl:542720 fl:5552128 sz:269572(269696) lv:8.9% dts:31.031 pts:31.114
2025-08-23 16:45:10.790 T:4326 debug : CAMLCodec::AddData: dl:790720 fl:5304128 sz:247916(248000) lv:13.0% dts:31.073 pts:31.073
2025-08-23 16:45:10.793 T:4323 debug : CVideoPlayer::ProcessVideoData size:612116 dts:38.080 pts:38.372 dur:41.000ms, clock:30.573 level:87
2025-08-23 16:45:10.798 T:4327 debug : CVideoPlayerAudio::OutputPacket: pts:31.392 curr_pts:30.553 clock:30.577 level:86
2025-08-23 16:45:10.813 T:4091 debug : CAMLCodec::PollFrame elapsed:30.146ms
2025-08-23 16:45:10.815 T:4326 debug : CAMLCodec::DequeueBuffer: pts:30.948 idx:742
2025-08-23 16:45:10.815 T:4326 debug : CAMLCodec::GetPicture: index: 742, pts: 30.948, dur:42.000ms ar:1.78 elf:41ms
2025-08-23 16:45:10.816 T:4326 debug : CVideoPlayerVideo::OutputPicture - ttd:352ms pts:30.948 Clock:30.596 Level:5
2025-08-23 16:45:10.823 T:4091 debug : PrepareNextRender: frameOnScreen: 30.603 renderPts: 30.762 nextFramePts: 30.739 -> diff: 0.023 render: 1 forceNext: 0
2025-08-23 16:45:10.823 T:4091 debug : CAMLCodec::ReleaseFrame idx:737, drop:0
2025-08-23 16:45:10.829 T:4326 debug : CAMLCodec::AddData: dl:754240 fl:5340608 sz:236447(236544) lv:12.4% dts:31.114 pts:31.198
2025-08-23 16:45:10.855 T:4091 debug : CAMLCodec::PollFrame elapsed:31.653ms
2025-08-23 16:45:10.856 T:4326 debug : CAMLCodec::DequeueBuffer: pts:30.989 idx:743
2025-08-23 16:45:10.857 T:4326 debug : CAMLCodec::GetPicture: index: 743, pts: 30.989, dur:41.000ms ar:1.78 elf:41ms
2025-08-23 16:45:10.857 T:4326 debug : CVideoPlayerVideo::OutputPicture - ttd:352ms pts:30.989 Clock:30.637 Level:5
2025-08-23 16:45:10.862 T:4091 debug : PrepareNextRender: frameOnScreen: 30.642 renderPts: 30.801 nextFramePts: 30.781 -> diff: 0.020 render: 1 forceNext: 0
2025-08-23 16:45:10.862 T:4091 debug : CAMLCodec::ReleaseFrame idx:738, drop:0
2025-08-23 16:45:10.869 T:4326 debug : CAMLCodec::AddData: dl:912576 fl:5182272 sz:427963(428032) lv:15.0% dts:31.156 pts:31.448
2025-08-23 16:45:10.877 T:4323 debug : CVideoPlayer::ProcessVideoData size:467931 dts:38.121 pts:38.288 dur:41.000ms, clock:30.657 level:87
2025-08-23 16:45:10.897 T:4091 debug : CAMLCodec::PollFrame elapsed:34.894ms
2025-08-23 16:45:10.898 T:4327 debug : CVideoPlayerAudio::OutputPacket: pts:31.486 curr_pts:30.653 clock:30.678 level:85
2025-08-23 16:45:10.898 T:4326 debug : CAMLCodec::DequeueBuffer: pts:31.031 idx:744
2025-08-23 16:45:10.899 T:4326 debug : CAMLCodec::GetPicture: index: 744, pts: 31.031, dur:42.000ms ar:1.78 elf:41ms
2025-08-23 16:45:10.899 T:4326 debug : CVideoPlayerVideo::OutputPicture - ttd:352ms pts:31.031 Clock:30.679 Level:5
2025-08-23 16:45:10.909 T:4091 debug : PrepareNextRender: frameOnScreen: 30.689 renderPts: 30.848 nextFramePts: 30.822 -> diff: 0.026 render: 1 forceNext: 0
2025-08-23 16:45:10.909 T:4091 debug : CAMLCodec::ReleaseFrame idx:739, drop:0
2025-08-23 16:45:10.939 T:4091 debug : CAMLCodec::PollFrame elapsed:29.057ms
2025-08-23 16:45:10.940 T:4326 debug : CAMLCodec::DequeueBuffer: pts:31.073 idx:745
2025-08-23 16:45:10.940 T:4326 debug : CAMLCodec::GetPicture: index: 745, pts: 31.073, dur:42.000ms ar:1.78 elf:41ms
2025-08-23 16:45:10.940 T:4326 debug : CVideoPlayerVideo::OutputPicture - ttd:353ms pts:31.073 Clock:30.720 Level:5
2025-08-23 16:45:10.946 T:4091 debug : PrepareNextRender: frameOnScreen: 30.726 renderPts: 30.885 nextFramePts: 30.864 -> diff: 0.021 render: 1 forceNext: 0
2025-08-23 16:45:10.946 T:4091 debug : CAMLCodec::ReleaseFrame idx:740, drop:0
2025-08-23 16:45:10.952 T:4326 debug : CAMLCodec::AddData: dl:691904 fl:5402944 sz:263789(263872) lv:11.4% dts:31.198 pts:31.365
2025-08-23 16:45:10.960 T:4323 debug : CVideoPlayer::ProcessVideoData size:453542 dts:38.163 pts:38.247 dur:41.000ms, clock:30.740 level:87
2025-08-23 16:45:10.980 T:4091 debug : CAMLCodec::PollFrame elapsed:33.545ms
2025-08-23 16:45:10.981 T:4326 debug : CAMLCodec::DequeueBuffer: pts:31.114 idx:746
2025-08-23 16:45:10.982 T:4326 debug : CAMLCodec::GetPicture: index: 746, pts: 31.114, dur:41.000ms ar:1.78 elf:41ms
2025-08-23 16:45:10.982 T:4326 debug : CVideoPlayerVideo::OutputPicture - ttd:352ms pts:31.114 Clock:30.762 Level:5
2025-08-23 16:45:10.990 T:4091 debug : PrepareNextRender: frameOnScreen: 30.769 renderPts: 30.928 nextFramePts: 30.906 -> diff: 0.022 render: 1 forceNext: 0
2025-08-23 16:45:10.990 T:4091 debug : CAMLCodec::ReleaseFrame idx:741, drop:0
2025-08-23 16:45:10.996 T:4326 debug : CAMLCodec::AddData: dl:513280 fl:5581568 sz:249284(249408) lv:8.4% dts:31.240 pts:31.323
2025-08-23 16:45:10.997 T:4327 debug : CVideoPlayerAudio::OutputPacket: pts:31.579 curr_pts:30.754 clock:30.777 level:84
2025-08-23 16:45:10.998 T:4326 debug : CAMLCodec::AddData: dl:744064 fl:5350784 sz:230670(230784) lv:12.2% dts:31.281 pts:31.281
2025-08-23 16:45:11.002 T:4323 debug : CVideoPlayer::ProcessVideoData size:341948 dts:38.205 pts:38.205 dur:41.000ms, clock:30.782 level:86
2025-08-23 16:45:11.022 T:4091 debug : CAMLCodec::PollFrame elapsed:31.795ms
2025-08-23 16:45:11.023 T:4326 debug : CAMLCodec::DequeueBuffer: pts:31.156 idx:747
2025-08-23 16:45:11.023 T:4326 debug : CAMLCodec::GetPicture: index: 747, pts: 31.156, dur:42.000ms ar:1.78 elf:41ms
2025-08-23 16:45:11.023 T:4326 debug : CVideoPlayerVideo::OutputPicture - ttd:352ms pts:31.156 Clock:30.803 Level:5
2025-08-23 16:45:11.030 T:4091 debug : PrepareNextRender: frameOnScreen: 30.810 renderPts: 30.969 nextFramePts: 30.948 -> diff: 0.021 render: 1 forceNext: 0
2025-08-23 16:45:11.030 T:4091 debug : CAMLCodec::ReleaseFrame idx:742, drop:0
2025-08-23 16:45:11.036 T:4326 debug : CAMLCodec::AddData: dl:725568 fl:5369280 sz:245283(245376) lv:11.9% dts:31.323 pts:31.406
2025-08-23 16:45:11.044 T:4323 debug : CVideoPlayer::ProcessVideoData size:334015 dts:38.247 pts:38.330 dur:41.000ms, clock:30.824 level:86
2025-08-23 16:45:11.063 T:4091 debug : CAMLCodec::PollFrame elapsed:33.019ms
2025-08-23 16:45:11.064 T:4326 debug : CAMLCodec::DequeueBuffer: pts:31.198 idx:748
2025-08-23 16:45:11.064 T:4326 debug : CAMLCodec::GetPicture: index: 748, pts: 31.198, dur:42.000ms ar:1.78 elf:40ms
2025-08-23 16:45:11.064 T:4326 debug : CVideoPlayerVideo::OutputPicture - ttd:354ms pts:31.198 Clock:30.844 Level:5
2025-08-23 16:45:11.072 T:4091 debug : PrepareNextRender: frameOnScreen: 30.851 renderPts: 31.010 nextFramePts: 30.989 -> diff: 0.021 render: 1 forceNext: 0
2025-08-23 16:45:11.072 T:4091 debug : CAMLCodec::ReleaseFrame idx:743, drop:0
2025-08-23 16:45:11.077 T:4323 debug : CVideoPlayer::ProcessAudioData size:8075 dts:38.452 pts:38.452 dur:92.000ms, clock:30.857 drop:0 level:84
2025-08-23 16:45:11.080 T:4323 debug : CVideoPlayer::ProcessVideoData size:595143 dts:38.288 pts:38.497 dur:41.000ms, clock:30.860 level:86
2025-08-23 16:45:11.080 T:4326 debug : CAMLCodec::AddData: dl:933184 fl:5161664 sz:456940(457024) lv:15.3% dts:31.365 pts:31.490
2025-08-23 16:45:11.098 T:4327 debug : CVideoPlayerAudio::OutputPacket: pts:31.671 curr_pts:30.854 clock:30.878 level:84
2025-08-23 16:45:11.105 T:4091 debug : CAMLCodec::PollFrame elapsed:33.296ms
2025-08-23 16:45:11.107 T:4326 debug : CAMLCodec::DequeueBuffer: pts:31.240 idx:749
2025-08-23 16:45:11.107 T:4326 debug : CAMLCodec::GetPicture: index: 749, pts: 31.240, dur:42.000ms ar:1.78 elf:43ms
2025-08-23 16:45:11.107 T:4326 debug : CVideoPlayerVideo::OutputPicture - ttd:352ms pts:31.240 Clock:30.887 Level:5
2025-08-23 16:45:11.127 T:4091 debug : PrepareNextRender: frameOnScreen: 30.906 renderPts: 31.065 nextFramePts: 31.031 -> diff: 0.034 render: 1 forceNext: 0
2025-08-23 16:45:11.127 T:4091 debug : CAMLCodec::ReleaseFrame idx:744, drop:0
2025-08-23 16:45:11.147 T:4091 debug : CAMLCodec::PollFrame elapsed:19.851ms
2025-08-23 16:45:11.149 T:4326 debug : CAMLCodec::DequeueBuffer: pts:31.281 idx:750
2025-08-23 16:45:11.149 T:4326 debug : CAMLCodec::GetPicture: index: 750, pts: 31.281, dur:41.000ms ar:1.78 elf:41ms
2025-08-23 16:45:11.149 T:4326 debug : CVideoPlayerVideo::OutputPicture - ttd:351ms pts:31.281 Clock:30.929 Level:5
2025-08-23 16:45:11.155 T:4091 debug : PrepareNextRender: frameOnScreen: 30.934 renderPts: 31.093 nextFramePts: 31.073 -> diff: 0.020 render: 1 forceNext: 0
2025-08-23 16:45:11.155 T:4091 debug : CAMLCodec::ReleaseFrame idx:745, drop:0
2025-08-23 16:45:11.161 T:4326 debug : CAMLCodec::AddData: dl:657984 fl:5436864 sz:200849(200960) lv:10.8% dts:31.406 pts:31.531
2025-08-23 16:45:11.189 T:4091 debug : CAMLCodec::PollFrame elapsed:33.624ms
2025-08-23 16:45:11.190 T:4326 debug : CAMLCodec::DequeueBuffer: pts:31.323 idx:751
2025-08-23 16:45:11.190 T:4326 debug : CAMLCodec::GetPicture: index: 751, pts: 31.323, dur:42.000ms ar:1.78 elf:41ms
2025-08-23 16:45:11.191 T:4326 debug : CVideoPlayerVideo::OutputPicture - ttd:352ms pts:31.323 Clock:30.970 Level:5
2025-08-23 16:45:11.198 T:4327 debug : CVideoPlayerAudio::OutputPacket: pts:31.764 curr_pts:30.953 clock:30.978 level:83
2025-08-23 16:45:11.198 T:4091 debug : PrepareNextRender: frameOnScreen: 30.978 renderPts: 31.135 nextFramePts: 31.114 -> diff: 0.021 render: 1 forceNext: 0
2025-08-23 16:45:11.198 T:4091 debug : CAMLCodec::ReleaseFrame idx:746, drop:0
2025-08-23 16:45:11.206 T:4326 debug : CAMLCodec::AddData: dl:399616 fl:5695232 sz:198579(198656) lv:6.6% dts:31.448 pts:31.740
2025-08-23 16:45:11.209 T:4326 debug : CAMLCodec::AddData: dl:536896 fl:5557952 sz:137204(137280) lv:8.8% dts:31.490 pts:31.657
2025-08-23 16:45:11.211 T:4326 debug : CAMLCodec::AddData: dl:675520 fl:5419328 sz:138525(138624) lv:11.1% dts:31.531 pts:31.615
2025-08-23 16:45:11.213 T:4323 debug : CVideoPlayer::ProcessVideoData size:387543 dts:38.330 pts:38.455 dur:41.000ms, clock:30.993 level:84
2025-08-23 16:45:11.230 T:4091 debug : CAMLCodec::PollFrame elapsed:31.953ms
2025-08-23 16:45:11.233 T:4326 debug : CAMLCodec::DequeueBuffer: pts:31.365 idx:752
2025-08-23 16:45:11.233 T:4326 debug : CAMLCodec::GetPicture: index: 752, pts: 31.365, dur:42.000ms ar:1.78 elf:42ms
2025-08-23 16:45:11.233 T:4326 debug : CVideoPlayerVideo::OutputPicture - ttd:352ms pts:31.365 Clock:31.013 Level:5
2025-08-23 16:45:11.234 T:4326 debug : CAMLCodec::DequeueBuffer: pts:31.406 idx:753
2025-08-23 16:45:11.234 T:4326 debug : CAMLCodec::GetPicture: index: 753, pts: 31.406, dur:41.000ms ar:1.78 elf:1ms
2025-08-23 16:45:11.234 T:4326 debug : CVideoPlayerVideo::OutputPicture - ttd:391ms pts:31.406 Clock:31.014 Level:6
2025-08-23 16:45:11.236 T:4326 debug : CAMLCodec::DequeueBuffer: pts:31.448 idx:754
2025-08-23 16:45:11.236 T:4326 debug : CAMLCodec::GetPicture: index: 754, pts: 31.448, dur:42.000ms ar:1.78 elf:1ms
2025-08-23 16:45:11.242 T:4091 debug : PrepareNextRender: frameOnScreen: 31.022 renderPts: 31.179 nextFramePts: 31.156 -> diff: 0.023 render: 1 forceNext: 0
2025-08-23 16:45:11.242 T:4326 debug : CVideoPlayerVideo::OutputPicture - ttd:432ms pts:31.448 Clock:31.016 Level:6
2025-08-23 16:45:11.242 T:4091 debug : CAMLCodec::ReleaseFrame idx:747, drop:0
2025-08-23 16:45:11.243 T:4326 debug : CAMLCodec::DequeueBuffer: pts:31.490 idx:755
2025-08-23 16:45:11.243 T:4326 debug : CAMLCodec::GetPicture: index: 755, pts: 31.490, dur:42.000ms ar:1.78 elf:7ms
2025-08-23 16:45:11.272 T:4091 debug : CAMLCodec::PollFrame elapsed:29.844ms
2025-08-23 16:45:11.279 T:4091 debug : PrepareNextRender: frameOnScreen: 31.058 renderPts: 31.216 nextFramePts: 31.198 -> diff: 0.018 render: 1 forceNext: 0
2025-08-23 16:45:11.279 T:4326 debug : CVideoPlayerVideo::OutputPicture - ttd:466ms pts:31.490 Clock:31.023 Level:6
2025-08-23 16:45:11.279 T:4091 debug : CAMLCodec::ReleaseFrame idx:748, drop:0
2025-08-23 16:45:11.283 T:4326 debug : CAMLCodec::AddData: dl:592768 fl:5502080 sz:118105(118208) lv:9.7% dts:31.573 pts:31.573
2025-08-23 16:45:11.285 T:4323 debug : CVideoPlayer::ProcessVideoData size:339681 dts:38.372 pts:38.413 dur:41.000ms, clock:31.065 level:84
