2025-08-23 16:45:06.733 T:4091 debug : PrepareNextRender: frameOnScreen: 26.514 renderPts: 26.673 nextFramePts: 26.652 -> diff: 0.021 render: 1 forceNext: 0
2025-08-23 16:45:06.734 T:4091 debug : CAMLCodec::ReleaseFrame idx:639, drop:0
2025-08-23 16:45:06.746 T:4327 debug : CVideoPlayerAudio::OutputPacket: pts:27.307 curr_pts:26.503 clock:26.526 level:100
2025-08-23 16:45:06.767 T:4091 debug : CAMLCodec::PollFrame elapsed:33.069ms
2025-08-23 16:45:06.769 T:4326 debug : CAMLCodec::DequeueBuffer: pts:26.902 idx:645
2025-08-23 16:45:06.769 T:4326 debug : CAMLCodec::GetPicture: index: 645, pts: 26.902, dur:42.000ms ar:1.78 elf:40ms
2025-08-23 16:45:06.769 T:4326 debug : CVideoPlayerVideo::OutputPicture - ttd:352ms pts:26.902 Clock:26.549 Level:5
2025-08-23 16:45:06.775 T:4091 debug : PrepareNextRender: frameOnScreen: 26.555 renderPts: 26.714 nextFramePts: 26.693 -> diff: 0.021 render: 1 forceNext: 0
2025-08-23 16:45:06.775 T:4091 debug : CAMLCodec::ReleaseFrame idx:640, drop:0
2025-08-23 16:45:06.782 T:4326 debug : CAMLCodec::AddData: dl:470464 fl:5624384 sz:194713(194816) lv:7.7% dts:27.027 pts:27.110
2025-08-23 16:45:06.785 T:4326 debug : CAMLCodec::AddData: dl:656000 fl:5438848 sz:185456(185536) lv:10.8% dts:27.069 pts:27.069
2025-08-23 16:45:06.791 T:4323 debug : CVideoPlayer::ProcessVideoData size:368660 dts:36.328 pts:36.453 dur:41.000ms, clock:26.572 level:100
2025-08-23 16:45:06.797 T:4327 debug : CVideoPlayerAudio::OutputPacket: pts:27.399 curr_pts:26.555 clock:26.578 level:100
2025-08-23 16:45:06.808 T:4091 debug : CAMLCodec::PollFrame elapsed:33.541ms
2025-08-23 16:45:06.810 T:4326 debug : CAMLCodec::DequeueBuffer: pts:26.944 idx:646
2025-08-23 16:45:06.810 T:4326 debug : CAMLCodec::GetPicture: index: 646, pts: 26.944, dur:42.000ms ar:1.78 elf:41ms
2025-08-23 16:45:06.810 T:4326 debug : CVideoPlayerVideo::OutputPicture - ttd:353ms pts:26.944 Clock:26.591 Level:5
2025-08-23 16:45:06.819 T:4091 debug : PrepareNextRender: frameOnScreen: 26.600 renderPts: 26.758 nextFramePts: 26.735 -> diff: 0.023 render: 1 forceNext: 0
2025-08-23 16:45:06.820 T:4091 debug : CAMLCodec::ReleaseFrame idx:641, drop:0
2025-08-23 16:45:06.823 T:4323 debug : CVideoPlayer::ProcessVideoData size:276777 dts:36.370 pts:36.411 dur:41.000ms, clock:26.603 level:100
2025-08-23 16:45:06.823 T:4326 debug : CAMLCodec::AddData: dl:564224 fl:5530624 sz:183791(183872) lv:9.3% dts:27.110 pts:27.194
2025-08-23 16:45:06.826 T:4326 debug : CAMLCodec::AddData: dl:918720 fl:5176128 sz:354400(354496) lv:15.1% dts:27.152 pts:27.361
2025-08-23 16:45:06.833 T:4323 debug : CVideoPlayer::ProcessAudioData size:7741 dts:36.502 pts:36.502 dur:92.000ms, clock:26.614 drop:0 level:100
2025-08-23 16:45:06.839 T:4323 debug : CVideoPlayer::ProcessVideoData size:969006 dts:36.411 pts:36.536 dur:41.000ms, clock:26.619 level:100
2025-08-23 16:45:06.850 T:4091 debug : CAMLCodec::PollFrame elapsed:30.040ms
2025-08-23 16:45:06.851 T:4326 debug : CAMLCodec::DequeueBuffer: pts:26.985 idx:647
2025-08-23 16:45:06.852 T:4326 debug : CAMLCodec::GetPicture: index: 647, pts: 26.985, dur:41.000ms ar:1.78 elf:41ms
2025-08-23 16:45:06.852 T:4326 debug : CVideoPlayerVideo::OutputPicture - ttd:352ms pts:26.985 Clock:26.632 Level:5
2025-08-23 16:45:06.865 T:4091 debug : PrepareNextRender: frameOnScreen: 26.645 renderPts: 26.804 nextFramePts: 26.777 -> diff: 0.027 render: 1 forceNext: 0
2025-08-23 16:45:06.865 T:4091 debug : CAMLCodec::ReleaseFrame idx:642, drop:0
2025-08-23 16:45:06.892 T:4091 debug : CAMLCodec::PollFrame elapsed:26.790ms
2025-08-23 16:45:06.893 T:4326 debug : CAMLCodec::DequeueBuffer: pts:27.027 idx:648
2025-08-23 16:45:06.894 T:4326 debug : CAMLCodec::GetPicture: index: 648, pts: 27.027, dur:42.000ms ar:1.78 elf:41ms
2025-08-23 16:45:06.894 T:4326 debug : CVideoPlayerVideo::OutputPicture - ttd:352ms pts:27.027 Clock:26.674 Level:5
2025-08-23 16:45:06.897 T:4327 debug : CVideoPlayerAudio::OutputPacket: pts:27.492 curr_pts:26.654 clock:26.678 level:100
2025-08-23 16:45:06.901 T:4091 debug : PrepareNextRender: frameOnScreen: 26.682 renderPts: 26.840 nextFramePts: 26.818 -> diff: 0.022 render: 1 forceNext: 0
2025-08-23 16:45:06.901 T:4091 debug : CAMLCodec::ReleaseFrame idx:643, drop:0
2025-08-23 16:45:06.904 T:4326 debug : CAMLCodec::AddData: dl:740544 fl:5354304 sz:202070(202176) lv:12.2% dts:27.194 pts:27.319
2025-08-23 16:45:06.934 T:4091 debug : CAMLCodec::PollFrame elapsed:32.247ms
2025-08-23 16:45:06.935 T:4326 debug : CAMLCodec::DequeueBuffer: pts:27.069 idx:649
2025-08-23 16:45:06.935 T:4326 debug : CAMLCodec::GetPicture: index: 649, pts: 27.069, dur:42.000ms ar:1.78 elf:41ms
2025-08-23 16:45:06.935 T:4326 debug : CVideoPlayerVideo::OutputPicture - ttd:353ms pts:27.069 Clock:26.716 Level:5
2025-08-23 16:45:06.942 T:4091 debug : PrepareNextRender: frameOnScreen: 26.722 renderPts: 26.881 nextFramePts: 26.860 -> diff: 0.021 render: 1 forceNext: 0
2025-08-23 16:45:06.942 T:4091 debug : CAMLCodec::ReleaseFrame idx:644, drop:0
2025-08-23 16:45:06.946 T:4326 debug : CAMLCodec::AddData: dl:758848 fl:5336000 sz:202099(202176) lv:12.5% dts:27.236 pts:27.277
2025-08-23 16:45:06.975 T:4091 debug : CAMLCodec::PollFrame elapsed:33.142ms
2025-08-23 16:45:06.977 T:4326 debug : CAMLCodec::DequeueBuffer: pts:27.110 idx:650
2025-08-23 16:45:06.977 T:4326 debug : CAMLCodec::GetPicture: index: 650, pts: 27.110, dur:41.000ms ar:1.78 elf:42ms
2025-08-23 16:45:06.977 T:4326 debug : CVideoPlayerVideo::OutputPicture - ttd:352ms pts:27.110 Clock:26.758 Level:5
2025-08-23 16:45:06.983 T:4091 debug : PrepareNextRender: frameOnScreen: 26.763 renderPts: 26.922 nextFramePts: 26.902 -> diff: 0.020 render: 1 forceNext: 0
2025-08-23 16:45:06.983 T:4091 debug : CAMLCodec::ReleaseFrame idx:645, drop:0
2025-08-23 16:45:06.991 T:4326 debug : CAMLCodec::AddData: dl:707328 fl:5387520 sz:302901(302976) lv:11.6% dts:27.277 pts:27.402
2025-08-23 16:45:06.997 T:4327 debug : CVideoPlayerAudio::OutputPacket: pts:27.584 curr_pts:26.754 clock:26.777 level:100
2025-08-23 16:45:07.017 T:4091 debug : CAMLCodec::PollFrame elapsed:34.115ms
2025-08-23 16:45:07.019 T:4326 debug : CAMLCodec::DequeueBuffer: pts:27.152 idx:651
2025-08-23 16:45:07.019 T:4326 debug : CAMLCodec::GetPicture: index: 651, pts: 27.152, dur:42.000ms ar:1.78 elf:41ms
2025-08-23 16:45:07.019 T:4326 debug : CVideoPlayerVideo::OutputPicture - ttd:352ms pts:27.152 Clock:26.799 Level:5
2025-08-23 16:45:07.025 T:4091 debug : PrepareNextRender: frameOnScreen: 26.805 renderPts: 26.964 nextFramePts: 26.944 -> diff: 0.020 render: 1 forceNext: 0
2025-08-23 16:45:07.025 T:4091 debug : CAMLCodec::ReleaseFrame idx:646, drop:0
2025-08-23 16:45:07.032 T:4323 debug : CVideoPlayer::ProcessAudioData size:7746 dts:36.595 pts:36.595 dur:92.000ms, clock:26.813 drop:0 level:100
2025-08-23 16:45:07.033 T:4323 debug : CVideoPlayer::ProcessAudioData size:7701 dts:36.687 pts:36.687 dur:92.000ms, clock:26.813 drop:0 level:100
2025-08-23 16:45:07.036 T:4326 debug : CAMLCodec::AddData: dl:824320 fl:5270528 sz:319094(319168) lv:13.5% dts:27.319 pts:27.569
2025-08-23 16:45:07.039 T:4323 debug : CVideoPlayer::ProcessVideoData size:672191 dts:36.453 pts:36.745 dur:41.000ms, clock:26.819 level:100
2025-08-23 16:45:07.059 T:4091 debug : CAMLCodec::PollFrame elapsed:33.740ms
2025-08-23 16:45:07.060 T:4326 debug : CAMLCodec::DequeueBuffer: pts:27.194 idx:652
2025-08-23 16:45:07.060 T:4326 debug : CAMLCodec::GetPicture: index: 652, pts: 27.194, dur:42.000ms ar:1.78 elf:40ms
2025-08-23 16:45:07.060 T:4326 debug : CVideoPlayerVideo::OutputPicture - ttd:353ms pts:27.194 Clock:26.841 Level:5
2025-08-23 16:45:07.071 T:4091 debug : PrepareNextRender: frameOnScreen: 26.852 renderPts: 27.011 nextFramePts: 26.985 -> diff: 0.026 render: 1 forceNext: 0
2025-08-23 16:45:07.072 T:4091 debug : CAMLCodec::ReleaseFrame idx:647, drop:0
2025-08-23 16:45:07.097 T:4327 debug : CVideoPlayerAudio::OutputPacket: pts:27.677 curr_pts:26.853 clock:26.878 level:100
2025-08-23 16:45:07.100 T:4091 debug : CAMLCodec::PollFrame elapsed:28.737ms
2025-08-23 16:45:07.102 T:4326 debug : CAMLCodec::DequeueBuffer: pts:27.236 idx:653
2025-08-23 16:45:07.102 T:4326 debug : CAMLCodec::GetPicture: index: 653, pts: 27.236, dur:42.000ms ar:1.78 elf:42ms
2025-08-23 16:45:07.102 T:4326 debug : CVideoPlayerVideo::OutputPicture - ttd:353ms pts:27.236 Clock:26.883 Level:5
2025-08-23 16:45:07.104 T:4326 debug : CAMLCodec::DequeueBuffer: pts:27.277 idx:654
2025-08-23 16:45:07.104 T:4326 debug : CAMLCodec::GetPicture: index: 654, pts: 27.277, dur:41.000ms ar:1.78 elf:1ms
2025-08-23 16:45:07.104 T:4326 debug : CVideoPlayerVideo::OutputPicture - ttd:392ms pts:27.277 Clock:26.884 Level:6
2025-08-23 16:45:07.105 T:4326 debug : CAMLCodec::DequeueBuffer: pts:27.319 idx:655
2025-08-23 16:45:07.105 T:4326 debug : CAMLCodec::GetPicture: index: 655, pts: 27.319, dur:42.000ms ar:1.78 elf:1ms
2025-08-23 16:45:07.107 T:4091 debug : PrepareNextRender: frameOnScreen: 26.888 renderPts: 27.047 nextFramePts: 27.027 -> diff: 0.020 render: 1 forceNext: 0
2025-08-23 16:45:07.108 T:4326 debug : CVideoPlayerVideo::OutputPicture - ttd:433ms pts:27.319 Clock:26.886 Level:6
2025-08-23 16:45:07.108 T:4091 debug : CAMLCodec::ReleaseFrame idx:648, drop:0
2025-08-23 16:45:07.109 T:4326 debug : CAMLCodec::DequeueBuffer: pts:27.361 idx:656
2025-08-23 16:45:07.109 T:4326 debug : CAMLCodec::GetPicture: index: 656, pts: 27.361, dur:42.000ms ar:1.78 elf:3ms
2025-08-23 16:45:07.142 T:4091 debug : CAMLCodec::PollFrame elapsed:34.451ms
2025-08-23 16:45:07.148 T:4091 debug : PrepareNextRender: frameOnScreen: 26.929 renderPts: 27.087 nextFramePts: 27.069 -> diff: 0.018 render: 1 forceNext: 0
2025-08-23 16:45:07.149 T:4326 debug : CVideoPlayerVideo::OutputPicture - ttd:471ms pts:27.361 Clock:26.889 Level:6
2025-08-23 16:45:07.149 T:4091 debug : CAMLCodec::ReleaseFrame idx:649, drop:0
2025-08-23 16:45:07.152 T:4326 debug : CAMLCodec::AddData: dl:496128 fl:5598720 sz:176836(176960) lv:8.1% dts:27.361 pts:27.486
2025-08-23 16:45:07.155 T:4326 debug : CAMLCodec::AddData: dl:662848 fl:5432000 sz:166598(166720) lv:10.9% dts:27.402 pts:27.444
2025-08-23 16:45:07.158 T:4326 debug : CAMLCodec::AddData: dl:528192 fl:5566656 sz:184410(184512) lv:8.7% dts:27.444 pts:27.527
2025-08-23 16:45:07.160 T:4326 debug : CAMLCodec::AddData: dl:891136 fl:5203712 sz:362872(362944) lv:14.6% dts:27.486 pts:27.778
2025-08-23 16:45:07.161 T:4323 debug : CVideoPlayer::ProcessVideoData size:385774 dts:36.495 pts:36.662 dur:41.000ms, clock:26.942 level:100
2025-08-23 16:45:07.162 T:4323 debug : CVideoPlayer::ProcessVideoData size:349555 dts:36.536 pts:36.620 dur:41.000ms, clock:26.942 level:100
2025-08-23 16:45:07.184 T:4091 debug : CAMLCodec::PollFrame elapsed:35.174ms
2025-08-23 16:45:07.195 T:4091 debug : PrepareNextRender: frameOnScreen: 26.975 renderPts: 27.134 nextFramePts: 27.110 -> diff: 0.024 render: 1 forceNext: 0
2025-08-23 16:45:07.195 T:4091 debug : CAMLCodec::ReleaseFrame idx:650, drop:0
2025-08-23 16:45:07.196 T:4327 debug : CVideoPlayerAudio::OutputPacket: pts:27.770 curr_pts:26.952 clock:26.977 level:100
2025-08-23 16:45:07.226 T:4091 debug : CAMLCodec::PollFrame elapsed:30.351ms
2025-08-23 16:45:07.236 T:4091 debug : PrepareNextRender: frameOnScreen: 27.016 renderPts: 27.175 nextFramePts: 27.152 -> diff: 0.023 render: 1 forceNext: 0
2025-08-23 16:45:07.236 T:4091 debug : CAMLCodec::ReleaseFrame idx:651, drop:0
2025-08-23 16:45:07.237 T:4326 debug : CAMLCodec::AddData: dl:836928 fl:5257920 sz:289380(289472) lv:13.7% dts:27.527 pts:27.694
2025-08-23 16:45:07.244 T:4323 debug : CVideoPlayer::ProcessVideoData size:346570 dts:36.578 pts:36.578 dur:41.000ms, clock:27.024 level:100
2025-08-23 16:45:07.267 T:4091 debug : CAMLCodec::PollFrame elapsed:31.473ms
2025-08-23 16:45:07.269 T:4326 debug : CAMLCodec::DequeueBuffer: pts:27.402 idx:657
2025-08-23 16:45:07.269 T:4326 debug : CAMLCodec::GetPicture: index: 657, pts: 27.402, dur:41.000ms ar:1.78 elf:159ms
2025-08-23 16:45:07.269 T:4326 debug : CVideoPlayerVideo::OutputPicture - ttd:352ms pts:27.402 Clock:27.049 Level:5
2025-08-23 16:45:07.276 T:4091 debug : PrepareNextRender: frameOnScreen: 27.056 renderPts: 27.215 nextFramePts: 27.194 -> diff: 0.021 render: 1 forceNext: 0
2025-08-23 16:45:07.276 T:4091 debug : CAMLCodec::ReleaseFrame idx:652, drop:0
2025-08-23 16:45:07.296 T:4327 debug : CVideoPlayerAudio::OutputPacket: pts:27.864 curr_pts:27.052 clock:27.076 level:100
2025-08-23 16:45:07.309 T:4091 debug : CAMLCodec::PollFrame elapsed:33.112ms
2025-08-23 16:45:07.311 T:4326 debug : CAMLCodec::DequeueBuffer: pts:27.444 idx:658
2025-08-23 16:45:07.311 T:4326 debug : CAMLCodec::GetPicture: index: 658, pts: 27.444, dur:42.000ms ar:1.78 elf:42ms
2025-08-23 16:45:07.311 T:4326 debug : CVideoPlayerVideo::OutputPicture - ttd:352ms pts:27.444 Clock:27.092 Level:5
2025-08-23 16:45:07.317 T:4091 debug : PrepareNextRender: frameOnScreen: 27.098 renderPts: 27.256 nextFramePts: 27.236 -> diff: 0.020 render: 1 forceNext: 0
2025-08-23 16:45:07.317 T:4091 debug : CAMLCodec::ReleaseFrame idx:653, drop:0
2025-08-23 16:45:07.325 T:4326 debug : CAMLCodec::AddData: dl:498240 fl:5596608 sz:208699(208768) lv:8.2% dts:27.569 pts:27.653
2025-08-23 16:45:07.328 T:4326 debug : CAMLCodec::AddData: dl:703168 fl:5391680 sz:204824(204928) lv:11.5% dts:27.611 pts:27.611
2025-08-23 16:45:07.336 T:4323 debug : CVideoPlayer::ProcessVideoData size:359699 dts:36.620 pts:36.703 dur:41.000ms, clock:27.117 level:100
2025-08-23 16:45:07.351 T:4091 debug : CAMLCodec::PollFrame elapsed:33.742ms
2025-08-23 16:45:07.352 T:4326 debug : CAMLCodec::DequeueBuffer: pts:27.486 idx:659
2025-08-23 16:45:07.353 T:4326 debug : CAMLCodec::GetPicture: index: 659, pts: 27.486, dur:42.000ms ar:1.78 elf:40ms
2025-08-23 16:45:07.353 T:4326 debug : CVideoPlayerVideo::OutputPicture - ttd:352ms pts:27.486 Clock:27.134 Level:5
2025-08-23 16:45:07.364 T:4326 debug : CAMLCodec::AddData: dl:626048 fl:5468800 sz:212227(212352) lv:10.3% dts:27.653 pts:27.736
2025-08-23 16:45:07.365 T:4091 debug : PrepareNextRender: frameOnScreen: 27.145 renderPts: 27.303 nextFramePts: 27.277 -> diff: 0.026 render: 1 forceNext: 0
2025-08-23 16:45:07.365 T:4091 debug : CAMLCodec::ReleaseFrame idx:654, drop:0
2025-08-23 16:45:07.392 T:4091 debug : CAMLCodec::PollFrame elapsed:27.496ms
2025-08-23 16:45:07.394 T:4326 debug : CAMLCodec::DequeueBuffer: pts:27.527 idx:660
2025-08-23 16:45:07.394 T:4326 debug : CAMLCodec::GetPicture: index: 660, pts: 27.527, dur:41.000ms ar:1.78 elf:40ms
2025-08-23 16:45:07.394 T:4326 debug : CVideoPlayerVideo::OutputPicture - ttd:352ms pts:27.527 Clock:27.174 Level:5
2025-08-23 16:45:07.396 T:4327 debug : CVideoPlayerAudio::OutputPacket: pts:27.957 curr_pts:27.154 clock:27.177 level:100
2025-08-23 16:45:07.402 T:4091 debug : PrepareNextRender: frameOnScreen: 27.183 renderPts: 27.341 nextFramePts: 27.319 -> diff: 0.022 render: 1 forceNext: 0
2025-08-23 16:45:07.404 T:4091 debug : CAMLCodec::ReleaseFrame idx:655, drop:0
2025-08-23 16:45:07.406 T:4326 debug : CAMLCodec::AddData: dl:856256 fl:5238592 sz:438859(438976) lv:14.0% dts:27.694 pts:27.945
2025-08-23 16:45:07.408 T:4323 debug : CVideoPlayer::ProcessAudioData size:7798 dts:36.780 pts:36.780 dur:92.000ms, clock:27.189 drop:0 level:100
2025-08-23 16:45:07.410 T:4323 debug : CVideoPlayer::ProcessAudioData size:7764 dts:36.873 pts:36.873 dur:92.000ms, clock:27.191 drop:0 level:100
2025-08-23 16:45:07.417 T:4323 debug : CVideoPlayer::ProcessVideoData size:640032 dts:36.662 pts:36.954 dur:41.000ms, clock:27.197 level:100
2025-08-23 16:45:07.434 T:4091 debug : CAMLCodec::PollFrame elapsed:30.378ms
2025-08-23 16:45:07.436 T:4326 debug : CAMLCodec::DequeueBuffer: pts:27.569 idx:661
2025-08-23 16:45:07.436 T:4326 debug : CAMLCodec::GetPicture: index: 661, pts: 27.569, dur:42.000ms ar:1.78 elf:42ms
2025-08-23 16:45:07.437 T:4326 debug : CVideoPlayerVideo::OutputPicture - ttd:351ms pts:27.569 Clock:27.217 Level:5
2025-08-23 16:45:07.445 T:4091 debug : PrepareNextRender: frameOnScreen: 27.225 renderPts: 27.383 nextFramePts: 27.361 -> diff: 0.022 render: 1 forceNext: 0
2025-08-23 16:45:07.445 T:4091 debug : CAMLCodec::ReleaseFrame idx:656, drop:0
2025-08-23 16:45:07.447 T:4327 debug : CVideoPlayerAudio::OutputPacket: pts:28.049 curr_pts:27.205 clock:27.228 level:100
2025-08-23 16:45:07.476 T:4091 debug : CAMLCodec::PollFrame elapsed:30.647ms
2025-08-23 16:45:07.478 T:4326 debug : CAMLCodec::DequeueBuffer: pts:27.611 idx:662
2025-08-23 16:45:07.478 T:4326 debug : CAMLCodec::GetPicture: index: 662, pts: 27.611, dur:42.000ms ar:1.78 elf:41ms
2025-08-23 16:45:07.478 T:4326 debug : CVideoPlayerVideo::OutputPicture - ttd:352ms pts:27.611 Clock:27.258 Level:5
2025-08-23 16:45:07.484 T:4091 debug : PrepareNextRender: frameOnScreen: 27.264 renderPts: 27.422 nextFramePts: 27.402 -> diff: 0.020 render: 1 forceNext: 0
2025-08-23 16:45:07.484 T:4091 debug : CAMLCodec::ReleaseFrame idx:657, drop:0
2025-08-23 16:45:07.488 T:4326 debug : CAMLCodec::AddData: dl:672768 fl:5422080 sz:233717(233792) lv:11.0% dts:27.736 pts:27.861
2025-08-23 16:45:07.518 T:4091 debug : CAMLCodec::PollFrame elapsed:33.721ms
2025-08-23 16:45:07.519 T:4326 debug : CAMLCodec::DequeueBuffer: pts:27.653 idx:663
2025-08-23 16:45:07.519 T:4326 debug : CAMLCodec::GetPicture: index: 663, pts: 27.653, dur:42.000ms ar:1.78 elf:41ms
2025-08-23 16:45:07.519 T:4326 debug : CVideoPlayerVideo::OutputPicture - ttd:353ms pts:27.653 Clock:27.300 Level:5
2025-08-23 16:45:07.526 T:4091 debug : PrepareNextRender: frameOnScreen: 27.306 renderPts: 27.464 nextFramePts: 27.444 -> diff: 0.020 render: 1 forceNext: 0
2025-08-23 16:45:07.526 T:4091 debug : CAMLCodec::ReleaseFrame idx:658, drop:0
2025-08-23 16:45:07.533 T:4326 debug : CAMLCodec::AddData: dl:450816 fl:5644032 sz:216924(217024) lv:7.4% dts:27.778 pts:27.819
2025-08-23 16:45:07.536 T:4326 debug : CAMLCodec::AddData: dl:688704 fl:5406144 sz:237791(237888) lv:11.3% dts:27.819 pts:27.903
2025-08-23 16:45:07.540 T:4323 debug : CVideoPlayer::ProcessVideoData size:507670 dts:36.703 pts:36.870 dur:41.000ms, clock:27.321 level:100
2025-08-23 16:45:07.547 T:4327 debug : CVideoPlayerAudio::OutputPacket: pts:28.142 curr_pts:27.304 clock:27.328 level:100
2025-08-23 16:45:07.559 T:4091 debug : CAMLCodec::PollFrame elapsed:33.318ms
2025-08-23 16:45:07.562 T:4326 debug : CAMLCodec::DequeueBuffer: pts:27.694 idx:664
2025-08-23 16:45:07.562 T:4326 debug : CAMLCodec::GetPicture: index: 664, pts: 27.694, dur:41.000ms ar:1.78 elf:42ms
2025-08-23 16:45:07.563 T:4326 debug : CVideoPlayerVideo::OutputPicture - ttd:350ms pts:27.694 Clock:27.343 Level:5
2025-08-23 16:45:07.572 T:4091 debug : PrepareNextRender: frameOnScreen: 27.352 renderPts: 27.510 nextFramePts: 27.486 -> diff: 0.024 render: 1 forceNext: 0
2025-08-23 16:45:07.572 T:4091 debug : CAMLCodec::ReleaseFrame idx:659, drop:0
2025-08-23 16:45:07.572 T:4323 debug : CVideoPlayer::ProcessVideoData size:353372 dts:36.745 pts:36.828 dur:41.000ms, clock:27.353 level:100
2025-08-23 16:45:07.573 T:4326 debug : CAMLCodec::AddData: dl:1038464 fl:5056384 sz:583432(583552) lv:17.0% dts:27.861 pts:28.153
2025-08-23 16:45:07.573 T:4323 debug : CVideoPlayer::ProcessVideoData size:336302 dts:36.787 pts:36.787 dur:41.000ms, clock:27.354 level:100
2025-08-23 16:45:07.601 T:4091 debug : CAMLCodec::PollFrame elapsed:28.984ms
2025-08-23 16:45:07.603 T:4326 debug : CAMLCodec::DequeueBuffer: pts:27.736 idx:665
2025-08-23 16:45:07.604 T:4326 debug : CAMLCodec::GetPicture: index: 665, pts: 27.736, dur:42.000ms ar:1.78 elf:40ms
2025-08-23 16:45:07.604 T:4326 debug : CVideoPlayerVideo::OutputPicture - ttd:351ms pts:27.736 Clock:27.384 Level:5
2025-08-23 16:45:07.607 T:4091 debug : PrepareNextRender: frameOnScreen: 27.387 renderPts: 27.546 nextFramePts: 27.527 -> diff: 0.019 render: 1 forceNext: 0
2025-08-23 16:45:07.607 T:4091 debug : CAMLCodec::ReleaseFrame idx:660, drop:0
2025-08-23 16:45:07.643 T:4091 debug : CAMLCodec::PollFrame elapsed:35.773ms
2025-08-23 16:45:07.644 T:4326 debug : CAMLCodec::DequeueBuffer: pts:27.778 idx:666
2025-08-23 16:45:07.644 T:4326 debug : CAMLCodec::GetPicture: index: 666, pts: 27.778, dur:42.000ms ar:1.78 elf:40ms
2025-08-23 16:45:07.644 T:4326 debug : CVideoPlayerVideo::OutputPicture - ttd:353ms pts:27.778 Clock:27.425 Level:5
2025-08-23 16:45:07.647 T:4327 debug : CVideoPlayerAudio::OutputPacket: pts:28.235 curr_pts:27.404 clock:27.428 level:100
2025-08-23 16:45:07.650 T:4091 debug : PrepareNextRender: frameOnScreen: 27.431 renderPts: 27.589 nextFramePts: 27.569 -> diff: 0.020 render: 1 forceNext: 0
2025-08-23 16:45:07.650 T:4091 debug : CAMLCodec::ReleaseFrame idx:661, drop:0
2025-08-23 16:45:07.656 T:4323 debug : CVideoPlayer::ProcessVideoData size:382423 dts:36.828 pts:36.912 dur:41.000ms, clock:27.436 level:100
2025-08-23 16:45:07.656 T:4326 debug : CAMLCodec::AddData: dl:986624 fl:5108224 sz:402993(403072) lv:16.2% dts:27.903 pts:28.070
2025-08-23 16:45:07.684 T:4091 debug : CAMLCodec::PollFrame elapsed:34.130ms
2025-08-23 16:45:07.686 T:4326 debug : CAMLCodec::DequeueBuffer: pts:27.819 idx:667
2025-08-23 16:45:07.686 T:4326 debug : CAMLCodec::GetPicture: index: 667, pts: 27.819, dur:41.000ms ar:1.78 elf:41ms
2025-08-23 16:45:07.686 T:4326 debug : CVideoPlayerVideo::OutputPicture - ttd:352ms pts:27.819 Clock:27.466 Level:5
2025-08-23 16:45:07.692 T:4091 debug : PrepareNextRender: frameOnScreen: 27.473 renderPts: 27.631 nextFramePts: 27.611 -> diff: 0.020 render: 1 forceNext: 0
2025-08-23 16:45:07.692 T:4091 debug : CAMLCodec::ReleaseFrame idx:662, drop:0
2025-08-23 16:45:07.702 T:4326 debug : CAMLCodec::AddData: dl:681216 fl:5413632 sz:278040(278144) lv:11.2% dts:27.945 pts:28.028
2025-08-23 16:45:07.707 T:4323 debug : CVideoPlayer::ProcessAudioData size:7694 dts:36.966 pts:36.966 dur:92.000ms, clock:27.488 drop:0 level:100
2025-08-23 16:45:07.707 T:4323 debug : CVideoPlayer::ProcessAudioData size:7764 dts:37.058 pts:37.058 dur:92.000ms, clock:27.488 drop:0 level:100
2025-08-23 16:45:07.707 T:4323 debug : CVideoPlayer::ProcessAudioData size:7771 dts:37.151 pts:37.151 dur:92.000ms, clock:27.488 drop:0 level:100
2025-08-23 16:45:07.714 T:4323 debug : CVideoPlayer::ProcessVideoData size:663553 dts:36.870 pts:37.162 dur:41.000ms, clock:27.494 level:100
2025-08-23 16:45:07.726 T:4091 debug : CAMLCodec::PollFrame elapsed:33.847ms
2025-08-23 16:45:07.728 T:4326 debug : CAMLCodec::DequeueBuffer: pts:27.861 idx:668
2025-08-23 16:45:07.728 T:4326 debug : CAMLCodec::GetPicture: index: 668, pts: 27.861, dur:42.000ms ar:1.78 elf:41ms
2025-08-23 16:45:07.728 T:4326 debug : CVideoPlayerVideo::OutputPicture - ttd:352ms pts:27.861 Clock:27.508 Level:5
2025-08-23 16:45:07.739 T:4091 debug : PrepareNextRender: frameOnScreen: 27.520 renderPts: 27.678 nextFramePts: 27.653 -> diff: 0.025 render: 1 forceNext: 0
2025-08-23 16:45:07.740 T:4091 debug : CAMLCodec::ReleaseFrame idx:663, drop:0
2025-08-23 16:45:07.741 T:4326 debug : CAMLCodec::AddData: dl:553280 fl:5541568 sz:275069(275136) lv:9.1% dts:27.986 pts:27.986
2025-08-23 16:45:07.745 T:4326 debug : CAMLCodec::AddData: dl:828352 fl:5266496 sz:274966(275072) lv:13.6% dts:28.028 pts:28.111
2025-08-23 16:45:07.747 T:4327 debug : CVideoPlayerAudio::OutputPacket: pts:28.327 curr_pts:27.503 clock:27.527 level:100
2025-08-23 16:45:07.747 T:4323 debug : CVideoPlayer::ProcessVideoData size:509098 dts:36.912 pts:37.079 dur:41.000ms, clock:27.527 level:100
2025-08-23 16:45:07.768 T:4091 debug : CAMLCodec::PollFrame elapsed:28.305ms
2025-08-23 16:45:07.770 T:4326 debug : CAMLCodec::DequeueBuffer: pts:27.903 idx:669
2025-08-23 16:45:07.770 T:4326 debug : CAMLCodec::GetPicture: index: 669, pts: 27.903, dur:42.000ms ar:1.78 elf:41ms
2025-08-23 16:45:07.770 T:4326 debug : CVideoPlayerVideo::OutputPicture - ttd:352ms pts:27.903 Clock:27.550 Level:5
2025-08-23 16:45:07.782 T:4091 debug : PrepareNextRender: frameOnScreen: 27.562 renderPts: 27.721 nextFramePts: 27.694 -> diff: 0.027 render: 1 forceNext: 0
2025-08-23 16:45:07.782 T:4091 debug : CAMLCodec::ReleaseFrame idx:664, drop:0
2025-08-23 16:45:07.783 T:4326 debug : CAMLCodec::AddData: dl:945984 fl:5148864 sz:395702(395776) lv:15.5% dts:28.070 pts:28.362
2025-08-23 16:45:07.810 T:4091 debug : CAMLCodec::PollFrame elapsed:27.469ms
2025-08-23 16:45:07.812 T:4326 debug : CAMLCodec::DequeueBuffer: pts:27.945 idx:670
2025-08-23 16:45:07.812 T:4326 debug : CAMLCodec::GetPicture: index: 670, pts: 27.945, dur:42.000ms ar:1.78 elf:41ms
2025-08-23 16:45:07.812 T:4326 debug : CVideoPlayerVideo::OutputPicture - ttd:352ms pts:27.945 Clock:27.592 Level:5
2025-08-23 16:45:07.818 T:4091 debug : PrepareNextRender: frameOnScreen: 27.598 renderPts: 27.757 nextFramePts: 27.736 -> diff: 0.021 render: 1 forceNext: 0
2025-08-23 16:45:07.818 T:4091 debug : CAMLCodec::ReleaseFrame idx:665, drop:0
2025-08-23 16:45:07.846 T:4327 debug : CVideoPlayerAudio::OutputPacket: pts:28.421 curr_pts:27.602 clock:27.627 level:100
2025-08-23 16:45:07.851 T:4091 debug : CAMLCodec::PollFrame elapsed:33.147ms
2025-08-23 16:45:07.853 T:4326 debug : CAMLCodec::DequeueBuffer: pts:27.986 idx:671
2025-08-23 16:45:07.853 T:4326 debug : CAMLCodec::GetPicture: index: 671, pts: 27.986, dur:41.000ms ar:1.78 elf:41ms
2025-08-23 16:45:07.853 T:4326 debug : CVideoPlayerVideo::OutputPicture - ttd:352ms pts:27.986 Clock:27.634 Level:5
2025-08-23 16:45:07.858 T:4091 debug : PrepareNextRender: frameOnScreen: 27.638 renderPts: 27.796 nextFramePts: 27.778 -> diff: 0.018 render: 1 forceNext: 0
2025-08-23 16:45:07.858 T:4091 debug : CAMLCodec::ReleaseFrame idx:666, drop:0
2025-08-23 16:45:07.865 T:4326 debug : CAMLCodec::AddData: dl:733952 fl:5360896 sz:338065(338176) lv:12.0% dts:28.111 pts:28.278
2025-08-23 16:45:07.869 T:4323 debug : CVideoPlayer::ProcessVideoData size:357959 dts:36.954 pts:37.037 dur:41.000ms, clock:27.650 level:100
2025-08-23 16:45:07.893 T:4091 debug : CAMLCodec::PollFrame elapsed:34.869ms
2025-08-23 16:45:07.896 T:4326 debug : CAMLCodec::DequeueBuffer: pts:28.028 idx:672
2025-08-23 16:45:07.896 T:4326 debug : CAMLCodec::GetPicture: index: 672, pts: 28.028, dur:42.000ms ar:1.78 elf:42ms
2025-08-23 16:45:07.896 T:4326 debug : CVideoPlayerVideo::OutputPicture - ttd:351ms pts:28.028 Clock:27.676 Level:5
2025-08-23 16:45:07.901 T:4091 debug : PrepareNextRender: frameOnScreen: 27.681 renderPts: 27.840 nextFramePts: 27.819 -> diff: 0.021 render: 1 forceNext: 0
2025-08-23 16:45:07.901 T:4091 debug : CAMLCodec::ReleaseFrame idx:667, drop:0
2025-08-23 16:45:07.909 T:4326 debug : CAMLCodec::AddData: dl:619008 fl:5475840 sz:280738(280832) lv:10.2% dts:28.153 pts:28.237
2025-08-23 16:45:07.911 T:4323 debug : CVideoPlayer::ProcessVideoData size:370442 dts:36.995 pts:36.995 dur:41.000ms, clock:27.692 level:100
2025-08-23 16:45:07.935 T:4091 debug : CAMLCodec::PollFrame elapsed:33.554ms
2025-08-23 16:45:07.937 T:4326 debug : CAMLCodec::DequeueBuffer: pts:28.070 idx:673
2025-08-23 16:45:07.938 T:4326 debug : CAMLCodec::GetPicture: index: 673, pts: 28.070, dur:42.000ms ar:1.78 elf:41ms
2025-08-23 16:45:07.938 T:4326 debug : CVideoPlayerVideo::OutputPicture - ttd:351ms pts:28.070 Clock:27.718 Level:5
2025-08-23 16:45:07.942 T:4091 debug : PrepareNextRender: frameOnScreen: 27.722 renderPts: 27.880 nextFramePts: 27.861 -> diff: 0.019 render: 1 forceNext: 0
2025-08-23 16:45:07.942 T:4091 debug : CAMLCodec::ReleaseFrame idx:668, drop:0
2025-08-23 16:45:07.946 T:4327 debug : CVideoPlayerAudio::OutputPacket: pts:28.513 curr_pts:27.703 clock:27.727 level:100
2025-08-23 16:45:07.949 T:4326 debug : CAMLCodec::AddData: dl:509120 fl:5585728 sz:228199(228288) lv:8.4% dts:28.195 pts:28.195
2025-08-23 16:45:07.953 T:4323 debug : CVideoPlayer::ProcessVideoData size:377506 dts:37.037 pts:37.120 dur:41.000ms, clock:27.733 level:100
2025-08-23 16:45:07.953 T:4326 debug : CAMLCodec::AddData: dl:692480 fl:5402368 sz:183294(183360) lv:11.4% dts:28.237 pts:28.320
2025-08-23 16:45:07.976 T:4091 debug : CAMLCodec::PollFrame elapsed:34.404ms
2025-08-23 16:45:07.978 T:4326 debug : CAMLCodec::DequeueBuffer: pts:28.111 idx:674
2025-08-23 16:45:07.978 T:4326 debug : CAMLCodec::GetPicture: index: 674, pts: 28.111, dur:41.000ms ar:1.78 elf:40ms
2025-08-23 16:45:07.978 T:4326 debug : CVideoPlayerVideo::OutputPicture - ttd:352ms pts:28.111 Clock:27.758 Level:5
2025-08-23 16:45:07.984 T:4091 debug : PrepareNextRender: frameOnScreen: 27.765 renderPts: 27.923 nextFramePts: 27.903 -> diff: 0.020 render: 1 forceNext: 0
2025-08-23 16:45:07.984 T:4091 debug : CAMLCodec::ReleaseFrame idx:669, drop:0
2025-08-23 16:45:07.989 T:4326 debug : CAMLCodec::AddData: dl:558976 fl:5535872 sz:147263(147328) lv:9.2% dts:28.278 pts:28.403
2025-08-23 16:45:07.992 T:4326 debug : CAMLCodec::AddData: dl:841856 fl:5252992 sz:282789(282880) lv:13.8% dts:28.320 pts:28.445
2025-08-23 16:45:07.996 T:4323 debug : CVideoPlayer::ProcessAudioData size:7846 dts:37.245 pts:37.245 dur:92.000ms, clock:27.776 drop:0 level:100
2025-08-23 16:45:07.996 T:4323 debug : CVideoPlayer::ProcessAudioData size:7859 dts:37.337 pts:37.337 dur:92.000ms, clock:27.776 drop:0 level:100
2025-08-23 16:45:08.003 T:4323 debug : CVideoPlayer::ProcessVideoData size:641316 dts:37.079 pts:37.371 dur:41.000ms, clock:27.783 level:100
2025-08-23 16:45:08.018 T:4091 debug : CAMLCodec::PollFrame elapsed:33.788ms
2025-08-23 16:45:08.020 T:4326 debug : CAMLCodec::DequeueBuffer: pts:28.153 idx:675
2025-08-23 16:45:08.020 T:4326 debug : CAMLCodec::GetPicture: index: 675, pts: 28.153, dur:42.000ms ar:1.78 elf:42ms
2025-08-23 16:45:08.021 T:4326 debug : CVideoPlayerVideo::OutputPicture - ttd:351ms pts:28.153 Clock:27.801 Level:5
2025-08-23 16:45:08.033 T:4091 debug : PrepareNextRender: frameOnScreen: 27.813 renderPts: 27.972 nextFramePts: 27.945 -> diff: 0.027 render: 1 forceNext: 0
2025-08-23 16:45:08.033 T:4091 debug : CAMLCodec::ReleaseFrame idx:670, drop:0
2025-08-23 16:45:08.046 T:4327 debug : CVideoPlayerAudio::OutputPacket: pts:28.607 curr_pts:27.803 clock:27.827 level:100
2025-08-23 16:45:08.060 T:4091 debug : CAMLCodec::PollFrame elapsed:26.636ms
2025-08-23 16:45:08.061 T:4326 debug : CAMLCodec::DequeueBuffer: pts:28.195 idx:676
2025-08-23 16:45:08.061 T:4326 debug : CAMLCodec::GetPicture: index: 676, pts: 28.195, dur:42.000ms ar:1.78 elf:40ms
2025-08-23 16:45:08.061 T:4326 debug : CVideoPlayerVideo::OutputPicture - ttd:353ms pts:28.195 Clock:27.842 Level:5
2025-08-23 16:45:08.068 T:4091 debug : PrepareNextRender: frameOnScreen: 27.848 renderPts: 28.007 nextFramePts: 27.986 -> diff: 0.021 render: 1 forceNext: 0
2025-08-23 16:45:08.068 T:4091 debug : CAMLCodec::ReleaseFrame idx:671, drop:0
2025-08-23 16:45:08.072 T:4326 debug : CAMLCodec::AddData: dl:577344 fl:5517504 sz:147068(147136) lv:9.5% dts:28.362 pts:28.487
2025-08-23 16:45:08.074 T:4326 debug : CAMLCodec::AddData: dl:653952 fl:5440896 sz:76533(76608) lv:10.7% dts:28.403 pts:28.528
2025-08-23 16:45:08.097 T:4327 debug : CVideoPlayerAudio::OutputPacket: pts:28.699 curr_pts:27.855 clock:27.878 level:100
2025-08-23 16:45:08.102 T:4091 debug : CAMLCodec::PollFrame elapsed:33.229ms
2025-08-23 16:45:08.103 T:4326 debug : CAMLCodec::DequeueBuffer: pts:28.237 idx:677
2025-08-23 16:45:08.103 T:4326 debug : CAMLCodec::GetPicture: index: 677, pts: 28.237, dur:42.000ms ar:1.78 elf:41ms
2025-08-23 16:45:08.103 T:4326 debug : CVideoPlayerVideo::OutputPicture - ttd:353ms pts:28.237 Clock:27.883 Level:5
2025-08-23 16:45:08.104 T:4326 debug : CAMLCodec::DequeueBuffer: pts:28.278 idx:678
2025-08-23 16:45:08.104 T:4326 debug : CAMLCodec::GetPicture: index: 678, pts: 28.278, dur:41.000ms ar:1.78 elf:1ms
2025-08-23 16:45:08.104 T:4326 debug : CVideoPlayerVideo::OutputPicture - ttd:393ms pts:28.278 Clock:27.885 Level:6
2025-08-23 16:45:08.106 T:4326 debug : CAMLCodec::DequeueBuffer: pts:28.320 idx:679
2025-08-23 16:45:08.106 T:4326 debug : CAMLCodec::GetPicture: index: 679, pts: 28.320, dur:42.000ms ar:1.78 elf:1ms
2025-08-23 16:45:08.111 T:4091 debug : PrepareNextRender: frameOnScreen: 27.891 renderPts: 28.049 nextFramePts: 28.028 -> diff: 0.021 render: 1 forceNext: 0
2025-08-23 16:45:08.111 T:4326 debug : CVideoPlayerVideo::OutputPicture - ttd:433ms pts:28.320 Clock:27.886 Level:6
2025-08-23 16:45:08.111 T:4091 debug : CAMLCodec::ReleaseFrame idx:672, drop:0
2025-08-23 16:45:08.112 T:4326 debug : CAMLCodec::DequeueBuffer: pts:28.362 idx:680
2025-08-23 16:45:08.112 T:4326 debug : CAMLCodec::GetPicture: index: 680, pts: 28.362, dur:42.000ms ar:1.78 elf:6ms
2025-08-23 16:45:08.143 T:4091 debug : CAMLCodec::PollFrame elapsed:32.251ms
2025-08-23 16:45:08.151 T:4091 debug : PrepareNextRender: frameOnScreen: 27.931 renderPts: 28.090 nextFramePts: 28.070 -> diff: 0.020 render: 1 forceNext: 0
2025-08-23 16:45:08.151 T:4326 debug : CVideoPlayerVideo::OutputPicture - ttd:469ms pts:28.362 Clock:27.893 Level:6
2025-08-23 16:45:08.151 T:4091 debug : CAMLCodec::ReleaseFrame idx:673, drop:0
2025-08-23 16:45:08.156 T:4323 debug : CVideoPlayer::ProcessVideoData size:445463 dts:37.120 pts:37.287 dur:41.000ms, clock:27.936 level:100
2025-08-23 16:45:08.156 T:4326 debug : CAMLCodec::AddData: dl:696704 fl:5398144 sz:189954(190080) lv:11.4% dts:28.445 pts:28.737
2025-08-23 16:45:08.159 T:4326 debug : CAMLCodec::AddData: dl:525312 fl:5569536 sz:111361(111488) lv:8.6% dts:28.487 pts:28.654
2025-08-23 16:45:08.162 T:4326 debug : CAMLCodec::AddData: dl:611968 fl:5482880 sz:86583(86656) lv:10.0% dts:28.528 pts:28.612
2025-08-23 16:45:08.185 T:4091 debug : CAMLCodec::PollFrame elapsed:33.667ms
2025-08-23 16:45:08.193 T:4091 debug : PrepareNextRender: frameOnScreen: 27.973 renderPts: 28.131 nextFramePts: 28.111 -> diff: 0.020 render: 1 forceNext: 0
2025-08-23 16:45:08.193 T:4091 debug : CAMLCodec::ReleaseFrame idx:674, drop:0
2025-08-23 16:45:08.197 T:4327 debug : CVideoPlayerAudio::OutputPacket: pts:28.792 curr_pts:27.954 clock:27.978 level:100
2025-08-23 16:45:08.198 T:4326 debug : CAMLCodec::AddData: dl:550720 fl:5544128 sz:85805(85888) lv:9.0% dts:28.570 pts:28.570
2025-08-23 16:45:08.201 T:4326 debug : CAMLCodec::AddData: dl:650944 fl:5443904 sz:100133(100224) lv:10.7% dts:28.612 pts:28.695
2025-08-23 16:45:08.227 T:4091 debug : CAMLCodec::PollFrame elapsed:34.142ms
2025-08-23 16:45:08.228 T:4326 debug : CAMLCodec::DequeueBuffer: pts:28.403 idx:681
2025-08-23 16:45:08.228 T:4326 debug : CAMLCodec::GetPicture: index: 681, pts: 28.403, dur:41.000ms ar:1.78 elf:116ms
2025-08-23 16:45:08.229 T:4326 debug : CVideoPlayerVideo::OutputPicture - ttd:394ms pts:28.403 Clock:28.009 Level:6
2025-08-23 16:45:08.230 T:4326 debug : CAMLCodec::DequeueBuffer: pts:28.445 idx:682
2025-08-23 16:45:08.230 T:4326 debug : CAMLCodec::GetPicture: index: 682, pts: 28.445, dur:42.000ms ar:1.78 elf:1ms
2025-08-23 16:45:08.236 T:4091 debug : PrepareNextRender: frameOnScreen: 28.016 renderPts: 28.174 nextFramePts: 28.153 -> diff: 0.021 render: 1 forceNext: 0
2025-08-23 16:45:08.236 T:4326 debug : CVideoPlayerVideo::OutputPicture - ttd:434ms pts:28.445 Clock:28.010 Level:6
2025-08-23 16:45:08.236 T:4091 debug : CAMLCodec::ReleaseFrame idx:675, drop:0
2025-08-23 16:45:08.237 T:4326 debug : CAMLCodec::DequeueBuffer: pts:28.487 idx:683
2025-08-23 16:45:08.237 T:4326 debug : CAMLCodec::GetPicture: index: 683, pts: 28.487, dur:42.000ms ar:1.78 elf:7ms
2025-08-23 16:45:08.268 T:4091 debug : CAMLCodec::PollFrame elapsed:32.485ms
2025-08-23 16:45:08.275 T:4091 debug : PrepareNextRender: frameOnScreen: 28.056 renderPts: 28.214 nextFramePts: 28.195 -> diff: 0.019 render: 1 forceNext: 0
2025-08-23 16:45:08.275 T:4326 debug : CVideoPlayerVideo::OutputPicture - ttd:469ms pts:28.487 Clock:28.017 Level:6
2025-08-23 16:45:08.276 T:4091 debug : CAMLCodec::ReleaseFrame idx:676, drop:0
2025-08-23 16:45:08.278 T:4323 debug : CVideoPlayer::ProcessVideoData size:345002 dts:37.162 pts:37.246 dur:41.000ms, clock:28.059 level:100
2025-08-23 16:45:08.279 T:4326 debug : CAMLCodec::AddData: dl:772800 fl:5322048 sz:198359(198464) lv:12.7% dts:28.654 pts:28.946
2025-08-23 16:45:08.282 T:4326 debug : CAMLCodec::AddData: dl:725696 fl:5369152 sz:142902(142976) lv:11.9% dts:28.695 pts:28.862
2025-08-23 16:45:08.296 T:4327 debug : CVideoPlayerAudio::OutputPacket: pts:28.885 curr_pts:28.053 clock:28.076 level:100
2025-08-23 16:45:08.310 T:4091 debug : CAMLCodec::PollFrame elapsed:34.533ms
2025-08-23 16:45:08.317 T:4091 debug : PrepareNextRender: frameOnScreen: 28.097 renderPts: 28.255 nextFramePts: 28.237 -> diff: 0.018 render: 1 forceNext: 0
2025-08-23 16:45:08.317 T:4091 debug : CAMLCodec::ReleaseFrame idx:677, drop:0
2025-08-23 16:45:08.352 T:4091 debug : CAMLCodec::PollFrame elapsed:35.030ms
2025-08-23 16:45:08.359 T:4091 debug : PrepareNextRender: frameOnScreen: 28.139 renderPts: 28.298 nextFramePts: 28.278 -> diff: 0.020 render: 1 forceNext: 0
2025-08-23 16:45:08.359 T:4091 debug : CAMLCodec::ReleaseFrame idx:678, drop:0
2025-08-23 16:45:08.363 T:4326 debug : CAMLCodec::AddData: dl:648640 fl:5446208 sz:120988(121088) lv:10.6% dts:28.737 pts:28.820
2025-08-23 16:45:08.370 T:4323 debug : CVideoPlayer::ProcessVideoData size:346719 dts:37.204 pts:37.204 dur:41.000ms, clock:28.151 level:100
2025-08-23 16:45:08.394 T:4091 debug : CAMLCodec::PollFrame elapsed:34.315ms
2025-08-23 16:45:08.396 T:4327 debug : CVideoPlayerAudio::OutputPacket: pts:28.979 curr_pts:28.153 clock:28.177 level:100
2025-08-23 16:45:08.397 T:4326 debug : CAMLCodec::DequeueBuffer: pts:28.528 idx:684
2025-08-23 16:45:08.397 T:4326 debug : CAMLCodec::GetPicture: index: 684, pts: 28.528, dur:41.000ms ar:1.78 elf:160ms
2025-08-23 16:45:08.397 T:4326 debug : CVideoPlayerVideo::OutputPicture - ttd:350ms pts:28.528 Clock:28.178 Level:5
2025-08-23 16:45:08.402 T:4091 debug : PrepareNextRender: frameOnScreen: 28.183 renderPts: 28.341 nextFramePts: 28.320 -> diff: 0.021 render: 1 forceNext: 0
2025-08-23 16:45:08.403 T:4091 debug : CAMLCodec::ReleaseFrame idx:679, drop:0
2025-08-23 16:45:08.404 T:4326 debug : CAMLCodec::AddData: dl:686208 fl:5408640 sz:123349(123456) lv:11.3% dts:28.779 pts:28.779
2025-08-23 16:45:08.435 T:4091 debug : CAMLCodec::PollFrame elapsed:32.721ms
2025-08-23 16:45:08.438 T:4326 debug : CAMLCodec::DequeueBuffer: pts:28.570 idx:685
2025-08-23 16:45:08.438 T:4326 debug : CAMLCodec::GetPicture: index: 685, pts: 28.570, dur:42.000ms ar:1.78 elf:40ms
2025-08-23 16:45:08.438 T:4326 debug : CVideoPlayerVideo::OutputPicture - ttd:351ms pts:28.570 Clock:28.219 Level:5
2025-08-23 16:45:08.442 T:4091 debug : PrepareNextRender: frameOnScreen: 28.223 renderPts: 28.381 nextFramePts: 28.362 -> diff: 0.019 render: 1 forceNext: 0
2025-08-23 16:45:08.442 T:4091 debug : CAMLCodec::ReleaseFrame idx:680, drop:0
2025-08-23 16:45:08.447 T:4326 debug : CAMLCodec::AddData: dl:692288 fl:5402560 sz:106207(106304) lv:11.4% dts:28.820 pts:28.904
2025-08-23 16:45:08.477 T:4091 debug : CAMLCodec::PollFrame elapsed:34.423ms
2025-08-23 16:45:08.480 T:4326 debug : CAMLCodec::DequeueBuffer: pts:28.612 idx:686
2025-08-23 16:45:08.480 T:4326 debug : CAMLCodec::GetPicture: index: 686, pts: 28.612, dur:42.000ms ar:1.78 elf:41ms
2025-08-23 16:45:08.480 T:4326 debug : CVideoPlayerVideo::OutputPicture - ttd:351ms pts:28.612 Clock:28.261 Level:5
2025-08-23 16:45:08.483 T:4091 debug : PrepareNextRender: frameOnScreen: 28.264 renderPts: 28.422 nextFramePts: 28.403 -> diff: 0.019 render: 1 forceNext: 0
2025-08-23 16:45:08.483 T:4091 debug : CAMLCodec::ReleaseFrame idx:681, drop:0
2025-08-23 16:45:08.493 T:4323 debug : CVideoPlayer::ProcessVideoData size:314442 dts:37.246 pts:37.329 dur:41.000ms, clock:28.273 level:100
2025-08-23 16:45:08.493 T:4326 debug : CAMLCodec::AddData: dl:752448 fl:5342400 sz:258557(258624) lv:12.3% dts:28.862 pts:29.154
2025-08-23 16:45:08.497 T:4327 debug : CVideoPlayerAudio::OutputPacket: pts:29.071 curr_pts:28.254 clock:28.277 level:100
2025-08-23 16:45:08.519 T:4091 debug : CAMLCodec::PollFrame elapsed:35.242ms
2025-08-23 16:45:08.522 T:4326 debug : CAMLCodec::DequeueBuffer: pts:28.654 idx:687
2025-08-23 16:45:08.522 T:4326 debug : CAMLCodec::GetPicture: index: 687, pts: 28.654, dur:42.000ms ar:1.78 elf:41ms
2025-08-23 16:45:08.522 T:4326 debug : CVideoPlayerVideo::OutputPicture - ttd:351ms pts:28.654 Clock:28.302 Level:5
2025-08-23 16:45:08.526 T:4091 debug : PrepareNextRender: frameOnScreen: 28.306 renderPts: 28.464 nextFramePts: 28.445 -> diff: 0.019 render: 1 forceNext: 0
2025-08-23 16:45:08.526 T:4091 debug : CAMLCodec::ReleaseFrame idx:682, drop:0
2025-08-23 16:45:08.531 T:4326 debug : CAMLCodec::AddData: dl:756800 fl:5338048 sz:147217(147328) lv:12.4% dts:28.904 pts:29.071
2025-08-23 16:45:08.536 T:4323 debug : CVideoPlayer::ProcessAudioData size:7847 dts:37.431 pts:37.431 dur:92.000ms, clock:28.316 drop:0 level:100
2025-08-23 16:45:08.542 T:4323 debug : CVideoPlayer::ProcessVideoData size:625371 dts:37.287 pts:37.496 dur:41.000ms, clock:28.322 level:100
2025-08-23 16:45:08.560 T:4091 debug : CAMLCodec::PollFrame elapsed:34.572ms
2025-08-23 16:45:08.564 T:4326 debug : CAMLCodec::DequeueBuffer: pts:28.695 idx:688
2025-08-23 16:45:08.565 T:4326 debug : CAMLCodec::GetPicture: index: 688, pts: 28.695, dur:41.000ms ar:1.78 elf:42ms
2025-08-23 16:45:08.565 T:4326 debug : CVideoPlayerVideo::OutputPicture - ttd:349ms pts:28.695 Clock:28.345 Level:5
2025-08-23 16:45:08.572 T:4091 debug : PrepareNextRender: frameOnScreen: 28.352 renderPts: 28.510 nextFramePts: 28.487 -> diff: 0.023 render: 1 forceNext: 0
2025-08-23 16:45:08.572 T:4091 debug : CAMLCodec::ReleaseFrame idx:683, drop:0
2025-08-23 16:45:08.597 T:4327 debug : CVideoPlayerAudio::OutputPacket: pts:29.164 curr_pts:28.353 clock:28.377 level:100
2025-08-23 16:45:08.602 T:4091 debug : CAMLCodec::PollFrame elapsed:29.891ms
2025-08-23 16:45:08.603 T:4326 debug : CAMLCodec::DequeueBuffer: pts:28.737 idx:689
2025-08-23 16:45:08.603 T:4326 debug : CAMLCodec::GetPicture: index: 689, pts: 28.737, dur:42.000ms ar:1.78 elf:38ms
2025-08-23 16:45:08.603 T:4326 debug : CVideoPlayerVideo::OutputPicture - ttd:353ms pts:28.737 Clock:28.384 Level:5
2025-08-23 16:45:08.610 T:4091 debug : PrepareNextRender: frameOnScreen: 28.390 renderPts: 28.548 nextFramePts: 28.528 -> diff: 0.020 render: 1 forceNext: 0
2025-08-23 16:45:08.610 T:4091 debug : CAMLCodec::ReleaseFrame idx:684, drop:0
2025-08-23 16:45:08.612 T:4326 debug : CAMLCodec::AddData: dl:629312 fl:5465536 sz:116958(117056) lv:10.3% dts:28.946 pts:29.029
2025-08-23 16:45:08.644 T:4091 debug : CAMLCodec::PollFrame elapsed:33.511ms
2025-08-23 16:45:08.645 T:4326 debug : CAMLCodec::DequeueBuffer: pts:28.779 idx:690
2025-08-23 16:45:08.645 T:4326 debug : CAMLCodec::GetPicture: index: 690, pts: 28.779, dur:42.000ms ar:1.78 elf:41ms
2025-08-23 16:45:08.645 T:4326 debug : CVideoPlayerVideo::OutputPicture - ttd:353ms pts:28.779 Clock:28.425 Level:5
2025-08-23 16:45:08.652 T:4091 debug : PrepareNextRender: frameOnScreen: 28.432 renderPts: 28.590 nextFramePts: 28.570 -> diff: 0.020 render: 1 forceNext: 0
2025-08-23 16:45:08.652 T:4091 debug : CAMLCodec::ReleaseFrame idx:685, drop:0
2025-08-23 16:45:08.655 T:4326 debug : CAMLCodec::AddData: dl:629120 fl:5465728 sz:106013(106112) lv:10.3% dts:28.987 pts:28.987
2025-08-23 16:45:08.686 T:4091 debug : CAMLCodec::PollFrame elapsed:33.514ms
2025-08-23 16:45:08.687 T:4326 debug : CAMLCodec::DequeueBuffer: pts:28.820 idx:691
2025-08-23 16:45:08.687 T:4326 debug : CAMLCodec::GetPicture: index: 691, pts: 28.820, dur:41.000ms ar:1.78 elf:41ms
2025-08-23 16:45:08.687 T:4326 debug : CVideoPlayerVideo::OutputPicture - ttd:352ms pts:28.820 Clock:28.467 Level:5
2025-08-23 16:45:08.693 T:4091 debug : PrepareNextRender: frameOnScreen: 28.473 renderPts: 28.631 nextFramePts: 28.612 -> diff: 0.019 render: 1 forceNext: 0
2025-08-23 16:45:08.693 T:4091 debug : CAMLCodec::ReleaseFrame idx:686, drop:0
2025-08-23 16:45:08.697 T:4327 debug : CVideoPlayerAudio::OutputPacket: pts:29.257 curr_pts:28.454 clock:28.477 level:100
2025-08-23 16:45:08.701 T:4326 debug : CAMLCodec::AddData: dl:506880 fl:5587968 sz:136293(136384) lv:8.3% dts:29.029 pts:29.112
2025-08-23 16:45:08.703 T:4326 debug : CAMLCodec::AddData: dl:801472 fl:5293376 sz:294471(294592) lv:13.1% dts:29.071 pts:29.363
2025-08-23 16:45:08.705 T:4323 debug : CVideoPlayer::ProcessVideoData size:444588 dts:37.329 pts:37.454 dur:41.000ms, clock:28.485 level:100
2025-08-23 16:45:08.727 T:4091 debug : CAMLCodec::PollFrame elapsed:33.961ms
2025-08-23 16:45:08.728 T:4326 debug : CAMLCodec::DequeueBuffer: pts:28.862 idx:692
2025-08-23 16:45:08.728 T:4326 debug : CAMLCodec::GetPicture: index: 692, pts: 28.862, dur:42.000ms ar:1.78 elf:40ms
2025-08-23 16:45:08.728 T:4326 debug : CVideoPlayerVideo::OutputPicture - ttd:353ms pts:28.862 Clock:28.508 Level:5
2025-08-23 16:45:08.736 T:4091 debug : PrepareNextRender: frameOnScreen: 28.517 renderPts: 28.675 nextFramePts: 28.654 -> diff: 0.021 render: 1 forceNext: 0
2025-08-23 16:45:08.737 T:4091 debug : CAMLCodec::ReleaseFrame idx:687, drop:0
2025-08-23 16:45:08.769 T:4091 debug : CAMLCodec::PollFrame elapsed:32.320ms
2025-08-23 16:45:08.771 T:4326 debug : CAMLCodec::DequeueBuffer: pts:28.904 idx:693
2025-08-23 16:45:08.771 T:4326 debug : CAMLCodec::GetPicture: index: 693, pts: 28.904, dur:42.000ms ar:1.78 elf:42ms
2025-08-23 16:45:08.771 T:4326 debug : CVideoPlayerVideo::OutputPicture - ttd:352ms pts:28.904 Clock:28.551 Level:5
2025-08-23 16:45:08.777 T:4091 debug : PrepareNextRender: frameOnScreen: 28.558 renderPts: 28.716 nextFramePts: 28.695 -> diff: 0.021 render: 1 forceNext: 0
2025-08-23 16:45:08.777 T:4091 debug : CAMLCodec::ReleaseFrame idx:688, drop:0
2025-08-23 16:45:08.780 T:4326 debug : CAMLCodec::AddData: dl:685952 fl:5408896 sz:148752(148864) lv:11.3% dts:29.112 pts:29.279
2025-08-23 16:45:08.797 T:4327 debug : CVideoPlayerAudio::OutputPacket: pts:29.350 curr_pts:28.554 clock:28.577 level:100
2025-08-23 16:45:08.811 T:4091 debug : CAMLCodec::PollFrame elapsed:33.200ms
2025-08-23 16:45:08.812 T:4326 debug : CAMLCodec::DequeueBuffer: pts:28.946 idx:694
2025-08-23 16:45:08.812 T:4326 debug : CAMLCodec::GetPicture: index: 694, pts: 28.946, dur:42.000ms ar:1.78 elf:40ms
2025-08-23 16:45:08.812 T:4326 debug : CVideoPlayerVideo::OutputPicture - ttd:353ms pts:28.946 Clock:28.592 Level:5
2025-08-23 16:45:08.818 T:4091 debug : PrepareNextRender: frameOnScreen: 28.599 renderPts: 28.757 nextFramePts: 28.737 -> diff: 0.020 render: 1 forceNext: 0
2025-08-23 16:45:08.819 T:4091 debug : CAMLCodec::ReleaseFrame idx:689, drop:0
2025-08-23 16:45:08.822 T:4326 debug : CAMLCodec::AddData: dl:726656 fl:5368192 sz:146717(146816) lv:11.9% dts:29.154 pts:29.238
2025-08-23 16:45:08.846 T:4327 debug : CVideoPlayerAudio::OutputPacket: pts:29.443 curr_pts:28.603 clock:28.626 level:99
2025-08-23 16:45:08.852 T:4091 debug : CAMLCodec::PollFrame elapsed:33.777ms
2025-08-23 16:45:08.854 T:4326 debug : CAMLCodec::DequeueBuffer: pts:28.987 idx:695
2025-08-23 16:45:08.854 T:4326 debug : CAMLCodec::GetPicture: index: 695, pts: 28.987, dur:41.000ms ar:1.78 elf:42ms
2025-08-23 16:45:08.854 T:4326 debug : CVideoPlayerVideo::OutputPicture - ttd:352ms pts:28.987 Clock:28.635 Level:5
2025-08-23 16:45:08.860 T:4091 debug : PrepareNextRender: frameOnScreen: 28.641 renderPts: 28.799 nextFramePts: 28.779 -> diff: 0.020 render: 1 forceNext: 0
2025-08-23 16:45:08.861 T:4091 debug : CAMLCodec::ReleaseFrame idx:690, drop:0
2025-08-23 16:45:08.865 T:4326 debug : CAMLCodec::AddData: dl:735104 fl:5359744 sz:144753(144832) lv:12.1% dts:29.196 pts:29.196
2025-08-23 16:45:08.869 T:4323 debug : CVideoPlayer::ProcessVideoData size:334932 dts:37.371 pts:37.412 dur:41.000ms, clock:28.649 level:100
2025-08-23 16:45:08.894 T:4091 debug : CAMLCodec::PollFrame elapsed:33.522ms
2025-08-23 16:45:08.897 T:4326 debug : CAMLCodec::DequeueBuffer: pts:29.029 idx:696
2025-08-23 16:45:08.897 T:4326 debug : CAMLCodec::GetPicture: index: 696, pts: 29.029, dur:42.000ms ar:1.78 elf:42ms
2025-08-23 16:45:08.897 T:4326 debug : CVideoPlayerVideo::OutputPicture - ttd:351ms pts:29.029 Clock:28.677 Level:5
2025-08-23 16:45:08.901 T:4091 debug : PrepareNextRender: frameOnScreen: 28.682 renderPts: 28.840 nextFramePts: 28.820 -> diff: 0.020 render: 1 forceNext: 0
2025-08-23 16:45:08.902 T:4091 debug : CAMLCodec::ReleaseFrame idx:691, drop:0
2025-08-23 16:45:08.911 T:4326 debug : CAMLCodec::AddData: dl:601536 fl:5493312 sz:160907(161024) lv:9.9% dts:29.238 pts:29.321
2025-08-23 16:45:08.913 T:4326 debug : CAMLCodec::AddData: dl:850432 fl:5244416 sz:248799(248896) lv:14.0% dts:29.279 pts:29.488
2025-08-23 16:45:08.920 T:4323 debug : CVideoPlayer::ProcessAudioData size:7992 dts:37.523 pts:37.523 dur:92.000ms, clock:28.700 drop:0 level:99
2025-08-23 16:45:08.923 T:4323 debug : CVideoPlayer::ProcessVideoData size:1049003 dts:37.412 pts:37.537 dur:41.000ms, clock:28.704 level:100
2025-08-23 16:45:08.936 T:4091 debug : CAMLCodec::PollFrame elapsed:34.198ms
2025-08-23 16:45:08.939 T:4326 debug : CAMLCodec::DequeueBuffer: pts:29.071 idx:697
2025-08-23 16:45:08.939 T:4326 debug : CAMLCodec::GetPicture: index: 697, pts: 29.071, dur:42.000ms ar:1.78 elf:42ms
2025-08-23 16:45:08.939 T:4326 debug : CVideoPlayerVideo::OutputPicture - ttd:351ms pts:29.071 Clock:28.720 Level:5
2025-08-23 16:45:08.947 T:4327 debug : CVideoPlayerAudio::OutputPacket: pts:29.536 curr_pts:28.704 clock:28.727 level:99
2025-08-23 16:45:08.947 T:4091 debug : PrepareNextRender: frameOnScreen: 28.727 renderPts: 28.885 nextFramePts: 28.862 -> diff: 0.023 render: 1 forceNext: 0
2025-08-23 16:45:08.947 T:4091 debug : CAMLCodec::ReleaseFrame idx:692, drop:0
2025-08-23 16:45:08.978 T:4091 debug : CAMLCodec::PollFrame elapsed:30.309ms
2025-08-23 16:45:08.979 T:4326 debug : CAMLCodec::DequeueBuffer: pts:29.112 idx:698
2025-08-23 16:45:08.979 T:4326 debug : CAMLCodec::GetPicture: index: 698, pts: 29.112, dur:41.000ms ar:1.78 elf:39ms
2025-08-23 16:45:08.979 T:4326 debug : CVideoPlayerVideo::OutputPicture - ttd:352ms pts:29.112 Clock:28.759 Level:5
2025-08-23 16:45:08.986 T:4091 debug : PrepareNextRender: frameOnScreen: 28.766 renderPts: 28.924 nextFramePts: 28.904 -> diff: 0.020 render: 1 forceNext: 0
2025-08-23 16:45:08.986 T:4091 debug : CAMLCodec::ReleaseFrame idx:693, drop:0
