2025-08-23 16:44:57.631 T:4091 debug : CAMLCodec::PollFrame elapsed:31.225ms
2025-08-23 16:44:57.635 T:4326 debug : CAMLCodec::DequeueBuffer: pts:17.768 idx:426
2025-08-23 16:44:57.635 T:4326 debug : CAMLCodec::GetPicture: index: 426, pts: 17.768, dur:42.000ms ar:1.78 elf:42ms
2025-08-23 16:44:57.635 T:4326 debug : CVideoPlayerVideo::OutputPicture - ttd:350ms pts:17.768 Clock:17.417 Level:5
2025-08-23 16:44:57.636 T:4091 debug : PrepareNextRender: frameOnScreen: 17.418 renderPts: 17.576 nextFramePts: 17.559 -> diff: 0.017 render: 1 forceNext: 0
2025-08-23 16:44:57.637 T:4091 debug : CAMLCodec::ReleaseFrame idx:421, drop:0
2025-08-23 16:44:57.645 T:4327 debug : CVideoPlayerAudio::OutputPacket: pts:18.204 curr_pts:17.405 clock:17.427 level:45
2025-08-23 16:44:57.647 T:4323 debug : CVideoPlayer::ProcessVideoData size:420174 dts:21.688 pts:21.772 dur:41.000ms, clock:17.430 level:47
2025-08-23 16:44:57.648 T:4326 debug : CAMLCodec::AddData: dl:917952 fl:5176896 sz:460343(460416) lv:15.1% dts:17.893 pts:17.976
2025-08-23 16:44:57.673 T:4091 debug : CAMLCodec::PollFrame elapsed:35.818ms
2025-08-23 16:44:57.674 T:4326 debug : CAMLCodec::DequeueBuffer: pts:17.809 idx:427
2025-08-23 16:44:57.674 T:4326 debug : CAMLCodec::GetPicture: index: 427, pts: 17.809, dur:41.000ms ar:1.78 elf:39ms
2025-08-23 16:44:57.674 T:4326 debug : CVideoPlayerVideo::OutputPicture - ttd:352ms pts:17.809 Clock:17.457 Level:5
2025-08-23 16:44:57.679 T:4091 debug : PrepareNextRender: frameOnScreen: 17.461 renderPts: 17.619 nextFramePts: 17.601 -> diff: 0.018 render: 1 forceNext: 0
2025-08-23 16:44:57.679 T:4091 debug : CAMLCodec::ReleaseFrame idx:422, drop:0
2025-08-23 16:44:57.689 T:4323 debug : CVideoPlayer::ProcessVideoData size:335299 dts:21.730 pts:21.730 dur:41.000ms, clock:17.472 level:47
2025-08-23 16:44:57.690 T:4326 debug : CAMLCodec::AddData: dl:824192 fl:5270656 sz:363655(363776) lv:13.5% dts:17.935 pts:17.935
2025-08-23 16:44:57.695 T:4327 debug : CVideoPlayerAudio::OutputPacket: pts:18.297 curr_pts:17.453 clock:17.477 level:43
2025-08-23 16:44:57.714 T:4091 debug : CAMLCodec::PollFrame elapsed:34.940ms
2025-08-23 16:44:57.716 T:4326 debug : CAMLCodec::DequeueBuffer: pts:17.851 idx:428
2025-08-23 16:44:57.716 T:4326 debug : CAMLCodec::GetPicture: index: 428, pts: 17.851, dur:42.000ms ar:1.78 elf:41ms
2025-08-23 16:44:57.716 T:4326 debug : CVideoPlayerVideo::OutputPicture - ttd:352ms pts:17.851 Clock:17.499 Level:5
2025-08-23 16:44:57.721 T:4091 debug : PrepareNextRender: frameOnScreen: 17.504 renderPts: 17.661 nextFramePts: 17.643 -> diff: 0.018 render: 1 forceNext: 0
2025-08-23 16:44:57.722 T:4091 debug : CAMLCodec::ReleaseFrame idx:423, drop:0
2025-08-23 16:44:57.731 T:4326 debug : CAMLCodec::AddData: dl:732480 fl:5362368 sz:368614(368704) lv:12.0% dts:17.976 pts:18.060
2025-08-23 16:44:57.732 T:4323 debug : CVideoPlayer::ProcessVideoData size:361094 dts:21.772 pts:21.855 dur:41.000ms, clock:17.514 level:47
2025-08-23 16:44:57.756 T:4091 debug : CAMLCodec::PollFrame elapsed:34.374ms
2025-08-23 16:44:57.758 T:4326 debug : CAMLCodec::DequeueBuffer: pts:17.893 idx:429
2025-08-23 16:44:57.758 T:4326 debug : CAMLCodec::GetPicture: index: 429, pts: 17.893, dur:42.000ms ar:1.78 elf:41ms
2025-08-23 16:44:57.758 T:4326 debug : CVideoPlayerVideo::OutputPicture - ttd:352ms pts:17.893 Clock:17.541 Level:5
2025-08-23 16:44:57.764 T:4091 debug : PrepareNextRender: frameOnScreen: 17.546 renderPts: 17.704 nextFramePts: 17.684 -> diff: 0.020 render: 1 forceNext: 0
2025-08-23 16:44:57.764 T:4091 debug : CAMLCodec::ReleaseFrame idx:424, drop:0
2025-08-23 16:44:57.771 T:4326 debug : CAMLCodec::AddData: dl:1008384 fl:5086464 sz:639591(639680) lv:16.5% dts:18.018 pts:18.310
2025-08-23 16:44:57.773 T:4323 debug : CVideoPlayer::ProcessAudioData size:6257 dts:21.920 pts:21.920 dur:92.000ms, clock:17.555 drop:0 level:43
2025-08-23 16:44:57.773 T:4323 debug : CVideoPlayer::ProcessAudioData size:6435 dts:22.012 pts:22.012 dur:92.000ms, clock:17.555 drop:0 level:45
2025-08-23 16:44:57.778 T:4323 debug : CVideoPlayer::ProcessVideoData size:592154 dts:21.813 pts:22.105 dur:41.000ms, clock:17.561 level:47
2025-08-23 16:44:57.795 T:4327 debug : CVideoPlayerAudio::OutputPacket: pts:18.390 curr_pts:17.554 clock:17.578 level:45
2025-08-23 16:44:57.798 T:4091 debug : CAMLCodec::PollFrame elapsed:33.368ms
2025-08-23 16:44:57.799 T:4326 debug : CAMLCodec::DequeueBuffer: pts:17.935 idx:430
2025-08-23 16:44:57.799 T:4326 debug : CAMLCodec::GetPicture: index: 430, pts: 17.935, dur:42.000ms ar:1.78 elf:41ms
2025-08-23 16:44:57.799 T:4326 debug : CVideoPlayerVideo::OutputPicture - ttd:353ms pts:17.935 Clock:17.582 Level:5
2025-08-23 16:44:57.811 T:4091 debug : PrepareNextRender: frameOnScreen: 17.593 renderPts: 17.751 nextFramePts: 17.726 -> diff: 0.025 render: 1 forceNext: 0
2025-08-23 16:44:57.811 T:4091 debug : CAMLCodec::ReleaseFrame idx:425, drop:0
2025-08-23 16:44:57.840 T:4091 debug : CAMLCodec::PollFrame elapsed:28.058ms
2025-08-23 16:44:57.841 T:4326 debug : CAMLCodec::DequeueBuffer: pts:17.976 idx:431
2025-08-23 16:44:57.841 T:4326 debug : CAMLCodec::GetPicture: index: 431, pts: 17.976, dur:41.000ms ar:1.78 elf:41ms
2025-08-23 16:44:57.841 T:4326 debug : CVideoPlayerVideo::OutputPicture - ttd:352ms pts:17.976 Clock:17.623 Level:5
2025-08-23 16:44:57.846 T:4091 debug : PrepareNextRender: frameOnScreen: 17.629 renderPts: 17.786 nextFramePts: 17.768 -> diff: 0.018 render: 1 forceNext: 0
2025-08-23 16:44:57.847 T:4091 debug : CAMLCodec::ReleaseFrame idx:426, drop:0
2025-08-23 16:44:57.857 T:4326 debug : CAMLCodec::AddData: dl:482432 fl:5612416 sz:482364(482432) lv:7.9% dts:18.060 pts:18.227
2025-08-23 16:44:57.861 T:4323 debug : CVideoPlayer::ProcessVideoData size:521430 dts:21.855 pts:22.022 dur:41.000ms, clock:17.643 level:46
2025-08-23 16:44:57.863 T:4323 debug : CVideoPlayer::ProcessVideoData size:429900 dts:21.897 pts:21.980 dur:41.000ms, clock:17.645 level:47
2025-08-23 16:44:57.863 T:4326 debug : CAMLCodec::AddData: dl:961664 fl:5133184 sz:479157(479232) lv:15.8% dts:18.101 pts:18.185
2025-08-23 16:44:57.881 T:4091 debug : CAMLCodec::PollFrame elapsed:34.608ms
2025-08-23 16:44:57.883 T:4326 debug : CAMLCodec::DequeueBuffer: pts:18.018 idx:432
2025-08-23 16:44:57.884 T:4326 debug : CAMLCodec::GetPicture: index: 432, pts: 18.018, dur:42.000ms ar:1.78 elf:42ms
2025-08-23 16:44:57.884 T:4326 debug : CVideoPlayerVideo::OutputPicture - ttd:351ms pts:18.018 Clock:17.666 Level:5
2025-08-23 16:44:57.894 T:4091 debug : PrepareNextRender: frameOnScreen: 17.676 renderPts: 17.834 nextFramePts: 17.809 -> diff: 0.025 render: 1 forceNext: 0
2025-08-23 16:44:57.894 T:4091 debug : CAMLCodec::ReleaseFrame idx:427, drop:0
2025-08-23 16:44:57.896 T:4327 debug : CVideoPlayerAudio::OutputPacket: pts:18.482 curr_pts:17.654 clock:17.678 level:43
2025-08-23 16:44:57.900 T:4326 debug : CAMLCodec::AddData: dl:856640 fl:5238208 sz:377342(377408) lv:14.1% dts:18.143 pts:18.143
2025-08-23 16:44:57.905 T:4323 debug : CVideoPlayer::ProcessVideoData size:446891 dts:21.939 pts:21.939 dur:41.000ms, clock:17.687 level:47
2025-08-23 16:44:57.923 T:4091 debug : CAMLCodec::PollFrame elapsed:28.858ms
2025-08-23 16:44:57.925 T:4326 debug : CAMLCodec::DequeueBuffer: pts:18.060 idx:433
2025-08-23 16:44:57.926 T:4326 debug : CAMLCodec::GetPicture: index: 433, pts: 18.060, dur:42.000ms ar:1.78 elf:41ms
2025-08-23 16:44:57.926 T:4326 debug : CVideoPlayerVideo::OutputPicture - ttd:351ms pts:18.060 Clock:17.708 Level:5
2025-08-23 16:44:57.933 T:4091 debug : PrepareNextRender: frameOnScreen: 17.715 renderPts: 17.872 nextFramePts: 17.851 -> diff: 0.021 render: 1 forceNext: 0
2025-08-23 16:44:57.933 T:4091 debug : CAMLCodec::ReleaseFrame idx:428, drop:0
2025-08-23 16:44:57.941 T:4326 debug : CAMLCodec::AddData: dl:773120 fl:5321728 sz:395613(395712) lv:12.7% dts:18.185 pts:18.268
2025-08-23 16:44:57.947 T:4323 debug : CVideoPlayer::ProcessVideoData size:456870 dts:21.980 pts:22.064 dur:41.000ms, clock:17.729 level:47
2025-08-23 16:44:57.965 T:4091 debug : CAMLCodec::PollFrame elapsed:31.245ms
2025-08-23 16:44:57.966 T:4326 debug : CAMLCodec::DequeueBuffer: pts:18.101 idx:434
2025-08-23 16:44:57.967 T:4326 debug : CAMLCodec::GetPicture: index: 434, pts: 18.101, dur:41.000ms ar:1.78 elf:40ms
2025-08-23 16:44:57.967 T:4326 debug : CVideoPlayerVideo::OutputPicture - ttd:352ms pts:18.101 Clock:17.749 Level:5
2025-08-23 16:44:57.973 T:4091 debug : PrepareNextRender: frameOnScreen: 17.755 renderPts: 17.913 nextFramePts: 17.893 -> diff: 0.020 render: 1 forceNext: 0
2025-08-23 16:44:57.973 T:4091 debug : CAMLCodec::ReleaseFrame idx:429, drop:0
2025-08-23 16:44:57.978 T:4323 debug : CVideoPlayer::ProcessAudioData size:6670 dts:22.106 pts:22.106 dur:92.000ms, clock:17.760 drop:0 level:43
2025-08-23 16:44:57.978 T:4323 debug : CVideoPlayer::ProcessAudioData size:6746 dts:22.198 pts:22.198 dur:92.000ms, clock:17.760 drop:0 level:45
2025-08-23 16:44:57.978 T:4323 debug : CVideoPlayer::ProcessAudioData size:6785 dts:22.291 pts:22.291 dur:92.000ms, clock:17.760 drop:0 level:46
2025-08-23 16:44:57.980 T:4326 debug : CAMLCodec::AddData: dl:1085056 fl:5009792 sz:689275(689344) lv:17.8% dts:18.227 pts:18.518
2025-08-23 16:44:57.984 T:4323 debug : CVideoPlayer::ProcessVideoData size:586648 dts:22.022 pts:22.314 dur:41.000ms, clock:17.767 level:47
2025-08-23 16:44:57.995 T:4327 debug : CVideoPlayerAudio::OutputPacket: pts:18.576 curr_pts:17.753 clock:17.777 level:46
2025-08-23 16:44:58.006 T:4091 debug : CAMLCodec::PollFrame elapsed:33.246ms
2025-08-23 16:44:58.009 T:4326 debug : CAMLCodec::DequeueBuffer: pts:18.143 idx:435
2025-08-23 16:44:58.009 T:4326 debug : CAMLCodec::GetPicture: index: 435, pts: 18.143, dur:42.000ms ar:1.78 elf:42ms
2025-08-23 16:44:58.009 T:4326 debug : CVideoPlayerVideo::OutputPicture - ttd:351ms pts:18.143 Clock:17.792 Level:5
2025-08-23 16:44:58.015 T:4091 debug : PrepareNextRender: frameOnScreen: 17.797 renderPts: 17.955 nextFramePts: 17.935 -> diff: 0.020 render: 1 forceNext: 0
2025-08-23 16:44:58.015 T:4091 debug : CAMLCodec::ReleaseFrame idx:430, drop:0
2025-08-23 16:44:58.048 T:4091 debug : CAMLCodec::PollFrame elapsed:32.639ms
2025-08-23 16:44:58.051 T:4326 debug : CAMLCodec::DequeueBuffer: pts:18.185 idx:436
2025-08-23 16:44:58.051 T:4326 debug : CAMLCodec::GetPicture: index: 436, pts: 18.185, dur:42.000ms ar:1.78 elf:41ms
2025-08-23 16:44:58.051 T:4326 debug : CVideoPlayerVideo::OutputPicture - ttd:351ms pts:18.185 Clock:17.834 Level:5
2025-08-23 16:44:58.055 T:4091 debug : PrepareNextRender: frameOnScreen: 17.837 renderPts: 17.994 nextFramePts: 17.976 -> diff: 0.018 render: 1 forceNext: 0
2025-08-23 16:44:58.055 T:4091 debug : CAMLCodec::ReleaseFrame idx:431, drop:0
2025-08-23 16:44:58.067 T:4323 debug : CVideoPlayer::ProcessVideoData size:472905 dts:22.064 pts:22.231 dur:41.000ms, clock:17.849 level:47
2025-08-23 16:44:58.069 T:4326 debug : CAMLCodec::AddData: dl:525568 fl:5569280 sz:525480(525568) lv:8.6% dts:18.268 pts:18.435
2025-08-23 16:44:58.073 T:4326 debug : CAMLCodec::AddData: dl:1038912 fl:5055936 sz:513219(513344) lv:17.0% dts:18.310 pts:18.393
2025-08-23 16:44:58.079 T:4323 debug : CVideoPlayer::ProcessVideoData size:476973 dts:22.105 pts:22.189 dur:41.000ms, clock:17.861 level:47
2025-08-23 16:44:58.090 T:4091 debug : CAMLCodec::PollFrame elapsed:34.938ms
2025-08-23 16:44:58.092 T:4326 debug : CAMLCodec::DequeueBuffer: pts:18.227 idx:437
2025-08-23 16:44:58.093 T:4326 debug : CAMLCodec::GetPicture: index: 437, pts: 18.227, dur:42.000ms ar:1.78 elf:41ms
2025-08-23 16:44:58.093 T:4326 debug : CVideoPlayerVideo::OutputPicture - ttd:351ms pts:18.227 Clock:17.875 Level:5
2025-08-23 16:44:58.095 T:4327 debug : CVideoPlayerAudio::OutputPacket: pts:18.669 curr_pts:17.854 clock:17.877 level:45
2025-08-23 16:44:58.101 T:4091 debug : PrepareNextRender: frameOnScreen: 17.884 renderPts: 18.041 nextFramePts: 18.018 -> diff: 0.023 render: 1 forceNext: 0
2025-08-23 16:44:58.102 T:4091 debug : CAMLCodec::ReleaseFrame idx:432, drop:0
2025-08-23 16:44:58.109 T:4326 debug : CAMLCodec::AddData: dl:914496 fl:5180352 sz:401080(401152) lv:15.0% dts:18.352 pts:18.352
2025-08-23 16:44:58.111 T:4323 debug : CVideoPlayer::ProcessVideoData size:370720 dts:22.147 pts:22.147 dur:41.000ms, clock:17.893 level:47
2025-08-23 16:44:58.132 T:4091 debug : CAMLCodec::PollFrame elapsed:29.403ms
2025-08-23 16:44:58.135 T:4326 debug : CAMLCodec::DequeueBuffer: pts:18.268 idx:438
2025-08-23 16:44:58.135 T:4326 debug : CAMLCodec::GetPicture: index: 438, pts: 18.268, dur:41.000ms ar:1.78 elf:41ms
2025-08-23 16:44:58.135 T:4326 debug : CVideoPlayerVideo::OutputPicture - ttd:350ms pts:18.268 Clock:17.917 Level:5
2025-08-23 16:44:58.141 T:4091 debug : PrepareNextRender: frameOnScreen: 17.923 renderPts: 18.081 nextFramePts: 18.060 -> diff: 0.021 render: 1 forceNext: 0
2025-08-23 16:44:58.141 T:4091 debug : CAMLCodec::ReleaseFrame idx:433, drop:0
2025-08-23 16:44:58.150 T:4326 debug : CAMLCodec::AddData: dl:819072 fl:5275776 sz:417799(417920) lv:13.4% dts:18.393 pts:18.477
2025-08-23 16:44:58.153 T:4323 debug : CVideoPlayer::ProcessVideoData size:376595 dts:22.189 pts:22.272 dur:41.000ms, clock:17.935 level:47
2025-08-23 16:44:58.173 T:4091 debug : CAMLCodec::PollFrame elapsed:31.629ms
2025-08-23 16:44:58.175 T:4326 debug : CAMLCodec::DequeueBuffer: pts:18.310 idx:439
2025-08-23 16:44:58.175 T:4326 debug : CAMLCodec::GetPicture: index: 439, pts: 18.310, dur:42.000ms ar:1.78 elf:40ms
2025-08-23 16:44:58.176 T:4326 debug : CVideoPlayerVideo::OutputPicture - ttd:352ms pts:18.310 Clock:17.958 Level:5
2025-08-23 16:44:58.183 T:4091 debug : PrepareNextRender: frameOnScreen: 17.965 renderPts: 18.123 nextFramePts: 18.101 -> diff: 0.022 render: 1 forceNext: 0
2025-08-23 16:44:58.183 T:4091 debug : CAMLCodec::ReleaseFrame idx:434, drop:0
2025-08-23 16:44:58.189 T:4326 debug : CAMLCodec::AddData: dl:1118720 fl:4976128 sz:700689(700800) lv:18.4% dts:18.435 pts:18.644
2025-08-23 16:44:58.195 T:4323 debug : CVideoPlayer::ProcessAudioData size:7085 dts:22.384 pts:22.384 dur:92.000ms, clock:17.977 drop:0 level:45
2025-08-23 16:44:58.198 T:4327 debug : CVideoPlayerAudio::OutputPacket: pts:18.762 curr_pts:17.956 clock:17.980 level:45
2025-08-23 16:44:58.199 T:4323 debug : CVideoPlayer::ProcessVideoData size:569157 dts:22.231 pts:22.439 dur:41.000ms, clock:17.981 level:47
2025-08-23 16:44:58.200 T:4323 debug : CVideoPlayer::ProcessVideoData size:381384 dts:22.272 pts:22.397 dur:41.000ms, clock:17.982 level:47
2025-08-23 16:44:58.215 T:4091 debug : CAMLCodec::PollFrame elapsed:31.602ms
2025-08-23 16:44:58.217 T:4326 debug : CAMLCodec::DequeueBuffer: pts:18.352 idx:440
2025-08-23 16:44:58.217 T:4326 debug : CAMLCodec::GetPicture: index: 440, pts: 18.352, dur:42.000ms ar:1.78 elf:41ms
2025-08-23 16:44:58.217 T:4326 debug : CVideoPlayerVideo::OutputPicture - ttd:352ms pts:18.352 Clock:17.999 Level:5
2025-08-23 16:44:58.225 T:4091 debug : PrepareNextRender: frameOnScreen: 18.007 renderPts: 18.165 nextFramePts: 18.143 -> diff: 0.022 render: 1 forceNext: 0
2025-08-23 16:44:58.225 T:4091 debug : CAMLCodec::ReleaseFrame idx:435, drop:0
2025-08-23 16:44:58.257 T:4091 debug : CAMLCodec::PollFrame elapsed:31.127ms
2025-08-23 16:44:58.263 T:4326 debug : CAMLCodec::DequeueBuffer: pts:18.393 idx:441
2025-08-23 16:44:58.263 T:4326 debug : CAMLCodec::GetPicture: index: 441, pts: 18.393, dur:41.000ms ar:1.78 elf:45ms
2025-08-23 16:44:58.263 T:4326 debug : CVideoPlayerVideo::OutputPicture - ttd:347ms pts:18.393 Clock:18.045 Level:5
2025-08-23 16:44:58.266 T:4091 debug : PrepareNextRender: frameOnScreen: 18.048 renderPts: 18.206 nextFramePts: 18.185 -> diff: 0.021 render: 1 forceNext: 0
2025-08-23 16:44:58.266 T:4091 debug : CAMLCodec::ReleaseFrame idx:436, drop:0
2025-08-23 16:44:58.276 T:4326 debug : CAMLCodec::AddData: dl:420416 fl:5674432 sz:420340(420416) lv:6.9% dts:18.477 pts:18.602
2025-08-23 16:44:58.279 T:4326 debug : CAMLCodec::AddData: dl:860416 fl:5234432 sz:439911(440000) lv:14.1% dts:18.518 pts:18.560
2025-08-23 16:44:58.282 T:4323 debug : CVideoPlayer::ProcessVideoData size:385466 dts:22.314 pts:22.356 dur:41.000ms, clock:18.064 level:47
2025-08-23 16:44:58.283 T:4323 debug : CVideoPlayer::ProcessAudioData size:7271 dts:22.477 pts:22.477 dur:92.000ms, clock:18.065 drop:0 level:45
2025-08-23 16:44:58.286 T:4323 debug : CVideoPlayer::ProcessVideoData size:575561 dts:22.356 pts:22.522 dur:41.000ms, clock:18.068 level:47
2025-08-23 16:44:58.296 T:4327 debug : CVideoPlayerAudio::OutputPacket: pts:18.854 curr_pts:18.055 clock:18.078 level:45
2025-08-23 16:44:58.299 T:4091 debug : CAMLCodec::PollFrame elapsed:32.101ms
2025-08-23 16:44:58.301 T:4326 debug : CAMLCodec::DequeueBuffer: pts:18.435 idx:442
2025-08-23 16:44:58.301 T:4326 debug : CAMLCodec::GetPicture: index: 442, pts: 18.435, dur:42.000ms ar:1.78 elf:38ms
2025-08-23 16:44:58.301 T:4326 debug : CVideoPlayerVideo::OutputPicture - ttd:351ms pts:18.435 Clock:18.083 Level:5
2025-08-23 16:44:58.308 T:4091 debug : PrepareNextRender: frameOnScreen: 18.091 renderPts: 18.249 nextFramePts: 18.227 -> diff: 0.022 render: 1 forceNext: 0
2025-08-23 16:44:58.309 T:4091 debug : CAMLCodec::ReleaseFrame idx:437, drop:0
2025-08-23 16:44:58.316 T:4326 debug : CAMLCodec::AddData: dl:1000768 fl:5094080 sz:560678(560768) lv:16.4% dts:18.560 pts:18.685
2025-08-23 16:44:58.318 T:4323 debug : CVideoPlayer::ProcessVideoData size:363925 dts:22.397 pts:22.481 dur:41.000ms, clock:18.100 level:47
2025-08-23 16:44:58.340 T:4091 debug : CAMLCodec::PollFrame elapsed:31.261ms
2025-08-23 16:44:58.341 T:4326 debug : CAMLCodec::DequeueBuffer: pts:18.477 idx:443
2025-08-23 16:44:58.341 T:4326 debug : CAMLCodec::GetPicture: index: 443, pts: 18.477, dur:42.000ms ar:1.78 elf:39ms
2025-08-23 16:44:58.341 T:4326 debug : CVideoPlayerVideo::OutputPicture - ttd:353ms pts:18.477 Clock:18.123 Level:5
2025-08-23 16:44:58.345 T:4327 debug : CVideoPlayerAudio::OutputPacket: pts:18.947 curr_pts:18.103 clock:18.127 level:43
2025-08-23 16:44:58.350 T:4091 debug : PrepareNextRender: frameOnScreen: 18.132 renderPts: 18.290 nextFramePts: 18.268 -> diff: 0.022 render: 1 forceNext: 0
2025-08-23 16:44:58.350 T:4091 debug : CAMLCodec::ReleaseFrame idx:438, drop:0
2025-08-23 16:44:58.356 T:4326 debug : CAMLCodec::AddData: dl:1072576 fl:5022272 sz:511713(511808) lv:17.6% dts:18.602 pts:18.894
2025-08-23 16:44:58.362 T:4323 debug : CVideoPlayer::ProcessVideoData size:445333 dts:22.439 pts:22.564 dur:41.000ms, clock:18.144 level:47
2025-08-23 16:44:58.382 T:4091 debug : CAMLCodec::PollFrame elapsed:31.534ms
2025-08-23 16:44:58.383 T:4326 debug : CAMLCodec::DequeueBuffer: pts:18.518 idx:444
2025-08-23 16:44:58.383 T:4326 debug : CAMLCodec::GetPicture: index: 444, pts: 18.518, dur:41.000ms ar:1.78 elf:41ms
2025-08-23 16:44:58.383 T:4326 debug : CVideoPlayerVideo::OutputPicture - ttd:352ms pts:18.518 Clock:18.165 Level:5
2025-08-23 16:44:58.384 T:4326 debug : CAMLCodec::DequeueBuffer: pts:18.560 idx:445
2025-08-23 16:44:58.385 T:4326 debug : CAMLCodec::GetPicture: index: 445, pts: 18.560, dur:42.000ms ar:1.78 elf:1ms
2025-08-23 16:44:58.385 T:4326 debug : CVideoPlayerVideo::OutputPicture - ttd:393ms pts:18.560 Clock:18.167 Level:6
2025-08-23 16:44:58.386 T:4326 debug : CAMLCodec::DequeueBuffer: pts:18.602 idx:446
2025-08-23 16:44:58.386 T:4326 debug : CAMLCodec::GetPicture: index: 446, pts: 18.602, dur:42.000ms ar:1.78 elf:1ms
2025-08-23 16:44:58.391 T:4091 debug : PrepareNextRender: frameOnScreen: 18.173 renderPts: 18.331 nextFramePts: 18.310 -> diff: 0.021 render: 1 forceNext: 0
2025-08-23 16:44:58.391 T:4326 debug : CVideoPlayerVideo::OutputPicture - ttd:433ms pts:18.602 Clock:18.168 Level:6
2025-08-23 16:44:58.391 T:4091 debug : CAMLCodec::ReleaseFrame idx:439, drop:0
2025-08-23 16:44:58.392 T:4326 debug : CAMLCodec::DequeueBuffer: pts:18.644 idx:447
2025-08-23 16:44:58.392 T:4326 debug : CAMLCodec::GetPicture: index: 447, pts: 18.644, dur:42.000ms ar:1.78 elf:6ms
2025-08-23 16:44:58.424 T:4091 debug : CAMLCodec::PollFrame elapsed:32.437ms
2025-08-23 16:44:58.431 T:4091 debug : PrepareNextRender: frameOnScreen: 18.213 renderPts: 18.371 nextFramePts: 18.352 -> diff: 0.019 render: 1 forceNext: 0
2025-08-23 16:44:58.432 T:4091 debug : CAMLCodec::ReleaseFrame idx:440, drop:0
2025-08-23 16:44:58.432 T:4326 debug : CVideoPlayerVideo::OutputPicture - ttd:469ms pts:18.644 Clock:18.174 Level:6
2025-08-23 16:44:58.436 T:4326 debug : CAMLCodec::AddData: dl:939264 fl:5155584 sz:427370(427456) lv:15.4% dts:18.644 pts:18.810
2025-08-23 16:44:58.439 T:4326 debug : CAMLCodec::AddData: dl:857024 fl:5237824 sz:429502(429568) lv:14.1% dts:18.685 pts:18.769
2025-08-23 16:44:58.443 T:4323 debug : CVideoPlayer::ProcessAudioData size:7104 dts:22.570 pts:22.570 dur:92.000ms, clock:18.226 drop:0 level:43
2025-08-23 16:44:58.444 T:4323 debug : CVideoPlayer::ProcessAudioData size:7095 dts:22.662 pts:22.662 dur:92.000ms, clock:18.226 drop:0 level:45
2025-08-23 16:44:58.445 T:4327 debug : CVideoPlayerAudio::OutputPacket: pts:19.039 curr_pts:18.204 clock:18.228 level:45
2025-08-23 16:44:58.447 T:4323 debug : CVideoPlayer::ProcessVideoData size:439736 dts:22.481 pts:22.606 dur:41.000ms, clock:18.229 level:47
2025-08-23 16:44:58.449 T:4323 debug : CVideoPlayer::ProcessVideoData size:400104 dts:22.522 pts:22.648 dur:41.000ms, clock:18.231 level:47
2025-08-23 16:44:58.465 T:4091 debug : CAMLCodec::PollFrame elapsed:33.423ms
2025-08-23 16:44:58.476 T:4091 debug : PrepareNextRender: frameOnScreen: 18.259 renderPts: 18.417 nextFramePts: 18.393 -> diff: 0.024 render: 1 forceNext: 0
2025-08-23 16:44:58.477 T:4091 debug : CAMLCodec::ReleaseFrame idx:441, drop:0
2025-08-23 16:44:58.484 T:4323 debug : CVideoPlayer::ProcessVideoData size:220589 dts:22.564 pts:22.689 dur:41.000ms, clock:18.266 level:47
2025-08-23 16:44:58.484 T:4326 debug : CAMLCodec::AddData: dl:770560 fl:5324288 sz:340921(340992) lv:12.6% dts:18.727 pts:18.727
2025-08-23 16:44:58.507 T:4091 debug : CAMLCodec::PollFrame elapsed:30.188ms
2025-08-23 16:44:58.519 T:4091 debug : PrepareNextRender: frameOnScreen: 18.301 renderPts: 18.459 nextFramePts: 18.435 -> diff: 0.024 render: 1 forceNext: 0
2025-08-23 16:44:58.519 T:4091 debug : CAMLCodec::ReleaseFrame idx:442, drop:0
2025-08-23 16:44:58.524 T:4326 debug : CAMLCodec::AddData: dl:689728 fl:5405120 sz:348611(348736) lv:11.3% dts:18.769 pts:18.852
2025-08-23 16:44:58.527 T:4323 debug : CVideoPlayer::ProcessVideoData size:214324 dts:22.606 pts:22.731 dur:41.000ms, clock:18.309 level:47
2025-08-23 16:44:58.528 T:4323 debug : CVideoPlayer::ProcessAudioData size:7185 dts:22.756 pts:22.756 dur:92.000ms, clock:18.310 drop:0 level:45
2025-08-23 16:44:58.528 T:4323 debug : CVideoPlayer::ProcessAudioData size:7262 dts:22.848 pts:22.848 dur:92.000ms, clock:18.310 drop:0 level:46
2025-08-23 16:44:58.528 T:4323 debug : CVideoPlayer::ProcessAudioData size:7327 dts:22.941 pts:22.941 dur:92.000ms, clock:18.310 drop:0 level:47
2025-08-23 16:44:58.529 T:4323 debug : CVideoPlayer::ProcessVideoData size:251925 dts:22.648 pts:22.773 dur:41.000ms, clock:18.311 level:48
2025-08-23 16:44:58.545 T:4327 debug : CVideoPlayerAudio::OutputPacket: pts:19.133 curr_pts:18.303 clock:18.327 level:47
2025-08-23 16:44:58.549 T:4091 debug : CAMLCodec::PollFrame elapsed:29.253ms
2025-08-23 16:44:58.552 T:4326 debug : CAMLCodec::DequeueBuffer: pts:18.685 idx:448
2025-08-23 16:44:58.552 T:4326 debug : CAMLCodec::GetPicture: index: 448, pts: 18.685, dur:41.000ms ar:1.78 elf:159ms
2025-08-23 16:44:58.553 T:4326 debug : CVideoPlayerVideo::OutputPicture - ttd:350ms pts:18.685 Clock:18.335 Level:5
2025-08-23 16:44:58.559 T:4091 debug : PrepareNextRender: frameOnScreen: 18.341 renderPts: 18.499 nextFramePts: 18.477 -> diff: 0.022 render: 1 forceNext: 0
2025-08-23 16:44:58.559 T:4091 debug : CAMLCodec::ReleaseFrame idx:443, drop:0
2025-08-23 16:44:58.565 T:4326 debug : CAMLCodec::AddData: dl:879872 fl:5214976 sz:531056(531136) lv:14.4% dts:18.810 pts:19.102
2025-08-23 16:44:58.572 T:4323 debug : CVideoPlayer::ProcessVideoData size:231947 dts:22.689 pts:22.856 dur:41.000ms, clock:18.354 level:48
2025-08-23 16:44:58.573 T:4323 debug : CVideoPlayer::ProcessVideoData size:154383 dts:22.731 pts:22.814 dur:41.000ms, clock:18.355 level:48
2025-08-23 16:44:58.580 T:4323 debug : CVideoPlayer::ProcessVideoData size:219363 dts:22.773 pts:22.981 dur:41.000ms, clock:18.362 level:49
2025-08-23 16:44:58.590 T:4091 debug : CAMLCodec::PollFrame elapsed:31.012ms
2025-08-23 16:44:58.591 T:4326 debug : CAMLCodec::DequeueBuffer: pts:18.727 idx:449
2025-08-23 16:44:58.591 T:4326 debug : CAMLCodec::GetPicture: index: 449, pts: 18.727, dur:42.000ms ar:1.78 elf:38ms
2025-08-23 16:44:58.592 T:4326 debug : CVideoPlayerVideo::OutputPicture - ttd:353ms pts:18.727 Clock:18.374 Level:5
2025-08-23 16:44:58.602 T:4091 debug : PrepareNextRender: frameOnScreen: 18.384 renderPts: 18.543 nextFramePts: 18.518 -> diff: 0.025 render: 1 forceNext: 0
2025-08-23 16:44:58.603 T:4091 debug : CAMLCodec::ReleaseFrame idx:444, drop:0
2025-08-23 16:44:58.604 T:4326 debug : CAMLCodec::AddData: dl:965952 fl:5128896 sz:434700(434816) lv:15.8% dts:18.852 pts:19.019
2025-08-23 16:44:58.611 T:4323 debug : CVideoPlayer::ProcessVideoData size:177211 dts:22.814 pts:22.940 dur:41.000ms, clock:18.393 level:49
2025-08-23 16:44:58.612 T:4323 debug : CVideoPlayer::ProcessVideoData size:162212 dts:22.856 pts:22.898 dur:41.000ms, clock:18.394 level:49
2025-08-23 16:44:58.632 T:4091 debug : CAMLCodec::PollFrame elapsed:29.500ms
2025-08-23 16:44:58.634 T:4326 debug : CAMLCodec::DequeueBuffer: pts:18.769 idx:450
2025-08-23 16:44:58.634 T:4326 debug : CAMLCodec::GetPicture: index: 450, pts: 18.769, dur:42.000ms ar:1.78 elf:42ms
2025-08-23 16:44:58.634 T:4326 debug : CVideoPlayerVideo::OutputPicture - ttd:353ms pts:18.769 Clock:18.416 Level:5
2025-08-23 16:44:58.639 T:4091 debug : PrepareNextRender: frameOnScreen: 18.421 renderPts: 18.579 nextFramePts: 18.560 -> diff: 0.019 render: 1 forceNext: 0
2025-08-23 16:44:58.639 T:4091 debug : CAMLCodec::ReleaseFrame idx:445, drop:0
2025-08-23 16:44:58.645 T:4327 debug : CVideoPlayerAudio::OutputPacket: pts:19.225 curr_pts:18.404 clock:18.427 level:46
2025-08-23 16:44:58.648 T:4326 debug : CAMLCodec::AddData: dl:872064 fl:5222784 sz:437130(437248) lv:14.3% dts:18.894 pts:18.977
2025-08-23 16:44:58.655 T:4323 debug : CVideoPlayer::ProcessVideoData size:312567 dts:22.898 pts:23.023 dur:41.000ms, clock:18.437 level:49
2025-08-23 16:44:58.656 T:4323 debug : CVideoPlayer::ProcessAudioData size:7225 dts:23.034 pts:23.034 dur:92.000ms, clock:18.438 drop:0 level:46
2025-08-23 16:44:58.656 T:4323 debug : CVideoPlayer::ProcessAudioData size:7143 dts:23.126 pts:23.126 dur:92.000ms, clock:18.438 drop:0 level:47
2025-08-23 16:44:58.656 T:4323 debug : CVideoPlayer::ProcessAudioData size:7242 dts:23.219 pts:23.219 dur:92.000ms, clock:18.438 drop:0 level:48
2025-08-23 16:44:58.656 T:4323 debug : CVideoPlayer::ProcessAudioData size:7306 dts:23.312 pts:23.312 dur:92.000ms, clock:18.438 drop:0 level:49
2025-08-23 16:44:58.657 T:4323 debug : CVideoPlayer::ProcessVideoData size:241488 dts:22.940 pts:23.065 dur:41.000ms, clock:18.439 level:50
2025-08-23 16:44:58.674 T:4091 debug : CAMLCodec::PollFrame elapsed:34.486ms
2025-08-23 16:44:58.675 T:4326 debug : CAMLCodec::DequeueBuffer: pts:18.810 idx:451
2025-08-23 16:44:58.676 T:4326 debug : CAMLCodec::GetPicture: index: 451, pts: 18.810, dur:41.000ms ar:1.78 elf:41ms
2025-08-23 16:44:58.676 T:4326 debug : CVideoPlayerVideo::OutputPicture - ttd:352ms pts:18.810 Clock:18.458 Level:5
2025-08-23 16:44:58.686 T:4091 debug : PrepareNextRender: frameOnScreen: 18.468 renderPts: 18.626 nextFramePts: 18.602 -> diff: 0.024 render: 1 forceNext: 0
2025-08-23 16:44:58.686 T:4091 debug : CAMLCodec::ReleaseFrame idx:446, drop:0
2025-08-23 16:44:58.689 T:4326 debug : CAMLCodec::AddData: dl:795456 fl:5299392 sz:358134(358208) lv:13.1% dts:18.936 pts:18.936
2025-08-23 16:44:58.693 T:4323 debug : CVideoPlayer::ProcessVideoData size:342703 dts:22.981 pts:23.148 dur:41.000ms, clock:18.475 level:50
2025-08-23 16:44:58.716 T:4091 debug : CAMLCodec::PollFrame elapsed:29.689ms
2025-08-23 16:44:58.716 T:4326 debug : CAMLCodec::DequeueBuffer: pts:18.852 idx:452
2025-08-23 16:44:58.717 T:4326 debug : CAMLCodec::GetPicture: index: 452, pts: 18.852, dur:42.000ms ar:1.78 elf:40ms
2025-08-23 16:44:58.717 T:4326 debug : CVideoPlayerVideo::OutputPicture - ttd:353ms pts:18.852 Clock:18.499 Level:5
2025-08-23 16:44:58.723 T:4091 debug : PrepareNextRender: frameOnScreen: 18.505 renderPts: 18.663 nextFramePts: 18.644 -> diff: 0.019 render: 1 forceNext: 0
2025-08-23 16:44:58.723 T:4091 debug : CAMLCodec::ReleaseFrame idx:447, drop:0
2025-08-23 16:44:58.731 T:4326 debug : CAMLCodec::AddData: dl:740992 fl:5353856 sz:382687(382784) lv:12.2% dts:18.977 pts:19.061
2025-08-23 16:44:58.735 T:4323 debug : CVideoPlayer::ProcessVideoData size:184719 dts:23.023 pts:23.106 dur:41.000ms, clock:18.517 level:50
2025-08-23 16:44:58.745 T:4327 debug : CVideoPlayerAudio::OutputPacket: pts:19.319 curr_pts:18.503 clock:18.527 level:49
2025-08-23 16:44:58.757 T:4091 debug : CAMLCodec::PollFrame elapsed:33.868ms
2025-08-23 16:44:58.758 T:4326 debug : CAMLCodec::DequeueBuffer: pts:18.894 idx:453
2025-08-23 16:44:58.759 T:4326 debug : CAMLCodec::GetPicture: index: 453, pts: 18.894, dur:42.000ms ar:1.78 elf:41ms
2025-08-23 16:44:58.759 T:4326 debug : CVideoPlayerVideo::OutputPicture - ttd:353ms pts:18.894 Clock:18.541 Level:5
2025-08-23 16:44:58.765 T:4091 debug : PrepareNextRender: frameOnScreen: 18.547 renderPts: 18.706 nextFramePts: 18.685 -> diff: 0.021 render: 1 forceNext: 0
2025-08-23 16:44:58.766 T:4091 debug : CAMLCodec::ReleaseFrame idx:448, drop:0
2025-08-23 16:44:58.771 T:4326 debug : CAMLCodec::AddData: dl:947712 fl:5147136 sz:564861(564928) lv:15.5% dts:19.019 pts:19.311
2025-08-23 16:44:58.781 T:4323 debug : CVideoPlayer::ProcessVideoData size:386555 dts:23.065 pts:23.315 dur:41.000ms, clock:18.563 level:50
2025-08-23 16:44:58.782 T:4323 debug : CVideoPlayer::ProcessVideoData size:218380 dts:23.106 pts:23.232 dur:41.000ms, clock:18.564 level:51
2025-08-23 16:44:58.799 T:4091 debug : CAMLCodec::PollFrame elapsed:33.265ms
2025-08-23 16:44:58.800 T:4326 debug : CAMLCodec::DequeueBuffer: pts:18.936 idx:454
2025-08-23 16:44:58.800 T:4326 debug : CAMLCodec::GetPicture: index: 454, pts: 18.936, dur:42.000ms ar:1.78 elf:41ms
2025-08-23 16:44:58.801 T:4326 debug : CVideoPlayerVideo::OutputPicture - ttd:353ms pts:18.936 Clock:18.583 Level:5
2025-08-23 16:44:58.811 T:4091 debug : PrepareNextRender: frameOnScreen: 18.593 renderPts: 18.751 nextFramePts: 18.727 -> diff: 0.024 render: 1 forceNext: 0
2025-08-23 16:44:58.811 T:4091 debug : CAMLCodec::ReleaseFrame idx:449, drop:0
2025-08-23 16:44:58.814 T:4326 debug : CAMLCodec::AddData: dl:1038592 fl:5056256 sz:473555(473664) lv:17.0% dts:19.061 pts:19.228
2025-08-23 16:44:58.816 T:4323 debug : CVideoPlayer::ProcessVideoData size:173999 dts:23.148 pts:23.190 dur:41.000ms, clock:18.598 level:51
2025-08-23 16:44:58.817 T:4323 debug : CVideoPlayer::ProcessVideoData size:194326 dts:23.190 pts:23.273 dur:41.000ms, clock:18.599 level:51
2025-08-23 16:44:58.819 T:4323 debug : CVideoPlayer::ProcessAudioData size:7306 dts:23.406 pts:23.406 dur:92.000ms, clock:18.601 drop:0 level:49
2025-08-23 16:44:58.819 T:4323 debug : CVideoPlayer::ProcessAudioData size:7227 dts:23.498 pts:23.498 dur:92.000ms, clock:18.601 drop:0 level:50
2025-08-23 16:44:58.819 T:4323 debug : CVideoPlayer::ProcessVideoData size:269894 dts:23.232 pts:23.440 dur:41.000ms, clock:18.602 level:52
2025-08-23 16:44:58.841 T:4091 debug : CAMLCodec::PollFrame elapsed:29.499ms
2025-08-23 16:44:58.843 T:4326 debug : CAMLCodec::DequeueBuffer: pts:18.977 idx:455
2025-08-23 16:44:58.844 T:4326 debug : CAMLCodec::GetPicture: index: 455, pts: 18.977, dur:41.000ms ar:1.78 elf:42ms
2025-08-23 16:44:58.844 T:4326 debug : CVideoPlayerVideo::OutputPicture - ttd:351ms pts:18.977 Clock:18.626 Level:5
2025-08-23 16:44:58.846 T:4327 debug : CVideoPlayerAudio::OutputPacket: pts:19.411 curr_pts:18.605 clock:18.628 level:50
2025-08-23 16:44:58.848 T:4091 debug : PrepareNextRender: frameOnScreen: 18.630 renderPts: 18.788 nextFramePts: 18.769 -> diff: 0.019 render: 1 forceNext: 0
2025-08-23 16:44:58.848 T:4091 debug : CAMLCodec::ReleaseFrame idx:450, drop:0
2025-08-23 16:44:58.860 T:4326 debug : CAMLCodec::AddData: dl:955392 fl:5139456 sz:481662(481728) lv:15.7% dts:19.102 pts:19.186
2025-08-23 16:44:58.862 T:4323 debug : CVideoPlayer::ProcessVideoData size:140838 dts:23.273 pts:23.398 dur:41.000ms, clock:18.644 level:52
2025-08-23 16:44:58.864 T:4323 debug : CVideoPlayer::ProcessVideoData size:181524 dts:23.315 pts:23.357 dur:41.000ms, clock:18.646 level:52
2025-08-23 16:44:58.882 T:4091 debug : CAMLCodec::PollFrame elapsed:34.701ms
2025-08-23 16:44:58.885 T:4326 debug : CAMLCodec::DequeueBuffer: pts:19.019 idx:456
2025-08-23 16:44:58.885 T:4326 debug : CAMLCodec::GetPicture: index: 456, pts: 19.019, dur:42.000ms ar:1.78 elf:40ms
2025-08-23 16:44:58.885 T:4326 debug : CVideoPlayerVideo::OutputPicture - ttd:352ms pts:19.019 Clock:18.667 Level:5
2025-08-23 16:44:58.887 T:4091 debug : PrepareNextRender: frameOnScreen: 18.669 renderPts: 18.827 nextFramePts: 18.810 -> diff: 0.017 render: 1 forceNext: 0
2025-08-23 16:44:58.887 T:4091 debug : CAMLCodec::ReleaseFrame idx:451, drop:0
2025-08-23 16:44:58.900 T:4326 debug : CAMLCodec::AddData: dl:853888 fl:5240960 sz:372054(372160) lv:14.0% dts:19.144 pts:19.144
2025-08-23 16:44:58.909 T:4323 debug : CVideoPlayer::ProcessVideoData size:173539 dts:23.357 pts:23.523 dur:41.000ms, clock:18.691 level:52
2025-08-23 16:44:58.910 T:4323 debug : CVideoPlayer::ProcessVideoData size:117126 dts:23.398 pts:23.482 dur:41.000ms, clock:18.692 level:53
2025-08-23 16:44:58.912 T:4323 debug : CVideoPlayer::ProcessAudioData size:7282 dts:23.591 pts:23.591 dur:92.000ms, clock:18.694 drop:0 level:50
2025-08-23 16:44:58.913 T:4323 debug : CVideoPlayer::ProcessAudioData size:7405 dts:23.683 pts:23.683 dur:92.000ms, clock:18.695 drop:0 level:52
2025-08-23 16:44:58.915 T:4323 debug : CVideoPlayer::ProcessVideoData size:106693 dts:23.440 pts:23.649 dur:41.000ms, clock:18.697 level:53
2025-08-23 16:44:58.924 T:4091 debug : CAMLCodec::PollFrame elapsed:36.578ms
2025-08-23 16:44:58.926 T:4326 debug : CAMLCodec::DequeueBuffer: pts:19.061 idx:457
2025-08-23 16:44:58.926 T:4326 debug : CAMLCodec::GetPicture: index: 457, pts: 19.061, dur:42.000ms ar:1.78 elf:41ms
2025-08-23 16:44:58.927 T:4326 debug : CVideoPlayerVideo::OutputPicture - ttd:352ms pts:19.061 Clock:18.709 Level:5
2025-08-23 16:44:58.935 T:4091 debug : PrepareNextRender: frameOnScreen: 18.717 renderPts: 18.875 nextFramePts: 18.852 -> diff: 0.023 render: 1 forceNext: 0
2025-08-23 16:44:58.935 T:4091 debug : CAMLCodec::ReleaseFrame idx:452, drop:0
2025-08-23 16:44:58.941 T:4326 debug : CAMLCodec::AddData: dl:757632 fl:5337216 sz:385355(385472) lv:12.4% dts:19.186 pts:19.269
2025-08-23 16:44:58.946 T:4327 debug : CVideoPlayerAudio::OutputPacket: pts:19.504 curr_pts:18.704 clock:18.728 level:52
2025-08-23 16:44:58.947 T:4323 debug : CVideoPlayer::ProcessVideoData size:83382 dts:23.482 pts:23.607 dur:41.000ms, clock:18.729 level:53
2025-08-23 16:44:58.947 T:4323 debug : CVideoPlayer::ProcessVideoData size:79014 dts:23.523 pts:23.565 dur:41.000ms, clock:18.729 level:54
2025-08-23 16:44:58.948 T:4323 debug : CVideoPlayer::ProcessVideoData size:57371 dts:23.565 pts:23.690 dur:41.000ms, clock:18.730 level:54
2025-08-23 16:44:58.951 T:4323 debug : CVideoPlayer::ProcessAudioData size:7478 dts:23.777 pts:23.777 dur:92.000ms, clock:18.733 drop:0 level:52
2025-08-23 16:44:58.951 T:4323 debug : CVideoPlayer::ProcessAudioData size:7375 dts:23.869 pts:23.869 dur:92.000ms, clock:18.733 drop:0 level:53
2025-08-23 16:44:58.951 T:4323 debug : CVideoPlayer::ProcessAudioData size:7484 dts:23.962 pts:23.962 dur:92.000ms, clock:18.733 drop:0 level:54
2025-08-23 16:44:58.951 T:4323 debug : CVideoPlayer::ProcessAudioData size:7476 dts:24.055 pts:24.055 dur:92.000ms, clock:18.733 drop:0 level:55
2025-08-23 16:44:58.951 T:4323 debug : CVideoPlayer::ProcessAudioData size:7412 dts:24.148 pts:24.148 dur:92.000ms, clock:18.734 drop:0 level:56
2025-08-23 16:44:58.952 T:4323 debug : CVideoPlayer::ProcessAudioData size:7535 dts:24.241 pts:24.241 dur:92.000ms, clock:18.734 drop:0 level:57
2025-08-23 16:44:58.952 T:4323 debug : CVideoPlayer::ProcessAudioData size:7440 dts:24.334 pts:24.334 dur:92.000ms, clock:18.734 drop:0 level:59
2025-08-23 16:44:58.952 T:4323 debug : CVideoPlayer::ProcessAudioData size:7660 dts:24.427 pts:24.427 dur:92.000ms, clock:18.734 drop:0 level:60
2025-08-23 16:44:58.958 T:4323 debug : CVideoPlayer::ProcessVideoData size:33691 dts:23.607 pts:23.899 dur:41.000ms, clock:18.740 level:55
2025-08-23 16:44:58.958 T:4323 debug : CVideoPlayer::ProcessVideoData size:47361 dts:23.649 pts:23.815 dur:41.000ms, clock:18.740 level:55
2025-08-23 16:44:58.966 T:4091 debug : CAMLCodec::PollFrame elapsed:30.904ms
2025-08-23 16:44:58.970 T:4326 debug : CAMLCodec::DequeueBuffer: pts:19.102 idx:458
2025-08-23 16:44:58.971 T:4326 debug : CAMLCodec::GetPicture: index: 458, pts: 19.102, dur:41.000ms ar:1.78 elf:44ms
2025-08-23 16:44:58.971 T:4326 debug : CVideoPlayerVideo::OutputPicture - ttd:349ms pts:19.102 Clock:18.753 Level:5
2025-08-23 16:44:58.975 T:4091 debug : PrepareNextRender: frameOnScreen: 18.757 renderPts: 18.915 nextFramePts: 18.894 -> diff: 0.021 render: 1 forceNext: 0
2025-08-23 16:44:58.976 T:4091 debug : CAMLCodec::ReleaseFrame idx:453, drop:0
2025-08-23 16:44:58.979 T:4323 debug : CVideoPlayer::ProcessVideoData size:38464 dts:23.690 pts:23.774 dur:41.000ms, clock:18.761 level:55
2025-08-23 16:44:58.980 T:4323 debug : CVideoPlayer::ProcessVideoData size:54056 dts:23.732 pts:23.732 dur:41.000ms, clock:18.762 level:56
2025-08-23 16:44:58.981 T:4323 debug : CVideoPlayer::ProcessVideoData size:37278 dts:23.774 pts:23.857 dur:41.000ms, clock:18.763 level:56
2025-08-23 16:44:58.982 T:4326 debug : CAMLCodec::AddData: dl:1003648 fl:5091200 sz:618081(618176) lv:16.5% dts:19.228 pts:19.519
2025-08-23 16:44:58.986 T:4323 debug : CVideoPlayer::ProcessVideoData size:2128 dts:23.815 pts:24.107 dur:41.000ms, clock:18.768 level:57
2025-08-23 16:44:58.987 T:4323 debug : CVideoPlayer::ProcessVideoData size:917 dts:23.857 pts:24.024 dur:41.000ms, clock:18.769 level:57
2025-08-23 16:44:58.987 T:4323 debug : CVideoPlayer::ProcessVideoData size:683 dts:23.899 pts:23.982 dur:41.000ms, clock:18.769 level:58
2025-08-23 16:44:58.987 T:4323 debug : CVideoPlayer::ProcessVideoData size:7927 dts:23.941 pts:23.941 dur:41.000ms, clock:18.769 level:58
2025-08-23 16:44:58.987 T:4323 debug : CVideoPlayer::ProcessVideoData size:662 dts:23.982 pts:24.066 dur:41.000ms, clock:18.769 level:59
2025-08-23 16:44:58.994 T:4323 debug : CVideoPlayer::ProcessVideoData size:1478 dts:24.024 pts:24.316 dur:41.000ms, clock:18.776 level:59
2025-08-23 16:44:58.994 T:4323 debug : CVideoPlayer::ProcessVideoData size:792 dts:24.066 pts:24.233 dur:41.000ms, clock:18.776 level:60
2025-08-23 16:44:58.994 T:4323 debug : CVideoPlayer::ProcessVideoData size:580 dts:24.107 pts:24.191 dur:41.000ms, clock:18.776 level:60
2025-08-23 16:44:58.994 T:4323 debug : CVideoPlayer::ProcessVideoData size:563 dts:24.149 pts:24.149 dur:41.000ms, clock:18.776 level:61
2025-08-23 16:44:58.994 T:4323 debug : CVideoPlayer::ProcessVideoData size:585 dts:24.191 pts:24.274 dur:41.000ms, clock:18.776 level:61
2025-08-23 16:44:58.995 T:4327 debug : CVideoPlayerAudio::OutputPacket: pts:19.598 curr_pts:18.753 clock:18.777 level:60
2025-08-23 16:44:58.997 T:4323 debug : CVideoPlayer::ProcessAudioData size:7588 dts:24.520 pts:24.520 dur:92.000ms, clock:18.779 drop:0 level:60
2025-08-23 16:44:58.997 T:4323 debug : CVideoPlayer::ProcessAudioData size:7579 dts:24.612 pts:24.612 dur:92.000ms, clock:18.779 drop:0 level:61
2025-08-23 16:44:58.997 T:4323 debug : CVideoPlayer::ProcessVideoData size:1252 dts:24.233 pts:24.524 dur:41.000ms, clock:18.779 level:62
2025-08-23 16:44:58.997 T:4323 debug : CVideoPlayer::ProcessVideoData size:752 dts:24.274 pts:24.441 dur:41.000ms, clock:18.779 level:63
2025-08-23 16:44:58.997 T:4323 debug : CVideoPlayer::ProcessVideoData size:581 dts:24.316 pts:24.399 dur:41.000ms, clock:18.779 level:63
2025-08-23 16:44:58.997 T:4323 debug : CVideoPlayer::ProcessVideoData size:558 dts:24.358 pts:24.358 dur:41.000ms, clock:18.779 level:64
2025-08-23 16:44:58.997 T:4323 debug : CVideoPlayer::ProcessVideoData size:574 dts:24.399 pts:24.483 dur:41.000ms, clock:18.779 level:64
2025-08-23 16:44:58.999 T:4323 debug : CVideoPlayer::ProcessVideoData size:1195 dts:24.441 pts:24.650 dur:41.000ms, clock:18.781 level:65
2025-08-23 16:44:58.999 T:4323 debug : CVideoPlayer::ProcessVideoData size:583 dts:24.483 pts:24.608 dur:41.000ms, clock:18.781 level:65
2025-08-23 16:44:58.999 T:4323 debug : CVideoPlayer::ProcessVideoData size:547 dts:24.524 pts:24.566 dur:41.000ms, clock:18.781 level:66
2025-08-23 16:44:58.999 T:4323 debug : CVideoPlayer::ProcessVideoData size:56923 dts:24.566 pts:24.691 dur:41.000ms, clock:18.781 level:66
2025-08-23 16:44:59.000 T:4323 debug : CVideoPlayer::ProcessAudioData size:7623 dts:24.706 pts:24.706 dur:92.000ms, clock:18.782 drop:0 level:62
2025-08-23 16:44:59.000 T:4323 debug : CVideoPlayer::ProcessAudioData size:7611 dts:24.798 pts:24.798 dur:92.000ms, clock:18.782 drop:0 level:63
2025-08-23 16:44:59.000 T:4323 debug : CVideoPlayer::ProcessAudioData size:7581 dts:24.891 pts:24.891 dur:92.000ms, clock:18.782 drop:0 level:64
2025-08-23 16:44:59.000 T:4323 debug : CVideoPlayer::ProcessAudioData size:7485 dts:24.984 pts:24.984 dur:92.000ms, clock:18.782 drop:0 level:65
2025-08-23 16:44:59.000 T:4323 debug : CVideoPlayer::ProcessAudioData size:7435 dts:25.077 pts:25.077 dur:92.000ms, clock:18.782 drop:0 level:67
2025-08-23 16:44:59.000 T:4323 debug : CVideoPlayer::ProcessAudioData size:7298 dts:25.170 pts:25.170 dur:92.000ms, clock:18.782 drop:0 level:68
2025-08-23 16:44:59.002 T:4323 debug : CVideoPlayer::ProcessVideoData size:136823 dts:24.608 pts:24.900 dur:41.000ms, clock:18.784 level:67
2025-08-23 16:44:59.002 T:4323 debug : CVideoPlayer::ProcessVideoData size:84376 dts:24.650 pts:24.816 dur:41.000ms, clock:18.784 level:67
2025-08-23 16:44:59.002 T:4323 debug : CVideoPlayer::ProcessVideoData size:83031 dts:24.691 pts:24.775 dur:41.000ms, clock:18.784 level:68
2025-08-23 16:44:59.002 T:4323 debug : CVideoPlayer::ProcessVideoData size:69870 dts:24.733 pts:24.733 dur:41.000ms, clock:18.784 level:68
2025-08-23 16:44:59.002 T:4323 debug : CVideoPlayer::ProcessVideoData size:73124 dts:24.775 pts:24.858 dur:41.000ms, clock:18.784 level:69
2025-08-23 16:44:59.008 T:4091 debug : CAMLCodec::PollFrame elapsed:31.768ms
2025-08-23 16:44:59.009 T:4326 debug : CAMLCodec::DequeueBuffer: pts:19.144 idx:459
2025-08-23 16:44:59.009 T:4326 debug : CAMLCodec::GetPicture: index: 459, pts: 19.144, dur:42.000ms ar:1.78 elf:38ms
2025-08-23 16:44:59.013 T:4326 debug : CVideoPlayerVideo::OutputPicture - ttd:348ms pts:19.144 Clock:18.795 Level:5
2025-08-23 16:44:59.018 T:4091 debug : PrepareNextRender: frameOnScreen: 18.800 renderPts: 18.958 nextFramePts: 18.936 -> diff: 0.022 render: 1 forceNext: 0
2025-08-23 16:44:59.018 T:4091 debug : CAMLCodec::ReleaseFrame idx:454, drop:0
2025-08-23 16:44:59.049 T:4091 debug : CAMLCodec::PollFrame elapsed:31.479ms
2025-08-23 16:44:59.051 T:4326 debug : CAMLCodec::DequeueBuffer: pts:19.186 idx:460
2025-08-23 16:44:59.051 T:4326 debug : CAMLCodec::GetPicture: index: 460, pts: 19.186, dur:42.000ms ar:1.78 elf:41ms
2025-08-23 16:44:59.051 T:4326 debug : CVideoPlayerVideo::OutputPicture - ttd:353ms pts:19.186 Clock:18.833 Level:5
2025-08-23 16:44:59.060 T:4091 debug : PrepareNextRender: frameOnScreen: 18.842 renderPts: 19.000 nextFramePts: 18.977 -> diff: 0.023 render: 1 forceNext: 0
2025-08-23 16:44:59.061 T:4091 debug : CAMLCodec::ReleaseFrame idx:455, drop:0
2025-08-23 16:44:59.066 T:4326 debug : CAMLCodec::AddData: dl:490944 fl:5603904 sz:490879(490944) lv:8.1% dts:19.269 pts:19.436
2025-08-23 16:44:59.070 T:4326 debug : CAMLCodec::AddData: dl:981568 fl:5113280 sz:490517(490624) lv:16.1% dts:19.311 pts:19.394
2025-08-23 16:44:59.079 T:4323 debug : CVideoPlayer::ProcessVideoData size:175601 dts:24.816 pts:25.108 dur:41.000ms, clock:18.861 level:68
2025-08-23 16:44:59.079 T:4323 debug : CVideoPlayer::ProcessVideoData size:183536 dts:24.858 pts:25.025 dur:41.000ms, clock:18.861 level:69
2025-08-23 16:44:59.080 T:4323 debug : CVideoPlayer::ProcessVideoData size:122766 dts:24.900 pts:24.983 dur:41.000ms, clock:18.862 level:69
2025-08-23 16:44:59.081 T:4323 debug : CVideoPlayer::ProcessVideoData size:90059 dts:24.942 pts:24.942 dur:41.000ms, clock:18.863 level:70
2025-08-23 16:44:59.082 T:4323 debug : CVideoPlayer::ProcessVideoData size:107338 dts:24.983 pts:25.067 dur:41.000ms, clock:18.864 level:70
2025-08-23 16:44:59.087 T:4323 debug : CVideoPlayer::ProcessAudioData size:7972 dts:25.263 pts:25.263 dur:92.000ms, clock:18.869 drop:0 level:69
2025-08-23 16:44:59.087 T:4323 debug : CVideoPlayer::ProcessAudioData size:7594 dts:25.355 pts:25.355 dur:92.000ms, clock:18.869 drop:0 level:70
2025-08-23 16:44:59.089 T:4323 debug : CVideoPlayer::ProcessVideoData size:244709 dts:25.025 pts:25.317 dur:41.000ms, clock:18.871 level:71
2025-08-23 16:44:59.090 T:4323 debug : CVideoPlayer::ProcessVideoData size:251449 dts:25.067 pts:25.234 dur:41.000ms, clock:18.872 level:71
2025-08-23 16:44:59.091 T:4091 debug : CAMLCodec::PollFrame elapsed:30.263ms
2025-08-23 16:44:59.094 T:4326 debug : CAMLCodec::DequeueBuffer: pts:19.228 idx:461
2025-08-23 16:44:59.094 T:4326 debug : CAMLCodec::GetPicture: index: 461, pts: 19.228, dur:42.000ms ar:1.78 elf:43ms
2025-08-23 16:44:59.096 T:4326 debug : CVideoPlayerVideo::OutputPicture - ttd:350ms pts:19.228 Clock:18.878 Level:5
2025-08-23 16:44:59.097 T:4327 debug : CVideoPlayerAudio::OutputPacket: pts:19.691 curr_pts:18.856 clock:18.879 level:70
2025-08-23 16:44:59.103 T:4091 debug : PrepareNextRender: frameOnScreen: 18.885 renderPts: 19.043 nextFramePts: 19.019 -> diff: 0.024 render: 1 forceNext: 0
2025-08-23 16:44:59.103 T:4091 debug : CAMLCodec::ReleaseFrame idx:456, drop:0
2025-08-23 16:44:59.110 T:4326 debug : CAMLCodec::AddData: dl:875904 fl:5218944 sz:385186(385280) lv:14.4% dts:19.353 pts:19.353
2025-08-23 16:44:59.111 T:4323 debug : CVideoPlayer::ProcessVideoData size:165688 dts:25.108 pts:25.192 dur:41.000ms, clock:18.893 level:71
2025-08-23 16:44:59.133 T:4091 debug : CAMLCodec::PollFrame elapsed:29.425ms
2025-08-23 16:44:59.135 T:4326 debug : CAMLCodec::DequeueBuffer: pts:19.269 idx:462
2025-08-23 16:44:59.135 T:4326 debug : CAMLCodec::GetPicture: index: 462, pts: 19.269, dur:41.000ms ar:1.78 elf:40ms
2025-08-23 16:44:59.135 T:4326 debug : CVideoPlayerVideo::OutputPicture - ttd:352ms pts:19.269 Clock:18.917 Level:5
2025-08-23 16:44:59.142 T:4091 debug : PrepareNextRender: frameOnScreen: 18.924 renderPts: 19.082 nextFramePts: 19.061 -> diff: 0.021 render: 1 forceNext: 0
2025-08-23 16:44:59.143 T:4091 debug : CAMLCodec::ReleaseFrame idx:457, drop:0
2025-08-23 16:44:59.152 T:4326 debug : CAMLCodec::AddData: dl:782272 fl:5312576 sz:396910(396992) lv:12.8% dts:19.394 pts:19.478
2025-08-23 16:44:59.154 T:4323 debug : CVideoPlayer::ProcessVideoData size:120559 dts:25.150 pts:25.150 dur:41.000ms, clock:18.936 level:71
2025-08-23 16:44:59.156 T:4323 debug : CVideoPlayer::ProcessVideoData size:144336 dts:25.192 pts:25.275 dur:41.000ms, clock:18.938 level:72
2025-08-23 16:44:59.159 T:4323 debug : CVideoPlayer::ProcessVideoData size:300610 dts:25.234 pts:25.359 dur:41.000ms, clock:18.941 level:72
2025-08-23 16:44:59.174 T:4091 debug : CAMLCodec::PollFrame elapsed:31.540ms
2025-08-23 16:44:59.176 T:4326 debug : CAMLCodec::DequeueBuffer: pts:19.311 idx:463
2025-08-23 16:44:59.177 T:4326 debug : CAMLCodec::GetPicture: index: 463, pts: 19.311, dur:42.000ms ar:1.78 elf:41ms
2025-08-23 16:44:59.177 T:4326 debug : CVideoPlayerVideo::OutputPicture - ttd:351ms pts:19.311 Clock:18.959 Level:5
2025-08-23 16:44:59.185 T:4091 debug : PrepareNextRender: frameOnScreen: 18.967 renderPts: 19.125 nextFramePts: 19.102 -> diff: 0.023 render: 1 forceNext: 0
2025-08-23 16:44:59.186 T:4091 debug : CAMLCodec::ReleaseFrame idx:458, drop:0
2025-08-23 16:44:59.190 T:4326 debug : CAMLCodec::AddData: dl:1007552 fl:5087296 sz:610457(610560) lv:16.5% dts:19.436 pts:19.645
2025-08-23 16:44:59.191 T:4323 debug : CVideoPlayer::ProcessVideoData size:108853 dts:25.275 pts:25.400 dur:41.000ms, clock:18.973 level:72
2025-08-23 16:44:59.192 T:4323 debug : CVideoPlayer::ProcessAudioData size:7094 dts:25.449 pts:25.449 dur:92.000ms, clock:18.974 drop:0 level:70
2025-08-23 16:44:59.192 T:4323 debug : CVideoPlayer::ProcessAudioData size:7299 dts:25.541 pts:25.541 dur:92.000ms, clock:18.974 drop:0 level:71
2025-08-23 16:44:59.192 T:4323 debug : CVideoPlayer::ProcessAudioData size:6919 dts:25.634 pts:25.634 dur:92.000ms, clock:18.974 drop:0 level:72
2025-08-23 16:44:59.192 T:4323 debug : CVideoPlayer::ProcessAudioData size:6620 dts:25.727 pts:25.727 dur:92.000ms, clock:18.974 drop:0 level:74
2025-08-23 16:44:59.194 T:4323 debug : CVideoPlayer::ProcessVideoData size:291477 dts:25.317 pts:25.567 dur:41.000ms, clock:18.976 level:73
2025-08-23 16:44:59.194 T:4323 debug : CVideoPlayer::ProcessVideoData size:207395 dts:25.359 pts:25.484 dur:41.000ms, clock:18.976 level:73
2025-08-23 16:44:59.195 T:4327 debug : CVideoPlayerAudio::OutputPacket: pts:19.783 curr_pts:18.954 clock:18.977 level:74
2025-08-23 16:44:59.216 T:4091 debug : CAMLCodec::PollFrame elapsed:29.926ms
2025-08-23 16:44:59.219 T:4326 debug : CAMLCodec::DequeueBuffer: pts:19.353 idx:464
2025-08-23 16:44:59.219 T:4326 debug : CAMLCodec::GetPicture: index: 464, pts: 19.353, dur:42.000ms ar:1.78 elf:41ms
2025-08-23 16:44:59.219 T:4326 debug : CVideoPlayerVideo::OutputPicture - ttd:351ms pts:19.353 Clock:19.001 Level:5
