2025-08-23 16:44:40.362 T:4326 debug : CAMLCodec::GetPicture: index: 12, pts: 0.500, dur:41.000ms ar:1.78 elf:40ms
2025-08-23 16:44:40.362 T:4326 debug : CVideoPlayerVideo::OutputPicture - ttd:352ms pts:0.500 Clock:0.147 Level:5
2025-08-23 16:44:40.366 T:4091 debug : PrepareNextRender: frameOnScreen: 0.151 renderPts: 0.297 nextFramePts: 0.292 -> diff: 0.005 render: 1 forceNext: 0
2025-08-23 16:44:40.366 T:4091 debug : CAMLCodec::ReleaseFrame idx:7, drop:0
2025-08-23 16:44:40.369 T:4323 debug : CVideoPlayer::ProcessVideoData size:497866 dts:6.423 pts:6.632 dur:41.000ms, clock:0.154 level:30
2025-08-23 16:44:40.387 T:4323 debug : CVideoPlayer::ProcessVideoData size:395428 dts:6.465 pts:6.590 dur:41.000ms, clock:0.172 level:30
2025-08-23 16:44:40.402 T:4091 debug : CAMLCodec::PollFrame elapsed:35.846ms
2025-08-23 16:44:40.403 T:4323 debug : CVideoPlayer::ProcessVideoData size:324438 dts:6.506 pts:6.548 dur:41.000ms, clock:0.188 level:31
2025-08-23 16:44:40.405 T:4326 debug : CAMLCodec::DequeueBuffer: pts:0.542 idx:13
2025-08-23 16:44:40.405 T:4326 debug : CAMLCodec::GetPicture: index: 13, pts: 0.542, dur:42.000ms ar:1.78 elf:43ms
2025-08-23 16:44:40.405 T:4326 debug : CVideoPlayerVideo::OutputPicture - ttd:351ms pts:0.542 Clock:0.191 Level:5
2025-08-23 16:44:40.409 T:4091 debug : PrepareNextRender: frameOnScreen: 0.195 renderPts: 0.341 nextFramePts: 0.334 -> diff: 0.007 render: 1 forceNext: 0
2025-08-23 16:44:40.409 T:4091 debug : CAMLCodec::ReleaseFrame idx:8, drop:0
2025-08-23 16:44:40.422 T:4323 debug : CVideoPlayer::ProcessVideoData size:315098 dts:6.548 pts:6.673 dur:41.000ms, clock:0.207 level:31
2025-08-23 16:44:40.423 T:4323 debug : CVideoPlayer::ProcessAudioData size:5760 dts:6.687 pts:6.687 dur:92.000ms, clock:0.209 drop:0 level:64
2025-08-23 16:44:40.423 T:4323 debug : CVideoPlayer::ProcessAudioData size:5611 dts:6.779 pts:6.779 dur:92.000ms, clock:0.209 drop:0 level:66
2025-08-23 16:44:40.424 T:4323 debug : CVideoPlayer::ProcessAudioData size:5467 dts:6.872 pts:6.872 dur:92.000ms, clock:0.209 drop:0 level:67
2025-08-23 16:44:40.442 T:4327 debug : CVideoPlayerAudio::OutputPacket: pts:1.486 curr_pts:0.654 clock:0.227 level:67
2025-08-23 16:44:40.444 T:4091 debug : CAMLCodec::PollFrame elapsed:34.637ms
2025-08-23 16:44:40.445 T:4323 debug : CVideoPlayer::ProcessVideoData size:425925 dts:6.590 pts:6.882 dur:41.000ms, clock:0.230 level:32
2025-08-23 16:44:40.447 T:4326 debug : CAMLCodec::DequeueBuffer: pts:0.584 idx:14
2025-08-23 16:44:40.448 T:4326 debug : CAMLCodec::GetPicture: index: 14, pts: 0.584, dur:42.000ms ar:1.78 elf:42ms
2025-08-23 16:44:40.448 T:4326 debug : CVideoPlayerVideo::OutputPicture - ttd:350ms pts:0.584 Clock:0.233 Level:5
2025-08-23 16:44:40.453 T:4091 debug : PrepareNextRender: frameOnScreen: 0.239 renderPts: 0.385 nextFramePts: 0.375 -> diff: 0.010 render: 1 forceNext: 0
2025-08-23 16:44:40.453 T:4091 debug : CAMLCodec::ReleaseFrame idx:9, drop:0
2025-08-23 16:44:40.457 T:4323 debug : CVideoPlayer::ProcessVideoData size:302461 dts:6.632 pts:6.798 dur:41.000ms, clock:0.243 level:32
2025-08-23 16:44:40.476 T:4323 debug : CVideoPlayer::ProcessVideoData size:294095 dts:6.673 pts:6.757 dur:41.000ms, clock:0.261 level:33
2025-08-23 16:44:40.486 T:4091 debug : CAMLCodec::PollFrame elapsed:32.061ms
2025-08-23 16:44:40.488 T:4326 debug : CAMLCodec::DequeueBuffer: pts:0.626 idx:15
2025-08-23 16:44:40.489 T:4326 debug : CAMLCodec::GetPicture: index: 15, pts: 0.626, dur:42.000ms ar:1.78 elf:40ms
2025-08-23 16:44:40.489 T:4326 debug : CVideoPlayerVideo::OutputPicture - ttd:351ms pts:0.626 Clock:0.274 Level:5
2025-08-23 16:44:40.492 T:4323 debug : CVideoPlayer::ProcessVideoData size:286692 dts:6.715 pts:6.715 dur:41.000ms, clock:0.276 level:33
2025-08-23 16:44:40.494 T:4091 debug : PrepareNextRender: frameOnScreen: 0.279 renderPts: 0.425 nextFramePts: 0.417 -> diff: 0.008 render: 1 forceNext: 0
2025-08-23 16:44:40.494 T:4091 debug : CAMLCodec::ReleaseFrame idx:10, drop:0
2025-08-23 16:44:40.504 T:4323 debug : CVideoPlayer::ProcessVideoData size:332410 dts:6.757 pts:6.840 dur:41.000ms, clock:0.290 level:34
2025-08-23 16:44:40.511 T:4323 debug : CVideoPlayer::ProcessAudioData size:5346 dts:6.966 pts:6.966 dur:92.000ms, clock:0.297 drop:0 level:67
2025-08-23 16:44:40.512 T:4323 debug : CVideoPlayer::ProcessAudioData size:5597 dts:7.058 pts:7.058 dur:92.000ms, clock:0.297 drop:0 level:68
2025-08-23 16:44:40.527 T:4091 debug : CAMLCodec::PollFrame elapsed:33.199ms
2025-08-23 16:44:40.529 T:4326 debug : CAMLCodec::DequeueBuffer: pts:0.667 idx:16
2025-08-23 16:44:40.529 T:4326 debug : CAMLCodec::GetPicture: index: 16, pts: 0.667, dur:41.000ms ar:1.78 elf:40ms
2025-08-23 16:44:40.529 T:4326 debug : CVideoPlayerVideo::OutputPicture - ttd:352ms pts:0.667 Clock:0.315 Level:5
2025-08-23 16:44:40.532 T:4091 debug : PrepareNextRender: frameOnScreen: 0.318 renderPts: 0.464 nextFramePts: 0.459 -> diff: 0.005 render: 1 forceNext: 0
2025-08-23 16:44:40.533 T:4091 debug : CAMLCodec::ReleaseFrame idx:11, drop:0
2025-08-23 16:44:40.538 T:4323 debug : CVideoPlayer::ProcessVideoData size:486760 dts:6.798 pts:7.090 dur:41.000ms, clock:0.324 level:34
2025-08-23 16:44:40.542 T:4327 debug : CVideoPlayerAudio::OutputPacket: pts:1.579 curr_pts:0.754 clock:0.327 level:68
2025-08-23 16:44:40.557 T:4323 debug : CVideoPlayer::ProcessVideoData size:423918 dts:6.840 pts:7.007 dur:41.000ms, clock:0.342 level:35
2025-08-23 16:44:40.569 T:4091 debug : CAMLCodec::PollFrame elapsed:36.425ms
2025-08-23 16:44:40.571 T:4326 debug : CAMLCodec::DequeueBuffer: pts:0.709 idx:17
2025-08-23 16:44:40.572 T:4326 debug : CAMLCodec::GetPicture: index: 17, pts: 0.709, dur:42.000ms ar:1.78 elf:42ms
2025-08-23 16:44:40.572 T:4326 debug : CVideoPlayerVideo::OutputPicture - ttd:351ms pts:0.709 Clock:0.357 Level:5
2025-08-23 16:44:40.575 T:4091 debug : PrepareNextRender: frameOnScreen: 0.360 renderPts: 0.506 nextFramePts: 0.500 -> diff: 0.006 render: 1 forceNext: 0
2025-08-23 16:44:40.575 T:4091 debug : CAMLCodec::ReleaseFrame idx:12, drop:0
2025-08-23 16:44:40.583 T:4323 debug : CVideoPlayer::ProcessVideoData size:346231 dts:6.882 pts:6.965 dur:41.000ms, clock:0.368 level:35
2025-08-23 16:44:40.597 T:4323 debug : CVideoPlayer::ProcessVideoData size:337644 dts:6.924 pts:6.924 dur:41.000ms, clock:0.382 level:36
2025-08-23 16:44:40.611 T:4091 debug : CAMLCodec::PollFrame elapsed:35.660ms
2025-08-23 16:44:40.613 T:4326 debug : CAMLCodec::DequeueBuffer: pts:0.751 idx:18
2025-08-23 16:44:40.613 T:4326 debug : CAMLCodec::GetPicture: index: 18, pts: 0.751, dur:42.000ms ar:1.78 elf:41ms
2025-08-23 16:44:40.613 T:4326 debug : CVideoPlayerVideo::OutputPicture - ttd:352ms pts:0.751 Clock:0.398 Level:5
2025-08-23 16:44:40.617 T:4091 debug : PrepareNextRender: frameOnScreen: 0.403 renderPts: 0.549 nextFramePts: 0.542 -> diff: 0.007 render: 1 forceNext: 0
2025-08-23 16:44:40.618 T:4091 debug : CAMLCodec::ReleaseFrame idx:13, drop:0
2025-08-23 16:44:40.625 T:4323 debug : CVideoPlayer::ProcessVideoData size:358892 dts:6.965 pts:7.049 dur:41.000ms, clock:0.410 level:36
2025-08-23 16:44:40.633 T:4323 debug : CVideoPlayer::ProcessAudioData size:5577 dts:7.152 pts:7.152 dur:92.000ms, clock:0.419 drop:0 level:68
2025-08-23 16:44:40.633 T:4323 debug : CVideoPlayer::ProcessAudioData size:5541 dts:7.244 pts:7.244 dur:92.000ms, clock:0.419 drop:0 level:69
2025-08-23 16:44:40.641 T:4123 debug : ActiveAE::SyncStream - average error 273.058920 above threshold of 100.000000
2025-08-23 16:44:40.641 T:4123 debug : ActiveAE::SyncStream - delay frames:2205 error 223ms
2025-08-23 16:44:40.652 T:4091 debug : CAMLCodec::PollFrame elapsed:34.655ms
2025-08-23 16:44:40.655 T:4326 debug : CAMLCodec::DequeueBuffer: pts:0.792 idx:19
2025-08-23 16:44:40.656 T:4326 debug : CAMLCodec::GetPicture: index: 19, pts: 0.792, dur:41.000ms ar:1.78 elf:42ms
2025-08-23 16:44:40.656 T:4326 debug : CVideoPlayerVideo::OutputPicture - ttd:350ms pts:0.792 Clock:0.441 Level:5
2025-08-23 16:44:40.657 T:4091 debug : PrepareNextRender: frameOnScreen: 0.443 renderPts: 0.588 nextFramePts: 0.584 -> diff: 0.004 render: 1 forceNext: 0
2025-08-23 16:44:40.657 T:4091 debug : CAMLCodec::ReleaseFrame idx:14, drop:0
2025-08-23 16:44:40.661 T:4323 debug : CVideoPlayer::ProcessVideoData size:547667 dts:7.007 pts:7.299 dur:41.000ms, clock:0.447 level:37
2025-08-23 16:44:40.689 T:4323 debug : CVideoPlayer::ProcessVideoData size:453959 dts:7.049 pts:7.216 dur:41.000ms, clock:0.474 level:38
2025-08-23 16:44:40.690 T:4123 debug : ActiveAE::SyncStream - delay frames:2205 error 173ms
2025-08-23 16:44:40.694 T:4091 debug : CAMLCodec::PollFrame elapsed:36.731ms
2025-08-23 16:44:40.696 T:4326 debug : CAMLCodec::DequeueBuffer: pts:0.834 idx:20
2025-08-23 16:44:40.696 T:4326 debug : CAMLCodec::GetPicture: index: 20, pts: 0.834, dur:42.000ms ar:1.78 elf:40ms
2025-08-23 16:44:40.696 T:4326 debug : CVideoPlayerVideo::OutputPicture - ttd:352ms pts:0.834 Clock:0.481 Level:5
2025-08-23 16:44:40.697 T:4326 debug : CAMLCodec::DequeueBuffer: pts:0.876 idx:21
2025-08-23 16:44:40.697 T:4326 debug : CAMLCodec::GetPicture: index: 21, pts: 0.876, dur:42.000ms ar:1.78 elf:1ms
2025-08-23 16:44:40.697 T:4326 debug : CVideoPlayerVideo::OutputPicture - ttd:393ms pts:0.876 Clock:0.483 Level:6
2025-08-23 16:44:40.699 T:4326 debug : CAMLCodec::DequeueBuffer: pts:0.918 idx:22
2025-08-23 16:44:40.699 T:4326 debug : CAMLCodec::GetPicture: index: 22, pts: 0.918, dur:42.000ms ar:1.78 elf:1ms
2025-08-23 16:44:40.700 T:4091 debug : PrepareNextRender: frameOnScreen: 0.485 renderPts: 0.631 nextFramePts: 0.626 -> diff: 0.005 render: 1 forceNext: 0
2025-08-23 16:44:40.700 T:4326 debug : CVideoPlayerVideo::OutputPicture - ttd:433ms pts:0.918 Clock:0.484 Level:6
2025-08-23 16:44:40.700 T:4091 debug : CAMLCodec::ReleaseFrame idx:15, drop:0
2025-08-23 16:44:40.701 T:4326 debug : CAMLCodec::DequeueBuffer: pts:0.959 idx:23
2025-08-23 16:44:40.701 T:4326 debug : CAMLCodec::GetPicture: index: 23, pts: 0.959, dur:41.000ms ar:1.78 elf:2ms
2025-08-23 16:44:40.714 T:4323 debug : CVideoPlayer::ProcessVideoData size:459047 dts:7.090 pts:7.174 dur:41.000ms, clock:0.499 level:38
2025-08-23 16:44:40.736 T:4091 debug : CAMLCodec::PollFrame elapsed:35.618ms
2025-08-23 16:44:40.741 T:4123 debug : ActiveAE::SyncStream - delay frames:2205 error 123ms
2025-08-23 16:44:40.742 T:4323 debug : CVideoPlayer::ProcessVideoData size:358532 dts:7.132 pts:7.132 dur:41.000ms, clock:0.528 level:39
2025-08-23 16:44:40.743 T:4091 debug : PrepareNextRender: frameOnScreen: 0.528 renderPts: 0.674 nextFramePts: 0.667 -> diff: 0.007 render: 1 forceNext: 0
2025-08-23 16:44:40.743 T:4326 debug : CVideoPlayerVideo::OutputPicture - ttd:471ms pts:0.959 Clock:0.487 Level:6
2025-08-23 16:44:40.743 T:4091 debug : CAMLCodec::ReleaseFrame idx:16, drop:0
2025-08-23 16:44:40.765 T:4323 debug : CVideoPlayer::ProcessVideoData size:371288 dts:7.174 pts:7.257 dur:41.000ms, clock:0.551 level:39
2025-08-23 16:44:40.767 T:4323 debug : CVideoPlayer::ProcessAudioData size:5433 dts:7.338 pts:7.338 dur:92.000ms, clock:0.552 drop:0 level:70
2025-08-23 16:44:40.767 T:4323 debug : CVideoPlayer::ProcessAudioData size:5468 dts:7.430 pts:7.430 dur:92.000ms, clock:0.552 drop:0 level:71
2025-08-23 16:44:40.778 T:4091 debug : CAMLCodec::PollFrame elapsed:34.150ms
2025-08-23 16:44:40.784 T:4091 debug : PrepareNextRender: frameOnScreen: 0.570 renderPts: 0.716 nextFramePts: 0.709 -> diff: 0.007 render: 1 forceNext: 0
2025-08-23 16:44:40.784 T:4091 debug : CAMLCodec::ReleaseFrame idx:17, drop:0
2025-08-23 16:44:40.791 T:4123 debug : ActiveAE::SyncStream - delay frames:2205 error 73ms
2025-08-23 16:44:40.806 T:4323 debug : CVideoPlayer::ProcessVideoData size:581421 dts:7.216 pts:7.507 dur:41.000ms, clock:0.592 level:40
2025-08-23 16:44:40.819 T:4091 debug : CAMLCodec::PollFrame elapsed:34.835ms
2025-08-23 16:44:40.826 T:4091 debug : PrepareNextRender: frameOnScreen: 0.611 renderPts: 0.757 nextFramePts: 0.751 -> diff: 0.006 render: 1 forceNext: 0
2025-08-23 16:44:40.827 T:4091 debug : CAMLCodec::ReleaseFrame idx:18, drop:0
2025-08-23 16:44:40.839 T:4323 debug : CVideoPlayer::ProcessVideoData size:477163 dts:7.257 pts:7.424 dur:41.000ms, clock:0.625 level:40
2025-08-23 16:44:40.841 T:4123 debug : ActiveAE::SyncStream - delay frames:2205 error 23ms
2025-08-23 16:44:40.842 T:4123 debug : ActiveAE::SyncStream - average error 23.058920, last average error: 273.058920
2025-08-23 16:44:40.861 T:4323 debug : CVideoPlayer::ProcessVideoData size:384398 dts:7.299 pts:7.382 dur:41.000ms, clock:0.646 level:41
2025-08-23 16:44:40.861 T:4091 debug : CAMLCodec::PollFrame elapsed:34.386ms
2025-08-23 16:44:40.863 T:4326 debug : CAMLCodec::DequeueBuffer: pts:1.001 idx:24
2025-08-23 16:44:40.863 T:4326 debug : CAMLCodec::GetPicture: index: 24, pts: 1.001, dur:41.999ms ar:1.78 elf:161ms
2025-08-23 16:44:40.863 T:4326 debug : CVideoPlayerVideo::OutputPicture - ttd:352ms pts:1.001 Clock:0.649 Level:5
2025-08-23 16:44:40.868 T:4091 debug : PrepareNextRender: frameOnScreen: 0.653 renderPts: 0.799 nextFramePts: 0.792 -> diff: 0.007 render: 1 forceNext: 0
2025-08-23 16:44:40.868 T:4091 debug : CAMLCodec::ReleaseFrame idx:19, drop:0
2025-08-23 16:44:40.884 T:4323 debug : CVideoPlayer::ProcessVideoData size:378047 dts:7.341 pts:7.341 dur:41.000ms, clock:0.669 level:41
2025-08-23 16:44:40.892 T:4327 debug : CVideoPlayerAudio::OutputPacket: pts:1.672 curr_pts:0.854 clock:0.677 level:71
2025-08-23 16:44:40.903 T:4091 debug : CAMLCodec::PollFrame elapsed:34.414ms
2025-08-23 16:44:40.905 T:4326 debug : CAMLCodec::DequeueBuffer: pts:1.043 idx:25
2025-08-23 16:44:40.906 T:4326 debug : CAMLCodec::GetPicture: index: 25, pts: 1.043, dur:42.000ms ar:1.78 elf:42ms
2025-08-23 16:44:40.906 T:4326 debug : CVideoPlayerVideo::OutputPicture - ttd:351ms pts:1.043 Clock:0.691 Level:5
2025-08-23 16:44:40.908 T:4091 debug : PrepareNextRender: frameOnScreen: 0.694 renderPts: 0.840 nextFramePts: 0.834 -> diff: 0.006 render: 1 forceNext: 0
2025-08-23 16:44:40.909 T:4091 debug : CAMLCodec::ReleaseFrame idx:20, drop:0
2025-08-23 16:44:40.911 T:4323 debug : CVideoPlayer::ProcessVideoData size:387551 dts:7.382 pts:7.466 dur:41.000ms, clock:0.696 level:42
2025-08-23 16:44:40.912 T:4323 debug : CVideoPlayer::ProcessAudioData size:5675 dts:7.523 pts:7.523 dur:92.000ms, clock:0.697 drop:0 level:71
2025-08-23 16:44:40.912 T:4323 debug : CVideoPlayer::ProcessAudioData size:5620 dts:7.615 pts:7.615 dur:92.000ms, clock:0.698 drop:0 level:72
2025-08-23 16:44:40.942 T:4123 debug : ActiveAE::SyncStream - average error of 176.307092, start adjusting
2025-08-23 16:44:40.942 T:4123 debug : ActiveAE::SyncStream - delay frames:2205 error 126ms
2025-08-23 16:44:40.944 T:4091 debug : CAMLCodec::PollFrame elapsed:35.644ms
2025-08-23 16:44:40.946 T:4326 debug : CAMLCodec::DequeueBuffer: pts:1.084 idx:26
2025-08-23 16:44:40.946 T:4326 debug : CAMLCodec::GetPicture: index: 26, pts: 1.084, dur:41.001ms ar:1.78 elf:40ms
2025-08-23 16:44:40.946 T:4326 debug : CVideoPlayerVideo::OutputPicture - ttd:352ms pts:1.084 Clock:0.731 Level:5
2025-08-23 16:44:40.952 T:4323 debug : CVideoPlayer::ProcessVideoData size:619108 dts:7.424 pts:7.633 dur:41.000ms, clock:0.737 level:42
2025-08-23 16:44:40.953 T:4091 debug : PrepareNextRender: frameOnScreen: 0.738 renderPts: 0.884 nextFramePts: 0.876 -> diff: 0.008 render: 1 forceNext: 0
2025-08-23 16:44:40.953 T:4091 debug : CAMLCodec::ReleaseFrame idx:21, drop:0
2025-08-23 16:44:40.975 T:4323 debug : CVideoPlayer::ProcessVideoData size:393675 dts:7.466 pts:7.591 dur:41.000ms, clock:0.760 level:43
2025-08-23 16:44:40.986 T:4091 debug : CAMLCodec::PollFrame elapsed:33.009ms
2025-08-23 16:44:40.989 T:4326 debug : CAMLCodec::DequeueBuffer: pts:1.126 idx:27
2025-08-23 16:44:40.989 T:4326 debug : CAMLCodec::GetPicture: index: 27, pts: 1.126, dur:42.000ms ar:1.78 elf:42ms
2025-08-23 16:44:40.989 T:4326 debug : CVideoPlayerVideo::OutputPicture - ttd:351ms pts:1.126 Clock:0.775 Level:5
2025-08-23 16:44:40.991 T:4123 debug : ActiveAE::SyncStream - delay frames:2205 error 76ms
2025-08-23 16:44:40.996 T:4091 debug : PrepareNextRender: frameOnScreen: 0.781 renderPts: 0.927 nextFramePts: 0.918 -> diff: 0.009 render: 1 forceNext: 0
2025-08-23 16:44:40.996 T:4323 debug : CVideoPlayer::ProcessVideoData size:390405 dts:7.507 pts:7.549 dur:41.000ms, clock:0.781 level:43
2025-08-23 16:44:40.996 T:4091 debug : CAMLCodec::ReleaseFrame idx:22, drop:0
2025-08-23 16:44:41.019 T:4323 debug : CVideoPlayer::ProcessVideoData size:323524 dts:7.549 pts:7.674 dur:41.000ms, clock:0.805 level:44
2025-08-23 16:44:41.022 T:4323 debug : CVideoPlayer::ProcessAudioData size:5461 dts:7.709 pts:7.709 dur:92.000ms, clock:0.807 drop:0 level:74
2025-08-23 16:44:41.022 T:4323 debug : CVideoPlayer::ProcessAudioData size:5504 dts:7.801 pts:7.801 dur:92.000ms, clock:0.808 drop:0 level:75
2025-08-23 16:44:41.028 T:4091 debug : CAMLCodec::PollFrame elapsed:31.959ms
2025-08-23 16:44:41.029 T:4326 debug : CAMLCodec::DequeueBuffer: pts:1.168 idx:28
2025-08-23 16:44:41.029 T:4326 debug : CAMLCodec::GetPicture: index: 28, pts: 1.168, dur:42.000ms ar:1.78 elf:39ms
2025-08-23 16:44:41.029 T:4326 debug : CVideoPlayerVideo::OutputPicture - ttd:353ms pts:1.168 Clock:0.815 Level:5
2025-08-23 16:44:41.035 T:4091 debug : PrepareNextRender: frameOnScreen: 0.820 renderPts: 0.966 nextFramePts: 0.959 -> diff: 0.007 render: 1 forceNext: 0
2025-08-23 16:44:41.036 T:4091 debug : CAMLCodec::ReleaseFrame idx:23, drop:0
2025-08-23 16:44:41.042 T:4123 debug : ActiveAE::SyncStream - delay frames:2205 error 51ms
2025-08-23 16:44:41.046 T:4323 debug : CVideoPlayer::ProcessVideoData size:429690 dts:7.591 pts:7.883 dur:41.000ms, clock:0.832 level:44
2025-08-23 16:44:41.057 T:4323 debug : CVideoPlayer::ProcessVideoData size:365500 dts:7.633 pts:7.799 dur:41.000ms, clock:0.843 level:45
2025-08-23 16:44:41.070 T:4091 debug : CAMLCodec::PollFrame elapsed:33.993ms
2025-08-23 16:44:41.072 T:4326 debug : CAMLCodec::DequeueBuffer: pts:1.210 idx:29
2025-08-23 16:44:41.072 T:4326 debug : CAMLCodec::GetPicture: index: 29, pts: 1.210, dur:42.000ms ar:1.78 elf:43ms
2025-08-23 16:44:41.072 T:4326 debug : CVideoPlayerVideo::OutputPicture - ttd:352ms pts:1.210 Clock:0.858 Level:5
2025-08-23 16:44:41.074 T:4091 debug : PrepareNextRender: frameOnScreen: 0.859 renderPts: 1.005 nextFramePts: 1.001 -> diff: 0.004 render: 1 forceNext: 0
2025-08-23 16:44:41.074 T:4091 debug : CAMLCodec::ReleaseFrame idx:24, drop:0
2025-08-23 16:44:41.079 T:4323 debug : CVideoPlayer::ProcessVideoData size:373150 dts:7.674 pts:7.758 dur:41.000ms, clock:0.864 level:45
2025-08-23 16:44:41.091 T:4123 debug : ActiveAE::SyncStream - delay frames:2205 error 1ms
2025-08-23 16:44:41.092 T:4123 debug : ActiveAE::SyncStream - average error 1.232834 below threshold of 30.000000
2025-08-23 16:44:41.095 T:4323 debug : CVideoPlayer::ProcessVideoData size:293155 dts:7.716 pts:7.716 dur:41.000ms, clock:0.880 level:46
2025-08-23 16:44:41.105 T:4323 debug : CVideoPlayer::ProcessVideoData size:330894 dts:7.758 pts:7.841 dur:41.000ms, clock:0.890 level:46
2025-08-23 16:44:41.105 T:4323 debug : CVideoPlayer::ProcessAudioData size:5729 dts:7.895 pts:7.895 dur:92.000ms, clock:0.890 drop:0 level:76
2025-08-23 16:44:41.105 T:4323 debug : CVideoPlayer::ProcessAudioData size:5707 dts:7.987 pts:7.987 dur:92.000ms, clock:0.890 drop:0 level:77
2025-08-23 16:44:41.105 T:4323 debug : CVideoPlayer::ProcessAudioData size:5595 dts:8.080 pts:8.080 dur:92.000ms, clock:0.890 drop:0 level:78
2025-08-23 16:44:41.111 T:4091 debug : CAMLCodec::PollFrame elapsed:37.282ms
2025-08-23 16:44:41.113 T:4326 debug : CAMLCodec::DequeueBuffer: pts:1.251 idx:30
2025-08-23 16:44:41.113 T:4326 debug : CAMLCodec::GetPicture: index: 30, pts: 1.251, dur:41.000ms ar:1.78 elf:40ms
2025-08-23 16:44:41.113 T:4326 debug : CVideoPlayerVideo::OutputPicture - ttd:352ms pts:1.251 Clock:0.898 Level:5
2025-08-23 16:44:41.114 T:4091 debug : PrepareNextRender: frameOnScreen: 0.899 renderPts: 1.045 nextFramePts: 1.043 -> diff: 0.002 render: 1 forceNext: 0
2025-08-23 16:44:41.114 T:4091 debug : CAMLCodec::ReleaseFrame idx:25, drop:0
2025-08-23 16:44:41.140 T:4323 debug : CVideoPlayer::ProcessVideoData size:483372 dts:7.799 pts:8.091 dur:41.000ms, clock:0.925 level:47
2025-08-23 16:44:41.153 T:4091 debug : CAMLCodec::PollFrame elapsed:38.835ms
2025-08-23 16:44:41.155 T:4326 debug : CAMLCodec::DequeueBuffer: pts:1.293 idx:31
2025-08-23 16:44:41.155 T:4326 debug : CAMLCodec::GetPicture: index: 31, pts: 1.293, dur:42.000ms ar:1.78 elf:41ms
2025-08-23 16:44:41.155 T:4326 debug : CVideoPlayerVideo::OutputPicture - ttd:352ms pts:1.293 Clock:0.940 Level:5
2025-08-23 16:44:41.159 T:4323 debug : CVideoPlayer::ProcessVideoData size:418473 dts:7.841 pts:8.008 dur:41.000ms, clock:0.944 level:47
2025-08-23 16:44:41.165 T:4091 debug : PrepareNextRender: frameOnScreen: 0.951 renderPts: 1.097 nextFramePts: 1.084 -> diff: 0.013 render: 1 forceNext: 0
2025-08-23 16:44:41.166 T:4091 debug : CAMLCodec::ReleaseFrame idx:26, drop:0
2025-08-23 16:44:41.177 T:4323 debug : CVideoPlayer::ProcessVideoData size:423730 dts:7.883 pts:7.966 dur:41.000ms, clock:0.963 level:48
2025-08-23 16:44:41.192 T:4323 debug : CVideoPlayer::ProcessVideoData size:332792 dts:7.925 pts:7.925 dur:41.000ms, clock:0.977 level:48
2025-08-23 16:44:41.192 T:4327 debug : CVideoPlayerAudio::OutputPacket: pts:1.764 curr_pts:0.954 clock:0.977 level:78
2025-08-23 16:44:41.195 T:4091 debug : CAMLCodec::PollFrame elapsed:28.959ms
2025-08-23 16:44:41.197 T:4326 debug : CAMLCodec::DequeueBuffer: pts:1.335 idx:32
2025-08-23 16:44:41.197 T:4326 debug : CAMLCodec::GetPicture: index: 32, pts: 1.335, dur:42.000ms ar:1.78 elf:41ms
2025-08-23 16:44:41.197 T:4326 debug : CVideoPlayerVideo::OutputPicture - ttd:352ms pts:1.335 Clock:0.982 Level:5
2025-08-23 16:44:41.200 T:4091 debug : PrepareNextRender: frameOnScreen: 0.985 renderPts: 1.131 nextFramePts: 1.126 -> diff: 0.005 render: 1 forceNext: 0
2025-08-23 16:44:41.200 T:4091 debug : CAMLCodec::ReleaseFrame idx:27, drop:0
2025-08-23 16:44:41.204 T:4323 debug : CVideoPlayer::ProcessVideoData size:351008 dts:7.966 pts:8.050 dur:41.000ms, clock:0.989 level:49
2025-08-23 16:44:41.212 T:4323 debug : CVideoPlayer::ProcessAudioData size:5610 dts:8.173 pts:8.173 dur:92.000ms, clock:0.997 drop:0 level:78
2025-08-23 16:44:41.212 T:4323 debug : CVideoPlayer::ProcessAudioData size:5872 dts:8.265 pts:8.265 dur:92.000ms, clock:0.997 drop:0 level:79
2025-08-23 16:44:41.236 T:4091 debug : CAMLCodec::PollFrame elapsed:35.731ms
2025-08-23 16:44:41.239 T:4326 debug : CAMLCodec::DequeueBuffer: pts:1.376 idx:33
2025-08-23 16:44:41.239 T:4326 debug : CAMLCodec::GetPicture: index: 33, pts: 1.376, dur:41.000ms ar:1.78 elf:41ms
2025-08-23 16:44:41.239 T:4326 debug : CVideoPlayerVideo::OutputPicture - ttd:351ms pts:1.376 Clock:1.024 Level:5
2025-08-23 16:44:41.243 T:4323 debug : CVideoPlayer::ProcessVideoData size:584978 dts:8.008 pts:8.300 dur:41.000ms, clock:1.028 level:49
2025-08-23 16:44:41.246 T:4091 debug : PrepareNextRender: frameOnScreen: 1.031 renderPts: 1.177 nextFramePts: 1.168 -> diff: 0.009 render: 1 forceNext: 0
2025-08-23 16:44:41.246 T:4091 debug : CAMLCodec::ReleaseFrame idx:28, drop:0
2025-08-23 16:44:41.266 T:4323 debug : CVideoPlayer::ProcessVideoData size:574967 dts:8.050 pts:8.217 dur:41.000ms, clock:1.051 level:50
2025-08-23 16:44:41.278 T:4091 debug : CAMLCodec::PollFrame elapsed:31.860ms
2025-08-23 16:44:41.280 T:4326 debug : CAMLCodec::DequeueBuffer: pts:1.418 idx:34
2025-08-23 16:44:41.281 T:4326 debug : CAMLCodec::GetPicture: index: 34, pts: 1.418, dur:42.000ms ar:1.78 elf:41ms
2025-08-23 16:44:41.281 T:4326 debug : CVideoPlayerVideo::OutputPicture - ttd:351ms pts:1.418 Clock:1.066 Level:5
2025-08-23 16:44:41.281 T:4323 debug : CVideoPlayer::ProcessVideoData size:451550 dts:8.091 pts:8.175 dur:41.000ms, clock:1.066 level:51
2025-08-23 16:44:41.286 T:4091 debug : PrepareNextRender: frameOnScreen: 1.072 renderPts: 1.217 nextFramePts: 1.210 -> diff: 0.007 render: 1 forceNext: 0
2025-08-23 16:44:41.286 T:4091 debug : CAMLCodec::ReleaseFrame idx:29, drop:0
2025-08-23 16:44:41.293 T:4327 debug : CVideoPlayerAudio::OutputPacket: pts:1.857 curr_pts:1.054 clock:1.078 level:79
2025-08-23 16:44:41.296 T:4323 debug : CVideoPlayer::ProcessVideoData size:351559 dts:8.133 pts:8.133 dur:41.000ms, clock:1.081 level:51
2025-08-23 16:44:41.310 T:4323 debug : CVideoPlayer::ProcessVideoData size:369171 dts:8.175 pts:8.258 dur:41.000ms, clock:1.095 level:52
2025-08-23 16:44:41.314 T:4323 debug : CVideoPlayer::ProcessAudioData size:5843 dts:8.359 pts:8.359 dur:92.000ms, clock:1.099 drop:0 level:79
2025-08-23 16:44:41.314 T:4323 debug : CVideoPlayer::ProcessAudioData size:5694 dts:8.451 pts:8.451 dur:92.000ms, clock:1.099 drop:0 level:81
2025-08-23 16:44:41.320 T:4091 debug : CAMLCodec::PollFrame elapsed:33.400ms
2025-08-23 16:44:41.321 T:4326 debug : CAMLCodec::DequeueBuffer: pts:1.460 idx:35
2025-08-23 16:44:41.321 T:4326 debug : CAMLCodec::GetPicture: index: 35, pts: 1.460, dur:42.000ms ar:1.78 elf:40ms
2025-08-23 16:44:41.322 T:4326 debug : CVideoPlayerVideo::OutputPicture - ttd:353ms pts:1.460 Clock:1.107 Level:5
2025-08-23 16:44:41.328 T:4091 debug : PrepareNextRender: frameOnScreen: 1.113 renderPts: 1.259 nextFramePts: 1.251 -> diff: 0.008 render: 1 forceNext: 0
2025-08-23 16:44:41.328 T:4091 debug : CAMLCodec::ReleaseFrame idx:30, drop:0
2025-08-23 16:44:41.339 T:4323 debug : CVideoPlayer::ProcessVideoData size:572852 dts:8.217 pts:8.508 dur:41.000ms, clock:1.125 level:52
2025-08-23 16:44:41.360 T:4323 debug : CVideoPlayer::ProcessVideoData size:470588 dts:8.258 pts:8.425 dur:41.000ms, clock:1.146 level:53
2025-08-23 16:44:41.362 T:4091 debug : CAMLCodec::PollFrame elapsed:33.463ms
2025-08-23 16:44:41.364 T:4326 debug : CAMLCodec::DequeueBuffer: pts:1.501 idx:36
2025-08-23 16:44:41.364 T:4326 debug : CAMLCodec::GetPicture: index: 36, pts: 1.501, dur:41.000ms ar:1.78 elf:42ms
2025-08-23 16:44:41.364 T:4326 debug : CVideoPlayerVideo::OutputPicture - ttd:351ms pts:1.501 Clock:1.149 Level:5
2025-08-23 16:44:41.365 T:4326 debug : CAMLCodec::DequeueBuffer: pts:1.543 idx:37
2025-08-23 16:44:41.365 T:4326 debug : CAMLCodec::GetPicture: index: 37, pts: 1.543, dur:42.000ms ar:1.78 elf:1ms
2025-08-23 16:44:41.365 T:4326 debug : CVideoPlayerVideo::OutputPicture - ttd:392ms pts:1.543 Clock:1.150 Level:6
2025-08-23 16:44:41.366 T:4326 debug : CAMLCodec::DequeueBuffer: pts:1.585 idx:38
2025-08-23 16:44:41.366 T:4326 debug : CAMLCodec::GetPicture: index: 38, pts: 1.585, dur:42.000ms ar:1.78 elf:1ms
2025-08-23 16:44:41.367 T:4091 debug : PrepareNextRender: frameOnScreen: 1.152 renderPts: 1.298 nextFramePts: 1.293 -> diff: 0.005 render: 1 forceNext: 0
2025-08-23 16:44:41.367 T:4091 debug : CAMLCodec::ReleaseFrame idx:31, drop:0
2025-08-23 16:44:41.367 T:4326 debug : CVideoPlayerVideo::OutputPicture - ttd:433ms pts:1.585 Clock:1.152 Level:6
2025-08-23 16:44:41.369 T:4326 debug : CAMLCodec::DequeueBuffer: pts:1.627 idx:39
2025-08-23 16:44:41.369 T:4326 debug : CAMLCodec::GetPicture: index: 39, pts: 1.627, dur:42.000ms ar:1.78 elf:2ms
2025-08-23 16:44:41.378 T:4323 debug : CVideoPlayer::ProcessVideoData size:467256 dts:8.300 pts:8.383 dur:41.000ms, clock:1.163 level:53
2025-08-23 16:44:41.393 T:4327 debug : CVideoPlayerAudio::OutputPacket: pts:1.950 curr_pts:1.154 clock:1.178 level:81
2025-08-23 16:44:41.393 T:4323 debug : CVideoPlayer::ProcessVideoData size:362040 dts:8.342 pts:8.342 dur:41.000ms, clock:1.179 level:54
2025-08-23 16:44:41.403 T:4091 debug : CAMLCodec::PollFrame elapsed:36.112ms
2025-08-23 16:44:41.409 T:4323 debug : CVideoPlayer::ProcessVideoData size:381154 dts:8.383 pts:8.467 dur:41.000ms, clock:1.195 level:54
2025-08-23 16:44:41.410 T:4323 debug : CVideoPlayer::ProcessAudioData size:5658 dts:8.545 pts:8.545 dur:92.000ms, clock:1.196 drop:0 level:81
2025-08-23 16:44:41.412 T:4091 debug : PrepareNextRender: frameOnScreen: 1.198 renderPts: 1.344 nextFramePts: 1.335 -> diff: 0.009 render: 1 forceNext: 0
2025-08-23 16:44:41.412 T:4326 debug : CVideoPlayerVideo::OutputPicture - ttd:472ms pts:1.627 Clock:1.154 Level:6
2025-08-23 16:44:41.413 T:4091 debug : CAMLCodec::ReleaseFrame idx:32, drop:0
2025-08-23 16:44:41.438 T:4323 debug : CVideoPlayer::ProcessVideoData size:620660 dts:8.425 pts:8.634 dur:41.000ms, clock:1.223 level:55
2025-08-23 16:44:41.442 T:4327 debug : CVideoPlayerAudio::OutputPacket: pts:2.043 curr_pts:1.204 clock:1.228 level:81
2025-08-23 16:44:41.445 T:4091 debug : CAMLCodec::PollFrame elapsed:32.360ms
2025-08-23 16:44:41.455 T:4091 debug : PrepareNextRender: frameOnScreen: 1.240 renderPts: 1.398 nextFramePts: 1.376 -> diff: 0.022 render: 1 forceNext: 0
2025-08-23 16:44:41.455 T:4091 debug : CAMLCodec::ReleaseFrame idx:33, drop:0
2025-08-23 16:44:41.458 T:4323 debug : CVideoPlayer::ProcessVideoData size:484408 dts:8.467 pts:8.592 dur:41.000ms, clock:1.243 level:55
2025-08-23 16:44:41.473 T:4323 debug : CVideoPlayer::ProcessVideoData size:385078 dts:8.508 pts:8.550 dur:41.000ms, clock:1.258 level:56
2025-08-23 16:44:41.474 T:4323 debug : CVideoPlayer::ProcessAudioData size:5657 dts:8.638 pts:8.638 dur:92.000ms, clock:1.259 drop:0 level:81
2025-08-23 16:44:41.487 T:4091 debug : CAMLCodec::PollFrame elapsed:31.766ms
2025-08-23 16:44:41.497 T:4323 debug : CVideoPlayer::ProcessVideoData size:454057 dts:8.550 pts:8.675 dur:41.000ms, clock:1.282 level:56
2025-08-23 16:44:41.499 T:4091 debug : PrepareNextRender: frameOnScreen: 1.284 renderPts: 1.442 nextFramePts: 1.418 -> diff: 0.024 render: 1 forceNext: 0
2025-08-23 16:44:41.499 T:4091 debug : CAMLCodec::ReleaseFrame idx:34, drop:0
2025-08-23 16:44:41.504 T:4323 debug : CVideoPlayer::ProcessAudioData size:5810 dts:8.731 pts:8.731 dur:92.000ms, clock:1.289 drop:0 level:82
2025-08-23 16:44:41.504 T:4323 debug : CVideoPlayer::ProcessAudioData size:5798 dts:8.823 pts:8.823 dur:92.000ms, clock:1.290 drop:0 level:83
2025-08-23 16:44:41.514 T:4323 debug : CVideoPlayer::ProcessVideoData size:503038 dts:8.592 pts:8.884 dur:41.000ms, clock:1.299 level:57
2025-08-23 16:44:41.529 T:4091 debug : CAMLCodec::PollFrame elapsed:29.161ms
2025-08-23 16:44:41.530 T:4326 debug : CAMLCodec::DequeueBuffer: pts:1.668 idx:40
2025-08-23 16:44:41.530 T:4326 debug : CAMLCodec::GetPicture: index: 40, pts: 1.668, dur:41.000ms ar:1.78 elf:161ms
2025-08-23 16:44:41.530 T:4326 debug : CVideoPlayerVideo::OutputPicture - ttd:352ms pts:1.668 Clock:1.316 Level:5
2025-08-23 16:44:41.536 T:4091 debug : PrepareNextRender: frameOnScreen: 1.322 renderPts: 1.480 nextFramePts: 1.460 -> diff: 0.020 render: 1 forceNext: 0
2025-08-23 16:44:41.537 T:4091 debug : CAMLCodec::ReleaseFrame idx:35, drop:0
2025-08-23 16:44:41.537 T:4323 debug : CVideoPlayer::ProcessVideoData size:496222 dts:8.634 pts:8.800 dur:41.000ms, clock:1.323 level:57
2025-08-23 16:44:41.542 T:4327 debug : CVideoPlayerAudio::OutputPacket: pts:2.136 curr_pts:1.304 clock:1.327 level:83
2025-08-23 16:44:41.553 T:4323 debug : CVideoPlayer::ProcessVideoData size:398806 dts:8.675 pts:8.759 dur:41.000ms, clock:1.339 level:58
2025-08-23 16:44:41.568 T:4323 debug : CVideoPlayer::ProcessVideoData size:393184 dts:8.717 pts:8.717 dur:41.000ms, clock:1.354 level:58
2025-08-23 16:44:41.570 T:4091 debug : CAMLCodec::PollFrame elapsed:33.196ms
2025-08-23 16:44:41.572 T:4326 debug : CAMLCodec::DequeueBuffer: pts:1.710 idx:41
2025-08-23 16:44:41.572 T:4326 debug : CAMLCodec::GetPicture: index: 41, pts: 1.710, dur:42.000ms ar:1.78 elf:41ms
2025-08-23 16:44:41.573 T:4326 debug : CVideoPlayerVideo::OutputPicture - ttd:351ms pts:1.710 Clock:1.358 Level:5
2025-08-23 16:44:41.579 T:4091 debug : PrepareNextRender: frameOnScreen: 1.364 renderPts: 1.522 nextFramePts: 1.501 -> diff: 0.021 render: 1 forceNext: 0
2025-08-23 16:44:41.579 T:4091 debug : CAMLCodec::ReleaseFrame idx:36, drop:0
2025-08-23 16:44:41.586 T:4323 debug : CVideoPlayer::ProcessVideoData size:428429 dts:8.759 pts:8.842 dur:41.000ms, clock:1.372 level:59
2025-08-23 16:44:41.592 T:4323 debug : CVideoPlayer::ProcessAudioData size:5714 dts:8.916 pts:8.916 dur:92.000ms, clock:1.377 drop:0 level:83
2025-08-23 16:44:41.592 T:4323 debug : CVideoPlayer::ProcessAudioData size:5630 dts:9.008 pts:9.008 dur:92.000ms, clock:1.378 drop:0 level:84
2025-08-23 16:44:41.612 T:4091 debug : CAMLCodec::PollFrame elapsed:32.245ms
2025-08-23 16:44:41.614 T:4326 debug : CAMLCodec::DequeueBuffer: pts:1.752 idx:42
2025-08-23 16:44:41.614 T:4326 debug : CAMLCodec::GetPicture: index: 42, pts: 1.752, dur:42.000ms ar:1.78 elf:41ms
2025-08-23 16:44:41.614 T:4326 debug : CVideoPlayerVideo::OutputPicture - ttd:352ms pts:1.752 Clock:1.400 Level:5
2025-08-23 16:44:41.617 T:4091 debug : PrepareNextRender: frameOnScreen: 1.403 renderPts: 1.561 nextFramePts: 1.543 -> diff: 0.018 render: 1 forceNext: 0
2025-08-23 16:44:41.618 T:4091 debug : CAMLCodec::ReleaseFrame idx:37, drop:0
2025-08-23 16:44:41.619 T:4323 debug : CVideoPlayer::ProcessVideoData size:563474 dts:8.800 pts:9.092 dur:41.000ms, clock:1.405 level:59
2025-08-23 16:44:41.641 T:4323 debug : CVideoPlayer::ProcessVideoData size:555403 dts:8.842 pts:9.009 dur:41.000ms, clock:1.426 level:60
2025-08-23 16:44:41.642 T:4327 debug : CVideoPlayerAudio::OutputPacket: pts:2.229 curr_pts:1.404 clock:1.427 level:84
2025-08-23 16:44:41.654 T:4091 debug : CAMLCodec::PollFrame elapsed:35.933ms
2025-08-23 16:44:41.654 T:4326 debug : CAMLCodec::DequeueBuffer: pts:1.793 idx:43
2025-08-23 16:44:41.654 T:4326 debug : CAMLCodec::GetPicture: index: 43, pts: 1.793, dur:41.000ms ar:1.78 elf:39ms
2025-08-23 16:44:41.655 T:4326 debug : CVideoPlayerVideo::OutputPicture - ttd:353ms pts:1.793 Clock:1.440 Level:5
2025-08-23 16:44:41.657 T:4323 debug : CVideoPlayer::ProcessVideoData size:438541 dts:8.884 pts:8.967 dur:41.000ms, clock:1.443 level:60
2025-08-23 16:44:41.660 T:4091 debug : PrepareNextRender: frameOnScreen: 1.445 renderPts: 1.604 nextFramePts: 1.585 -> diff: 0.019 render: 1 forceNext: 0
2025-08-23 16:44:41.661 T:4091 debug : CAMLCodec::ReleaseFrame idx:38, drop:0
2025-08-23 16:44:41.675 T:4323 debug : CVideoPlayer::ProcessVideoData size:430365 dts:8.926 pts:8.926 dur:41.000ms, clock:1.460 level:61
2025-08-23 16:44:41.695 T:4091 debug : CAMLCodec::PollFrame elapsed:34.343ms
2025-08-23 16:44:41.697 T:4323 debug : CVideoPlayer::ProcessVideoData size:452239 dts:8.967 pts:9.051 dur:41.000ms, clock:1.482 level:61
2025-08-23 16:44:41.699 T:4326 debug : CAMLCodec::DequeueBuffer: pts:1.835 idx:44
2025-08-23 16:44:41.699 T:4326 debug : CAMLCodec::GetPicture: index: 44, pts: 1.835, dur:42.000ms ar:1.78 elf:44ms
2025-08-23 16:44:41.699 T:4326 debug : CVideoPlayerVideo::OutputPicture - ttd:350ms pts:1.835 Clock:1.484 Level:5
2025-08-23 16:44:41.700 T:4091 debug : PrepareNextRender: frameOnScreen: 1.485 renderPts: 1.643 nextFramePts: 1.627 -> diff: 0.016 render: 1 forceNext: 0
2025-08-23 16:44:41.700 T:4091 debug : CAMLCodec::ReleaseFrame idx:39, drop:0
2025-08-23 16:44:41.737 T:4091 debug : CAMLCodec::PollFrame elapsed:37.336ms
2025-08-23 16:44:41.739 T:4326 debug : CAMLCodec::DequeueBuffer: pts:1.877 idx:45
2025-08-23 16:44:41.739 T:4326 debug : CAMLCodec::GetPicture: index: 45, pts: 1.877, dur:42.000ms ar:1.78 elf:40ms
2025-08-23 16:44:41.739 T:4326 debug : CVideoPlayerVideo::OutputPicture - ttd:352ms pts:1.877 Clock:1.524 Level:5
2025-08-23 16:44:41.743 T:4327 debug : CVideoPlayerAudio::OutputPacket: pts:2.322 curr_pts:1.504 clock:1.528 level:83
2025-08-23 16:44:41.746 T:4091 debug : PrepareNextRender: frameOnScreen: 1.532 renderPts: 1.690 nextFramePts: 1.668 -> diff: 0.022 render: 1 forceNext: 0
2025-08-23 16:44:41.746 T:4091 debug : CAMLCodec::ReleaseFrame idx:40, drop:0
2025-08-23 16:44:41.779 T:4091 debug : CAMLCodec::PollFrame elapsed:32.433ms
2025-08-23 16:44:41.780 T:4326 debug : CAMLCodec::DequeueBuffer: pts:1.919 idx:46
2025-08-23 16:44:41.780 T:4326 debug : CAMLCodec::GetPicture: index: 46, pts: 1.919, dur:42.000ms ar:1.78 elf:40ms
2025-08-23 16:44:41.780 T:4326 debug : CVideoPlayerVideo::OutputPicture - ttd:353ms pts:1.919 Clock:1.565 Level:5
2025-08-23 16:44:41.784 T:4091 debug : PrepareNextRender: frameOnScreen: 1.570 renderPts: 1.728 nextFramePts: 1.710 -> diff: 0.018 render: 1 forceNext: 0
2025-08-23 16:44:41.784 T:4091 debug : CAMLCodec::ReleaseFrame idx:41, drop:0
2025-08-23 16:44:41.821 T:4091 debug : CAMLCodec::PollFrame elapsed:36.140ms
2025-08-23 16:44:41.823 T:4326 debug : CAMLCodec::DequeueBuffer: pts:1.960 idx:47
2025-08-23 16:44:41.823 T:4326 debug : CAMLCodec::GetPicture: index: 47, pts: 1.960, dur:41.000ms ar:1.78 elf:43ms
2025-08-23 16:44:41.823 T:4326 debug : CVideoPlayerVideo::OutputPicture - ttd:351ms pts:1.960 Clock:1.609 Level:5
2025-08-23 16:44:41.829 T:4091 debug : PrepareNextRender: frameOnScreen: 1.614 renderPts: 1.772 nextFramePts: 1.752 -> diff: 0.020 render: 1 forceNext: 0
2025-08-23 16:44:41.829 T:4091 debug : CAMLCodec::ReleaseFrame idx:42, drop:0
2025-08-23 16:44:41.843 T:4327 debug : CVideoPlayerAudio::OutputPacket: pts:2.415 curr_pts:1.605 clock:1.628 level:82
2025-08-23 16:44:41.862 T:4091 debug : CAMLCodec::PollFrame elapsed:32.625ms
2025-08-23 16:44:41.863 T:4326 debug : CAMLCodec::DequeueBuffer: pts:2.002 idx:48
2025-08-23 16:44:41.863 T:4326 debug : CAMLCodec::GetPicture: index: 48, pts: 2.002, dur:41.999ms ar:1.78 elf:39ms
2025-08-23 16:44:41.864 T:4326 debug : CVideoPlayerVideo::OutputPicture - ttd:353ms pts:2.002 Clock:1.648 Level:5
2025-08-23 16:44:41.870 T:4091 debug : PrepareNextRender: frameOnScreen: 1.655 renderPts: 1.813 nextFramePts: 1.793 -> diff: 0.020 render: 1 forceNext: 0
2025-08-23 16:44:41.870 T:4091 debug : CAMLCodec::ReleaseFrame idx:43, drop:0
2025-08-23 16:44:41.904 T:4091 debug : CAMLCodec::PollFrame elapsed:33.839ms
2025-08-23 16:44:41.906 T:4326 debug : CAMLCodec::DequeueBuffer: pts:2.044 idx:49
2025-08-23 16:44:41.906 T:4326 debug : CAMLCodec::GetPicture: index: 49, pts: 2.044, dur:42.001ms ar:1.78 elf:43ms
2025-08-23 16:44:41.906 T:4326 debug : CVideoPlayerVideo::OutputPicture - ttd:352ms pts:2.044 Clock:1.692 Level:5
2025-08-23 16:44:41.910 T:4091 debug : PrepareNextRender: frameOnScreen: 1.696 renderPts: 1.854 nextFramePts: 1.835 -> diff: 0.019 render: 1 forceNext: 0
2025-08-23 16:44:41.911 T:4091 debug : CAMLCodec::ReleaseFrame idx:44, drop:0
2025-08-23 16:44:41.942 T:4327 debug : CVideoPlayerAudio::OutputPacket: pts:2.507 curr_pts:1.705 clock:1.728 level:81
2025-08-23 16:44:41.946 T:4091 debug : CAMLCodec::PollFrame elapsed:34.790ms
2025-08-23 16:44:41.947 T:4326 debug : CAMLCodec::DequeueBuffer: pts:2.085 idx:50
2025-08-23 16:44:41.947 T:4326 debug : CAMLCodec::GetPicture: index: 50, pts: 2.085, dur:41.000ms ar:1.78 elf:40ms
2025-08-23 16:44:41.947 T:4326 debug : CVideoPlayerVideo::OutputPicture - ttd:352ms pts:2.085 Clock:1.733 Level:5
2025-08-23 16:44:41.951 T:4091 debug : PrepareNextRender: frameOnScreen: 1.737 renderPts: 1.895 nextFramePts: 1.877 -> diff: 0.018 render: 1 forceNext: 0
2025-08-23 16:44:41.951 T:4091 debug : CAMLCodec::ReleaseFrame idx:45, drop:0
2025-08-23 16:44:41.987 T:4091 debug : CAMLCodec::PollFrame elapsed:35.886ms
2025-08-23 16:44:41.990 T:4326 debug : CAMLCodec::DequeueBuffer: pts:2.127 idx:51
2025-08-23 16:44:41.990 T:4326 debug : CAMLCodec::GetPicture: index: 51, pts: 2.127, dur:42.000ms ar:1.78 elf:42ms
2025-08-23 16:44:41.990 T:4326 debug : CVideoPlayerVideo::OutputPicture - ttd:352ms pts:2.127 Clock:1.775 Level:5
2025-08-23 16:44:41.995 T:4091 debug : PrepareNextRender: frameOnScreen: 1.780 renderPts: 1.938 nextFramePts: 1.919 -> diff: 0.019 render: 1 forceNext: 0
2025-08-23 16:44:41.995 T:4091 debug : CAMLCodec::ReleaseFrame idx:46, drop:0
2025-08-23 16:44:42.029 T:4091 debug : CAMLCodec::PollFrame elapsed:33.958ms
2025-08-23 16:44:42.032 T:4326 debug : CAMLCodec::DequeueBuffer: pts:2.169 idx:52
2025-08-23 16:44:42.032 T:4326 debug : CAMLCodec::GetPicture: index: 52, pts: 2.169, dur:42.000ms ar:1.78 elf:42ms
2025-08-23 16:44:42.032 T:4326 debug : CVideoPlayerVideo::OutputPicture - ttd:351ms pts:2.169 Clock:1.818 Level:5
2025-08-23 16:44:42.036 T:4091 debug : PrepareNextRender: frameOnScreen: 1.821 renderPts: 1.979 nextFramePts: 1.960 -> diff: 0.019 render: 1 forceNext: 0
2025-08-23 16:44:42.036 T:4091 debug : CAMLCodec::ReleaseFrame idx:47, drop:0
2025-08-23 16:44:42.042 T:4327 debug : CVideoPlayerAudio::OutputPacket: pts:2.600 curr_pts:1.804 clock:1.828 level:79
2025-08-23 16:44:42.071 T:4091 debug : CAMLCodec::PollFrame elapsed:34.671ms
2025-08-23 16:44:42.073 T:4326 debug : CAMLCodec::DequeueBuffer: pts:2.211 idx:53
2025-08-23 16:44:42.073 T:4326 debug : CAMLCodec::GetPicture: index: 53, pts: 2.211, dur:42.000ms ar:1.78 elf:40ms
2025-08-23 16:44:42.073 T:4326 debug : CVideoPlayerVideo::OutputPicture - ttd:352ms pts:2.211 Clock:1.858 Level:5
2025-08-23 16:44:42.075 T:4091 debug : PrepareNextRender: frameOnScreen: 1.860 renderPts: 2.018 nextFramePts: 2.002 -> diff: 0.016 render: 1 forceNext: 0
2025-08-23 16:44:42.075 T:4091 debug : CAMLCodec::ReleaseFrame idx:48, drop:0
2025-08-23 16:44:42.092 T:4327 debug : CVideoPlayerAudio::OutputPacket: pts:2.694 curr_pts:1.853 clock:1.877 level:78
2025-08-23 16:44:42.113 T:4091 debug : CAMLCodec::PollFrame elapsed:36.995ms
2025-08-23 16:44:42.115 T:4326 debug : CAMLCodec::DequeueBuffer: pts:2.252 idx:54
2025-08-23 16:44:42.115 T:4326 debug : CAMLCodec::GetPicture: index: 54, pts: 2.252, dur:41.000ms ar:1.78 elf:41ms
2025-08-23 16:44:42.115 T:4326 debug : CVideoPlayerVideo::OutputPicture - ttd:352ms pts:2.252 Clock:1.900 Level:5
2025-08-23 16:44:42.116 T:4091 debug : PrepareNextRender: frameOnScreen: 1.901 renderPts: 2.060 nextFramePts: 2.044 -> diff: 0.016 render: 1 forceNext: 0
2025-08-23 16:44:42.116 T:4091 debug : CAMLCodec::ReleaseFrame idx:49, drop:0
2025-08-23 16:44:42.154 T:4091 debug : CAMLCodec::PollFrame elapsed:37.695ms
2025-08-23 16:44:42.155 T:4326 debug : CAMLCodec::DequeueBuffer: pts:2.294 idx:55
2025-08-23 16:44:42.155 T:4326 debug : CAMLCodec::GetPicture: index: 55, pts: 2.294, dur:42.000ms ar:1.78 elf:40ms
2025-08-23 16:44:42.155 T:4326 debug : CVideoPlayerVideo::OutputPicture - ttd:353ms pts:2.294 Clock:1.940 Level:5
2025-08-23 16:44:42.158 T:4091 debug : PrepareNextRender: frameOnScreen: 1.943 renderPts: 2.101 nextFramePts: 2.085 -> diff: 0.016 render: 1 forceNext: 0
2025-08-23 16:44:42.158 T:4091 debug : CAMLCodec::ReleaseFrame idx:50, drop:0
2025-08-23 16:44:42.192 T:4327 debug : CVideoPlayerAudio::OutputPacket: pts:2.786 curr_pts:1.955 clock:1.977 level:77
2025-08-23 16:44:42.196 T:4091 debug : CAMLCodec::PollFrame elapsed:37.429ms
2025-08-23 16:44:42.198 T:4326 debug : CAMLCodec::DequeueBuffer: pts:2.336 idx:56
2025-08-23 16:44:42.198 T:4326 debug : CAMLCodec::GetPicture: index: 56, pts: 2.336, dur:42.000ms ar:1.78 elf:42ms
2025-08-23 16:44:42.198 T:4326 debug : CVideoPlayerVideo::OutputPicture - ttd:352ms pts:2.336 Clock:1.983 Level:5
2025-08-23 16:44:42.200 T:4091 debug : PrepareNextRender: frameOnScreen: 1.985 renderPts: 2.144 nextFramePts: 2.127 -> diff: 0.017 render: 1 forceNext: 0
2025-08-23 16:44:42.201 T:4091 debug : CAMLCodec::ReleaseFrame idx:51, drop:0
2025-08-23 16:44:42.238 T:4091 debug : CAMLCodec::PollFrame elapsed:36.861ms
2025-08-23 16:44:42.240 T:4326 debug : CAMLCodec::DequeueBuffer: pts:2.377 idx:57
2025-08-23 16:44:42.240 T:4326 debug : CAMLCodec::GetPicture: index: 57, pts: 2.377, dur:41.000ms ar:1.78 elf:42ms
2025-08-23 16:44:42.241 T:4326 debug : CVideoPlayerVideo::OutputPicture - ttd:351ms pts:2.377 Clock:2.026 Level:5
2025-08-23 16:44:42.243 T:4091 debug : PrepareNextRender: frameOnScreen: 2.028 renderPts: 2.186 nextFramePts: 2.169 -> diff: 0.017 render: 1 forceNext: 0
2025-08-23 16:44:42.243 T:4091 debug : CAMLCodec::ReleaseFrame idx:52, drop:0
2025-08-23 16:44:42.279 T:4091 debug : CAMLCodec::PollFrame elapsed:36.466ms
2025-08-23 16:44:42.281 T:4326 debug : CAMLCodec::DequeueBuffer: pts:2.419 idx:58
2025-08-23 16:44:42.281 T:4326 debug : CAMLCodec::GetPicture: index: 58, pts: 2.419, dur:42.000ms ar:1.78 elf:40ms
2025-08-23 16:44:42.281 T:4326 debug : CVideoPlayerVideo::OutputPicture - ttd:353ms pts:2.419 Clock:2.066 Level:5
2025-08-23 16:44:42.283 T:4091 debug : PrepareNextRender: frameOnScreen: 2.068 renderPts: 2.226 nextFramePts: 2.211 -> diff: 0.015 render: 1 forceNext: 0
2025-08-23 16:44:42.283 T:4091 debug : CAMLCodec::ReleaseFrame idx:53, drop:0
2025-08-23 16:44:42.292 T:4327 debug : CVideoPlayerAudio::OutputPacket: pts:2.879 curr_pts:2.054 clock:2.077 level:76
2025-08-23 16:44:42.321 T:4091 debug : CAMLCodec::PollFrame elapsed:37.604ms
2025-08-23 16:44:42.324 T:4326 debug : CAMLCodec::DequeueBuffer: pts:2.461 idx:59
2025-08-23 16:44:42.324 T:4326 debug : CAMLCodec::GetPicture: index: 59, pts: 2.461, dur:42.000ms ar:1.78 elf:42ms
2025-08-23 16:44:42.324 T:4326 debug : CVideoPlayerVideo::OutputPicture - ttd:352ms pts:2.461 Clock:2.109 Level:5
2025-08-23 16:44:42.325 T:4091 debug : PrepareNextRender: frameOnScreen: 2.110 renderPts: 2.268 nextFramePts: 2.252 -> diff: 0.016 render: 1 forceNext: 0
2025-08-23 16:44:42.325 T:4091 debug : CAMLCodec::ReleaseFrame idx:54, drop:0
2025-08-23 16:44:42.363 T:4091 debug : CAMLCodec::PollFrame elapsed:37.513ms
2025-08-23 16:44:42.364 T:4326 debug : CAMLCodec::DequeueBuffer: pts:2.502 idx:60
2025-08-23 16:44:42.364 T:4326 debug : CAMLCodec::GetPicture: index: 60, pts: 2.502, dur:41.000ms ar:1.78 elf:39ms
2025-08-23 16:44:42.364 T:4326 debug : CVideoPlayerVideo::OutputPicture - ttd:353ms pts:2.502 Clock:2.149 Level:5
2025-08-23 16:44:42.365 T:4326 debug : CAMLCodec::DequeueBuffer: pts:2.544 idx:61
2025-08-23 16:44:42.365 T:4326 debug : CAMLCodec::GetPicture: index: 61, pts: 2.544, dur:42.000ms ar:1.78 elf:1ms
2025-08-23 16:44:42.365 T:4326 debug : CVideoPlayerVideo::OutputPicture - ttd:393ms pts:2.544 Clock:2.150 Level:6
2025-08-23 16:44:42.366 T:4326 debug : CAMLCodec::DequeueBuffer: pts:2.586 idx:62
2025-08-23 16:44:42.367 T:4326 debug : CAMLCodec::GetPicture: index: 62, pts: 2.586, dur:42.000ms ar:1.78 elf:1ms
2025-08-23 16:44:42.367 T:4091 debug : PrepareNextRender: frameOnScreen: 2.153 renderPts: 2.311 nextFramePts: 2.294 -> diff: 0.017 render: 1 forceNext: 0
2025-08-23 16:44:42.368 T:4326 debug : CVideoPlayerVideo::OutputPicture - ttd:434ms pts:2.586 Clock:2.152 Level:6
2025-08-23 16:44:42.368 T:4091 debug : CAMLCodec::ReleaseFrame idx:55, drop:0
2025-08-23 16:44:42.369 T:4326 debug : CAMLCodec::DequeueBuffer: pts:2.628 idx:63
2025-08-23 16:44:42.369 T:4326 debug : CAMLCodec::GetPicture: index: 63, pts: 2.628, dur:42.000ms ar:1.78 elf:2ms
2025-08-23 16:44:42.392 T:4327 debug : CVideoPlayerAudio::OutputPacket: pts:2.972 curr_pts:2.154 clock:2.177 level:75
2025-08-23 16:44:42.405 T:4091 debug : CAMLCodec::PollFrame elapsed:36.668ms
2025-08-23 16:44:42.409 T:4091 debug : PrepareNextRender: frameOnScreen: 2.194 renderPts: 2.352 nextFramePts: 2.336 -> diff: 0.016 render: 1 forceNext: 0
2025-08-23 16:44:42.409 T:4326 debug : CVideoPlayerVideo::OutputPicture - ttd:473ms pts:2.628 Clock:2.154 Level:6
2025-08-23 16:44:42.409 T:4091 debug : CAMLCodec::ReleaseFrame idx:56, drop:0
2025-08-23 16:44:42.446 T:4091 debug : CAMLCodec::PollFrame elapsed:37.279ms
2025-08-23 16:44:42.450 T:4091 debug : PrepareNextRender: frameOnScreen: 2.236 renderPts: 2.394 nextFramePts: 2.377 -> diff: 0.017 render: 1 forceNext: 0
2025-08-23 16:44:42.451 T:4091 debug : CAMLCodec::ReleaseFrame idx:57, drop:0
2025-08-23 16:44:42.454 T:4326 debug : CAMLCodec::AddData: dl:651520 fl:5443328 sz:45549(45632) lv:10.7% dts:4.046 pts:4.129
2025-08-23 16:44:42.488 T:4091 debug : CAMLCodec::PollFrame elapsed:37.328ms
2025-08-23 16:44:42.493 T:4327 debug : CVideoPlayerAudio::OutputPacket: pts:3.065 curr_pts:2.255 clock:2.278 level:74
2025-08-23 16:44:42.494 T:4091 debug : PrepareNextRender: frameOnScreen: 2.279 renderPts: 2.437 nextFramePts: 2.419 -> diff: 0.018 render: 1 forceNext: 0
2025-08-23 16:44:42.494 T:4091 debug : CAMLCodec::ReleaseFrame idx:58, drop:0
2025-08-23 16:44:42.530 T:4091 debug : CAMLCodec::PollFrame elapsed:35.109ms
2025-08-23 16:44:42.533 T:4326 debug : CAMLCodec::DequeueBuffer: pts:2.669 idx:64
2025-08-23 16:44:42.533 T:4326 debug : CAMLCodec::GetPicture: index: 64, pts: 2.669, dur:41.000ms ar:1.78 elf:163ms
2025-08-23 16:44:42.533 T:4326 debug : CVideoPlayerVideo::OutputPicture - ttd:351ms pts:2.669 Clock:2.318 Level:5
2025-08-23 16:44:42.534 T:4091 debug : PrepareNextRender: frameOnScreen: 2.319 renderPts: 2.477 nextFramePts: 2.461 -> diff: 0.016 render: 1 forceNext: 0
2025-08-23 16:44:42.534 T:4091 debug : CAMLCodec::ReleaseFrame idx:59, drop:0
2025-08-23 16:44:42.571 T:4091 debug : CAMLCodec::PollFrame elapsed:36.919ms
2025-08-23 16:44:42.573 T:4326 debug : CAMLCodec::DequeueBuffer: pts:2.711 idx:65
2025-08-23 16:44:42.573 T:4326 debug : CAMLCodec::GetPicture: index: 65, pts: 2.711, dur:42.000ms ar:1.78 elf:39ms
2025-08-23 16:44:42.573 T:4326 debug : CVideoPlayerVideo::OutputPicture - ttd:353ms pts:2.711 Clock:2.358 Level:5
2025-08-23 16:44:42.575 T:4091 debug : PrepareNextRender: frameOnScreen: 2.360 renderPts: 2.518 nextFramePts: 2.502 -> diff: 0.016 render: 1 forceNext: 0
2025-08-23 16:44:42.575 T:4091 debug : CAMLCodec::ReleaseFrame idx:60, drop:0
2025-08-23 16:44:42.593 T:4327 debug : CVideoPlayerAudio::OutputPacket: pts:3.158 curr_pts:2.355 clock:2.378 level:72
2025-08-23 16:44:42.613 T:4091 debug : CAMLCodec::PollFrame elapsed:37.710ms
2025-08-23 16:44:42.616 T:4326 debug : CAMLCodec::DequeueBuffer: pts:2.753 idx:66
2025-08-23 16:44:42.616 T:4326 debug : CAMLCodec::GetPicture: index: 66, pts: 2.753, dur:42.000ms ar:1.78 elf:42ms
2025-08-23 16:44:42.616 T:4326 debug : CVideoPlayerVideo::OutputPicture - ttd:352ms pts:2.753 Clock:2.401 Level:5
2025-08-23 16:44:42.617 T:4091 debug : PrepareNextRender: frameOnScreen: 2.402 renderPts: 2.561 nextFramePts: 2.544 -> diff: 0.017 render: 1 forceNext: 0
2025-08-23 16:44:42.618 T:4091 debug : CAMLCodec::ReleaseFrame idx:61, drop:0
2025-08-23 16:44:42.655 T:4091 debug : CAMLCodec::PollFrame elapsed:37.174ms
2025-08-23 16:44:42.656 T:4326 debug : CAMLCodec::DequeueBuffer: pts:2.794 idx:67
