2025-08-23 16:44:51.513 T:4326 debug : CAMLCodec::AddData: dl:661888 fl:5432960 sz:344014(344128) lv:10.9% dts:11.762 pts:11.845
2025-08-23 16:44:51.515 T:4323 debug : CVideoPlayer::ProcessVideoData size:478519 dts:15.390 pts:15.474 dur:41.000ms, clock:11.299 level:45
2025-08-23 16:44:51.540 T:4091 debug : CAMLCodec::PollFrame elapsed:35.495ms
2025-08-23 16:44:51.543 T:4326 debug : CAMLCodec::DequeueBuffer: pts:11.678 idx:280
2025-08-23 16:44:51.543 T:4326 debug : CAMLCodec::GetPicture: index: 280, pts: 11.678, dur:41.000ms ar:1.78 elf:162ms
2025-08-23 16:44:51.543 T:4326 debug : CVideoPlayerVideo::OutputPicture - ttd:351ms pts:11.678 Clock:11.327 Level:5
2025-08-23 16:44:51.548 T:4091 debug : PrepareNextRender: frameOnScreen: 11.332 renderPts: 11.489 nextFramePts: 11.470 -> diff: 0.019 render: 1 forceNext: 0
2025-08-23 16:44:51.548 T:4091 debug : CAMLCodec::ReleaseFrame idx:275, drop:0
2025-08-23 16:44:51.554 T:4326 debug : CAMLCodec::AddData: dl:965504 fl:5129344 sz:621273(621376) lv:15.8% dts:11.803 pts:12.012
2025-08-23 16:44:51.558 T:4323 debug : CVideoPlayer::ProcessAudioData size:6005 dts:15.604 pts:15.604 dur:92.000ms, clock:11.342 drop:0 level:42
2025-08-23 16:44:51.561 T:4323 debug : CVideoPlayer::ProcessVideoData size:615973 dts:15.432 pts:15.641 dur:41.000ms, clock:11.344 level:45
2025-08-23 16:44:51.582 T:4091 debug : CAMLCodec::PollFrame elapsed:33.644ms
2025-08-23 16:44:51.584 T:4326 debug : CAMLCodec::DequeueBuffer: pts:11.720 idx:281
2025-08-23 16:44:51.584 T:4326 debug : CAMLCodec::GetPicture: index: 281, pts: 11.720, dur:42.000ms ar:1.78 elf:40ms
2025-08-23 16:44:51.584 T:4326 debug : CVideoPlayerVideo::OutputPicture - ttd:352ms pts:11.720 Clock:11.368 Level:5
2025-08-23 16:44:51.594 T:4091 debug : PrepareNextRender: frameOnScreen: 11.377 renderPts: 11.535 nextFramePts: 11.511 -> diff: 0.024 render: 1 forceNext: 0
2025-08-23 16:44:51.594 T:4327 debug : CVideoPlayerAudio::OutputPacket: pts:12.167 curr_pts:11.354 clock:11.377 level:42
2025-08-23 16:44:51.594 T:4091 debug : CAMLCodec::ReleaseFrame idx:276, drop:0
2025-08-23 16:44:51.624 T:4091 debug : CAMLCodec::PollFrame elapsed:29.530ms
2025-08-23 16:44:51.625 T:4326 debug : CAMLCodec::DequeueBuffer: pts:11.762 idx:282
2025-08-23 16:44:51.625 T:4326 debug : CAMLCodec::GetPicture: index: 282, pts: 11.762, dur:42.000ms ar:1.78 elf:40ms
2025-08-23 16:44:51.625 T:4326 debug : CVideoPlayerVideo::OutputPicture - ttd:353ms pts:11.762 Clock:11.409 Level:5
2025-08-23 16:44:51.632 T:4091 debug : PrepareNextRender: frameOnScreen: 11.415 renderPts: 11.572 nextFramePts: 11.553 -> diff: 0.019 render: 1 forceNext: 0
2025-08-23 16:44:51.632 T:4091 debug : CAMLCodec::ReleaseFrame idx:277, drop:0
2025-08-23 16:44:51.641 T:4326 debug : CAMLCodec::AddData: dl:457920 fl:5636928 sz:457855(457920) lv:7.5% dts:11.845 pts:11.970
2025-08-23 16:44:51.644 T:4323 debug : CVideoPlayer::ProcessVideoData size:453655 dts:15.474 pts:15.599 dur:41.000ms, clock:11.427 level:44
2025-08-23 16:44:51.645 T:4326 debug : CAMLCodec::AddData: dl:903808 fl:5191040 sz:445807(445888) lv:14.8% dts:11.887 pts:11.929
2025-08-23 16:44:51.647 T:4323 debug : CVideoPlayer::ProcessVideoData size:376308 dts:15.515 pts:15.557 dur:41.000ms, clock:11.431 level:45
2025-08-23 16:44:51.666 T:4091 debug : CAMLCodec::PollFrame elapsed:33.626ms
2025-08-23 16:44:51.668 T:4326 debug : CAMLCodec::DequeueBuffer: pts:11.803 idx:283
2025-08-23 16:44:51.668 T:4326 debug : CAMLCodec::GetPicture: index: 283, pts: 11.803, dur:41.000ms ar:1.78 elf:42ms
2025-08-23 16:44:51.668 T:4326 debug : CVideoPlayerVideo::OutputPicture - ttd:351ms pts:11.803 Clock:11.451 Level:5
2025-08-23 16:44:51.678 T:4091 debug : PrepareNextRender: frameOnScreen: 11.462 renderPts: 11.619 nextFramePts: 11.595 -> diff: 0.024 render: 1 forceNext: 0
2025-08-23 16:44:51.678 T:4091 debug : CAMLCodec::ReleaseFrame idx:278, drop:0
2025-08-23 16:44:51.683 T:4326 debug : CAMLCodec::AddData: dl:1153664 fl:4941184 sz:707686(707776) lv:18.9% dts:11.929 pts:12.137
2025-08-23 16:44:51.691 T:4323 debug : CVideoPlayer::ProcessVideoData size:482660 dts:15.557 pts:15.682 dur:41.000ms, clock:11.474 level:45
2025-08-23 16:44:51.692 T:4323 debug : CVideoPlayer::ProcessAudioData size:5923 dts:15.697 pts:15.697 dur:92.000ms, clock:11.475 drop:0 level:42
2025-08-23 16:44:51.692 T:4323 debug : CVideoPlayer::ProcessAudioData size:5846 dts:15.789 pts:15.789 dur:92.000ms, clock:11.475 drop:0 level:43
2025-08-23 16:44:51.692 T:4323 debug : CVideoPlayer::ProcessAudioData size:5819 dts:15.882 pts:15.882 dur:92.000ms, clock:11.475 drop:0 level:45
2025-08-23 16:44:51.694 T:4327 debug : CVideoPlayerAudio::OutputPacket: pts:12.259 curr_pts:11.454 clock:11.477 level:45
2025-08-23 16:44:51.699 T:4323 debug : CVideoPlayer::ProcessVideoData size:507506 dts:15.599 pts:15.891 dur:41.000ms, clock:11.482 level:45
2025-08-23 16:44:51.708 T:4091 debug : CAMLCodec::PollFrame elapsed:29.144ms
2025-08-23 16:44:51.709 T:4326 debug : CAMLCodec::DequeueBuffer: pts:11.845 idx:284
2025-08-23 16:44:51.709 T:4326 debug : CAMLCodec::GetPicture: index: 284, pts: 11.845, dur:42.000ms ar:1.78 elf:41ms
2025-08-23 16:44:51.709 T:4326 debug : CVideoPlayerVideo::OutputPicture - ttd:352ms pts:11.845 Clock:11.493 Level:5
2025-08-23 16:44:51.724 T:4091 debug : PrepareNextRender: frameOnScreen: 11.507 renderPts: 11.665 nextFramePts: 11.637 -> diff: 0.028 render: 1 forceNext: 0
2025-08-23 16:44:51.724 T:4091 debug : CAMLCodec::ReleaseFrame idx:279, drop:0
2025-08-23 16:44:51.749 T:4091 debug : CAMLCodec::PollFrame elapsed:24.668ms
2025-08-23 16:44:51.751 T:4326 debug : CAMLCodec::DequeueBuffer: pts:11.887 idx:285
2025-08-23 16:44:51.751 T:4326 debug : CAMLCodec::GetPicture: index: 285, pts: 11.887, dur:42.000ms ar:1.78 elf:41ms
2025-08-23 16:44:51.751 T:4326 debug : CVideoPlayerVideo::OutputPicture - ttd:352ms pts:11.887 Clock:11.535 Level:5
2025-08-23 16:44:51.757 T:4091 debug : PrepareNextRender: frameOnScreen: 11.540 renderPts: 11.698 nextFramePts: 11.678 -> diff: 0.020 render: 1 forceNext: 0
2025-08-23 16:44:51.757 T:4091 debug : CAMLCodec::ReleaseFrame idx:280, drop:0
2025-08-23 16:44:51.769 T:4326 debug : CAMLCodec::AddData: dl:503808 fl:5591040 sz:503702(503808) lv:8.3% dts:11.970 pts:12.095
2025-08-23 16:44:51.772 T:4323 debug : CVideoPlayer::ProcessVideoData size:508749 dts:15.641 pts:15.807 dur:41.000ms, clock:11.555 level:45
2025-08-23 16:44:51.772 T:4326 debug : CAMLCodec::AddData: dl:969088 fl:5125760 sz:465193(465280) lv:15.9% dts:12.012 pts:12.054
2025-08-23 16:44:51.791 T:4091 debug : CAMLCodec::PollFrame elapsed:33.438ms
2025-08-23 16:44:51.792 T:4326 debug : CAMLCodec::DequeueBuffer: pts:11.929 idx:286
2025-08-23 16:44:51.792 T:4326 debug : CAMLCodec::GetPicture: index: 286, pts: 11.929, dur:42.000ms ar:1.78 elf:40ms
2025-08-23 16:44:51.792 T:4326 debug : CVideoPlayerVideo::OutputPicture - ttd:353ms pts:11.929 Clock:11.575 Level:5
2025-08-23 16:44:51.794 T:4327 debug : CVideoPlayerAudio::OutputPacket: pts:12.353 curr_pts:11.553 clock:11.578 level:43
2025-08-23 16:44:51.802 T:4091 debug : PrepareNextRender: frameOnScreen: 11.585 renderPts: 11.743 nextFramePts: 11.720 -> diff: 0.023 render: 1 forceNext: 0
2025-08-23 16:44:51.802 T:4091 debug : CAMLCodec::ReleaseFrame idx:281, drop:0
2025-08-23 16:44:51.808 T:4326 debug : CAMLCodec::AddData: dl:1234944 fl:4859904 sz:769550(769664) lv:20.3% dts:12.054 pts:12.346
2025-08-23 16:44:51.814 T:4323 debug : CVideoPlayer::ProcessVideoData size:401220 dts:15.682 pts:15.766 dur:41.000ms, clock:11.597 level:45
2025-08-23 16:44:51.815 T:4323 debug : CVideoPlayer::ProcessVideoData size:395793 dts:15.724 pts:15.724 dur:41.000ms, clock:11.598 level:45
2025-08-23 16:44:51.832 T:4091 debug : CAMLCodec::PollFrame elapsed:30.233ms
2025-08-23 16:44:51.835 T:4326 debug : CAMLCodec::DequeueBuffer: pts:11.970 idx:287
2025-08-23 16:44:51.835 T:4326 debug : CAMLCodec::GetPicture: index: 287, pts: 11.970, dur:41.000ms ar:1.78 elf:43ms
2025-08-23 16:44:51.835 T:4326 debug : CVideoPlayerVideo::OutputPicture - ttd:351ms pts:11.970 Clock:11.619 Level:5
2025-08-23 16:44:51.844 T:4327 debug : CVideoPlayerAudio::OutputPacket: pts:12.445 curr_pts:11.604 clock:11.627 level:42
2025-08-23 16:44:51.847 T:4091 debug : PrepareNextRender: frameOnScreen: 11.630 renderPts: 11.787 nextFramePts: 11.762 -> diff: 0.025 render: 1 forceNext: 0
2025-08-23 16:44:51.847 T:4091 debug : CAMLCodec::ReleaseFrame idx:282, drop:0
2025-08-23 16:44:51.874 T:4091 debug : CAMLCodec::PollFrame elapsed:27.066ms
2025-08-23 16:44:51.876 T:4326 debug : CAMLCodec::DequeueBuffer: pts:12.012 idx:288
2025-08-23 16:44:51.877 T:4326 debug : CAMLCodec::GetPicture: index: 288, pts: 12.012, dur:42.000ms ar:1.78 elf:41ms
2025-08-23 16:44:51.877 T:4326 debug : CVideoPlayerVideo::OutputPicture - ttd:352ms pts:12.012 Clock:11.660 Level:5
2025-08-23 16:44:51.878 T:4091 debug : PrepareNextRender: frameOnScreen: 11.661 renderPts: 11.818 nextFramePts: 11.803 -> diff: 0.015 render: 1 forceNext: 0
2025-08-23 16:44:51.878 T:4091 debug : CAMLCodec::ReleaseFrame idx:283, drop:0
2025-08-23 16:44:51.895 T:4326 debug : CAMLCodec::AddData: dl:522752 fl:5572096 sz:522647(522752) lv:8.6% dts:12.095 pts:12.262
2025-08-23 16:44:51.898 T:4323 debug : CVideoPlayer::ProcessVideoData size:424819 dts:15.766 pts:15.849 dur:41.000ms, clock:11.681 level:45
2025-08-23 16:44:51.900 T:4323 debug : CVideoPlayer::ProcessAudioData size:7539 dts:15.975 pts:15.975 dur:92.000ms, clock:11.683 drop:0 level:42
2025-08-23 16:44:51.900 T:4323 debug : CVideoPlayer::ProcessAudioData size:7230 dts:16.067 pts:16.067 dur:92.000ms, clock:11.684 drop:0 level:43
2025-08-23 16:44:51.901 T:4326 debug : CAMLCodec::AddData: dl:1052928 fl:5041920 sz:530090(530176) lv:17.3% dts:12.137 pts:12.221
2025-08-23 16:44:51.905 T:4323 debug : CVideoPlayer::ProcessVideoData size:562697 dts:15.807 pts:16.099 dur:41.000ms, clock:11.688 level:45
2025-08-23 16:44:51.910 T:4323 debug : CVideoPlayer::ProcessVideoData size:544076 dts:15.849 pts:16.016 dur:41.000ms, clock:11.693 level:46
2025-08-23 16:44:51.916 T:4091 debug : CAMLCodec::PollFrame elapsed:38.058ms
2025-08-23 16:44:51.918 T:4326 debug : CAMLCodec::DequeueBuffer: pts:12.054 idx:289
2025-08-23 16:44:51.918 T:4326 debug : CAMLCodec::GetPicture: index: 289, pts: 12.054, dur:42.000ms ar:1.78 elf:41ms
2025-08-23 16:44:51.918 T:4326 debug : CVideoPlayerVideo::OutputPicture - ttd:352ms pts:12.054 Clock:11.701 Level:5
2025-08-23 16:44:51.933 T:4091 debug : PrepareNextRender: frameOnScreen: 11.716 renderPts: 11.874 nextFramePts: 11.845 -> diff: 0.029 render: 1 forceNext: 0
2025-08-23 16:44:51.933 T:4091 debug : CAMLCodec::ReleaseFrame idx:284, drop:0
2025-08-23 16:44:51.935 T:4326 debug : CAMLCodec::AddData: dl:918912 fl:5175936 sz:388638(388736) lv:15.1% dts:12.179 pts:12.179
2025-08-23 16:44:51.944 T:4327 debug : CVideoPlayerAudio::OutputPacket: pts:12.538 curr_pts:11.703 clock:11.727 level:43
2025-08-23 16:44:51.958 T:4091 debug : CAMLCodec::PollFrame elapsed:24.688ms
2025-08-23 16:44:51.960 T:4326 debug : CAMLCodec::DequeueBuffer: pts:12.095 idx:290
2025-08-23 16:44:51.961 T:4326 debug : CAMLCodec::GetPicture: index: 290, pts: 12.095, dur:41.000ms ar:1.78 elf:42ms
2025-08-23 16:44:51.961 T:4326 debug : CVideoPlayerVideo::OutputPicture - ttd:350ms pts:12.095 Clock:11.744 Level:5
2025-08-23 16:44:51.972 T:4091 debug : PrepareNextRender: frameOnScreen: 11.755 renderPts: 11.913 nextFramePts: 11.887 -> diff: 0.026 render: 1 forceNext: 0
2025-08-23 16:44:51.972 T:4091 debug : CAMLCodec::ReleaseFrame idx:285, drop:0
2025-08-23 16:44:51.977 T:4326 debug : CAMLCodec::AddData: dl:796480 fl:5298368 sz:407646(407744) lv:13.1% dts:12.221 pts:12.304
2025-08-23 16:44:51.982 T:4323 debug : CVideoPlayer::ProcessVideoData size:433870 dts:15.891 pts:15.974 dur:41.000ms, clock:11.766 level:45
2025-08-23 16:44:51.999 T:4091 debug : CAMLCodec::PollFrame elapsed:27.010ms
2025-08-23 16:44:52.002 T:4326 debug : CAMLCodec::DequeueBuffer: pts:12.137 idx:291
2025-08-23 16:44:52.002 T:4326 debug : CAMLCodec::GetPicture: index: 291, pts: 12.137, dur:42.000ms ar:1.78 elf:41ms
2025-08-23 16:44:52.002 T:4326 debug : CVideoPlayerVideo::OutputPicture - ttd:351ms pts:12.137 Clock:11.786 Level:5
2025-08-23 16:44:52.004 T:4091 debug : PrepareNextRender: frameOnScreen: 11.787 renderPts: 11.945 nextFramePts: 11.929 -> diff: 0.016 render: 1 forceNext: 0
2025-08-23 16:44:52.004 T:4091 debug : CAMLCodec::ReleaseFrame idx:286, drop:0
2025-08-23 16:44:52.014 T:4323 debug : CVideoPlayer::ProcessVideoData size:422142 dts:15.933 pts:15.933 dur:41.000ms, clock:11.797 level:45
2025-08-23 16:44:52.014 T:4323 debug : CVideoPlayer::ProcessVideoData size:457771 dts:15.974 pts:16.058 dur:41.000ms, clock:11.798 level:46
2025-08-23 16:44:52.015 T:4326 debug : CAMLCodec::AddData: dl:1128128 fl:4966720 sz:720265(720384) lv:18.5% dts:12.262 pts:12.554
2025-08-23 16:44:52.041 T:4091 debug : CAMLCodec::PollFrame elapsed:36.773ms
2025-08-23 16:44:52.043 T:4326 debug : CAMLCodec::DequeueBuffer: pts:12.179 idx:292
2025-08-23 16:44:52.043 T:4326 debug : CAMLCodec::GetPicture: index: 292, pts: 12.179, dur:42.000ms ar:1.78 elf:40ms
2025-08-23 16:44:52.043 T:4326 debug : CVideoPlayerVideo::OutputPicture - ttd:352ms pts:12.179 Clock:11.826 Level:5
2025-08-23 16:44:52.044 T:4327 debug : CVideoPlayerAudio::OutputPacket: pts:12.632 curr_pts:11.803 clock:11.827 level:42
2025-08-23 16:44:52.045 T:4091 debug : PrepareNextRender: frameOnScreen: 11.829 renderPts: 11.986 nextFramePts: 11.970 -> diff: 0.016 render: 1 forceNext: 0
2025-08-23 16:44:52.045 T:4091 debug : CAMLCodec::ReleaseFrame idx:287, drop:0
2025-08-23 16:44:52.083 T:4091 debug : CAMLCodec::PollFrame elapsed:37.464ms
2025-08-23 16:44:52.083 T:4326 debug : CAMLCodec::DequeueBuffer: pts:12.221 idx:293
2025-08-23 16:44:52.083 T:4326 debug : CAMLCodec::GetPicture: index: 293, pts: 12.221, dur:42.000ms ar:1.78 elf:40ms
2025-08-23 16:44:52.083 T:4326 debug : CVideoPlayerVideo::OutputPicture - ttd:354ms pts:12.221 Clock:11.867 Level:5
2025-08-23 16:44:52.090 T:4091 debug : PrepareNextRender: frameOnScreen: 11.873 renderPts: 12.030 nextFramePts: 12.012 -> diff: 0.018 render: 1 forceNext: 0
2025-08-23 16:44:52.090 T:4091 debug : CAMLCodec::ReleaseFrame idx:288, drop:0
2025-08-23 16:44:52.102 T:4326 debug : CAMLCodec::AddData: dl:549440 fl:5545408 sz:549330(549440) lv:9.0% dts:12.304 pts:12.471
2025-08-23 16:44:52.107 T:4323 debug : CVideoPlayer::ProcessAudioData size:6697 dts:16.161 pts:16.161 dur:92.000ms, clock:11.890 drop:0 level:42
2025-08-23 16:44:52.107 T:4323 debug : CVideoPlayer::ProcessAudioData size:6357 dts:16.253 pts:16.253 dur:92.000ms, clock:11.890 drop:0 level:43
2025-08-23 16:44:52.112 T:4323 debug : CVideoPlayer::ProcessVideoData size:571384 dts:16.016 pts:16.308 dur:41.000ms, clock:11.895 level:45
2025-08-23 16:44:52.113 T:4326 debug : CAMLCodec::AddData: dl:956736 fl:5138112 sz:407184(407296) lv:15.7% dts:12.346 pts:12.429
2025-08-23 16:44:52.114 T:4323 debug : CVideoPlayer::ProcessVideoData size:556328 dts:16.058 pts:16.225 dur:41.000ms, clock:11.897 level:46
2025-08-23 16:44:52.124 T:4091 debug : CAMLCodec::PollFrame elapsed:34.531ms
2025-08-23 16:44:52.126 T:4326 debug : CAMLCodec::DequeueBuffer: pts:12.262 idx:294
2025-08-23 16:44:52.126 T:4326 debug : CAMLCodec::GetPicture: index: 294, pts: 12.262, dur:41.000ms ar:1.78 elf:42ms
2025-08-23 16:44:52.126 T:4326 debug : CVideoPlayerVideo::OutputPicture - ttd:352ms pts:12.262 Clock:11.909 Level:5
2025-08-23 16:44:52.132 T:4091 debug : PrepareNextRender: frameOnScreen: 11.915 renderPts: 12.072 nextFramePts: 12.054 -> diff: 0.018 render: 1 forceNext: 0
2025-08-23 16:44:52.132 T:4091 debug : CAMLCodec::ReleaseFrame idx:289, drop:0
2025-08-23 16:44:52.142 T:4326 debug : CAMLCodec::AddData: dl:811328 fl:5283520 sz:403945(404032) lv:13.3% dts:12.387 pts:12.387
2025-08-23 16:44:52.145 T:4327 debug : CVideoPlayerAudio::OutputPacket: pts:12.725 curr_pts:11.905 clock:11.928 level:43
2025-08-23 16:44:52.166 T:4091 debug : CAMLCodec::PollFrame elapsed:34.131ms
2025-08-23 16:44:52.170 T:4326 debug : CAMLCodec::DequeueBuffer: pts:12.304 idx:295
2025-08-23 16:44:52.170 T:4326 debug : CAMLCodec::GetPicture: index: 295, pts: 12.304, dur:42.000ms ar:1.78 elf:44ms
2025-08-23 16:44:52.170 T:4326 debug : CVideoPlayerVideo::OutputPicture - ttd:350ms pts:12.304 Clock:11.954 Level:5
2025-08-23 16:44:52.173 T:4091 debug : PrepareNextRender: frameOnScreen: 11.957 renderPts: 12.114 nextFramePts: 12.095 -> diff: 0.019 render: 1 forceNext: 0
2025-08-23 16:44:52.174 T:4091 debug : CAMLCodec::ReleaseFrame idx:290, drop:0
2025-08-23 16:44:52.181 T:4326 debug : CAMLCodec::AddData: dl:824896 fl:5269952 sz:420758(420864) lv:13.5% dts:12.429 pts:12.512
2025-08-23 16:44:52.187 T:4323 debug : CVideoPlayer::ProcessVideoData size:440908 dts:16.099 pts:16.183 dur:41.000ms, clock:11.970 level:45
2025-08-23 16:44:52.208 T:4091 debug : CAMLCodec::PollFrame elapsed:34.363ms
2025-08-23 16:44:52.209 T:4326 debug : CAMLCodec::DequeueBuffer: pts:12.346 idx:296
2025-08-23 16:44:52.209 T:4326 debug : CAMLCodec::GetPicture: index: 296, pts: 12.346, dur:42.000ms ar:1.78 elf:38ms
2025-08-23 16:44:52.209 T:4326 debug : CVideoPlayerVideo::OutputPicture - ttd:353ms pts:12.346 Clock:11.993 Level:5
2025-08-23 16:44:52.216 T:4091 debug : PrepareNextRender: frameOnScreen: 11.999 renderPts: 12.157 nextFramePts: 12.137 -> diff: 0.020 render: 1 forceNext: 0
2025-08-23 16:44:52.216 T:4091 debug : CAMLCodec::ReleaseFrame idx:291, drop:0
2025-08-23 16:44:52.223 T:4326 debug : CAMLCodec::AddData: dl:1122176 fl:4972672 sz:701226(701312) lv:18.4% dts:12.471 pts:12.638
2025-08-23 16:44:52.229 T:4323 debug : CVideoPlayer::ProcessVideoData size:439039 dts:16.141 pts:16.141 dur:41.000ms, clock:12.012 level:45
2025-08-23 16:44:52.230 T:4323 debug : CVideoPlayer::ProcessVideoData size:451667 dts:16.183 pts:16.266 dur:41.000ms, clock:12.014 level:46
2025-08-23 16:44:52.244 T:4327 debug : CVideoPlayerAudio::OutputPacket: pts:12.817 curr_pts:12.004 clock:12.027 level:42
2025-08-23 16:44:52.250 T:4091 debug : CAMLCodec::PollFrame elapsed:33.359ms
2025-08-23 16:44:52.252 T:4326 debug : CAMLCodec::DequeueBuffer: pts:12.387 idx:297
2025-08-23 16:44:52.253 T:4326 debug : CAMLCodec::GetPicture: index: 297, pts: 12.387, dur:41.000ms ar:1.78 elf:42ms
2025-08-23 16:44:52.253 T:4326 debug : CVideoPlayerVideo::OutputPicture - ttd:350ms pts:12.387 Clock:12.036 Level:5
2025-08-23 16:44:52.262 T:4091 debug : PrepareNextRender: frameOnScreen: 12.045 renderPts: 12.202 nextFramePts: 12.179 -> diff: 0.023 render: 1 forceNext: 0
2025-08-23 16:44:52.262 T:4091 debug : CAMLCodec::ReleaseFrame idx:292, drop:0
2025-08-23 16:44:52.291 T:4091 debug : CAMLCodec::PollFrame elapsed:28.569ms
2025-08-23 16:44:52.294 T:4326 debug : CAMLCodec::DequeueBuffer: pts:12.429 idx:298
2025-08-23 16:44:52.294 T:4326 debug : CAMLCodec::GetPicture: index: 298, pts: 12.429, dur:42.000ms ar:1.78 elf:41ms
2025-08-23 16:44:52.294 T:4326 debug : CVideoPlayerVideo::OutputPicture - ttd:351ms pts:12.429 Clock:12.077 Level:5
2025-08-23 16:44:52.299 T:4091 debug : PrepareNextRender: frameOnScreen: 12.082 renderPts: 12.240 nextFramePts: 12.221 -> diff: 0.019 render: 1 forceNext: 0
2025-08-23 16:44:52.299 T:4091 debug : CAMLCodec::ReleaseFrame idx:293, drop:0
2025-08-23 16:44:52.312 T:4326 debug : CAMLCodec::AddData: dl:409920 fl:5684928 sz:409800(409920) lv:6.7% dts:12.512 pts:12.596
2025-08-23 16:44:52.313 T:4323 debug : CVideoPlayer::ProcessAudioData size:6366 dts:16.347 pts:16.347 dur:92.000ms, clock:12.096 drop:0 level:42
2025-08-23 16:44:52.313 T:4323 debug : CVideoPlayer::ProcessAudioData size:6164 dts:16.439 pts:16.439 dur:92.000ms, clock:12.096 drop:0 level:43
2025-08-23 16:44:52.315 T:4326 debug : CAMLCodec::AddData: dl:897152 fl:5197696 sz:487129(487232) lv:14.7% dts:12.554 pts:12.679
2025-08-23 16:44:52.319 T:4323 debug : CVideoPlayer::ProcessVideoData size:610776 dts:16.225 pts:16.516 dur:41.000ms, clock:12.102 level:45
2025-08-23 16:44:52.333 T:4091 debug : CAMLCodec::PollFrame elapsed:33.826ms
2025-08-23 16:44:52.334 T:4326 debug : CAMLCodec::DequeueBuffer: pts:12.471 idx:299
2025-08-23 16:44:52.335 T:4326 debug : CAMLCodec::GetPicture: index: 299, pts: 12.471, dur:42.000ms ar:1.78 elf:40ms
2025-08-23 16:44:52.335 T:4326 debug : CVideoPlayerVideo::OutputPicture - ttd:353ms pts:12.471 Clock:12.118 Level:5
2025-08-23 16:44:52.345 T:4327 debug : CVideoPlayerAudio::OutputPacket: pts:12.910 curr_pts:12.104 clock:12.128 level:43
2025-08-23 16:44:52.349 T:4326 debug : CAMLCodec::AddData: dl:962816 fl:5132032 sz:475494(475584) lv:15.8% dts:12.596 pts:12.888
2025-08-23 16:44:52.351 T:4091 debug : PrepareNextRender: frameOnScreen: 12.134 renderPts: 12.292 nextFramePts: 12.262 -> diff: 0.030 render: 1 forceNext: 0
2025-08-23 16:44:52.351 T:4091 debug : CAMLCodec::ReleaseFrame idx:294, drop:0
2025-08-23 16:44:52.352 T:4323 debug : CVideoPlayer::ProcessVideoData size:590553 dts:16.266 pts:16.433 dur:41.000ms, clock:12.136 level:45
2025-08-23 16:44:52.375 T:4091 debug : CAMLCodec::PollFrame elapsed:23.214ms
2025-08-23 16:44:52.376 T:4326 debug : CAMLCodec::DequeueBuffer: pts:12.512 idx:300
2025-08-23 16:44:52.376 T:4326 debug : CAMLCodec::GetPicture: index: 300, pts: 12.512, dur:41.000ms ar:1.78 elf:41ms
2025-08-23 16:44:52.377 T:4326 debug : CVideoPlayerVideo::OutputPicture - ttd:352ms pts:12.512 Clock:12.160 Level:5
2025-08-23 16:44:52.378 T:4326 debug : CAMLCodec::DequeueBuffer: pts:12.554 idx:301
2025-08-23 16:44:52.378 T:4326 debug : CAMLCodec::GetPicture: index: 301, pts: 12.554, dur:42.000ms ar:1.78 elf:1ms
2025-08-23 16:44:52.378 T:4326 debug : CVideoPlayerVideo::OutputPicture - ttd:392ms pts:12.554 Clock:12.161 Level:6
2025-08-23 16:44:52.378 T:4091 debug : PrepareNextRender: frameOnScreen: 12.161 renderPts: 12.319 nextFramePts: 12.304 -> diff: 0.015 render: 1 forceNext: 0
2025-08-23 16:44:52.378 T:4091 debug : CAMLCodec::ReleaseFrame idx:295, drop:0
2025-08-23 16:44:52.379 T:4326 debug : CAMLCodec::DequeueBuffer: pts:12.596 idx:302
2025-08-23 16:44:52.379 T:4326 debug : CAMLCodec::GetPicture: index: 302, pts: 12.596, dur:42.000ms ar:1.78 elf:1ms
2025-08-23 16:44:52.379 T:4326 debug : CVideoPlayerVideo::OutputPicture - ttd:433ms pts:12.596 Clock:12.162 Level:6
2025-08-23 16:44:52.380 T:4326 debug : CAMLCodec::DequeueBuffer: pts:12.638 idx:303
2025-08-23 16:44:52.380 T:4326 debug : CAMLCodec::GetPicture: index: 303, pts: 12.638, dur:42.000ms ar:1.78 elf:1ms
2025-08-23 16:44:52.416 T:4091 debug : CAMLCodec::PollFrame elapsed:38.260ms
2025-08-23 16:44:52.422 T:4091 debug : PrepareNextRender: frameOnScreen: 12.206 renderPts: 12.363 nextFramePts: 12.346 -> diff: 0.017 render: 1 forceNext: 0
2025-08-23 16:44:52.423 T:4326 debug : CVideoPlayerVideo::OutputPicture - ttd:474ms pts:12.638 Clock:12.164 Level:6
2025-08-23 16:44:52.423 T:4091 debug : CAMLCodec::ReleaseFrame idx:296, drop:0
2025-08-23 16:44:52.427 T:4326 debug : CAMLCodec::AddData: dl:885248 fl:5209600 sz:409590(409664) lv:14.5% dts:12.638 pts:12.804
2025-08-23 16:44:52.430 T:4326 debug : CAMLCodec::AddData: dl:816704 fl:5278144 sz:406913(407040) lv:13.4% dts:12.679 pts:12.763
2025-08-23 16:44:52.435 T:4323 debug : CVideoPlayer::ProcessVideoData size:459469 dts:16.308 pts:16.391 dur:41.000ms, clock:12.218 level:45
2025-08-23 16:44:52.436 T:4323 debug : CVideoPlayer::ProcessVideoData size:451417 dts:16.350 pts:16.350 dur:41.000ms, clock:12.219 level:45
2025-08-23 16:44:52.444 T:4327 debug : CVideoPlayerAudio::OutputPacket: pts:13.002 curr_pts:12.204 clock:12.228 level:42
2025-08-23 16:44:52.458 T:4091 debug : CAMLCodec::PollFrame elapsed:35.383ms
2025-08-23 16:44:52.467 T:4091 debug : PrepareNextRender: frameOnScreen: 12.250 renderPts: 12.407 nextFramePts: 12.387 -> diff: 0.020 render: 1 forceNext: 0
2025-08-23 16:44:52.467 T:4091 debug : CAMLCodec::ReleaseFrame idx:297, drop:0
2025-08-23 16:44:52.474 T:4326 debug : CAMLCodec::AddData: dl:724352 fl:5370496 sz:317246(317312) lv:11.9% dts:12.721 pts:12.721
2025-08-23 16:44:52.478 T:4323 debug : CVideoPlayer::ProcessVideoData size:472378 dts:16.391 pts:16.475 dur:41.000ms, clock:12.261 level:45
2025-08-23 16:44:52.494 T:4327 debug : CVideoPlayerAudio::OutputPacket: pts:13.095 curr_pts:12.253 clock:12.277 level:41
2025-08-23 16:44:52.500 T:4091 debug : CAMLCodec::PollFrame elapsed:32.602ms
2025-08-23 16:44:52.509 T:4091 debug : PrepareNextRender: frameOnScreen: 12.293 renderPts: 12.450 nextFramePts: 12.429 -> diff: 0.021 render: 1 forceNext: 0
2025-08-23 16:44:52.510 T:4091 debug : CAMLCodec::ReleaseFrame idx:298, drop:0
2025-08-23 16:44:52.515 T:4326 debug : CAMLCodec::AddData: dl:668992 fl:5425856 sz:351596(351680) lv:11.0% dts:12.763 pts:12.846
2025-08-23 16:44:52.542 T:4091 debug : CAMLCodec::PollFrame elapsed:31.960ms
2025-08-23 16:44:52.544 T:4326 debug : CAMLCodec::DequeueBuffer: pts:12.679 idx:304
2025-08-23 16:44:52.544 T:4326 debug : CAMLCodec::GetPicture: index: 304, pts: 12.679, dur:41.000ms ar:1.78 elf:163ms
2025-08-23 16:44:52.544 T:4326 debug : CVideoPlayerVideo::OutputPicture - ttd:351ms pts:12.679 Clock:12.327 Level:5
2025-08-23 16:44:52.550 T:4091 debug : PrepareNextRender: frameOnScreen: 12.333 renderPts: 12.490 nextFramePts: 12.471 -> diff: 0.019 render: 1 forceNext: 0
2025-08-23 16:44:52.550 T:4091 debug : CAMLCodec::ReleaseFrame idx:299, drop:0
2025-08-23 16:44:52.555 T:4326 debug : CAMLCodec::AddData: dl:884992 fl:5209856 sz:533230(533312) lv:14.5% dts:12.804 pts:13.096
2025-08-23 16:44:52.560 T:4323 debug : CVideoPlayer::ProcessAudioData size:5918 dts:16.533 pts:16.533 dur:92.000ms, clock:12.343 drop:0 level:41
2025-08-23 16:44:52.560 T:4323 debug : CVideoPlayer::ProcessAudioData size:5795 dts:16.625 pts:16.625 dur:92.000ms, clock:12.343 drop:0 level:42
2025-08-23 16:44:52.564 T:4323 debug : CVideoPlayer::ProcessVideoData size:616643 dts:16.433 pts:16.642 dur:41.000ms, clock:12.347 level:45
2025-08-23 16:44:52.583 T:4091 debug : CAMLCodec::PollFrame elapsed:33.245ms
2025-08-23 16:44:52.584 T:4326 debug : CAMLCodec::DequeueBuffer: pts:12.721 idx:305
2025-08-23 16:44:52.584 T:4326 debug : CAMLCodec::GetPicture: index: 305, pts: 12.721, dur:42.000ms ar:1.78 elf:39ms
2025-08-23 16:44:52.584 T:4326 debug : CVideoPlayerVideo::OutputPicture - ttd:353ms pts:12.721 Clock:12.367 Level:5
2025-08-23 16:44:52.594 T:4091 debug : PrepareNextRender: frameOnScreen: 12.377 renderPts: 12.534 nextFramePts: 12.512 -> diff: 0.022 render: 1 forceNext: 0
2025-08-23 16:44:52.594 T:4327 debug : CVideoPlayerAudio::OutputPacket: pts:13.189 curr_pts:12.353 clock:12.377 level:42
2025-08-23 16:44:52.594 T:4091 debug : CAMLCodec::ReleaseFrame idx:300, drop:0
2025-08-23 16:44:52.598 T:4323 debug : CVideoPlayer::ProcessVideoData size:465594 dts:16.475 pts:16.600 dur:41.000ms, clock:12.381 level:45
2025-08-23 16:44:52.599 T:4326 debug : CAMLCodec::AddData: dl:952448 fl:5142400 sz:419035(419136) lv:15.6% dts:12.846 pts:13.013
2025-08-23 16:44:52.625 T:4091 debug : CAMLCodec::PollFrame elapsed:30.381ms
2025-08-23 16:44:52.627 T:4326 debug : CAMLCodec::DequeueBuffer: pts:12.763 idx:306
2025-08-23 16:44:52.627 T:4326 debug : CAMLCodec::GetPicture: index: 306, pts: 12.763, dur:42.000ms ar:1.78 elf:43ms
2025-08-23 16:44:52.627 T:4326 debug : CVideoPlayerVideo::OutputPicture - ttd:352ms pts:12.763 Clock:12.410 Level:5
2025-08-23 16:44:52.632 T:4091 debug : PrepareNextRender: frameOnScreen: 12.415 renderPts: 12.572 nextFramePts: 12.554 -> diff: 0.018 render: 1 forceNext: 0
2025-08-23 16:44:52.632 T:4091 debug : CAMLCodec::ReleaseFrame idx:301, drop:0
2025-08-23 16:44:52.640 T:4323 debug : CVideoPlayer::ProcessVideoData size:376640 dts:16.516 pts:16.558 dur:41.000ms, clock:12.423 level:45
2025-08-23 16:44:52.641 T:4326 debug : CAMLCodec::AddData: dl:868352 fl:5226496 sz:449103(449216) lv:14.2% dts:12.888 pts:12.971
2025-08-23 16:44:52.667 T:4091 debug : CAMLCodec::PollFrame elapsed:34.609ms
2025-08-23 16:44:52.668 T:4326 debug : CAMLCodec::DequeueBuffer: pts:12.804 idx:307
2025-08-23 16:44:52.668 T:4326 debug : CAMLCodec::GetPicture: index: 307, pts: 12.804, dur:41.000ms ar:1.78 elf:40ms
2025-08-23 16:44:52.668 T:4326 debug : CVideoPlayerVideo::OutputPicture - ttd:352ms pts:12.804 Clock:12.451 Level:5
2025-08-23 16:44:52.675 T:4091 debug : PrepareNextRender: frameOnScreen: 12.458 renderPts: 12.616 nextFramePts: 12.596 -> diff: 0.020 render: 1 forceNext: 0
2025-08-23 16:44:52.675 T:4091 debug : CAMLCodec::ReleaseFrame idx:302, drop:0
2025-08-23 16:44:52.683 T:4326 debug : CAMLCodec::AddData: dl:797056 fl:5297792 sz:347760(347840) lv:13.1% dts:12.930 pts:12.930
2025-08-23 16:44:52.683 T:4323 debug : CVideoPlayer::ProcessVideoData size:499280 dts:16.558 pts:16.683 dur:41.000ms, clock:12.466 level:45
2025-08-23 16:44:52.694 T:4327 debug : CVideoPlayerAudio::OutputPacket: pts:13.281 curr_pts:12.454 clock:12.478 level:41
2025-08-23 16:44:52.708 T:4091 debug : CAMLCodec::PollFrame elapsed:33.087ms
2025-08-23 16:44:52.709 T:4326 debug : CAMLCodec::DequeueBuffer: pts:12.846 idx:308
2025-08-23 16:44:52.709 T:4326 debug : CAMLCodec::GetPicture: index: 308, pts: 12.846, dur:42.000ms ar:1.78 elf:41ms
2025-08-23 16:44:52.710 T:4326 debug : CVideoPlayerVideo::OutputPicture - ttd:353ms pts:12.846 Clock:12.493 Level:5
2025-08-23 16:44:52.717 T:4091 debug : PrepareNextRender: frameOnScreen: 12.500 renderPts: 12.657 nextFramePts: 12.638 -> diff: 0.019 render: 1 forceNext: 0
2025-08-23 16:44:52.717 T:4091 debug : CAMLCodec::ReleaseFrame idx:303, drop:0
2025-08-23 16:44:52.725 T:4323 debug : CVideoPlayer::ProcessAudioData size:5761 dts:16.718 pts:16.718 dur:92.000ms, clock:12.508 drop:0 level:41
2025-08-23 16:44:52.725 T:4323 debug : CVideoPlayer::ProcessAudioData size:5781 dts:16.810 pts:16.810 dur:92.000ms, clock:12.508 drop:0 level:42
2025-08-23 16:44:52.728 T:4326 debug : CAMLCodec::AddData: dl:714752 fl:5380096 sz:366812(366912) lv:11.7% dts:12.971 pts:13.055
2025-08-23 16:44:52.731 T:4323 debug : CVideoPlayer::ProcessVideoData size:523129 dts:16.600 pts:16.892 dur:41.000ms, clock:12.514 level:45
2025-08-23 16:44:52.750 T:4091 debug : CAMLCodec::PollFrame elapsed:33.077ms
2025-08-23 16:44:52.752 T:4326 debug : CAMLCodec::DequeueBuffer: pts:12.888 idx:309
2025-08-23 16:44:52.752 T:4326 debug : CAMLCodec::GetPicture: index: 309, pts: 12.888, dur:42.000ms ar:1.78 elf:42ms
2025-08-23 16:44:52.752 T:4326 debug : CVideoPlayerVideo::OutputPicture - ttd:352ms pts:12.888 Clock:12.535 Level:5
2025-08-23 16:44:52.765 T:4323 debug : CVideoPlayer::ProcessVideoData size:514694 dts:16.642 pts:16.808 dur:41.000ms, clock:12.548 level:45
2025-08-23 16:44:52.766 T:4326 debug : CAMLCodec::AddData: dl:946624 fl:5148224 sz:579587(579712) lv:15.5% dts:13.013 pts:13.305
2025-08-23 16:44:52.766 T:4091 debug : PrepareNextRender: frameOnScreen: 12.549 renderPts: 12.707 nextFramePts: 12.679 -> diff: 0.028 render: 1 forceNext: 0
2025-08-23 16:44:52.766 T:4091 debug : CAMLCodec::ReleaseFrame idx:304, drop:0
2025-08-23 16:44:52.792 T:4091 debug : CAMLCodec::PollFrame elapsed:25.589ms
2025-08-23 16:44:52.794 T:4327 debug : CVideoPlayerAudio::OutputPacket: pts:13.375 curr_pts:12.553 clock:12.578 level:42
2025-08-23 16:44:52.795 T:4326 debug : CAMLCodec::DequeueBuffer: pts:12.930 idx:310
2025-08-23 16:44:52.795 T:4326 debug : CAMLCodec::GetPicture: index: 310, pts: 12.930, dur:42.000ms ar:1.78 elf:42ms
2025-08-23 16:44:52.795 T:4326 debug : CVideoPlayerVideo::OutputPicture - ttd:352ms pts:12.930 Clock:12.578 Level:5
2025-08-23 16:44:52.802 T:4091 debug : PrepareNextRender: frameOnScreen: 12.585 renderPts: 12.743 nextFramePts: 12.721 -> diff: 0.022 render: 1 forceNext: 0
2025-08-23 16:44:52.803 T:4091 debug : CAMLCodec::ReleaseFrame idx:305, drop:0
2025-08-23 16:44:52.807 T:4323 debug : CVideoPlayer::ProcessVideoData size:415358 dts:16.683 pts:16.767 dur:41.000ms, clock:12.590 level:45
2025-08-23 16:44:52.807 T:4326 debug : CAMLCodec::AddData: dl:1130688 fl:4964160 sz:550870(550976) lv:18.6% dts:13.055 pts:13.222
2025-08-23 16:44:52.834 T:4091 debug : CAMLCodec::PollFrame elapsed:31.001ms
2025-08-23 16:44:52.835 T:4326 debug : CAMLCodec::DequeueBuffer: pts:12.971 idx:311
2025-08-23 16:44:52.836 T:4326 debug : CAMLCodec::GetPicture: index: 311, pts: 12.971, dur:41.000ms ar:1.78 elf:40ms
2025-08-23 16:44:52.836 T:4326 debug : CVideoPlayerVideo::OutputPicture - ttd:352ms pts:12.971 Clock:12.619 Level:5
2025-08-23 16:44:52.842 T:4091 debug : PrepareNextRender: frameOnScreen: 12.625 renderPts: 12.782 nextFramePts: 12.763 -> diff: 0.019 render: 1 forceNext: 0
2025-08-23 16:44:52.842 T:4091 debug : CAMLCodec::ReleaseFrame idx:306, drop:0
2025-08-23 16:44:52.849 T:4323 debug : CVideoPlayer::ProcessVideoData size:400497 dts:16.725 pts:16.725 dur:41.000ms, clock:12.632 level:45
2025-08-23 16:44:52.850 T:4326 debug : CAMLCodec::AddData: dl:1016448 fl:5078400 sz:465397(465472) lv:16.7% dts:13.096 pts:13.180
2025-08-23 16:44:52.875 T:4091 debug : CAMLCodec::PollFrame elapsed:33.467ms
2025-08-23 16:44:52.878 T:4326 debug : CAMLCodec::DequeueBuffer: pts:13.013 idx:312
2025-08-23 16:44:52.878 T:4326 debug : CAMLCodec::GetPicture: index: 312, pts: 13.013, dur:42.000ms ar:1.78 elf:42ms
2025-08-23 16:44:52.878 T:4326 debug : CVideoPlayerVideo::OutputPicture - ttd:351ms pts:13.013 Clock:12.661 Level:5
2025-08-23 16:44:52.882 T:4091 debug : PrepareNextRender: frameOnScreen: 12.665 renderPts: 12.823 nextFramePts: 12.804 -> diff: 0.019 render: 1 forceNext: 0
2025-08-23 16:44:52.882 T:4091 debug : CAMLCodec::ReleaseFrame idx:307, drop:0
2025-08-23 16:44:52.894 T:4327 debug : CVideoPlayerAudio::OutputPacket: pts:13.467 curr_pts:12.655 clock:12.677 level:41
2025-08-23 16:44:52.894 T:4326 debug : CAMLCodec::AddData: dl:825728 fl:5269120 sz:360164(360256) lv:13.5% dts:13.138 pts:13.138
2025-08-23 16:44:52.901 T:4323 debug : CVideoPlayer::ProcessVideoData size:436842 dts:16.767 pts:16.850 dur:41.000ms, clock:12.684 level:45
2025-08-23 16:44:52.917 T:4091 debug : CAMLCodec::PollFrame elapsed:34.687ms
2025-08-23 16:44:52.920 T:4326 debug : CAMLCodec::DequeueBuffer: pts:13.055 idx:313
2025-08-23 16:44:52.920 T:4326 debug : CAMLCodec::GetPicture: index: 313, pts: 13.055, dur:42.000ms ar:1.78 elf:41ms
2025-08-23 16:44:52.920 T:4326 debug : CVideoPlayerVideo::OutputPicture - ttd:351ms pts:13.055 Clock:12.703 Level:5
2025-08-23 16:44:52.926 T:4091 debug : PrepareNextRender: frameOnScreen: 12.709 renderPts: 12.867 nextFramePts: 12.846 -> diff: 0.021 render: 1 forceNext: 0
2025-08-23 16:44:52.926 T:4091 debug : CAMLCodec::ReleaseFrame idx:308, drop:0
2025-08-23 16:44:52.933 T:4323 debug : CVideoPlayer::ProcessAudioData size:5799 dts:16.904 pts:16.904 dur:92.000ms, clock:12.716 drop:0 level:41
2025-08-23 16:44:52.933 T:4323 debug : CVideoPlayer::ProcessAudioData size:5654 dts:16.996 pts:16.996 dur:92.000ms, clock:12.716 drop:0 level:42
2025-08-23 16:44:52.933 T:4323 debug : CVideoPlayer::ProcessAudioData size:5625 dts:17.089 pts:17.089 dur:92.000ms, clock:12.717 drop:0 level:43
2025-08-23 16:44:52.936 T:4326 debug : CAMLCodec::AddData: dl:721408 fl:5373440 sz:361073(361152) lv:11.8% dts:13.180 pts:13.263
2025-08-23 16:44:52.941 T:4323 debug : CVideoPlayer::ProcessVideoData size:577822 dts:16.808 pts:17.100 dur:41.000ms, clock:12.724 level:45
2025-08-23 16:44:52.959 T:4091 debug : CAMLCodec::PollFrame elapsed:32.200ms
2025-08-23 16:44:52.961 T:4326 debug : CAMLCodec::DequeueBuffer: pts:13.096 idx:314
2025-08-23 16:44:52.961 T:4326 debug : CAMLCodec::GetPicture: index: 314, pts: 13.096, dur:41.000ms ar:1.78 elf:40ms
2025-08-23 16:44:52.962 T:4326 debug : CVideoPlayerVideo::OutputPicture - ttd:351ms pts:13.096 Clock:12.745 Level:5
2025-08-23 16:44:52.970 T:4091 debug : PrepareNextRender: frameOnScreen: 12.753 renderPts: 12.911 nextFramePts: 12.888 -> diff: 0.023 render: 1 forceNext: 0
2025-08-23 16:44:52.970 T:4091 debug : CAMLCodec::ReleaseFrame idx:309, drop:0
2025-08-23 16:44:52.974 T:4326 debug : CAMLCodec::AddData: dl:922688 fl:5172160 sz:561419(561536) lv:15.1% dts:13.222 pts:13.513
2025-08-23 16:44:52.974 T:4323 debug : CVideoPlayer::ProcessVideoData size:551851 dts:16.850 pts:17.017 dur:41.000ms, clock:12.757 level:45
2025-08-23 16:44:52.995 T:4327 debug : CVideoPlayerAudio::OutputPacket: pts:13.560 curr_pts:12.754 clock:12.778 level:43
2025-08-23 16:44:53.000 T:4091 debug : CAMLCodec::PollFrame elapsed:29.983ms
2025-08-23 16:44:53.002 T:4326 debug : CAMLCodec::DequeueBuffer: pts:13.138 idx:315
2025-08-23 16:44:53.002 T:4326 debug : CAMLCodec::GetPicture: index: 315, pts: 13.138, dur:42.000ms ar:1.78 elf:40ms
2025-08-23 16:44:53.002 T:4326 debug : CVideoPlayerVideo::OutputPicture - ttd:352ms pts:13.138 Clock:12.785 Level:5
2025-08-23 16:44:53.006 T:4091 debug : PrepareNextRender: frameOnScreen: 12.789 renderPts: 12.947 nextFramePts: 12.930 -> diff: 0.017 render: 1 forceNext: 0
2025-08-23 16:44:53.006 T:4091 debug : CAMLCodec::ReleaseFrame idx:310, drop:0
2025-08-23 16:44:53.014 T:4326 debug : CAMLCodec::AddData: dl:1025920 fl:5068928 sz:464282(464384) lv:16.8% dts:13.263 pts:13.430
2025-08-23 16:44:53.016 T:4323 debug : CVideoPlayer::ProcessVideoData size:438811 dts:16.892 pts:16.975 dur:41.000ms, clock:12.799 level:45
2025-08-23 16:44:53.042 T:4091 debug : CAMLCodec::PollFrame elapsed:35.810ms
2025-08-23 16:44:53.043 T:4326 debug : CAMLCodec::DequeueBuffer: pts:13.180 idx:316
2025-08-23 16:44:53.044 T:4326 debug : CAMLCodec::GetPicture: index: 316, pts: 13.180, dur:42.000ms ar:1.78 elf:41ms
2025-08-23 16:44:53.044 T:4326 debug : CVideoPlayerVideo::OutputPicture - ttd:353ms pts:13.180 Clock:12.827 Level:5
2025-08-23 16:44:53.050 T:4091 debug : PrepareNextRender: frameOnScreen: 12.833 renderPts: 12.991 nextFramePts: 12.971 -> diff: 0.020 render: 1 forceNext: 0
2025-08-23 16:44:53.050 T:4091 debug : CAMLCodec::ReleaseFrame idx:311, drop:0
2025-08-23 16:44:53.058 T:4323 debug : CVideoPlayer::ProcessVideoData size:426816 dts:16.934 pts:16.934 dur:41.000ms, clock:12.841 level:45
2025-08-23 16:44:53.058 T:4326 debug : CAMLCodec::AddData: dl:927168 fl:5167680 sz:462700(462784) lv:15.2% dts:13.305 pts:13.388
2025-08-23 16:44:53.084 T:4091 debug : CAMLCodec::PollFrame elapsed:33.561ms
2025-08-23 16:44:53.087 T:4326 debug : CAMLCodec::DequeueBuffer: pts:13.222 idx:317
2025-08-23 16:44:53.088 T:4326 debug : CAMLCodec::GetPicture: index: 317, pts: 13.222, dur:42.000ms ar:1.78 elf:43ms
2025-08-23 16:44:53.088 T:4326 debug : CVideoPlayerVideo::OutputPicture - ttd:351ms pts:13.222 Clock:12.871 Level:5
2025-08-23 16:44:53.091 T:4091 debug : PrepareNextRender: frameOnScreen: 12.874 renderPts: 13.032 nextFramePts: 13.013 -> diff: 0.019 render: 1 forceNext: 0
2025-08-23 16:44:53.091 T:4091 debug : CAMLCodec::ReleaseFrame idx:312, drop:0
2025-08-23 16:44:53.095 T:4327 debug : CVideoPlayerAudio::OutputPacket: pts:13.653 curr_pts:12.854 clock:12.878 level:42
2025-08-23 16:44:53.101 T:4326 debug : CAMLCodec::AddData: dl:820288 fl:5274560 sz:357436(357504) lv:13.5% dts:13.347 pts:13.347
2025-08-23 16:44:53.126 T:4091 debug : CAMLCodec::PollFrame elapsed:34.128ms
2025-08-23 16:44:53.127 T:4326 debug : CAMLCodec::DequeueBuffer: pts:13.263 idx:318
2025-08-23 16:44:53.127 T:4326 debug : CAMLCodec::GetPicture: index: 318, pts: 13.263, dur:41.000ms ar:1.78 elf:39ms
2025-08-23 16:44:53.127 T:4326 debug : CVideoPlayerVideo::OutputPicture - ttd:352ms pts:13.263 Clock:12.910 Level:5
2025-08-23 16:44:53.134 T:4091 debug : PrepareNextRender: frameOnScreen: 12.917 renderPts: 13.075 nextFramePts: 13.055 -> diff: 0.020 render: 1 forceNext: 0
2025-08-23 16:44:53.134 T:4091 debug : CAMLCodec::ReleaseFrame idx:313, drop:0
2025-08-23 16:44:53.141 T:4323 debug : CVideoPlayer::ProcessVideoData size:460731 dts:16.975 pts:17.059 dur:41.000ms, clock:12.924 level:44
2025-08-23 16:44:53.142 T:4326 debug : CAMLCodec::AddData: dl:749312 fl:5345536 sz:391693(391808) lv:12.3% dts:13.388 pts:13.472
2025-08-23 16:44:53.144 T:4327 debug : CVideoPlayerAudio::OutputPacket: pts:13.746 curr_pts:12.904 clock:12.927 level:41
2025-08-23 16:44:53.167 T:4091 debug : CAMLCodec::PollFrame elapsed:33.430ms
2025-08-23 16:44:53.169 T:4326 debug : CAMLCodec::DequeueBuffer: pts:13.305 idx:319
2025-08-23 16:44:53.169 T:4326 debug : CAMLCodec::GetPicture: index: 319, pts: 13.305, dur:42.000ms ar:1.78 elf:42ms
2025-08-23 16:44:53.169 T:4326 debug : CVideoPlayerVideo::OutputPicture - ttd:352ms pts:13.305 Clock:12.953 Level:5
2025-08-23 16:44:53.176 T:4091 debug : PrepareNextRender: frameOnScreen: 12.959 renderPts: 13.117 nextFramePts: 13.096 -> diff: 0.021 render: 1 forceNext: 0
2025-08-23 16:44:53.177 T:4091 debug : CAMLCodec::ReleaseFrame idx:314, drop:0
2025-08-23 16:44:53.184 T:4323 debug : CVideoPlayer::ProcessAudioData size:5865 dts:17.183 pts:17.183 dur:92.000ms, clock:12.967 drop:0 level:41
2025-08-23 16:44:53.184 T:4323 debug : CVideoPlayer::ProcessAudioData size:5607 dts:17.275 pts:17.275 dur:92.000ms, clock:12.967 drop:0 level:42
2025-08-23 16:44:53.187 T:4326 debug : CAMLCodec::AddData: dl:1016448 fl:5078400 sz:624558(624640) lv:16.7% dts:13.430 pts:13.639
2025-08-23 16:44:53.190 T:4323 debug : CVideoPlayer::ProcessVideoData size:569280 dts:17.017 pts:17.309 dur:41.000ms, clock:12.973 level:44
2025-08-23 16:44:53.209 T:4091 debug : CAMLCodec::PollFrame elapsed:32.391ms
2025-08-23 16:44:53.211 T:4326 debug : CAMLCodec::DequeueBuffer: pts:13.347 idx:320
2025-08-23 16:44:53.212 T:4326 debug : CAMLCodec::GetPicture: index: 320, pts: 13.347, dur:42.000ms ar:1.78 elf:41ms
2025-08-23 16:44:53.212 T:4326 debug : CVideoPlayerVideo::OutputPicture - ttd:352ms pts:13.347 Clock:12.995 Level:5
2025-08-23 16:44:53.221 T:4091 debug : PrepareNextRender: frameOnScreen: 13.004 renderPts: 13.162 nextFramePts: 13.138 -> diff: 0.024 render: 1 forceNext: 0
2025-08-23 16:44:53.221 T:4091 debug : CAMLCodec::ReleaseFrame idx:315, drop:0
2025-08-23 16:44:53.244 T:4327 debug : CVideoPlayerAudio::OutputPacket: pts:13.838 curr_pts:13.004 clock:13.027 level:42
2025-08-23 16:44:53.251 T:4091 debug : CAMLCodec::PollFrame elapsed:29.261ms
2025-08-23 16:44:53.252 T:4326 debug : CAMLCodec::DequeueBuffer: pts:13.388 idx:321
2025-08-23 16:44:53.252 T:4326 debug : CAMLCodec::GetPicture: index: 321, pts: 13.388, dur:41.000ms ar:1.78 elf:40ms
2025-08-23 16:44:53.252 T:4326 debug : CVideoPlayerVideo::OutputPicture - ttd:352ms pts:13.388 Clock:13.035 Level:5
2025-08-23 16:44:53.259 T:4091 debug : PrepareNextRender: frameOnScreen: 13.042 renderPts: 13.200 nextFramePts: 13.180 -> diff: 0.020 render: 1 forceNext: 0
2025-08-23 16:44:53.259 T:4091 debug : CAMLCodec::ReleaseFrame idx:316, drop:0
2025-08-23 16:44:53.269 T:4326 debug : CAMLCodec::AddData: dl:483904 fl:5610944 sz:483817(483904) lv:7.9% dts:13.472 pts:13.597
2025-08-23 16:44:53.272 T:4323 debug : CVideoPlayer::ProcessVideoData size:579860 dts:17.059 pts:17.226 dur:41.000ms, clock:13.055 level:44
2025-08-23 16:44:53.274 T:4323 debug : CVideoPlayer::ProcessVideoData size:460697 dts:17.100 pts:17.184 dur:41.000ms, clock:13.057 level:44
2025-08-23 16:44:53.274 T:4326 debug : CAMLCodec::AddData: dl:861952 fl:5232896 sz:377928(378048) lv:14.1% dts:13.513 pts:13.555
2025-08-23 16:44:53.292 T:4091 debug : CAMLCodec::PollFrame elapsed:33.418ms
2025-08-23 16:44:53.294 T:4326 debug : CAMLCodec::DequeueBuffer: pts:13.430 idx:322
2025-08-23 16:44:53.294 T:4326 debug : CAMLCodec::GetPicture: index: 322, pts: 13.430, dur:42.000ms ar:1.78 elf:42ms
2025-08-23 16:44:53.294 T:4326 debug : CVideoPlayerVideo::OutputPicture - ttd:352ms pts:13.430 Clock:13.077 Level:5
2025-08-23 16:44:53.303 T:4091 debug : PrepareNextRender: frameOnScreen: 13.086 renderPts: 13.243 nextFramePts: 13.222 -> diff: 0.021 render: 1 forceNext: 0
2025-08-23 16:44:53.303 T:4091 debug : CAMLCodec::ReleaseFrame idx:317, drop:0
2025-08-23 16:44:53.310 T:4326 debug : CAMLCodec::AddData: dl:853248 fl:5241600 sz:475113(475200) lv:14.0% dts:13.555 pts:13.680
2025-08-23 16:44:53.317 T:4323 debug : CVideoPlayer::ProcessVideoData size:361080 dts:17.142 pts:17.142 dur:41.000ms, clock:13.100 level:44
2025-08-23 16:44:53.334 T:4091 debug : CAMLCodec::PollFrame elapsed:31.372ms
2025-08-23 16:44:53.337 T:4326 debug : CAMLCodec::DequeueBuffer: pts:13.472 idx:323
2025-08-23 16:44:53.337 T:4326 debug : CAMLCodec::GetPicture: index: 323, pts: 13.472, dur:42.000ms ar:1.78 elf:42ms
2025-08-23 16:44:53.337 T:4326 debug : CVideoPlayerVideo::OutputPicture - ttd:351ms pts:13.472 Clock:13.120 Level:5
2025-08-23 16:44:53.342 T:4091 debug : PrepareNextRender: frameOnScreen: 13.125 renderPts: 13.283 nextFramePts: 13.263 -> diff: 0.020 render: 1 forceNext: 0
2025-08-23 16:44:53.342 T:4091 debug : CAMLCodec::ReleaseFrame idx:318, drop:0
2025-08-23 16:44:53.344 T:4327 debug : CVideoPlayerAudio::OutputPacket: pts:13.932 curr_pts:13.103 clock:13.127 level:41
2025-08-23 16:44:53.349 T:4323 debug : CVideoPlayer::ProcessVideoData size:367377 dts:17.184 pts:17.267 dur:41.000ms, clock:13.132 level:44
2025-08-23 16:44:53.350 T:4326 debug : CAMLCodec::AddData: dl:984000 fl:5110848 sz:508734(508800) lv:16.1% dts:13.597 pts:13.889
2025-08-23 16:44:53.352 T:4323 debug : CVideoPlayer::ProcessAudioData size:6931 dts:17.369 pts:17.369 dur:92.000ms, clock:13.135 drop:0 level:41
2025-08-23 16:44:53.352 T:4323 debug : CVideoPlayer::ProcessAudioData size:7077 dts:17.461 pts:17.461 dur:92.000ms, clock:13.135 drop:0 level:42
2025-08-23 16:44:53.358 T:4323 debug : CVideoPlayer::ProcessVideoData size:585194 dts:17.226 pts:17.517 dur:41.000ms, clock:13.141 level:45
2025-08-23 16:44:53.376 T:4091 debug : CAMLCodec::PollFrame elapsed:33.424ms
2025-08-23 16:44:53.379 T:4326 debug : CAMLCodec::DequeueBuffer: pts:13.513 idx:324
2025-08-23 16:44:53.379 T:4326 debug : CAMLCodec::GetPicture: index: 324, pts: 13.513, dur:41.000ms ar:1.78 elf:41ms
2025-08-23 16:44:53.379 T:4326 debug : CVideoPlayerVideo::OutputPicture - ttd:350ms pts:13.513 Clock:13.162 Level:5
2025-08-23 16:44:53.381 T:4326 debug : CAMLCodec::DequeueBuffer: pts:13.555 idx:325
2025-08-23 16:44:53.381 T:4326 debug : CAMLCodec::GetPicture: index: 325, pts: 13.555, dur:42.000ms ar:1.78 elf:1ms
2025-08-23 16:44:53.381 T:4326 debug : CVideoPlayerVideo::OutputPicture - ttd:391ms pts:13.555 Clock:13.164 Level:6
2025-08-23 16:44:53.382 T:4326 debug : CAMLCodec::DequeueBuffer: pts:13.597 idx:326
2025-08-23 16:44:53.382 T:4326 debug : CAMLCodec::GetPicture: index: 326, pts: 13.597, dur:42.000ms ar:1.78 elf:1ms
2025-08-23 16:44:53.385 T:4091 debug : PrepareNextRender: frameOnScreen: 13.168 renderPts: 13.326 nextFramePts: 13.305 -> diff: 0.021 render: 1 forceNext: 0
2025-08-23 16:44:53.386 T:4326 debug : CVideoPlayerVideo::OutputPicture - ttd:431ms pts:13.597 Clock:13.165 Level:6
2025-08-23 16:44:53.386 T:4091 debug : CAMLCodec::ReleaseFrame idx:319, drop:0
2025-08-23 16:44:53.387 T:4326 debug : CAMLCodec::DequeueBuffer: pts:13.639 idx:327
2025-08-23 16:44:53.387 T:4326 debug : CAMLCodec::GetPicture: index: 327, pts: 13.639, dur:42.000ms ar:1.78 elf:4ms
2025-08-23 16:44:53.418 T:4091 debug : CAMLCodec::PollFrame elapsed:31.522ms
2025-08-23 16:44:53.424 T:4091 debug : PrepareNextRender: frameOnScreen: 13.207 renderPts: 13.365 nextFramePts: 13.347 -> diff: 0.018 render: 1 forceNext: 0
2025-08-23 16:44:53.424 T:4326 debug : CVideoPlayerVideo::OutputPicture - ttd:469ms pts:13.639 Clock:13.170 Level:6
2025-08-23 16:44:53.424 T:4091 debug : CAMLCodec::ReleaseFrame idx:320, drop:0
2025-08-23 16:44:53.429 T:4326 debug : CAMLCodec::AddData: dl:1003008 fl:5091840 sz:494119(494208) lv:16.5% dts:13.639 pts:13.805
2025-08-23 16:44:53.433 T:4326 debug : CAMLCodec::AddData: dl:890880 fl:5203968 sz:396561(396672) lv:14.6% dts:13.680 pts:13.764
2025-08-23 16:44:53.441 T:4323 debug : CVideoPlayer::ProcessVideoData size:471679 dts:17.267 pts:17.434 dur:41.000ms, clock:13.224 level:44
2025-08-23 16:44:53.444 T:4327 debug : CVideoPlayerAudio::OutputPacket: pts:14.024 curr_pts:13.204 clock:13.227 level:42
2025-08-23 16:44:53.459 T:4091 debug : CAMLCodec::PollFrame elapsed:35.041ms
2025-08-23 16:44:53.471 T:4091 debug : PrepareNextRender: frameOnScreen: 13.254 renderPts: 13.412 nextFramePts: 13.388 -> diff: 0.024 render: 1 forceNext: 0
2025-08-23 16:44:53.471 T:4091 debug : CAMLCodec::ReleaseFrame idx:321, drop:0
2025-08-23 16:44:53.476 T:4326 debug : CAMLCodec::AddData: dl:787136 fl:5307712 sz:390382(390464) lv:12.9% dts:13.722 pts:13.722
2025-08-23 16:44:53.483 T:4323 debug : CVideoPlayer::ProcessVideoData size:478959 dts:17.309 pts:17.392 dur:41.000ms, clock:13.266 level:44
2025-08-23 16:44:53.501 T:4091 debug : CAMLCodec::PollFrame elapsed:29.620ms
2025-08-23 16:44:53.508 T:4091 debug : PrepareNextRender: frameOnScreen: 13.291 renderPts: 13.449 nextFramePts: 13.430 -> diff: 0.019 render: 1 forceNext: 0
2025-08-23 16:44:53.508 T:4091 debug : CAMLCodec::ReleaseFrame idx:322, drop:0
2025-08-23 16:44:53.517 T:4326 debug : CAMLCodec::AddData: dl:815296 fl:5279552 sz:424728(424832) lv:13.4% dts:13.764 pts:13.847
2025-08-23 16:44:53.525 T:4323 debug : CVideoPlayer::ProcessVideoData size:359976 dts:17.351 pts:17.351 dur:41.000ms, clock:13.308 level:44
2025-08-23 16:44:53.543 T:4091 debug : CAMLCodec::PollFrame elapsed:34.467ms
2025-08-23 16:44:53.545 T:4327 debug : CVideoPlayerAudio::OutputPacket: pts:14.118 curr_pts:13.304 clock:13.328 level:41
2025-08-23 16:44:53.545 T:4326 debug : CAMLCodec::DequeueBuffer: pts:13.680 idx:328
2025-08-23 16:44:53.545 T:4326 debug : CAMLCodec::GetPicture: index: 328, pts: 13.680, dur:41.000ms ar:1.78 elf:158ms
2025-08-23 16:44:53.545 T:4326 debug : CVideoPlayerVideo::OutputPicture - ttd:351ms pts:13.680 Clock:13.328 Level:5
2025-08-23 16:44:53.551 T:4091 debug : PrepareNextRender: frameOnScreen: 13.334 renderPts: 13.492 nextFramePts: 13.472 -> diff: 0.020 render: 1 forceNext: 0
2025-08-23 16:44:53.551 T:4091 debug : CAMLCodec::ReleaseFrame idx:323, drop:0
2025-08-23 16:44:53.558 T:4326 debug : CAMLCodec::AddData: dl:938496 fl:5156352 sz:513543(513664) lv:15.4% dts:13.805 pts:14.097
2025-08-23 16:44:53.567 T:4323 debug : CVideoPlayer::ProcessVideoData size:373639 dts:17.392 pts:17.476 dur:41.000ms, clock:13.350 level:44
