2025-08-23 16:45:13.611 T:4326 debug : CVideoPlayerVideo::OutputPicture - ttd:351ms pts:33.742 Clock:33.390 Level:5
2025-08-23 16:45:13.615 T:4091 debug : PrepareNextRender: frameOnScreen: 33.394 renderPts: 33.553 nextFramePts: 33.533 -> diff: 0.020 render: 1 forceNext: 0
2025-08-23 16:45:13.615 T:4091 debug : CAMLCodec::ReleaseFrame idx:804, drop:0
2025-08-23 16:45:13.650 T:4091 debug : CAMLCodec::PollFrame elapsed:34.576ms
2025-08-23 16:45:13.653 T:4326 debug : CAMLCodec::DequeueBuffer: pts:33.784 idx:810
2025-08-23 16:45:13.653 T:4326 debug : CAMLCodec::GetPicture: index: 810, pts: 33.784, dur:42.000ms ar:1.78 elf:42ms
2025-08-23 16:45:13.653 T:4326 debug : CVideoPlayerVideo::OutputPicture - ttd:351ms pts:33.784 Clock:33.433 Level:5
2025-08-23 16:45:13.657 T:4091 debug : PrepareNextRender: frameOnScreen: 33.436 renderPts: 33.595 nextFramePts: 33.575 -> diff: 0.020 render: 1 forceNext: 0
2025-08-23 16:45:13.657 T:4091 debug : CAMLCodec::ReleaseFrame idx:805, drop:0
2025-08-23 16:45:13.692 T:4091 debug : CAMLCodec::PollFrame elapsed:34.178ms
2025-08-23 16:45:13.693 T:4326 debug : CAMLCodec::DequeueBuffer: pts:33.825 idx:811
2025-08-23 16:45:13.693 T:4326 debug : CAMLCodec::GetPicture: index: 811, pts: 33.825, dur:41.000ms ar:1.78 elf:39ms
2025-08-23 16:45:13.693 T:4326 debug : CVideoPlayerVideo::OutputPicture - ttd:352ms pts:33.825 Clock:33.473 Level:5
2025-08-23 16:45:13.698 T:4327 debug : CVideoPlayerAudio::OutputPacket: pts:34.272 curr_pts:33.453 clock:33.477 level:60
2025-08-23 16:45:13.699 T:4091 debug : PrepareNextRender: frameOnScreen: 33.479 renderPts: 33.637 nextFramePts: 33.617 -> diff: 0.020 render: 1 forceNext: 0
2025-08-23 16:45:13.699 T:4091 debug : CAMLCodec::ReleaseFrame idx:806, drop:0
2025-08-23 16:45:13.733 T:4091 debug : CAMLCodec::PollFrame elapsed:33.793ms
2025-08-23 16:45:13.736 T:4326 debug : CAMLCodec::DequeueBuffer: pts:33.867 idx:812
2025-08-23 16:45:13.736 T:4326 debug : CAMLCodec::GetPicture: index: 812, pts: 33.867, dur:42.000ms ar:1.78 elf:42ms
2025-08-23 16:45:13.736 T:4326 debug : CVideoPlayerVideo::OutputPicture - ttd:351ms pts:33.867 Clock:33.515 Level:5
2025-08-23 16:45:13.736 T:4091 debug : PrepareNextRender: frameOnScreen: 33.515 renderPts: 33.674 nextFramePts: 33.659 -> diff: 0.015 render: 1 forceNext: 0
2025-08-23 16:45:13.736 T:4091 debug : CAMLCodec::ReleaseFrame idx:807, drop:0
2025-08-23 16:45:13.775 T:4091 debug : CAMLCodec::PollFrame elapsed:38.844ms
2025-08-23 16:45:13.778 T:4326 debug : CAMLCodec::DequeueBuffer: pts:33.909 idx:813
2025-08-23 16:45:13.778 T:4326 debug : CAMLCodec::GetPicture: index: 813, pts: 33.909, dur:42.000ms ar:1.78 elf:42ms
2025-08-23 16:45:13.778 T:4326 debug : CVideoPlayerVideo::OutputPicture - ttd:351ms pts:33.909 Clock:33.557 Level:5
2025-08-23 16:45:13.784 T:4091 debug : PrepareNextRender: frameOnScreen: 33.563 renderPts: 33.722 nextFramePts: 33.700 -> diff: 0.022 render: 1 forceNext: 0
2025-08-23 16:45:13.784 T:4091 debug : CAMLCodec::ReleaseFrame idx:808, drop:0
2025-08-23 16:45:13.788 T:4323 debug : CVideoPlayer::ProcessVideoData size:339890 dts:38.997 pts:38.997 dur:41.000ms, clock:33.568 level:53
2025-08-23 16:45:13.788 T:4326 debug : CAMLCodec::AddData: dl:980096 fl:5114752 sz:383033(383104) lv:16.1% dts:34.743 pts:34.952
2025-08-23 16:45:13.799 T:4327 debug : CVideoPlayerAudio::OutputPacket: pts:34.366 curr_pts:33.554 clock:33.578 level:59
2025-08-23 16:45:13.817 T:4091 debug : CAMLCodec::PollFrame elapsed:31.627ms
2025-08-23 16:45:13.818 T:4326 debug : CAMLCodec::DequeueBuffer: pts:33.951 idx:814
2025-08-23 16:45:13.818 T:4326 debug : CAMLCodec::GetPicture: index: 814, pts: 33.951, dur:42.000ms ar:1.78 elf:40ms
2025-08-23 16:45:13.818 T:4326 debug : CVideoPlayerVideo::OutputPicture - ttd:353ms pts:33.951 Clock:33.598 Level:5
2025-08-23 16:45:13.825 T:4091 debug : PrepareNextRender: frameOnScreen: 33.605 renderPts: 33.764 nextFramePts: 33.742 -> diff: 0.022 render: 1 forceNext: 0
2025-08-23 16:45:13.825 T:4091 debug : CAMLCodec::ReleaseFrame idx:809, drop:0
2025-08-23 16:45:13.858 T:4091 debug : CAMLCodec::PollFrame elapsed:32.855ms
2025-08-23 16:45:13.861 T:4326 debug : CAMLCodec::DequeueBuffer: pts:33.992 idx:815
2025-08-23 16:45:13.861 T:4326 debug : CAMLCodec::GetPicture: index: 815, pts: 33.992, dur:41.000ms ar:1.78 elf:42ms
2025-08-23 16:45:13.861 T:4326 debug : CVideoPlayerVideo::OutputPicture - ttd:351ms pts:33.992 Clock:33.641 Level:5
2025-08-23 16:45:13.866 T:4091 debug : PrepareNextRender: frameOnScreen: 33.646 renderPts: 33.805 nextFramePts: 33.784 -> diff: 0.021 render: 1 forceNext: 0
2025-08-23 16:45:13.866 T:4091 debug : CAMLCodec::ReleaseFrame idx:810, drop:0
2025-08-23 16:45:13.898 T:4327 debug : CVideoPlayerAudio::OutputPacket: pts:34.458 curr_pts:33.654 clock:33.677 level:57
2025-08-23 16:45:13.900 T:4091 debug : CAMLCodec::PollFrame elapsed:33.655ms
2025-08-23 16:45:13.901 T:4326 debug : CAMLCodec::DequeueBuffer: pts:34.034 idx:816
2025-08-23 16:45:13.901 T:4326 debug : CAMLCodec::GetPicture: index: 816, pts: 34.034, dur:42.000ms ar:1.78 elf:39ms
2025-08-23 16:45:13.901 T:4326 debug : CVideoPlayerVideo::OutputPicture - ttd:353ms pts:34.034 Clock:33.681 Level:5
2025-08-23 16:45:13.906 T:4091 debug : PrepareNextRender: frameOnScreen: 33.686 renderPts: 33.845 nextFramePts: 33.825 -> diff: 0.020 render: 1 forceNext: 0
2025-08-23 16:45:13.907 T:4091 debug : CAMLCodec::ReleaseFrame idx:811, drop:0
2025-08-23 16:45:13.942 T:4091 debug : CAMLCodec::PollFrame elapsed:35.142ms
2025-08-23 16:45:13.944 T:4326 debug : CAMLCodec::DequeueBuffer: pts:34.076 idx:817
2025-08-23 16:45:13.944 T:4326 debug : CAMLCodec::GetPicture: index: 817, pts: 34.076, dur:42.000ms ar:1.78 elf:42ms
2025-08-23 16:45:13.944 T:4326 debug : CVideoPlayerVideo::OutputPicture - ttd:352ms pts:34.076 Clock:33.723 Level:5
2025-08-23 16:45:13.949 T:4091 debug : PrepareNextRender: frameOnScreen: 33.728 renderPts: 33.887 nextFramePts: 33.867 -> diff: 0.020 render: 1 forceNext: 0
2025-08-23 16:45:13.949 T:4091 debug : CAMLCodec::ReleaseFrame idx:812, drop:0
2025-08-23 16:45:13.984 T:4091 debug : CAMLCodec::PollFrame elapsed:34.576ms
2025-08-23 16:45:13.985 T:4326 debug : CAMLCodec::DequeueBuffer: pts:34.117 idx:818
2025-08-23 16:45:13.985 T:4326 debug : CAMLCodec::GetPicture: index: 818, pts: 34.117, dur:41.000ms ar:1.78 elf:41ms
2025-08-23 16:45:13.985 T:4326 debug : CVideoPlayerVideo::OutputPicture - ttd:352ms pts:34.117 Clock:33.765 Level:5
2025-08-23 16:45:13.991 T:4091 debug : PrepareNextRender: frameOnScreen: 33.770 renderPts: 33.929 nextFramePts: 33.909 -> diff: 0.020 render: 1 forceNext: 0
2025-08-23 16:45:13.991 T:4091 debug : CAMLCodec::ReleaseFrame idx:813, drop:0
2025-08-23 16:45:13.998 T:4327 debug : CVideoPlayerAudio::OutputPacket: pts:34.551 curr_pts:33.753 clock:33.777 level:56
2025-08-23 16:45:14.025 T:4091 debug : CAMLCodec::PollFrame elapsed:34.207ms
2025-08-23 16:45:14.027 T:4326 debug : CAMLCodec::DequeueBuffer: pts:34.159 idx:819
2025-08-23 16:45:14.027 T:4326 debug : CAMLCodec::GetPicture: index: 819, pts: 34.159, dur:42.000ms ar:1.78 elf:41ms
2025-08-23 16:45:14.027 T:4326 debug : CVideoPlayerVideo::OutputPicture - ttd:352ms pts:34.159 Clock:33.807 Level:5
2025-08-23 16:45:14.031 T:4091 debug : PrepareNextRender: frameOnScreen: 33.811 renderPts: 33.970 nextFramePts: 33.951 -> diff: 0.019 render: 1 forceNext: 0
2025-08-23 16:45:14.032 T:4091 debug : CAMLCodec::ReleaseFrame idx:814, drop:0
2025-08-23 16:45:14.048 T:4327 debug : CVideoPlayerAudio::OutputPacket: pts:34.643 curr_pts:33.804 clock:33.828 level:55
2025-08-23 16:45:14.067 T:4091 debug : CAMLCodec::PollFrame elapsed:35.147ms
2025-08-23 16:45:14.068 T:4326 debug : CAMLCodec::DequeueBuffer: pts:34.201 idx:820
2025-08-23 16:45:14.069 T:4326 debug : CAMLCodec::GetPicture: index: 820, pts: 34.201, dur:42.000ms ar:1.78 elf:41ms
2025-08-23 16:45:14.069 T:4326 debug : CVideoPlayerVideo::OutputPicture - ttd:352ms pts:34.201 Clock:33.848 Level:5
2025-08-23 16:45:14.073 T:4091 debug : PrepareNextRender: frameOnScreen: 33.853 renderPts: 34.012 nextFramePts: 33.992 -> diff: 0.020 render: 1 forceNext: 0
2025-08-23 16:45:14.074 T:4091 debug : CAMLCodec::ReleaseFrame idx:815, drop:0
2025-08-23 16:45:14.109 T:4091 debug : CAMLCodec::PollFrame elapsed:34.815ms
2025-08-23 16:45:14.110 T:4326 debug : CAMLCodec::DequeueBuffer: pts:34.243 idx:821
2025-08-23 16:45:14.110 T:4326 debug : CAMLCodec::GetPicture: index: 821, pts: 34.243, dur:42.000ms ar:1.78 elf:41ms
2025-08-23 16:45:14.110 T:4326 debug : CVideoPlayerVideo::OutputPicture - ttd:353ms pts:34.243 Clock:33.890 Level:5
2025-08-23 16:45:14.116 T:4091 debug : PrepareNextRender: frameOnScreen: 33.895 renderPts: 34.054 nextFramePts: 34.034 -> diff: 0.020 render: 1 forceNext: 0
2025-08-23 16:45:14.116 T:4091 debug : CAMLCodec::ReleaseFrame idx:816, drop:0
2025-08-23 16:45:14.147 T:4327 debug : CVideoPlayerAudio::OutputPacket: pts:34.736 curr_pts:33.902 clock:33.926 level:54
2025-08-23 16:45:14.150 T:4091 debug : CAMLCodec::PollFrame elapsed:34.584ms
2025-08-23 16:45:14.152 T:4326 debug : CAMLCodec::DequeueBuffer: pts:34.284 idx:822
2025-08-23 16:45:14.152 T:4326 debug : CAMLCodec::GetPicture: index: 822, pts: 34.284, dur:41.000ms ar:1.78 elf:41ms
2025-08-23 16:45:14.152 T:4326 debug : CVideoPlayerVideo::OutputPicture - ttd:352ms pts:34.284 Clock:33.931 Level:5
2025-08-23 16:45:14.153 T:4091 debug : PrepareNextRender: frameOnScreen: 33.933 renderPts: 34.092 nextFramePts: 34.076 -> diff: 0.016 render: 1 forceNext: 0
2025-08-23 16:45:14.153 T:4091 debug : CAMLCodec::ReleaseFrame idx:817, drop:0
2025-08-23 16:45:14.192 T:4091 debug : CAMLCodec::PollFrame elapsed:38.565ms
2025-08-23 16:45:14.194 T:4326 debug : CAMLCodec::DequeueBuffer: pts:34.326 idx:823
2025-08-23 16:45:14.194 T:4326 debug : CAMLCodec::GetPicture: index: 823, pts: 34.326, dur:42.000ms ar:1.78 elf:42ms
2025-08-23 16:45:14.194 T:4326 debug : CVideoPlayerVideo::OutputPicture - ttd:352ms pts:34.326 Clock:33.973 Level:5
2025-08-23 16:45:14.197 T:4091 debug : PrepareNextRender: frameOnScreen: 33.976 renderPts: 34.135 nextFramePts: 34.117 -> diff: 0.018 render: 1 forceNext: 0
2025-08-23 16:45:14.197 T:4091 debug : CAMLCodec::ReleaseFrame idx:818, drop:0
2025-08-23 16:45:14.234 T:4091 debug : CAMLCodec::PollFrame elapsed:36.256ms
2025-08-23 16:45:14.236 T:4326 debug : CAMLCodec::DequeueBuffer: pts:34.368 idx:824
2025-08-23 16:45:14.236 T:4326 debug : CAMLCodec::GetPicture: index: 824, pts: 34.368, dur:42.000ms ar:1.78 elf:42ms
2025-08-23 16:45:14.236 T:4326 debug : CVideoPlayerVideo::OutputPicture - ttd:352ms pts:34.368 Clock:34.016 Level:5
2025-08-23 16:45:14.238 T:4326 debug : CAMLCodec::DequeueBuffer: pts:34.409 idx:825
2025-08-23 16:45:14.238 T:4326 debug : CAMLCodec::GetPicture: index: 825, pts: 34.409, dur:41.000ms ar:1.78 elf:1ms
2025-08-23 16:45:14.238 T:4326 debug : CVideoPlayerVideo::OutputPicture - ttd:391ms pts:34.409 Clock:34.017 Level:6
2025-08-23 16:45:14.239 T:4326 debug : CAMLCodec::DequeueBuffer: pts:34.451 idx:826
2025-08-23 16:45:14.239 T:4326 debug : CAMLCodec::GetPicture: index: 826, pts: 34.451, dur:42.000ms ar:1.78 elf:1ms
2025-08-23 16:45:14.241 T:4091 debug : PrepareNextRender: frameOnScreen: 34.021 renderPts: 34.180 nextFramePts: 34.159 -> diff: 0.021 render: 1 forceNext: 0
2025-08-23 16:45:14.242 T:4326 debug : CVideoPlayerVideo::OutputPicture - ttd:432ms pts:34.451 Clock:34.019 Level:6
2025-08-23 16:45:14.242 T:4091 debug : CAMLCodec::ReleaseFrame idx:819, drop:0
2025-08-23 16:45:14.243 T:4326 debug : CAMLCodec::DequeueBuffer: pts:34.493 idx:827
2025-08-23 16:45:14.243 T:4326 debug : CAMLCodec::GetPicture: index: 827, pts: 34.493, dur:42.000ms ar:1.78 elf:3ms
2025-08-23 16:45:14.247 T:4327 debug : CVideoPlayerAudio::OutputPacket: pts:34.829 curr_pts:34.002 clock:34.027 level:53
2025-08-23 16:45:14.276 T:4091 debug : CAMLCodec::PollFrame elapsed:33.685ms
2025-08-23 16:45:14.283 T:4091 debug : PrepareNextRender: frameOnScreen: 34.062 renderPts: 34.221 nextFramePts: 34.201 -> diff: 0.020 render: 1 forceNext: 0
2025-08-23 16:45:14.283 T:4326 debug : CVideoPlayerVideo::OutputPicture - ttd:470ms pts:34.493 Clock:34.022 Level:6
2025-08-23 16:45:14.283 T:4091 debug : CAMLCodec::ReleaseFrame idx:820, drop:0
2025-08-23 16:45:14.317 T:4091 debug : CAMLCodec::PollFrame elapsed:33.846ms
2025-08-23 16:45:14.326 T:4091 debug : PrepareNextRender: frameOnScreen: 34.105 renderPts: 34.264 nextFramePts: 34.243 -> diff: 0.021 render: 1 forceNext: 0
2025-08-23 16:45:14.326 T:4091 debug : CAMLCodec::ReleaseFrame idx:821, drop:0
2025-08-23 16:45:14.347 T:4327 debug : CVideoPlayerAudio::OutputPacket: pts:34.922 curr_pts:34.103 clock:34.127 level:52
2025-08-23 16:45:14.359 T:4091 debug : CAMLCodec::PollFrame elapsed:33.013ms
2025-08-23 16:45:14.368 T:4091 debug : PrepareNextRender: frameOnScreen: 34.147 renderPts: 34.306 nextFramePts: 34.284 -> diff: 0.022 render: 1 forceNext: 0
2025-08-23 16:45:14.368 T:4091 debug : CAMLCodec::ReleaseFrame idx:822, drop:0
2025-08-23 16:45:14.401 T:4091 debug : CAMLCodec::PollFrame elapsed:32.663ms
2025-08-23 16:45:14.402 T:4326 debug : CAMLCodec::DequeueBuffer: pts:34.534 idx:828
2025-08-23 16:45:14.402 T:4326 debug : CAMLCodec::GetPicture: index: 828, pts: 34.534, dur:41.000ms ar:1.78 elf:159ms
2025-08-23 16:45:14.402 T:4326 debug : CVideoPlayerVideo::OutputPicture - ttd:352ms pts:34.534 Clock:34.182 Level:5
2025-08-23 16:45:14.409 T:4091 debug : PrepareNextRender: frameOnScreen: 34.189 renderPts: 34.348 nextFramePts: 34.326 -> diff: 0.022 render: 1 forceNext: 0
2025-08-23 16:45:14.410 T:4091 debug : CAMLCodec::ReleaseFrame idx:823, drop:0
2025-08-23 16:45:14.442 T:4091 debug : CAMLCodec::PollFrame elapsed:32.748ms
2025-08-23 16:45:14.444 T:4326 debug : CAMLCodec::DequeueBuffer: pts:34.576 idx:829
2025-08-23 16:45:14.445 T:4326 debug : CAMLCodec::GetPicture: index: 829, pts: 34.576, dur:42.000ms ar:1.78 elf:42ms
2025-08-23 16:45:14.445 T:4326 debug : CVideoPlayerVideo::OutputPicture - ttd:352ms pts:34.576 Clock:34.224 Level:5
2025-08-23 16:45:14.448 T:4327 debug : CVideoPlayerAudio::OutputPacket: pts:35.015 curr_pts:34.203 clock:34.227 level:50
2025-08-23 16:45:14.451 T:4091 debug : PrepareNextRender: frameOnScreen: 34.230 renderPts: 34.389 nextFramePts: 34.368 -> diff: 0.021 render: 1 forceNext: 0
2025-08-23 16:45:14.451 T:4091 debug : CAMLCodec::ReleaseFrame idx:824, drop:0
2025-08-23 16:45:14.484 T:4091 debug : CAMLCodec::PollFrame elapsed:32.812ms
2025-08-23 16:45:14.485 T:4326 debug : CAMLCodec::DequeueBuffer: pts:34.618 idx:830
2025-08-23 16:45:14.486 T:4326 debug : CAMLCodec::GetPicture: index: 830, pts: 34.618, dur:42.000ms ar:1.78 elf:40ms
2025-08-23 16:45:14.486 T:4326 debug : CVideoPlayerVideo::OutputPicture - ttd:353ms pts:34.618 Clock:34.265 Level:5
2025-08-23 16:45:14.492 T:4091 debug : PrepareNextRender: frameOnScreen: 34.272 renderPts: 34.431 nextFramePts: 34.409 -> diff: 0.022 render: 1 forceNext: 0
2025-08-23 16:45:14.492 T:4091 debug : CAMLCodec::ReleaseFrame idx:825, drop:0
2025-08-23 16:45:14.495 T:4326 debug : CAMLCodec::AddData: dl:605504 fl:5489344 sz:89198(89280) lv:9.9% dts:34.785 pts:34.910
2025-08-23 16:45:14.497 T:4323 debug : CVideoPlayer::ProcessVideoData size:360546 dts:39.039 pts:39.122 dur:41.000ms, clock:34.276 level:52
2025-08-23 16:45:14.498 T:4326 debug : CAMLCodec::AddData: dl:723328 fl:5371520 sz:117752(117824) lv:11.9% dts:34.826 pts:34.868
2025-08-23 16:45:14.526 T:4091 debug : CAMLCodec::PollFrame elapsed:33.341ms
2025-08-23 16:45:14.528 T:4326 debug : CAMLCodec::DequeueBuffer: pts:34.660 idx:831
2025-08-23 16:45:14.528 T:4326 debug : CAMLCodec::GetPicture: index: 831, pts: 34.660, dur:42.000ms ar:1.78 elf:42ms
2025-08-23 16:45:14.528 T:4326 debug : CVideoPlayerVideo::OutputPicture - ttd:352ms pts:34.660 Clock:34.308 Level:5
2025-08-23 16:45:14.533 T:4091 debug : PrepareNextRender: frameOnScreen: 34.312 renderPts: 34.471 nextFramePts: 34.451 -> diff: 0.020 render: 1 forceNext: 0
2025-08-23 16:45:14.533 T:4091 debug : CAMLCodec::ReleaseFrame idx:826, drop:0
2025-08-23 16:45:14.537 T:4326 debug : CAMLCodec::AddData: dl:1162880 fl:4931968 sz:572578(572672) lv:19.1% dts:34.868 pts:35.160
2025-08-23 16:45:14.539 T:4323 debug : CVideoPlayer::ProcessAudioData size:8048 dts:39.195 pts:39.195 dur:92.000ms, clock:34.318 drop:0 level:50
2025-08-23 16:45:14.539 T:4323 debug : CVideoPlayer::ProcessAudioData size:8063 dts:39.287 pts:39.287 dur:92.000ms, clock:34.318 drop:0 level:52
2025-08-23 16:45:14.548 T:4327 debug : CVideoPlayerAudio::OutputPacket: pts:35.108 curr_pts:34.304 clock:34.328 level:52
2025-08-23 16:45:14.550 T:4323 debug : CVideoPlayer::ProcessVideoData size:680166 dts:39.081 pts:39.373 dur:41.000ms, clock:34.329 level:52
2025-08-23 16:45:14.568 T:4091 debug : CAMLCodec::PollFrame elapsed:34.578ms
2025-08-23 16:45:14.570 T:4326 debug : CAMLCodec::DequeueBuffer: pts:34.701 idx:832
2025-08-23 16:45:14.570 T:4326 debug : CAMLCodec::GetPicture: index: 832, pts: 34.701, dur:41.000ms ar:1.78 elf:41ms
2025-08-23 16:45:14.570 T:4326 debug : CVideoPlayerVideo::OutputPicture - ttd:351ms pts:34.701 Clock:34.349 Level:5
2025-08-23 16:45:14.583 T:4091 debug : PrepareNextRender: frameOnScreen: 34.362 renderPts: 34.521 nextFramePts: 34.493 -> diff: 0.028 render: 1 forceNext: 0
2025-08-23 16:45:14.583 T:4091 debug : CAMLCodec::ReleaseFrame idx:827, drop:0
2025-08-23 16:45:14.609 T:4091 debug : CAMLCodec::PollFrame elapsed:25.834ms
2025-08-23 16:45:14.611 T:4326 debug : CAMLCodec::DequeueBuffer: pts:34.743 idx:833
2025-08-23 16:45:14.611 T:4326 debug : CAMLCodec::GetPicture: index: 833, pts: 34.743, dur:42.000ms ar:1.78 elf:41ms
2025-08-23 16:45:14.612 T:4326 debug : CVideoPlayerVideo::OutputPicture - ttd:352ms pts:34.743 Clock:34.391 Level:5
2025-08-23 16:45:14.618 T:4091 debug : PrepareNextRender: frameOnScreen: 34.397 renderPts: 34.556 nextFramePts: 34.534 -> diff: 0.022 render: 1 forceNext: 0
2025-08-23 16:45:14.618 T:4091 debug : CAMLCodec::ReleaseFrame idx:828, drop:0
2025-08-23 16:45:14.648 T:4327 debug : CVideoPlayerAudio::OutputPacket: pts:35.201 curr_pts:34.403 clock:34.427 level:50
2025-08-23 16:45:14.651 T:4091 debug : CAMLCodec::PollFrame elapsed:33.197ms
2025-08-23 16:45:14.652 T:4326 debug : CAMLCodec::DequeueBuffer: pts:34.785 idx:834
2025-08-23 16:45:14.653 T:4326 debug : CAMLCodec::GetPicture: index: 834, pts: 34.785, dur:42.000ms ar:1.78 elf:40ms
2025-08-23 16:45:14.653 T:4326 debug : CVideoPlayerVideo::OutputPicture - ttd:353ms pts:34.785 Clock:34.432 Level:5
2025-08-23 16:45:14.660 T:4091 debug : PrepareNextRender: frameOnScreen: 34.439 renderPts: 34.598 nextFramePts: 34.576 -> diff: 0.022 render: 1 forceNext: 0
2025-08-23 16:45:14.660 T:4091 debug : CAMLCodec::ReleaseFrame idx:829, drop:0
2025-08-23 16:45:14.662 T:4326 debug : CAMLCodec::AddData: dl:783936 fl:5310912 sz:211200(211264) lv:12.9% dts:34.910 pts:35.077
2025-08-23 16:45:14.693 T:4091 debug : CAMLCodec::PollFrame elapsed:32.603ms
2025-08-23 16:45:14.694 T:4326 debug : CAMLCodec::DequeueBuffer: pts:34.826 idx:835
2025-08-23 16:45:14.694 T:4326 debug : CAMLCodec::GetPicture: index: 835, pts: 34.826, dur:41.000ms ar:1.78 elf:41ms
2025-08-23 16:45:14.694 T:4326 debug : CVideoPlayerVideo::OutputPicture - ttd:352ms pts:34.826 Clock:34.474 Level:5
2025-08-23 16:45:14.697 T:4327 debug : CVideoPlayerAudio::OutputPacket: pts:35.293 curr_pts:34.453 clock:34.477 level:49
2025-08-23 16:45:14.701 T:4091 debug : PrepareNextRender: frameOnScreen: 34.480 renderPts: 34.639 nextFramePts: 34.618 -> diff: 0.021 render: 1 forceNext: 0
2025-08-23 16:45:14.701 T:4091 debug : CAMLCodec::ReleaseFrame idx:830, drop:0
2025-08-23 16:45:14.708 T:4326 debug : CAMLCodec::AddData: dl:355264 fl:5739584 sz:143899(144000) lv:5.8% dts:34.952 pts:35.035
2025-08-23 16:45:14.711 T:4326 debug : CAMLCodec::AddData: dl:447552 fl:5647296 sz:92178(92288) lv:7.3% dts:34.993 pts:34.993
2025-08-23 16:45:14.713 T:4323 debug : CVideoPlayer::ProcessVideoData size:496770 dts:39.122 pts:39.289 dur:41.000ms, clock:34.492 level:51
2025-08-23 16:45:14.713 T:4326 debug : CAMLCodec::AddData: dl:593472 fl:5501376 sz:145816(145920) lv:9.7% dts:35.035 pts:35.118
2025-08-23 16:45:14.716 T:4326 debug : CAMLCodec::AddData: dl:968832 fl:5126016 sz:375277(375360) lv:15.9% dts:35.077 pts:35.369
2025-08-23 16:45:14.726 T:4323 debug : CVideoPlayer::ProcessVideoData size:379394 dts:39.164 pts:39.248 dur:41.000ms, clock:34.505 level:51
2025-08-23 16:45:14.734 T:4091 debug : CAMLCodec::PollFrame elapsed:32.906ms
2025-08-23 16:45:14.735 T:4326 debug : CAMLCodec::DequeueBuffer: pts:34.868 idx:836
2025-08-23 16:45:14.736 T:4326 debug : CAMLCodec::GetPicture: index: 836, pts: 34.868, dur:42.000ms ar:1.78 elf:40ms
2025-08-23 16:45:14.736 T:4326 debug : CVideoPlayerVideo::OutputPicture - ttd:352ms pts:34.868 Clock:34.515 Level:5
2025-08-23 16:45:14.751 T:4091 debug : PrepareNextRender: frameOnScreen: 34.530 renderPts: 34.689 nextFramePts: 34.660 -> diff: 0.029 render: 1 forceNext: 0
2025-08-23 16:45:14.751 T:4091 debug : CAMLCodec::ReleaseFrame idx:831, drop:0
2025-08-23 16:45:14.776 T:4091 debug : CAMLCodec::PollFrame elapsed:25.126ms
2025-08-23 16:45:14.778 T:4326 debug : CAMLCodec::DequeueBuffer: pts:34.910 idx:837
2025-08-23 16:45:14.778 T:4326 debug : CAMLCodec::GetPicture: index: 837, pts: 34.910, dur:42.000ms ar:1.78 elf:41ms
2025-08-23 16:45:14.778 T:4326 debug : CVideoPlayerVideo::OutputPicture - ttd:353ms pts:34.910 Clock:34.557 Level:5
2025-08-23 16:45:14.780 T:4091 debug : PrepareNextRender: frameOnScreen: 34.559 renderPts: 34.718 nextFramePts: 34.701 -> diff: 0.017 render: 1 forceNext: 0
2025-08-23 16:45:14.780 T:4091 debug : CAMLCodec::ReleaseFrame idx:832, drop:0
2025-08-23 16:45:14.797 T:4327 debug : CVideoPlayerAudio::OutputPacket: pts:35.387 curr_pts:34.552 clock:34.577 level:48
2025-08-23 16:45:14.818 T:4091 debug : CAMLCodec::PollFrame elapsed:37.764ms
2025-08-23 16:45:14.819 T:4326 debug : CAMLCodec::DequeueBuffer: pts:34.952 idx:838
2025-08-23 16:45:14.819 T:4326 debug : CAMLCodec::GetPicture: index: 838, pts: 34.952, dur:42.000ms ar:1.78 elf:41ms
2025-08-23 16:45:14.819 T:4326 debug : CVideoPlayerVideo::OutputPicture - ttd:353ms pts:34.952 Clock:34.599 Level:5
2025-08-23 16:45:14.824 T:4091 debug : PrepareNextRender: frameOnScreen: 34.603 renderPts: 34.763 nextFramePts: 34.743 -> diff: 0.020 render: 1 forceNext: 0
2025-08-23 16:45:14.824 T:4091 debug : CAMLCodec::ReleaseFrame idx:833, drop:0
2025-08-23 16:45:14.829 T:4326 debug : CAMLCodec::AddData: dl:729856 fl:5364992 sz:208467(208576) lv:12.0% dts:35.118 pts:35.285
2025-08-23 16:45:14.860 T:4091 debug : CAMLCodec::PollFrame elapsed:35.140ms
2025-08-23 16:45:14.860 T:4326 debug : CAMLCodec::DequeueBuffer: pts:34.993 idx:839
2025-08-23 16:45:14.861 T:4326 debug : CAMLCodec::GetPicture: index: 839, pts: 34.993, dur:41.000ms ar:1.78 elf:41ms
2025-08-23 16:45:14.861 T:4326 debug : CVideoPlayerVideo::OutputPicture - ttd:353ms pts:34.993 Clock:34.640 Level:5
2025-08-23 16:45:14.867 T:4091 debug : PrepareNextRender: frameOnScreen: 34.647 renderPts: 34.806 nextFramePts: 34.785 -> diff: 0.021 render: 1 forceNext: 0
2025-08-23 16:45:14.868 T:4091 debug : CAMLCodec::ReleaseFrame idx:834, drop:0
2025-08-23 16:45:14.869 T:4323 debug : CVideoPlayer::ProcessVideoData size:391679 dts:39.206 pts:39.206 dur:41.000ms, clock:34.649 level:50
2025-08-23 16:45:14.870 T:4326 debug : CAMLCodec::AddData: dl:781568 fl:5313280 sz:197545(197632) lv:12.8% dts:35.160 pts:35.244
2025-08-23 16:45:14.898 T:4327 debug : CVideoPlayerAudio::OutputPacket: pts:35.479 curr_pts:34.653 clock:34.677 level:47
2025-08-23 16:45:14.901 T:4091 debug : CAMLCodec::PollFrame elapsed:33.653ms
2025-08-23 16:45:14.904 T:4326 debug : CAMLCodec::DequeueBuffer: pts:35.035 idx:840
2025-08-23 16:45:14.904 T:4326 debug : CAMLCodec::GetPicture: index: 840, pts: 35.035, dur:42.000ms ar:1.78 elf:43ms
2025-08-23 16:45:14.904 T:4326 debug : CVideoPlayerVideo::OutputPicture - ttd:351ms pts:35.035 Clock:34.683 Level:5
2025-08-23 16:45:14.910 T:4091 debug : PrepareNextRender: frameOnScreen: 34.689 renderPts: 34.848 nextFramePts: 34.826 -> diff: 0.022 render: 1 forceNext: 0
2025-08-23 16:45:14.910 T:4091 debug : CAMLCodec::ReleaseFrame idx:835, drop:0
2025-08-23 16:45:14.916 T:4326 debug : CAMLCodec::AddData: dl:543552 fl:5551296 sz:137279(137344) lv:8.9% dts:35.202 pts:35.202
2025-08-23 16:45:14.918 T:4326 debug : CAMLCodec::AddData: dl:712704 fl:5382144 sz:169051(169152) lv:11.7% dts:35.244 pts:35.327
2025-08-23 16:45:14.921 T:4323 debug : CVideoPlayer::ProcessVideoData size:352394 dts:39.248 pts:39.331 dur:41.000ms, clock:34.700 level:50
2025-08-23 16:45:14.943 T:4091 debug : CAMLCodec::PollFrame elapsed:32.720ms
2025-08-23 16:45:14.946 T:4326 debug : CAMLCodec::DequeueBuffer: pts:35.077 idx:841
2025-08-23 16:45:14.946 T:4326 debug : CAMLCodec::GetPicture: index: 841, pts: 35.077, dur:42.000ms ar:1.78 elf:42ms
2025-08-23 16:45:14.946 T:4326 debug : CVideoPlayerVideo::OutputPicture - ttd:351ms pts:35.077 Clock:34.726 Level:5
2025-08-23 16:45:14.951 T:4091 debug : PrepareNextRender: frameOnScreen: 34.730 renderPts: 34.889 nextFramePts: 34.868 -> diff: 0.021 render: 1 forceNext: 0
2025-08-23 16:45:14.951 T:4091 debug : CAMLCodec::ReleaseFrame idx:836, drop:0
2025-08-23 16:45:14.956 T:4326 debug : CAMLCodec::AddData: dl:932416 fl:5162432 sz:428203(428288) lv:15.3% dts:35.285 pts:35.494
2025-08-23 16:45:14.962 T:4323 debug : CVideoPlayer::ProcessAudioData size:8068 dts:39.381 pts:39.381 dur:92.000ms, clock:34.742 drop:0 level:47
2025-08-23 16:45:14.962 T:4323 debug : CVideoPlayer::ProcessAudioData size:8053 dts:39.473 pts:39.473 dur:92.000ms, clock:34.742 drop:0 level:48
2025-08-23 16:45:14.968 T:4323 debug : CVideoPlayer::ProcessVideoData size:653460 dts:39.289 pts:39.498 dur:41.000ms, clock:34.747 level:50
2025-08-23 16:45:14.985 T:4091 debug : CAMLCodec::PollFrame elapsed:34.037ms
2025-08-23 16:45:14.985 T:4326 debug : CAMLCodec::DequeueBuffer: pts:35.118 idx:842
2025-08-23 16:45:14.986 T:4326 debug : CAMLCodec::GetPicture: index: 842, pts: 35.118, dur:41.000ms ar:1.78 elf:38ms
2025-08-23 16:45:14.986 T:4326 debug : CVideoPlayerVideo::OutputPicture - ttd:353ms pts:35.118 Clock:34.765 Level:5
2025-08-23 16:45:14.995 T:4091 debug : PrepareNextRender: frameOnScreen: 34.774 renderPts: 34.934 nextFramePts: 34.910 -> diff: 0.024 render: 1 forceNext: 0
2025-08-23 16:45:14.996 T:4091 debug : CAMLCodec::ReleaseFrame idx:837, drop:0
2025-08-23 16:45:14.998 T:4327 debug : CVideoPlayerAudio::OutputPacket: pts:35.573 curr_pts:34.753 clock:34.777 level:48
2025-08-23 16:45:15.026 T:4091 debug : CAMLCodec::PollFrame elapsed:30.072ms
2025-08-23 16:45:15.028 T:4326 debug : CAMLCodec::DequeueBuffer: pts:35.160 idx:843
2025-08-23 16:45:15.028 T:4326 debug : CAMLCodec::GetPicture: index: 843, pts: 35.160, dur:42.000ms ar:1.78 elf:42ms
2025-08-23 16:45:15.028 T:4326 debug : CVideoPlayerVideo::OutputPicture - ttd:352ms pts:35.160 Clock:34.807 Level:5
2025-08-23 16:45:15.035 T:4091 debug : PrepareNextRender: frameOnScreen: 34.814 renderPts: 34.973 nextFramePts: 34.952 -> diff: 0.021 render: 1 forceNext: 0
2025-08-23 16:45:15.035 T:4091 debug : CAMLCodec::ReleaseFrame idx:838, drop:0
2025-08-23 16:45:15.038 T:4326 debug : CAMLCodec::AddData: dl:841664 fl:5253184 sz:244103(244224) lv:13.8% dts:35.327 pts:35.452
2025-08-23 16:45:15.068 T:4091 debug : CAMLCodec::PollFrame elapsed:33.265ms
2025-08-23 16:45:15.069 T:4326 debug : CAMLCodec::DequeueBuffer: pts:35.202 idx:844
2025-08-23 16:45:15.069 T:4326 debug : CAMLCodec::GetPicture: index: 844, pts: 35.202, dur:42.000ms ar:1.78 elf:41ms
2025-08-23 16:45:15.070 T:4326 debug : CVideoPlayerVideo::OutputPicture - ttd:353ms pts:35.202 Clock:34.849 Level:5
2025-08-23 16:45:15.076 T:4091 debug : PrepareNextRender: frameOnScreen: 34.856 renderPts: 35.014 nextFramePts: 34.993 -> diff: 0.021 render: 1 forceNext: 0
2025-08-23 16:45:15.077 T:4091 debug : CAMLCodec::ReleaseFrame idx:839, drop:0
2025-08-23 16:45:15.098 T:4327 debug : CVideoPlayerAudio::OutputPacket: pts:35.665 curr_pts:34.854 clock:34.877 level:47
2025-08-23 16:45:15.110 T:4091 debug : CAMLCodec::PollFrame elapsed:33.110ms
2025-08-23 16:45:15.111 T:4326 debug : CAMLCodec::DequeueBuffer: pts:35.244 idx:845
2025-08-23 16:45:15.112 T:4326 debug : CAMLCodec::GetPicture: index: 845, pts: 35.244, dur:42.000ms ar:1.78 elf:41ms
2025-08-23 16:45:15.112 T:4326 debug : CVideoPlayerVideo::OutputPicture - ttd:353ms pts:35.244 Clock:34.891 Level:5
2025-08-23 16:45:15.117 T:4091 debug : PrepareNextRender: frameOnScreen: 34.896 renderPts: 35.055 nextFramePts: 35.035 -> diff: 0.020 render: 1 forceNext: 0
2025-08-23 16:45:15.117 T:4091 debug : CAMLCodec::ReleaseFrame idx:840, drop:0
2025-08-23 16:45:15.124 T:4326 debug : CAMLCodec::AddData: dl:467072 fl:5627776 sz:222747(222848) lv:7.7% dts:35.369 pts:35.410
2025-08-23 16:45:15.128 T:4326 debug : CAMLCodec::AddData: dl:1123456 fl:4971392 sz:656298(656384) lv:18.4% dts:35.410 pts:35.535
2025-08-23 16:45:15.131 T:4323 debug : CVideoPlayer::ProcessVideoData size:378351 dts:39.331 pts:39.456 dur:41.000ms, clock:34.910 level:48
2025-08-23 16:45:15.133 T:4323 debug : CVideoPlayer::ProcessVideoData size:360750 dts:39.373 pts:39.414 dur:41.000ms, clock:34.912 level:49
2025-08-23 16:45:15.152 T:4091 debug : CAMLCodec::PollFrame elapsed:34.062ms
2025-08-23 16:45:15.154 T:4326 debug : CAMLCodec::DequeueBuffer: pts:35.285 idx:846
2025-08-23 16:45:15.154 T:4326 debug : CAMLCodec::GetPicture: index: 846, pts: 35.285, dur:41.000ms ar:1.78 elf:41ms
2025-08-23 16:45:15.154 T:4326 debug : CVideoPlayerVideo::OutputPicture - ttd:351ms pts:35.285 Clock:34.933 Level:5
2025-08-23 16:45:15.161 T:4091 debug : PrepareNextRender: frameOnScreen: 34.941 renderPts: 35.099 nextFramePts: 35.077 -> diff: 0.022 render: 1 forceNext: 0
2025-08-23 16:45:15.162 T:4091 debug : CAMLCodec::ReleaseFrame idx:841, drop:0
2025-08-23 16:45:15.193 T:4091 debug : CAMLCodec::PollFrame elapsed:31.471ms
2025-08-23 16:45:15.194 T:4326 debug : CAMLCodec::DequeueBuffer: pts:35.327 idx:847
2025-08-23 16:45:15.195 T:4326 debug : CAMLCodec::GetPicture: index: 847, pts: 35.327, dur:42.000ms ar:1.78 elf:40ms
2025-08-23 16:45:15.195 T:4326 debug : CVideoPlayerVideo::OutputPicture - ttd:353ms pts:35.327 Clock:34.974 Level:5
2025-08-23 16:45:15.198 T:4327 debug : CVideoPlayerAudio::OutputPacket: pts:35.759 curr_pts:34.953 clock:34.977 level:46
2025-08-23 16:45:15.203 T:4091 debug : PrepareNextRender: frameOnScreen: 34.982 renderPts: 35.141 nextFramePts: 35.118 -> diff: 0.023 render: 1 forceNext: 0
2025-08-23 16:45:15.203 T:4091 debug : CAMLCodec::ReleaseFrame idx:842, drop:0
2025-08-23 16:45:15.235 T:4091 debug : CAMLCodec::PollFrame elapsed:32.072ms
2025-08-23 16:45:15.237 T:4326 debug : CAMLCodec::DequeueBuffer: pts:35.369 idx:848
2025-08-23 16:45:15.238 T:4326 debug : CAMLCodec::GetPicture: index: 848, pts: 35.369, dur:42.000ms ar:1.78 elf:42ms
2025-08-23 16:45:15.238 T:4326 debug : CVideoPlayerVideo::OutputPicture - ttd:352ms pts:35.369 Clock:35.017 Level:5
2025-08-23 16:45:15.239 T:4326 debug : CAMLCodec::DequeueBuffer: pts:35.410 idx:849
2025-08-23 16:45:15.239 T:4326 debug : CAMLCodec::GetPicture: index: 849, pts: 35.410, dur:41.000ms ar:1.78 elf:1ms
2025-08-23 16:45:15.239 T:4326 debug : CVideoPlayerVideo::OutputPicture - ttd:391ms pts:35.410 Clock:35.018 Level:6
2025-08-23 16:45:15.241 T:4326 debug : CAMLCodec::DequeueBuffer: pts:35.452 idx:850
2025-08-23 16:45:15.241 T:4326 debug : CAMLCodec::GetPicture: index: 850, pts: 35.452, dur:42.000ms ar:1.78 elf:1ms
2025-08-23 16:45:15.242 T:4091 debug : PrepareNextRender: frameOnScreen: 35.021 renderPts: 35.180 nextFramePts: 35.160 -> diff: 0.020 render: 1 forceNext: 0
2025-08-23 16:45:15.242 T:4326 debug : CVideoPlayerVideo::OutputPicture - ttd:432ms pts:35.452 Clock:35.020 Level:6
2025-08-23 16:45:15.243 T:4091 debug : CAMLCodec::ReleaseFrame idx:843, drop:0
2025-08-23 16:45:15.244 T:4326 debug : CAMLCodec::DequeueBuffer: pts:35.494 idx:851
2025-08-23 16:45:15.244 T:4326 debug : CAMLCodec::GetPicture: index: 851, pts: 35.494, dur:42.000ms ar:1.78 elf:2ms
2025-08-23 16:45:15.277 T:4091 debug : CAMLCodec::PollFrame elapsed:34.056ms
2025-08-23 16:45:15.283 T:4091 debug : PrepareNextRender: frameOnScreen: 35.062 renderPts: 35.221 nextFramePts: 35.202 -> diff: 0.019 render: 1 forceNext: 0
2025-08-23 16:45:15.283 T:4326 debug : CVideoPlayerVideo::OutputPicture - ttd:471ms pts:35.494 Clock:35.023 Level:6
2025-08-23 16:45:15.283 T:4091 debug : CAMLCodec::ReleaseFrame idx:844, drop:0
2025-08-23 16:45:15.290 T:4323 debug : CVideoPlayer::ProcessVideoData size:1058814 dts:39.414 pts:39.539 dur:41.000ms, clock:35.069 level:49
2025-08-23 16:45:15.290 T:4326 debug : CAMLCodec::AddData: dl:500416 fl:5594432 sz:500316(500416) lv:8.2% dts:35.452 pts:35.744
2025-08-23 16:45:15.293 T:4326 debug : CAMLCodec::AddData: dl:869888 fl:5224960 sz:369402(369472) lv:14.3% dts:35.494 pts:35.661
2025-08-23 16:45:15.298 T:4327 debug : CVideoPlayerAudio::OutputPacket: pts:35.851 curr_pts:35.055 clock:35.077 level:45
2025-08-23 16:45:15.301 T:4323 debug : CVideoPlayer::ProcessAudioData size:8093 dts:39.567 pts:39.567 dur:92.000ms, clock:35.080 drop:0 level:45
2025-08-23 16:45:15.302 T:4326 debug : CAMLCodec::AddData: dl:677056 fl:5417792 sz:307494(307584) lv:11.1% dts:35.535 pts:35.619
2025-08-23 16:45:15.304 T:4323 debug : CVideoPlayer::ProcessVideoData size:511203 dts:39.456 pts:39.581 dur:41.000ms, clock:35.083 level:48
2025-08-23 16:45:15.319 T:4091 debug : CAMLCodec::PollFrame elapsed:35.164ms
2025-08-23 16:45:15.332 T:4091 debug : PrepareNextRender: frameOnScreen: 35.111 renderPts: 35.270 nextFramePts: 35.244 -> diff: 0.026 render: 1 forceNext: 0
2025-08-23 16:45:15.332 T:4091 debug : CAMLCodec::ReleaseFrame idx:845, drop:0
2025-08-23 16:45:15.334 T:4326 debug : CAMLCodec::AddData: dl:575936 fl:5518912 sz:268225(268352) lv:9.4% dts:35.577 pts:35.577
2025-08-23 16:45:15.337 T:4326 debug : CAMLCodec::AddData: dl:867200 fl:5227648 sz:291188(291264) lv:14.2% dts:35.619 pts:35.702
2025-08-23 16:45:15.337 T:4323 debug : CVideoPlayer::ProcessAudioData size:7769 dts:39.660 pts:39.660 dur:92.000ms, clock:35.116 drop:0 level:46
2025-08-23 16:45:15.337 T:4323 debug : CVideoPlayer::ProcessAudioData size:7676 dts:39.752 pts:39.752 dur:92.000ms, clock:35.116 drop:0 level:47
2025-08-23 16:45:15.342 T:4323 debug : CVideoPlayer::ProcessVideoData size:693017 dts:39.498 pts:39.790 dur:41.000ms, clock:35.121 level:48
2025-08-23 16:45:15.348 T:4327 debug : CVideoPlayerAudio::OutputPacket: pts:35.944 curr_pts:35.103 clock:35.127 level:47
2025-08-23 16:45:15.360 T:4091 debug : CAMLCodec::PollFrame elapsed:28.051ms
2025-08-23 16:45:15.368 T:4091 debug : PrepareNextRender: frameOnScreen: 35.147 renderPts: 35.306 nextFramePts: 35.285 -> diff: 0.021 render: 1 forceNext: 0
2025-08-23 16:45:15.368 T:4091 debug : CAMLCodec::ReleaseFrame idx:846, drop:0
2025-08-23 16:45:15.377 T:4326 debug : CAMLCodec::AddData: dl:1105344 fl:4989504 sz:545604(545728) lv:18.1% dts:35.661 pts:35.869
2025-08-23 16:45:15.402 T:4091 debug : CAMLCodec::PollFrame elapsed:33.923ms
2025-08-23 16:45:15.404 T:4326 debug : CAMLCodec::DequeueBuffer: pts:35.535 idx:852
2025-08-23 16:45:15.404 T:4326 debug : CAMLCodec::GetPicture: index: 852, pts: 35.535, dur:41.000ms ar:1.78 elf:160ms
2025-08-23 16:45:15.404 T:4326 debug : CVideoPlayerVideo::OutputPicture - ttd:351ms pts:35.535 Clock:35.183 Level:5
2025-08-23 16:45:15.415 T:4091 debug : PrepareNextRender: frameOnScreen: 35.194 renderPts: 35.353 nextFramePts: 35.327 -> diff: 0.026 render: 1 forceNext: 0
2025-08-23 16:45:15.415 T:4091 debug : CAMLCodec::ReleaseFrame idx:847, drop:0
2025-08-23 16:45:15.444 T:4091 debug : CAMLCodec::PollFrame elapsed:28.226ms
2025-08-23 16:45:15.446 T:4326 debug : CAMLCodec::DequeueBuffer: pts:35.577 idx:853
2025-08-23 16:45:15.446 T:4326 debug : CAMLCodec::GetPicture: index: 853, pts: 35.577, dur:42.000ms ar:1.78 elf:41ms
2025-08-23 16:45:15.446 T:4326 debug : CVideoPlayerVideo::OutputPicture - ttd:352ms pts:35.577 Clock:35.225 Level:5
2025-08-23 16:45:15.448 T:4327 debug : CVideoPlayerAudio::OutputPacket: pts:36.036 curr_pts:35.203 clock:35.227 level:46
2025-08-23 16:45:15.453 T:4091 debug : PrepareNextRender: frameOnScreen: 35.232 renderPts: 35.391 nextFramePts: 35.369 -> diff: 0.022 render: 1 forceNext: 0
2025-08-23 16:45:15.453 T:4091 debug : CAMLCodec::ReleaseFrame idx:848, drop:0
2025-08-23 16:45:15.457 T:4326 debug : CAMLCodec::AddData: dl:780160 fl:5314688 sz:234309(234432) lv:12.8% dts:35.702 pts:35.827
2025-08-23 16:45:15.465 T:4323 debug : CVideoPlayer::ProcessVideoData size:588070 dts:39.539 pts:39.706 dur:41.000ms, clock:35.244 level:47
2025-08-23 16:45:15.485 T:4091 debug : CAMLCodec::PollFrame elapsed:32.338ms
2025-08-23 16:45:15.488 T:4326 debug : CAMLCodec::DequeueBuffer: pts:35.619 idx:854
2025-08-23 16:45:15.488 T:4326 debug : CAMLCodec::GetPicture: index: 854, pts: 35.619, dur:42.000ms ar:1.78 elf:42ms
2025-08-23 16:45:15.488 T:4326 debug : CVideoPlayerVideo::OutputPicture - ttd:351ms pts:35.619 Clock:35.267 Level:5
2025-08-23 16:45:15.493 T:4091 debug : PrepareNextRender: frameOnScreen: 35.272 renderPts: 35.431 nextFramePts: 35.410 -> diff: 0.021 render: 1 forceNext: 0
2025-08-23 16:45:15.493 T:4091 debug : CAMLCodec::ReleaseFrame idx:849, drop:0
2025-08-23 16:45:15.505 T:4326 debug : CAMLCodec::AddData: dl:599616 fl:5495232 sz:365118(365184) lv:9.8% dts:35.744 pts:35.786
2025-08-23 16:45:15.507 T:4323 debug : CVideoPlayer::ProcessVideoData size:555860 dts:39.581 pts:39.665 dur:41.000ms, clock:35.286 level:47
2025-08-23 16:45:15.510 T:4326 debug : CAMLCodec::AddData: dl:1054592 fl:5040256 sz:454880(454976) lv:17.3% dts:35.786 pts:36.078
2025-08-23 16:45:15.527 T:4091 debug : CAMLCodec::PollFrame elapsed:33.874ms
2025-08-23 16:45:15.530 T:4326 debug : CAMLCodec::DequeueBuffer: pts:35.661 idx:855
2025-08-23 16:45:15.530 T:4326 debug : CAMLCodec::GetPicture: index: 855, pts: 35.661, dur:42.000ms ar:1.78 elf:41ms
2025-08-23 16:45:15.530 T:4326 debug : CVideoPlayerVideo::OutputPicture - ttd:351ms pts:35.661 Clock:35.309 Level:5
2025-08-23 16:45:15.534 T:4091 debug : PrepareNextRender: frameOnScreen: 35.313 renderPts: 35.472 nextFramePts: 35.452 -> diff: 0.020 render: 1 forceNext: 0
2025-08-23 16:45:15.535 T:4091 debug : CAMLCodec::ReleaseFrame idx:850, drop:0
2025-08-23 16:45:15.548 T:4327 debug : CVideoPlayerAudio::OutputPacket: pts:36.130 curr_pts:35.302 clock:35.327 level:45
2025-08-23 16:45:15.569 T:4091 debug : CAMLCodec::PollFrame elapsed:34.128ms
2025-08-23 16:45:15.571 T:4326 debug : CAMLCodec::DequeueBuffer: pts:35.702 idx:856
2025-08-23 16:45:15.571 T:4326 debug : CAMLCodec::GetPicture: index: 856, pts: 35.702, dur:41.000ms ar:1.78 elf:40ms
2025-08-23 16:45:15.571 T:4326 debug : CVideoPlayerVideo::OutputPicture - ttd:352ms pts:35.702 Clock:35.350 Level:5
2025-08-23 16:45:15.575 T:4091 debug : PrepareNextRender: frameOnScreen: 35.354 renderPts: 35.513 nextFramePts: 35.494 -> diff: 0.019 render: 1 forceNext: 0
2025-08-23 16:45:15.575 T:4091 debug : CAMLCodec::ReleaseFrame idx:851, drop:0
2025-08-23 16:45:15.584 T:4326 debug : CAMLCodec::AddData: dl:781120 fl:5313728 sz:326063(326144) lv:12.8% dts:35.827 pts:35.994
2025-08-23 16:45:15.590 T:4323 debug : CVideoPlayer::ProcessVideoData size:465369 dts:39.623 pts:39.623 dur:41.000ms, clock:35.369 level:47
2025-08-23 16:45:15.611 T:4091 debug : CAMLCodec::PollFrame elapsed:35.105ms
2025-08-23 16:45:15.612 T:4326 debug : CAMLCodec::DequeueBuffer: pts:35.744 idx:857
2025-08-23 16:45:15.612 T:4326 debug : CAMLCodec::GetPicture: index: 857, pts: 35.744, dur:42.000ms ar:1.78 elf:41ms
2025-08-23 16:45:15.613 T:4326 debug : CVideoPlayerVideo::OutputPicture - ttd:352ms pts:35.744 Clock:35.392 Level:5
2025-08-23 16:45:15.619 T:4091 debug : PrepareNextRender: frameOnScreen: 35.398 renderPts: 35.557 nextFramePts: 35.535 -> diff: 0.022 render: 1 forceNext: 0
2025-08-23 16:45:15.620 T:4091 debug : CAMLCodec::ReleaseFrame idx:852, drop:0
2025-08-23 16:45:15.626 T:4326 debug : CAMLCodec::AddData: dl:643584 fl:5451264 sz:317328(317440) lv:10.6% dts:35.869 pts:35.953
2025-08-23 16:45:15.632 T:4323 debug : CVideoPlayer::ProcessVideoData size:435631 dts:39.665 pts:39.748 dur:41.000ms, clock:35.411 level:47
2025-08-23 16:45:15.648 T:4327 debug : CVideoPlayerAudio::OutputPacket: pts:36.222 curr_pts:35.404 clock:35.427 level:43
2025-08-23 16:45:15.652 T:4091 debug : CAMLCodec::PollFrame elapsed:32.691ms
2025-08-23 16:45:15.653 T:4326 debug : CAMLCodec::DequeueBuffer: pts:35.786 idx:858
2025-08-23 16:45:15.653 T:4326 debug : CAMLCodec::GetPicture: index: 858, pts: 35.786, dur:42.000ms ar:1.78 elf:40ms
2025-08-23 16:45:15.653 T:4326 debug : CVideoPlayerVideo::OutputPicture - ttd:353ms pts:35.786 Clock:35.433 Level:5
2025-08-23 16:45:15.660 T:4091 debug : PrepareNextRender: frameOnScreen: 35.439 renderPts: 35.598 nextFramePts: 35.577 -> diff: 0.021 render: 1 forceNext: 0
2025-08-23 16:45:15.660 T:4091 debug : CAMLCodec::ReleaseFrame idx:853, drop:0
2025-08-23 16:45:15.665 T:4326 debug : CAMLCodec::AddData: dl:547200 fl:5547648 sz:229635(229760) lv:9.0% dts:35.911 pts:35.911
2025-08-23 16:45:15.668 T:4326 debug : CAMLCodec::AddData: dl:779008 fl:5315840 sz:231709(231808) lv:12.8% dts:35.953 pts:36.036
2025-08-23 16:45:15.674 T:4323 debug : CVideoPlayer::ProcessAudioData size:7481 dts:39.845 pts:39.845 dur:92.000ms, clock:35.453 drop:0 level:43
2025-08-23 16:45:15.674 T:4323 debug : CVideoPlayer::ProcessAudioData size:7372 dts:39.937 pts:39.937 dur:92.000ms, clock:35.454 drop:0 level:45
2025-08-23 16:45:15.679 T:4323 debug : CVideoPlayer::ProcessVideoData size:460936 dts:39.706 pts:39.998 dur:41.000ms, clock:35.458 level:46
2025-08-23 16:45:15.694 T:4091 debug : CAMLCodec::PollFrame elapsed:33.395ms
2025-08-23 16:45:15.695 T:4326 debug : CAMLCodec::DequeueBuffer: pts:35.827 idx:859
2025-08-23 16:45:15.695 T:4326 debug : CAMLCodec::GetPicture: index: 859, pts: 35.827, dur:41.000ms ar:1.78 elf:41ms
2025-08-23 16:45:15.696 T:4326 debug : CVideoPlayerVideo::OutputPicture - ttd:352ms pts:35.827 Clock:35.475 Level:5
2025-08-23 16:45:15.709 T:4326 debug : CAMLCodec::AddData: dl:1001984 fl:5092864 sz:540336(540416) lv:16.4% dts:35.994 pts:36.245
2025-08-23 16:45:15.709 T:4091 debug : PrepareNextRender: frameOnScreen: 35.488 renderPts: 35.647 nextFramePts: 35.619 -> diff: 0.028 render: 1 forceNext: 0
2025-08-23 16:45:15.709 T:4091 debug : CAMLCodec::ReleaseFrame idx:854, drop:0
2025-08-23 16:45:15.711 T:4323 debug : CVideoPlayer::ProcessVideoData size:457375 dts:39.748 pts:39.915 dur:41.000ms, clock:35.490 level:46
2025-08-23 16:45:15.736 T:4091 debug : CAMLCodec::PollFrame elapsed:26.337ms
2025-08-23 16:45:15.738 T:4326 debug : CAMLCodec::DequeueBuffer: pts:35.869 idx:860
2025-08-23 16:45:15.738 T:4326 debug : CAMLCodec::GetPicture: index: 860, pts: 35.869, dur:42.000ms ar:1.78 elf:42ms
2025-08-23 16:45:15.738 T:4326 debug : CVideoPlayerVideo::OutputPicture - ttd:351ms pts:35.869 Clock:35.517 Level:5
2025-08-23 16:45:15.740 T:4091 debug : PrepareNextRender: frameOnScreen: 35.519 renderPts: 35.678 nextFramePts: 35.661 -> diff: 0.017 render: 1 forceNext: 0
2025-08-23 16:45:15.740 T:4091 debug : CAMLCodec::ReleaseFrame idx:855, drop:0
2025-08-23 16:45:15.748 T:4327 debug : CVideoPlayerAudio::OutputPacket: pts:36.316 curr_pts:35.503 clock:35.527 level:45
2025-08-23 16:45:15.777 T:4091 debug : CAMLCodec::PollFrame elapsed:36.856ms
2025-08-23 16:45:15.778 T:4326 debug : CAMLCodec::DequeueBuffer: pts:35.911 idx:861
2025-08-23 16:45:15.778 T:4326 debug : CAMLCodec::GetPicture: index: 861, pts: 35.911, dur:42.000ms ar:1.78 elf:39ms
2025-08-23 16:45:15.778 T:4326 debug : CVideoPlayerVideo::OutputPicture - ttd:353ms pts:35.911 Clock:35.558 Level:5
2025-08-23 16:45:15.784 T:4091 debug : PrepareNextRender: frameOnScreen: 35.563 renderPts: 35.722 nextFramePts: 35.702 -> diff: 0.020 render: 1 forceNext: 0
2025-08-23 16:45:15.784 T:4091 debug : CAMLCodec::ReleaseFrame idx:856, drop:0
2025-08-23 16:45:15.790 T:4326 debug : CAMLCodec::AddData: dl:844800 fl:5250048 sz:304295(304384) lv:13.9% dts:36.036 pts:36.161
2025-08-23 16:45:15.819 T:4091 debug : CAMLCodec::PollFrame elapsed:34.796ms
2025-08-23 16:45:15.822 T:4326 debug : CAMLCodec::DequeueBuffer: pts:35.953 idx:862
2025-08-23 16:45:15.822 T:4326 debug : CAMLCodec::GetPicture: index: 862, pts: 35.953, dur:42.000ms ar:1.78 elf:43ms
2025-08-23 16:45:15.822 T:4326 debug : CVideoPlayerVideo::OutputPicture - ttd:351ms pts:35.953 Clock:35.601 Level:5
2025-08-23 16:45:15.826 T:4091 debug : PrepareNextRender: frameOnScreen: 35.605 renderPts: 35.764 nextFramePts: 35.744 -> diff: 0.020 render: 1 forceNext: 0
2025-08-23 16:45:15.826 T:4091 debug : CAMLCodec::ReleaseFrame idx:857, drop:0
2025-08-23 16:45:15.838 T:4326 debug : CAMLCodec::AddData: dl:596800 fl:5498048 sz:292324(292416) lv:9.8% dts:36.078 pts:36.119
2025-08-23 16:45:15.841 T:4326 debug : CAMLCodec::AddData: dl:882176 fl:5212672 sz:285249(285376) lv:14.5% dts:36.119 pts:36.203
2025-08-23 16:45:15.844 T:4323 debug : CVideoPlayer::ProcessVideoData size:466006 dts:39.790 pts:39.873 dur:41.000ms, clock:35.623 level:45
2025-08-23 16:45:15.845 T:4323 debug : CVideoPlayer::ProcessVideoData size:389131 dts:39.831 pts:39.831 dur:41.000ms, clock:35.624 level:46
2025-08-23 16:45:15.849 T:4327 debug : CVideoPlayerAudio::OutputPacket: pts:36.409 curr_pts:35.604 clock:35.628 level:43
2025-08-23 16:45:15.861 T:4091 debug : CAMLCodec::PollFrame elapsed:34.745ms
2025-08-23 16:45:15.863 T:4326 debug : CAMLCodec::DequeueBuffer: pts:35.994 idx:863
2025-08-23 16:45:15.864 T:4326 debug : CAMLCodec::GetPicture: index: 863, pts: 35.994, dur:41.000ms ar:1.78 elf:41ms
2025-08-23 16:45:15.864 T:4326 debug : CVideoPlayerVideo::OutputPicture - ttd:351ms pts:35.994 Clock:35.643 Level:5
2025-08-23 16:45:15.868 T:4091 debug : PrepareNextRender: frameOnScreen: 35.647 renderPts: 35.806 nextFramePts: 35.786 -> diff: 0.020 render: 1 forceNext: 0
2025-08-23 16:45:15.868 T:4091 debug : CAMLCodec::ReleaseFrame idx:858, drop:0
2025-08-23 16:45:15.876 T:4326 debug : CAMLCodec::AddData: dl:1038912 fl:5055936 sz:461027(461120) lv:17.0% dts:36.161 pts:36.286
2025-08-23 16:45:15.877 T:4323 debug : CVideoPlayer::ProcessVideoData size:285323 dts:39.873 pts:39.957 dur:41.000ms, clock:35.656 level:46
2025-08-23 16:45:15.902 T:4091 debug : CAMLCodec::PollFrame elapsed:34.075ms
2025-08-23 16:45:15.903 T:4326 debug : CAMLCodec::DequeueBuffer: pts:36.036 idx:864
2025-08-23 16:45:15.904 T:4326 debug : CAMLCodec::GetPicture: index: 864, pts: 36.036, dur:42.000ms ar:1.78 elf:39ms
2025-08-23 16:45:15.904 T:4326 debug : CVideoPlayerVideo::OutputPicture - ttd:353ms pts:36.036 Clock:35.683 Level:5
2025-08-23 16:45:15.915 T:4091 debug : PrepareNextRender: frameOnScreen: 35.694 renderPts: 35.853 nextFramePts: 35.827 -> diff: 0.026 render: 1 forceNext: 0
2025-08-23 16:45:15.915 T:4091 debug : CAMLCodec::ReleaseFrame idx:859, drop:0
2025-08-23 16:45:15.944 T:4091 debug : CAMLCodec::PollFrame elapsed:28.913ms
2025-08-23 16:45:15.946 T:4326 debug : CAMLCodec::DequeueBuffer: pts:36.078 idx:865
2025-08-23 16:45:15.946 T:4326 debug : CAMLCodec::GetPicture: index: 865, pts: 36.078, dur:42.000ms ar:1.78 elf:42ms
2025-08-23 16:45:15.946 T:4326 debug : CVideoPlayerVideo::OutputPicture - ttd:352ms pts:36.078 Clock:35.725 Level:5
2025-08-23 16:45:15.949 T:4327 debug : CVideoPlayerAudio::OutputPacket: pts:36.502 curr_pts:35.704 clock:35.728 level:42
2025-08-23 16:45:15.954 T:4091 debug : PrepareNextRender: frameOnScreen: 35.733 renderPts: 35.892 nextFramePts: 35.869 -> diff: 0.023 render: 1 forceNext: 0
2025-08-23 16:45:15.954 T:4091 debug : CAMLCodec::ReleaseFrame idx:860, drop:0
2025-08-23 16:45:15.960 T:4323 debug : CVideoPlayer::ProcessAudioData size:7531 dts:40.031 pts:40.031 dur:92.000ms, clock:35.739 drop:0 level:42
2025-08-23 16:45:15.962 T:4323 debug : CVideoPlayer::ProcessVideoData size:326906 dts:39.915 pts:40.082 dur:41.000ms, clock:35.741 level:46
2025-08-23 16:45:15.963 T:4323 debug : CVideoPlayer::ProcessVideoData size:179333 dts:39.957 pts:40.040 dur:41.000ms, clock:35.742 level:46
2025-08-23 16:45:15.963 T:4326 debug : CAMLCodec::AddData: dl:943552 fl:5151296 sz:482360(482432) lv:15.5% dts:36.203 pts:36.370
2025-08-23 16:45:15.986 T:4091 debug : CAMLCodec::PollFrame elapsed:32.332ms
2025-08-23 16:45:15.987 T:4326 debug : CAMLCodec::DequeueBuffer: pts:36.119 idx:866
2025-08-23 16:45:15.988 T:4326 debug : CAMLCodec::GetPicture: index: 866, pts: 36.119, dur:41.000ms ar:1.78 elf:41ms
2025-08-23 16:45:15.988 T:4326 debug : CVideoPlayerVideo::OutputPicture - ttd:352ms pts:36.119 Clock:35.767 Level:5
2025-08-23 16:45:15.994 T:4091 debug : PrepareNextRender: frameOnScreen: 35.773 renderPts: 35.932 nextFramePts: 35.911 -> diff: 0.021 render: 1 forceNext: 0
2025-08-23 16:45:15.994 T:4091 debug : CAMLCodec::ReleaseFrame idx:861, drop:0
2025-08-23 16:45:15.998 T:4327 debug : CVideoPlayerAudio::OutputPacket: pts:36.595 curr_pts:35.754 clock:35.777 level:42
2025-08-23 16:45:16.001 T:4326 debug : CAMLCodec::AddData: dl:763712 fl:5331136 sz:281171(281280) lv:12.5% dts:36.245 pts:36.328
2025-08-23 16:45:16.005 T:4323 debug : CVideoPlayer::ProcessVideoData size:225959 dts:39.998 pts:40.123 dur:41.000ms, clock:35.784 level:46
2025-08-23 16:45:16.028 T:4091 debug : CAMLCodec::PollFrame elapsed:33.606ms
2025-08-23 16:45:16.029 T:4326 debug : CAMLCodec::DequeueBuffer: pts:36.161 idx:867
2025-08-23 16:45:16.029 T:4326 debug : CAMLCodec::GetPicture: index: 867, pts: 36.161, dur:42.000ms ar:1.78 elf:41ms
2025-08-23 16:45:16.029 T:4326 debug : CVideoPlayerVideo::OutputPicture - ttd:352ms pts:36.161 Clock:35.808 Level:5
2025-08-23 16:45:16.035 T:4091 debug : PrepareNextRender: frameOnScreen: 35.814 renderPts: 35.973 nextFramePts: 35.953 -> diff: 0.020 render: 1 forceNext: 0
2025-08-23 16:45:16.035 T:4091 debug : CAMLCodec::ReleaseFrame idx:862, drop:0
2025-08-23 16:45:16.045 T:4326 debug : CAMLCodec::AddData: dl:788608 fl:5306240 sz:507213(507328) lv:12.9% dts:36.286 pts:36.495
