2025-08-23 16:45:23.414 T:4326 debug : CVideoPlayerVideo::OutputPicture - ttd:351ms pts:43.543 Clock:43.191 Level:5
2025-08-23 16:45:23.424 T:4326 debug : CAMLCodec::AddData: dl:918784 fl:5176064 sz:327596(327680) lv:15.1% dts:43.710 pts:44.002
2025-08-23 16:45:23.425 T:4323 debug : CVideoPlayer::ProcessVideoData size:248771 dts:51.426 pts:51.510 dur:41.000ms, clock:43.202 level:96
2025-08-23 16:45:23.431 T:4091 debug : PrepareNextRender: frameOnScreen: 43.209 renderPts: 43.367 nextFramePts: 43.335 -> diff: 0.032 render: 1 forceNext: 0
2025-08-23 16:45:23.431 T:4091 debug : CAMLCodec::ReleaseFrame idx:1039, drop:0
2025-08-23 16:45:23.450 T:4327 debug : CVideoPlayerAudio::OutputPacket: pts:44.025 curr_pts:43.203 clock:43.228 level:93
2025-08-23 16:45:23.453 T:4091 debug : CAMLCodec::PollFrame elapsed:21.735ms
2025-08-23 16:45:23.455 T:4326 debug : CAMLCodec::DequeueBuffer: pts:43.585 idx:1045
2025-08-23 16:45:23.455 T:4326 debug : CAMLCodec::GetPicture: index: 1045, pts: 43.585, dur:42.000ms ar:1.78 elf:41ms
2025-08-23 16:45:23.455 T:4326 debug : CVideoPlayerVideo::OutputPicture - ttd:352ms pts:43.585 Clock:43.233 Level:5
2025-08-23 16:45:23.457 T:4091 debug : PrepareNextRender: frameOnScreen: 43.235 renderPts: 43.393 nextFramePts: 43.377 -> diff: 0.016 render: 1 forceNext: 0
2025-08-23 16:45:23.457 T:4091 debug : CAMLCodec::ReleaseFrame idx:1040, drop:0
2025-08-23 16:45:23.495 T:4091 debug : CAMLCodec::PollFrame elapsed:37.352ms
2025-08-23 16:45:23.497 T:4326 debug : CAMLCodec::DequeueBuffer: pts:43.627 idx:1046
2025-08-23 16:45:23.497 T:4326 debug : CAMLCodec::GetPicture: index: 1046, pts: 43.627, dur:42.000ms ar:1.78 elf:42ms
2025-08-23 16:45:23.497 T:4326 debug : CVideoPlayerVideo::OutputPicture - ttd:352ms pts:43.627 Clock:43.275 Level:5
2025-08-23 16:45:23.498 T:4326 debug : CAMLCodec::DequeueBuffer: pts:43.669 idx:1047
2025-08-23 16:45:23.498 T:4326 debug : CAMLCodec::GetPicture: index: 1047, pts: 43.669, dur:42.000ms ar:1.78 elf:1ms
2025-08-23 16:45:23.499 T:4326 debug : CVideoPlayerVideo::OutputPicture - ttd:392ms pts:43.669 Clock:43.276 Level:6
2025-08-23 16:45:23.500 T:4326 debug : CAMLCodec::DequeueBuffer: pts:43.710 idx:1048
2025-08-23 16:45:23.500 T:4326 debug : CAMLCodec::GetPicture: index: 1048, pts: 43.710, dur:41.000ms ar:1.78 elf:1ms
2025-08-23 16:45:23.503 T:4091 debug : PrepareNextRender: frameOnScreen: 43.281 renderPts: 43.439 nextFramePts: 43.418 -> diff: 0.021 render: 1 forceNext: 0
2025-08-23 16:45:23.503 T:4326 debug : CVideoPlayerVideo::OutputPicture - ttd:432ms pts:43.710 Clock:43.278 Level:6
2025-08-23 16:45:23.503 T:4091 debug : CAMLCodec::ReleaseFrame idx:1041, drop:0
2025-08-23 16:45:23.504 T:4326 debug : CAMLCodec::DequeueBuffer: pts:43.752 idx:1049
2025-08-23 16:45:23.504 T:4326 debug : CAMLCodec::GetPicture: index: 1049, pts: 43.752, dur:42.000ms ar:1.78 elf:4ms
2025-08-23 16:45:23.536 T:4091 debug : CAMLCodec::PollFrame elapsed:33.031ms
2025-08-23 16:45:23.543 T:4091 debug : PrepareNextRender: frameOnScreen: 43.321 renderPts: 43.479 nextFramePts: 43.460 -> diff: 0.019 render: 1 forceNext: 0
2025-08-23 16:45:23.544 T:4326 debug : CVideoPlayerVideo::OutputPicture - ttd:469ms pts:43.752 Clock:43.282 Level:6
2025-08-23 16:45:23.544 T:4091 debug : CAMLCodec::ReleaseFrame idx:1042, drop:0
2025-08-23 16:45:23.547 T:4323 debug : CVideoPlayer::ProcessVideoData size:198664 dts:51.468 pts:51.468 dur:41.000ms, clock:43.325 level:96
2025-08-23 16:45:23.548 T:4326 debug : CAMLCodec::AddData: dl:576128 fl:5518720 sz:248335(248448) lv:9.5% dts:43.752 pts:43.919
2025-08-23 16:45:23.550 T:4327 debug : CVideoPlayerAudio::OutputPacket: pts:44.117 curr_pts:43.305 clock:43.328 level:92
2025-08-23 16:45:23.551 T:4326 debug : CAMLCodec::AddData: dl:470976 fl:5623872 sz:222458(222528) lv:7.7% dts:43.794 pts:43.877
2025-08-23 16:45:23.554 T:4326 debug : CAMLCodec::AddData: dl:652864 fl:5441984 sz:181821(181888) lv:10.7% dts:43.835 pts:43.835
2025-08-23 16:45:23.558 T:4323 debug : CVideoPlayer::ProcessVideoData size:200023 dts:51.510 pts:51.593 dur:41.000ms, clock:43.336 level:95
2025-08-23 16:45:23.560 T:4323 debug : CVideoPlayer::ProcessAudioData size:8659 dts:51.641 pts:51.641 dur:92.000ms, clock:43.338 drop:0 level:92
2025-08-23 16:45:23.560 T:4323 debug : CVideoPlayer::ProcessAudioData size:9702 dts:51.733 pts:51.733 dur:92.000ms, clock:43.338 drop:0 level:93
2025-08-23 16:45:23.564 T:4323 debug : CVideoPlayer::ProcessVideoData size:348611 dts:51.551 pts:51.760 dur:41.000ms, clock:43.342 level:96
2025-08-23 16:45:23.565 T:4098 debug : CLibInputKeyboard::ProcessKey - using delay: 400ms repeat: 80ms
2025-08-23 16:45:23.565 T:4361 debug : Thread Timer start, auto delete: false
2025-08-23 16:45:23.578 T:4091 debug : CAMLCodec::PollFrame elapsed:34.339ms
2025-08-23 16:45:23.589 T:4091 debug : Keyboard: scancode: 0x80, sym: 0x151 (), unicode: 0x00, modifier: 0x0
2025-08-23 16:45:23.589 T:4091 debug : HandleKey: stop (0xf0bc) pressed, window 10116, action is Stop
2025-08-23 16:45:23.589 T:4091 info : CVideoPlayer::CloseFile()
2025-08-23 16:45:23.589 T:4091 debug : DeleteRenderer - deleting renderer
2025-08-23 16:45:23.589 T:4091 info : VideoPlayer: waiting for threads to exit
2025-08-23 16:45:23.591 T:4326 debug : CAMLCodec::AddData: dl:603392 fl:5491456 sz:198883(198976) lv:9.9% dts:43.877 pts:43.961
2025-08-23 16:45:23.591 T:4326 debug : SetCodecControl 0->40000000
2025-08-23 16:45:23.594 T:4326 debug : CAMLCodec::AddData: dl:955520 fl:5139328 sz:352010(352128) lv:15.7% dts:43.919 pts:44.169
2025-08-23 16:45:23.595 T:4323 info : CVideoPlayer::OnExit()
2025-08-23 16:45:23.596 T:4323 info : Closing stream player 1
2025-08-23 16:45:23.596 T:4323 info : Waiting for audio thread to exit
2025-08-23 16:45:23.650 T:4327 info : thread end: CVideoPlayerAudio::OnExit()
2025-08-23 16:45:23.650 T:4327 debug : Thread VideoPlayerAudio 3500143104 terminating
2025-08-23 16:45:23.650 T:4323 info : Closing audio device
2025-08-23 16:45:23.699 T:4323 debug : CDVDAudio::Flush - flush audio stream
2025-08-23 16:45:23.699 T:4123 debug : CActiveAE::DiscardStream - audio stream deleted
2025-08-23 16:45:23.699 T:4123 debug : CActiveAE::ClearDiscardedBuffers - buffer pool deleted
2025-08-23 16:45:23.700 T:4323 info : Skipped 2 duplicate messages..
2025-08-23 16:45:23.700 T:4323 info : Deleting audio codec
2025-08-23 16:45:23.700 T:4323 info : Closing stream player 2
2025-08-23 16:45:23.700 T:4323 info : waiting for video thread to exit
2025-08-23 16:45:23.700 T:4326 info : thread end: video_thread
2025-08-23 16:45:23.700 T:4123 debug : CActiveAE::ClearDiscardedBuffers - buffer pool deleted
2025-08-23 16:45:23.701 T:4326 debug : Thread VideoPlayerVideo 3516920320 terminating
2025-08-23 16:45:23.712 T:4323 info : deleting video codec
2025-08-23 16:45:23.713 T:4323 debug : DVDVideoCodecAmlogic::Close
2025-08-23 16:45:23.713 T:4323 debug : CAMLCodec::CloseDecoder
2025-08-23 16:45:23.728 T:4323 info : Closing stream player 3
2025-08-23 16:45:23.740 T:4324 info : Deleting settings information for files smb://192.168.0.140/EXOSX24_2/_data/Beetlejuice.1988.2160p.UHD.Blu-ray.Remux.HDR.HEVC.FLAC2.0-CiNEPHiLES.mkv
2025-08-23 16:45:23.740 T:4325 debug : Thread FileCache 3325014528 terminating
2025-08-23 16:45:23.743 T:4323 debug : CSMBFile::Close closing fd 10000
2025-08-23 16:45:23.745 T:4323 debug : Thread VideoPlayer 3593748992 terminating
2025-08-23 16:45:23.746 T:4091 info : VideoPlayer: finished waiting
2025-08-23 16:45:23.746 T:4091 debug : CGUIWindowManager::PreviousWindow: Deactivate
2025-08-23 16:45:23.746 T:4091 debug : ------ Window Deinit (DialogPlayerProcessInfo.xml) ------
2025-08-23 16:45:23.746 T:4091 debug : ------ Window Deinit (VideoFullScreen.xml) ------
2025-08-23 16:45:23.756 T:4366 debug : Thread JobWorker start, auto delete: true
2025-08-23 16:45:23.756 T:4366 debug : [threads] name: 'JobWorker' priority: '1'
2025-08-23 16:45:23.756 T:4366 debug : DoWork - Saving file state for video item smb://192.168.0.140/EXOSX24_2/_data/Beetlejuice.1988.2160p.UHD.Blu-ray.Remux.HDR.HEVC.FLAC2.0-CiNEPHiLES.mkv
2025-08-23 16:45:23.760 T:4091 debug : CWinSystemAmlogicGLESContext::CreateNewWindow: m_bWindowCreated: true, frac rate 0(1), hdrType: none(hdr10), force mode switch: false
2025-08-23 16:45:23.760 T:4091 debug : CWinSystemAmlogicGLESContext::CreateNewWindow: cur: iWidth: 1920, iHeight: 1080, iScreenWidth: 3840, iScreenHeight: 2160, fRefreshRate: 23.98, dwFlags: 04
2025-08-23 16:45:23.760 T:4091 debug : CWinSystemAmlogicGLESContext::CreateNewWindow: res: iWidth: 1920, iHeight: 1080, iScreenWidth: 3840, iScreenHeight: 2160, fRefreshRate: 60.00, dwFlags: 04
2025-08-23 16:45:23.760 T:4091 info : VideoPlayer: OnLostDisplay received
2025-08-23 16:45:23.760 T:4091 warning : CDVDMessageQueue(audio)::Put MSGQ_NOT_INITIALIZED
2025-08-23 16:45:23.760 T:4091 warning : CDVDMessageQueue(video)::Put MSGQ_NOT_INITIALIZED
2025-08-23 16:45:23.760 T:4091 debug : aml_set_display_resolution: try to set mode: 2160p60hz
2025-08-23 16:45:23.782 T:4324 debug : OnPlayBackStopped: CApplication::OnPlayBackStopped
2025-08-23 16:45:23.941 T:4361 debug : Thread Timer 3751801344 terminating
2025-08-23 16:45:23.945 T:4091 info : VideoPlayer: OnResetDisplay received
2025-08-23 16:45:23.945 T:4091 warning : CDVDMessageQueue(audio)::Put MSGQ_NOT_INITIALIZED
2025-08-23 16:45:23.945 T:4091 warning : CDVDMessageQueue(video)::Put MSGQ_NOT_INITIALIZED
2025-08-23 16:45:23.945 T:4091 warning : CDVDMessageQueue(audio)::Put MSGQ_NOT_INITIALIZED
2025-08-23 16:45:23.946 T:4091 info : GLES: Maximum texture width: 8192
2025-08-23 16:45:23.948 T:4091 debug : CGUIWindowManager::PreviousWindow: Activate new
2025-08-23 16:45:23.948 T:4091 debug : ------ Window Init (FileManager.xml) ------
2025-08-23 16:45:23.949 T:4375 debug : Thread waiting start, auto delete: false
2025-08-23 16:45:24.049 T:4091 debug : ------ Window Init (DialogBusy.xml) ------
2025-08-23 16:45:24.070 T:4091 debug : CWinSystemAmlogicGLESContext::CreateNewWindow: m_bWindowCreated: true, frac rate 0(0), hdrType: none(none), force mode switch: false
2025-08-23 16:45:24.070 T:4091 debug : CWinSystemAmlogicGLESContext::CreateNewWindow: cur: iWidth: 1920, iHeight: 1080, iScreenWidth: 3840, iScreenHeight: 2160, fRefreshRate: 60.00, dwFlags: 04
2025-08-23 16:45:24.070 T:4091 debug : CWinSystemAmlogicGLESContext::CreateNewWindow: res: iWidth: 1920, iHeight: 1080, iScreenWidth: 3840, iScreenHeight: 2160, fRefreshRate: 60.00, dwFlags: 04
2025-08-23 16:45:24.070 T:4091 debug : CWinSystemAmlogicGLESContext::CreateNewWindow: No need to create a new window
2025-08-23 16:45:24.070 T:4091 info : GLES: Maximum texture width: 8192
2025-08-23 16:45:24.073 T:4091 debug : CWinSystemAmlogicGLESContext::CreateNewWindow: m_bWindowCreated: true, frac rate 0(0), hdrType: none(none), force mode switch: false
2025-08-23 16:45:24.074 T:4091 debug : CWinSystemAmlogicGLESContext::CreateNewWindow: cur: iWidth: 1920, iHeight: 1080, iScreenWidth: 3840, iScreenHeight: 2160, fRefreshRate: 60.00, dwFlags: 04
2025-08-23 16:45:24.074 T:4091 debug : CWinSystemAmlogicGLESContext::CreateNewWindow: res: iWidth: 1920, iHeight: 1080, iScreenWidth: 3840, iScreenHeight: 2160, fRefreshRate: 60.00, dwFlags: 04
2025-08-23 16:45:24.074 T:4091 debug : CWinSystemAmlogicGLESContext::CreateNewWindow: No need to create a new window
2025-08-23 16:45:24.074 T:4091 info : GLES: Maximum texture width: 8192
2025-08-23 16:45:24.075 T:4091 debug : started alarm with name: embuaryinforefreshlibrarycache
2025-08-23 16:45:24.075 T:4091 debug : Keyboard: scancode: 0x80, sym: 0x151 (), unicode: 0x00, modifier: 0x0
2025-08-23 16:45:24.077 T:4152 debug : [ script.embuary.helper ] Force widgets to refresh (VideoLibrary.OnUpdate)
2025-08-23 16:45:24.077 T:4152 debug : [ script.embuary.helper ] Execute: AlarmClock(WidgetRefresh,SetProperty(EmbuaryWidgetUpdate,20250823204524,home),00:10,silent)
2025-08-23 16:45:24.144 T:4375 debug : Thread waiting 3325014528 terminating
2025-08-23 16:45:24.153 T:4091 error : Control 20 in window 10003 has been asked to focus, but it can't
2025-08-23 16:45:24.409 T:4091 debug : ------ Window Deinit (DialogBusy.xml) ------
2025-08-23 16:45:24.460 T:4388 debug : Thread waiting start, auto delete: false
2025-08-23 16:45:24.501 T:4388 debug : Thread waiting 3325014528 terminating
2025-08-23 16:45:24.528 T:4150 debug : trying to load setting definitions from old format...
2025-08-23 16:45:24.531 T:4150 debug : requested setting (server_speed_check_data) was not found.
2025-08-23 16:45:24.531 T:4091 info : CVideoPlayer::CloseFile()
2025-08-23 16:45:24.531 T:4091 info : VideoPlayer: waiting for threads to exit
2025-08-23 16:45:24.531 T:4091 info : VideoPlayer: finished waiting
2025-08-23 16:45:24.536 T:4091 debug : Radio UECP (RDS) Processor - delete ~CDVDRadioRDSData
2025-08-23 16:45:24.536 T:4091 debug : Audio ID3 tag processor - delete ~CVideoPlayerAudioID3
2025-08-23 16:45:24.538 T:4150 debug : trying to load setting definitions from old format...
2025-08-23 16:45:24.541 T:4150 debug : requested setting (server_speed_check_data) was not found.
2025-08-23 16:45:24.545 T:4091 debug : started alarm with name: widgetrefresh
2025-08-23 16:45:27.047 T:4098 debug : CLibInputKeyboard::ProcessKey - using delay: 400ms repeat: 80ms
2025-08-23 16:45:27.052 T:4391 debug : Thread Timer start, auto delete: false
2025-08-23 16:45:27.062 T:4091 debug : Keyboard: scancode: 0xac, sym: 0xac (), unicode: 0x00, modifier: 0x0
2025-08-23 16:45:27.063 T:4091 debug : HandleKey: browser_home (0xf0b6) pressed, window 10003, action is ActivateWindow(Home)
2025-08-23 16:45:27.063 T:4091 debug : Activating window ID: 10000
2025-08-23 16:45:27.200 T:4391 debug : Thread Timer 3751801344 terminating
2025-08-23 16:45:27.370 T:4091 debug : ------ Window Deinit (FileManager.xml) ------
2025-08-23 16:45:27.379 T:4091 debug : ------ Window Init (Home.xml) ------
2025-08-23 16:45:27.384 T:4091 debug : CDirectoryProvider[plugin://plugin.video.jellycon/?url=/Users/%7Buserid%7D/Items%3FIncludeItemTypes%3DMovie%26CollapseBoxSetItems%3DTrue%26GroupItemsIntoCollections%3DTrue%26Recursive%3DTrue%26IsMissing%3DFalse%26Fields%3DDateCreated%252CEpisodeCount%252CSeasonCount%252CPath%252CGenres%252CStudios%252CEtag%252CTaglines%252CSortName%252CRecursiveItemCount%252CChildCount%252CProductionLocations%252CCriticRating%252COfficialRating%252CCommunityRating%252CPremiereDate%252CProductionYear%252CAirTime%252CStatus%252CTags%252CMediaStreams%252COverview%26ImageTypeLimit%3D1%26ParentId%3Df137a2dd21bbc1b99aa5c0f6bf02a805%26format%3Djson%26IsPlayed%3DFalse%26SortBy%3DDateCreated%26SortOrder%3DDescending%26Filters%3DIsNotFolder%26Limit%3D20&mode=GET_CONTENT&media_type=movies&sort=none]: refreshing..
2025-08-23 16:45:27.387 T:4366 info : Skipped 5 duplicate messages..
2025-08-23 16:45:27.387 T:4366 debug : CScriptRunner: running add-on script JellyCon('plugin://plugin.video.jellycon/', '7', '?url=/Users/%7Buserid%7D/Items%3FIncludeItemTypes%3DMovie%26CollapseBoxSetItems%3DTrue%26GroupItemsIntoCollections%3DTrue%26Recursive%3DTrue%26IsMissing%3DFalse%26Fields%3DDateCreated%252CEpisodeCount%252CSeasonCount%252CPath%252CGenres%252CStudios%252CEtag%252CTaglines%252CSortName%252CRecursiveItemCount%252CChildCount%252CProductionLocations%252CCriticRating%252COfficialRating%252CCommunityRating%252CPremiereDate%252CProductionYear%252CAirTime%252CStatus%252CTags%252CMediaStreams%252COverview%26ImageTypeLimit%3D1%26ParentId%3Df137a2dd21bbc1b99aa5c0f6bf02a805%26format%3Djson%26IsPlayed%3DFalse%26SortBy%3DDateCreated%26SortOrder%3DDescending%26Filters%3DIsNotFolder%26Limit%3D20&mode=GET_CONTENT&media_type=movies&sort=none')
2025-08-23 16:45:27.388 T:4324 debug : CScriptRunner: running add-on script JellyCon('plugin://plugin.video.jellycon/', '8', '?url=/Users/%7Buserid%7D/Items%3FIncludeItemTypes%3DMovie%26CollapseBoxSetItems%3DTrue%26GroupItemsIntoCollections%3DTrue%26Recursive%3DTrue%26IsMissing%3DFalse%26Fields%3DDateCreated%252CEpisodeCount%252CSeasonCount%252CPath%252CGenres%252CStudios%252CEtag%252CTaglines%252CSortName%252CRecursiveItemCount%252CChildCount%252CProductionLocations%252CCriticRating%252COfficialRating%252CCommunityRating%252CPremiereDate%252CProductionYear%252CAirTime%252CStatus%252CTags%252CMediaStreams%252COverview%26ImageTypeLimit%3D1%26ParentId%3Df137a2dd21bbc1b99aa5c0f6bf02a805%26format%3Djson%26IsPlayed%3DFalse%26SortBy%3DDateCreated%26SortOrder%3DDescending%26Filters%3DIsNotFolder%26Limit%3D20&mode=GET_CONTENT&media_type=movies&sort=none')
2025-08-23 16:45:27.388 T:4392 debug : Thread LanguageInvoker start, auto delete: false
2025-08-23 16:45:27.389 T:4366 debug : [threads] name: 'LanguageInvoker' priority: '1'
2025-08-23 16:45:27.389 T:4393 debug : Thread LanguageInvoker start, auto delete: false
2025-08-23 16:45:27.389 T:4324 debug : [threads] name: 'LanguageInvoker' priority: '1'
2025-08-23 16:45:27.389 T:4393 debug : initializing python engine.
2025-08-23 16:45:27.389 T:4393 debug : CPythonInvoker(17, /storage/.kodi/addons/plugin.video.jellycon/default.py): start processing
2025-08-23 16:45:27.398 T:4392 debug : initializing python engine.
2025-08-23 16:45:27.399 T:4392 debug : CPythonInvoker(16, /storage/.kodi/addons/plugin.video.jellycon/default.py): start processing
2025-08-23 16:45:27.406 T:4394 debug : Thread LanguageInvoker start, auto delete: false
2025-08-23 16:45:27.406 T:4091 debug : [threads] name: 'LanguageInvoker' priority: '1'
2025-08-23 16:45:27.406 T:4394 debug : initializing python engine.
2025-08-23 16:45:27.406 T:4394 debug : CPythonInvoker(18, /storage/.kodi/addons/script.skinshortcuts/resources/lib/entry_point.py): start processing
2025-08-23 16:45:27.410 T:4395 debug : Thread LanguageInvoker start, auto delete: false
2025-08-23 16:45:27.410 T:4091 debug : [threads] name: 'LanguageInvoker' priority: '1'
2025-08-23 16:45:27.410 T:4395 debug : initializing python engine.
2025-08-23 16:45:27.410 T:4395 debug : CPythonInvoker(19, /storage/.kodi/addons/script.favourites/default.py): start processing
2025-08-23 16:45:27.410 T:4091 debug : Keyboard: scancode: 0xac, sym: 0xac (), unicode: 0x00, modifier: 0x0
2025-08-23 16:45:27.432 T:4396 debug : Thread JobWorker start, auto delete: true
2025-08-23 16:45:27.433 T:4396 debug : [threads] name: 'JobWorker' priority: '1'
2025-08-23 16:45:27.449 T:4397 debug : Thread JobWorker start, auto delete: true
2025-08-23 16:45:27.454 T:4397 debug : [threads] name: 'JobWorker' priority: '1'
2025-08-23 16:45:27.455 T:4091 debug : started alarm with name: preload
2025-08-23 16:45:27.531 T:4393 debug : -->Python Interpreter Initialized<--
2025-08-23 16:45:27.531 T:4393 debug :
2025-08-23 16:45:27.531 T:4393 debug : CPythonInvoker(17, /storage/.kodi/addons/plugin.video.jellycon/default.py): the source file to load is "/storage/.kodi/addons/plugin.video.jellycon/default.py"
2025-08-23 16:45:27.531 T:4393 debug : CPythonInvoker(17): full python path:
2025-08-23 16:45:27.531 T:4393 debug : CPythonInvoker(17): custom python path:
2025-08-23 16:45:27.531 T:4393 debug : CPythonInvoker(17): /storage/.kodi/addons/plugin.video.jellycon
2025-08-23 16:45:27.531 T:4393 debug : CPythonInvoker(17): /storage/.kodi/addons/script.module.addon.signals/lib
2025-08-23 16:45:27.531 T:4393 debug : CPythonInvoker(17): /storage/.kodi/addons/script.module.certifi/lib
2025-08-23 16:45:27.531 T:4393 debug : CPythonInvoker(17): /storage/.kodi/addons/script.module.chardet/lib
2025-08-23 16:45:27.531 T:4393 debug : CPythonInvoker(17): /storage/.kodi/addons/script.module.dateutil/lib
2025-08-23 16:45:27.531 T:4393 debug : CPythonInvoker(17): /storage/.kodi/addons/script.module.idna/lib
2025-08-23 16:45:27.531 T:4393 debug : CPythonInvoker(17): /storage/.kodi/addons/script.module.kodi-six/libs
2025-08-23 16:45:27.531 T:4393 debug : CPythonInvoker(17): /storage/.kodi/addons/script.module.requests/lib
2025-08-23 16:45:27.531 T:4393 debug : CPythonInvoker(17): /storage/.kodi/addons/script.module.six/lib
2025-08-23 16:45:27.531 T:4393 debug : CPythonInvoker(17): /storage/.kodi/addons/script.module.urllib3/lib
2025-08-23 16:45:27.531 T:4393 debug : CPythonInvoker(17): /storage/.kodi/addons/script.module.websocket/lib
2025-08-23 16:45:27.531 T:4393 debug : CPythonInvoker(17): default python path:
2025-08-23 16:45:27.531 T:4393 debug : CPythonInvoker(17): /usr/lib/python311.zip
2025-08-23 16:45:27.531 T:4393 debug : CPythonInvoker(17): /usr/lib/python3.11
2025-08-23 16:45:27.531 T:4393 debug : CPythonInvoker(17): /usr/lib/python3.11/lib-dynload
2025-08-23 16:45:27.531 T:4393 debug : CPythonInvoker(17): /usr/lib/python3.11/site-packages
2025-08-23 16:45:27.531 T:4393 debug : CPythonInvoker(17): adding args:
2025-08-23 16:45:27.531 T:4393 debug : CPythonInvoker(17): plugin://plugin.video.jellycon/
2025-08-23 16:45:27.531 T:4393 debug : CPythonInvoker(17): 8
2025-08-23 16:45:27.531 T:4393 debug : CPythonInvoker(17): ?url=/Users/%7Buserid%7D/Items%3FIncludeItemTypes%3DMovie%26CollapseBoxSetItems%3DTrue%26GroupItemsIntoCollections%3DTrue%26Recursive%3DTrue%26IsMissing%3DFalse%26Fields%3DDateCreated%252CEpisodeCount%252CSeasonCount%252CPath%252CGenres%252CStudios%252CEtag%252CTaglines%252CSortName%252CRecursiveItemCount%252CChildCount%252CProductionLocations%252CCriticRating%252COfficialRating%252CCommunityRating%252CPremiereDate%252CProductionYear%252CAirTime%252CStatus%252CTags%252CMediaStreams%252COverview%26ImageTypeLimit%3D1%26ParentId%3Df137a2dd21bbc1b99aa5c0f6bf02a805%26format%3Djson%26IsPlayed%3DFalse%26SortBy%3DDateCreated%26SortOrder%3DDescending%26Filters%3DIsNotFolder%26Limit%3D20&mode=GET_CONTENT&media_type=movies&sort=none
2025-08-23 16:45:27.531 T:4393 debug : CPythonInvoker(17): resume:false
2025-08-23 16:45:27.531 T:4393 debug : CPythonInvoker(17, /storage/.kodi/addons/plugin.video.jellycon/default.py): entering source directory /storage/.kodi/addons/plugin.video.jellycon
2025-08-23 16:45:27.532 T:4393 debug : CPythonInvoker(17, /storage/.kodi/addons/plugin.video.jellycon/default.py): instantiating addon using automatically obtained id of "plugin.video.jellycon" dependent on version 3.0.0 of the xbmc.python api
2025-08-23 16:45:27.537 T:4396 debug : DoWork - took 101 ms to load special://masterprofile/Thumbnails/2/2434ebab.jpg
2025-08-23 16:45:27.538 T:4396 debug : CScriptRunner: running add-on script JellyCon('plugin://plugin.video.jellycon/', '9', '?url=/Users/%7Buserid%7D/Items%3FIncludeItemTypes%3DMovie%26CollapseBoxSetItems%3DTrue%26GroupItemsIntoCollections%3DTrue%26Recursive%3DTrue%26IsMissing%3DFalse%26Fields%3DDateCreated%252CEpisodeCount%252CSeasonCount%252CPath%252CGenres%252CStudios%252CEtag%252CTaglines%252CSortName%252CRecursiveItemCount%252CChildCount%252CProductionLocations%252CCriticRating%252COfficialRating%252CCommunityRating%252CPremiereDate%252CProductionYear%252CAirTime%252CStatus%252CTags%252CMediaStreams%252COverview%26ImageTypeLimit%3D1%26ParentId%3Df137a2dd21bbc1b99aa5c0f6bf02a805%26format%3Djson%26IsPlayed%3DFalse%26SortBy%3DDateCreated%26SortOrder%3DDescending%26Filters%3DIsNotFolder%26Limit%3D20&mode=GET_CONTENT&media_type=movies&sort=none')
2025-08-23 16:45:27.538 T:4398 debug : Thread LanguageInvoker start, auto delete: false
2025-08-23 16:45:27.538 T:4396 debug : [threads] name: 'LanguageInvoker' priority: '1'
2025-08-23 16:45:27.538 T:4398 debug : initializing python engine.
2025-08-23 16:45:27.538 T:4398 debug : CPythonInvoker(20, /storage/.kodi/addons/plugin.video.jellycon/default.py): start processing
2025-08-23 16:45:27.579 T:4395 debug : -->Python Interpreter Initialized<--
2025-08-23 16:45:27.579 T:4395 debug :
2025-08-23 16:45:27.579 T:4395 debug : CPythonInvoker(19, /storage/.kodi/addons/script.favourites/default.py): the source file to load is "/storage/.kodi/addons/script.favourites/default.py"
2025-08-23 16:45:27.579 T:4395 debug : CPythonInvoker(19): full python path:
2025-08-23 16:45:27.579 T:4395 debug : CPythonInvoker(19): custom python path:
2025-08-23 16:45:27.579 T:4395 debug : CPythonInvoker(19): /storage/.kodi/addons/script.favourites
2025-08-23 16:45:27.579 T:4395 debug : CPythonInvoker(19): default python path:
2025-08-23 16:45:27.579 T:4395 debug : CPythonInvoker(19): /usr/lib/python311.zip
2025-08-23 16:45:27.579 T:4395 debug : CPythonInvoker(19): /usr/lib/python3.11
2025-08-23 16:45:27.579 T:4395 debug : CPythonInvoker(19): /usr/lib/python3.11/lib-dynload
2025-08-23 16:45:27.579 T:4395 debug : CPythonInvoker(19): /usr/lib/python3.11/site-packages
2025-08-23 16:45:27.579 T:4395 debug : CPythonInvoker(19): adding args:
2025-08-23 16:45:27.579 T:4395 debug : CPythonInvoker(19): default.py
2025-08-23 16:45:27.579 T:4395 debug : CPythonInvoker(19, /storage/.kodi/addons/script.favourites/default.py): entering source directory /storage/.kodi/addons/script.favourites
2025-08-23 16:45:27.581 T:4395 debug : CPythonInvoker(19, /storage/.kodi/addons/script.favourites/default.py): instantiating addon using automatically obtained id of "script.favourites" dependent on version 3.0.0 of the xbmc.python api
2025-08-23 16:45:27.583 T:4394 debug : -->Python Interpreter Initialized<--
2025-08-23 16:45:27.583 T:4394 debug :
2025-08-23 16:45:27.583 T:4394 debug : CPythonInvoker(18, /storage/.kodi/addons/script.skinshortcuts/resources/lib/entry_point.py): the source file to load is "/storage/.kodi/addons/script.skinshortcuts/resources/lib/entry_point.py"
2025-08-23 16:45:27.583 T:4394 debug : CPythonInvoker(18): full python path:
2025-08-23 16:45:27.583 T:4394 debug : CPythonInvoker(18): custom python path:
2025-08-23 16:45:27.583 T:4394 debug : CPythonInvoker(18): /storage/.kodi/addons/script.module.simpleeval/lib
2025-08-23 16:45:27.583 T:4394 debug : CPythonInvoker(18): /storage/.kodi/addons/script.module.unidecode/lib
2025-08-23 16:45:27.583 T:4394 debug : CPythonInvoker(18): /storage/.kodi/addons/script.skinshortcuts/resources/lib
2025-08-23 16:45:27.583 T:4394 debug : CPythonInvoker(18): default python path:
2025-08-23 16:45:27.583 T:4394 debug : CPythonInvoker(18): /usr/lib/python311.zip
2025-08-23 16:45:27.583 T:4394 debug : CPythonInvoker(18): /usr/lib/python3.11
2025-08-23 16:45:27.583 T:4394 debug : CPythonInvoker(18): /usr/lib/python3.11/lib-dynload
2025-08-23 16:45:27.583 T:4394 debug : CPythonInvoker(18): /usr/lib/python3.11/site-packages
2025-08-23 16:45:27.583 T:4394 debug : CPythonInvoker(18): adding args:
2025-08-23 16:45:27.583 T:4394 debug : CPythonInvoker(18): entry_point.py
2025-08-23 16:45:27.583 T:4394 debug : CPythonInvoker(18): type=buildxml&mainmenuID=300&group=mainmenu|x1111|x1112|x1113|x1114|x1115|x1116|x1117|x1118|x1119|powermenu&levels=6
2025-08-23 16:45:27.583 T:4394 debug : CPythonInvoker(18, /storage/.kodi/addons/script.skinshortcuts/resources/lib/entry_point.py): entering source directory /storage/.kodi/addons/script.skinshortcuts/resources/lib
2025-08-23 16:45:27.584 T:4394 debug : CPythonInvoker(18, /storage/.kodi/addons/script.skinshortcuts/resources/lib/entry_point.py): instantiating addon using automatically obtained id of "script.skinshortcuts" dependent on version 3.0.0 of the xbmc.python api
2025-08-23 16:45:27.598 T:4392 debug : -->Python Interpreter Initialized<--
2025-08-23 16:45:27.598 T:4392 debug :
2025-08-23 16:45:27.598 T:4392 debug : CPythonInvoker(16, /storage/.kodi/addons/plugin.video.jellycon/default.py): the source file to load is "/storage/.kodi/addons/plugin.video.jellycon/default.py"
2025-08-23 16:45:27.598 T:4392 debug : CPythonInvoker(16): full python path:
2025-08-23 16:45:27.598 T:4392 debug : CPythonInvoker(16): custom python path:
2025-08-23 16:45:27.598 T:4392 debug : CPythonInvoker(16): /storage/.kodi/addons/plugin.video.jellycon
2025-08-23 16:45:27.598 T:4392 debug : CPythonInvoker(16): /storage/.kodi/addons/script.module.addon.signals/lib
2025-08-23 16:45:27.598 T:4392 debug : CPythonInvoker(16): /storage/.kodi/addons/script.module.certifi/lib
2025-08-23 16:45:27.598 T:4392 debug : CPythonInvoker(16): /storage/.kodi/addons/script.module.chardet/lib
2025-08-23 16:45:27.598 T:4392 debug : CPythonInvoker(16): /storage/.kodi/addons/script.module.dateutil/lib
2025-08-23 16:45:27.598 T:4392 debug : CPythonInvoker(16): /storage/.kodi/addons/script.module.idna/lib
2025-08-23 16:45:27.598 T:4392 debug : CPythonInvoker(16): /storage/.kodi/addons/script.module.kodi-six/libs
2025-08-23 16:45:27.598 T:4392 debug : CPythonInvoker(16): /storage/.kodi/addons/script.module.requests/lib
2025-08-23 16:45:27.598 T:4392 debug : CPythonInvoker(16): /storage/.kodi/addons/script.module.six/lib
2025-08-23 16:45:27.598 T:4392 debug : CPythonInvoker(16): /storage/.kodi/addons/script.module.urllib3/lib
2025-08-23 16:45:27.598 T:4392 debug : CPythonInvoker(16): /storage/.kodi/addons/script.module.websocket/lib
2025-08-23 16:45:27.598 T:4392 debug : CPythonInvoker(16): default python path:
2025-08-23 16:45:27.598 T:4392 debug : CPythonInvoker(16): /usr/lib/python311.zip
2025-08-23 16:45:27.598 T:4392 debug : CPythonInvoker(16): /usr/lib/python3.11
2025-08-23 16:45:27.598 T:4392 debug : CPythonInvoker(16): /usr/lib/python3.11/lib-dynload
2025-08-23 16:45:27.598 T:4392 debug : CPythonInvoker(16): /usr/lib/python3.11/site-packages
2025-08-23 16:45:27.598 T:4392 debug : CPythonInvoker(16): adding args:
2025-08-23 16:45:27.598 T:4392 debug : CPythonInvoker(16): plugin://plugin.video.jellycon/
2025-08-23 16:45:27.598 T:4392 debug : CPythonInvoker(16): 7
2025-08-23 16:45:27.598 T:4392 debug : CPythonInvoker(16): ?url=/Users/%7Buserid%7D/Items%3FIncludeItemTypes%3DMovie%26CollapseBoxSetItems%3DTrue%26GroupItemsIntoCollections%3DTrue%26Recursive%3DTrue%26IsMissing%3DFalse%26Fields%3DDateCreated%252CEpisodeCount%252CSeasonCount%252CPath%252CGenres%252CStudios%252CEtag%252CTaglines%252CSortName%252CRecursiveItemCount%252CChildCount%252CProductionLocations%252CCriticRating%252COfficialRating%252CCommunityRating%252CPremiereDate%252CProductionYear%252CAirTime%252CStatus%252CTags%252CMediaStreams%252COverview%26ImageTypeLimit%3D1%26ParentId%3Df137a2dd21bbc1b99aa5c0f6bf02a805%26format%3Djson%26IsPlayed%3DFalse%26SortBy%3DDateCreated%26SortOrder%3DDescending%26Filters%3DIsNotFolder%26Limit%3D20&mode=GET_CONTENT&media_type=movies&sort=none
2025-08-23 16:45:27.598 T:4392 debug : CPythonInvoker(16): resume:false
2025-08-23 16:45:27.598 T:4392 debug : CPythonInvoker(16, /storage/.kodi/addons/plugin.video.jellycon/default.py): entering source directory /storage/.kodi/addons/plugin.video.jellycon
2025-08-23 16:45:27.598 T:4392 debug : CPythonInvoker(16, /storage/.kodi/addons/plugin.video.jellycon/default.py): instantiating addon using automatically obtained id of "plugin.video.jellycon" dependent on version 3.0.0 of the xbmc.python api
2025-08-23 16:45:28.012 T:4098 debug : CLibInputKeyboard::ProcessKey - using delay: 400ms repeat: 80ms
2025-08-23 16:45:28.012 T:4402 debug : Thread Timer start, auto delete: false
2025-08-23 16:45:28.013 T:4091 debug : Keyboard: scancode: 0x1c, sym: 0x0d (enter), unicode: 0x0d, modifier: 0x0
2025-08-23 16:45:28.022 T:4398 debug : -->Python Interpreter Initialized<--
2025-08-23 16:45:28.023 T:4398 debug :
2025-08-23 16:45:28.023 T:4398 debug : CPythonInvoker(20, /storage/.kodi/addons/plugin.video.jellycon/default.py): the source file to load is "/storage/.kodi/addons/plugin.video.jellycon/default.py"
2025-08-23 16:45:28.023 T:4398 debug : CPythonInvoker(20): full python path:
2025-08-23 16:45:28.023 T:4398 debug : CPythonInvoker(20): custom python path:
2025-08-23 16:45:28.023 T:4398 debug : CPythonInvoker(20): /storage/.kodi/addons/plugin.video.jellycon
2025-08-23 16:45:28.023 T:4398 debug : CPythonInvoker(20): /storage/.kodi/addons/script.module.addon.signals/lib
2025-08-23 16:45:28.023 T:4398 debug : CPythonInvoker(20): /storage/.kodi/addons/script.module.certifi/lib
2025-08-23 16:45:28.023 T:4398 debug : CPythonInvoker(20): /storage/.kodi/addons/script.module.chardet/lib
2025-08-23 16:45:28.023 T:4398 debug : CPythonInvoker(20): /storage/.kodi/addons/script.module.dateutil/lib
2025-08-23 16:45:28.023 T:4398 debug : CPythonInvoker(20): /storage/.kodi/addons/script.module.idna/lib
2025-08-23 16:45:28.023 T:4398 debug : CPythonInvoker(20): /storage/.kodi/addons/script.module.kodi-six/libs
2025-08-23 16:45:28.023 T:4398 debug : CPythonInvoker(20): /storage/.kodi/addons/script.module.requests/lib
2025-08-23 16:45:28.023 T:4398 debug : CPythonInvoker(20): /storage/.kodi/addons/script.module.six/lib
2025-08-23 16:45:28.023 T:4398 debug : CPythonInvoker(20): /storage/.kodi/addons/script.module.urllib3/lib
2025-08-23 16:45:28.023 T:4398 debug : CPythonInvoker(20): /storage/.kodi/addons/script.module.websocket/lib
2025-08-23 16:45:28.023 T:4398 debug : CPythonInvoker(20): default python path:
2025-08-23 16:45:28.023 T:4398 debug : CPythonInvoker(20): /usr/lib/python311.zip
2025-08-23 16:45:28.023 T:4398 debug : CPythonInvoker(20): /usr/lib/python3.11
2025-08-23 16:45:28.023 T:4398 debug : CPythonInvoker(20): /usr/lib/python3.11/lib-dynload
2025-08-23 16:45:28.023 T:4398 debug : CPythonInvoker(20): /usr/lib/python3.11/site-packages
2025-08-23 16:45:28.023 T:4398 debug : CPythonInvoker(20): adding args:
2025-08-23 16:45:28.023 T:4398 debug : CPythonInvoker(20): plugin://plugin.video.jellycon/
2025-08-23 16:45:28.023 T:4398 debug : CPythonInvoker(20): 9
2025-08-23 16:45:28.023 T:4398 debug : CPythonInvoker(20): ?url=/Users/%7Buserid%7D/Items%3FIncludeItemTypes%3DMovie%26CollapseBoxSetItems%3DTrue%26GroupItemsIntoCollections%3DTrue%26Recursive%3DTrue%26IsMissing%3DFalse%26Fields%3DDateCreated%252CEpisodeCount%252CSeasonCount%252CPath%252CGenres%252CStudios%252CEtag%252CTaglines%252CSortName%252CRecursiveItemCount%252CChildCount%252CProductionLocations%252CCriticRating%252COfficialRating%252CCommunityRating%252CPremiereDate%252CProductionYear%252CAirTime%252CStatus%252CTags%252CMediaStreams%252COverview%26ImageTypeLimit%3D1%26ParentId%3Df137a2dd21bbc1b99aa5c0f6bf02a805%26format%3Djson%26IsPlayed%3DFalse%26SortBy%3DDateCreated%26SortOrder%3DDescending%26Filters%3DIsNotFolder%26Limit%3D20&mode=GET_CONTENT&media_type=movies&sort=none
2025-08-23 16:45:28.023 T:4398 debug : CPythonInvoker(20): resume:false
2025-08-23 16:45:28.023 T:4398 debug : CPythonInvoker(20, /storage/.kodi/addons/plugin.video.jellycon/default.py): entering source directory /storage/.kodi/addons/plugin.video.jellycon
2025-08-23 16:45:28.024 T:4398 debug : CPythonInvoker(20, /storage/.kodi/addons/plugin.video.jellycon/default.py): instantiating addon using automatically obtained id of "plugin.video.jellycon" dependent on version 3.0.0 of the xbmc.python api
2025-08-23 16:45:28.155 T:4402 debug : Thread Timer 3751801344 terminating
2025-08-23 16:45:28.163 T:4091 debug : Keyboard: scancode: 0x1c, sym: 0x0d (enter), unicode: 0x0d, modifier: 0x0
2025-08-23 16:45:28.163 T:4091 debug : HandleKey: return (0xf00d) pressed, window 10000, action is Select
2025-08-23 16:45:28.163 T:4091 debug : Activating window ID: 10004
2025-08-23 16:45:28.262 T:4395 debug : script.favourites: script version 8.1.2 started
2025-08-23 16:45:28.262 T:4395 debug : script.favourites: params: {}
2025-08-23 16:45:28.263 T:4395 debug : script.favourites: script stopped
2025-08-23 16:45:28.263 T:4395 debug : CPythonInvoker(19, /storage/.kodi/addons/script.favourites/default.py): script successfully run
2025-08-23 16:45:28.263 T:4395 debug : onExecutionDone(19, /storage/.kodi/addons/script.favourites/default.py)
2025-08-23 16:45:28.293 T:4395 debug : Python interpreter stopped
2025-08-23 16:45:28.293 T:4395 debug : Thread LanguageInvoker 3500143104 terminating
2025-08-23 16:45:28.517 T:4091 debug : ------ Window Deinit (Home.xml) ------
2025-08-23 16:45:28.529 T:4091 debug : ------ Window Init (Settings.xml) ------
2025-08-23 16:45:29.181 T:4403 debug : Thread LanguageInvoker start, auto delete: false
2025-08-23 16:45:29.183 T:4091 debug : [threads] name: 'LanguageInvoker' priority: '1'
2025-08-23 16:45:29.189 T:4403 debug : initializing python engine.
2025-08-23 16:45:29.189 T:4403 debug : CPythonInvoker(21, /storage/.kodi/addons/script.embuary.info/default.py): start processing
2025-08-23 16:45:29.211 T:4098 debug : CLibInputKeyboard::ProcessKey - using delay: 400ms repeat: 80ms
2025-08-23 16:45:29.211 T:4404 debug : Thread Timer start, auto delete: false
2025-08-23 16:45:29.213 T:4091 debug : Keyboard: scancode: 0x69, sym: 0x114 (left), unicode: 0x00, modifier: 0x0
2025-08-23 16:45:29.213 T:4091 debug : HandleKey: left (0xf082) pressed, window 10004, action is Left
2025-08-23 16:45:29.334 T:4404 debug : Thread Timer 3751801344 terminating
2025-08-23 16:45:29.346 T:4091 debug : Keyboard: scancode: 0x69, sym: 0x114 (left), unicode: 0x00, modifier: 0x0
2025-08-23 16:45:29.445 T:4098 debug : CLibInputKeyboard::ProcessKey - using delay: 400ms repeat: 80ms
2025-08-23 16:45:29.445 T:4405 debug : Thread Timer start, auto delete: false
2025-08-23 16:45:29.446 T:4091 debug : Keyboard: scancode: 0x69, sym: 0x114 (left), unicode: 0x00, modifier: 0x0
2025-08-23 16:45:29.446 T:4091 debug : HandleKey: left (0xf082) pressed, window 10004, action is Left
2025-08-23 16:45:29.488 T:4403 debug : -->Python Interpreter Initialized<--
2025-08-23 16:45:29.488 T:4403 debug :
2025-08-23 16:45:29.488 T:4403 debug : CPythonInvoker(21, /storage/.kodi/addons/script.embuary.info/default.py): the source file to load is "/storage/.kodi/addons/script.embuary.info/default.py"
2025-08-23 16:45:29.488 T:4403 debug : CPythonInvoker(21): full python path:
2025-08-23 16:45:29.488 T:4403 debug : CPythonInvoker(21): custom python path:
2025-08-23 16:45:29.488 T:4403 debug : CPythonInvoker(21): /storage/.kodi/addons/script.embuary.info
2025-08-23 16:45:29.488 T:4403 debug : CPythonInvoker(21): /storage/.kodi/addons/script.module.arrow/lib
2025-08-23 16:45:29.488 T:4403 debug : CPythonInvoker(21): /storage/.kodi/addons/script.module.certifi/lib
2025-08-23 16:45:29.488 T:4403 debug : CPythonInvoker(21): /storage/.kodi/addons/script.module.chardet/lib
2025-08-23 16:45:29.488 T:4403 debug : CPythonInvoker(21): /storage/.kodi/addons/script.module.dateutil/lib
2025-08-23 16:45:29.488 T:4403 debug : CPythonInvoker(21): /storage/.kodi/addons/script.module.idna/lib
2025-08-23 16:45:29.488 T:4403 debug : CPythonInvoker(21): /storage/.kodi/addons/script.module.requests/lib
2025-08-23 16:45:29.488 T:4403 debug : CPythonInvoker(21): /storage/.kodi/addons/script.module.routing/lib
2025-08-23 16:45:29.488 T:4403 debug : CPythonInvoker(21): /storage/.kodi/addons/script.module.simplecache/lib
2025-08-23 16:45:29.489 T:4403 debug : CPythonInvoker(21): /storage/.kodi/addons/script.module.six/lib
2025-08-23 16:45:29.489 T:4403 debug : CPythonInvoker(21): /storage/.kodi/addons/script.module.typing_extensions/lib
2025-08-23 16:45:29.489 T:4403 debug : CPythonInvoker(21): /storage/.kodi/addons/script.module.urllib3/lib
2025-08-23 16:45:29.489 T:4403 debug : CPythonInvoker(21): default python path:
2025-08-23 16:45:29.489 T:4403 debug : CPythonInvoker(21): /usr/lib/python311.zip
2025-08-23 16:45:29.489 T:4403 debug : CPythonInvoker(21): /usr/lib/python3.11
2025-08-23 16:45:29.489 T:4403 debug : CPythonInvoker(21): /usr/lib/python3.11/lib-dynload
2025-08-23 16:45:29.489 T:4403 debug : CPythonInvoker(21): /usr/lib/python3.11/site-packages
2025-08-23 16:45:29.489 T:4403 debug : CPythonInvoker(21): adding args:
2025-08-23 16:45:29.489 T:4403 debug : CPythonInvoker(21): default.py
2025-08-23 16:45:29.489 T:4403 debug : CPythonInvoker(21): call=refresh_library_cache
2025-08-23 16:45:29.489 T:4403 debug : CPythonInvoker(21, /storage/.kodi/addons/script.embuary.info/default.py): entering source directory /storage/.kodi/addons/script.embuary.info
2025-08-23 16:45:29.489 T:4403 debug : CPythonInvoker(21, /storage/.kodi/addons/script.embuary.info/default.py): instantiating addon using automatically obtained id of "script.embuary.info" dependent on version 3.0.0 of the xbmc.python api
2025-08-23 16:45:29.557 T:4405 debug : Thread Timer 3751801344 terminating
2025-08-23 16:45:29.563 T:4091 debug : Keyboard: scancode: 0x69, sym: 0x114 (left), unicode: 0x00, modifier: 0x0
2025-08-23 16:45:29.781 T:4098 debug : CLibInputKeyboard::ProcessKey - using delay: 400ms repeat: 80ms
2025-08-23 16:45:29.782 T:4406 debug : Thread Timer start, auto delete: false
2025-08-23 16:45:29.796 T:4091 debug : Keyboard: scancode: 0x67, sym: 0x111 (up), unicode: 0x00, modifier: 0x0
2025-08-23 16:45:29.796 T:4091 debug : HandleKey: up (0xf080) pressed, window 10004, action is Up
2025-08-23 16:45:29.882 T:4406 debug : Thread Timer 3751801344 terminating
2025-08-23 16:45:29.896 T:4091 debug : Keyboard: scancode: 0x67, sym: 0x111 (up), unicode: 0x00, modifier: 0x0
2025-08-23 16:45:30.066 T:4098 debug : CLibInputKeyboard::ProcessKey - using delay: 400ms repeat: 80ms
2025-08-23 16:45:30.068 T:4407 debug : Thread Timer start, auto delete: false
2025-08-23 16:45:30.080 T:4091 debug : Keyboard: scancode: 0x1c, sym: 0x0d (enter), unicode: 0x0d, modifier: 0x0
2025-08-23 16:45:30.199 T:4407 debug : Thread Timer 3751801344 terminating
2025-08-23 16:45:30.222 T:4091 debug : Keyboard: scancode: 0x1c, sym: 0x0d (enter), unicode: 0x0d, modifier: 0x0
2025-08-23 16:45:30.222 T:4091 debug : HandleKey: return (0xf00d) pressed, window 10004, action is Select
2025-08-23 16:45:30.223 T:4091 debug : Activating window ID: 10016
2025-08-23 16:45:30.274 T:4394 debug : CPythonInvoker(18, /storage/.kodi/addons/script.skinshortcuts/resources/lib/entry_point.py): script successfully run
2025-08-23 16:45:30.274 T:4394 debug : onExecutionDone(18, /storage/.kodi/addons/script.skinshortcuts/resources/lib/entry_point.py)
2025-08-23 16:45:30.354 T:4394 debug : Python interpreter stopped
2025-08-23 16:45:30.354 T:4394 debug : Thread LanguageInvoker 3516920320 terminating
2025-08-23 16:45:30.537 T:4091 debug : ------ Window Deinit (Settings.xml) ------
2025-08-23 16:45:30.546 T:4091 debug : ------ Window Init (SettingsCategory.xml) ------
2025-08-23 16:45:30.547 T:4091 info : Loading skin file: SettingsCategory.xml, load type: KEEP_IN_MEMORY
2025-08-23 16:45:30.604 T:4408 debug : Thread Timer start, auto delete: false
2025-08-23 16:45:30.612 T:4408 debug : Thread Timer 3810861568 terminating
2025-08-23 16:45:30.612 T:4409 debug : Thread Timer start, auto delete: false
2025-08-23 16:45:31.073 T:4403 debug : trying to load setting definitions from old format...
2025-08-23 16:45:31.075 T:4403 debug : Skin Helper Simplecache --> Initialized
2025-08-23 16:45:31.115 T:4409 debug : Thread Timer 3810861568 terminating
2025-08-23 16:45:31.145 T:4098 debug : CLibInputKeyboard::ProcessKey - using delay: 400ms repeat: 80ms
2025-08-23 16:45:31.146 T:4410 debug : Thread Timer start, auto delete: false
2025-08-23 16:45:31.147 T:4091 debug : Keyboard: scancode: 0x67, sym: 0x111 (up), unicode: 0x00, modifier: 0x0
2025-08-23 16:45:31.147 T:4091 debug : HandleKey: up (0xf080) pressed, window 10016, action is Up
2025-08-23 16:45:31.258 T:4410 debug : Thread Timer 3751801344 terminating
2025-08-23 16:45:31.263 T:4091 debug : Keyboard: scancode: 0x67, sym: 0x111 (up), unicode: 0x00, modifier: 0x0
2025-08-23 16:45:31.741 T:4098 debug : CLibInputKeyboard::ProcessKey - using delay: 400ms repeat: 80ms
2025-08-23 16:45:31.742 T:4411 debug : Thread Timer start, auto delete: false
2025-08-23 16:45:31.747 T:4091 debug : Keyboard: scancode: 0x67, sym: 0x111 (up), unicode: 0x00, modifier: 0x0
2025-08-23 16:45:31.747 T:4091 debug : HandleKey: up (0xf080) pressed, window 10016, action is Up
2025-08-23 16:45:31.863 T:4411 debug : Thread Timer 3751801344 terminating
2025-08-23 16:45:31.863 T:4091 debug : Keyboard: scancode: 0x67, sym: 0x111 (up), unicode: 0x00, modifier: 0x0
2025-08-23 16:45:32.138 T:4098 debug : CLibInputKeyboard::ProcessKey - using delay: 400ms repeat: 80ms
2025-08-23 16:45:32.138 T:4412 debug : Thread Timer start, auto delete: false
2025-08-23 16:45:32.147 T:4091 debug : Keyboard: scancode: 0x6a, sym: 0x113 (right), unicode: 0x00, modifier: 0x0
2025-08-23 16:45:32.147 T:4091 debug : HandleKey: right (0xf083) pressed, window 10016, action is Right
2025-08-23 16:45:32.261 T:4412 debug : Thread Timer 3751801344 terminating
2025-08-23 16:45:32.289 T:4091 debug : Keyboard: scancode: 0x6a, sym: 0x113 (right), unicode: 0x00, modifier: 0x0
2025-08-23 16:45:32.577 T:4098 debug : CLibInputKeyboard::ProcessKey - using delay: 400ms repeat: 80ms
2025-08-23 16:45:32.577 T:4413 debug : Thread Timer start, auto delete: false
2025-08-23 16:45:32.580 T:4091 debug : Keyboard: scancode: 0x1c, sym: 0x0d (enter), unicode: 0x0d, modifier: 0x0
2025-08-23 16:45:32.620 T:4393 debug : trying to load setting definitions from old format...
2025-08-23 16:45:32.622 T:4393 debug : requested setting (server_speed_check_data) was not found.
2025-08-23 16:45:32.625 T:4393 debug : trying to load setting definitions from old format...
2025-08-23 16:45:32.628 T:4393 debug : requested setting (server_speed_check_data) was not found.
2025-08-23 16:45:32.630 T:4393 debug : trying to load setting definitions from old format...
2025-08-23 16:45:32.633 T:4393 debug : requested setting (server_speed_check_data) was not found.
2025-08-23 16:45:32.695 T:4392 debug : trying to load setting definitions from old format...
2025-08-23 16:45:32.698 T:4413 debug : Thread Timer 3751801344 terminating
2025-08-23 16:45:32.700 T:4392 debug : requested setting (server_speed_check_data) was not found.
2025-08-23 16:45:32.704 T:4392 debug : trying to load setting definitions from old format...
2025-08-23 16:45:32.707 T:4392 debug : requested setting (server_speed_check_data) was not found.
2025-08-23 16:45:32.709 T:4392 debug : trying to load setting definitions from old format...
2025-08-23 16:45:32.712 T:4392 debug : requested setting (server_speed_check_data) was not found.
2025-08-23 16:45:32.714 T:4091 debug : Keyboard: scancode: 0x1c, sym: 0x0d (enter), unicode: 0x0d, modifier: 0x0
2025-08-23 16:45:32.714 T:4091 debug : HandleKey: return (0xf00d) pressed, window 10016, action is Select
2025-08-23 16:45:32.715 T:4091 info : Disabled debug logging due to GUI setting. Level 0.
2025-08-23 16:45:32.716 T:4091 info : Log level changed to "info"
2025-08-23 16:45:33.071 T:4393 warning : Setting most video properties through ListItem.setInfo() is deprecated and might be removed in future Kodi versions. Please use the respective setter in InfoTagVideo.
2025-08-23 16:45:33.071 T:4393 warning : ListItem.addStreamInfo() is deprecated and might be removed in future Kodi versions. Please use InfoTagVideo.addVideoStream(), InfoTagVideo.addAudioStream() and InfoTagVideo.addSubtitleStream().
2025-08-23 16:45:33.081 T:4393 info : Skipped 41 duplicate messages..
2025-08-23 16:45:33.081 T:4393 warning : ListItem.setRating() is deprecated and might be removed in future Kodi versions. Please use InfoTagVideo.setRating().
2025-08-23 16:45:33.082 T:4393 warning : "resumetime" in ListItem.setProperty() is deprecated and might be removed in future Kodi versions. Please use InfoTagVideo.setResumePoint().
2025-08-23 16:45:33.082 T:4393 warning : "totaltime" in ListItem.setProperty() is deprecated and might be removed in future Kodi versions. Please use InfoTagVideo.setResumePoint().
2025-08-23 16:45:33.083 T:4393 warning : Setting most video properties through ListItem.setInfo() is deprecated and might be removed in future Kodi versions. Please use the respective setter in InfoTagVideo.
2025-08-23 16:45:33.083 T:4393 warning : ListItem.addStreamInfo() is deprecated and might be removed in future Kodi versions. Please use InfoTagVideo.addVideoStream(), InfoTagVideo.addAudioStream() and InfoTagVideo.addSubtitleStream().
2025-08-23 16:45:33.140 T:4392 info : Skipped 45 duplicate messages..
2025-08-23 16:45:33.140 T:4392 warning : Setting most video properties through ListItem.setInfo() is deprecated and might be removed in future Kodi versions. Please use the respective setter in InfoTagVideo.
2025-08-23 16:45:33.144 T:4392 warning : ListItem.addStreamInfo() is deprecated and might be removed in future Kodi versions. Please use InfoTagVideo.addVideoStream(), InfoTagVideo.addAudioStream() and InfoTagVideo.addSubtitleStream().
2025-08-23 16:45:33.194 T:4398 info : Skipped 54 duplicate messages..
2025-08-23 16:45:33.194 T:4398 warning : Setting most video properties through ListItem.setInfo() is deprecated and might be removed in future Kodi versions. Please use the respective setter in InfoTagVideo.
2025-08-23 16:45:33.194 T:4392 warning : ListItem.addStreamInfo() is deprecated and might be removed in future Kodi versions. Please use InfoTagVideo.addVideoStream(), InfoTagVideo.addAudioStream() and InfoTagVideo.addSubtitleStream().
2025-08-23 16:45:33.198 T:4393 info : Skipped 2 duplicate messages..
2025-08-23 16:45:33.198 T:4393 warning : ListItem.setRating() is deprecated and might be removed in future Kodi versions. Please use InfoTagVideo.setRating().
2025-08-23 16:45:33.198 T:4398 warning : ListItem.addStreamInfo() is deprecated and might be removed in future Kodi versions. Please use InfoTagVideo.addVideoStream(), InfoTagVideo.addAudioStream() and InfoTagVideo.addSubtitleStream().
2025-08-23 16:45:33.199 T:4392 info : Skipped 11 duplicate messages..
2025-08-23 16:45:33.199 T:4392 warning : ListItem.setRating() is deprecated and might be removed in future Kodi versions. Please use InfoTagVideo.setRating().
2025-08-23 16:45:33.199 T:4398 warning : ListItem.addStreamInfo() is deprecated and might be removed in future Kodi versions. Please use InfoTagVideo.addVideoStream(), InfoTagVideo.addAudioStream() and InfoTagVideo.addSubtitleStream().
2025-08-23 16:45:33.199 T:4392 info : Skipped 1 duplicate messages..
2025-08-23 16:45:33.199 T:4392 warning : "resumetime" in ListItem.setProperty() is deprecated and might be removed in future Kodi versions. Please use InfoTagVideo.setResumePoint().
2025-08-23 16:45:33.199 T:4398 warning : ListItem.addStreamInfo() is deprecated and might be removed in future Kodi versions. Please use InfoTagVideo.addVideoStream(), InfoTagVideo.addAudioStream() and InfoTagVideo.addSubtitleStream().
