2025-08-23 16:44:45.193 T:4327 debug : CVideoPlayerAudio::OutputPacket: pts:5.759 curr_pts:4.955 clock:4.978 level:50
2025-08-23 16:44:45.200 T:4091 debug : CAMLCodec::PollFrame elapsed:33.481ms
2025-08-23 16:44:45.202 T:4326 debug : CAMLCodec::DequeueBuffer: pts:5.339 idx:128
2025-08-23 16:44:45.202 T:4326 debug : CAMLCodec::GetPicture: index: 128, pts: 5.339, dur:42.000ms ar:1.78 elf:41ms
2025-08-23 16:44:45.202 T:4326 debug : CVideoPlayerVideo::OutputPicture - ttd:351ms pts:5.339 Clock:4.987 Level:5
2025-08-23 16:44:45.208 T:4091 debug : PrepareNextRender: frameOnScreen: 4.993 renderPts: 5.155 nextFramePts: 5.130 -> diff: 0.025 render: 1 forceNext: 0
2025-08-23 16:44:45.208 T:4091 debug : CAMLCodec::ReleaseFrame idx:123, drop:0
2025-08-23 16:44:45.241 T:4091 debug : CAMLCodec::PollFrame elapsed:32.809ms
2025-08-23 16:44:45.244 T:4326 debug : CAMLCodec::DequeueBuffer: pts:5.380 idx:129
2025-08-23 16:44:45.244 T:4326 debug : CAMLCodec::GetPicture: index: 129, pts: 5.380, dur:41.000ms ar:1.78 elf:41ms
2025-08-23 16:44:45.244 T:4326 debug : CVideoPlayerVideo::OutputPicture - ttd:351ms pts:5.380 Clock:5.029 Level:5
2025-08-23 16:44:45.250 T:4091 debug : PrepareNextRender: frameOnScreen: 5.034 renderPts: 5.197 nextFramePts: 5.172 -> diff: 0.025 render: 1 forceNext: 0
2025-08-23 16:44:45.250 T:4091 debug : CAMLCodec::ReleaseFrame idx:124, drop:0
2025-08-23 16:44:45.255 T:4326 debug : CAMLCodec::AddData: dl:554176 fl:5540672 sz:249867(249984) lv:9.1% dts:5.505 pts:5.547
2025-08-23 16:44:45.258 T:4326 debug : CAMLCodec::AddData: dl:856256 fl:5238592 sz:301955(302080) lv:14.0% dts:5.547 pts:5.672
2025-08-23 16:44:45.262 T:4323 debug : CVideoPlayer::ProcessVideoData size:431925 dts:9.760 pts:9.843 dur:41.000ms, clock:5.047 level:52
2025-08-23 16:44:45.283 T:4091 debug : CAMLCodec::PollFrame elapsed:33.269ms
2025-08-23 16:44:45.286 T:4326 debug : CAMLCodec::DequeueBuffer: pts:5.422 idx:130
2025-08-23 16:44:45.286 T:4326 debug : CAMLCodec::GetPicture: index: 130, pts: 5.422, dur:42.000ms ar:1.78 elf:41ms
2025-08-23 16:44:45.286 T:4326 debug : CVideoPlayerVideo::OutputPicture - ttd:351ms pts:5.422 Clock:5.071 Level:5
2025-08-23 16:44:45.293 T:4327 debug : CVideoPlayerAudio::OutputPacket: pts:5.851 curr_pts:5.055 clock:5.077 level:49
2025-08-23 16:44:45.295 T:4091 debug : PrepareNextRender: frameOnScreen: 5.079 renderPts: 5.242 nextFramePts: 5.214 -> diff: 0.028 render: 1 forceNext: 0
2025-08-23 16:44:45.295 T:4091 debug : CAMLCodec::ReleaseFrame idx:125, drop:0
2025-08-23 16:44:45.297 T:4326 debug : CAMLCodec::AddData: dl:938816 fl:5156032 sz:386657(386752) lv:15.4% dts:5.589 pts:5.881
2025-08-23 16:44:45.305 T:4323 debug : CVideoPlayer::ProcessAudioData size:5888 dts:9.938 pts:9.938 dur:92.000ms, clock:5.089 drop:0 level:49
2025-08-23 16:44:45.305 T:4323 debug : CVideoPlayer::ProcessAudioData size:5715 dts:10.030 pts:10.030 dur:92.000ms, clock:5.090 drop:0 level:50
2025-08-23 16:44:45.311 T:4323 debug : CVideoPlayer::ProcessVideoData size:552171 dts:9.801 pts:10.093 dur:41.000ms, clock:5.095 level:52
2025-08-23 16:44:45.325 T:4091 debug : CAMLCodec::PollFrame elapsed:29.619ms
2025-08-23 16:44:45.327 T:4326 debug : CAMLCodec::DequeueBuffer: pts:5.464 idx:131
2025-08-23 16:44:45.327 T:4326 debug : CAMLCodec::GetPicture: index: 131, pts: 5.464, dur:42.000ms ar:1.78 elf:40ms
2025-08-23 16:44:45.327 T:4326 debug : CVideoPlayerVideo::OutputPicture - ttd:352ms pts:5.464 Clock:5.112 Level:5
2025-08-23 16:44:45.335 T:4091 debug : PrepareNextRender: frameOnScreen: 5.119 renderPts: 5.277 nextFramePts: 5.255 -> diff: 0.022 render: 1 forceNext: 0
2025-08-23 16:44:45.335 T:4091 debug : CAMLCodec::ReleaseFrame idx:126, drop:0
2025-08-23 16:44:45.342 T:4327 debug : CVideoPlayerAudio::OutputPacket: pts:5.944 curr_pts:5.103 clock:5.126 level:50
2025-08-23 16:44:45.366 T:4091 debug : CAMLCodec::PollFrame elapsed:31.161ms
2025-08-23 16:44:45.368 T:4326 debug : CAMLCodec::DequeueBuffer: pts:5.505 idx:132
2025-08-23 16:44:45.369 T:4326 debug : CAMLCodec::GetPicture: index: 132, pts: 5.505, dur:41.000ms ar:1.78 elf:41ms
2025-08-23 16:44:45.369 T:4326 debug : CVideoPlayerVideo::OutputPicture - ttd:351ms pts:5.505 Clock:5.153 Level:5
2025-08-23 16:44:45.370 T:4326 debug : CAMLCodec::DequeueBuffer: pts:5.547 idx:133
2025-08-23 16:44:45.370 T:4326 debug : CAMLCodec::GetPicture: index: 133, pts: 5.547, dur:42.000ms ar:1.78 elf:1ms
2025-08-23 16:44:45.370 T:4326 debug : CVideoPlayerVideo::OutputPicture - ttd:392ms pts:5.547 Clock:5.155 Level:6
2025-08-23 16:44:45.371 T:4326 debug : CAMLCodec::DequeueBuffer: pts:5.589 idx:134
2025-08-23 16:44:45.371 T:4326 debug : CAMLCodec::GetPicture: index: 134, pts: 5.589, dur:42.000ms ar:1.78 elf:1ms
2025-08-23 16:44:45.376 T:4091 debug : PrepareNextRender: frameOnScreen: 5.160 renderPts: 5.318 nextFramePts: 5.297 -> diff: 0.021 render: 1 forceNext: 0
2025-08-23 16:44:45.376 T:4326 debug : CVideoPlayerVideo::OutputPicture - ttd:432ms pts:5.589 Clock:5.156 Level:6
2025-08-23 16:44:45.376 T:4091 debug : CAMLCodec::ReleaseFrame idx:127, drop:0
2025-08-23 16:44:45.377 T:4326 debug : CAMLCodec::DequeueBuffer: pts:5.631 idx:135
2025-08-23 16:44:45.377 T:4326 debug : CAMLCodec::GetPicture: index: 135, pts: 5.631, dur:42.000ms ar:1.78 elf:5ms
2025-08-23 16:44:45.408 T:4091 debug : CAMLCodec::PollFrame elapsed:32.284ms
2025-08-23 16:44:45.415 T:4091 debug : PrepareNextRender: frameOnScreen: 5.200 renderPts: 5.357 nextFramePts: 5.339 -> diff: 0.018 render: 1 forceNext: 0
2025-08-23 16:44:45.415 T:4326 debug : CVideoPlayerVideo::OutputPicture - ttd:469ms pts:5.631 Clock:5.161 Level:6
2025-08-23 16:44:45.415 T:4091 debug : CAMLCodec::ReleaseFrame idx:128, drop:0
2025-08-23 16:44:45.419 T:4326 debug : CAMLCodec::AddData: dl:695936 fl:5398912 sz:309107(309184) lv:11.4% dts:5.631 pts:5.797
2025-08-23 16:44:45.422 T:4326 debug : CAMLCodec::AddData: dl:571904 fl:5522944 sz:262593(262720) lv:9.4% dts:5.672 pts:5.756
2025-08-23 16:44:45.425 T:4323 debug : CVideoPlayer::ProcessVideoData size:557516 dts:9.843 pts:10.010 dur:41.000ms, clock:5.209 level:51
2025-08-23 16:44:45.425 T:4326 debug : CAMLCodec::AddData: dl:799936 fl:5294912 sz:227927(228032) lv:13.1% dts:5.714 pts:5.714
2025-08-23 16:44:45.442 T:4327 debug : CVideoPlayerAudio::OutputPacket: pts:6.036 curr_pts:5.203 clock:5.227 level:49
2025-08-23 16:44:45.450 T:4091 debug : CAMLCodec::PollFrame elapsed:34.302ms
2025-08-23 16:44:45.457 T:4091 debug : PrepareNextRender: frameOnScreen: 5.241 renderPts: 5.399 nextFramePts: 5.380 -> diff: 0.019 render: 1 forceNext: 0
2025-08-23 16:44:45.457 T:4091 debug : CAMLCodec::ReleaseFrame idx:129, drop:0
2025-08-23 16:44:45.464 T:4326 debug : CAMLCodec::AddData: dl:770304 fl:5324544 sz:279471(279552) lv:12.6% dts:5.756 pts:5.839
2025-08-23 16:44:45.467 T:4323 debug : CVideoPlayer::ProcessVideoData size:437270 dts:9.885 pts:9.968 dur:41.000ms, clock:5.251 level:51
2025-08-23 16:44:45.492 T:4091 debug : CAMLCodec::PollFrame elapsed:34.533ms
2025-08-23 16:44:45.500 T:4091 debug : PrepareNextRender: frameOnScreen: 5.284 renderPts: 5.442 nextFramePts: 5.422 -> diff: 0.020 render: 1 forceNext: 0
2025-08-23 16:44:45.500 T:4091 debug : CAMLCodec::ReleaseFrame idx:130, drop:0
2025-08-23 16:44:45.505 T:4326 debug : CAMLCodec::AddData: dl:930048 fl:5164800 sz:422380(422464) lv:15.3% dts:5.797 pts:6.089
2025-08-23 16:44:45.509 T:4323 debug : CVideoPlayer::ProcessVideoData size:438034 dts:9.927 pts:9.927 dur:41.000ms, clock:5.293 level:51
2025-08-23 16:44:45.533 T:4091 debug : CAMLCodec::PollFrame elapsed:33.573ms
2025-08-23 16:44:45.535 T:4326 debug : CAMLCodec::DequeueBuffer: pts:5.672 idx:136
2025-08-23 16:44:45.535 T:4326 debug : CAMLCodec::GetPicture: index: 136, pts: 5.672, dur:41.000ms ar:1.78 elf:158ms
2025-08-23 16:44:45.535 T:4326 debug : CVideoPlayerVideo::OutputPicture - ttd:352ms pts:5.672 Clock:5.320 Level:5
2025-08-23 16:44:45.542 T:4327 debug : CVideoPlayerAudio::OutputPacket: pts:6.130 curr_pts:5.303 clock:5.327 level:48
2025-08-23 16:44:45.544 T:4091 debug : PrepareNextRender: frameOnScreen: 5.328 renderPts: 5.486 nextFramePts: 5.464 -> diff: 0.022 render: 1 forceNext: 0
2025-08-23 16:44:45.544 T:4091 debug : CAMLCodec::ReleaseFrame idx:131, drop:0
2025-08-23 16:44:45.575 T:4091 debug : CAMLCodec::PollFrame elapsed:31.039ms
2025-08-23 16:44:45.578 T:4326 debug : CAMLCodec::DequeueBuffer: pts:5.714 idx:137
2025-08-23 16:44:45.578 T:4326 debug : CAMLCodec::GetPicture: index: 137, pts: 5.714, dur:42.000ms ar:1.78 elf:42ms
2025-08-23 16:44:45.578 T:4326 debug : CVideoPlayerVideo::OutputPicture - ttd:351ms pts:5.714 Clock:5.363 Level:5
2025-08-23 16:44:45.584 T:4091 debug : PrepareNextRender: frameOnScreen: 5.368 renderPts: 5.526 nextFramePts: 5.505 -> diff: 0.021 render: 1 forceNext: 0
2025-08-23 16:44:45.584 T:4091 debug : CAMLCodec::ReleaseFrame idx:132, drop:0
2025-08-23 16:44:45.589 T:4326 debug : CAMLCodec::AddData: dl:773184 fl:5321664 sz:350642(350720) lv:12.7% dts:5.839 pts:6.006
2025-08-23 16:44:45.591 T:4323 debug : CVideoPlayer::ProcessVideoData size:453262 dts:9.968 pts:10.052 dur:41.000ms, clock:5.376 level:51
2025-08-23 16:44:45.617 T:4091 debug : CAMLCodec::PollFrame elapsed:32.885ms
2025-08-23 16:44:45.618 T:4326 debug : CAMLCodec::DequeueBuffer: pts:5.756 idx:138
2025-08-23 16:44:45.618 T:4326 debug : CAMLCodec::GetPicture: index: 138, pts: 5.756, dur:42.000ms ar:1.78 elf:40ms
2025-08-23 16:44:45.619 T:4326 debug : CVideoPlayerVideo::OutputPicture - ttd:352ms pts:5.756 Clock:5.403 Level:5
2025-08-23 16:44:45.625 T:4091 debug : PrepareNextRender: frameOnScreen: 5.410 renderPts: 5.567 nextFramePts: 5.547 -> diff: 0.020 render: 1 forceNext: 0
2025-08-23 16:44:45.625 T:4091 debug : CAMLCodec::ReleaseFrame idx:133, drop:0
2025-08-23 16:44:45.631 T:4326 debug : CAMLCodec::AddData: dl:704320 fl:5390528 sz:353492(353600) lv:11.6% dts:5.881 pts:5.964
2025-08-23 16:44:45.633 T:4323 debug : CVideoPlayer::ProcessAudioData size:5571 dts:10.124 pts:10.124 dur:92.000ms, clock:5.417 drop:0 level:48
2025-08-23 16:44:45.633 T:4323 debug : CVideoPlayer::ProcessAudioData size:5501 dts:10.216 pts:10.216 dur:92.000ms, clock:5.418 drop:0 level:49
2025-08-23 16:44:45.639 T:4323 debug : CVideoPlayer::ProcessVideoData size:594632 dts:10.010 pts:10.302 dur:41.000ms, clock:5.423 level:51
2025-08-23 16:44:45.643 T:4327 debug : CVideoPlayerAudio::OutputPacket: pts:6.222 curr_pts:5.404 clock:5.427 level:49
2025-08-23 16:44:45.658 T:4091 debug : CAMLCodec::PollFrame elapsed:33.034ms
2025-08-23 16:44:45.661 T:4326 debug : CAMLCodec::DequeueBuffer: pts:5.797 idx:139
2025-08-23 16:44:45.662 T:4326 debug : CAMLCodec::GetPicture: index: 139, pts: 5.797, dur:41.000ms ar:1.78 elf:42ms
2025-08-23 16:44:45.662 T:4326 debug : CVideoPlayerVideo::OutputPicture - ttd:350ms pts:5.797 Clock:5.446 Level:5
2025-08-23 16:44:45.673 T:4326 debug : CAMLCodec::AddData: dl:611072 fl:5483776 sz:257370(257472) lv:10.0% dts:5.923 pts:5.923
2025-08-23 16:44:45.674 T:4091 debug : PrepareNextRender: frameOnScreen: 5.458 renderPts: 5.616 nextFramePts: 5.589 -> diff: 0.027 render: 1 forceNext: 0
2025-08-23 16:44:45.674 T:4091 debug : CAMLCodec::ReleaseFrame idx:134, drop:0
2025-08-23 16:44:45.700 T:4091 debug : CAMLCodec::PollFrame elapsed:26.017ms
2025-08-23 16:44:45.702 T:4326 debug : CAMLCodec::DequeueBuffer: pts:5.839 idx:140
2025-08-23 16:44:45.702 T:4326 debug : CAMLCodec::GetPicture: index: 140, pts: 5.839, dur:42.000ms ar:1.78 elf:39ms
2025-08-23 16:44:45.702 T:4326 debug : CVideoPlayerVideo::OutputPicture - ttd:352ms pts:5.839 Clock:5.486 Level:5
2025-08-23 16:44:45.707 T:4091 debug : PrepareNextRender: frameOnScreen: 5.492 renderPts: 5.650 nextFramePts: 5.631 -> diff: 0.019 render: 1 forceNext: 0
2025-08-23 16:44:45.708 T:4091 debug : CAMLCodec::ReleaseFrame idx:135, drop:0
2025-08-23 16:44:45.713 T:4326 debug : CAMLCodec::AddData: dl:559424 fl:5535424 sz:301840(301952) lv:9.2% dts:5.964 pts:6.048
2025-08-23 16:44:45.716 T:4326 debug : CAMLCodec::AddData: dl:1012672 fl:5082176 sz:453178(453248) lv:16.6% dts:6.006 pts:6.298
2025-08-23 16:44:45.721 T:4323 debug : CVideoPlayer::ProcessVideoData size:578599 dts:10.052 pts:10.219 dur:41.000ms, clock:5.506 level:50
2025-08-23 16:44:45.744 T:4326 debug : CAMLCodec::DequeueBuffer: pts:5.881 idx:141
2025-08-23 16:44:45.744 T:4326 debug : CAMLCodec::GetPicture: index: 141, pts: 5.881, dur:42.000ms ar:1.78 elf:41ms
2025-08-23 16:44:45.744 T:4327 debug : CVideoPlayerAudio::OutputPacket: pts:6.316 curr_pts:5.503 clock:5.528 level:48
2025-08-23 16:44:45.744 T:4326 debug : CVideoPlayerVideo::OutputPicture - ttd:352ms pts:5.881 Clock:5.528 Level:5
2025-08-23 16:44:45.744 T:4091 debug : CAMLCodec::PollFrame elapsed:36.412ms
2025-08-23 16:44:45.755 T:4091 debug : PrepareNextRender: frameOnScreen: 5.540 renderPts: 5.698 nextFramePts: 5.672 -> diff: 0.026 render: 1 forceNext: 0
2025-08-23 16:44:45.756 T:4091 debug : CAMLCodec::ReleaseFrame idx:136, drop:0
2025-08-23 16:44:45.784 T:4091 debug : CAMLCodec::PollFrame elapsed:27.989ms
2025-08-23 16:44:45.787 T:4326 debug : CAMLCodec::DequeueBuffer: pts:5.923 idx:142
2025-08-23 16:44:45.787 T:4326 debug : CAMLCodec::GetPicture: index: 142, pts: 5.923, dur:42.000ms ar:1.78 elf:42ms
2025-08-23 16:44:45.787 T:4326 debug : CVideoPlayerVideo::OutputPicture - ttd:351ms pts:5.923 Clock:5.571 Level:5
2025-08-23 16:44:45.790 T:4091 debug : PrepareNextRender: frameOnScreen: 5.574 renderPts: 5.732 nextFramePts: 5.714 -> diff: 0.018 render: 1 forceNext: 0
2025-08-23 16:44:45.790 T:4091 debug : CAMLCodec::ReleaseFrame idx:137, drop:0
2025-08-23 16:44:45.798 T:4326 debug : CAMLCodec::AddData: dl:815808 fl:5279040 sz:362473(362560) lv:13.4% dts:6.048 pts:6.215
2025-08-23 16:44:45.804 T:4323 debug : CVideoPlayer::ProcessVideoData size:452375 dts:10.093 pts:10.177 dur:41.000ms, clock:5.589 level:50
2025-08-23 16:44:45.825 T:4091 debug : CAMLCodec::PollFrame elapsed:35.181ms
2025-08-23 16:44:45.827 T:4326 debug : CAMLCodec::DequeueBuffer: pts:5.964 idx:143
2025-08-23 16:44:45.827 T:4326 debug : CAMLCodec::GetPicture: index: 143, pts: 5.964, dur:41.000ms ar:1.78 elf:40ms
2025-08-23 16:44:45.828 T:4326 debug : CVideoPlayerVideo::OutputPicture - ttd:352ms pts:5.964 Clock:5.612 Level:5
2025-08-23 16:44:45.835 T:4091 debug : PrepareNextRender: frameOnScreen: 5.619 renderPts: 5.777 nextFramePts: 5.756 -> diff: 0.021 render: 1 forceNext: 0
2025-08-23 16:44:45.835 T:4091 debug : CAMLCodec::ReleaseFrame idx:138, drop:0
2025-08-23 16:44:45.841 T:4326 debug : CAMLCodec::AddData: dl:728000 fl:5366848 sz:365339(365440) lv:11.9% dts:6.089 pts:6.173
2025-08-23 16:44:45.843 T:4327 debug : CVideoPlayerAudio::OutputPacket: pts:6.408 curr_pts:5.604 clock:5.627 level:47
2025-08-23 16:44:45.846 T:4323 debug : CVideoPlayer::ProcessVideoData size:444803 dts:10.135 pts:10.135 dur:41.000ms, clock:5.631 level:50
2025-08-23 16:44:45.867 T:4091 debug : CAMLCodec::PollFrame elapsed:32.341ms
2025-08-23 16:44:45.868 T:4326 debug : CAMLCodec::DequeueBuffer: pts:6.006 idx:144
2025-08-23 16:44:45.868 T:4326 debug : CAMLCodec::GetPicture: index: 144, pts: 6.006, dur:42.000ms ar:1.78 elf:40ms
2025-08-23 16:44:45.869 T:4326 debug : CVideoPlayerVideo::OutputPicture - ttd:353ms pts:6.006 Clock:5.653 Level:5
2025-08-23 16:44:45.879 T:4091 debug : PrepareNextRender: frameOnScreen: 5.663 renderPts: 5.821 nextFramePts: 5.797 -> diff: 0.024 render: 1 forceNext: 0
2025-08-23 16:44:45.879 T:4091 debug : CAMLCodec::ReleaseFrame idx:139, drop:0
2025-08-23 16:44:45.880 T:4326 debug : CAMLCodec::AddData: dl:631168 fl:5463680 sz:265635(265728) lv:10.4% dts:6.131 pts:6.131
2025-08-23 16:44:45.909 T:4091 debug : CAMLCodec::PollFrame elapsed:29.834ms
2025-08-23 16:44:45.911 T:4326 debug : CAMLCodec::DequeueBuffer: pts:6.048 idx:145
2025-08-23 16:44:45.911 T:4326 debug : CAMLCodec::GetPicture: index: 145, pts: 6.048, dur:42.000ms ar:1.78 elf:42ms
2025-08-23 16:44:45.911 T:4326 debug : CVideoPlayerVideo::OutputPicture - ttd:352ms pts:6.048 Clock:5.695 Level:5
2025-08-23 16:44:45.917 T:4091 debug : PrepareNextRender: frameOnScreen: 5.701 renderPts: 5.859 nextFramePts: 5.839 -> diff: 0.020 render: 1 forceNext: 0
2025-08-23 16:44:45.917 T:4091 debug : CAMLCodec::ReleaseFrame idx:140, drop:0
2025-08-23 16:44:45.922 T:4326 debug : CAMLCodec::AddData: dl:577344 fl:5517504 sz:311511(311616) lv:9.5% dts:6.173 pts:6.256
2025-08-23 16:44:45.926 T:4326 debug : CAMLCodec::AddData: dl:1061440 fl:5033408 sz:484007(484096) lv:17.4% dts:6.215 pts:6.506
2025-08-23 16:44:45.929 T:4323 debug : CVideoPlayer::ProcessVideoData size:465009 dts:10.177 pts:10.260 dur:41.000ms, clock:5.713 level:49
2025-08-23 16:44:45.930 T:4323 debug : CVideoPlayer::ProcessAudioData size:5753 dts:10.310 pts:10.310 dur:92.000ms, clock:5.714 drop:0 level:47
2025-08-23 16:44:45.930 T:4323 debug : CVideoPlayer::ProcessAudioData size:5717 dts:10.402 pts:10.402 dur:92.000ms, clock:5.714 drop:0 level:48
2025-08-23 16:44:45.930 T:4323 debug : CVideoPlayer::ProcessAudioData size:5566 dts:10.495 pts:10.495 dur:92.000ms, clock:5.714 drop:0 level:49
2025-08-23 16:44:45.936 T:4323 debug : CVideoPlayer::ProcessVideoData size:605916 dts:10.219 pts:10.510 dur:41.000ms, clock:5.720 level:50
2025-08-23 16:44:45.943 T:4327 debug : CVideoPlayerAudio::OutputPacket: pts:6.501 curr_pts:5.704 clock:5.728 level:49
2025-08-23 16:44:45.950 T:4091 debug : CAMLCodec::PollFrame elapsed:33.428ms
2025-08-23 16:44:45.952 T:4326 debug : CAMLCodec::DequeueBuffer: pts:6.089 idx:146
2025-08-23 16:44:45.952 T:4326 debug : CAMLCodec::GetPicture: index: 146, pts: 6.089, dur:41.000ms ar:1.78 elf:41ms
2025-08-23 16:44:45.953 T:4326 debug : CVideoPlayerVideo::OutputPicture - ttd:351ms pts:6.089 Clock:5.737 Level:5
2025-08-23 16:44:45.958 T:4091 debug : PrepareNextRender: frameOnScreen: 5.743 renderPts: 5.901 nextFramePts: 5.881 -> diff: 0.020 render: 1 forceNext: 0
2025-08-23 16:44:45.959 T:4091 debug : CAMLCodec::ReleaseFrame idx:141, drop:0
2025-08-23 16:44:45.992 T:4327 debug : CVideoPlayerAudio::OutputPacket: pts:6.594 curr_pts:5.753 clock:5.777 level:48
2025-08-23 16:44:45.993 T:4091 debug : CAMLCodec::PollFrame elapsed:33.949ms
2025-08-23 16:44:45.994 T:4326 debug : CAMLCodec::DequeueBuffer: pts:6.131 idx:147
2025-08-23 16:44:45.994 T:4326 debug : CAMLCodec::GetPicture: index: 147, pts: 6.131, dur:42.000ms ar:1.78 elf:41ms
2025-08-23 16:44:45.994 T:4326 debug : CVideoPlayerVideo::OutputPicture - ttd:352ms pts:6.131 Clock:5.779 Level:5
2025-08-23 16:44:46.001 T:4091 debug : PrepareNextRender: frameOnScreen: 5.786 renderPts: 5.944 nextFramePts: 5.923 -> diff: 0.021 render: 1 forceNext: 0
2025-08-23 16:44:46.002 T:4091 debug : CAMLCodec::ReleaseFrame idx:142, drop:0
2025-08-23 16:44:46.006 T:4326 debug : CAMLCodec::AddData: dl:864768 fl:5230080 sz:380554(380672) lv:14.2% dts:6.256 pts:6.423
2025-08-23 16:44:46.008 T:4323 debug : CVideoPlayer::ProcessVideoData size:473830 dts:10.260 pts:10.427 dur:41.000ms, clock:5.793 level:50
2025-08-23 16:44:46.034 T:4091 debug : CAMLCodec::PollFrame elapsed:32.295ms
2025-08-23 16:44:46.036 T:4326 debug : CAMLCodec::DequeueBuffer: pts:6.173 idx:148
2025-08-23 16:44:46.036 T:4326 debug : CAMLCodec::GetPicture: index: 148, pts: 6.173, dur:42.000ms ar:1.78 elf:42ms
2025-08-23 16:44:46.036 T:4326 debug : CVideoPlayerVideo::OutputPicture - ttd:352ms pts:6.173 Clock:5.821 Level:5
2025-08-23 16:44:46.044 T:4091 debug : PrepareNextRender: frameOnScreen: 5.828 renderPts: 5.986 nextFramePts: 5.964 -> diff: 0.022 render: 1 forceNext: 0
2025-08-23 16:44:46.044 T:4091 debug : CAMLCodec::ReleaseFrame idx:143, drop:0
2025-08-23 16:44:46.050 T:4326 debug : CAMLCodec::AddData: dl:766464 fl:5328384 sz:385668(385792) lv:12.6% dts:6.298 pts:6.381
2025-08-23 16:44:46.076 T:4091 debug : CAMLCodec::PollFrame elapsed:31.797ms
2025-08-23 16:44:46.078 T:4326 debug : CAMLCodec::DequeueBuffer: pts:6.215 idx:149
2025-08-23 16:44:46.078 T:4326 debug : CAMLCodec::GetPicture: index: 149, pts: 6.215, dur:42.000ms ar:1.78 elf:41ms
2025-08-23 16:44:46.078 T:4326 debug : CVideoPlayerVideo::OutputPicture - ttd:352ms pts:6.215 Clock:5.863 Level:5
2025-08-23 16:44:46.085 T:4091 debug : PrepareNextRender: frameOnScreen: 5.869 renderPts: 6.027 nextFramePts: 6.006 -> diff: 0.021 render: 1 forceNext: 0
2025-08-23 16:44:46.085 T:4091 debug : CAMLCodec::ReleaseFrame idx:144, drop:0
2025-08-23 16:44:46.091 T:4323 debug : CVideoPlayer::ProcessVideoData size:470252 dts:10.302 pts:10.385 dur:41.000ms, clock:5.875 level:49
2025-08-23 16:44:46.091 T:4326 debug : CAMLCodec::AddData: dl:658240 fl:5436608 sz:272375(272448) lv:10.8% dts:6.340 pts:6.340
2025-08-23 16:44:46.092 T:4327 debug : CVideoPlayerAudio::OutputPacket: pts:6.687 curr_pts:5.853 clock:5.877 level:47
2025-08-23 16:44:46.117 T:4091 debug : CAMLCodec::PollFrame elapsed:32.396ms
2025-08-23 16:44:46.120 T:4326 debug : CAMLCodec::DequeueBuffer: pts:6.256 idx:150
2025-08-23 16:44:46.120 T:4326 debug : CAMLCodec::GetPicture: index: 150, pts: 6.256, dur:41.000ms ar:1.78 elf:41ms
2025-08-23 16:44:46.120 T:4326 debug : CVideoPlayerVideo::OutputPicture - ttd:351ms pts:6.256 Clock:5.904 Level:5
2025-08-23 16:44:46.125 T:4091 debug : PrepareNextRender: frameOnScreen: 5.910 renderPts: 6.068 nextFramePts: 6.048 -> diff: 0.020 render: 1 forceNext: 0
2025-08-23 16:44:46.126 T:4091 debug : CAMLCodec::ReleaseFrame idx:145, drop:0
2025-08-23 16:44:46.132 T:4323 debug : CVideoPlayer::ProcessVideoData size:363404 dts:10.344 pts:10.344 dur:41.000ms, clock:5.917 level:49
2025-08-23 16:44:46.133 T:4326 debug : CAMLCodec::AddData: dl:594240 fl:5500608 sz:321697(321792) lv:9.7% dts:6.381 pts:6.465
2025-08-23 16:44:46.136 T:4326 debug : CAMLCodec::AddData: dl:1092224 fl:5002624 sz:497864(497984) lv:17.9% dts:6.423 pts:6.632
2025-08-23 16:44:46.145 T:4323 debug : CVideoPlayer::ProcessVideoData size:391025 dts:10.385 pts:10.469 dur:41.000ms, clock:5.929 level:49
2025-08-23 16:44:46.159 T:4091 debug : CAMLCodec::PollFrame elapsed:33.353ms
2025-08-23 16:44:46.160 T:4326 debug : CAMLCodec::DequeueBuffer: pts:6.298 idx:151
2025-08-23 16:44:46.161 T:4326 debug : CAMLCodec::GetPicture: index: 151, pts: 6.298, dur:42.000ms ar:1.78 elf:40ms
2025-08-23 16:44:46.161 T:4326 debug : CVideoPlayerVideo::OutputPicture - ttd:352ms pts:6.298 Clock:5.945 Level:5
2025-08-23 16:44:46.171 T:4091 debug : PrepareNextRender: frameOnScreen: 5.956 renderPts: 6.114 nextFramePts: 6.089 -> diff: 0.025 render: 1 forceNext: 0
2025-08-23 16:44:46.171 T:4091 debug : CAMLCodec::ReleaseFrame idx:146, drop:0
2025-08-23 16:44:46.192 T:4327 debug : CVideoPlayerAudio::OutputPacket: pts:6.779 curr_pts:5.953 clock:5.977 level:46
2025-08-23 16:44:46.201 T:4091 debug : CAMLCodec::PollFrame elapsed:29.144ms
2025-08-23 16:44:46.204 T:4326 debug : CAMLCodec::DequeueBuffer: pts:6.340 idx:152
2025-08-23 16:44:46.204 T:4326 debug : CAMLCodec::GetPicture: index: 152, pts: 6.340, dur:42.000ms ar:1.78 elf:43ms
2025-08-23 16:44:46.204 T:4326 debug : CVideoPlayerVideo::OutputPicture - ttd:351ms pts:6.340 Clock:5.988 Level:5
2025-08-23 16:44:46.208 T:4091 debug : PrepareNextRender: frameOnScreen: 5.992 renderPts: 6.150 nextFramePts: 6.131 -> diff: 0.019 render: 1 forceNext: 0
2025-08-23 16:44:46.208 T:4091 debug : CAMLCodec::ReleaseFrame idx:147, drop:0
2025-08-23 16:44:46.215 T:4326 debug : CAMLCodec::AddData: dl:893504 fl:5201344 sz:395426(395520) lv:14.7% dts:6.465 pts:6.590
2025-08-23 16:44:46.218 T:4323 debug : CVideoPlayer::ProcessAudioData size:5598 dts:10.588 pts:10.588 dur:92.000ms, clock:6.002 drop:0 level:46
2025-08-23 16:44:46.221 T:4323 debug : CVideoPlayer::ProcessVideoData size:638526 dts:10.427 pts:10.636 dur:41.000ms, clock:6.005 level:49
2025-08-23 16:44:46.243 T:4091 debug : CAMLCodec::PollFrame elapsed:35.409ms
2025-08-23 16:44:46.245 T:4326 debug : CAMLCodec::DequeueBuffer: pts:6.381 idx:153
2025-08-23 16:44:46.245 T:4326 debug : CAMLCodec::GetPicture: index: 153, pts: 6.381, dur:41.000ms ar:1.78 elf:41ms
2025-08-23 16:44:46.246 T:4326 debug : CVideoPlayerVideo::OutputPicture - ttd:350ms pts:6.381 Clock:6.030 Level:5
2025-08-23 16:44:46.255 T:4091 debug : PrepareNextRender: frameOnScreen: 6.039 renderPts: 6.197 nextFramePts: 6.173 -> diff: 0.024 render: 1 forceNext: 0
2025-08-23 16:44:46.255 T:4091 debug : CAMLCodec::ReleaseFrame idx:148, drop:0
2025-08-23 16:44:46.259 T:4326 debug : CAMLCodec::AddData: dl:720064 fl:5374784 sz:324436(324544) lv:11.8% dts:6.506 pts:6.548
2025-08-23 16:44:46.284 T:4091 debug : CAMLCodec::PollFrame elapsed:29.408ms
2025-08-23 16:44:46.286 T:4326 debug : CAMLCodec::DequeueBuffer: pts:6.423 idx:154
2025-08-23 16:44:46.286 T:4326 debug : CAMLCodec::GetPicture: index: 154, pts: 6.423, dur:42.000ms ar:1.78 elf:40ms
2025-08-23 16:44:46.286 T:4326 debug : CVideoPlayerVideo::OutputPicture - ttd:352ms pts:6.423 Clock:6.070 Level:5
2025-08-23 16:44:46.293 T:4327 debug : CVideoPlayerAudio::OutputPacket: pts:6.872 curr_pts:6.053 clock:6.077 level:46
2025-08-23 16:44:46.294 T:4091 debug : PrepareNextRender: frameOnScreen: 6.078 renderPts: 6.236 nextFramePts: 6.215 -> diff: 0.021 render: 1 forceNext: 0
2025-08-23 16:44:46.294 T:4091 debug : CAMLCodec::ReleaseFrame idx:149, drop:0
2025-08-23 16:44:46.298 T:4326 debug : CAMLCodec::AddData: dl:639744 fl:5455104 sz:315091(315200) lv:10.5% dts:6.548 pts:6.673
2025-08-23 16:44:46.303 T:4323 debug : CVideoPlayer::ProcessVideoData size:500652 dts:10.469 pts:10.594 dur:41.000ms, clock:6.087 level:48
2025-08-23 16:44:46.326 T:4091 debug : CAMLCodec::PollFrame elapsed:31.587ms
2025-08-23 16:44:46.329 T:4326 debug : CAMLCodec::DequeueBuffer: pts:6.465 idx:155
2025-08-23 16:44:46.329 T:4326 debug : CAMLCodec::GetPicture: index: 155, pts: 6.465, dur:42.000ms ar:1.78 elf:42ms
2025-08-23 16:44:46.329 T:4326 debug : CVideoPlayerVideo::OutputPicture - ttd:351ms pts:6.465 Clock:6.113 Level:5
2025-08-23 16:44:46.334 T:4091 debug : PrepareNextRender: frameOnScreen: 6.118 renderPts: 6.276 nextFramePts: 6.256 -> diff: 0.020 render: 1 forceNext: 0
2025-08-23 16:44:46.334 T:4091 debug : CAMLCodec::ReleaseFrame idx:150, drop:0
2025-08-23 16:44:46.340 T:4326 debug : CAMLCodec::AddData: dl:741248 fl:5353600 sz:425923(426048) lv:12.2% dts:6.590 pts:6.882
2025-08-23 16:44:46.345 T:4323 debug : CVideoPlayer::ProcessVideoData size:395759 dts:10.510 pts:10.552 dur:41.000ms, clock:6.129 level:48
2025-08-23 16:44:46.368 T:4091 debug : CAMLCodec::PollFrame elapsed:33.572ms
2025-08-23 16:44:46.370 T:4326 debug : CAMLCodec::DequeueBuffer: pts:6.506 idx:156
2025-08-23 16:44:46.370 T:4326 debug : CAMLCodec::GetPicture: index: 156, pts: 6.506, dur:41.000ms ar:1.78 elf:41ms
2025-08-23 16:44:46.370 T:4326 debug : CVideoPlayerVideo::OutputPicture - ttd:351ms pts:6.506 Clock:6.155 Level:5
2025-08-23 16:44:46.372 T:4326 debug : CAMLCodec::DequeueBuffer: pts:6.548 idx:157
2025-08-23 16:44:46.372 T:4326 debug : CAMLCodec::GetPicture: index: 157, pts: 6.548, dur:42.000ms ar:1.78 elf:1ms
2025-08-23 16:44:46.372 T:4326 debug : CVideoPlayerVideo::OutputPicture - ttd:391ms pts:6.548 Clock:6.156 Level:6
2025-08-23 16:44:46.373 T:4326 debug : CAMLCodec::DequeueBuffer: pts:6.590 idx:158
2025-08-23 16:44:46.373 T:4326 debug : CAMLCodec::GetPicture: index: 158, pts: 6.590, dur:42.000ms ar:1.78 elf:1ms
2025-08-23 16:44:46.374 T:4091 debug : PrepareNextRender: frameOnScreen: 6.158 renderPts: 6.316 nextFramePts: 6.298 -> diff: 0.018 render: 1 forceNext: 0
2025-08-23 16:44:46.374 T:4326 debug : CVideoPlayerVideo::OutputPicture - ttd:432ms pts:6.590 Clock:6.158 Level:6
2025-08-23 16:44:46.374 T:4091 debug : CAMLCodec::ReleaseFrame idx:151, drop:0
2025-08-23 16:44:46.375 T:4326 debug : CAMLCodec::DequeueBuffer: pts:6.632 idx:159
2025-08-23 16:44:46.375 T:4326 debug : CAMLCodec::GetPicture: index: 159, pts: 6.632, dur:42.000ms ar:1.78 elf:2ms
2025-08-23 16:44:46.393 T:4327 debug : CVideoPlayerAudio::OutputPacket: pts:6.966 curr_pts:6.153 clock:6.177 level:45
2025-08-23 16:44:46.409 T:4091 debug : CAMLCodec::PollFrame elapsed:35.104ms
2025-08-23 16:44:46.416 T:4091 debug : PrepareNextRender: frameOnScreen: 6.200 renderPts: 6.358 nextFramePts: 6.340 -> diff: 0.018 render: 1 forceNext: 0
2025-08-23 16:44:46.416 T:4326 debug : CVideoPlayerVideo::OutputPicture - ttd:472ms pts:6.632 Clock:6.160 Level:6
2025-08-23 16:44:46.416 T:4091 debug : CAMLCodec::ReleaseFrame idx:152, drop:0
2025-08-23 16:44:46.420 T:4326 debug : CAMLCodec::AddData: dl:728576 fl:5366272 sz:302459(302528) lv:12.0% dts:6.632 pts:6.798
2025-08-23 16:44:46.424 T:4326 debug : CAMLCodec::AddData: dl:596736 fl:5498112 sz:294093(294208) lv:9.8% dts:6.673 pts:6.757
2025-08-23 16:44:46.427 T:4326 debug : CAMLCodec::AddData: dl:883520 fl:5211328 sz:286690(286784) lv:14.5% dts:6.715 pts:6.715
2025-08-23 16:44:46.428 T:4323 debug : CVideoPlayer::ProcessVideoData size:455569 dts:10.552 pts:10.677 dur:41.000ms, clock:6.213 level:47
2025-08-23 16:44:46.429 T:4323 debug : CVideoPlayer::ProcessAudioData size:5686 dts:10.681 pts:10.681 dur:92.000ms, clock:6.213 drop:0 level:45
2025-08-23 16:44:46.429 T:4323 debug : CVideoPlayer::ProcessAudioData size:5712 dts:10.773 pts:10.773 dur:92.000ms, clock:6.213 drop:0 level:46
2025-08-23 16:44:46.429 T:4323 debug : CVideoPlayer::ProcessAudioData size:6177 dts:10.866 pts:10.866 dur:92.000ms, clock:6.213 drop:0 level:47
2025-08-23 16:44:46.440 T:4323 debug : CVideoPlayer::ProcessVideoData size:498191 dts:10.594 pts:10.886 dur:41.000ms, clock:6.224 level:48
2025-08-23 16:44:46.451 T:4091 debug : CAMLCodec::PollFrame elapsed:35.044ms
2025-08-23 16:44:46.463 T:4091 debug : PrepareNextRender: frameOnScreen: 6.248 renderPts: 6.406 nextFramePts: 6.381 -> diff: 0.025 render: 1 forceNext: 0
2025-08-23 16:44:46.464 T:4091 debug : CAMLCodec::ReleaseFrame idx:153, drop:0
2025-08-23 16:44:46.464 T:4326 debug : CAMLCodec::AddData: dl:913472 fl:5181376 sz:332408(332480) lv:15.0% dts:6.757 pts:6.840
2025-08-23 16:44:46.474 T:4323 debug : CVideoPlayer::ProcessVideoData size:492835 dts:10.636 pts:10.802 dur:41.000ms, clock:6.258 level:48
2025-08-23 16:44:46.493 T:4091 debug : CAMLCodec::PollFrame elapsed:29.325ms
2025-08-23 16:44:46.493 T:4327 debug : CVideoPlayerAudio::OutputPacket: pts:7.058 curr_pts:6.255 clock:6.278 level:47
2025-08-23 16:44:46.502 T:4091 debug : PrepareNextRender: frameOnScreen: 6.286 renderPts: 6.444 nextFramePts: 6.423 -> diff: 0.021 render: 1 forceNext: 0
2025-08-23 16:44:46.502 T:4091 debug : CAMLCodec::ReleaseFrame idx:154, drop:0
2025-08-23 16:44:46.535 T:4091 debug : CAMLCodec::PollFrame elapsed:32.151ms
2025-08-23 16:44:46.536 T:4326 debug : CAMLCodec::DequeueBuffer: pts:6.673 idx:160
2025-08-23 16:44:46.536 T:4326 debug : CAMLCodec::GetPicture: index: 160, pts: 6.673, dur:41.000ms ar:1.78 elf:160ms
2025-08-23 16:44:46.536 T:4326 debug : CVideoPlayerVideo::OutputPicture - ttd:352ms pts:6.673 Clock:6.320 Level:5
2025-08-23 16:44:46.544 T:4091 debug : PrepareNextRender: frameOnScreen: 6.329 renderPts: 6.486 nextFramePts: 6.465 -> diff: 0.021 render: 1 forceNext: 0
2025-08-23 16:44:46.544 T:4091 debug : CAMLCodec::ReleaseFrame idx:155, drop:0
2025-08-23 16:44:46.546 T:4323 debug : CVideoPlayer::ProcessVideoData size:399798 dts:10.677 pts:10.761 dur:41.000ms, clock:6.330 level:48
2025-08-23 16:44:46.547 T:4326 debug : CAMLCodec::AddData: dl:819328 fl:5275520 sz:486758(486848) lv:13.4% dts:6.798 pts:7.090
2025-08-23 16:44:46.576 T:4091 debug : CAMLCodec::PollFrame elapsed:31.502ms
2025-08-23 16:44:46.578 T:4326 debug : CAMLCodec::DequeueBuffer: pts:6.715 idx:161
2025-08-23 16:44:46.579 T:4326 debug : CAMLCodec::GetPicture: index: 161, pts: 6.715, dur:42.000ms ar:1.78 elf:42ms
2025-08-23 16:44:46.579 T:4326 debug : CVideoPlayerVideo::OutputPicture - ttd:351ms pts:6.715 Clock:6.363 Level:5
2025-08-23 16:44:46.586 T:4091 debug : PrepareNextRender: frameOnScreen: 6.370 renderPts: 6.528 nextFramePts: 6.506 -> diff: 0.022 render: 1 forceNext: 0
2025-08-23 16:44:46.586 T:4091 debug : CAMLCodec::ReleaseFrame idx:156, drop:0
2025-08-23 16:44:46.591 T:4326 debug : CAMLCodec::AddData: dl:910848 fl:5184000 sz:423916(424000) lv:14.9% dts:6.840 pts:7.007
2025-08-23 16:44:46.593 T:4327 debug : CVideoPlayerAudio::OutputPacket: pts:7.152 curr_pts:6.353 clock:6.377 level:46
2025-08-23 16:44:46.598 T:4323 debug : CVideoPlayer::ProcessVideoData size:390600 dts:10.719 pts:10.719 dur:41.000ms, clock:6.382 level:48
2025-08-23 16:44:46.618 T:4091 debug : CAMLCodec::PollFrame elapsed:32.043ms
2025-08-23 16:44:46.620 T:4326 debug : CAMLCodec::DequeueBuffer: pts:6.757 idx:162
2025-08-23 16:44:46.620 T:4326 debug : CAMLCodec::GetPicture: index: 162, pts: 6.757, dur:42.000ms ar:1.78 elf:41ms
2025-08-23 16:44:46.620 T:4326 debug : CVideoPlayerVideo::OutputPicture - ttd:352ms pts:6.757 Clock:6.404 Level:5
2025-08-23 16:44:46.626 T:4091 debug : PrepareNextRender: frameOnScreen: 6.411 renderPts: 6.568 nextFramePts: 6.548 -> diff: 0.020 render: 1 forceNext: 0
2025-08-23 16:44:46.626 T:4091 debug : CAMLCodec::ReleaseFrame idx:157, drop:0
2025-08-23 16:44:46.632 T:4326 debug : CAMLCodec::AddData: dl:770304 fl:5324544 sz:346229(346304) lv:12.6% dts:6.882 pts:6.965
2025-08-23 16:44:46.643 T:4327 debug : CVideoPlayerAudio::OutputPacket: pts:7.244 curr_pts:6.404 clock:6.427 level:45
2025-08-23 16:44:46.660 T:4091 debug : CAMLCodec::PollFrame elapsed:33.136ms
2025-08-23 16:44:46.662 T:4326 debug : CAMLCodec::DequeueBuffer: pts:6.798 idx:163
2025-08-23 16:44:46.663 T:4326 debug : CAMLCodec::GetPicture: index: 163, pts: 6.798, dur:41.000ms ar:1.78 elf:42ms
2025-08-23 16:44:46.663 T:4326 debug : CVideoPlayerVideo::OutputPicture - ttd:351ms pts:6.798 Clock:6.447 Level:5
2025-08-23 16:44:46.667 T:4091 debug : PrepareNextRender: frameOnScreen: 6.451 renderPts: 6.609 nextFramePts: 6.590 -> diff: 0.019 render: 1 forceNext: 0
2025-08-23 16:44:46.667 T:4091 debug : CAMLCodec::ReleaseFrame idx:158, drop:0
2025-08-23 16:44:46.676 T:4326 debug : CAMLCodec::AddData: dl:684032 fl:5410816 sz:337642(337728) lv:11.2% dts:6.924 pts:6.924
2025-08-23 16:44:46.680 T:4323 debug : CVideoPlayer::ProcessVideoData size:424901 dts:10.761 pts:10.844 dur:41.000ms, clock:6.465 level:47
2025-08-23 16:44:46.701 T:4091 debug : CAMLCodec::PollFrame elapsed:34.303ms
2025-08-23 16:44:46.703 T:4326 debug : CAMLCodec::DequeueBuffer: pts:6.840 idx:164
2025-08-23 16:44:46.703 T:4326 debug : CAMLCodec::GetPicture: index: 164, pts: 6.840, dur:42.000ms ar:1.78 elf:40ms
2025-08-23 16:44:46.704 T:4326 debug : CVideoPlayerVideo::OutputPicture - ttd:352ms pts:6.840 Clock:6.488 Level:5
2025-08-23 16:44:46.710 T:4091 debug : PrepareNextRender: frameOnScreen: 6.494 renderPts: 6.651 nextFramePts: 6.632 -> diff: 0.019 render: 1 forceNext: 0
2025-08-23 16:44:46.710 T:4091 debug : CAMLCodec::ReleaseFrame idx:159, drop:0
2025-08-23 16:44:46.715 T:4326 debug : CAMLCodec::AddData: dl:696704 fl:5398144 sz:358890(358976) lv:11.4% dts:6.965 pts:7.049
2025-08-23 16:44:46.723 T:4323 debug : CVideoPlayer::ProcessAudioData size:7082 dts:10.960 pts:10.960 dur:92.000ms, clock:6.507 drop:0 level:45
2025-08-23 16:44:46.723 T:4323 debug : CVideoPlayer::ProcessAudioData size:7071 dts:11.052 pts:11.052 dur:92.000ms, clock:6.508 drop:0 level:46
2025-08-23 16:44:46.730 T:4323 debug : CVideoPlayer::ProcessVideoData size:557380 dts:10.802 pts:11.094 dur:41.000ms, clock:6.514 level:47
2025-08-23 16:44:46.743 T:4327 debug : CVideoPlayerAudio::OutputPacket: pts:7.338 curr_pts:6.503 clock:6.527 level:46
2025-08-23 16:44:46.743 T:4091 debug : CAMLCodec::PollFrame elapsed:33.273ms
2025-08-23 16:44:46.745 T:4326 debug : CAMLCodec::DequeueBuffer: pts:6.882 idx:165
2025-08-23 16:44:46.745 T:4326 debug : CAMLCodec::GetPicture: index: 165, pts: 6.882, dur:42.000ms ar:1.78 elf:41ms
2025-08-23 16:44:46.745 T:4326 debug : CVideoPlayerVideo::OutputPicture - ttd:352ms pts:6.882 Clock:6.530 Level:5
2025-08-23 16:44:46.750 T:4091 debug : PrepareNextRender: frameOnScreen: 6.534 renderPts: 6.692 nextFramePts: 6.673 -> diff: 0.019 render: 1 forceNext: 0
2025-08-23 16:44:46.750 T:4091 debug : CAMLCodec::ReleaseFrame idx:160, drop:0
2025-08-23 16:44:46.759 T:4326 debug : CAMLCodec::AddData: dl:906752 fl:5188096 sz:547665(547776) lv:14.9% dts:7.007 pts:7.299
2025-08-23 16:44:46.762 T:4323 debug : CVideoPlayer::ProcessVideoData size:545414 dts:10.844 pts:11.011 dur:41.000ms, clock:6.546 level:47
2025-08-23 16:44:46.785 T:4091 debug : CAMLCodec::PollFrame elapsed:34.651ms
2025-08-23 16:44:46.788 T:4326 debug : CAMLCodec::DequeueBuffer: pts:6.924 idx:166
2025-08-23 16:44:46.788 T:4326 debug : CAMLCodec::GetPicture: index: 166, pts: 6.924, dur:42.000ms ar:1.78 elf:42ms
2025-08-23 16:44:46.788 T:4326 debug : CVideoPlayerVideo::OutputPicture - ttd:351ms pts:6.924 Clock:6.572 Level:5
2025-08-23 16:44:46.795 T:4091 debug : PrepareNextRender: frameOnScreen: 6.579 renderPts: 6.737 nextFramePts: 6.715 -> diff: 0.022 render: 1 forceNext: 0
2025-08-23 16:44:46.795 T:4091 debug : CAMLCodec::ReleaseFrame idx:161, drop:0
2025-08-23 16:44:46.800 T:4326 debug : CAMLCodec::AddData: dl:1001856 fl:5092992 sz:453957(454080) lv:16.4% dts:7.049 pts:7.216
2025-08-23 16:44:46.804 T:4323 debug : CVideoPlayer::ProcessVideoData size:434219 dts:10.886 pts:10.969 dur:41.000ms, clock:6.589 level:47
2025-08-23 16:44:46.827 T:4091 debug : CAMLCodec::PollFrame elapsed:31.337ms
2025-08-23 16:44:46.827 T:4326 debug : CAMLCodec::DequeueBuffer: pts:6.965 idx:167
2025-08-23 16:44:46.827 T:4326 debug : CAMLCodec::GetPicture: index: 167, pts: 6.965, dur:41.000ms ar:1.78 elf:39ms
2025-08-23 16:44:46.827 T:4326 debug : CVideoPlayerVideo::OutputPicture - ttd:353ms pts:6.965 Clock:6.612 Level:5
2025-08-23 16:44:46.834 T:4091 debug : PrepareNextRender: frameOnScreen: 6.619 renderPts: 6.776 nextFramePts: 6.757 -> diff: 0.019 render: 1 forceNext: 0
2025-08-23 16:44:46.834 T:4091 debug : CAMLCodec::ReleaseFrame idx:162, drop:0
2025-08-23 16:44:46.842 T:4326 debug : CAMLCodec::AddData: dl:913216 fl:5181632 sz:459045(459136) lv:15.0% dts:7.090 pts:7.174
2025-08-23 16:44:46.843 T:4327 debug : CVideoPlayerAudio::OutputPacket: pts:7.430 curr_pts:6.604 clock:6.627 level:45
2025-08-23 16:44:46.846 T:4323 debug : CVideoPlayer::ProcessVideoData size:423658 dts:10.928 pts:10.928 dur:41.000ms, clock:6.631 level:47
2025-08-23 16:44:46.868 T:4091 debug : CAMLCodec::PollFrame elapsed:33.694ms
2025-08-23 16:44:46.871 T:4326 debug : CAMLCodec::DequeueBuffer: pts:7.007 idx:168
2025-08-23 16:44:46.871 T:4326 debug : CAMLCodec::GetPicture: index: 168, pts: 7.007, dur:42.000ms ar:1.78 elf:43ms
2025-08-23 16:44:46.871 T:4326 debug : CVideoPlayerVideo::OutputPicture - ttd:352ms pts:7.007 Clock:6.655 Level:5
2025-08-23 16:44:46.876 T:4091 debug : PrepareNextRender: frameOnScreen: 6.661 renderPts: 6.818 nextFramePts: 6.798 -> diff: 0.020 render: 1 forceNext: 0
2025-08-23 16:44:46.877 T:4091 debug : CAMLCodec::ReleaseFrame idx:163, drop:0
2025-08-23 16:44:46.886 T:4326 debug : CAMLCodec::AddData: dl:817792 fl:5277056 sz:358530(358656) lv:13.4% dts:7.132 pts:7.132
2025-08-23 16:44:46.888 T:4323 debug : CVideoPlayer::ProcessVideoData size:450732 dts:10.969 pts:11.053 dur:41.000ms, clock:6.673 level:47
2025-08-23 16:44:46.910 T:4091 debug : CAMLCodec::PollFrame elapsed:33.135ms
2025-08-23 16:44:46.912 T:4326 debug : CAMLCodec::DequeueBuffer: pts:7.049 idx:169
2025-08-23 16:44:46.912 T:4326 debug : CAMLCodec::GetPicture: index: 169, pts: 7.049, dur:42.000ms ar:1.78 elf:40ms
2025-08-23 16:44:46.912 T:4326 debug : CVideoPlayerVideo::OutputPicture - ttd:352ms pts:7.049 Clock:6.696 Level:5
2025-08-23 16:44:46.922 T:4091 debug : PrepareNextRender: frameOnScreen: 6.706 renderPts: 6.863 nextFramePts: 6.840 -> diff: 0.023 render: 1 forceNext: 0
2025-08-23 16:44:46.922 T:4091 debug : CAMLCodec::ReleaseFrame idx:164, drop:0
2025-08-23 16:44:46.926 T:4326 debug : CAMLCodec::AddData: dl:730048 fl:5364800 sz:371286(371392) lv:12.0% dts:7.174 pts:7.257
2025-08-23 16:44:46.931 T:4323 debug : CVideoPlayer::ProcessAudioData size:7054 dts:11.146 pts:11.146 dur:92.000ms, clock:6.715 drop:0 level:45
2025-08-23 16:44:46.931 T:4323 debug : CVideoPlayer::ProcessAudioData size:7042 dts:11.238 pts:11.238 dur:92.000ms, clock:6.715 drop:0 level:46
2025-08-23 16:44:46.936 T:4323 debug : CVideoPlayer::ProcessVideoData size:600245 dts:11.011 pts:11.303 dur:41.000ms, clock:6.720 level:47
2025-08-23 16:44:46.944 T:4327 debug : CVideoPlayerAudio::OutputPacket: pts:7.523 curr_pts:6.704 clock:6.728 level:46
2025-08-23 16:44:46.952 T:4091 debug : CAMLCodec::PollFrame elapsed:29.841ms
2025-08-23 16:44:46.954 T:4326 debug : CAMLCodec::DequeueBuffer: pts:7.090 idx:170
2025-08-23 16:44:46.954 T:4326 debug : CAMLCodec::GetPicture: index: 170, pts: 7.090, dur:41.000ms ar:1.78 elf:42ms
2025-08-23 16:44:46.954 T:4326 debug : CVideoPlayerVideo::OutputPicture - ttd:351ms pts:7.090 Clock:6.739 Level:5
2025-08-23 16:44:46.966 T:4091 debug : PrepareNextRender: frameOnScreen: 6.750 renderPts: 6.908 nextFramePts: 6.882 -> diff: 0.026 render: 1 forceNext: 0
2025-08-23 16:44:46.968 T:4323 debug : CVideoPlayer::ProcessVideoData size:584412 dts:11.053 pts:11.220 dur:41.000ms, clock:6.752 level:47
2025-08-23 16:44:46.968 T:4326 debug : CAMLCodec::AddData: dl:952896 fl:5141952 sz:581419(581504) lv:15.6% dts:7.216 pts:7.507
2025-08-23 16:44:46.968 T:4091 debug : CAMLCodec::ReleaseFrame idx:165, drop:0
2025-08-23 16:44:46.993 T:4091 debug : CAMLCodec::PollFrame elapsed:25.008ms
2025-08-23 16:44:46.996 T:4326 debug : CAMLCodec::DequeueBuffer: pts:7.132 idx:171
2025-08-23 16:44:46.997 T:4326 debug : CAMLCodec::GetPicture: index: 171, pts: 7.132, dur:42.000ms ar:1.78 elf:42ms
2025-08-23 16:44:46.997 T:4326 debug : CVideoPlayerVideo::OutputPicture - ttd:351ms pts:7.132 Clock:6.781 Level:5
2025-08-23 16:44:46.997 T:4091 debug : PrepareNextRender: frameOnScreen: 6.781 renderPts: 6.939 nextFramePts: 6.924 -> diff: 0.015 render: 1 forceNext: 0
2025-08-23 16:44:46.997 T:4091 debug : CAMLCodec::ReleaseFrame idx:166, drop:0
2025-08-23 16:44:47.009 T:4326 debug : CAMLCodec::AddData: dl:1058752 fl:5036096 sz:477161(477248) lv:17.4% dts:7.257 pts:7.424
2025-08-23 16:44:47.035 T:4091 debug : CAMLCodec::PollFrame elapsed:37.673ms
2025-08-23 16:44:47.038 T:4326 debug : CAMLCodec::DequeueBuffer: pts:7.174 idx:172
2025-08-23 16:44:47.038 T:4326 debug : CAMLCodec::GetPicture: index: 172, pts: 7.174, dur:42.000ms ar:1.78 elf:41ms
2025-08-23 16:44:47.038 T:4326 debug : CVideoPlayerVideo::OutputPicture - ttd:351ms pts:7.174 Clock:6.822 Level:5
2025-08-23 16:44:47.043 T:4327 debug : CVideoPlayerAudio::OutputPacket: pts:7.615 curr_pts:6.804 clock:6.828 level:45
2025-08-23 16:44:47.046 T:4091 debug : PrepareNextRender: frameOnScreen: 6.830 renderPts: 6.988 nextFramePts: 6.965 -> diff: 0.023 render: 1 forceNext: 0
2025-08-23 16:44:47.046 T:4091 debug : CAMLCodec::ReleaseFrame idx:167, drop:0
2025-08-23 16:44:47.052 T:4326 debug : CAMLCodec::AddData: dl:861760 fl:5233088 sz:384396(384512) lv:14.1% dts:7.299 pts:7.382
2025-08-23 16:44:47.060 T:4323 debug : CVideoPlayer::ProcessVideoData size:460227 dts:11.094 pts:11.178 dur:41.000ms, clock:6.844 level:47
2025-08-23 16:44:47.077 T:4091 debug : CAMLCodec::PollFrame elapsed:30.847ms
2025-08-23 16:44:47.078 T:4326 debug : CAMLCodec::DequeueBuffer: pts:7.216 idx:173
2025-08-23 16:44:47.078 T:4326 debug : CAMLCodec::GetPicture: index: 173, pts: 7.216, dur:42.000ms ar:1.78 elf:39ms
2025-08-23 16:44:47.078 T:4326 debug : CVideoPlayerVideo::OutputPicture - ttd:353ms pts:7.216 Clock:6.862 Level:5
2025-08-23 16:44:47.086 T:4091 debug : PrepareNextRender: frameOnScreen: 6.870 renderPts: 7.028 nextFramePts: 7.007 -> diff: 0.021 render: 1 forceNext: 0
2025-08-23 16:44:47.086 T:4091 debug : CAMLCodec::ReleaseFrame idx:168, drop:0
2025-08-23 16:44:47.092 T:4323 debug : CVideoPlayer::ProcessVideoData size:355867 dts:11.136 pts:11.136 dur:41.000ms, clock:6.877 level:47
2025-08-23 16:44:47.093 T:4326 debug : CAMLCodec::AddData: dl:762624 fl:5332224 sz:378045(378112) lv:12.5% dts:7.341 pts:7.341
2025-08-23 16:44:47.119 T:4091 debug : CAMLCodec::PollFrame elapsed:32.790ms
2025-08-23 16:44:47.119 T:4326 debug : CAMLCodec::DequeueBuffer: pts:7.257 idx:174
2025-08-23 16:44:47.119 T:4326 debug : CAMLCodec::GetPicture: index: 174, pts: 7.257, dur:41.000ms ar:1.78 elf:41ms
2025-08-23 16:44:47.120 T:4326 debug : CVideoPlayerVideo::OutputPicture - ttd:353ms pts:7.257 Clock:6.904 Level:5
2025-08-23 16:44:47.127 T:4091 debug : PrepareNextRender: frameOnScreen: 6.911 renderPts: 7.069 nextFramePts: 7.049 -> diff: 0.020 render: 1 forceNext: 0
2025-08-23 16:44:47.127 T:4091 debug : CAMLCodec::ReleaseFrame idx:169, drop:0
2025-08-23 16:44:47.132 T:4326 debug : CAMLCodec::AddData: dl:765760 fl:5329088 sz:387549(387648) lv:12.6% dts:7.382 pts:7.466
2025-08-23 16:44:47.134 T:4323 debug : CVideoPlayer::ProcessVideoData size:369898 dts:11.178 pts:11.261 dur:41.000ms, clock:6.918 level:47
2025-08-23 16:44:47.144 T:4327 debug : CVideoPlayerAudio::OutputPacket: pts:7.709 curr_pts:6.903 clock:6.928 level:43
2025-08-23 16:44:47.160 T:4091 debug : CAMLCodec::PollFrame elapsed:32.772ms
2025-08-23 16:44:47.161 T:4326 debug : CAMLCodec::DequeueBuffer: pts:7.299 idx:175
2025-08-23 16:44:47.162 T:4326 debug : CAMLCodec::GetPicture: index: 175, pts: 7.299, dur:42.000ms ar:1.78 elf:42ms
2025-08-23 16:44:47.162 T:4326 debug : CVideoPlayerVideo::OutputPicture - ttd:353ms pts:7.299 Clock:6.946 Level:5
2025-08-23 16:44:47.167 T:4091 debug : PrepareNextRender: frameOnScreen: 6.951 renderPts: 7.109 nextFramePts: 7.090 -> diff: 0.019 render: 1 forceNext: 0
2025-08-23 16:44:47.168 T:4091 debug : CAMLCodec::ReleaseFrame idx:170, drop:0
2025-08-23 16:44:47.176 T:4323 debug : CVideoPlayer::ProcessAudioData size:7045 dts:11.331 pts:11.331 dur:92.000ms, clock:6.960 drop:0 level:43
2025-08-23 16:44:47.176 T:4323 debug : CVideoPlayer::ProcessAudioData size:7065 dts:11.423 pts:11.423 dur:92.000ms, clock:6.960 drop:0 level:45
2025-08-23 16:44:47.180 T:4326 debug : CAMLCodec::AddData: dl:1006848 fl:5088000 sz:619106(619200) lv:16.5% dts:7.424 pts:7.633
2025-08-23 16:44:47.182 T:4323 debug : CVideoPlayer::ProcessVideoData size:591075 dts:11.220 pts:11.511 dur:41.000ms, clock:6.966 level:47
2025-08-23 16:44:47.202 T:4091 debug : CAMLCodec::PollFrame elapsed:34.517ms
2025-08-23 16:44:47.205 T:4326 debug : CAMLCodec::DequeueBuffer: pts:7.341 idx:176
2025-08-23 16:44:47.205 T:4326 debug : CAMLCodec::GetPicture: index: 176, pts: 7.341, dur:42.000ms ar:1.78 elf:43ms
2025-08-23 16:44:47.205 T:4326 debug : CVideoPlayerVideo::OutputPicture - ttd:351ms pts:7.341 Clock:6.989 Level:5
2025-08-23 16:44:47.213 T:4091 debug : PrepareNextRender: frameOnScreen: 6.997 renderPts: 7.155 nextFramePts: 7.132 -> diff: 0.023 render: 1 forceNext: 0
2025-08-23 16:44:47.213 T:4091 debug : CAMLCodec::ReleaseFrame idx:171, drop:0
2025-08-23 16:44:47.243 T:4327 debug : CVideoPlayerAudio::OutputPacket: pts:7.801 curr_pts:7.004 clock:7.028 level:45
2025-08-23 16:44:47.244 T:4091 debug : CAMLCodec::PollFrame elapsed:30.612ms
2025-08-23 16:44:47.245 T:4326 debug : CAMLCodec::DequeueBuffer: pts:7.382 idx:177
2025-08-23 16:44:47.245 T:4326 debug : CAMLCodec::GetPicture: index: 177, pts: 7.382, dur:41.000ms ar:1.78 elf:40ms
2025-08-23 16:44:47.246 T:4326 debug : CVideoPlayerVideo::OutputPicture - ttd:352ms pts:7.382 Clock:7.030 Level:5
2025-08-23 16:44:47.251 T:4091 debug : PrepareNextRender: frameOnScreen: 7.035 renderPts: 7.192 nextFramePts: 7.174 -> diff: 0.018 render: 1 forceNext: 0
2025-08-23 16:44:47.251 T:4091 debug : CAMLCodec::ReleaseFrame idx:172, drop:0
2025-08-23 16:44:47.261 T:4326 debug : CAMLCodec::AddData: dl:393792 fl:5701056 sz:393673(393792) lv:6.5% dts:7.466 pts:7.591
2025-08-23 16:44:47.265 T:4323 debug : CVideoPlayer::ProcessVideoData size:469257 dts:11.261 pts:11.428 dur:41.000ms, clock:7.049 level:46
2025-08-23 16:44:47.266 T:4323 debug : CVideoPlayer::ProcessVideoData size:467952 dts:11.303 pts:11.386 dur:41.000ms, clock:7.050 level:47
2025-08-23 16:44:47.266 T:4326 debug : CAMLCodec::AddData: dl:784320 fl:5310528 sz:390403(390528) lv:12.9% dts:7.507 pts:7.549
2025-08-23 16:44:47.285 T:4091 debug : CAMLCodec::PollFrame elapsed:34.638ms
2025-08-23 16:44:47.288 T:4326 debug : CAMLCodec::DequeueBuffer: pts:7.424 idx:178
2025-08-23 16:44:47.288 T:4326 debug : CAMLCodec::GetPicture: index: 178, pts: 7.424, dur:42.000ms ar:1.78 elf:42ms
2025-08-23 16:44:47.288 T:4326 debug : CVideoPlayerVideo::OutputPicture - ttd:351ms pts:7.424 Clock:7.073 Level:5
2025-08-23 16:44:47.294 T:4327 debug : CVideoPlayerAudio::OutputPacket: pts:7.895 curr_pts:7.053 clock:7.078 level:43
2025-08-23 16:44:47.297 T:4091 debug : PrepareNextRender: frameOnScreen: 7.081 renderPts: 7.239 nextFramePts: 7.216 -> diff: 0.023 render: 1 forceNext: 0
2025-08-23 16:44:47.297 T:4091 debug : CAMLCodec::ReleaseFrame idx:173, drop:0
2025-08-23 16:44:47.301 T:4326 debug : CAMLCodec::AddData: dl:714112 fl:5380736 sz:323517(323584) lv:11.7% dts:7.549 pts:7.674
2025-08-23 16:44:47.308 T:4323 debug : CVideoPlayer::ProcessVideoData size:358325 dts:11.345 pts:11.345 dur:41.000ms, clock:7.092 level:47
2025-08-23 16:44:47.327 T:4091 debug : CAMLCodec::PollFrame elapsed:28.643ms
2025-08-23 16:44:47.330 T:4326 debug : CAMLCodec::DequeueBuffer: pts:7.466 idx:179
2025-08-23 16:44:47.330 T:4326 debug : CAMLCodec::GetPicture: index: 179, pts: 7.466, dur:42.000ms ar:1.78 elf:41ms
2025-08-23 16:44:47.331 T:4326 debug : CVideoPlayerVideo::OutputPicture - ttd:351ms pts:7.466 Clock:7.115 Level:5
2025-08-23 16:44:47.343 T:4326 debug : CAMLCodec::AddData: dl:753344 fl:5341504 sz:429688(429760) lv:12.4% dts:7.591 pts:7.883
2025-08-23 16:44:47.344 T:4091 debug : PrepareNextRender: frameOnScreen: 7.128 renderPts: 7.286 nextFramePts: 7.257 -> diff: 0.029 render: 1 forceNext: 0
2025-08-23 16:44:47.344 T:4091 debug : CAMLCodec::ReleaseFrame idx:174, drop:0
2025-08-23 16:44:47.350 T:4323 debug : CVideoPlayer::ProcessVideoData size:379255 dts:11.386 pts:11.470 dur:41.000ms, clock:7.134 level:47
2025-08-23 16:44:47.369 T:4091 debug : CAMLCodec::PollFrame elapsed:24.683ms
2025-08-23 16:44:47.371 T:4326 debug : CAMLCodec::DequeueBuffer: pts:7.507 idx:180
2025-08-23 16:44:47.371 T:4326 debug : CAMLCodec::GetPicture: index: 180, pts: 7.507, dur:41.000ms ar:1.78 elf:40ms
