2025-08-23 16:44:47.371 T:4326 debug : CVideoPlayerVideo::OutputPicture - ttd:351ms pts:7.507 Clock:7.155 Level:5
2025-08-23 16:44:47.372 T:4326 debug : CAMLCodec::DequeueBuffer: pts:7.549 idx:181
2025-08-23 16:44:47.372 T:4326 debug : CAMLCodec::GetPicture: index: 181, pts: 7.549, dur:42.000ms ar:1.78 elf:1ms
2025-08-23 16:44:47.372 T:4326 debug : CVideoPlayerVideo::OutputPicture - ttd:392ms pts:7.549 Clock:7.157 Level:6
2025-08-23 16:44:47.374 T:4326 debug : CAMLCodec::DequeueBuffer: pts:7.591 idx:182
2025-08-23 16:44:47.374 T:4326 debug : CAMLCodec::GetPicture: index: 182, pts: 7.591, dur:42.000ms ar:1.78 elf:1ms
2025-08-23 16:44:47.376 T:4091 debug : PrepareNextRender: frameOnScreen: 7.160 renderPts: 7.317 nextFramePts: 7.299 -> diff: 0.018 render: 1 forceNext: 0
2025-08-23 16:44:47.376 T:4326 debug : CVideoPlayerVideo::OutputPicture - ttd:433ms pts:7.591 Clock:7.158 Level:6
2025-08-23 16:44:47.376 T:4091 debug : CAMLCodec::ReleaseFrame idx:175, drop:0
2025-08-23 16:44:47.377 T:4326 debug : CAMLCodec::DequeueBuffer: pts:7.633 idx:183
2025-08-23 16:44:47.377 T:4326 debug : CAMLCodec::GetPicture: index: 183, pts: 7.633, dur:42.000ms ar:1.78 elf:3ms
2025-08-23 16:44:47.393 T:4327 debug : CVideoPlayerAudio::OutputPacket: pts:7.987 curr_pts:7.154 clock:7.177 level:42
2025-08-23 16:44:47.410 T:4091 debug : CAMLCodec::PollFrame elapsed:34.488ms
2025-08-23 16:44:47.416 T:4091 debug : PrepareNextRender: frameOnScreen: 7.200 renderPts: 7.358 nextFramePts: 7.341 -> diff: 0.017 render: 1 forceNext: 0
2025-08-23 16:44:47.416 T:4326 debug : CVideoPlayerVideo::OutputPicture - ttd:471ms pts:7.633 Clock:7.161 Level:6
2025-08-23 16:44:47.417 T:4091 debug : CAMLCodec::ReleaseFrame idx:176, drop:0
2025-08-23 16:44:47.421 T:4326 debug : CAMLCodec::AddData: dl:795328 fl:5299520 sz:365498(365568) lv:13.0% dts:7.633 pts:7.799
2025-08-23 16:44:47.422 T:4323 debug : CVideoPlayer::ProcessAudioData size:7184 dts:11.517 pts:11.517 dur:92.000ms, clock:7.206 drop:0 level:42
2025-08-23 16:44:47.422 T:4323 debug : CVideoPlayer::ProcessAudioData size:7135 dts:11.609 pts:11.609 dur:92.000ms, clock:7.206 drop:0 level:43
2025-08-23 16:44:47.425 T:4326 debug : CAMLCodec::AddData: dl:738816 fl:5356032 sz:373148(373248) lv:12.1% dts:7.674 pts:7.758
2025-08-23 16:44:47.429 T:4323 debug : CVideoPlayer::ProcessVideoData size:630438 dts:11.428 pts:11.637 dur:41.000ms, clock:7.213 level:46
2025-08-23 16:44:47.452 T:4091 debug : CAMLCodec::PollFrame elapsed:35.535ms
2025-08-23 16:44:47.464 T:4091 debug : PrepareNextRender: frameOnScreen: 7.248 renderPts: 7.406 nextFramePts: 7.382 -> diff: 0.024 render: 1 forceNext: 0
2025-08-23 16:44:47.464 T:4091 debug : CAMLCodec::ReleaseFrame idx:177, drop:0
2025-08-23 16:44:47.467 T:4326 debug : CAMLCodec::AddData: dl:666496 fl:5428352 sz:293153(293248) lv:10.9% dts:7.716 pts:7.716
2025-08-23 16:44:47.470 T:4323 debug : CVideoPlayer::ProcessVideoData size:392406 dts:11.470 pts:11.595 dur:41.000ms, clock:7.255 level:46
2025-08-23 16:44:47.493 T:4327 debug : CVideoPlayerAudio::OutputPacket: pts:8.080 curr_pts:7.253 clock:7.277 level:43
2025-08-23 16:44:47.494 T:4091 debug : CAMLCodec::PollFrame elapsed:29.806ms
2025-08-23 16:44:47.501 T:4091 debug : PrepareNextRender: frameOnScreen: 7.286 renderPts: 7.443 nextFramePts: 7.424 -> diff: 0.019 render: 1 forceNext: 0
2025-08-23 16:44:47.502 T:4091 debug : CAMLCodec::ReleaseFrame idx:178, drop:0
2025-08-23 16:44:47.509 T:4326 debug : CAMLCodec::AddData: dl:624256 fl:5470592 sz:330892(331008) lv:10.2% dts:7.758 pts:7.841
2025-08-23 16:44:47.512 T:4323 debug : CVideoPlayer::ProcessVideoData size:392717 dts:11.511 pts:11.553 dur:41.000ms, clock:7.296 level:46
2025-08-23 16:44:47.536 T:4091 debug : CAMLCodec::PollFrame elapsed:33.952ms
2025-08-23 16:44:47.536 T:4326 debug : CAMLCodec::DequeueBuffer: pts:7.674 idx:184
2025-08-23 16:44:47.537 T:4326 debug : CAMLCodec::GetPicture: index: 184, pts: 7.674, dur:41.000ms ar:1.78 elf:159ms
2025-08-23 16:44:47.537 T:4326 debug : CVideoPlayerVideo::OutputPicture - ttd:353ms pts:7.674 Clock:7.321 Level:5
2025-08-23 16:44:47.543 T:4091 debug : PrepareNextRender: frameOnScreen: 7.328 renderPts: 7.485 nextFramePts: 7.466 -> diff: 0.019 render: 1 forceNext: 0
2025-08-23 16:44:47.544 T:4091 debug : CAMLCodec::ReleaseFrame idx:179, drop:0
2025-08-23 16:44:47.549 T:4326 debug : CAMLCodec::AddData: dl:814464 fl:5280384 sz:483370(483456) lv:13.4% dts:7.799 pts:8.091
2025-08-23 16:44:47.555 T:4323 debug : CVideoPlayer::ProcessVideoData size:465401 dts:11.553 pts:11.678 dur:41.000ms, clock:7.340 level:46
2025-08-23 16:44:47.577 T:4091 debug : CAMLCodec::PollFrame elapsed:33.638ms
2025-08-23 16:44:47.581 T:4326 debug : CAMLCodec::DequeueBuffer: pts:7.716 idx:185
2025-08-23 16:44:47.581 T:4326 debug : CAMLCodec::GetPicture: index: 185, pts: 7.716, dur:42.000ms ar:1.78 elf:43ms
2025-08-23 16:44:47.581 T:4326 debug : CVideoPlayerVideo::OutputPicture - ttd:350ms pts:7.716 Clock:7.365 Level:5
2025-08-23 16:44:47.593 T:4326 debug : CAMLCodec::AddData: dl:902016 fl:5192832 sz:418471(418560) lv:14.8% dts:7.841 pts:8.008
2025-08-23 16:44:47.593 T:4091 debug : PrepareNextRender: frameOnScreen: 7.377 renderPts: 7.535 nextFramePts: 7.507 -> diff: 0.028 render: 1 forceNext: 0
2025-08-23 16:44:47.593 T:4091 debug : CAMLCodec::ReleaseFrame idx:180, drop:0
2025-08-23 16:44:47.594 T:4327 debug : CVideoPlayerAudio::OutputPacket: pts:8.173 curr_pts:7.354 clock:7.378 level:42
2025-08-23 16:44:47.597 T:4323 debug : CVideoPlayer::ProcessAudioData size:7009 dts:11.703 pts:11.703 dur:92.000ms, clock:7.381 drop:0 level:42
2025-08-23 16:44:47.597 T:4323 debug : CVideoPlayer::ProcessAudioData size:6715 dts:11.795 pts:11.795 dur:92.000ms, clock:7.382 drop:0 level:43
2025-08-23 16:44:47.603 T:4323 debug : CVideoPlayer::ProcessVideoData size:482749 dts:11.595 pts:11.887 dur:41.000ms, clock:7.387 level:46
2025-08-23 16:44:47.619 T:4091 debug : CAMLCodec::PollFrame elapsed:25.709ms
2025-08-23 16:44:47.620 T:4326 debug : CAMLCodec::DequeueBuffer: pts:7.758 idx:186
2025-08-23 16:44:47.620 T:4326 debug : CAMLCodec::GetPicture: index: 186, pts: 7.758, dur:42.000ms ar:1.78 elf:39ms
2025-08-23 16:44:47.620 T:4326 debug : CVideoPlayerVideo::OutputPicture - ttd:353ms pts:7.758 Clock:7.404 Level:5
2025-08-23 16:44:47.631 T:4091 debug : PrepareNextRender: frameOnScreen: 7.415 renderPts: 7.572 nextFramePts: 7.549 -> diff: 0.023 render: 1 forceNext: 0
2025-08-23 16:44:47.632 T:4091 debug : CAMLCodec::ReleaseFrame idx:181, drop:0
2025-08-23 16:44:47.635 T:4326 debug : CAMLCodec::AddData: dl:842368 fl:5252480 sz:423728(423808) lv:13.8% dts:7.883 pts:7.966
2025-08-23 16:44:47.636 T:4323 debug : CVideoPlayer::ProcessVideoData size:405107 dts:11.637 pts:11.803 dur:41.000ms, clock:7.420 level:46
2025-08-23 16:44:47.661 T:4091 debug : CAMLCodec::PollFrame elapsed:28.181ms
2025-08-23 16:44:47.664 T:4326 debug : CAMLCodec::DequeueBuffer: pts:7.799 idx:187
2025-08-23 16:44:47.664 T:4326 debug : CAMLCodec::GetPicture: index: 187, pts: 7.799, dur:41.000ms ar:1.78 elf:43ms
2025-08-23 16:44:47.664 T:4326 debug : CVideoPlayerVideo::OutputPicture - ttd:351ms pts:7.799 Clock:7.448 Level:5
2025-08-23 16:44:47.669 T:4091 debug : PrepareNextRender: frameOnScreen: 7.453 renderPts: 7.610 nextFramePts: 7.591 -> diff: 0.019 render: 1 forceNext: 0
2025-08-23 16:44:47.669 T:4091 debug : CAMLCodec::ReleaseFrame idx:182, drop:0
2025-08-23 16:44:47.678 T:4323 debug : CVideoPlayer::ProcessVideoData size:403147 dts:11.678 pts:11.762 dur:41.000ms, clock:7.462 level:46
2025-08-23 16:44:47.678 T:4326 debug : CAMLCodec::AddData: dl:756672 fl:5338176 sz:332790(332864) lv:12.4% dts:7.925 pts:7.925
2025-08-23 16:44:47.693 T:4327 debug : CVideoPlayerAudio::OutputPacket: pts:8.265 curr_pts:7.454 clock:7.477 level:43
2025-08-23 16:44:47.703 T:4091 debug : CAMLCodec::PollFrame elapsed:33.688ms
2025-08-23 16:44:47.705 T:4326 debug : CAMLCodec::DequeueBuffer: pts:7.841 idx:188
2025-08-23 16:44:47.705 T:4326 debug : CAMLCodec::GetPicture: index: 188, pts: 7.841, dur:42.000ms ar:1.78 elf:41ms
2025-08-23 16:44:47.705 T:4326 debug : CVideoPlayerVideo::OutputPicture - ttd:351ms pts:7.841 Clock:7.489 Level:5
2025-08-23 16:44:47.710 T:4091 debug : PrepareNextRender: frameOnScreen: 7.495 renderPts: 7.652 nextFramePts: 7.633 -> diff: 0.019 render: 1 forceNext: 0
2025-08-23 16:44:47.711 T:4091 debug : CAMLCodec::ReleaseFrame idx:183, drop:0
2025-08-23 16:44:47.719 T:4326 debug : CAMLCodec::AddData: dl:683968 fl:5410880 sz:351006(351104) lv:11.2% dts:7.966 pts:8.050
2025-08-23 16:44:47.744 T:4091 debug : CAMLCodec::PollFrame elapsed:33.486ms
2025-08-23 16:44:47.746 T:4326 debug : CAMLCodec::DequeueBuffer: pts:7.883 idx:189
2025-08-23 16:44:47.747 T:4326 debug : CAMLCodec::GetPicture: index: 189, pts: 7.883, dur:42.000ms ar:1.78 elf:41ms
2025-08-23 16:44:47.747 T:4326 debug : CVideoPlayerVideo::OutputPicture - ttd:352ms pts:7.883 Clock:7.531 Level:5
2025-08-23 16:44:47.752 T:4091 debug : PrepareNextRender: frameOnScreen: 7.537 renderPts: 7.694 nextFramePts: 7.674 -> diff: 0.020 render: 1 forceNext: 0
2025-08-23 16:44:47.753 T:4091 debug : CAMLCodec::ReleaseFrame idx:184, drop:0
2025-08-23 16:44:47.760 T:4323 debug : CVideoPlayer::ProcessVideoData size:317666 dts:11.720 pts:11.720 dur:41.000ms, clock:7.544 level:46
2025-08-23 16:44:47.761 T:4323 debug : CVideoPlayer::ProcessVideoData size:344016 dts:11.762 pts:11.845 dur:41.000ms, clock:7.545 level:46
2025-08-23 16:44:47.761 T:4326 debug : CAMLCodec::AddData: dl:936192 fl:5158656 sz:584976(585088) lv:15.4% dts:8.008 pts:8.300
2025-08-23 16:44:47.786 T:4091 debug : CAMLCodec::PollFrame elapsed:33.186ms
2025-08-23 16:44:47.788 T:4326 debug : CAMLCodec::DequeueBuffer: pts:7.925 idx:190
2025-08-23 16:44:47.788 T:4326 debug : CAMLCodec::GetPicture: index: 190, pts: 7.925, dur:42.000ms ar:1.78 elf:41ms
2025-08-23 16:44:47.789 T:4326 debug : CVideoPlayerVideo::OutputPicture - ttd:352ms pts:7.925 Clock:7.573 Level:5
2025-08-23 16:44:47.795 T:4327 debug : CVideoPlayerAudio::OutputPacket: pts:8.359 curr_pts:7.553 clock:7.579 level:42
2025-08-23 16:44:47.800 T:4091 debug : PrepareNextRender: frameOnScreen: 7.584 renderPts: 7.741 nextFramePts: 7.716 -> diff: 0.025 render: 1 forceNext: 0
2025-08-23 16:44:47.800 T:4091 debug : CAMLCodec::ReleaseFrame idx:185, drop:0
2025-08-23 16:44:47.801 T:4326 debug : CAMLCodec::AddData: dl:1160128 fl:4934720 sz:574965(575040) lv:19.0% dts:8.050 pts:8.217
2025-08-23 16:44:47.802 T:4323 debug : CVideoPlayer::ProcessAudioData size:6753 dts:11.889 pts:11.889 dur:92.000ms, clock:7.586 drop:0 level:42
2025-08-23 16:44:47.802 T:4323 debug : CVideoPlayer::ProcessAudioData size:6949 dts:11.981 pts:11.981 dur:92.000ms, clock:7.586 drop:0 level:43
2025-08-23 16:44:47.807 T:4323 debug : CVideoPlayer::ProcessVideoData size:621275 dts:11.803 pts:12.012 dur:41.000ms, clock:7.591 level:46
2025-08-23 16:44:47.828 T:4091 debug : CAMLCodec::PollFrame elapsed:27.690ms
2025-08-23 16:44:47.830 T:4326 debug : CAMLCodec::DequeueBuffer: pts:7.966 idx:191
2025-08-23 16:44:47.830 T:4326 debug : CAMLCodec::GetPicture: index: 191, pts: 7.966, dur:41.000ms ar:1.78 elf:41ms
2025-08-23 16:44:47.830 T:4326 debug : CVideoPlayerVideo::OutputPicture - ttd:351ms pts:7.966 Clock:7.614 Level:5
2025-08-23 16:44:47.841 T:4091 debug : PrepareNextRender: frameOnScreen: 7.625 renderPts: 7.783 nextFramePts: 7.758 -> diff: 0.025 render: 1 forceNext: 0
2025-08-23 16:44:47.841 T:4091 debug : CAMLCodec::ReleaseFrame idx:186, drop:0
2025-08-23 16:44:47.845 T:4326 debug : CAMLCodec::AddData: dl:1026688 fl:5068160 sz:451548(451648) lv:16.8% dts:8.091 pts:8.175
2025-08-23 16:44:47.849 T:4323 debug : CVideoPlayer::ProcessVideoData size:457857 dts:11.845 pts:11.970 dur:41.000ms, clock:7.633 level:46
2025-08-23 16:44:47.869 T:4091 debug : CAMLCodec::PollFrame elapsed:28.095ms
2025-08-23 16:44:47.872 T:4326 debug : CAMLCodec::DequeueBuffer: pts:8.008 idx:192
2025-08-23 16:44:47.872 T:4326 debug : CAMLCodec::GetPicture: index: 192, pts: 8.008, dur:41.999ms ar:1.78 elf:42ms
2025-08-23 16:44:47.872 T:4326 debug : CVideoPlayerVideo::OutputPicture - ttd:351ms pts:8.008 Clock:7.656 Level:5
2025-08-23 16:44:47.876 T:4091 debug : PrepareNextRender: frameOnScreen: 7.660 renderPts: 7.818 nextFramePts: 7.799 -> diff: 0.019 render: 1 forceNext: 0
2025-08-23 16:44:47.876 T:4091 debug : CAMLCodec::ReleaseFrame idx:187, drop:0
2025-08-23 16:44:47.888 T:4326 debug : CAMLCodec::AddData: dl:803328 fl:5291520 sz:351557(351680) lv:13.2% dts:8.133 pts:8.133
2025-08-23 16:44:47.891 T:4323 debug : CVideoPlayer::ProcessVideoData size:445809 dts:11.887 pts:11.929 dur:41.000ms, clock:7.675 level:46
2025-08-23 16:44:47.894 T:4327 debug : CVideoPlayerAudio::OutputPacket: pts:8.451 curr_pts:7.655 clock:7.678 level:43
2025-08-23 16:44:47.911 T:4091 debug : CAMLCodec::PollFrame elapsed:34.971ms
2025-08-23 16:44:47.913 T:4326 debug : CAMLCodec::DequeueBuffer: pts:8.050 idx:193
2025-08-23 16:44:47.914 T:4326 debug : CAMLCodec::GetPicture: index: 193, pts: 8.050, dur:42.001ms ar:1.78 elf:41ms
2025-08-23 16:44:47.914 T:4326 debug : CVideoPlayerVideo::OutputPicture - ttd:352ms pts:8.050 Clock:7.698 Level:5
2025-08-23 16:44:47.921 T:4091 debug : PrepareNextRender: frameOnScreen: 7.704 renderPts: 7.862 nextFramePts: 7.841 -> diff: 0.021 render: 1 forceNext: 0
2025-08-23 16:44:47.921 T:4091 debug : CAMLCodec::ReleaseFrame idx:188, drop:0
2025-08-23 16:44:47.929 T:4326 debug : CAMLCodec::AddData: dl:720960 fl:5373888 sz:369169(369280) lv:11.8% dts:8.175 pts:8.258
2025-08-23 16:44:47.933 T:4323 debug : CVideoPlayer::ProcessAudioData size:6852 dts:12.074 pts:12.074 dur:92.000ms, clock:7.717 drop:0 level:43
2025-08-23 16:44:47.936 T:4323 debug : CVideoPlayer::ProcessVideoData size:707688 dts:11.929 pts:12.137 dur:41.000ms, clock:7.720 level:46
2025-08-23 16:44:47.943 T:4327 debug : CVideoPlayerAudio::OutputPacket: pts:8.545 curr_pts:7.703 clock:7.727 level:43
2025-08-23 16:44:47.953 T:4091 debug : CAMLCodec::PollFrame elapsed:31.342ms
2025-08-23 16:44:47.955 T:4326 debug : CAMLCodec::DequeueBuffer: pts:8.091 idx:194
2025-08-23 16:44:47.955 T:4326 debug : CAMLCodec::GetPicture: index: 194, pts: 8.091, dur:40.999ms ar:1.78 elf:41ms
2025-08-23 16:44:47.955 T:4326 debug : CVideoPlayerVideo::OutputPicture - ttd:351ms pts:8.091 Clock:7.739 Level:5
2025-08-23 16:44:47.968 T:4326 debug : CAMLCodec::AddData: dl:942208 fl:5152640 sz:572850(572928) lv:15.5% dts:8.217 pts:8.508
2025-08-23 16:44:47.970 T:4091 debug : PrepareNextRender: frameOnScreen: 7.754 renderPts: 7.912 nextFramePts: 7.883 -> diff: 0.029 render: 1 forceNext: 0
2025-08-23 16:44:47.970 T:4091 debug : CAMLCodec::ReleaseFrame idx:189, drop:0
2025-08-23 16:44:47.995 T:4091 debug : CAMLCodec::PollFrame elapsed:23.977ms
2025-08-23 16:44:47.997 T:4326 debug : CAMLCodec::DequeueBuffer: pts:8.133 idx:195
2025-08-23 16:44:47.997 T:4326 debug : CAMLCodec::GetPicture: index: 195, pts: 8.133, dur:42.000ms ar:1.78 elf:41ms
2025-08-23 16:44:47.997 T:4326 debug : CVideoPlayerVideo::OutputPicture - ttd:352ms pts:8.133 Clock:7.781 Level:5
2025-08-23 16:44:47.998 T:4091 debug : PrepareNextRender: frameOnScreen: 7.782 renderPts: 7.939 nextFramePts: 7.925 -> diff: 0.014 render: 1 forceNext: 0
2025-08-23 16:44:47.998 T:4091 debug : CAMLCodec::ReleaseFrame idx:190, drop:0
2025-08-23 16:44:48.009 T:4323 debug : CVideoPlayer::ProcessVideoData size:503704 dts:11.970 pts:12.095 dur:41.000ms, clock:7.793 level:46
2025-08-23 16:44:48.009 T:4326 debug : CAMLCodec::AddData: dl:1043584 fl:5051264 sz:470586(470656) lv:17.1% dts:8.258 pts:8.425
2025-08-23 16:44:48.036 T:4091 debug : CAMLCodec::PollFrame elapsed:38.053ms
2025-08-23 16:44:48.037 T:4326 debug : CAMLCodec::DequeueBuffer: pts:8.175 idx:196
2025-08-23 16:44:48.037 T:4326 debug : CAMLCodec::GetPicture: index: 196, pts: 8.175, dur:42.001ms ar:1.78 elf:40ms
2025-08-23 16:44:48.037 T:4326 debug : CVideoPlayerVideo::OutputPicture - ttd:353ms pts:8.175 Clock:7.821 Level:5
2025-08-23 16:44:48.043 T:4327 debug : CVideoPlayerAudio::OutputPacket: pts:8.638 curr_pts:7.804 clock:7.827 level:42
2025-08-23 16:44:48.045 T:4091 debug : PrepareNextRender: frameOnScreen: 7.829 renderPts: 7.986 nextFramePts: 7.966 -> diff: 0.020 render: 1 forceNext: 0
2025-08-23 16:44:48.045 T:4091 debug : CAMLCodec::ReleaseFrame idx:191, drop:0
2025-08-23 16:44:48.053 T:4326 debug : CAMLCodec::AddData: dl:937984 fl:5156864 sz:467254(467328) lv:15.4% dts:8.300 pts:8.383
2025-08-23 16:44:48.061 T:4323 debug : CVideoPlayer::ProcessVideoData size:465195 dts:12.012 pts:12.054 dur:41.000ms, clock:7.845 level:46
2025-08-23 16:44:48.078 T:4091 debug : CAMLCodec::PollFrame elapsed:33.005ms
2025-08-23 16:44:48.081 T:4326 debug : CAMLCodec::DequeueBuffer: pts:8.217 idx:197
2025-08-23 16:44:48.081 T:4326 debug : CAMLCodec::GetPicture: index: 197, pts: 8.217, dur:42.000ms ar:1.78 elf:43ms
2025-08-23 16:44:48.081 T:4326 debug : CVideoPlayerVideo::OutputPicture - ttd:351ms pts:8.217 Clock:7.865 Level:5
2025-08-23 16:44:48.087 T:4091 debug : PrepareNextRender: frameOnScreen: 7.871 renderPts: 8.029 nextFramePts: 8.008 -> diff: 0.021 render: 1 forceNext: 0
2025-08-23 16:44:48.087 T:4091 debug : CAMLCodec::ReleaseFrame idx:192, drop:0
2025-08-23 16:44:48.095 T:4326 debug : CAMLCodec::AddData: dl:829440 fl:5265408 sz:362038(362112) lv:13.6% dts:8.342 pts:8.342
2025-08-23 16:44:48.103 T:4323 debug : CVideoPlayer::ProcessAudioData size:6685 dts:12.167 pts:12.167 dur:92.000ms, clock:7.887 drop:0 level:42
2025-08-23 16:44:48.103 T:4323 debug : CVideoPlayer::ProcessAudioData size:6581 dts:12.259 pts:12.259 dur:92.000ms, clock:7.887 drop:0 level:43
2025-08-23 16:44:48.109 T:4323 debug : CVideoPlayer::ProcessVideoData size:769552 dts:12.054 pts:12.346 dur:41.000ms, clock:7.893 level:46
2025-08-23 16:44:48.120 T:4091 debug : CAMLCodec::PollFrame elapsed:32.194ms
2025-08-23 16:44:48.121 T:4326 debug : CAMLCodec::DequeueBuffer: pts:8.258 idx:198
2025-08-23 16:44:48.121 T:4326 debug : CAMLCodec::GetPicture: index: 198, pts: 8.258, dur:40.999ms ar:1.78 elf:39ms
2025-08-23 16:44:48.121 T:4326 debug : CVideoPlayerVideo::OutputPicture - ttd:352ms pts:8.258 Clock:7.905 Level:5
2025-08-23 16:44:48.134 T:4091 debug : PrepareNextRender: frameOnScreen: 7.918 renderPts: 8.075 nextFramePts: 8.050 -> diff: 0.025 render: 1 forceNext: 0
2025-08-23 16:44:48.134 T:4091 debug : CAMLCodec::ReleaseFrame idx:193, drop:0
2025-08-23 16:44:48.137 T:4326 debug : CAMLCodec::AddData: dl:743360 fl:5351488 sz:381152(381248) lv:12.2% dts:8.383 pts:8.467
2025-08-23 16:44:48.144 T:4327 debug : CVideoPlayerAudio::OutputPacket: pts:8.731 curr_pts:7.904 clock:7.928 level:43
2025-08-23 16:44:48.161 T:4091 debug : CAMLCodec::PollFrame elapsed:27.171ms
2025-08-23 16:44:48.164 T:4326 debug : CAMLCodec::DequeueBuffer: pts:8.300 idx:199
2025-08-23 16:44:48.164 T:4326 debug : CAMLCodec::GetPicture: index: 199, pts: 8.300, dur:42.001ms ar:1.78 elf:43ms
2025-08-23 16:44:48.164 T:4326 debug : CVideoPlayerVideo::OutputPicture - ttd:351ms pts:8.300 Clock:7.948 Level:5
2025-08-23 16:44:48.168 T:4091 debug : PrepareNextRender: frameOnScreen: 7.952 renderPts: 8.109 nextFramePts: 8.091 -> diff: 0.018 render: 1 forceNext: 0
2025-08-23 16:44:48.168 T:4091 debug : CAMLCodec::ReleaseFrame idx:194, drop:0
2025-08-23 16:44:48.177 T:4326 debug : CAMLCodec::AddData: dl:1001984 fl:5092864 sz:620658(620736) lv:16.4% dts:8.425 pts:8.634
2025-08-23 16:44:48.182 T:4323 debug : CVideoPlayer::ProcessVideoData size:522649 dts:12.095 pts:12.262 dur:41.000ms, clock:7.966 level:45
2025-08-23 16:44:48.184 T:4323 debug : CVideoPlayer::ProcessVideoData size:530092 dts:12.137 pts:12.221 dur:41.000ms, clock:7.968 level:46
2025-08-23 16:44:48.203 T:4091 debug : CAMLCodec::PollFrame elapsed:34.883ms
2025-08-23 16:44:48.204 T:4326 debug : CAMLCodec::DequeueBuffer: pts:8.342 idx:200
2025-08-23 16:44:48.204 T:4326 debug : CAMLCodec::GetPicture: index: 200, pts: 8.342, dur:42.000ms ar:1.78 elf:39ms
2025-08-23 16:44:48.204 T:4326 debug : CVideoPlayerVideo::OutputPicture - ttd:353ms pts:8.342 Clock:7.988 Level:5
2025-08-23 16:44:48.213 T:4091 debug : PrepareNextRender: frameOnScreen: 7.997 renderPts: 8.155 nextFramePts: 8.133 -> diff: 0.022 render: 1 forceNext: 0
2025-08-23 16:44:48.214 T:4091 debug : CAMLCodec::ReleaseFrame idx:195, drop:0
2025-08-23 16:44:48.244 T:4327 debug : CVideoPlayerAudio::OutputPacket: pts:8.823 curr_pts:8.005 clock:8.028 level:42
2025-08-23 16:44:48.245 T:4091 debug : CAMLCodec::PollFrame elapsed:30.945ms
2025-08-23 16:44:48.247 T:4326 debug : CAMLCodec::DequeueBuffer: pts:8.383 idx:201
2025-08-23 16:44:48.247 T:4326 debug : CAMLCodec::GetPicture: index: 201, pts: 8.383, dur:40.999ms ar:1.78 elf:42ms
2025-08-23 16:44:48.247 T:4326 debug : CVideoPlayerVideo::OutputPicture - ttd:351ms pts:8.383 Clock:8.031 Level:5
2025-08-23 16:44:48.253 T:4091 debug : PrepareNextRender: frameOnScreen: 8.037 renderPts: 8.194 nextFramePts: 8.175 -> diff: 0.019 render: 1 forceNext: 0
2025-08-23 16:44:48.253 T:4091 debug : CAMLCodec::ReleaseFrame idx:196, drop:0
2025-08-23 16:44:48.264 T:4326 debug : CAMLCodec::AddData: dl:484480 fl:5610368 sz:484406(484480) lv:7.9% dts:8.467 pts:8.592
2025-08-23 16:44:48.266 T:4323 debug : CVideoPlayer::ProcessVideoData size:388640 dts:12.179 pts:12.179 dur:41.000ms, clock:8.050 level:45
2025-08-23 16:44:48.267 T:4326 debug : CAMLCodec::AddData: dl:869632 fl:5225216 sz:385076(385152) lv:14.3% dts:8.508 pts:8.550
2025-08-23 16:44:48.287 T:4091 debug : CAMLCodec::PollFrame elapsed:33.709ms
2025-08-23 16:44:48.289 T:4326 debug : CAMLCodec::DequeueBuffer: pts:8.425 idx:202
2025-08-23 16:44:48.289 T:4326 debug : CAMLCodec::GetPicture: index: 202, pts: 8.425, dur:42.001ms ar:1.78 elf:41ms
2025-08-23 16:44:48.289 T:4326 debug : CVideoPlayerVideo::OutputPicture - ttd:351ms pts:8.425 Clock:8.073 Level:5
2025-08-23 16:44:48.295 T:4091 debug : PrepareNextRender: frameOnScreen: 8.079 renderPts: 8.236 nextFramePts: 8.217 -> diff: 0.019 render: 1 forceNext: 0
2025-08-23 16:44:48.295 T:4091 debug : CAMLCodec::ReleaseFrame idx:197, drop:0
2025-08-23 16:44:48.304 T:4326 debug : CAMLCodec::AddData: dl:839296 fl:5255552 sz:454050(454144) lv:13.8% dts:8.550 pts:8.675
2025-08-23 16:44:48.308 T:4323 debug : CVideoPlayer::ProcessVideoData size:407648 dts:12.221 pts:12.304 dur:41.000ms, clock:8.092 level:45
2025-08-23 16:44:48.309 T:4323 debug : CVideoPlayer::ProcessAudioData size:6589 dts:12.353 pts:12.353 dur:92.000ms, clock:8.093 drop:0 level:42
2025-08-23 16:44:48.309 T:4323 debug : CVideoPlayer::ProcessAudioData size:6366 dts:12.445 pts:12.445 dur:92.000ms, clock:8.093 drop:0 level:43
2025-08-23 16:44:48.309 T:4323 debug : CVideoPlayer::ProcessAudioData size:6314 dts:12.538 pts:12.538 dur:92.000ms, clock:8.093 drop:0 level:45
2025-08-23 16:44:48.315 T:4323 debug : CVideoPlayer::ProcessVideoData size:720267 dts:12.262 pts:12.554 dur:41.000ms, clock:8.099 level:46
2025-08-23 16:44:48.328 T:4091 debug : CAMLCodec::PollFrame elapsed:33.213ms
2025-08-23 16:44:48.330 T:4326 debug : CAMLCodec::DequeueBuffer: pts:8.467 idx:203
2025-08-23 16:44:48.330 T:4326 debug : CAMLCodec::GetPicture: index: 203, pts: 8.467, dur:42.000ms ar:1.78 elf:41ms
2025-08-23 16:44:48.331 T:4326 debug : CVideoPlayerVideo::OutputPicture - ttd:352ms pts:8.467 Clock:8.114 Level:5
2025-08-23 16:44:48.342 T:4091 debug : PrepareNextRender: frameOnScreen: 8.126 renderPts: 8.284 nextFramePts: 8.258 -> diff: 0.026 render: 1 forceNext: 0
2025-08-23 16:44:48.342 T:4091 debug : CAMLCodec::ReleaseFrame idx:198, drop:0
2025-08-23 16:44:48.344 T:4327 debug : CVideoPlayerAudio::OutputPacket: pts:8.916 curr_pts:8.104 clock:8.128 level:45
2025-08-23 16:44:48.344 T:4326 debug : CAMLCodec::AddData: dl:957248 fl:5137600 sz:503036(503104) lv:15.7% dts:8.592 pts:8.884
2025-08-23 16:44:48.370 T:4091 debug : CAMLCodec::PollFrame elapsed:27.671ms
2025-08-23 16:44:48.372 T:4326 debug : CAMLCodec::DequeueBuffer: pts:8.508 idx:204
2025-08-23 16:44:48.372 T:4326 debug : CAMLCodec::GetPicture: index: 204, pts: 8.508, dur:41.000ms ar:1.78 elf:41ms
2025-08-23 16:44:48.372 T:4326 debug : CVideoPlayerVideo::OutputPicture - ttd:352ms pts:8.508 Clock:8.156 Level:5
2025-08-23 16:44:48.373 T:4326 debug : CAMLCodec::DequeueBuffer: pts:8.550 idx:205
2025-08-23 16:44:48.373 T:4326 debug : CAMLCodec::GetPicture: index: 205, pts: 8.550, dur:42.000ms ar:1.78 elf:1ms
2025-08-23 16:44:48.373 T:4326 debug : CVideoPlayerVideo::OutputPicture - ttd:392ms pts:8.550 Clock:8.157 Level:6
2025-08-23 16:44:48.374 T:4326 debug : CAMLCodec::DequeueBuffer: pts:8.592 idx:206
2025-08-23 16:44:48.375 T:4326 debug : CAMLCodec::GetPicture: index: 206, pts: 8.592, dur:42.000ms ar:1.78 elf:1ms
2025-08-23 16:44:48.376 T:4091 debug : PrepareNextRender: frameOnScreen: 8.160 renderPts: 8.318 nextFramePts: 8.300 -> diff: 0.018 render: 1 forceNext: 0
2025-08-23 16:44:48.377 T:4326 debug : CVideoPlayerVideo::OutputPicture - ttd:433ms pts:8.592 Clock:8.159 Level:6
2025-08-23 16:44:48.377 T:4091 debug : CAMLCodec::ReleaseFrame idx:199, drop:0
2025-08-23 16:44:48.378 T:4326 debug : CAMLCodec::DequeueBuffer: pts:8.634 idx:207
2025-08-23 16:44:48.378 T:4326 debug : CAMLCodec::GetPicture: index: 207, pts: 8.634, dur:42.000ms ar:1.78 elf:3ms
2025-08-23 16:44:48.412 T:4091 debug : CAMLCodec::PollFrame elapsed:34.996ms
2025-08-23 16:44:48.418 T:4091 debug : PrepareNextRender: frameOnScreen: 8.202 renderPts: 8.360 nextFramePts: 8.342 -> diff: 0.018 render: 1 forceNext: 0
2025-08-23 16:44:48.418 T:4326 debug : CVideoPlayerVideo::OutputPicture - ttd:472ms pts:8.634 Clock:8.162 Level:6
2025-08-23 16:44:48.419 T:4091 debug : CAMLCodec::ReleaseFrame idx:200, drop:0
2025-08-23 16:44:48.423 T:4326 debug : CAMLCodec::AddData: dl:999424 fl:5095424 sz:496220(496320) lv:16.4% dts:8.634 pts:8.800
2025-08-23 16:44:48.426 T:4326 debug : CAMLCodec::AddData: dl:895232 fl:5199616 sz:398804(398912) lv:14.7% dts:8.675 pts:8.759
2025-08-23 16:44:48.428 T:4323 debug : CVideoPlayer::ProcessVideoData size:549332 dts:12.304 pts:12.471 dur:41.000ms, clock:8.212 level:45
2025-08-23 16:44:48.430 T:4323 debug : CVideoPlayer::ProcessVideoData size:407186 dts:12.346 pts:12.429 dur:41.000ms, clock:8.214 level:45
2025-08-23 16:44:48.444 T:4327 debug : CVideoPlayerAudio::OutputPacket: pts:9.008 curr_pts:8.204 clock:8.228 level:43
2025-08-23 16:44:48.453 T:4091 debug : CAMLCodec::PollFrame elapsed:34.705ms
2025-08-23 16:44:48.462 T:4091 debug : PrepareNextRender: frameOnScreen: 8.246 renderPts: 8.404 nextFramePts: 8.383 -> diff: 0.021 render: 1 forceNext: 0
2025-08-23 16:44:48.463 T:4091 debug : CAMLCodec::ReleaseFrame idx:201, drop:0
2025-08-23 16:44:48.471 T:4326 debug : CAMLCodec::AddData: dl:792192 fl:5302656 sz:393182(393280) lv:13.0% dts:8.717 pts:8.717
2025-08-23 16:44:48.472 T:4323 debug : CVideoPlayer::ProcessVideoData size:403947 dts:12.387 pts:12.387 dur:41.000ms, clock:8.256 level:45
2025-08-23 16:44:48.495 T:4091 debug : CAMLCodec::PollFrame elapsed:31.996ms
2025-08-23 16:44:48.502 T:4091 debug : PrepareNextRender: frameOnScreen: 8.286 renderPts: 8.443 nextFramePts: 8.425 -> diff: 0.018 render: 1 forceNext: 0
2025-08-23 16:44:48.502 T:4091 debug : CAMLCodec::ReleaseFrame idx:202, drop:0
2025-08-23 16:44:48.511 T:4326 debug : CAMLCodec::AddData: dl:821824 fl:5273024 sz:428427(428544) lv:13.5% dts:8.759 pts:8.842
2025-08-23 16:44:48.514 T:4323 debug : CVideoPlayer::ProcessVideoData size:420760 dts:12.429 pts:12.512 dur:41.000ms, clock:8.298 level:45
2025-08-23 16:44:48.537 T:4091 debug : CAMLCodec::PollFrame elapsed:34.800ms
2025-08-23 16:44:48.539 T:4326 debug : CAMLCodec::DequeueBuffer: pts:8.675 idx:208
2025-08-23 16:44:48.539 T:4326 debug : CAMLCodec::GetPicture: index: 208, pts: 8.675, dur:41.000ms ar:1.78 elf:160ms
2025-08-23 16:44:48.539 T:4326 debug : CVideoPlayerVideo::OutputPicture - ttd:352ms pts:8.675 Clock:8.323 Level:5
2025-08-23 16:44:48.543 T:4327 debug : CVideoPlayerAudio::OutputPacket: pts:9.102 curr_pts:8.302 clock:8.327 level:42
2025-08-23 16:44:48.545 T:4091 debug : PrepareNextRender: frameOnScreen: 8.329 renderPts: 8.487 nextFramePts: 8.467 -> diff: 0.020 render: 1 forceNext: 0
2025-08-23 16:44:48.545 T:4091 debug : CAMLCodec::ReleaseFrame idx:203, drop:0
2025-08-23 16:44:48.552 T:4326 debug : CAMLCodec::AddData: dl:992128 fl:5102720 sz:563472(563584) lv:16.3% dts:8.800 pts:9.092
2025-08-23 16:44:48.557 T:4323 debug : CVideoPlayer::ProcessAudioData size:6245 dts:12.632 pts:12.632 dur:92.000ms, clock:8.341 drop:0 level:42
2025-08-23 16:44:48.559 T:4323 debug : CVideoPlayer::ProcessVideoData size:701228 dts:12.471 pts:12.638 dur:41.000ms, clock:8.343 level:45
2025-08-23 16:44:48.579 T:4091 debug : CAMLCodec::PollFrame elapsed:32.929ms
2025-08-23 16:44:48.580 T:4326 debug : CAMLCodec::DequeueBuffer: pts:8.717 idx:209
2025-08-23 16:44:48.581 T:4326 debug : CAMLCodec::GetPicture: index: 209, pts: 8.717, dur:42.000ms ar:1.78 elf:41ms
2025-08-23 16:44:48.581 T:4326 debug : CVideoPlayerVideo::OutputPicture - ttd:352ms pts:8.717 Clock:8.365 Level:5
2025-08-23 16:44:48.592 T:4091 debug : PrepareNextRender: frameOnScreen: 8.376 renderPts: 8.533 nextFramePts: 8.508 -> diff: 0.025 render: 1 forceNext: 0
2025-08-23 16:44:48.592 T:4091 debug : CAMLCodec::ReleaseFrame idx:204, drop:0
2025-08-23 16:44:48.594 T:4327 debug : CVideoPlayerAudio::OutputPacket: pts:9.194 curr_pts:8.354 clock:8.378 level:42
2025-08-23 16:44:48.596 T:4326 debug : CAMLCodec::AddData: dl:1119104 fl:4975744 sz:555401(555520) lv:18.4% dts:8.842 pts:9.009
2025-08-23 16:44:48.601 T:4323 debug : CVideoPlayer::ProcessVideoData size:409802 dts:12.512 pts:12.596 dur:41.000ms, clock:8.385 level:45
2025-08-23 16:44:48.620 T:4091 debug : CAMLCodec::PollFrame elapsed:27.282ms
2025-08-23 16:44:48.621 T:4326 debug : CAMLCodec::DequeueBuffer: pts:8.759 idx:210
2025-08-23 16:44:48.621 T:4326 debug : CAMLCodec::GetPicture: index: 210, pts: 8.759, dur:42.000ms ar:1.78 elf:40ms
2025-08-23 16:44:48.621 T:4326 debug : CVideoPlayerVideo::OutputPicture - ttd:353ms pts:8.759 Clock:8.405 Level:5
2025-08-23 16:44:48.628 T:4091 debug : PrepareNextRender: frameOnScreen: 8.412 renderPts: 8.569 nextFramePts: 8.550 -> diff: 0.019 render: 1 forceNext: 0
2025-08-23 16:44:48.628 T:4091 debug : CAMLCodec::ReleaseFrame idx:205, drop:0
2025-08-23 16:44:48.636 T:4326 debug : CAMLCodec::AddData: dl:994176 fl:5100672 sz:438539(438656) lv:16.3% dts:8.884 pts:8.967
2025-08-23 16:44:48.644 T:4323 debug : CVideoPlayer::ProcessVideoData size:487136 dts:12.554 pts:12.679 dur:41.000ms, clock:8.428 level:45
2025-08-23 16:44:48.662 T:4091 debug : CAMLCodec::PollFrame elapsed:33.830ms
2025-08-23 16:44:48.664 T:4326 debug : CAMLCodec::DequeueBuffer: pts:8.800 idx:211
2025-08-23 16:44:48.664 T:4326 debug : CAMLCodec::GetPicture: index: 211, pts: 8.800, dur:41.000ms ar:1.78 elf:42ms
2025-08-23 16:44:48.664 T:4326 debug : CVideoPlayerVideo::OutputPicture - ttd:352ms pts:8.800 Clock:8.448 Level:5
2025-08-23 16:44:48.673 T:4091 debug : PrepareNextRender: frameOnScreen: 8.457 renderPts: 8.614 nextFramePts: 8.592 -> diff: 0.022 render: 1 forceNext: 0
2025-08-23 16:44:48.673 T:4091 debug : CAMLCodec::ReleaseFrame idx:206, drop:0
2025-08-23 16:44:48.680 T:4326 debug : CAMLCodec::AddData: dl:869120 fl:5225728 sz:430363(430464) lv:14.3% dts:8.926 pts:8.926
2025-08-23 16:44:48.686 T:4323 debug : CVideoPlayer::ProcessAudioData size:6352 dts:12.725 pts:12.725 dur:92.000ms, clock:8.470 drop:0 level:42
2025-08-23 16:44:48.686 T:4323 debug : CVideoPlayer::ProcessAudioData size:6249 dts:12.817 pts:12.817 dur:92.000ms, clock:8.470 drop:0 level:43
2025-08-23 16:44:48.694 T:4327 debug : CVideoPlayerAudio::OutputPacket: pts:9.287 curr_pts:8.453 clock:8.478 level:43
2025-08-23 16:44:48.695 T:4323 debug : CVideoPlayer::ProcessVideoData size:475496 dts:12.596 pts:12.888 dur:41.000ms, clock:8.478 level:45
2025-08-23 16:44:48.704 T:4091 debug : CAMLCodec::PollFrame elapsed:30.711ms
2025-08-23 16:44:48.706 T:4326 debug : CAMLCodec::DequeueBuffer: pts:8.842 idx:212
2025-08-23 16:44:48.706 T:4326 debug : CAMLCodec::GetPicture: index: 212, pts: 8.842, dur:42.000ms ar:1.78 elf:42ms
2025-08-23 16:44:48.706 T:4326 debug : CVideoPlayerVideo::OutputPicture - ttd:351ms pts:8.842 Clock:8.490 Level:5
2025-08-23 16:44:48.716 T:4091 debug : PrepareNextRender: frameOnScreen: 8.499 renderPts: 8.657 nextFramePts: 8.634 -> diff: 0.023 render: 1 forceNext: 0
2025-08-23 16:44:48.716 T:4091 debug : CAMLCodec::ReleaseFrame idx:207, drop:0
2025-08-23 16:44:48.720 T:4326 debug : CAMLCodec::AddData: dl:882816 fl:5212032 sz:452237(452352) lv:14.5% dts:8.967 pts:9.051
2025-08-23 16:44:48.727 T:4323 debug : CVideoPlayer::ProcessVideoData size:409592 dts:12.638 pts:12.804 dur:41.000ms, clock:8.511 level:45
2025-08-23 16:44:48.745 T:4091 debug : CAMLCodec::PollFrame elapsed:29.353ms
2025-08-23 16:44:48.748 T:4326 debug : CAMLCodec::DequeueBuffer: pts:8.884 idx:213
2025-08-23 16:44:48.748 T:4326 debug : CAMLCodec::GetPicture: index: 213, pts: 8.884, dur:42.000ms ar:1.78 elf:41ms
2025-08-23 16:44:48.748 T:4326 debug : CVideoPlayerVideo::OutputPicture - ttd:352ms pts:8.884 Clock:8.532 Level:5
2025-08-23 16:44:48.753 T:4091 debug : PrepareNextRender: frameOnScreen: 8.537 renderPts: 8.694 nextFramePts: 8.675 -> diff: 0.019 render: 1 forceNext: 0
2025-08-23 16:44:48.753 T:4091 debug : CAMLCodec::ReleaseFrame idx:208, drop:0
2025-08-23 16:44:48.762 T:4326 debug : CAMLCodec::AddData: dl:1070656 fl:5024192 sz:618229(618304) lv:17.6% dts:9.009 pts:9.301
2025-08-23 16:44:48.769 T:4323 debug : CVideoPlayer::ProcessVideoData size:406915 dts:12.679 pts:12.763 dur:41.000ms, clock:8.553 level:45
2025-08-23 16:44:48.787 T:4091 debug : CAMLCodec::PollFrame elapsed:34.174ms
2025-08-23 16:44:48.790 T:4326 debug : CAMLCodec::DequeueBuffer: pts:8.926 idx:214
2025-08-23 16:44:48.790 T:4326 debug : CAMLCodec::GetPicture: index: 214, pts: 8.926, dur:42.000ms ar:1.78 elf:42ms
2025-08-23 16:44:48.790 T:4326 debug : CVideoPlayerVideo::OutputPicture - ttd:351ms pts:8.926 Clock:8.574 Level:5
2025-08-23 16:44:48.794 T:4327 debug : CVideoPlayerAudio::OutputPacket: pts:9.381 curr_pts:8.554 clock:8.578 level:42
2025-08-23 16:44:48.795 T:4091 debug : PrepareNextRender: frameOnScreen: 8.579 renderPts: 8.736 nextFramePts: 8.717 -> diff: 0.019 render: 1 forceNext: 0
2025-08-23 16:44:48.795 T:4091 debug : CAMLCodec::ReleaseFrame idx:209, drop:0
2025-08-23 16:44:48.829 T:4091 debug : CAMLCodec::PollFrame elapsed:33.598ms
2025-08-23 16:44:48.830 T:4326 debug : CAMLCodec::DequeueBuffer: pts:8.967 idx:215
2025-08-23 16:44:48.830 T:4326 debug : CAMLCodec::GetPicture: index: 215, pts: 8.967, dur:41.000ms ar:1.78 elf:39ms
2025-08-23 16:44:48.830 T:4326 debug : CVideoPlayerVideo::OutputPicture - ttd:353ms pts:8.967 Clock:8.614 Level:5
2025-08-23 16:44:48.835 T:4091 debug : PrepareNextRender: frameOnScreen: 8.619 renderPts: 8.777 nextFramePts: 8.759 -> diff: 0.018 render: 1 forceNext: 0
2025-08-23 16:44:48.835 T:4091 debug : CAMLCodec::ReleaseFrame idx:210, drop:0
2025-08-23 16:44:48.847 T:4326 debug : CAMLCodec::AddData: dl:591424 fl:5503424 sz:591358(591424) lv:9.7% dts:9.051 pts:9.218
2025-08-23 16:44:48.850 T:4326 debug : CAMLCodec::AddData: dl:1052864 fl:5041984 sz:461317(461440) lv:17.3% dts:9.092 pts:9.176
2025-08-23 16:44:48.851 T:4323 debug : CVideoPlayer::ProcessVideoData size:317248 dts:12.721 pts:12.721 dur:41.000ms, clock:8.635 level:45
2025-08-23 16:44:48.852 T:4323 debug : CVideoPlayer::ProcessVideoData size:351598 dts:12.763 pts:12.846 dur:41.000ms, clock:8.636 level:45
2025-08-23 16:44:48.854 T:4323 debug : CVideoPlayer::ProcessAudioData size:6575 dts:12.910 pts:12.910 dur:92.000ms, clock:8.638 drop:0 level:42
2025-08-23 16:44:48.854 T:4323 debug : CVideoPlayer::ProcessAudioData size:7077 dts:13.002 pts:13.002 dur:92.000ms, clock:8.638 drop:0 level:43
2025-08-23 16:44:48.854 T:4323 debug : CVideoPlayer::ProcessAudioData size:7245 dts:13.095 pts:13.095 dur:92.000ms, clock:8.638 drop:0 level:45
2025-08-23 16:44:48.864 T:4323 debug : CVideoPlayer::ProcessVideoData size:533232 dts:12.804 pts:13.096 dur:41.000ms, clock:8.648 level:46
2025-08-23 16:44:48.871 T:4091 debug : CAMLCodec::PollFrame elapsed:34.986ms
2025-08-23 16:44:48.872 T:4326 debug : CAMLCodec::DequeueBuffer: pts:9.009 idx:216
2025-08-23 16:44:48.872 T:4326 debug : CAMLCodec::GetPicture: index: 216, pts: 9.009, dur:42.000ms ar:1.78 elf:42ms
2025-08-23 16:44:48.872 T:4326 debug : CVideoPlayerVideo::OutputPicture - ttd:352ms pts:9.009 Clock:8.656 Level:5
2025-08-23 16:44:48.884 T:4091 debug : PrepareNextRender: frameOnScreen: 8.668 renderPts: 8.825 nextFramePts: 8.800 -> diff: 0.025 render: 1 forceNext: 0
2025-08-23 16:44:48.884 T:4091 debug : CAMLCodec::ReleaseFrame idx:211, drop:0
2025-08-23 16:44:48.890 T:4326 debug : CAMLCodec::AddData: dl:914688 fl:5180160 sz:453167(453248) lv:15.0% dts:9.134 pts:9.134
2025-08-23 16:44:48.894 T:4327 debug : CVideoPlayerAudio::OutputPacket: pts:9.473 curr_pts:8.655 clock:8.678 level:45
2025-08-23 16:44:48.896 T:4323 debug : CVideoPlayer::ProcessVideoData size:419037 dts:12.846 pts:13.013 dur:41.000ms, clock:8.680 level:46
2025-08-23 16:44:48.912 T:4091 debug : CAMLCodec::PollFrame elapsed:27.134ms
2025-08-23 16:44:48.915 T:4326 debug : CAMLCodec::DequeueBuffer: pts:9.051 idx:217
2025-08-23 16:44:48.915 T:4326 debug : CAMLCodec::GetPicture: index: 217, pts: 9.051, dur:42.000ms ar:1.78 elf:43ms
2025-08-23 16:44:48.915 T:4326 debug : CVideoPlayerVideo::OutputPicture - ttd:351ms pts:9.051 Clock:8.699 Level:5
2025-08-23 16:44:48.930 T:4091 debug : PrepareNextRender: frameOnScreen: 8.714 renderPts: 8.871 nextFramePts: 8.842 -> diff: 0.029 render: 1 forceNext: 0
2025-08-23 16:44:48.930 T:4091 debug : CAMLCodec::ReleaseFrame idx:212, drop:0
2025-08-23 16:44:48.931 T:4326 debug : CAMLCodec::AddData: dl:828608 fl:5266240 sz:375246(375360) lv:13.6% dts:9.176 pts:9.259
2025-08-23 16:44:48.938 T:4323 debug : CVideoPlayer::ProcessVideoData size:449105 dts:12.888 pts:12.971 dur:41.000ms, clock:8.722 level:46
2025-08-23 16:44:48.954 T:4091 debug : CAMLCodec::PollFrame elapsed:23.868ms
2025-08-23 16:44:48.955 T:4326 debug : CAMLCodec::DequeueBuffer: pts:9.092 idx:218
2025-08-23 16:44:48.956 T:4326 debug : CAMLCodec::GetPicture: index: 218, pts: 9.092, dur:41.000ms ar:1.78 elf:40ms
2025-08-23 16:44:48.956 T:4326 debug : CVideoPlayerVideo::OutputPicture - ttd:352ms pts:9.092 Clock:8.740 Level:5
2025-08-23 16:44:48.958 T:4091 debug : PrepareNextRender: frameOnScreen: 8.742 renderPts: 8.899 nextFramePts: 8.884 -> diff: 0.015 render: 1 forceNext: 0
2025-08-23 16:44:48.958 T:4091 debug : CAMLCodec::ReleaseFrame idx:213, drop:0
2025-08-23 16:44:48.970 T:4323 debug : CVideoPlayer::ProcessVideoData size:347762 dts:12.930 pts:12.930 dur:41.000ms, clock:8.754 level:46
2025-08-23 16:44:48.970 T:4326 debug : CAMLCodec::AddData: dl:992896 fl:5101952 sz:617414(617536) lv:16.3% dts:9.218 pts:9.509
2025-08-23 16:44:48.994 T:4327 debug : CVideoPlayerAudio::OutputPacket: pts:9.567 curr_pts:8.754 clock:8.778 level:43
2025-08-23 16:44:48.996 T:4091 debug : CAMLCodec::PollFrame elapsed:37.420ms
2025-08-23 16:44:48.998 T:4326 debug : CAMLCodec::DequeueBuffer: pts:9.134 idx:219
2025-08-23 16:44:48.998 T:4326 debug : CAMLCodec::GetPicture: index: 219, pts: 9.134, dur:42.000ms ar:1.78 elf:42ms
2025-08-23 16:44:48.998 T:4326 debug : CVideoPlayerVideo::OutputPicture - ttd:351ms pts:9.134 Clock:8.782 Level:5
2025-08-23 16:44:49.003 T:4091 debug : PrepareNextRender: frameOnScreen: 8.787 renderPts: 8.944 nextFramePts: 8.926 -> diff: 0.018 render: 1 forceNext: 0
2025-08-23 16:44:49.003 T:4091 debug : CAMLCodec::ReleaseFrame idx:214, drop:0
2025-08-23 16:44:49.037 T:4091 debug : CAMLCodec::PollFrame elapsed:34.019ms
2025-08-23 16:44:49.039 T:4326 debug : CAMLCodec::DequeueBuffer: pts:9.176 idx:220
2025-08-23 16:44:49.039 T:4326 debug : CAMLCodec::GetPicture: index: 220, pts: 9.176, dur:42.000ms ar:1.78 elf:40ms
2025-08-23 16:44:49.039 T:4326 debug : CVideoPlayerVideo::OutputPicture - ttd:353ms pts:9.176 Clock:8.823 Level:5
2025-08-23 16:44:49.044 T:4091 debug : PrepareNextRender: frameOnScreen: 8.828 renderPts: 8.986 nextFramePts: 8.967 -> diff: 0.019 render: 1 forceNext: 0
2025-08-23 16:44:49.045 T:4091 debug : CAMLCodec::ReleaseFrame idx:215, drop:0
2025-08-23 16:44:49.055 T:4326 debug : CAMLCodec::AddData: dl:480192 fl:5614656 sz:480073(480192) lv:7.9% dts:9.259 pts:9.426
2025-08-23 16:44:49.058 T:4326 debug : CAMLCodec::AddData: dl:961024 fl:5133824 sz:480761(480832) lv:15.8% dts:9.301 pts:9.384
2025-08-23 16:44:49.062 T:4323 debug : CVideoPlayer::ProcessVideoData size:366814 dts:12.971 pts:13.055 dur:41.000ms, clock:8.846 level:45
2025-08-23 16:44:49.066 T:4323 debug : CVideoPlayer::ProcessAudioData size:7133 dts:13.189 pts:13.189 dur:92.000ms, clock:8.850 drop:0 level:43
2025-08-23 16:44:49.066 T:4323 debug : CVideoPlayer::ProcessAudioData size:6546 dts:13.281 pts:13.281 dur:92.000ms, clock:8.850 drop:0 level:45
2025-08-23 16:44:49.073 T:4323 debug : CVideoPlayer::ProcessVideoData size:579589 dts:13.013 pts:13.305 dur:41.000ms, clock:8.857 level:46
2025-08-23 16:44:49.079 T:4091 debug : CAMLCodec::PollFrame elapsed:34.459ms
2025-08-23 16:44:49.080 T:4326 debug : CAMLCodec::DequeueBuffer: pts:9.218 idx:221
2025-08-23 16:44:49.080 T:4326 debug : CAMLCodec::GetPicture: index: 221, pts: 9.218, dur:42.000ms ar:1.78 elf:41ms
2025-08-23 16:44:49.081 T:4326 debug : CVideoPlayerVideo::OutputPicture - ttd:353ms pts:9.218 Clock:8.864 Level:5
2025-08-23 16:44:49.093 T:4327 debug : CVideoPlayerAudio::OutputPacket: pts:9.660 curr_pts:8.854 clock:8.877 level:45
2025-08-23 16:44:49.094 T:4091 debug : PrepareNextRender: frameOnScreen: 8.878 renderPts: 9.035 nextFramePts: 9.009 -> diff: 0.026 render: 1 forceNext: 0
2025-08-23 16:44:49.094 T:4091 debug : CAMLCodec::ReleaseFrame idx:216, drop:0
2025-08-23 16:44:49.095 T:4323 debug : CVideoPlayer::ProcessVideoData size:550872 dts:13.055 pts:13.222 dur:41.000ms, clock:8.878 level:46
2025-08-23 16:44:49.096 T:4326 debug : CAMLCodec::AddData: dl:852992 fl:5241856 sz:372067(372160) lv:14.0% dts:9.343 pts:9.343
2025-08-23 16:44:49.121 T:4091 debug : CAMLCodec::PollFrame elapsed:26.711ms
2025-08-23 16:44:49.123 T:4326 debug : CAMLCodec::DequeueBuffer: pts:9.259 idx:222
2025-08-23 16:44:49.123 T:4326 debug : CAMLCodec::GetPicture: index: 222, pts: 9.259, dur:41.000ms ar:1.78 elf:42ms
2025-08-23 16:44:49.123 T:4326 debug : CVideoPlayerVideo::OutputPicture - ttd:351ms pts:9.259 Clock:8.907 Level:5
2025-08-23 16:44:49.135 T:4091 debug : PrepareNextRender: frameOnScreen: 8.919 renderPts: 9.076 nextFramePts: 9.051 -> diff: 0.025 render: 1 forceNext: 0
2025-08-23 16:44:49.135 T:4091 debug : CAMLCodec::ReleaseFrame idx:217, drop:0
2025-08-23 16:44:49.139 T:4326 debug : CAMLCodec::AddData: dl:762432 fl:5332416 sz:390184(390272) lv:12.5% dts:9.384 pts:9.468
2025-08-23 16:44:49.147 T:4323 debug : CVideoPlayer::ProcessVideoData size:465399 dts:13.096 pts:13.180 dur:41.000ms, clock:8.931 level:46
2025-08-23 16:44:49.163 T:4091 debug : CAMLCodec::PollFrame elapsed:27.523ms
2025-08-23 16:44:49.164 T:4326 debug : CAMLCodec::DequeueBuffer: pts:9.301 idx:223
2025-08-23 16:44:49.164 T:4326 debug : CAMLCodec::GetPicture: index: 223, pts: 9.301, dur:42.000ms ar:1.78 elf:40ms
2025-08-23 16:44:49.164 T:4326 debug : CVideoPlayerVideo::OutputPicture - ttd:353ms pts:9.301 Clock:8.948 Level:5
2025-08-23 16:44:49.170 T:4091 debug : PrepareNextRender: frameOnScreen: 8.954 renderPts: 9.112 nextFramePts: 9.092 -> diff: 0.020 render: 1 forceNext: 0
2025-08-23 16:44:49.171 T:4091 debug : CAMLCodec::ReleaseFrame idx:218, drop:0
2025-08-23 16:44:49.176 T:4326 debug : CAMLCodec::AddData: dl:1030400 fl:5064448 sz:640054(640128) lv:16.9% dts:9.426 pts:9.635
2025-08-23 16:44:49.178 T:4323 debug : CVideoPlayer::ProcessVideoData size:360166 dts:13.138 pts:13.138 dur:41.000ms, clock:8.962 level:46
2025-08-23 16:44:49.179 T:4323 debug : CVideoPlayer::ProcessVideoData size:361075 dts:13.180 pts:13.263 dur:41.000ms, clock:8.963 level:46
2025-08-23 16:44:49.193 T:4327 debug : CVideoPlayerAudio::OutputPacket: pts:9.752 curr_pts:8.954 clock:8.977 level:43
2025-08-23 16:44:49.204 T:4091 debug : CAMLCodec::PollFrame elapsed:33.677ms
2025-08-23 16:44:49.206 T:4326 debug : CAMLCodec::DequeueBuffer: pts:9.343 idx:224
2025-08-23 16:44:49.206 T:4326 debug : CAMLCodec::GetPicture: index: 224, pts: 9.343, dur:42.000ms ar:1.78 elf:42ms
2025-08-23 16:44:49.206 T:4326 debug : CVideoPlayerVideo::OutputPicture - ttd:352ms pts:9.343 Clock:8.990 Level:5
2025-08-23 16:44:49.215 T:4091 debug : PrepareNextRender: frameOnScreen: 8.999 renderPts: 9.156 nextFramePts: 9.134 -> diff: 0.022 render: 1 forceNext: 0
2025-08-23 16:44:49.215 T:4091 debug : CAMLCodec::ReleaseFrame idx:219, drop:0
2025-08-23 16:44:49.243 T:4327 debug : CVideoPlayerAudio::OutputPacket: pts:9.844 curr_pts:9.004 clock:9.027 level:42
2025-08-23 16:44:49.246 T:4091 debug : CAMLCodec::PollFrame elapsed:30.527ms
2025-08-23 16:44:49.248 T:4326 debug : CAMLCodec::DequeueBuffer: pts:9.384 idx:225
2025-08-23 16:44:49.248 T:4326 debug : CAMLCodec::GetPicture: index: 225, pts: 9.384, dur:41.000ms ar:1.78 elf:41ms
2025-08-23 16:44:49.248 T:4326 debug : CVideoPlayerVideo::OutputPicture - ttd:351ms pts:9.384 Clock:9.032 Level:5
2025-08-23 16:44:49.252 T:4091 debug : PrepareNextRender: frameOnScreen: 9.036 renderPts: 9.193 nextFramePts: 9.176 -> diff: 0.017 render: 1 forceNext: 0
2025-08-23 16:44:49.253 T:4091 debug : CAMLCodec::ReleaseFrame idx:220, drop:0
2025-08-23 16:44:49.266 T:4326 debug : CAMLCodec::AddData: dl:507072 fl:5587776 sz:507006(507072) lv:8.3% dts:9.468 pts:9.593
2025-08-23 16:44:49.269 T:4326 debug : CAMLCodec::AddData: dl:909248 fl:5185600 sz:402106(402176) lv:14.9% dts:9.509 pts:9.551
2025-08-23 16:44:49.273 T:4323 debug : CVideoPlayer::ProcessAudioData size:7072 dts:13.375 pts:13.375 dur:92.000ms, clock:9.056 drop:0 level:42
2025-08-23 16:44:49.273 T:4323 debug : CVideoPlayer::ProcessAudioData size:7161 dts:13.467 pts:13.467 dur:92.000ms, clock:9.057 drop:0 level:43
2025-08-23 16:44:49.277 T:4323 debug : CVideoPlayer::ProcessVideoData size:561421 dts:13.222 pts:13.513 dur:41.000ms, clock:9.061 level:46
2025-08-23 16:44:49.279 T:4323 debug : CVideoPlayer::ProcessVideoData size:464284 dts:13.263 pts:13.430 dur:41.000ms, clock:9.063 level:46
2025-08-23 16:44:49.288 T:4091 debug : CAMLCodec::PollFrame elapsed:35.389ms
2025-08-23 16:44:49.290 T:4326 debug : CAMLCodec::DequeueBuffer: pts:9.426 idx:226
2025-08-23 16:44:49.290 T:4326 debug : CAMLCodec::GetPicture: index: 226, pts: 9.426, dur:42.000ms ar:1.78 elf:41ms
2025-08-23 16:44:49.290 T:4326 debug : CVideoPlayerVideo::OutputPicture - ttd:351ms pts:9.426 Clock:9.074 Level:5
2025-08-23 16:44:49.302 T:4091 debug : PrepareNextRender: frameOnScreen: 9.086 renderPts: 9.243 nextFramePts: 9.218 -> diff: 0.025 render: 1 forceNext: 0
2025-08-23 16:44:49.303 T:4091 debug : CAMLCodec::ReleaseFrame idx:221, drop:0
2025-08-23 16:44:49.308 T:4326 debug : CAMLCodec::AddData: dl:862528 fl:5232320 sz:460266(460352) lv:14.2% dts:9.551 pts:9.676
2025-08-23 16:44:49.311 T:4323 debug : CVideoPlayer::ProcessVideoData size:462702 dts:13.305 pts:13.388 dur:41.000ms, clock:9.094 level:46
2025-08-23 16:44:49.330 T:4091 debug : CAMLCodec::PollFrame elapsed:26.764ms
2025-08-23 16:44:49.331 T:4326 debug : CAMLCodec::DequeueBuffer: pts:9.468 idx:227
2025-08-23 16:44:49.331 T:4326 debug : CAMLCodec::GetPicture: index: 227, pts: 9.468, dur:42.000ms ar:1.78 elf:40ms
2025-08-23 16:44:49.331 T:4326 debug : CVideoPlayerVideo::OutputPicture - ttd:353ms pts:9.468 Clock:9.115 Level:5
2025-08-23 16:44:49.340 T:4091 debug : PrepareNextRender: frameOnScreen: 9.123 renderPts: 9.281 nextFramePts: 9.259 -> diff: 0.022 render: 1 forceNext: 0
2025-08-23 16:44:49.340 T:4091 debug : CAMLCodec::ReleaseFrame idx:222, drop:0
2025-08-23 16:44:49.344 T:4327 debug : CVideoPlayerAudio::OutputPacket: pts:9.938 curr_pts:9.103 clock:9.128 level:43
2025-08-23 16:44:49.347 T:4326 debug : CAMLCodec::AddData: dl:969408 fl:5125440 sz:508940(509056) lv:15.9% dts:9.593 pts:9.885
2025-08-23 16:44:49.354 T:4323 debug : CVideoPlayer::ProcessVideoData size:357438 dts:13.347 pts:13.347 dur:41.000ms, clock:9.137 level:46
2025-08-23 16:44:49.371 T:4091 debug : CAMLCodec::PollFrame elapsed:31.396ms
2025-08-23 16:44:49.374 T:4326 debug : CAMLCodec::DequeueBuffer: pts:9.509 idx:228
2025-08-23 16:44:49.374 T:4326 debug : CAMLCodec::GetPicture: index: 228, pts: 9.509, dur:41.000ms ar:1.78 elf:43ms
2025-08-23 16:44:49.374 T:4326 debug : CVideoPlayerVideo::OutputPicture - ttd:350ms pts:9.509 Clock:9.158 Level:5
2025-08-23 16:44:49.376 T:4326 debug : CAMLCodec::DequeueBuffer: pts:9.551 idx:229
2025-08-23 16:44:49.376 T:4326 debug : CAMLCodec::GetPicture: index: 229, pts: 9.551, dur:42.000ms ar:1.78 elf:1ms
2025-08-23 16:44:49.376 T:4326 debug : CVideoPlayerVideo::OutputPicture - ttd:391ms pts:9.551 Clock:9.160 Level:6
2025-08-23 16:44:49.377 T:4326 debug : CAMLCodec::DequeueBuffer: pts:9.593 idx:230
2025-08-23 16:44:49.377 T:4326 debug : CAMLCodec::GetPicture: index: 230, pts: 9.593, dur:42.000ms ar:1.78 elf:1ms
2025-08-23 16:44:49.379 T:4091 debug : PrepareNextRender: frameOnScreen: 9.163 renderPts: 9.320 nextFramePts: 9.301 -> diff: 0.019 render: 1 forceNext: 0
2025-08-23 16:44:49.379 T:4326 debug : CVideoPlayerVideo::OutputPicture - ttd:431ms pts:9.593 Clock:9.161 Level:6
2025-08-23 16:44:49.379 T:4091 debug : CAMLCodec::ReleaseFrame idx:223, drop:0
2025-08-23 16:44:49.380 T:4326 debug : CAMLCodec::DequeueBuffer: pts:9.635 idx:231
2025-08-23 16:44:49.380 T:4326 debug : CAMLCodec::GetPicture: index: 231, pts: 9.635, dur:42.000ms ar:1.78 elf:3ms
2025-08-23 16:44:49.413 T:4091 debug : CAMLCodec::PollFrame elapsed:33.405ms
2025-08-23 16:44:49.419 T:4091 debug : PrepareNextRender: frameOnScreen: 9.203 renderPts: 9.360 nextFramePts: 9.343 -> diff: 0.017 render: 1 forceNext: 0
2025-08-23 16:44:49.420 T:4326 debug : CVideoPlayerVideo::OutputPicture - ttd:470ms pts:9.635 Clock:9.164 Level:6
2025-08-23 16:44:49.420 T:4091 debug : CAMLCodec::ReleaseFrame idx:224, drop:0
