2022-11-07 20:59:59.109 T:3784 DEBUG : CDVDClock::SetSpeedAdjust - adjusted:0.000000
2022-11-07 20:59:59.109 T:3787 DEBUG : CAMLCodec::SetSpeed, speed(0)
2022-11-07 20:59:59.109 T:3784 DEBUG : CVideoPlayer::HandleMessages - player 2 reported state: 0
2022-11-07 20:59:59.109 T:3787 DEBUG : CAMLCodec::SetSpeed, speed(1000)
2022-11-07 20:59:59.109 T:3784 DEBUG : CVideoPlayer::HandleMessages - player 1 reported state: 0
2022-11-07 20:59:59.109 T:3688 DEBUG : OnAVChange: CApplication::OnAVChange
2022-11-07 20:59:59.112 T:3580 DEBUG : ------ Window Init (DialogBusy.xml) ------
2022-11-07 20:59:59.113 T:3788 DEBUG : CDVDAudio::Pause - pausing audio stream
2022-11-07 20:59:59.114 T:3580 DEBUG : CDirectoryProvider[library://video/movies/]: refreshing..
2022-11-07 20:59:59.114 T:3580 DEBUG : CDirectoryProvider[special://skin/playlists/inprogress_movies.xsp]: refreshing..
2022-11-07 20:59:59.114 T:3580 DEBUG : CDirectoryProvider[special://skin/playlists/recent_unwatched_movies.xsp]: refreshing..
2022-11-07 20:59:59.114 T:3580 DEBUG : CDirectoryProvider[special://skin/playlists/unwatched_movies.xsp]: refreshing..
2022-11-07 20:59:59.114 T:3580 DEBUG : CDirectoryProvider[special://skin/playlists/random_movies.xsp]: refreshing..
2022-11-07 20:59:59.114 T:3580 DEBUG : CDirectoryProvider[videodb://movies/genres/]: refreshing..
2022-11-07 20:59:59.122 T:3784 DEBUG : CVideoPlayer::ProcessVideoData size:109231 dts:18442240474082.180 pts:366.700 dur:41.000ms, clock:366.200 level:0
2022-11-07 20:59:59.122 T:3784 DEBUG : CDVDClock::SetSpeedAdjust - adjusted:0.000000
2022-11-07 20:59:59.122 T:3787 DEBUG : CAMLCodec::SetSpeed, speed(0)
2022-11-07 20:59:59.122 T:3787 DEBUG : CVideoPlayerVideo - Stillframe left, switching to normal playback
2022-11-07 20:59:59.122 T:3787 INFO : DVDVideoCodecAmlogic::AddData Open decoder: fps:24000/1001
2022-11-07 20:59:59.123 T:3787 DEBUG : codecid_to_vformat, id(27) -> vformat(2)
2022-11-07 20:59:59.123 T:3787 DEBUG : codec_tag_to_vdec_type, codec_tag(27) -> vdec_type(4)
2022-11-07 20:59:59.123 T:3787 DEBUG : CAMLCodec::OpenDecoder hints.width(1920), hints.height(800), hints.codec(27), hints.codec_tag(0)
2022-11-07 20:59:59.123 T:3787 DEBUG : CAMLCodec::OpenDecoder hints.fpsrate(24000), hints.fpsscale(1001), video_rate(4004)
2022-11-07 20:59:59.123 T:3787 DEBUG : CAMLCodec::OpenDecoder hints.aspect(2.400000), video_ratio.num(1), video_ratio.den(1)
2022-11-07 20:59:59.123 T:3787 DEBUG : CAMLCodec::OpenDecoder hints.orientation(0), hints.forced_aspect(1), hints.extrasize(38)
2022-11-07 20:59:59.124 T:3784 DEBUG : CVideoPlayer::ProcessVideoData size:22981 dts:18442240474082.180 pts:366.867 dur:41.000ms, clock:366.367 level:0
2022-11-07 20:59:59.124 T:3788 DEBUG : CDVDAudio::Pause - pausing audio stream
2022-11-07 20:59:59.124 T:3784 DEBUG : CVideoPlayer::CheckContinuity - wrapback :2, prev:366867000.000000, curr:366700000.000000, diff:-167000.000000
2022-11-07 20:59:59.124 T:3784 DEBUG : CVideoPlayer::ProcessVideoData size:8244 dts:366.700 pts:366.783 dur:41.000ms, clock:366.367 level:0
2022-11-07 20:59:59.124 T:3784 DEBUG : CVideoPlayer::ProcessVideoData size:5011 dts:366.741 pts:366.741 dur:41.000ms, clock:366.367 level:0
2022-11-07 20:59:59.124 T:3784 DEBUG : CVideoPlayer::ProcessVideoData size:5726 dts:366.783 pts:366.825 dur:41.000ms, clock:366.367 level:0
2022-11-07 20:59:59.124 T:3784 DEBUG : CVideoPlayer::ProcessVideoData size:29641 dts:366.825 pts:367.033 dur:41.000ms, clock:366.367 level:0
2022-11-07 20:59:59.125 T:3784 DEBUG : CVideoPlayer::ProcessVideoData size:11561 dts:366.867 pts:366.950 dur:41.000ms, clock:366.367 level:0
2022-11-07 20:59:59.125 T:3784 DEBUG : CVideoPlayer::ProcessVideoData size:7082 dts:366.908 pts:366.908 dur:41.000ms, clock:366.367 level:0
2022-11-07 20:59:59.125 T:3784 DEBUG : CVideoPlayer::ProcessVideoData size:6327 dts:366.950 pts:366.992 dur:41.000ms, clock:366.367 level:1
2022-11-07 20:59:59.126 T:3788 INFO : Creating audio stream (codec id: 86019, channels: 6, sample rate: 48000, no pass-through)
2022-11-07 20:59:59.126 T:3784 DEBUG : CVideoPlayer::ProcessVideoData size:23739 dts:366.992 pts:367.200 dur:41.000ms, clock:366.367 level:2
2022-11-07 20:59:59.127 T:3788 DEBUG : CVideoPlayerAudio:: synctype set to 0: clock feedback
2022-11-07 20:59:59.129 T:3784 DEBUG : CVideoPlayer::ProcessVideoData size:8050 dts:367.033 pts:367.117 dur:41.000ms, clock:366.367 level:2
2022-11-07 20:59:59.130 T:3784 DEBUG : CVideoPlayer::ProcessVideoData size:6067 dts:367.075 pts:367.075 dur:41.000ms, clock:366.367 level:3
2022-11-07 20:59:59.130 T:3784 DEBUG : CVideoPlayer::ProcessVideoData size:5636 dts:367.117 pts:367.158 dur:41.000ms, clock:366.367 level:3
2022-11-07 20:59:59.148 T:3784 DEBUG : CVideoPlayer::ProcessVideoData size:31674 dts:367.158 pts:367.367 dur:41.000ms, clock:366.367 level:4
2022-11-07 20:59:59.149 T:3784 DEBUG : CVideoPlayer::ProcessVideoData size:9278 dts:367.200 pts:367.284 dur:41.000ms, clock:366.367 level:4
2022-11-07 20:59:59.149 T:3784 DEBUG : CVideoPlayer::ProcessVideoData size:5794 dts:367.242 pts:367.242 dur:41.000ms, clock:366.367 level:5
2022-11-07 20:59:59.150 T:3784 DEBUG : CVideoPlayer::ProcessVideoData size:5377 dts:367.284 pts:367.325 dur:41.000ms, clock:366.367 level:5
2022-11-07 20:59:59.151 T:3784 DEBUG : CVideoPlayer::ProcessVideoData size:26857 dts:367.325 pts:367.534 dur:41.000ms, clock:366.367 level:6
2022-11-07 20:59:59.151 T:3784 DEBUG : CVideoPlayer::ProcessVideoData size:7527 dts:367.367 pts:367.450 dur:41.000ms, clock:366.367 level:6
2022-11-07 20:59:59.151 T:3784 DEBUG : CVideoPlayer::ProcessVideoData size:5351 dts:367.409 pts:367.409 dur:41.000ms, clock:366.367 level:7
2022-11-07 20:59:59.151 T:3784 DEBUG : CVideoPlayer::ProcessVideoData size:4897 dts:367.450 pts:367.492 dur:41.000ms, clock:366.367 level:7
2022-11-07 20:59:59.152 T:3784 DEBUG : CVideoPlayer::ProcessVideoData size:22123 dts:367.492 pts:367.701 dur:41.000ms, clock:366.367 level:8
2022-11-07 20:59:59.153 T:3784 DEBUG : CVideoPlayer::ProcessVideoData size:6943 dts:367.534 pts:367.617 dur:41.000ms, clock:366.367 level:8
2022-11-07 20:59:59.153 T:3784 DEBUG : CVideoPlayer::ProcessVideoData size:4995 dts:367.576 pts:367.576 dur:41.000ms, clock:366.367 level:9
2022-11-07 20:59:59.153 T:3784 DEBUG : CVideoPlayer::ProcessVideoData size:4687 dts:367.617 pts:367.659 dur:41.000ms, clock:366.367 level:9
2022-11-07 20:59:59.155 T:3784 DEBUG : CVideoPlayer::ProcessVideoData size:19995 dts:367.659 pts:367.868 dur:41.000ms, clock:366.367 level:10
2022-11-07 20:59:59.155 T:3784 DEBUG : CVideoPlayer::ProcessVideoData size:6525 dts:367.701 pts:367.784 dur:41.000ms, clock:366.367 level:11
2022-11-07 20:59:59.155 T:3784 DEBUG : CVideoPlayer::ProcessVideoData size:4870 dts:367.742 pts:367.742 dur:41.000ms, clock:366.367 level:11
2022-11-07 20:59:59.155 T:3784 DEBUG : CVideoPlayer::ProcessVideoData size:4287 dts:367.784 pts:367.826 dur:41.000ms, clock:366.367 level:12
2022-11-07 20:59:59.157 T:3784 DEBUG : CVideoPlayer::ProcessVideoData size:16180 dts:367.826 pts:368.034 dur:41.000ms, clock:366.367 level:12
2022-11-07 20:59:59.157 T:3784 DEBUG : CVideoPlayer::ProcessVideoData size:6667 dts:367.868 pts:367.951 dur:41.000ms, clock:366.367 level:13
2022-11-07 20:59:59.157 T:3784 DEBUG : CVideoPlayer::ProcessVideoData size:4390 dts:367.909 pts:367.909 dur:41.000ms, clock:366.367 level:14
2022-11-07 20:59:59.157 T:3784 DEBUG : CVideoPlayer::ProcessVideoData size:4405 dts:367.951 pts:367.993 dur:41.000ms, clock:366.367 level:14
2022-11-07 20:59:59.161 T:3784 DEBUG : CVideoPlayer::ProcessVideoData size:12801 dts:367.993 pts:368.159 dur:41.000ms, clock:366.367 level:14
2022-11-07 20:59:59.161 T:3784 DEBUG : CVideoPlayer::ProcessVideoData size:4462 dts:368.034 pts:368.118 dur:41.000ms, clock:366.367 level:15
2022-11-07 20:59:59.163 T:3784 DEBUG : CVideoPlayer::ProcessVideoData size:5100 dts:368.076 pts:368.076 dur:41.000ms, clock:366.367 level:15
2022-11-07 20:59:59.165 T:3784 DEBUG : CVideoPlayer::ProcessVideoData size:148769 dts:368.118 pts:368.201 dur:41.000ms, clock:366.367 level:16
2022-11-07 20:59:59.166 T:3784 DEBUG : CVideoPlayer::ProcessVideoData size:24802 dts:368.159 pts:368.368 dur:41.000ms, clock:366.367 level:16
2022-11-07 20:59:59.166 T:3784 DEBUG : CVideoPlayer::ProcessVideoData size:5845 dts:368.201 pts:368.285 dur:41.000ms, clock:366.367 level:16
2022-11-07 20:59:59.166 T:3784 DEBUG : CVideoPlayer::ProcessVideoData size:3682 dts:368.243 pts:368.243 dur:41.000ms, clock:366.367 level:17
2022-11-07 20:59:59.167 T:3784 DEBUG : CVideoPlayer::ProcessVideoData size:3952 dts:368.285 pts:368.326 dur:41.000ms, clock:366.367 level:17
2022-11-07 20:59:59.168 T:3784 DEBUG : CVideoPlayer::ProcessVideoData size:28141 dts:368.326 pts:368.535 dur:41.000ms, clock:366.367 level:18
2022-11-07 20:59:59.168 T:3784 DEBUG : CVideoPlayer::ProcessVideoData size:6401 dts:368.368 pts:368.451 dur:41.000ms, clock:366.367 level:18
2022-11-07 20:59:59.168 T:3784 DEBUG : CVideoPlayer::ProcessVideoData size:4183 dts:368.410 pts:368.410 dur:41.000ms, clock:366.367 level:19
2022-11-07 20:59:59.169 T:3784 DEBUG : CVideoPlayer::ProcessVideoData size:4068 dts:368.451 pts:368.493 dur:41.000ms, clock:366.367 level:19
2022-11-07 20:59:59.173 T:3784 DEBUG : CVideoPlayer::ProcessVideoData size:28393 dts:368.493 pts:368.702 dur:41.000ms, clock:366.367 level:19
2022-11-07 20:59:59.173 T:3784 DEBUG : CVideoPlayer::ProcessVideoData size:6287 dts:368.535 pts:368.618 dur:41.000ms, clock:366.367 level:20
2022-11-07 20:59:59.173 T:3784 DEBUG : CVideoPlayer::ProcessVideoData size:3718 dts:368.577 pts:368.577 dur:41.000ms, clock:366.367 level:20
2022-11-07 20:59:59.173 T:3784 DEBUG : CVideoPlayer::ProcessVideoData size:3536 dts:368.618 pts:368.660 dur:41.000ms, clock:366.367 level:21
2022-11-07 20:59:59.175 T:3784 DEBUG : CVideoPlayer::ProcessVideoData size:27887 dts:368.660 pts:368.869 dur:41.000ms, clock:366.367 level:21
2022-11-07 20:59:59.175 T:3784 DEBUG : CVideoPlayer::ProcessVideoData size:6526 dts:368.702 pts:368.785 dur:41.000ms, clock:366.367 level:22
2022-11-07 20:59:59.175 T:3784 DEBUG : CVideoPlayer::ProcessVideoData size:4074 dts:368.743 pts:368.743 dur:41.000ms, clock:366.367 level:22
2022-11-07 20:59:59.175 T:3784 DEBUG : CVideoPlayer::ProcessVideoData size:3916 dts:368.785 pts:368.827 dur:41.000ms, clock:366.367 level:23
2022-11-07 20:59:59.177 T:3784 DEBUG : CVideoPlayer::ProcessVideoData size:32208 dts:368.827 pts:369.035 dur:41.000ms, clock:366.367 level:23
2022-11-07 20:59:59.178 T:3618 INFO : CActiveAESink::OpenSink - initialize sink
2022-11-07 20:59:59.180 T:3784 DEBUG : CVideoPlayer::ProcessVideoData size:6602 dts:368.869 pts:368.952 dur:41.000ms, clock:366.367 level:23
2022-11-07 20:59:59.181 T:3784 DEBUG : CVideoPlayer::ProcessVideoData size:3872 dts:368.910 pts:368.910 dur:41.000ms, clock:366.367 level:24
2022-11-07 20:59:59.181 T:3784 DEBUG : CVideoPlayer::ProcessVideoData size:3627 dts:368.952 pts:368.994 dur:41.000ms, clock:366.367 level:24
2022-11-07 20:59:59.182 T:3784 DEBUG : CVideoPlayer::ProcessVideoData size:25281 dts:368.994 pts:369.202 dur:41.000ms, clock:366.367 level:25
2022-11-07 20:59:59.182 T:3784 DEBUG : CVideoPlayer::ProcessVideoData size:5820 dts:369.035 pts:369.119 dur:41.000ms, clock:366.367 level:26
2022-11-07 20:59:59.182 T:3784 DEBUG : CVideoPlayer::ProcessVideoData size:3438 dts:369.077 pts:369.077 dur:41.000ms, clock:366.367 level:26
2022-11-07 20:59:59.182 T:3784 DEBUG : CVideoPlayer::ProcessVideoData size:3568 dts:369.119 pts:369.160 dur:41.000ms, clock:366.367 level:27
2022-11-07 20:59:59.182 T:3784 DEBUG : CVideoPlayer::ProcessVideoData size:28535 dts:369.160 pts:369.369 dur:41.000ms, clock:366.367 level:27
2022-11-07 20:59:59.182 T:3784 DEBUG : CVideoPlayer::ProcessVideoData size:6110 dts:369.202 pts:369.286 dur:41.000ms, clock:366.367 level:28
2022-11-07 20:59:59.182 T:3784 DEBUG : CVideoPlayer::ProcessVideoData size:3960 dts:369.244 pts:369.244 dur:41.000ms, clock:366.367 level:28
2022-11-07 20:59:59.183 T:3784 DEBUG : CVideoPlayer::ProcessVideoData size:3758 dts:369.286 pts:369.327 dur:41.000ms, clock:366.367 level:29
2022-11-07 20:59:59.183 T:3784 DEBUG : CVideoPlayer::ProcessVideoData size:30828 dts:369.327 pts:369.536 dur:41.000ms, clock:366.367 level:29
2022-11-07 20:59:59.184 T:3784 DEBUG : CVideoPlayer::ProcessVideoData size:6037 dts:369.369 pts:369.452 dur:41.000ms, clock:366.367 level:29
2022-11-07 20:59:59.184 T:3784 DEBUG : CVideoPlayer::ProcessVideoData size:4515 dts:369.411 pts:369.411 dur:41.000ms, clock:366.367 level:30
2022-11-07 20:59:59.184 T:3784 DEBUG : CVideoPlayer::ProcessVideoData size:3699 dts:369.452 pts:369.494 dur:41.000ms, clock:366.367 level:30
2022-11-07 20:59:59.184 T:3784 DEBUG : CVideoPlayer::ProcessVideoData size:25231 dts:369.494 pts:369.703 dur:41.000ms, clock:366.367 level:31
2022-11-07 20:59:59.184 T:3784 DEBUG : CVideoPlayer::ProcessVideoData size:5390 dts:369.536 pts:369.619 dur:41.000ms, clock:366.367 level:31
2022-11-07 20:59:59.184 T:3784 DEBUG : CVideoPlayer::ProcessVideoData size:3951 dts:369.578 pts:369.578 dur:41.000ms, clock:366.367 level:32
2022-11-07 20:59:59.184 T:3784 DEBUG : CVideoPlayer::ProcessVideoData size:3722 dts:369.619 pts:369.661 dur:41.000ms, clock:366.367 level:32
2022-11-07 20:59:59.189 T:3784 DEBUG : CVideoPlayer::ProcessVideoData size:26875 dts:369.661 pts:369.870 dur:41.000ms, clock:366.367 level:33
2022-11-07 20:59:59.189 T:3784 DEBUG : CVideoPlayer::ProcessVideoData size:5125 dts:369.703 pts:369.786 dur:41.000ms, clock:366.367 level:33
2022-11-07 20:59:59.189 T:3784 DEBUG : CVideoPlayer::ProcessVideoData size:3462 dts:369.744 pts:369.744 dur:41.000ms, clock:366.367 level:33
2022-11-07 20:59:59.189 T:3784 DEBUG : CVideoPlayer::ProcessVideoData size:3663 dts:369.786 pts:369.828 dur:41.000ms, clock:366.367 level:34
2022-11-07 20:59:59.190 T:3784 DEBUG : CVideoPlayer::ProcessVideoData size:29561 dts:369.828 pts:370.036 dur:41.000ms, clock:366.367 level:34
2022-11-07 20:59:59.192 T:3784 DEBUG : CVideoPlayer::ProcessVideoData size:6370 dts:369.870 pts:369.953 dur:41.000ms, clock:366.367 level:35
2022-11-07 20:59:59.192 T:3784 DEBUG : CVideoPlayer::ProcessVideoData size:3469 dts:369.911 pts:369.911 dur:41.000ms, clock:366.367 level:35
2022-11-07 20:59:59.192 T:3784 DEBUG : CVideoPlayer::ProcessVideoData size:4225 dts:369.953 pts:369.995 dur:41.000ms, clock:366.367 level:36
2022-11-07 20:59:59.193 T:3784 DEBUG : CVideoPlayer::ProcessVideoData size:30242 dts:369.995 pts:370.203 dur:41.000ms, clock:366.367 level:36
2022-11-07 20:59:59.193 T:3784 DEBUG : CVideoPlayer::ProcessVideoData size:6582 dts:370.036 pts:370.120 dur:41.000ms, clock:366.367 level:37
2022-11-07 20:59:59.193 T:3784 DEBUG : CVideoPlayer::ProcessVideoData size:4329 dts:370.078 pts:370.078 dur:41.000ms, clock:366.367 level:38
2022-11-07 20:59:59.193 T:3784 DEBUG : CVideoPlayer::ProcessVideoData size:3929 dts:370.120 pts:370.161 dur:41.000ms, clock:366.367 level:38
2022-11-07 20:59:59.195 T:3784 DEBUG : CVideoPlayer::ProcessVideoData size:30794 dts:370.161 pts:370.370 dur:41.000ms, clock:366.367 level:38
2022-11-07 20:59:59.196 T:3784 DEBUG : CVideoPlayer::ProcessVideoData size:6563 dts:370.203 pts:370.287 dur:41.000ms, clock:366.367 level:39
2022-11-07 20:59:59.196 T:3784 DEBUG : CVideoPlayer::ProcessVideoData size:4257 dts:370.245 pts:370.245 dur:41.000ms, clock:366.367 level:39
2022-11-07 20:59:59.196 T:3784 DEBUG : CVideoPlayer::ProcessVideoData size:3916 dts:370.287 pts:370.328 dur:41.000ms, clock:366.367 level:40
2022-11-07 20:59:59.197 T:3784 DEBUG : CVideoPlayer::ProcessVideoData size:26368 dts:370.328 pts:370.537 dur:41.000ms, clock:366.367 level:40
2022-11-07 20:59:59.198 T:3784 DEBUG : CVideoPlayer::ProcessVideoData size:5994 dts:370.370 pts:370.453 dur:41.000ms, clock:366.367 level:41
2022-11-07 20:59:59.198 T:3784 DEBUG : CVideoPlayer::ProcessVideoData size:4164 dts:370.412 pts:370.412 dur:41.000ms, clock:366.367 level:41
2022-11-07 20:59:59.198 T:3784 DEBUG : CVideoPlayer::ProcessVideoData size:3949 dts:370.453 pts:370.495 dur:41.000ms, clock:366.367 level:42
2022-11-07 20:59:59.199 T:3784 DEBUG : CVideoPlayer::ProcessVideoData size:29783 dts:370.495 pts:370.704 dur:41.000ms, clock:366.367 level:42
2022-11-07 20:59:59.199 T:3784 DEBUG : CVideoPlayer::ProcessVideoData size:5955 dts:370.537 pts:370.620 dur:41.000ms, clock:366.367 level:43
2022-11-07 20:59:59.199 T:3784 DEBUG : CVideoPlayer::ProcessVideoData size:3935 dts:370.579 pts:370.579 dur:41.000ms, clock:366.367 level:43
2022-11-07 20:59:59.199 T:3784 DEBUG : CVideoPlayer::ProcessVideoData size:3800 dts:370.620 pts:370.662 dur:41.000ms, clock:366.367 level:44
2022-11-07 20:59:59.200 T:3784 DEBUG : CVideoPlayer::ProcessVideoData size:26352 dts:370.662 pts:370.871 dur:41.000ms, clock:366.367 level:44
2022-11-07 20:59:59.200 T:3784 DEBUG : CVideoPlayer::ProcessVideoData size:6224 dts:370.704 pts:370.787 dur:41.000ms, clock:366.367 level:45
2022-11-07 20:59:59.200 T:3784 DEBUG : CVideoPlayer::ProcessVideoData size:3697 dts:370.745 pts:370.745 dur:41.000ms, clock:366.367 level:45
2022-11-07 20:59:59.200 T:3784 DEBUG : CVideoPlayer::ProcessVideoData size:4491 dts:370.787 pts:370.829 dur:41.000ms, clock:366.367 level:45
2022-11-07 20:59:59.203 T:3784 DEBUG : CVideoPlayer::ProcessVideoData size:29719 dts:370.829 pts:371.037 dur:41.000ms, clock:366.367 level:46
2022-11-07 20:59:59.203 T:3784 DEBUG : CVideoPlayer::ProcessVideoData size:9263 dts:370.871 pts:370.954 dur:41.000ms, clock:366.367 level:46
2022-11-07 20:59:59.204 T:3784 DEBUG : CVideoPlayer::ProcessVideoData size:4608 dts:370.912 pts:370.912 dur:41.000ms, clock:366.367 level:47
2022-11-07 20:59:59.204 T:3784 DEBUG : CVideoPlayer::ProcessVideoData size:5302 dts:370.954 pts:370.996 dur:41.000ms, clock:366.367 level:47
2022-11-07 20:59:59.204 T:3784 DEBUG : CVideoPlayer::ProcessVideoData size:37647 dts:370.996 pts:371.204 dur:41.000ms, clock:366.367 level:48
2022-11-07 20:59:59.204 T:3784 DEBUG : CVideoPlayer::ProcessVideoData size:10014 dts:371.037 pts:371.121 dur:41.000ms, clock:366.367 level:48
2022-11-07 20:59:59.205 T:3784 DEBUG : CVideoPlayer::ProcessVideoData size:6021 dts:371.079 pts:371.079 dur:41.000ms, clock:366.367 level:49
2022-11-07 20:59:59.205 T:3784 DEBUG : CVideoPlayer::ProcessVideoData size:4937 dts:371.121 pts:371.162 dur:41.000ms, clock:366.367 level:50
2022-11-07 20:59:59.206 T:3787 DEBUG : CRenderManager::Configure - change configuration. 1920x800. display: 1920x800. framerate: 23.98.
2022-11-07 20:59:59.206 T:3784 DEBUG : CVideoPlayer::ProcessVideoData size:34209 dts:371.162 pts:371.371 dur:41.000ms, clock:366.367 level:50
2022-11-07 20:59:59.207 T:3784 DEBUG : CVideoPlayer::ProcessVideoData size:7990 dts:371.204 pts:371.288 dur:41.000ms, clock:366.367 level:50
2022-11-07 20:59:59.207 T:3784 DEBUG : CVideoPlayer::ProcessVideoData size:5531 dts:371.246 pts:371.246 dur:41.000ms, clock:366.367 level:51
2022-11-07 20:59:59.207 T:3784 DEBUG : CVideoPlayer::ProcessVideoData size:4297 dts:371.288 pts:371.329 dur:41.000ms, clock:366.367 level:51
2022-11-07 20:59:59.209 T:3784 DEBUG : CVideoPlayer::ProcessVideoData size:32056 dts:371.329 pts:371.538 dur:41.000ms, clock:366.367 level:52
2022-11-07 20:59:59.209 T:3784 DEBUG : CVideoPlayer::ProcessVideoData size:7795 dts:371.371 pts:371.454 dur:41.000ms, clock:366.367 level:52
2022-11-07 20:59:59.209 T:3784 DEBUG : CVideoPlayer::ProcessVideoData size:4347 dts:371.413 pts:371.413 dur:41.000ms, clock:366.367 level:53
2022-11-07 20:59:59.209 T:3784 DEBUG : CVideoPlayer::ProcessVideoData size:4381 dts:371.454 pts:371.496 dur:41.000ms, clock:366.367 level:53
2022-11-07 20:59:59.210 T:3784 DEBUG : CVideoPlayer::ProcessVideoData size:26189 dts:371.496 pts:371.705 dur:41.000ms, clock:366.367 level:54
2022-11-07 20:59:59.210 T:3784 DEBUG : CVideoPlayer::ProcessVideoData size:7418 dts:371.538 pts:371.621 dur:41.000ms, clock:366.367 level:54
2022-11-07 20:59:59.210 T:3784 DEBUG : CVideoPlayer::ProcessVideoData size:4060 dts:371.580 pts:371.580 dur:41.000ms, clock:366.367 level:55
2022-11-07 20:59:59.210 T:3784 DEBUG : CVideoPlayer::ProcessVideoData size:4463 dts:371.621 pts:371.663 dur:41.000ms, clock:366.367 level:55
2022-11-07 20:59:59.211 T:3784 DEBUG : CVideoPlayer::ProcessVideoData size:37391 dts:371.663 pts:371.872 dur:41.000ms, clock:366.367 level:56
2022-11-07 20:59:59.212 T:3784 DEBUG : CVideoPlayer::ProcessVideoData size:11482 dts:371.705 pts:371.788 dur:41.000ms, clock:366.367 level:56
2022-11-07 20:59:59.212 T:3784 DEBUG : CVideoPlayer::ProcessVideoData size:6526 dts:371.746 pts:371.746 dur:41.000ms, clock:366.367 level:57
2022-11-07 20:59:59.212 T:3784 DEBUG : CVideoPlayer::ProcessVideoData size:6351 dts:371.788 pts:371.830 dur:41.000ms, clock:366.367 level:57
2022-11-07 20:59:59.213 T:3784 DEBUG : CVideoPlayer::ProcessVideoData size:30973 dts:371.830 pts:372.038 dur:41.000ms, clock:366.367 level:58
2022-11-07 20:59:59.214 T:3784 DEBUG : CVideoPlayer::ProcessVideoData size:10454 dts:371.872 pts:371.955 dur:41.000ms, clock:366.367 level:58
2022-11-07 20:59:59.214 T:3784 DEBUG : CVideoPlayer::ProcessVideoData size:6062 dts:371.913 pts:371.913 dur:41.000ms, clock:366.367 level:59
2022-11-07 20:59:59.214 T:3784 DEBUG : CVideoPlayer::ProcessVideoData size:5431 dts:371.955 pts:371.997 dur:41.000ms, clock:366.367 level:59
2022-11-07 20:59:59.216 T:3784 DEBUG : CVideoPlayer::ProcessVideoData size:34647 dts:371.997 pts:372.205 dur:41.000ms, clock:366.367 level:60
2022-11-07 20:59:59.216 T:3784 DEBUG : CVideoPlayer::ProcessVideoData size:11397 dts:372.038 pts:372.122 dur:41.000ms, clock:366.367 level:60
2022-11-07 20:59:59.216 T:3784 DEBUG : CVideoPlayer::ProcessVideoData size:6113 dts:372.080 pts:372.080 dur:41.000ms, clock:366.367 level:61
2022-11-07 20:59:59.217 T:3784 DEBUG : CVideoPlayer::ProcessVideoData size:6625 dts:372.122 pts:372.163 dur:41.000ms, clock:366.367 level:61
2022-11-07 20:59:59.217 T:3784 DEBUG : CVideoPlayer::ProcessVideoData size:35147 dts:372.163 pts:372.372 dur:41.000ms, clock:366.367 level:62
2022-11-07 20:59:59.218 T:3784 DEBUG : CVideoPlayer::ProcessVideoData size:12470 dts:372.205 pts:372.289 dur:41.000ms, clock:366.367 level:63
2022-11-07 20:59:59.218 T:3784 DEBUG : CVideoPlayer::ProcessVideoData size:5926 dts:372.247 pts:372.247 dur:41.000ms, clock:366.367 level:63
2022-11-07 20:59:59.218 T:3784 DEBUG : CVideoPlayer::ProcessVideoData size:6875 dts:372.289 pts:372.330 dur:41.000ms, clock:366.367 level:64
2022-11-07 20:59:59.219 T:3784 DEBUG : CVideoPlayer::ProcessVideoData size:39213 dts:372.330 pts:372.539 dur:41.000ms, clock:366.367 level:64
2022-11-07 20:59:59.219 T:3580 DEBUG : DeleteRenderer - deleting renderer
2022-11-07 20:59:59.219 T:3784 DEBUG : CVideoPlayer::ProcessVideoData size:13098 dts:372.372 pts:372.455 dur:41.000ms, clock:366.367 level:65
2022-11-07 20:59:59.219 T:3580 DEBUG : LinuxRendererGLES: Cleaning up GLES resources
2022-11-07 20:59:59.219 T:3580 INFO : Constructing CRendererAML
2022-11-07 20:59:59.219 T:3784 DEBUG : CVideoPlayer::ProcessVideoData size:7812 dts:372.414 pts:372.414 dur:41.000ms, clock:366.367 level:65
2022-11-07 20:59:59.219 T:3580 DEBUG : CRenderManager::Configure - 8
2022-11-07 20:59:59.219 T:3784 DEBUG : CVideoPlayer::ProcessVideoData size:6811 dts:372.455 pts:372.497 dur:41.000ms, clock:366.367 level:66
2022-11-07 20:59:59.219 T:3660 DEBUG : OnAVChange: CApplication::OnAVChange
2022-11-07 20:59:59.219 T:3787 DEBUG : CVideoPlayerVideo::OutputPicture - ttd:333ms pts:366.700 Clock:366.367 Level:0
2022-11-07 20:59:59.220 T:3784 DEBUG : CVideoPlayer::HandleMessages - player started 2
2022-11-07 20:59:59.220 T:3784 DEBUG : CVideoPlayer::ProcessVideoData size:35103 dts:372.497 pts:372.706 dur:41.000ms, clock:366.367 level:66
2022-11-07 20:59:59.220 T:3784 DEBUG : CVideoPlayer::ProcessVideoData size:13004 dts:372.539 pts:372.622 dur:41.000ms, clock:366.367 level:67
2022-11-07 20:59:59.220 T:3784 DEBUG : CVideoPlayer::ProcessVideoData size:5922 dts:372.581 pts:372.581 dur:41.000ms, clock:366.367 level:67
2022-11-07 20:59:59.220 T:3784 DEBUG : CVideoPlayer::ProcessVideoData size:7176 dts:372.622 pts:372.664 dur:41.000ms, clock:366.367 level:68
2022-11-07 20:59:59.221 T:3784 DEBUG : CVideoPlayer::ProcessVideoData size:37495 dts:372.664 pts:372.873 dur:41.000ms, clock:366.367 level:68
2022-11-07 20:59:59.221 T:3784 DEBUG : CVideoPlayer::ProcessVideoData size:13667 dts:372.706 pts:372.789 dur:41.000ms, clock:366.367 level:69
2022-11-07 20:59:59.221 T:3784 DEBUG : CVideoPlayer::ProcessVideoData size:7545 dts:372.747 pts:372.747 dur:41.000ms, clock:366.367 level:69
2022-11-07 20:59:59.222 T:3784 DEBUG : CVideoPlayer::ProcessVideoData size:7236 dts:372.789 pts:372.831 dur:41.000ms, clock:366.367 level:70
2022-11-07 20:59:59.222 T:3784 DEBUG : CVideoPlayer::ProcessVideoData size:34845 dts:372.831 pts:373.039 dur:41.000ms, clock:366.367 level:70
2022-11-07 20:59:59.222 T:3784 DEBUG : CVideoPlayer::ProcessVideoData size:12258 dts:372.873 pts:372.956 dur:41.000ms, clock:366.367 level:71
2022-11-07 20:59:59.223 T:3580 INFO : CAMLCodec::Enable_vadj1 - vadj1 brightness/contrast control got enabled
2022-11-07 20:59:59.223 T:3784 DEBUG : CVideoPlayer::ProcessVideoData size:6374 dts:372.914 pts:372.914 dur:41.000ms, clock:366.367 level:71
2022-11-07 20:59:59.223 T:3784 DEBUG : CVideoPlayer::ProcessVideoData size:6433 dts:372.956 pts:372.998 dur:41.000ms, clock:366.367 level:72
2022-11-07 20:59:59.223 T:3580 DEBUG : CAMLCodec::SetVideoRect:display(0,0,1920,1080)
2022-11-07 20:59:59.223 T:3580 DEBUG : CAMLCodec::SetVideoRect:gui(0,0,1920,1080)
2022-11-07 20:59:59.223 T:3580 DEBUG : CAMLCodec::SetVideoRect:m_dst_rect(0,140,1920,800)
2022-11-07 20:59:59.223 T:3580 DEBUG : CAMLCodec::SetVideoRect:dst_rect(0,140,1920,800)
2022-11-07 20:59:59.223 T:3580 DEBUG : CAMLCodec::SetVideoRect:m_guiStereoMode(0)
2022-11-07 20:59:59.223 T:3580 DEBUG : CAMLCodec::SetVideoRect:m_guiStereoView(0)
2022-11-07 20:59:59.225 T:3787 DEBUG : CVideoPlayerVideo::OutputPicture - ttd:374ms pts:366.741 Clock:366.367 Level:0
2022-11-07 20:59:59.226 T:3784 DEBUG : CVideoPlayer::ProcessVideoData size:45507 dts:372.998 pts:373.206 dur:41.000ms, clock:366.367 level:72
2022-11-07 20:59:59.226 T:3787 DEBUG : CVideoPlayerVideo::OutputPicture - ttd:416ms pts:366.783 Clock:366.367 Level:1
2022-11-07 20:59:59.226 T:3784 DEBUG : CVideoPlayer::ProcessVideoData size:13037 dts:373.039 pts:373.123 dur:41.000ms, clock:366.367 level:73
2022-11-07 20:59:59.227 T:3784 DEBUG : CVideoPlayer::ProcessVideoData size:7398 dts:373.081 pts:373.081 dur:41.000ms, clock:366.367 level:73
2022-11-07 20:59:59.227 T:3784 DEBUG : CVideoPlayer::ProcessVideoData size:7669 dts:373.123 pts:373.164 dur:41.000ms, clock:366.367 level:74
2022-11-07 20:59:59.229 T:3784 DEBUG : CVideoPlayer::ProcessVideoData size:33343 dts:373.164 pts:373.373 dur:41.000ms, clock:366.367 level:75
2022-11-07 20:59:59.230 T:3784 DEBUG : CVideoPlayer::ProcessVideoData size:8602 dts:373.206 pts:373.290 dur:41.000ms, clock:366.367 level:75
2022-11-07 20:59:59.230 T:3784 DEBUG : CVideoPlayer::ProcessVideoData size:5692 dts:373.248 pts:373.248 dur:41.000ms, clock:366.367 level:76
2022-11-07 20:59:59.230 T:3784 DEBUG : CVideoPlayer::ProcessVideoData size:6039 dts:373.290 pts:373.331 dur:41.000ms, clock:366.367 level:76
2022-11-07 20:59:59.233 T:3784 DEBUG : CVideoPlayer::ProcessVideoData size:32253 dts:373.331 pts:373.540 dur:41.000ms, clock:366.367 level:77
2022-11-07 20:59:59.234 T:3784 DEBUG : CVideoPlayer::ProcessVideoData size:7318 dts:373.373 pts:373.456 dur:41.000ms, clock:366.367 level:77
2022-11-07 20:59:59.234 T:3784 DEBUG : CVideoPlayer::ProcessVideoData size:4658 dts:373.415 pts:373.415 dur:41.000ms, clock:366.367 level:78
2022-11-07 20:59:59.234 T:3784 DEBUG : CVideoPlayer::ProcessVideoData size:4101 dts:373.456 pts:373.498 dur:41.000ms, clock:366.367 level:78
2022-11-07 20:59:59.239 T:3784 DEBUG : CVideoPlayer::ProcessVideoData size:25715 dts:373.498 pts:373.707 dur:41.000ms, clock:366.367 level:79
2022-11-07 20:59:59.240 T:3784 DEBUG : CVideoPlayer::ProcessVideoData size:8542 dts:373.540 pts:373.623 dur:41.000ms, clock:366.367 level:79
2022-11-07 20:59:59.240 T:3784 DEBUG : CVideoPlayer::ProcessVideoData size:4476 dts:373.582 pts:373.582 dur:41.000ms, clock:366.367 level:80
2022-11-07 20:59:59.240 T:3784 DEBUG : CVideoPlayer::ProcessVideoData size:4712 dts:373.623 pts:373.665 dur:41.000ms, clock:366.367 level:80
2022-11-07 20:59:59.241 T:3784 DEBUG : CVideoPlayer::ProcessVideoData size:29008 dts:373.665 pts:373.874 dur:41.000ms, clock:366.367 level:81
2022-11-07 20:59:59.242 T:3784 DEBUG : CVideoPlayer::ProcessVideoData size:8831 dts:373.707 pts:373.790 dur:41.000ms, clock:366.367 level:81
2022-11-07 20:59:59.242 T:3784 DEBUG : CVideoPlayer::ProcessVideoData size:5801 dts:373.748 pts:373.748 dur:41.000ms, clock:366.367 level:82
2022-11-07 20:59:59.242 T:3784 DEBUG : CVideoPlayer::ProcessVideoData size:5149 dts:373.790 pts:373.832 dur:41.000ms, clock:366.367 level:82
2022-11-07 20:59:59.243 T:3784 DEBUG : CVideoPlayer::ProcessVideoData size:30602 dts:373.832 pts:374.040 dur:41.000ms, clock:366.367 level:83
2022-11-07 20:59:59.244 T:3784 DEBUG : CVideoPlayer::ProcessVideoData size:10642 dts:373.874 pts:373.957 dur:41.000ms, clock:366.367 level:83
2022-11-07 20:59:59.246 T:3784 DEBUG : CVideoPlayer::ProcessVideoData size:5182 dts:373.915 pts:373.915 dur:41.000ms, clock:366.367 level:84
2022-11-07 20:59:59.247 T:3784 DEBUG : CVideoPlayer::ProcessVideoData size:5355 dts:373.957 pts:373.999 dur:41.000ms, clock:366.367 level:84
2022-11-07 20:59:59.253 T:3784 DEBUG : CVideoPlayer::ProcessVideoData size:35336 dts:373.999 pts:374.207 dur:41.000ms, clock:366.367 level:85
2022-11-07 20:59:59.255 T:3784 DEBUG : CVideoPlayer::ProcessVideoData size:12442 dts:374.040 pts:374.124 dur:41.000ms, clock:366.367 level:85
2022-11-07 20:59:59.255 T:3784 DEBUG : CVideoPlayer::ProcessVideoData size:6805 dts:374.082 pts:374.082 dur:41.000ms, clock:366.367 level:86
2022-11-07 20:59:59.255 T:3784 DEBUG : CVideoPlayer::ProcessVideoData size:7693 dts:374.124 pts:374.165 dur:41.000ms, clock:366.367 level:87
2022-11-07 20:59:59.257 T:3784 DEBUG : CVideoPlayer::ProcessVideoData size:31211 dts:374.165 pts:374.374 dur:41.000ms, clock:366.367 level:87
2022-11-07 20:59:59.257 T:3784 DEBUG : CVideoPlayer::ProcessVideoData size:15174 dts:374.207 pts:374.291 dur:41.000ms, clock:366.367 level:88
2022-11-07 20:59:59.257 T:3784 DEBUG : CVideoPlayer::ProcessVideoData size:6659 dts:374.249 pts:374.249 dur:41.000ms, clock:366.367 level:88
2022-11-07 20:59:59.258 T:3784 DEBUG : CVideoPlayer::ProcessVideoData size:6915 dts:374.291 pts:374.332 dur:41.000ms, clock:366.367 level:89
2022-11-07 20:59:59.262 T:3784 DEBUG : CVideoPlayer::ProcessVideoData size:34231 dts:374.332 pts:374.541 dur:41.000ms, clock:366.367 level:89
2022-11-07 20:59:59.265 T:3784 DEBUG : CVideoPlayer::ProcessVideoData size:12239 dts:374.374 pts:374.457 dur:41.000ms, clock:366.367 level:90
2022-11-07 20:59:59.266 T:3784 DEBUG : CVideoPlayer::ProcessVideoData size:7614 dts:374.416 pts:374.416 dur:41.000ms, clock:366.367 level:90
2022-11-07 20:59:59.266 T:3784 DEBUG : CVideoPlayer::ProcessVideoData size:6860 dts:374.457 pts:374.499 dur:41.000ms, clock:366.367 level:91
2022-11-07 20:59:59.267 T:3784 DEBUG : CDVDClock::SetSpeedAdjust - adjusted:0.000000
2022-11-07 20:59:59.267 T:3787 DEBUG : CAMLCodec::SetSpeed, speed(0)
2022-11-07 20:59:59.342 T:3656 DEBUG : ffmpeg[0x20cf4a8X]: [image2] Custom AVIOContext makes no sense and will be ignored with AVFMT_NOFILE format.
2022-11-07 20:59:59.347 T:3688 DEBUG : ffmpeg[0x29da080X]: [image2] Custom AVIOContext makes no sense and will be ignored with AVFMT_NOFILE format.
2022-11-07 20:59:59.349 T:3659 DEBUG : ffmpeg[0x2b01028X]: [image2] Custom AVIOContext makes no sense and will be ignored with AVFMT_NOFILE format.
2022-11-07 20:59:59.349 T:3660 DEBUG : ffmpeg[0x2ae6950X]: [image2] Custom AVIOContext makes no sense and will be ignored with AVFMT_NOFILE format.
2022-11-07 20:59:59.358 T:3656 DEBUG : ffmpeg[0x20cf4a8X]: [image2] Custom AVIOContext makes no sense and will be ignored with AVFMT_NOFILE format.
2022-11-07 20:59:59.364 T:3659 DEBUG : ffmpeg[0x2b01028X]: [image2] Custom AVIOContext makes no sense and will be ignored with AVFMT_NOFILE format.
2022-11-07 20:59:59.367 T:3656 DEBUG : ffmpeg[0x20cf4a8X]: [image2] Custom AVIOContext makes no sense and will be ignored with AVFMT_NOFILE format.
2022-11-07 20:59:59.371 T:3660 DEBUG : ffmpeg[0x2ae6950X]: [image2] Custom AVIOContext makes no sense and will be ignored with AVFMT_NOFILE format.
2022-11-07 20:59:59.372 T:3688 DEBUG : ffmpeg[0x29da080X]: [image2] Custom AVIOContext makes no sense and will be ignored with AVFMT_NOFILE format.
2022-11-07 20:59:59.380 T:3618 DEBUG : CActiveAESink::OpenSink - trying to open device ALSA:surround71:CARD=AMLAUGESOUND,DEV=0
2022-11-07 20:59:59.381 T:3618 INFO : CAESinkALSA::Initialize - Configure simple control for "AUGESOUND"
2022-11-07 20:59:59.381 T:3618 INFO : CAESinkALSA - Use card "hw:0" and set codec format "2 CH PCM"
2022-11-07 20:59:59.382 T:3618 INFO : CAESinkALSA - Set Spdif to HDMITX to "Spdif"
2022-11-07 20:59:59.382 T:3618 INFO : CAESinkALSA - Set codec for "Audio spdif_b format"
2022-11-07 20:59:59.382 T:3618 INFO : CAESinkALSA - Set codec for "Audio spdif format"
2022-11-07 20:59:59.382 T:3618 INFO : CAESinkALSA::Initialize - Attempting to open device "surround71:CARD=AMLAUGESOUND,DEV=0"
2022-11-07 20:59:59.386 T:3618 INFO : CAESinkALSA::Initialize - Opened device "surround71:CARD=AMLAUGESOUND,DEV=0"
2022-11-07 20:59:59.388 T:3618 INFO : CAESinkALSA::InitializeHW - Your hardware does not support AE_FMT_FLOAT, trying other formats
2022-11-07 20:59:59.388 T:3618 INFO : CAESinkALSA::InitializeHW - Using data format AE_FMT_S24NE4
2022-11-07 20:59:59.388 T:3618 DEBUG : CAESinkALSA::InitializeHW - Request: periodSize 2400, bufferSize 9600
2022-11-07 20:59:59.390 T:3659 DEBUG : ffmpeg[0x2b01028X]: [image2] Custom AVIOContext makes no sense and will be ignored with AVFMT_NOFILE format.
2022-11-07 20:59:59.393 T:3656 DEBUG : ffmpeg[0x20cf4a8X]: [image2] Custom AVIOContext makes no sense and will be ignored with AVFMT_NOFILE format.
2022-11-07 20:59:59.397 T:3660 DEBUG : ffmpeg[0x2ae6950X]: [image2] Custom AVIOContext makes no sense and will be ignored with AVFMT_NOFILE format.
2022-11-07 20:59:59.401 T:3688 DEBUG : ffmpeg[0x29da080X]: [image2] Custom AVIOContext makes no sense and will be ignored with AVFMT_NOFILE format.
2022-11-07 20:59:59.407 T:3656 DEBUG : ffmpeg[0x20cf4a8X]: [image2] Custom AVIOContext makes no sense and will be ignored with AVFMT_NOFILE format.
2022-11-07 20:59:59.410 T:3659 DEBUG : ffmpeg[0x2b01028X]: [image2] Custom AVIOContext makes no sense and will be ignored with AVFMT_NOFILE format.
2022-11-07 20:59:59.416 T:3618 DEBUG : CAESinkALSA::InitializeHW - Got: periodSize 2400, bufferSize 9600
2022-11-07 20:59:59.416 T:3618 DEBUG : CAESinkALSA::InitializeHW - Setting timeout to 200 ms
2022-11-07 20:59:59.417 T:3618 DEBUG : CAESinkALSA::GetChannelLayout - Input Channel Count: 2 Output Channel Count: 2
2022-11-07 20:59:59.417 T:3618 DEBUG : CAESinkALSA::GetChannelLayout - Requested Layout: FL, FR
2022-11-07 20:59:59.417 T:3618 DEBUG : CAESinkALSA::GetChannelLayout - Got Layout: FL, FR (ALSA: FL FR)
2022-11-07 20:59:59.417 T:3618 DEBUG : CActiveAESink::OpenSink - ALSA Initialized:
2022-11-07 20:59:59.417 T:3618 DEBUG : Output Device : AML-AUGESOUND
2022-11-07 20:59:59.417 T:3618 DEBUG : Sample Rate : 48000
2022-11-07 20:59:59.417 T:3618 DEBUG : Sample Format : AE_FMT_S24NE4
2022-11-07 20:59:59.417 T:3618 DEBUG : Channel Count : 2
2022-11-07 20:59:59.417 T:3618 DEBUG : Channel Layout: FL, FR
2022-11-07 20:59:59.417 T:3618 DEBUG : Frames : 2400
2022-11-07 20:59:59.417 T:3618 DEBUG : Frame Size : 8
2022-11-07 20:59:59.419 T:3660 DEBUG : ffmpeg[0x2ae6950X]: [image2] Custom AVIOContext makes no sense and will be ignored with AVFMT_NOFILE format.
2022-11-07 20:59:59.423 T:3617 DEBUG : CActiveAE::ClearDiscardedBuffers - buffer pool deleted
2022-11-07 20:59:59.423 T:3659 DEBUG : ffmpeg[0x2b01028X]: [image2] Custom AVIOContext makes no sense and will be ignored with AVFMT_NOFILE format.
2022-11-07 20:59:59.427 T:3656 DEBUG : ffmpeg[0x20cf4a8X]: [image2] Custom AVIOContext makes no sense and will be ignored with AVFMT_NOFILE format.
2022-11-07 20:59:59.432 T:3617 DEBUG : CActiveAE::ClearDiscardedBuffers - buffer pool deleted
2022-11-07 20:59:59.432 T:3788 DEBUG : CDVDAudio::Pause - pausing audio stream
2022-11-07 20:59:59.440 T:3784 DEBUG : CVideoPlayer::HandleMessages - player started 1
2022-11-07 20:59:59.440 T:3659 DEBUG : OnAVChange: CApplication::OnAVChange
2022-11-07 20:59:59.440 T:3784 DEBUG : CDVDClock::SetSpeedAdjust - adjusted:0.000000
2022-11-07 20:59:59.440 T:3784 INFO : Skipped 1 duplicate messages..
2022-11-07 20:59:59.440 T:3784 DEBUG : VideoPlayer::Sync - Audio - pts: 367.008, cache: 0.498, totalcache: 0.800, packets:250 level:96
2022-11-07 20:59:59.440 T:3784 DEBUG : VideoPlayer::Sync - Video - pts: 366.700, cache: 0.050, totalcache: 0.100, packets:189 level:91
2022-11-07 20:59:59.440 T:3787 DEBUG : CAMLCodec::SetSpeed, speed(1000)
2022-11-07 20:59:59.441 T:3787 DEBUG : CVideoPlayerVideo - CDVDMsg::GENERAL_RESYNC(366510207.698215)
2022-11-07 20:59:59.441 T:3787 DEBUG : CVideoPlayerVideo - OUTPUT_AGAIN - vfmt, interlace should be checked.
2022-11-07 20:59:59.442 T:3659 DEBUG : OnAVStarted: CApplication::OnAVStarted
2022-11-07 20:59:59.442 T:3787 DEBUG : CVideoPlayerVideo - CDVDMsg::DEMUXER_PACKET - checking interlace vfmt: null
2022-11-07 20:59:59.444 T:3784 DEBUG : CVideoPlayer::ProcessVideoData size:32118 dts:374.499 pts:374.708 dur:41.000ms, clock:366.514 level:90
2022-11-07 20:59:59.445 T:3784 DEBUG : CVideoPlayer::ProcessVideoData size:11508 dts:374.541 pts:374.624 dur:41.000ms, clock:366.515 level:90
2022-11-07 20:59:59.445 T:3787 DEBUG : CVideoPlayerVideo::OutputPicture - ttd:310ms pts:366.825 Clock:366.515 Level:2
2022-11-07 20:59:59.445 T:3788 DEBUG : CDVDAudio::Resume - resume audio stream
2022-11-07 20:59:59.445 T:3784 DEBUG : CVideoPlayer::ProcessVideoData size:7537 dts:374.583 pts:374.583 dur:41.000ms, clock:366.515 level:91
2022-11-07 20:59:59.446 T:3784 DEBUG : CVideoPlayer::ProcessVideoData size:6339 dts:374.624 pts:374.666 dur:41.000ms, clock:366.515 level:91
2022-11-07 20:59:59.446 T:3784 DEBUG : CVideoPlayer::ProcessVideoData size:32458 dts:374.666 pts:374.875 dur:41.000ms, clock:366.516 level:92
2022-11-07 20:59:59.446 T:3784 DEBUG : CVideoPlayer::ProcessVideoData size:12751 dts:374.708 pts:374.791 dur:41.000ms, clock:366.516 level:92
2022-11-07 20:59:59.446 T:3784 DEBUG : CVideoPlayer::ProcessVideoData size:6767 dts:374.749 pts:374.749 dur:41.000ms, clock:366.516 level:93
2022-11-07 20:59:59.446 T:3784 DEBUG : CVideoPlayer::ProcessVideoData size:6744 dts:374.791 pts:374.833 dur:41.000ms, clock:366.516 level:93
2022-11-07 20:59:59.447 T:3617 DEBUG : ActiveAE - start sync of audio stream
2022-11-07 20:59:59.448 T:3787 DEBUG : CVideoPlayerVideo::OutputPicture - ttd:349ms pts:366.867 Clock:366.518 Level:3
2022-11-07 20:59:59.449 T:3787 DEBUG : CVideoPlayerVideo::OutputPicture - ttd:388ms pts:366.908 Clock:366.519 Level:4
2022-11-07 20:59:59.451 T:3787 DEBUG : CVideoPlayerVideo::OutputPicture - ttd:429ms pts:366.950 Clock:366.520 Level:5
2022-11-07 20:59:59.452 T:3787 DEBUG : CVideoPlayerVideo::OutputPicture - ttd:470ms pts:366.992 Clock:366.522 Level:6
2022-11-07 20:59:59.456 T:3580 DEBUG : Activating window ID: 12005
2022-11-07 20:59:59.456 T:3580 DEBUG : ------ Window Deinit (Home.xml) ------
2022-11-07 20:59:59.456 T:3580 DEBUG : FreeVisualisation() done
2022-11-07 20:59:59.457 T:3580 DEBUG : ------ Window Init (VideoFullScreen.xml) ------
2022-11-07 20:59:59.457 T:3580 INFO : Loading skin file: VideoFullScreen.xml, load type: KEEP_IN_MEMORY
2022-11-07 20:59:59.462 T:3784 DEBUG : CVideoPlayer::ProcessVideoData size:28148 dts:374.833 pts:375.041 dur:41.000ms, clock:366.532 level:94
2022-11-07 20:59:59.463 T:3784 DEBUG : CVideoPlayer::ProcessVideoData size:14070 dts:374.875 pts:374.958 dur:41.000ms, clock:366.533 level:94
2022-11-07 20:59:59.463 T:3784 DEBUG : CVideoPlayer::ProcessVideoData size:6528 dts:374.916 pts:374.916 dur:41.000ms, clock:366.533 level:95
2022-11-07 20:59:59.463 T:3784 DEBUG : CVideoPlayer::ProcessVideoData size:6823 dts:374.958 pts:375.000 dur:41.000ms, clock:366.533 level:95
2022-11-07 20:59:59.465 T:3580 INFO : [WHITELIST] Searching the whitelist for: width: 1920, height: 800, fps: 23.976, 3D: false
2022-11-07 20:59:59.465 T:3580 DEBUG : [WHITELIST] Using the default whitelist because the user whitelist is empty
2022-11-07 20:59:59.465 T:3580 DEBUG : [WHITELIST] Searching for an exact resolution with an exact refresh rate
2022-11-07 20:59:59.465 T:3580 DEBUG : [WHITELIST] Matched an exact resolution with an exact refresh rate 1920x1080 @ 23.98 - Full Screen (34)
2022-11-07 20:59:59.465 T:3784 DEBUG : CVideoPlayer::ProcessVideoData size:33699 dts:375.000 pts:375.208 dur:41.000ms, clock:366.535 level:96
2022-11-07 20:59:59.465 T:3580 DEBUG : [WHITELIST] Searching for an exact resolution with double the refresh rate
2022-11-07 20:59:59.465 T:3784 DEBUG : CVideoPlayer::ProcessVideoData size:13574 dts:375.041 pts:375.125 dur:41.000ms, clock:366.535 level:96
2022-11-07 20:59:59.466 T:3580 INFO : Display resolution ADJUST : 1920x1080 @ 23.98 - Full Screen (34) (weight: 0.000)
2022-11-07 20:59:59.466 T:3784 DEBUG : CVideoPlayer::ProcessVideoData size:7539 dts:375.083 pts:375.083 dur:41.000ms, clock:366.536 level:97
2022-11-07 20:59:59.466 T:3784 DEBUG : CVideoPlayer::ProcessVideoData size:7409 dts:375.125 pts:375.166 dur:41.000ms, clock:366.536 level:97
2022-11-07 20:59:59.466 T:3580 INFO : VideoPlayer: OnLostDisplay received
2022-11-07 20:59:59.466 T:3580 DEBUG : AMLUtils::aml_handle_display_stereo_mode old mode 3doff new mode 3doff
2022-11-07 20:59:59.466 T:3580 DEBUG : AMLUtils::aml_handle_display_stereo_mode - no change needed
2022-11-07 20:59:59.569 T:3617 DEBUG : ActiveAE::SyncStream - average error of 43.700969, start adjusting
2022-11-07 20:59:59.569 T:3617 DEBUG : ActiveAE::SyncStream - average error 0.700969 below threshold of 30.000000
2022-11-07 20:59:59.713 T:3580 DEBUG : AMLUtils::aml_handle_display_stereo_mode old mode 3doff new mode 3doff
2022-11-07 20:59:59.713 T:3580 DEBUG : AMLUtils::aml_handle_display_stereo_mode - no change needed
2022-11-07 20:59:59.714 T:3580 INFO : VideoPlayer: OnResetDisplay received
2022-11-07 20:59:59.714 T:3580 INFO : GLES: Maximum texture width: 8192
2022-11-07 20:59:59.716 T:3656 DEBUG : OnAVChange: CApplication::OnAVChange
2022-11-07 20:59:59.718 T:3784 DEBUG : CVideoPlayer::ProcessVideoData size:33472 dts:375.166 pts:375.375 dur:41.000ms, clock:366.540 level:98
2022-11-07 20:59:59.719 T:3784 DEBUG : CVideoPlayer::ProcessVideoData size:13561 dts:375.208 pts:375.292 dur:41.000ms, clock:366.541 level:99
2022-11-07 20:59:59.719 T:3784 DEBUG : CVideoPlayer::ProcessVideoData size:7741 dts:375.250 pts:375.250 dur:41.000ms, clock:366.541 level:99
2022-11-07 20:59:59.720 T:3580 DEBUG : CAMLCodec::SetVideoRect:display(0,0,1920,1080)
2022-11-07 20:59:59.720 T:3580 DEBUG : CAMLCodec::SetVideoRect:gui(0,0,1920,1080)
2022-11-07 20:59:59.720 T:3580 DEBUG : CAMLCodec::SetVideoRect:m_dst_rect(0,140,1920,800)
2022-11-07 20:59:59.720 T:3580 DEBUG : CAMLCodec::SetVideoRect:dst_rect(0,140,1920,800)
2022-11-07 20:59:59.720 T:3580 DEBUG : CAMLCodec::SetVideoRect:m_guiStereoMode(0)
2022-11-07 20:59:59.720 T:3580 DEBUG : CAMLCodec::SetVideoRect:m_guiStereoView(0)
2022-11-07 20:59:59.722 T:3580 DEBUG : ------ Window Deinit (DialogBusy.xml) ------
2022-11-07 20:59:59.724 T:3787 DEBUG : CVideoPlayerVideo::OutputPicture - ttd:510ms pts:367.033 Clock:366.523 Level:6
2022-11-07 20:59:59.725 T:3787 DEBUG : CVideoPlayerVideo - CDVDMsg::GENERAL_PAUSE: 1
2022-11-07 20:59:59.725 T:3787 DEBUG : CVideoPlayerVideo - CDVDMsg::GENERAL_PAUSE: 0
2022-11-07 20:59:59.729 T:3784 DEBUG : CVideoPlayer::ProcessVideoData size:7738 dts:375.292 pts:375.333 dur:41.000ms, clock:366.551 level:99
2022-11-07 20:59:59.740 T:3787 DEBUG : CVideoPlayerVideo - CDVDMsg::DEMUXER_PACKET - checking interlace vfmt: null
2022-11-07 20:59:59.800 T:3787 DEBUG : CVideoPlayerVideo::OutputPicture - ttd:491ms pts:367.075 Clock:366.584 Level:6
2022-11-07 20:59:59.801 T:3787 DEBUG : CVideoPlayerVideo - CDVDMsg::DEMUXER_PACKET - checking interlace vfmt: null
2022-11-07 20:59:59.841 T:3787 DEBUG : CVideoPlayerVideo::OutputPicture - ttd:492ms pts:367.117 Clock:366.624 Level:6
2022-11-07 20:59:59.883 T:3787 DEBUG : CVideoPlayerVideo::OutputPicture - ttd:493ms pts:367.158 Clock:366.664 Level:6
2022-11-07 20:59:59.919 T:3788 DEBUG : CVideoPlayerAudio - CDVDMsg::GENERAL_PAUSE: 1
2022-11-07 20:59:59.919 T:3788 DEBUG : CVideoPlayerAudio - CDVDMsg::GENERAL_PAUSE: 0
2022-11-07 20:59:59.919 T:3788 INFO : CVideoPlayerAudio: display reset occurred, checking for passthrough
2022-11-07 20:59:59.920 T:3788 INFO : CDVDAudioCodecFFmpeg::Open() Successful opened audio decoder ac3
2022-11-07 20:59:59.926 T:3784 DEBUG : CVideoPlayer::ProcessVideoData size:31643 dts:375.333 pts:375.542 dur:41.000ms, clock:366.748 level:96
2022-11-07 20:59:59.926 T:3784 DEBUG : CVideoPlayer::ProcessVideoData size:13160 dts:375.375 pts:375.458 dur:41.000ms, clock:366.748 level:96
2022-11-07 20:59:59.926 T:3784 DEBUG : CVideoPlayer::ProcessVideoData size:7420 dts:375.417 pts:375.417 dur:41.000ms, clock:366.748 level:97
2022-11-07 20:59:59.927 T:3784 DEBUG : CVideoPlayer::ProcessVideoData size:8154 dts:375.458 pts:375.500 dur:41.000ms, clock:366.749 level:97
2022-11-07 20:59:59.928 T:3787 DEBUG : CVideoPlayerVideo::OutputPicture - ttd:493ms pts:367.200 Clock:366.706 Level:6
2022-11-07 20:59:59.960 T:3787 DEBUG : CVideoPlayerVideo - CDVDMsg::DEMUXER_PACKET - checking interlace vfmt: null
2022-11-07 20:59:59.971 T:3787 DEBUG : CVideoPlayerVideo::OutputPicture - ttd:448ms pts:367.242 Clock:366.793 Level:6
2022-11-07 21:00:00.008 T:3787 DEBUG : CVideoPlayerVideo::OutputPicture - ttd:489ms pts:367.284 Clock:366.795 Level:6
2022-11-07 21:00:00.051 T:3787 DEBUG : CVideoPlayerVideo::OutputPicture - ttd:487ms pts:367.325 Clock:366.837 Level:6
2022-11-07 21:00:00.091 T:3787 DEBUG : CVideoPlayerVideo::OutputPicture - ttd:492ms pts:367.367 Clock:366.875 Level:6
2022-11-07 21:00:00.120 T:3784 DEBUG : CVideoPlayer::ProcessVideoData size:32019 dts:375.500 pts:375.709 dur:41.000ms, clock:366.943 level:91
2022-11-07 21:00:00.121 T:3784 DEBUG : CVideoPlayer::ProcessVideoData size:11540 dts:375.542 pts:375.625 dur:41.000ms, clock:366.943 level:92
2022-11-07 21:00:00.121 T:3784 DEBUG : CVideoPlayer::ProcessVideoData size:7220 dts:375.584 pts:375.584 dur:41.000ms, clock:366.943 level:92
2022-11-07 21:00:00.121 T:3784 DEBUG : CVideoPlayer::ProcessVideoData size:6240 dts:375.625 pts:375.667 dur:41.000ms, clock:366.944 level:93
2022-11-07 21:00:00.122 T:3784 DEBUG : CVideoPlayer::ProcessVideoData size:21631 dts:375.667 pts:375.876 dur:41.000ms, clock:366.944 level:93
2022-11-07 21:00:00.122 T:3784 DEBUG : CVideoPlayer::ProcessVideoData size:12166 dts:375.709 pts:375.792 dur:41.000ms, clock:366.945 level:94
2022-11-07 21:00:00.123 T:3784 DEBUG : CVideoPlayer::ProcessVideoData size:6345 dts:375.750 pts:375.750 dur:41.000ms, clock:366.945 level:94
2022-11-07 21:00:00.123 T:3784 DEBUG : CVideoPlayer::ProcessVideoData size:6493 dts:375.792 pts:375.834 dur:41.000ms, clock:366.945 level:95
2022-11-07 21:00:00.139 T:3787 DEBUG : CVideoPlayerVideo::OutputPicture - ttd:447ms pts:367.409 Clock:366.961 Level:6
2022-11-07 21:00:00.176 T:3784 DEBUG : CVideoPlayer::ProcessVideoData size:144056 dts:375.834 pts:375.917 dur:41.000ms, clock:366.998 level:93
2022-11-07 21:00:00.178 T:3787 DEBUG : CVideoPlayerVideo::OutputPicture - ttd:487ms pts:367.450 Clock:366.963 Level:6
2022-11-07 21:00:00.216 T:3787 DEBUG : CVideoPlayerVideo::OutputPicture - ttd:491ms pts:367.492 Clock:367.001 Level:6
2022-11-07 21:00:00.259 T:3787 DEBUG : CVideoPlayerVideo::OutputPicture - ttd:494ms pts:367.534 Clock:367.040 Level:6
2022-11-07 21:00:00.304 T:3787 DEBUG : CVideoPlayerVideo::OutputPicture - ttd:450ms pts:367.576 Clock:367.126 Level:6
2022-11-07 21:00:00.342 T:3787 DEBUG : CVideoPlayerVideo::OutputPicture - ttd:489ms pts:367.617 Clock:367.127 Level:6
2022-11-07 21:00:00.384 T:3787 DEBUG : CVideoPlayerVideo::OutputPicture - ttd:488ms pts:367.659 Clock:367.171 Level:6
2022-11-07 21:00:00.423 T:3784 DEBUG : CVideoPlayer::ProcessVideoData size:31751 dts:375.876 pts:376.084 dur:41.000ms, clock:367.245 level:90
2022-11-07 21:00:00.423 T:3784 DEBUG : CVideoPlayer::ProcessVideoData size:12229 dts:375.917 pts:376.001 dur:41.000ms, clock:367.245 level:91
2022-11-07 21:00:00.424 T:3784 DEBUG : CVideoPlayer::ProcessVideoData size:6746 dts:375.959 pts:375.959 dur:41.000ms, clock:367.246 level:91
2022-11-07 21:00:00.424 T:3784 DEBUG : CVideoPlayer::ProcessVideoData size:6354 dts:376.001 pts:376.042 dur:41.000ms, clock:367.246 level:92
2022-11-07 21:00:00.428 T:3787 DEBUG : CVideoPlayerVideo::OutputPicture - ttd:493ms pts:367.701 Clock:367.207 Level:6
2022-11-07 21:00:00.471 T:3787 DEBUG : CVideoPlayerVideo::OutputPicture - ttd:449ms pts:367.742 Clock:367.293 Level:6
2022-11-07 21:00:00.509 T:3787 DEBUG : CVideoPlayerVideo::OutputPicture - ttd:490ms pts:367.784 Clock:367.294 Level:6
2022-11-07 21:00:00.550 T:3787 DEBUG : CVideoPlayerVideo::OutputPicture - ttd:488ms pts:367.826 Clock:367.338 Level:6
2022-11-07 21:00:00.569 T:3617 DEBUG : ActiveAE::SyncStream - average error 174.662652 above threshold of 100.000000
2022-11-07 21:00:00.592 T:3787 DEBUG : CVideoPlayerVideo::OutputPicture - ttd:494ms pts:367.868 Clock:367.374 Level:6
2022-11-07 21:00:00.640 T:3787 DEBUG : CVideoPlayerVideo::OutputPicture - ttd:447ms pts:367.909 Clock:367.462 Level:6
2022-11-07 21:00:00.669 T:3617 DEBUG : ActiveAE::SyncStream - average error 24.662652 below threshold of 30.000000
