2022-11-07 21:00:15.529 T:3784 DEBUG : CVideoPlayer::ProcessVideoData size:9109 dts:391.016 pts:391.057 dur:41.000ms, clock:382.390 level:90
2022-11-07 21:00:15.530 T:3787 DEBUG : CVideoPlayerVideo::OutputPicture - ttd:407ms pts:382.799 Clock:382.391 Level:6
2022-11-07 21:00:15.576 T:3787 DEBUG : CVideoPlayerVideo::OutputPicture - ttd:448ms pts:382.841 Clock:382.392 Level:6
2022-11-07 21:00:15.609 T:3787 DEBUG : CVideoPlayerVideo::OutputPicture - ttd:444ms pts:382.883 Clock:382.439 Level:6
2022-11-07 21:00:15.650 T:3787 DEBUG : CVideoPlayerVideo::OutputPicture - ttd:452ms pts:382.924 Clock:382.471 Level:6
2022-11-07 21:00:15.694 T:3787 DEBUG : CVideoPlayerVideo::OutputPicture - ttd:411ms pts:382.966 Clock:382.555 Level:6
2022-11-07 21:00:15.734 T:3787 DEBUG : CVideoPlayerVideo::OutputPicture - ttd:451ms pts:383.008 Clock:382.556 Level:6
2022-11-07 21:00:15.775 T:3784 DEBUG : CVideoPlayer::ProcessVideoData size:31679 dts:391.057 pts:391.224 dur:41.000ms, clock:382.635 level:88
2022-11-07 21:00:15.775 T:3784 DEBUG : CVideoPlayer::ProcessVideoData size:8124 dts:391.099 pts:391.182 dur:41.000ms, clock:382.636 level:89
2022-11-07 21:00:15.776 T:3784 DEBUG : CVideoPlayer::ProcessVideoData size:8759 dts:391.141 pts:391.141 dur:41.000ms, clock:382.637 level:89
2022-11-07 21:00:15.777 T:3784 DEBUG : CVideoPlayer::ProcessVideoData size:39610 dts:391.182 pts:391.391 dur:41.000ms, clock:382.638 level:90
2022-11-07 21:00:15.777 T:3784 DEBUG : CVideoPlayer::ProcessVideoData size:16080 dts:391.224 pts:391.308 dur:41.000ms, clock:382.638 level:90
2022-11-07 21:00:15.777 T:3784 DEBUG : CVideoPlayer::ProcessVideoData size:9281 dts:391.266 pts:391.266 dur:41.000ms, clock:382.638 level:91
2022-11-07 21:00:15.778 T:3784 DEBUG : CVideoPlayer::ProcessVideoData size:9789 dts:391.308 pts:391.349 dur:41.000ms, clock:382.639 level:91
2022-11-07 21:00:15.781 T:3787 DEBUG : CVideoPlayerVideo::OutputPicture - ttd:452ms pts:383.049 Clock:382.597 Level:6
2022-11-07 21:00:15.817 T:3787 DEBUG : CVideoPlayerVideo::OutputPicture - ttd:447ms pts:383.091 Clock:382.644 Level:6
2022-11-07 21:00:15.852 T:3681 DEBUG : PushCecKeypress - received key a9 duration 0
2022-11-07 21:00:15.855 T:3580 DEBUG : HandleKey: 169 (0xa9, obc86) pressed, action is Left
2022-11-07 21:00:15.865 T:3787 DEBUG : CVideoPlayerVideo::OutputPicture - ttd:406ms pts:383.133 Clock:382.726 Level:6
2022-11-07 21:00:15.901 T:3787 DEBUG : CVideoPlayerVideo::OutputPicture - ttd:446ms pts:383.174 Clock:382.727 Level:6
2022-11-07 21:00:15.919 T:3681 DEBUG : PushCecKeypress - received key a9 duration 67
2022-11-07 21:00:15.942 T:3787 DEBUG : CVideoPlayerVideo::OutputPicture - ttd:447ms pts:383.216 Clock:382.768 Level:6
2022-11-07 21:00:15.984 T:3787 DEBUG : CVideoPlayerVideo::OutputPicture - ttd:453ms pts:383.258 Clock:382.805 Level:6
2022-11-07 21:00:16.025 T:3784 DEBUG : CVideoPlayer::ProcessVideoData size:33948 dts:391.349 pts:391.558 dur:41.000ms, clock:382.886 level:88
2022-11-07 21:00:16.026 T:3784 DEBUG : CVideoPlayer::ProcessVideoData size:16164 dts:391.391 pts:391.474 dur:41.000ms, clock:382.887 level:88
2022-11-07 21:00:16.026 T:3784 DEBUG : CVideoPlayer::ProcessVideoData size:9203 dts:391.433 pts:391.433 dur:41.000ms, clock:382.887 level:89
2022-11-07 21:00:16.026 T:3784 DEBUG : CVideoPlayer::ProcessVideoData size:8637 dts:391.474 pts:391.516 dur:41.000ms, clock:382.887 level:89
2022-11-07 21:00:16.027 T:3787 DEBUG : CVideoPlayerVideo::OutputPicture - ttd:411ms pts:383.300 Clock:382.888 Level:6
2022-11-07 21:00:16.067 T:3787 DEBUG : CVideoPlayerVideo::OutputPicture - ttd:451ms pts:383.341 Clock:382.890 Level:6
2022-11-07 21:00:16.109 T:3787 DEBUG : CVideoPlayerVideo::OutputPicture - ttd:447ms pts:383.383 Clock:382.935 Level:6
2022-11-07 21:00:16.151 T:3787 DEBUG : CVideoPlayerVideo::OutputPicture - ttd:453ms pts:383.425 Clock:382.972 Level:6
2022-11-07 21:00:16.199 T:3787 DEBUG : CVideoPlayerVideo::OutputPicture - ttd:406ms pts:383.466 Clock:383.060 Level:6
2022-11-07 21:00:16.220 T:3784 DEBUG : CVideoPlayer::ProcessVideoData size:26916 dts:391.516 pts:391.725 dur:41.000ms, clock:383.081 level:88
2022-11-07 21:00:16.220 T:3784 DEBUG : CVideoPlayer::ProcessVideoData size:12131 dts:391.558 pts:391.641 dur:41.000ms, clock:383.081 level:88
2022-11-07 21:00:16.221 T:3784 DEBUG : CVideoPlayer::ProcessVideoData size:8132 dts:391.600 pts:391.600 dur:41.000ms, clock:383.082 level:89
2022-11-07 21:00:16.221 T:3784 DEBUG : CVideoPlayer::ProcessVideoData size:7879 dts:391.641 pts:391.683 dur:41.000ms, clock:383.082 level:89
2022-11-07 21:00:16.221 T:3784 DEBUG : CVideoPlayer::ProcessVideoData size:12003 dts:391.683 pts:391.766 dur:41.000ms, clock:383.082 level:90
2022-11-07 21:00:16.222 T:3784 DEBUG : CVideoPlayer::ProcessVideoData size:101461 dts:391.725 pts:391.808 dur:41.000ms, clock:383.083 level:90
2022-11-07 21:00:16.234 T:3787 DEBUG : CVideoPlayerVideo::OutputPicture - ttd:446ms pts:383.508 Clock:383.061 Level:6
2022-11-07 21:00:16.276 T:3787 DEBUG : CVideoPlayerVideo::OutputPicture - ttd:453ms pts:383.550 Clock:383.097 Level:6
2022-11-07 21:00:16.280 T:3681 DEBUG : PushCecKeypress - received key a6 duration 0
2022-11-07 21:00:16.314 T:3580 DEBUG : HandleKey: 166 (0xa6, obc89) pressed, action is Up
2022-11-07 21:00:16.320 T:3787 DEBUG : CVideoPlayerVideo::OutputPicture - ttd:451ms pts:383.592 Clock:383.141 Level:6
2022-11-07 21:00:16.348 T:3681 DEBUG : PushCecKeypress - received key a6 duration 67
2022-11-07 21:00:16.368 T:3787 DEBUG : CVideoPlayerVideo::OutputPicture - ttd:404ms pts:383.633 Clock:383.229 Level:6
2022-11-07 21:00:16.401 T:3787 DEBUG : CVideoPlayerVideo::OutputPicture - ttd:444ms pts:383.675 Clock:383.230 Level:6
2022-11-07 21:00:16.442 T:3787 DEBUG : CVideoPlayerVideo::OutputPicture - ttd:448ms pts:383.717 Clock:383.268 Level:6
2022-11-07 21:00:16.477 T:3784 DEBUG : CVideoPlayer::ProcessVideoData size:25780 dts:391.766 pts:391.933 dur:41.000ms, clock:383.339 level:88
2022-11-07 21:00:16.478 T:3784 DEBUG : CVideoPlayer::ProcessVideoData size:7662 dts:391.808 pts:391.892 dur:41.000ms, clock:383.339 level:89
2022-11-07 21:00:16.478 T:3784 DEBUG : CVideoPlayer::ProcessVideoData size:6885 dts:391.850 pts:391.850 dur:41.000ms, clock:383.339 level:89
2022-11-07 21:00:16.479 T:3784 DEBUG : CVideoPlayer::ProcessVideoData size:28367 dts:391.892 pts:392.058 dur:41.000ms, clock:383.340 level:90
2022-11-07 21:00:16.479 T:3784 DEBUG : CVideoPlayer::ProcessVideoData size:6933 dts:391.933 pts:392.017 dur:41.000ms, clock:383.340 level:90
2022-11-07 21:00:16.479 T:3784 DEBUG : CVideoPlayer::ProcessVideoData size:9055 dts:391.975 pts:391.975 dur:41.000ms, clock:383.340 level:91
2022-11-07 21:00:16.485 T:3787 DEBUG : CVideoPlayerVideo::OutputPicture - ttd:453ms pts:383.758 Clock:383.305 Level:6
2022-11-07 21:00:16.533 T:3787 DEBUG : CVideoPlayerVideo::OutputPicture - ttd:405ms pts:383.800 Clock:383.394 Level:6
2022-11-07 21:00:16.568 T:3787 DEBUG : CVideoPlayerVideo::OutputPicture - ttd:446ms pts:383.842 Clock:383.396 Level:6
2022-11-07 21:00:16.610 T:3787 DEBUG : CVideoPlayerVideo::OutputPicture - ttd:453ms pts:383.884 Clock:383.430 Level:6
2022-11-07 21:00:16.723 T:3784 DEBUG : CVideoPlayer::ProcessVideoData size:29680 dts:392.017 pts:392.183 dur:41.000ms, clock:383.584 level:87
2022-11-07 21:00:16.724 T:3784 DEBUG : CVideoPlayer::ProcessVideoData size:7180 dts:392.058 pts:392.142 dur:41.000ms, clock:383.585 level:88
2022-11-07 21:00:16.724 T:3784 DEBUG : CVideoPlayer::ProcessVideoData size:8241 dts:392.100 pts:392.100 dur:41.000ms, clock:383.585 level:88
2022-11-07 21:00:16.725 T:3784 DEBUG : CVideoPlayer::ProcessVideoData size:29658 dts:392.142 pts:392.309 dur:41.000ms, clock:383.586 level:89
2022-11-07 21:00:16.725 T:3784 DEBUG : CVideoPlayer::ProcessVideoData size:6983 dts:392.183 pts:392.267 dur:41.000ms, clock:383.586 level:89
2022-11-07 21:00:16.725 T:3784 DEBUG : CVideoPlayer::ProcessVideoData size:8556 dts:392.225 pts:392.225 dur:41.000ms, clock:383.586 level:90
2022-11-07 21:00:16.740 T:3787 DEBUG : CVideoPlayerVideo::OutputPicture - ttd:324ms pts:383.925 Clock:383.601 Level:4
2022-11-07 21:00:16.741 T:3787 DEBUG : CVideoPlayerVideo::OutputPicture - ttd:364ms pts:383.967 Clock:383.602 Level:5
2022-11-07 21:00:16.742 T:3787 DEBUG : CVideoPlayerVideo::OutputPicture - ttd:405ms pts:384.009 Clock:383.604 Level:6
2022-11-07 21:00:16.777 T:3787 DEBUG : CVideoPlayerVideo::OutputPicture - ttd:445ms pts:384.050 Clock:383.605 Level:6
2022-11-07 21:00:16.818 T:3787 DEBUG : CVideoPlayerVideo::OutputPicture - ttd:453ms pts:384.092 Clock:383.639 Level:6
2022-11-07 21:00:16.866 T:3787 DEBUG : CVideoPlayerVideo::OutputPicture - ttd:406ms pts:384.134 Clock:383.727 Level:6
2022-11-07 21:00:16.902 T:3787 DEBUG : CVideoPlayerVideo::OutputPicture - ttd:446ms pts:384.175 Clock:383.729 Level:6
2022-11-07 21:00:16.944 T:3787 DEBUG : CVideoPlayerVideo::OutputPicture - ttd:447ms pts:384.217 Clock:383.769 Level:6
2022-11-07 21:00:16.981 T:3784 DEBUG : CVideoPlayer::ProcessVideoData size:23248 dts:392.267 pts:392.475 dur:41.000ms, clock:383.842 level:88
2022-11-07 21:00:16.981 T:3784 DEBUG : CVideoPlayer::ProcessVideoData size:9055 dts:392.309 pts:392.392 dur:41.000ms, clock:383.842 level:89
2022-11-07 21:00:16.981 T:3784 DEBUG : CVideoPlayer::ProcessVideoData size:6827 dts:392.350 pts:392.350 dur:41.000ms, clock:383.842 level:89
2022-11-07 21:00:16.981 T:3784 DEBUG : CVideoPlayer::ProcessVideoData size:6808 dts:392.392 pts:392.434 dur:41.000ms, clock:383.843 level:90
2022-11-07 21:00:16.990 T:3787 DEBUG : CVideoPlayerVideo::OutputPicture - ttd:452ms pts:384.259 Clock:383.806 Level:6
2022-11-07 21:00:17.032 T:3787 DEBUG : CVideoPlayerVideo::OutputPicture - ttd:407ms pts:384.301 Clock:383.893 Level:6
2022-11-07 21:00:17.072 T:3787 DEBUG : CVideoPlayerVideo::OutputPicture - ttd:447ms pts:384.342 Clock:383.895 Level:6
2022-11-07 21:00:17.110 T:3787 DEBUG : CVideoPlayerVideo::OutputPicture - ttd:449ms pts:384.384 Clock:383.934 Level:6
2022-11-07 21:00:17.152 T:3787 DEBUG : CVideoPlayerVideo::OutputPicture - ttd:453ms pts:384.426 Clock:383.972 Level:6
2022-11-07 21:00:17.199 T:3787 DEBUG : CVideoPlayerVideo::OutputPicture - ttd:407ms pts:384.467 Clock:384.060 Level:6
2022-11-07 21:00:17.226 T:3784 DEBUG : CVideoPlayer::ProcessVideoData size:24918 dts:392.434 pts:392.642 dur:41.000ms, clock:384.087 level:87
2022-11-07 21:00:17.227 T:3784 DEBUG : CVideoPlayer::ProcessVideoData size:11520 dts:392.475 pts:392.559 dur:41.000ms, clock:384.088 level:87
2022-11-07 21:00:17.227 T:3784 DEBUG : CVideoPlayer::ProcessVideoData size:7094 dts:392.517 pts:392.517 dur:41.000ms, clock:384.088 level:88
2022-11-07 21:00:17.227 T:3784 DEBUG : CVideoPlayer::ProcessVideoData size:8758 dts:392.559 pts:392.601 dur:41.000ms, clock:384.088 level:88
2022-11-07 21:00:17.228 T:3784 DEBUG : CVideoPlayer::ProcessVideoData size:22310 dts:392.601 pts:392.726 dur:41.000ms, clock:384.089 level:89
2022-11-07 21:00:17.228 T:3784 DEBUG : CVideoPlayer::ProcessVideoData size:9216 dts:392.642 pts:392.684 dur:41.000ms, clock:384.089 level:89
2022-11-07 21:00:17.229 T:3784 DEBUG : CVideoPlayer::ProcessVideoData size:16845 dts:392.684 pts:392.767 dur:41.000ms, clock:384.090 level:90
2022-11-07 21:00:17.229 T:3784 DEBUG : CVideoPlayer::ProcessVideoData size:100164 dts:392.726 pts:392.809 dur:41.000ms, clock:384.090 level:90
2022-11-07 21:00:17.240 T:3787 DEBUG : CVideoPlayerVideo::OutputPicture - ttd:447ms pts:384.509 Clock:384.061 Level:6
2022-11-07 21:00:17.277 T:3787 DEBUG : CVideoPlayerVideo::OutputPicture - ttd:448ms pts:384.551 Clock:384.102 Level:6
2022-11-07 21:00:17.319 T:3787 DEBUG : CVideoPlayerVideo::OutputPicture - ttd:453ms pts:384.593 Clock:384.139 Level:6
2022-11-07 21:00:17.366 T:3787 DEBUG : CVideoPlayerVideo::OutputPicture - ttd:407ms pts:384.634 Clock:384.227 Level:6
2022-11-07 21:00:17.402 T:3787 DEBUG : CVideoPlayerVideo::OutputPicture - ttd:447ms pts:384.676 Clock:384.228 Level:6
2022-11-07 21:00:17.444 T:3787 DEBUG : CVideoPlayerVideo::OutputPicture - ttd:453ms pts:384.718 Clock:384.265 Level:6
2022-11-07 21:00:17.474 T:3784 DEBUG : CVideoPlayer::ProcessVideoData size:24974 dts:392.767 pts:392.976 dur:41.000ms, clock:384.335 level:89
2022-11-07 21:00:17.475 T:3784 DEBUG : CVideoPlayer::ProcessVideoData size:11125 dts:392.809 pts:392.893 dur:41.000ms, clock:384.336 level:89
2022-11-07 21:00:17.475 T:3784 DEBUG : CVideoPlayer::ProcessVideoData size:6590 dts:392.851 pts:392.851 dur:41.000ms, clock:384.336 level:90
2022-11-07 21:00:17.475 T:3784 DEBUG : CVideoPlayer::ProcessVideoData size:7446 dts:392.893 pts:392.934 dur:41.000ms, clock:384.336 level:90
2022-11-07 21:00:17.486 T:3787 DEBUG : CVideoPlayerVideo::OutputPicture - ttd:452ms pts:384.759 Clock:384.306 Level:6
2022-11-07 21:00:17.529 T:3787 DEBUG : CVideoPlayerVideo::OutputPicture - ttd:410ms pts:384.801 Clock:384.390 Level:6
2022-11-07 21:00:17.570 T:3787 DEBUG : CVideoPlayerVideo::OutputPicture - ttd:451ms pts:384.843 Clock:384.392 Level:6
2022-11-07 21:00:17.611 T:3787 DEBUG : CVideoPlayerVideo::OutputPicture - ttd:452ms pts:384.885 Clock:384.432 Level:6
2022-11-07 21:00:17.653 T:3787 DEBUG : CVideoPlayerVideo::OutputPicture - ttd:452ms pts:384.926 Clock:384.474 Level:6
2022-11-07 21:00:17.700 T:3787 DEBUG : CVideoPlayerVideo::OutputPicture - ttd:407ms pts:384.968 Clock:384.561 Level:6
2022-11-07 21:00:17.720 T:3784 DEBUG : CVideoPlayer::ProcessVideoData size:30649 dts:392.934 pts:393.101 dur:41.000ms, clock:384.581 level:87
2022-11-07 21:00:17.721 T:3784 DEBUG : CVideoPlayer::ProcessVideoData size:8846 dts:392.976 pts:393.059 dur:41.000ms, clock:384.582 level:87
2022-11-07 21:00:17.721 T:3784 DEBUG : CVideoPlayer::ProcessVideoData size:8748 dts:393.018 pts:393.018 dur:41.000ms, clock:384.582 level:88
2022-11-07 21:00:17.721 T:3784 DEBUG : CVideoPlayer::ProcessVideoData size:34291 dts:393.059 pts:393.226 dur:41.000ms, clock:384.582 level:88
2022-11-07 21:00:17.722 T:3784 DEBUG : CVideoPlayer::ProcessVideoData size:8130 dts:393.101 pts:393.184 dur:41.000ms, clock:384.583 level:89
2022-11-07 21:00:17.722 T:3784 DEBUG : CVideoPlayer::ProcessVideoData size:9738 dts:393.143 pts:393.143 dur:41.000ms, clock:384.583 level:89
2022-11-07 21:00:17.736 T:3787 DEBUG : CVideoPlayerVideo::OutputPicture - ttd:447ms pts:385.010 Clock:384.563 Level:6
2022-11-07 21:00:17.777 T:3787 DEBUG : CVideoPlayerVideo::OutputPicture - ttd:447ms pts:385.051 Clock:384.603 Level:6
2022-11-07 21:00:17.819 T:3787 DEBUG : CVideoPlayerVideo::OutputPicture - ttd:453ms pts:385.093 Clock:384.640 Level:6
2022-11-07 21:00:17.867 T:3787 DEBUG : CVideoPlayerVideo::OutputPicture - ttd:406ms pts:385.135 Clock:384.728 Level:6
2022-11-07 21:00:17.902 T:3787 DEBUG : CVideoPlayerVideo::OutputPicture - ttd:446ms pts:385.176 Clock:384.730 Level:6
2022-11-07 21:00:17.944 T:3787 DEBUG : CVideoPlayerVideo::OutputPicture - ttd:447ms pts:385.218 Clock:384.770 Level:6
2022-11-07 21:00:17.976 T:3784 DEBUG : CVideoPlayer::ProcessVideoData size:32148 dts:393.184 pts:393.351 dur:41.000ms, clock:384.837 level:87
2022-11-07 21:00:17.977 T:3784 DEBUG : CVideoPlayer::ProcessVideoData size:8889 dts:393.226 pts:393.310 dur:41.000ms, clock:384.838 level:88
2022-11-07 21:00:17.977 T:3784 DEBUG : CVideoPlayer::ProcessVideoData size:8945 dts:393.268 pts:393.268 dur:41.000ms, clock:384.838 level:88
2022-11-07 21:00:17.977 T:3784 DEBUG : CVideoPlayer::ProcessVideoData size:34264 dts:393.310 pts:393.476 dur:41.000ms, clock:384.839 level:89
2022-11-07 21:00:17.978 T:3784 DEBUG : CVideoPlayer::ProcessVideoData size:10949 dts:393.351 pts:393.435 dur:41.000ms, clock:384.839 level:89
2022-11-07 21:00:17.978 T:3784 DEBUG : CVideoPlayer::ProcessVideoData size:10364 dts:393.393 pts:393.393 dur:41.000ms, clock:384.839 level:90
2022-11-07 21:00:17.979 T:3784 DEBUG : CVideoPlayer::ProcessVideoData size:32674 dts:393.435 pts:393.560 dur:41.000ms, clock:384.840 level:90
2022-11-07 21:00:17.979 T:3784 DEBUG : CVideoPlayer::ProcessVideoData size:11370 dts:393.476 pts:393.518 dur:41.000ms, clock:384.840 level:91
2022-11-07 21:00:17.988 T:3787 DEBUG : CVideoPlayerVideo::OutputPicture - ttd:453ms pts:385.260 Clock:384.807 Level:6
2022-11-07 21:00:18.030 T:3787 DEBUG : CVideoPlayerVideo::OutputPicture - ttd:411ms pts:385.302 Clock:384.891 Level:6
2022-11-07 21:00:18.070 T:3787 DEBUG : CVideoPlayerVideo::OutputPicture - ttd:450ms pts:385.343 Clock:384.892 Level:6
2022-11-07 21:00:18.111 T:3787 DEBUG : CVideoPlayerVideo::OutputPicture - ttd:452ms pts:385.385 Clock:384.932 Level:6
2022-11-07 21:00:18.153 T:3787 DEBUG : CVideoPlayerVideo::OutputPicture - ttd:453ms pts:385.427 Clock:384.973 Level:6
2022-11-07 21:00:18.200 T:3787 DEBUG : CVideoPlayerVideo::OutputPicture - ttd:407ms pts:385.468 Clock:385.061 Level:6
2022-11-07 21:00:18.223 T:3784 DEBUG : CVideoPlayer::ProcessVideoData size:36194 dts:393.518 pts:393.643 dur:41.000ms, clock:385.084 level:88
2022-11-07 21:00:18.224 T:3784 DEBUG : CVideoPlayer::ProcessVideoData size:11540 dts:393.560 pts:393.602 dur:41.000ms, clock:385.085 level:88
2022-11-07 21:00:18.225 T:3784 DEBUG : CVideoPlayer::ProcessVideoData size:37954 dts:393.602 pts:393.768 dur:41.000ms, clock:385.086 level:89
2022-11-07 21:00:18.225 T:3784 DEBUG : CVideoPlayer::ProcessVideoData size:11304 dts:393.643 pts:393.727 dur:41.000ms, clock:385.086 level:89
2022-11-07 21:00:18.226 T:3784 DEBUG : CVideoPlayer::ProcessVideoData size:11672 dts:393.685 pts:393.685 dur:41.000ms, clock:385.087 level:90
2022-11-07 21:00:18.236 T:3787 DEBUG : CVideoPlayerVideo::OutputPicture - ttd:447ms pts:385.510 Clock:385.062 Level:6
2022-11-07 21:00:18.278 T:3787 DEBUG : CVideoPlayerVideo::OutputPicture - ttd:453ms pts:385.552 Clock:385.099 Level:6
2022-11-07 21:00:18.320 T:3787 DEBUG : CVideoPlayerVideo::OutputPicture - ttd:453ms pts:385.594 Clock:385.141 Level:6
2022-11-07 21:00:18.321 T:3681 DEBUG : PushCecKeypress - received key b duration 0
2022-11-07 21:00:18.358 T:3580 DEBUG : HandleKey: 11 (0x0b, obc244) pressed, action is Select
2022-11-07 21:00:18.359 T:3580 DEBUG : ------ Window Init (DialogConfirm.xml) ------
2022-11-07 21:00:18.359 T:3580 INFO : Loading skin file: DialogConfirm.xml, load type: KEEP_IN_MEMORY
2022-11-07 21:00:18.373 T:3787 DEBUG : CVideoPlayerVideo::OutputPicture - ttd:406ms pts:385.635 Clock:385.228 Level:6
2022-11-07 21:00:18.388 T:3681 DEBUG : PushCecKeypress - received key b duration 68
2022-11-07 21:00:18.403 T:3787 DEBUG : CVideoPlayerVideo::OutputPicture - ttd:441ms pts:385.677 Clock:385.235 Level:6
2022-11-07 21:00:18.445 T:3787 DEBUG : CVideoPlayerVideo::OutputPicture - ttd:448ms pts:385.719 Clock:385.271 Level:6
2022-11-07 21:00:18.474 T:3784 DEBUG : CVideoPlayer::ProcessVideoData size:40906 dts:393.727 pts:393.894 dur:41.000ms, clock:385.335 level:88
2022-11-07 21:00:18.474 T:3784 DEBUG : CVideoPlayer::ProcessVideoData size:12514 dts:393.768 pts:393.852 dur:41.000ms, clock:385.335 level:88
2022-11-07 21:00:18.474 T:3784 DEBUG : CVideoPlayer::ProcessVideoData size:11597 dts:393.810 pts:393.810 dur:41.000ms, clock:385.335 level:89
2022-11-07 21:00:18.475 T:3784 DEBUG : CVideoPlayer::ProcessVideoData size:39453 dts:393.852 pts:394.019 dur:41.000ms, clock:385.336 level:89
2022-11-07 21:00:18.476 T:3784 DEBUG : CVideoPlayer::ProcessVideoData size:11793 dts:393.894 pts:393.977 dur:41.000ms, clock:385.337 level:90
2022-11-07 21:00:18.476 T:3784 DEBUG : CVideoPlayer::ProcessVideoData size:11612 dts:393.935 pts:393.935 dur:41.000ms, clock:385.337 level:90
2022-11-07 21:00:18.487 T:3787 DEBUG : CVideoPlayerVideo::OutputPicture - ttd:452ms pts:385.760 Clock:385.308 Level:6
2022-11-07 21:00:18.529 T:3787 DEBUG : CVideoPlayerVideo::OutputPicture - ttd:452ms pts:385.802 Clock:385.349 Level:6
2022-11-07 21:00:18.573 T:3787 DEBUG : CVideoPlayerVideo::OutputPicture - ttd:452ms pts:385.844 Clock:385.391 Level:6
2022-11-07 21:00:18.704 T:3787 DEBUG : CVideoPlayerVideo::OutputPicture - ttd:321ms pts:385.886 Clock:385.565 Level:4
2022-11-07 21:00:18.705 T:3787 DEBUG : CVideoPlayerVideo::OutputPicture - ttd:360ms pts:385.927 Clock:385.566 Level:5
2022-11-07 21:00:18.707 T:3787 DEBUG : CVideoPlayerVideo::OutputPicture - ttd:401ms pts:385.969 Clock:385.568 Level:6
2022-11-07 21:00:18.721 T:3784 DEBUG : CVideoPlayer::ProcessVideoData size:36624 dts:393.977 pts:394.185 dur:41.000ms, clock:385.582 level:87
2022-11-07 21:00:18.721 T:3784 DEBUG : CVideoPlayer::ProcessVideoData size:17551 dts:394.019 pts:394.102 dur:41.000ms, clock:385.582 level:88
2022-11-07 21:00:18.721 T:3784 DEBUG : CVideoPlayer::ProcessVideoData size:11683 dts:394.060 pts:394.060 dur:41.000ms, clock:385.583 level:88
2022-11-07 21:00:18.722 T:3784 DEBUG : CVideoPlayer::ProcessVideoData size:11086 dts:394.102 pts:394.144 dur:41.000ms, clock:385.583 level:89
2022-11-07 21:00:18.723 T:3784 DEBUG : CVideoPlayer::ProcessVideoData size:27908 dts:394.144 pts:394.352 dur:41.000ms, clock:385.584 level:89
2022-11-07 21:00:18.723 T:3784 DEBUG : CVideoPlayer::ProcessVideoData size:14959 dts:394.185 pts:394.269 dur:41.000ms, clock:385.584 level:90
2022-11-07 21:00:18.724 T:3784 DEBUG : CVideoPlayer::ProcessVideoData size:10958 dts:394.227 pts:394.227 dur:41.000ms, clock:385.585 level:90
2022-11-07 21:00:18.724 T:3784 DEBUG : CVideoPlayer::ProcessVideoData size:10970 dts:394.269 pts:394.311 dur:41.000ms, clock:385.585 level:91
2022-11-07 21:00:18.744 T:3787 DEBUG : CVideoPlayerVideo::OutputPicture - ttd:442ms pts:386.011 Clock:385.569 Level:6
2022-11-07 21:00:18.783 T:3787 DEBUG : CVideoPlayerVideo::OutputPicture - ttd:445ms pts:386.052 Clock:385.606 Level:6
2022-11-07 21:00:18.828 T:3787 DEBUG : CVideoPlayerVideo::OutputPicture - ttd:406ms pts:386.094 Clock:385.687 Level:6
2022-11-07 21:00:18.869 T:3787 DEBUG : CVideoPlayerVideo::OutputPicture - ttd:445ms pts:386.136 Clock:385.690 Level:6
2022-11-07 21:00:18.903 T:3787 DEBUG : CVideoPlayerVideo::OutputPicture - ttd:445ms pts:386.177 Clock:385.732 Level:6
2022-11-07 21:00:18.945 T:3787 DEBUG : CVideoPlayerVideo::OutputPicture - ttd:453ms pts:386.219 Clock:385.766 Level:6
2022-11-07 21:00:18.992 T:3787 DEBUG : CVideoPlayerVideo::OutputPicture - ttd:407ms pts:386.261 Clock:385.853 Level:6
2022-11-07 21:00:19.020 T:3784 DEBUG : CVideoPlayer::ProcessVideoData size:31475 dts:394.311 pts:394.477 dur:41.000ms, clock:385.881 level:88
2022-11-07 21:00:19.021 T:3784 DEBUG : CVideoPlayer::ProcessVideoData size:9711 dts:394.352 pts:394.436 dur:41.000ms, clock:385.882 level:88
2022-11-07 21:00:19.021 T:3784 DEBUG : CVideoPlayer::ProcessVideoData size:10883 dts:394.394 pts:394.394 dur:41.000ms, clock:385.882 level:89
2022-11-07 21:00:19.022 T:3784 DEBUG : CVideoPlayer::ProcessVideoData size:28477 dts:394.436 pts:394.603 dur:41.000ms, clock:385.883 level:89
2022-11-07 21:00:19.022 T:3784 DEBUG : CVideoPlayer::ProcessVideoData size:8435 dts:394.477 pts:394.561 dur:41.000ms, clock:385.883 level:90
2022-11-07 21:00:19.022 T:3784 DEBUG : CVideoPlayer::ProcessVideoData size:9472 dts:394.519 pts:394.519 dur:41.000ms, clock:385.883 level:90
2022-11-07 21:00:19.029 T:3787 DEBUG : CVideoPlayerVideo::OutputPicture - ttd:448ms pts:386.303 Clock:385.855 Level:6
2022-11-07 21:00:19.071 T:3787 DEBUG : CVideoPlayerVideo::OutputPicture - ttd:452ms pts:386.344 Clock:385.891 Level:6
2022-11-07 21:00:19.112 T:3787 DEBUG : CVideoPlayerVideo::OutputPicture - ttd:452ms pts:386.386 Clock:385.933 Level:6
2022-11-07 21:00:19.160 T:3787 DEBUG : CVideoPlayerVideo::OutputPicture - ttd:407ms pts:386.428 Clock:386.021 Level:6
2022-11-07 21:00:19.195 T:3787 DEBUG : CVideoPlayerVideo::OutputPicture - ttd:446ms pts:386.469 Clock:386.022 Level:6
2022-11-07 21:00:19.238 T:3787 DEBUG : CVideoPlayerVideo::OutputPicture - ttd:448ms pts:386.511 Clock:386.063 Level:6
2022-11-07 21:00:19.278 T:3784 DEBUG : CVideoPlayer::ProcessVideoData size:30394 dts:394.561 pts:394.728 dur:41.000ms, clock:386.139 level:88
2022-11-07 21:00:19.278 T:3784 DEBUG : CVideoPlayer::ProcessVideoData size:7735 dts:394.603 pts:394.686 dur:41.000ms, clock:386.139 level:89
2022-11-07 21:00:19.278 T:3784 DEBUG : CVideoPlayer::ProcessVideoData size:8660 dts:394.644 pts:394.644 dur:41.000ms, clock:386.139 level:89
2022-11-07 21:00:19.280 T:3787 DEBUG : CVideoPlayerVideo::OutputPicture - ttd:453ms pts:386.553 Clock:386.100 Level:6
2022-11-07 21:00:19.280 T:3784 DEBUG : CVideoPlayer::ProcessVideoData size:30153 dts:394.686 pts:394.853 dur:41.000ms, clock:386.141 level:90
2022-11-07 21:00:19.280 T:3784 DEBUG : CVideoPlayer::ProcessVideoData size:8089 dts:394.728 pts:394.811 dur:41.000ms, clock:386.141 level:90
2022-11-07 21:00:19.280 T:3784 DEBUG : CVideoPlayer::ProcessVideoData size:8529 dts:394.769 pts:394.769 dur:41.000ms, clock:386.141 level:91
2022-11-07 21:00:19.325 T:3787 DEBUG : CVideoPlayerVideo::OutputPicture - ttd:409ms pts:386.595 Clock:386.186 Level:6
2022-11-07 21:00:19.362 T:3787 DEBUG : CVideoPlayerVideo::OutputPicture - ttd:448ms pts:386.636 Clock:386.187 Level:6
2022-11-07 21:00:19.404 T:3787 DEBUG : CVideoPlayerVideo::OutputPicture - ttd:447ms pts:386.678 Clock:386.230 Level:6
2022-11-07 21:00:19.424 T:3784 DEBUG : CVideoPlayer::ProcessVideoData size:23870 dts:394.811 pts:394.978 dur:41.000ms, clock:386.285 level:89
2022-11-07 21:00:19.424 T:3784 DEBUG : CVideoPlayer::ProcessVideoData size:8391 dts:394.853 pts:394.936 dur:41.000ms, clock:386.286 level:90
2022-11-07 21:00:19.425 T:3784 DEBUG : CVideoPlayer::ProcessVideoData size:9127 dts:394.895 pts:394.895 dur:41.000ms, clock:386.286 level:90
2022-11-07 21:00:19.426 T:3784 DEBUG : CVideoPlayer::ProcessVideoData size:217688 dts:394.936 pts:395.020 dur:41.000ms, clock:386.287 level:91
2022-11-07 21:00:19.446 T:3787 DEBUG : CVideoPlayerVideo::OutputPicture - ttd:452ms pts:386.720 Clock:386.267 Level:6
2022-11-07 21:00:19.494 T:3787 DEBUG : CVideoPlayerVideo::OutputPicture - ttd:405ms pts:386.761 Clock:386.355 Level:6
2022-11-07 21:00:19.529 T:3787 DEBUG : CVideoPlayerVideo::OutputPicture - ttd:446ms pts:386.803 Clock:386.356 Level:6
2022-11-07 21:00:19.571 T:3681 DEBUG : PushCecKeypress - received key a9 duration 0
2022-11-07 21:00:19.574 T:3787 DEBUG : CVideoPlayerVideo::OutputPicture - ttd:453ms pts:386.845 Clock:386.392 Level:6
2022-11-07 21:00:19.610 T:3580 DEBUG : HandleKey: 169 (0xa9, obc86) pressed, action is Left
2022-11-07 21:00:19.613 T:3787 DEBUG : CVideoPlayerVideo::OutputPicture - ttd:450ms pts:386.887 Clock:386.436 Level:6
2022-11-07 21:00:19.638 T:3681 DEBUG : PushCecKeypress - received key a9 duration 67
2022-11-07 21:00:19.660 T:3787 DEBUG : CVideoPlayerVideo::OutputPicture - ttd:407ms pts:386.928 Clock:386.521 Level:6
2022-11-07 21:00:19.671 T:3784 DEBUG : CVideoPlayer::ProcessVideoData size:39660 dts:394.978 pts:395.103 dur:41.000ms, clock:386.532 level:88
2022-11-07 21:00:19.671 T:3784 DEBUG : CVideoPlayer::ProcessVideoData size:13684 dts:395.020 pts:395.061 dur:41.000ms, clock:386.532 level:88
2022-11-07 21:00:19.672 T:3784 DEBUG : CVideoPlayer::ProcessVideoData size:45311 dts:395.061 pts:395.186 dur:41.000ms, clock:386.533 level:89
2022-11-07 21:00:19.672 T:3784 DEBUG : CVideoPlayer::ProcessVideoData size:14605 dts:395.103 pts:395.145 dur:41.000ms, clock:386.533 level:89
2022-11-07 21:00:19.673 T:3784 DEBUG : CVideoPlayer::ProcessVideoData size:51847 dts:395.145 pts:395.270 dur:41.000ms, clock:386.534 level:90
2022-11-07 21:00:19.674 T:3784 DEBUG : CVideoPlayer::ProcessVideoData size:15390 dts:395.186 pts:395.228 dur:41.000ms, clock:386.535 level:90
2022-11-07 21:00:19.696 T:3787 DEBUG : CVideoPlayerVideo::OutputPicture - ttd:447ms pts:386.970 Clock:386.522 Level:6
2022-11-07 21:00:19.737 T:3787 DEBUG : CVideoPlayerVideo::OutputPicture - ttd:453ms pts:387.012 Clock:386.559 Level:6
2022-11-07 21:00:19.779 T:3787 DEBUG : CVideoPlayerVideo::OutputPicture - ttd:453ms pts:387.053 Clock:386.600 Level:6
2022-11-07 21:00:19.826 T:3787 DEBUG : CVideoPlayerVideo::OutputPicture - ttd:407ms pts:387.095 Clock:386.687 Level:6
2022-11-07 21:00:19.862 T:3787 DEBUG : CVideoPlayerVideo::OutputPicture - ttd:448ms pts:387.137 Clock:386.689 Level:6
2022-11-07 21:00:19.904 T:3787 DEBUG : CVideoPlayerVideo::OutputPicture - ttd:448ms pts:387.178 Clock:386.730 Level:6
2022-11-07 21:00:19.928 T:3784 DEBUG : CVideoPlayer::ProcessVideoData size:53262 dts:395.228 pts:395.353 dur:41.000ms, clock:386.789 level:88
2022-11-07 21:00:19.929 T:3784 DEBUG : CVideoPlayer::ProcessVideoData size:15035 dts:395.270 pts:395.312 dur:41.000ms, clock:386.790 level:89
2022-11-07 21:00:19.930 T:3784 DEBUG : CVideoPlayer::ProcessVideoData size:52855 dts:395.312 pts:395.437 dur:41.000ms, clock:386.791 level:89
2022-11-07 21:00:19.930 T:3784 DEBUG : CVideoPlayer::ProcessVideoData size:14184 dts:395.353 pts:395.395 dur:41.000ms, clock:386.791 level:90
2022-11-07 21:00:19.931 T:3784 DEBUG : CVideoPlayer::ProcessVideoData size:53410 dts:395.395 pts:395.520 dur:41.000ms, clock:386.792 level:90
2022-11-07 21:00:19.931 T:3784 DEBUG : CVideoPlayer::ProcessVideoData size:14185 dts:395.437 pts:395.478 dur:41.000ms, clock:386.792 level:91
2022-11-07 21:00:19.946 T:3787 DEBUG : CVideoPlayerVideo::OutputPicture - ttd:453ms pts:387.220 Clock:386.767 Level:6
2022-11-07 21:00:19.994 T:3787 DEBUG : CVideoPlayerVideo::OutputPicture - ttd:406ms pts:387.262 Clock:386.855 Level:6
2022-11-07 21:00:20.030 T:3787 DEBUG : CVideoPlayerVideo::OutputPicture - ttd:447ms pts:387.304 Clock:386.856 Level:6
2022-11-07 21:00:20.072 T:3787 DEBUG : CVideoPlayerVideo::OutputPicture - ttd:447ms pts:387.345 Clock:386.897 Level:6
2022-11-07 21:00:20.113 T:3787 DEBUG : CVideoPlayerVideo::OutputPicture - ttd:452ms pts:387.387 Clock:386.934 Level:6
2022-11-07 21:00:20.161 T:3787 DEBUG : CVideoPlayerVideo::OutputPicture - ttd:406ms pts:387.429 Clock:387.022 Level:6
2022-11-07 21:00:20.177 T:3784 DEBUG : CVideoPlayer::ProcessVideoData size:59344 dts:395.478 pts:395.645 dur:41.000ms, clock:387.038 level:88
2022-11-07 21:00:20.177 T:3784 DEBUG : CVideoPlayer::ProcessVideoData size:14217 dts:395.520 pts:395.604 dur:41.000ms, clock:387.038 level:88
2022-11-07 21:00:20.178 T:3784 DEBUG : CVideoPlayer::ProcessVideoData size:13828 dts:395.562 pts:395.562 dur:41.000ms, clock:387.039 level:89
2022-11-07 21:00:20.179 T:3784 DEBUG : CVideoPlayer::ProcessVideoData size:53553 dts:395.604 pts:395.770 dur:41.000ms, clock:387.040 level:89
2022-11-07 21:00:20.179 T:3784 DEBUG : CVideoPlayer::ProcessVideoData size:12973 dts:395.645 pts:395.729 dur:41.000ms, clock:387.040 level:90
2022-11-07 21:00:20.179 T:3784 DEBUG : CVideoPlayer::ProcessVideoData size:13754 dts:395.687 pts:395.687 dur:41.000ms, clock:387.040 level:90
2022-11-07 21:00:20.196 T:3787 DEBUG : CVideoPlayerVideo::OutputPicture - ttd:446ms pts:387.470 Clock:387.024 Level:6
2022-11-07 21:00:20.238 T:3787 DEBUG : CVideoPlayerVideo::OutputPicture - ttd:453ms pts:387.512 Clock:387.058 Level:6
2022-11-07 21:00:20.279 T:3787 DEBUG : CVideoPlayerVideo::OutputPicture - ttd:454ms pts:387.554 Clock:387.100 Level:6
2022-11-07 21:00:20.322 T:3787 DEBUG : CVideoPlayerVideo::OutputPicture - ttd:454ms pts:387.596 Clock:387.142 Level:6
2022-11-07 21:00:20.342 T:3681 DEBUG : PushCecKeypress - received key b duration 0
2022-11-07 21:00:20.360 T:3580 DEBUG : HandleKey: 11 (0x0b, obc244) pressed, action is Select
2022-11-07 21:00:20.410 T:3681 DEBUG : PushCecKeypress - received key b duration 68
2022-11-07 21:00:20.424 T:3784 DEBUG : CVideoPlayer::ProcessVideoData size:55537 dts:395.729 pts:395.896 dur:41.000ms, clock:387.285 level:87
2022-11-07 21:00:20.424 T:3784 DEBUG : CVideoPlayer::ProcessVideoData size:13126 dts:395.770 pts:395.854 dur:41.000ms, clock:387.286 level:88
2022-11-07 21:00:20.425 T:3784 DEBUG : CVideoPlayer::ProcessVideoData size:12476 dts:395.812 pts:395.812 dur:41.000ms, clock:387.286 level:88
2022-11-07 21:00:20.426 T:3784 DEBUG : CVideoPlayer::ProcessVideoData size:48935 dts:395.854 pts:396.021 dur:41.000ms, clock:387.287 level:89
2022-11-07 21:00:20.426 T:3784 DEBUG : CVideoPlayer::ProcessVideoData size:12715 dts:395.896 pts:395.979 dur:41.000ms, clock:387.287 level:89
2022-11-07 21:00:20.426 T:3784 DEBUG : CVideoPlayer::ProcessVideoData size:12894 dts:395.937 pts:395.937 dur:41.000ms, clock:387.287 level:90
2022-11-07 21:00:20.452 T:3787 DEBUG : CVideoPlayerVideo::OutputPicture - ttd:323ms pts:387.637 Clock:387.313 Level:4
2022-11-07 21:00:20.454 T:3787 DEBUG : CVideoPlayerVideo::OutputPicture - ttd:364ms pts:387.679 Clock:387.315 Level:5
2022-11-07 21:00:20.455 T:3787 DEBUG : CVideoPlayerVideo::OutputPicture - ttd:405ms pts:387.721 Clock:387.316 Level:6
2022-11-07 21:00:20.490 T:3787 DEBUG : CVideoPlayerVideo::OutputPicture - ttd:444ms pts:387.762 Clock:387.317 Level:6
2022-11-07 21:00:20.528 T:3787 DEBUG : CVideoPlayerVideo::OutputPicture - ttd:451ms pts:387.804 Clock:387.352 Level:6
2022-11-07 21:00:20.576 T:3787 DEBUG : CVideoPlayerVideo::OutputPicture - ttd:408ms pts:387.846 Clock:387.437 Level:6
2022-11-07 21:00:20.614 T:3787 DEBUG : CVideoPlayerVideo::OutputPicture - ttd:449ms pts:387.888 Clock:387.439 Level:6
2022-11-07 21:00:20.618 T:3580 DEBUG : ------ Window Deinit (DialogConfirm.xml) ------
2022-11-07 21:00:20.662 T:3580 INFO : Deleting all video settings
2022-11-07 21:00:20.672 T:3784 DEBUG : CVideoPlayer::ProcessVideoData size:47725 dts:395.979 pts:396.146 dur:41.000ms, clock:387.534 level:88
2022-11-07 21:00:20.673 T:3784 DEBUG : CVideoPlayer::ProcessVideoData size:12709 dts:396.021 pts:396.104 dur:41.000ms, clock:387.534 level:89
2022-11-07 21:00:20.673 T:3784 DEBUG : CVideoPlayer::ProcessVideoData size:12808 dts:396.062 pts:396.062 dur:41.000ms, clock:387.534 level:89
2022-11-07 21:00:20.674 T:3784 DEBUG : CVideoPlayer::ProcessVideoData size:45481 dts:396.104 pts:396.271 dur:41.000ms, clock:387.535 level:90
2022-11-07 21:00:20.675 T:3784 DEBUG : CVideoPlayer::ProcessVideoData size:12909 dts:396.146 pts:396.229 dur:41.000ms, clock:387.536 level:90
2022-11-07 21:00:20.675 T:3784 DEBUG : CVideoPlayer::ProcessVideoData size:13315 dts:396.187 pts:396.187 dur:41.000ms, clock:387.536 level:91
2022-11-07 21:00:20.698 T:3787 DEBUG : CVideoPlayerVideo::OutputPicture - ttd:447ms pts:387.929 Clock:387.482 Level:6
2022-11-07 21:00:20.705 T:3787 DEBUG : CVideoPlayerVideo::OutputPicture - ttd:410ms pts:387.971 Clock:387.561 Level:6
2022-11-07 21:00:20.741 T:3787 DEBUG : CVideoPlayerVideo::OutputPicture - ttd:411ms pts:388.013 Clock:387.602 Level:6
2022-11-07 21:00:20.779 T:3784 DEBUG : CVideoPlayer::ProcessVideoData size:46168 dts:396.229 pts:396.396 dur:41.000ms, clock:387.640 level:90
2022-11-07 21:00:20.779 T:3784 DEBUG : CVideoPlayer::ProcessVideoData size:14809 dts:396.271 pts:396.354 dur:41.000ms, clock:387.640 level:90
2022-11-07 21:00:20.780 T:3784 DEBUG : CVideoPlayer::ProcessVideoData size:13843 dts:396.313 pts:396.313 dur:41.000ms, clock:387.641 level:91
2022-11-07 21:00:20.781 T:3787 DEBUG : CVideoPlayerVideo::OutputPicture - ttd:450ms pts:388.054 Clock:387.603 Level:6
2022-11-07 21:00:20.822 T:3787 DEBUG : CVideoPlayerVideo::OutputPicture - ttd:447ms pts:388.096 Clock:387.648 Level:6
2022-11-07 21:00:20.863 T:3787 DEBUG : CVideoPlayerVideo::OutputPicture - ttd:453ms pts:388.138 Clock:387.685 Level:6
2022-11-07 21:00:20.911 T:3787 DEBUG : CVideoPlayerVideo::OutputPicture - ttd:406ms pts:388.179 Clock:387.772 Level:6
2022-11-07 21:00:20.947 T:3787 DEBUG : CVideoPlayerVideo::OutputPicture - ttd:447ms pts:388.221 Clock:387.774 Level:6
2022-11-07 21:00:20.988 T:3787 DEBUG : CVideoPlayerVideo::OutputPicture - ttd:448ms pts:388.263 Clock:387.814 Level:6
2022-11-07 21:00:21.030 T:3787 DEBUG : CVideoPlayerVideo::OutputPicture - ttd:454ms pts:388.305 Clock:387.851 Level:6
2022-11-07 21:00:21.076 T:3784 DEBUG : CVideoPlayer::ProcessVideoData size:47114 dts:396.354 pts:396.521 dur:41.000ms, clock:387.937 level:87
2022-11-07 21:00:21.077 T:3784 DEBUG : CVideoPlayer::ProcessVideoData size:15899 dts:396.396 pts:396.479 dur:41.000ms, clock:387.938 level:88
2022-11-07 21:00:21.077 T:3784 DEBUG : CVideoPlayer::ProcessVideoData size:14822 dts:396.438 pts:396.438 dur:41.000ms, clock:387.938 level:88
2022-11-07 21:00:21.078 T:3784 DEBUG : CVideoPlayer::ProcessVideoData size:48868 dts:396.479 pts:396.646 dur:41.000ms, clock:387.939 level:89
2022-11-07 21:00:21.078 T:3784 DEBUG : CVideoPlayer::ProcessVideoData size:16211 dts:396.521 pts:396.605 dur:41.000ms, clock:387.939 level:89
2022-11-07 21:00:21.078 T:3784 DEBUG : CVideoPlayer::ProcessVideoData size:15125 dts:396.563 pts:396.563 dur:41.000ms, clock:387.939 level:90
2022-11-07 21:00:21.080 T:3787 DEBUG : CVideoPlayerVideo::OutputPicture - ttd:405ms pts:388.346 Clock:387.941 Level:6
2022-11-07 21:00:21.118 T:3787 DEBUG : CVideoPlayerVideo::OutputPicture - ttd:445ms pts:388.388 Clock:387.942 Level:6
2022-11-07 21:00:21.158 T:3787 DEBUG : CVideoPlayerVideo::OutputPicture - ttd:449ms pts:388.430 Clock:387.981 Level:6
2022-11-07 21:00:21.197 T:3787 DEBUG : CVideoPlayerVideo::OutputPicture - ttd:450ms pts:388.471 Clock:388.020 Level:6
2022-11-07 21:00:21.244 T:3787 DEBUG : CVideoPlayerVideo::OutputPicture - ttd:407ms pts:388.513 Clock:388.105 Level:6
2022-11-07 21:00:21.281 T:3787 DEBUG : CVideoPlayerVideo::OutputPicture - ttd:448ms pts:388.555 Clock:388.107 Level:6
2022-11-07 21:00:21.323 T:3787 DEBUG : CVideoPlayerVideo::OutputPicture - ttd:453ms pts:388.597 Clock:388.143 Level:6
2022-11-07 21:00:21.323 T:3784 DEBUG : CVideoPlayer::ProcessVideoData size:48163 dts:396.605 pts:396.771 dur:41.000ms, clock:388.184 level:88
2022-11-07 21:00:21.324 T:3784 DEBUG : CVideoPlayer::ProcessVideoData size:15324 dts:396.646 pts:396.730 dur:41.000ms, clock:388.185 level:89
2022-11-07 21:00:21.324 T:3784 DEBUG : CVideoPlayer::ProcessVideoData size:15847 dts:396.688 pts:396.688 dur:41.000ms, clock:388.186 level:89
2022-11-07 21:00:21.327 T:3784 DEBUG : CVideoPlayer::ProcessVideoData size:42210 dts:396.730 pts:396.897 dur:41.000ms, clock:388.188 level:90
2022-11-07 21:00:21.327 T:3784 DEBUG : CVideoPlayer::ProcessVideoData size:14738 dts:396.771 pts:396.855 dur:41.000ms, clock:388.188 level:90
2022-11-07 21:00:21.327 T:3784 DEBUG : CVideoPlayer::ProcessVideoData size:14253 dts:396.813 pts:396.813 dur:41.000ms, clock:388.188 level:91
2022-11-07 21:00:21.364 T:3787 DEBUG : CVideoPlayerVideo::OutputPicture - ttd:451ms pts:388.638 Clock:388.187 Level:6
2022-11-07 21:00:21.406 T:3787 DEBUG : CVideoPlayerVideo::OutputPicture - ttd:453ms pts:388.680 Clock:388.226 Level:6
2022-11-07 21:00:21.456 T:3787 DEBUG : CVideoPlayerVideo::OutputPicture - ttd:453ms pts:388.722 Clock:388.268 Level:6
2022-11-07 21:00:21.470 T:3784 DEBUG : CVideoPlayer::ProcessVideoData size:32440 dts:396.855 pts:397.022 dur:41.000ms, clock:388.331 level:90
2022-11-07 21:00:21.471 T:3784 DEBUG : CVideoPlayer::ProcessVideoData size:14713 dts:396.897 pts:396.980 dur:41.000ms, clock:388.332 level:91
2022-11-07 21:00:21.471 T:3784 DEBUG : CVideoPlayer::ProcessVideoData size:14312 dts:396.938 pts:396.938 dur:41.000ms, clock:388.332 level:91
2022-11-07 21:00:21.474 T:3784 DEBUG : CVideoPlayer::ProcessVideoData size:222665 dts:396.980 pts:397.063 dur:41.000ms, clock:388.335 level:91
2022-11-07 21:00:21.560 T:3681 DEBUG : PushCecKeypress - received key a8 duration 0
2022-11-07 21:00:21.570 T:3580 DEBUG : HandleKey: 168 (0xa8, obc87) pressed, action is Right
2022-11-07 21:00:21.580 T:3787 DEBUG : CVideoPlayerVideo::OutputPicture - ttd:321ms pts:388.763 Clock:388.441 Level:4
2022-11-07 21:00:21.582 T:3787 DEBUG : CVideoPlayerVideo::OutputPicture - ttd:362ms pts:388.805 Clock:388.443 Level:5
2022-11-07 21:00:21.583 T:3787 DEBUG : CVideoPlayerVideo::OutputPicture - ttd:403ms pts:388.847 Clock:388.444 Level:6
2022-11-07 21:00:21.614 T:3787 DEBUG : CVideoPlayerVideo::OutputPicture - ttd:443ms pts:388.889 Clock:388.445 Level:6
2022-11-07 21:00:21.629 T:3681 DEBUG : PushCecKeypress - received key a8 duration 68
2022-11-07 21:00:21.656 T:3787 DEBUG : CVideoPlayerVideo::OutputPicture - ttd:453ms pts:388.930 Clock:388.477 Level:6
2022-11-07 21:00:21.704 T:3787 DEBUG : CVideoPlayerVideo::OutputPicture - ttd:406ms pts:388.972 Clock:388.565 Level:6
2022-11-07 21:00:21.719 T:3784 DEBUG : CVideoPlayer::ProcessVideoData size:24243 dts:397.022 pts:397.230 dur:41.000ms, clock:388.580 level:88
2022-11-07 21:00:21.720 T:3784 DEBUG : CVideoPlayer::ProcessVideoData size:5124 dts:397.063 pts:397.147 dur:41.000ms, clock:388.581 level:88
2022-11-07 21:00:21.720 T:3784 DEBUG : CVideoPlayer::ProcessVideoData size:3423 dts:397.105 pts:397.105 dur:41.000ms, clock:388.581 level:89
2022-11-07 21:00:21.720 T:3784 DEBUG : CVideoPlayer::ProcessVideoData size:3724 dts:397.147 pts:397.188 dur:41.000ms, clock:388.581 level:89
2022-11-07 21:00:21.739 T:3787 DEBUG : CVideoPlayerVideo::OutputPicture - ttd:447ms pts:389.014 Clock:388.566 Level:6
2022-11-07 21:00:21.781 T:3787 DEBUG : CVideoPlayerVideo::OutputPicture - ttd:448ms pts:389.055 Clock:388.607 Level:6
2022-11-07 21:00:21.824 T:3787 DEBUG : CVideoPlayerVideo::OutputPicture - ttd:453ms pts:389.097 Clock:388.644 Level:6
2022-11-07 21:00:21.872 T:3787 DEBUG : CVideoPlayerVideo::OutputPicture - ttd:405ms pts:389.139 Clock:388.733 Level:6
2022-11-07 21:00:21.906 T:3787 DEBUG : CVideoPlayerVideo::OutputPicture - ttd:445ms pts:389.180 Clock:388.735 Level:6
2022-11-07 21:00:21.948 T:3787 DEBUG : CVideoPlayerVideo::OutputPicture - ttd:447ms pts:389.222 Clock:388.774 Level:6
2022-11-07 21:00:21.976 T:3784 DEBUG : CVideoPlayer::ProcessVideoData size:34750 dts:397.188 pts:397.397 dur:41.000ms, clock:388.837 level:87
2022-11-07 21:00:21.976 T:3784 DEBUG : CVideoPlayer::ProcessVideoData size:5755 dts:397.230 pts:397.314 dur:41.000ms, clock:388.837 level:88
2022-11-07 21:00:21.976 T:3784 DEBUG : CVideoPlayer::ProcessVideoData size:4022 dts:397.272 pts:397.272 dur:41.000ms, clock:388.837 level:88
2022-11-07 21:00:21.976 T:3784 DEBUG : CVideoPlayer::ProcessVideoData size:3913 dts:397.314 pts:397.355 dur:41.000ms, clock:388.837 level:89
2022-11-07 21:00:21.977 T:3784 DEBUG : CVideoPlayer::ProcessVideoData size:38065 dts:397.355 pts:397.564 dur:41.000ms, clock:388.838 level:89
2022-11-07 21:00:21.977 T:3784 DEBUG : CVideoPlayer::ProcessVideoData size:6286 dts:397.397 pts:397.480 dur:41.000ms, clock:388.839 level:90
2022-11-07 21:00:21.978 T:3784 DEBUG : CVideoPlayer::ProcessVideoData size:4494 dts:397.439 pts:397.439 dur:41.000ms, clock:388.839 level:90
2022-11-07 21:00:21.978 T:3784 DEBUG : CVideoPlayer::ProcessVideoData size:4211 dts:397.480 pts:397.522 dur:41.000ms, clock:388.839 level:91
2022-11-07 21:00:21.990 T:3787 DEBUG : CVideoPlayerVideo::OutputPicture - ttd:453ms pts:389.264 Clock:388.811 Level:6
2022-11-07 21:00:22.038 T:3787 DEBUG : CVideoPlayerVideo::OutputPicture - ttd:406ms pts:389.306 Clock:388.899 Level:6
2022-11-07 21:00:22.074 T:3787 DEBUG : CVideoPlayerVideo::OutputPicture - ttd:446ms pts:389.347 Clock:388.900 Level:6
2022-11-07 21:00:22.115 T:3787 DEBUG : CVideoPlayerVideo::OutputPicture - ttd:452ms pts:389.389 Clock:388.936 Level:6
2022-11-07 21:00:22.157 T:3787 DEBUG : CVideoPlayerVideo::OutputPicture - ttd:453ms pts:389.431 Clock:388.977 Level:6
2022-11-07 21:00:22.204 T:3787 DEBUG : CVideoPlayerVideo::OutputPicture - ttd:407ms pts:389.472 Clock:389.065 Level:6
2022-11-07 21:00:22.224 T:3784 DEBUG : CVideoPlayer::ProcessVideoData size:39305 dts:397.522 pts:397.731 dur:41.000ms, clock:389.085 level:88
2022-11-07 21:00:22.224 T:3784 DEBUG : CVideoPlayer::ProcessVideoData size:6314 dts:397.564 pts:397.647 dur:41.000ms, clock:389.086 level:88
2022-11-07 21:00:22.225 T:3784 DEBUG : CVideoPlayer::ProcessVideoData size:4636 dts:397.606 pts:397.606 dur:41.000ms, clock:389.086 level:89
2022-11-07 21:00:22.225 T:3784 DEBUG : CVideoPlayer::ProcessVideoData size:4377 dts:397.647 pts:397.689 dur:41.000ms, clock:389.086 level:89
2022-11-07 21:00:22.240 T:3787 DEBUG : CVideoPlayerVideo::OutputPicture - ttd:447ms pts:389.514 Clock:389.066 Level:6
2022-11-07 21:00:22.282 T:3787 DEBUG : CVideoPlayerVideo::OutputPicture - ttd:448ms pts:389.556 Clock:389.108 Level:6
2022-11-07 21:00:22.324 T:3787 DEBUG : CVideoPlayerVideo::OutputPicture - ttd:453ms pts:389.598 Clock:389.145 Level:6
2022-11-07 21:00:22.372 T:3787 DEBUG : CVideoPlayerVideo::OutputPicture - ttd:405ms pts:389.639 Clock:389.233 Level:6
2022-11-07 21:00:22.407 T:3787 DEBUG : CVideoPlayerVideo::OutputPicture - ttd:446ms pts:389.681 Clock:389.235 Level:6
2022-11-07 21:00:22.449 T:3787 DEBUG : CVideoPlayerVideo::OutputPicture - ttd:448ms pts:389.723 Clock:389.274 Level:6
2022-11-07 21:00:22.479 T:3784 DEBUG : CVideoPlayer::ProcessVideoData size:49626 dts:397.689 pts:397.898 dur:41.000ms, clock:389.340 level:87
2022-11-07 21:00:22.480 T:3784 DEBUG : CVideoPlayer::ProcessVideoData size:6430 dts:397.731 pts:397.814 dur:41.000ms, clock:389.341 level:88
2022-11-07 21:00:22.480 T:3784 DEBUG : CVideoPlayer::ProcessVideoData size:4724 dts:397.772 pts:397.772 dur:41.000ms, clock:389.341 level:88
2022-11-07 21:00:22.480 T:3784 DEBUG : CVideoPlayer::ProcessVideoData size:4342 dts:397.814 pts:397.856 dur:41.000ms, clock:389.341 level:89
2022-11-07 21:00:22.481 T:3784 DEBUG : CVideoPlayer::ProcessVideoData size:37168 dts:397.856 pts:398.064 dur:41.000ms, clock:389.342 level:89
2022-11-07 21:00:22.481 T:3784 DEBUG : CVideoPlayer::ProcessVideoData size:6075 dts:397.898 pts:397.981 dur:41.000ms, clock:389.342 level:90
2022-11-07 21:00:22.481 T:3784 DEBUG : CVideoPlayer::ProcessVideoData size:4468 dts:397.939 pts:397.939 dur:41.000ms, clock:389.342 level:90
2022-11-07 21:00:22.481 T:3784 DEBUG : CVideoPlayer::ProcessVideoData size:4353 dts:397.981 pts:398.023 dur:41.000ms, clock:389.343 level:91
2022-11-07 21:00:22.490 T:3787 DEBUG : CVideoPlayerVideo::OutputPicture - ttd:452ms pts:389.764 Clock:389.311 Level:6
2022-11-07 21:00:22.539 T:3787 DEBUG : CVideoPlayerVideo::OutputPicture - ttd:406ms pts:389.806 Clock:389.400 Level:6
2022-11-07 21:00:22.577 T:3787 DEBUG : CVideoPlayerVideo::OutputPicture - ttd:446ms pts:389.848 Clock:389.401 Level:6
2022-11-07 21:00:22.616 T:3787 DEBUG : CVideoPlayerVideo::OutputPicture - ttd:450ms pts:389.890 Clock:389.439 Level:6
2022-11-07 21:00:22.657 T:3787 DEBUG : CVideoPlayerVideo::OutputPicture - ttd:452ms pts:389.931 Clock:389.478 Level:6
2022-11-07 21:00:22.705 T:3787 DEBUG : CVideoPlayerVideo::OutputPicture - ttd:407ms pts:389.973 Clock:389.566 Level:6
2022-11-07 21:00:22.727 T:3784 DEBUG : CVideoPlayer::ProcessVideoData size:39249 dts:398.023 pts:398.231 dur:41.000ms, clock:389.588 level:88
2022-11-07 21:00:22.727 T:3784 DEBUG : CVideoPlayer::ProcessVideoData size:6905 dts:398.064 pts:398.148 dur:41.000ms, clock:389.588 level:88
2022-11-07 21:00:22.727 T:3784 DEBUG : CVideoPlayer::ProcessVideoData size:5058 dts:398.106 pts:398.106 dur:41.000ms, clock:389.588 level:89
2022-11-07 21:00:22.727 T:3784 DEBUG : CVideoPlayer::ProcessVideoData size:4518 dts:398.148 pts:398.189 dur:41.000ms, clock:389.588 level:89
2022-11-07 21:00:22.741 T:3787 DEBUG : CVideoPlayerVideo::OutputPicture - ttd:448ms pts:390.015 Clock:389.567 Level:6
2022-11-07 21:00:22.751 T:3681 DEBUG : PushCecKeypress - received key b duration 0
2022-11-07 21:00:22.779 T:3580 DEBUG : HandleKey: 11 (0x0b, obc244) pressed, action is Select
2022-11-07 21:00:22.783 T:3787 DEBUG : CVideoPlayerVideo::OutputPicture - ttd:452ms pts:390.056 Clock:389.603 Level:6
2022-11-07 21:00:22.819 T:3681 DEBUG : PushCecKeypress - received key b duration 68
2022-11-07 21:00:22.827 T:3787 DEBUG : CVideoPlayerVideo::OutputPicture - ttd:447ms pts:390.098 Clock:389.651 Level:6
2022-11-07 21:00:22.868 T:3787 DEBUG : CVideoPlayerVideo::OutputPicture - ttd:450ms pts:390.140 Clock:389.690 Level:6
2022-11-07 21:00:22.915 T:3787 DEBUG : CVideoPlayerVideo::OutputPicture - ttd:404ms pts:390.181 Clock:389.776 Level:6
2022-11-07 21:00:22.950 T:3787 DEBUG : CVideoPlayerVideo::OutputPicture - ttd:445ms pts:390.223 Clock:389.778 Level:6
2022-11-07 21:00:22.992 T:3787 DEBUG : CVideoPlayerVideo::OutputPicture - ttd:452ms pts:390.265 Clock:389.813 Level:6
2022-11-07 21:00:23.026 T:3784 DEBUG : CVideoPlayer::ProcessVideoData size:40497 dts:398.189 pts:398.398 dur:41.000ms, clock:389.887 level:87
2022-11-07 21:00:23.027 T:3784 DEBUG : CVideoPlayer::ProcessVideoData size:6420 dts:398.231 pts:398.315 dur:41.000ms, clock:389.888 level:87
2022-11-07 21:00:23.027 T:3784 DEBUG : CVideoPlayer::ProcessVideoData size:4005 dts:398.273 pts:398.273 dur:41.000ms, clock:389.888 level:88
2022-11-07 21:00:23.027 T:3784 DEBUG : CVideoPlayer::ProcessVideoData size:4054 dts:398.315 pts:398.356 dur:41.000ms, clock:389.888 level:88
2022-11-07 21:00:23.028 T:3784 DEBUG : CVideoPlayer::ProcessVideoData size:41570 dts:398.356 pts:398.565 dur:41.000ms, clock:389.890 level:89
2022-11-07 21:00:23.029 T:3784 DEBUG : CVideoPlayer::ProcessVideoData size:6486 dts:398.398 pts:398.481 dur:41.000ms, clock:389.890 level:89
2022-11-07 21:00:23.029 T:3784 DEBUG : CVideoPlayer::ProcessVideoData size:4654 dts:398.440 pts:398.440 dur:41.000ms, clock:389.890 level:90
2022-11-07 21:00:23.029 T:3784 DEBUG : CVideoPlayer::ProcessVideoData size:4111 dts:398.481 pts:398.523 dur:41.000ms, clock:389.890 level:90
2022-11-07 21:00:23.036 T:3787 DEBUG : CVideoPlayerVideo::OutputPicture - ttd:447ms pts:390.307 Clock:389.860 Level:6
2022-11-07 21:00:23.041 T:3580 DEBUG : ------ Window Deinit (DialogSettings.xml) ------
2022-11-07 21:00:23.075 T:3787 DEBUG : CVideoPlayerVideo::OutputPicture - ttd:449ms pts:390.348 Clock:389.899 Level:6
2022-11-07 21:00:23.122 T:3787 DEBUG : CVideoPlayerVideo::OutputPicture - ttd:406ms pts:390.390 Clock:389.983 Level:6
2022-11-07 21:00:23.158 T:3787 DEBUG : CVideoPlayerVideo::OutputPicture - ttd:447ms pts:390.432 Clock:389.984 Level:6
2022-11-07 21:00:23.199 T:3787 DEBUG : CVideoPlayerVideo::OutputPicture - ttd:453ms pts:390.473 Clock:390.020 Level:6
2022-11-07 21:00:23.247 T:3787 DEBUG : CVideoPlayerVideo::OutputPicture - ttd:406ms pts:390.515 Clock:390.108 Level:6
2022-11-07 21:00:23.274 T:3784 DEBUG : CVideoPlayer::ProcessVideoData size:52190 dts:398.523 pts:398.732 dur:41.000ms, clock:390.135 level:87
2022-11-07 21:00:23.274 T:3784 DEBUG : CVideoPlayer::ProcessVideoData size:6993 dts:398.565 pts:398.648 dur:41.000ms, clock:390.135 level:88
