2022-11-07 21:00:00.676 T:3787 DEBUG : CVideoPlayerVideo::OutputPicture - ttd:487ms pts:367.951 Clock:367.463 Level:6
2022-11-07 21:00:00.718 T:3787 DEBUG : CVideoPlayerVideo::OutputPicture - ttd:488ms pts:367.993 Clock:367.504 Level:6
2022-11-07 21:00:00.759 T:3787 DEBUG : CVideoPlayerVideo::OutputPicture - ttd:492ms pts:368.034 Clock:367.541 Level:6
2022-11-07 21:00:00.808 T:3787 DEBUG : CVideoPlayerVideo::OutputPicture - ttd:446ms pts:368.076 Clock:367.630 Level:6
2022-11-07 21:00:00.821 T:3784 DEBUG : CVideoPlayer::ProcessVideoData size:34353 dts:376.042 pts:376.251 dur:41.000ms, clock:367.643 level:87
2022-11-07 21:00:00.821 T:3784 DEBUG : CVideoPlayer::ProcessVideoData size:10792 dts:376.084 pts:376.167 dur:41.000ms, clock:367.643 level:87
2022-11-07 21:00:00.821 T:3784 DEBUG : CVideoPlayer::ProcessVideoData size:6829 dts:376.126 pts:376.126 dur:41.000ms, clock:367.643 level:88
2022-11-07 21:00:00.821 T:3784 DEBUG : CVideoPlayer::ProcessVideoData size:6338 dts:376.167 pts:376.209 dur:41.000ms, clock:367.643 level:88
2022-11-07 21:00:00.822 T:3784 DEBUG : CVideoPlayer::ProcessVideoData size:34083 dts:376.209 pts:376.418 dur:41.000ms, clock:367.644 level:89
2022-11-07 21:00:00.823 T:3784 DEBUG : CVideoPlayer::ProcessVideoData size:12132 dts:376.251 pts:376.334 dur:41.000ms, clock:367.645 level:89
2022-11-07 21:00:00.823 T:3784 DEBUG : CVideoPlayer::ProcessVideoData size:6728 dts:376.293 pts:376.293 dur:41.000ms, clock:367.645 level:90
2022-11-07 21:00:00.823 T:3784 DEBUG : CVideoPlayer::ProcessVideoData size:6974 dts:376.334 pts:376.376 dur:41.000ms, clock:367.645 level:90
2022-11-07 21:00:00.842 T:3787 DEBUG : CVideoPlayerVideo::OutputPicture - ttd:486ms pts:368.118 Clock:367.631 Level:6
2022-11-07 21:00:00.884 T:3787 DEBUG : CVideoPlayerVideo::OutputPicture - ttd:493ms pts:368.159 Clock:367.666 Level:6
2022-11-07 21:00:01.017 T:3787 DEBUG : CVideoPlayerVideo::OutputPicture - ttd:361ms pts:368.201 Clock:367.839 Level:4
2022-11-07 21:00:01.019 T:3787 DEBUG : CVideoPlayerVideo::OutputPicture - ttd:402ms pts:368.243 Clock:367.841 Level:5
2022-11-07 21:00:01.020 T:3787 DEBUG : CVideoPlayerVideo::OutputPicture - ttd:442ms pts:368.285 Clock:367.842 Level:6
2022-11-07 21:00:01.052 T:3787 DEBUG : CVideoPlayerVideo::OutputPicture - ttd:482ms pts:368.326 Clock:367.843 Level:6
2022-11-07 21:00:01.071 T:3784 DEBUG : CVideoPlayer::ProcessVideoData size:35986 dts:376.376 pts:376.585 dur:41.000ms, clock:367.893 level:88
2022-11-07 21:00:01.071 T:3784 DEBUG : CVideoPlayer::ProcessVideoData size:12733 dts:376.418 pts:376.501 dur:41.000ms, clock:367.894 level:89
2022-11-07 21:00:01.072 T:3784 DEBUG : CVideoPlayer::ProcessVideoData size:6549 dts:376.459 pts:376.459 dur:41.000ms, clock:367.894 level:89
2022-11-07 21:00:01.072 T:3784 DEBUG : CVideoPlayer::ProcessVideoData size:7200 dts:376.501 pts:376.543 dur:41.000ms, clock:367.895 level:90
2022-11-07 21:00:01.093 T:3787 DEBUG : CVideoPlayerVideo::OutputPicture - ttd:492ms pts:368.368 Clock:367.875 Level:6
2022-11-07 21:00:01.141 T:3787 DEBUG : CVideoPlayerVideo::OutputPicture - ttd:446ms pts:368.410 Clock:367.964 Level:6
2022-11-07 21:00:01.176 T:3787 DEBUG : CVideoPlayerVideo::OutputPicture - ttd:486ms pts:368.451 Clock:367.965 Level:6
2022-11-07 21:00:01.221 T:3787 DEBUG : CVideoPlayerVideo::OutputPicture - ttd:488ms pts:368.493 Clock:368.005 Level:6
2022-11-07 21:00:01.260 T:3787 DEBUG : CVideoPlayerVideo::OutputPicture - ttd:490ms pts:368.535 Clock:368.045 Level:6
2022-11-07 21:00:01.308 T:3787 DEBUG : CVideoPlayerVideo::OutputPicture - ttd:447ms pts:368.577 Clock:368.130 Level:6
2022-11-07 21:00:01.327 T:3784 DEBUG : CVideoPlayer::ProcessVideoData size:34996 dts:376.543 pts:376.751 dur:41.000ms, clock:368.149 level:87
2022-11-07 21:00:01.327 T:3784 DEBUG : CVideoPlayer::ProcessVideoData size:11206 dts:376.585 pts:376.668 dur:41.000ms, clock:368.149 level:87
2022-11-07 21:00:01.327 T:3784 DEBUG : CVideoPlayer::ProcessVideoData size:6427 dts:376.626 pts:376.626 dur:41.000ms, clock:368.150 level:88
2022-11-07 21:00:01.328 T:3784 DEBUG : CVideoPlayer::ProcessVideoData size:5069 dts:376.668 pts:376.710 dur:41.000ms, clock:368.150 level:88
2022-11-07 21:00:01.329 T:3784 DEBUG : CVideoPlayer::ProcessVideoData size:30007 dts:376.710 pts:376.918 dur:41.000ms, clock:368.151 level:89
2022-11-07 21:00:01.329 T:3784 DEBUG : CVideoPlayer::ProcessVideoData size:10983 dts:376.751 pts:376.835 dur:41.000ms, clock:368.151 level:89
2022-11-07 21:00:01.329 T:3784 DEBUG : CVideoPlayer::ProcessVideoData size:5893 dts:376.793 pts:376.793 dur:41.000ms, clock:368.151 level:90
2022-11-07 21:00:01.329 T:3784 DEBUG : CVideoPlayer::ProcessVideoData size:6434 dts:376.835 pts:376.877 dur:41.000ms, clock:368.151 level:90
2022-11-07 21:00:01.345 T:3787 DEBUG : CVideoPlayerVideo::OutputPicture - ttd:486ms pts:368.618 Clock:368.131 Level:6
2022-11-07 21:00:01.385 T:3787 DEBUG : CVideoPlayerVideo::OutputPicture - ttd:491ms pts:368.660 Clock:368.169 Level:6
2022-11-07 21:00:01.426 T:3787 DEBUG : CVideoPlayerVideo::OutputPicture - ttd:493ms pts:368.702 Clock:368.208 Level:6
2022-11-07 21:00:01.474 T:3787 DEBUG : CVideoPlayerVideo::OutputPicture - ttd:446ms pts:368.743 Clock:368.296 Level:6
2022-11-07 21:00:01.511 T:3787 DEBUG : CVideoPlayerVideo::OutputPicture - ttd:487ms pts:368.785 Clock:368.297 Level:6
2022-11-07 21:00:01.552 T:3787 DEBUG : CVideoPlayerVideo::OutputPicture - ttd:492ms pts:368.827 Clock:368.334 Level:6
2022-11-07 21:00:01.574 T:3784 DEBUG : CVideoPlayer::ProcessVideoData size:34096 dts:376.877 pts:377.085 dur:41.000ms, clock:368.396 level:89
2022-11-07 21:00:01.574 T:3784 DEBUG : CVideoPlayer::ProcessVideoData size:13712 dts:376.918 pts:377.002 dur:41.000ms, clock:368.396 level:89
2022-11-07 21:00:01.575 T:3784 DEBUG : CVideoPlayer::ProcessVideoData size:7007 dts:376.960 pts:376.960 dur:41.000ms, clock:368.397 level:90
2022-11-07 21:00:01.575 T:3784 DEBUG : CVideoPlayer::ProcessVideoData size:7494 dts:377.002 pts:377.043 dur:41.000ms, clock:368.397 level:90
2022-11-07 21:00:01.576 T:3784 DEBUG : CVideoPlayer::ProcessVideoData size:32012 dts:377.043 pts:377.210 dur:41.000ms, clock:368.398 level:91
2022-11-07 21:00:01.576 T:3784 DEBUG : CVideoPlayer::ProcessVideoData size:8505 dts:377.085 pts:377.168 dur:41.000ms, clock:368.398 level:91
2022-11-07 21:00:01.576 T:3784 DEBUG : CVideoPlayer::ProcessVideoData size:8600 dts:377.127 pts:377.127 dur:41.000ms, clock:368.399 level:92
2022-11-07 21:00:01.593 T:3787 DEBUG : CVideoPlayerVideo::OutputPicture - ttd:493ms pts:368.869 Clock:368.376 Level:6
2022-11-07 21:00:01.640 T:3787 DEBUG : CVideoPlayerVideo::OutputPicture - ttd:447ms pts:368.910 Clock:368.462 Level:6
2022-11-07 21:00:01.670 T:3788 DEBUG : CDVDClock::ErrorAdjust - CVideoPlayerAudio::OutputPacket - error:38916.272185, adjusted:38916.272185
2022-11-07 21:00:01.677 T:3787 DEBUG : CVideoPlayerVideo::OutputPicture - ttd:488ms pts:368.952 Clock:368.464 Level:6
2022-11-07 21:00:01.720 T:3787 DEBUG : CVideoPlayerVideo::OutputPicture - ttd:449ms pts:368.994 Clock:368.544 Level:6
2022-11-07 21:00:01.760 T:3787 DEBUG : CVideoPlayerVideo::OutputPicture - ttd:452ms pts:369.035 Clock:368.583 Level:6
2022-11-07 21:00:01.809 T:3787 DEBUG : CVideoPlayerVideo::OutputPicture - ttd:407ms pts:369.077 Clock:368.670 Level:6
2022-11-07 21:00:01.847 T:3787 DEBUG : CVideoPlayerVideo::OutputPicture - ttd:447ms pts:369.119 Clock:368.671 Level:6
2022-11-07 21:00:01.871 T:3784 DEBUG : CVideoPlayer::ProcessVideoData size:30465 dts:377.168 pts:377.335 dur:41.000ms, clock:368.732 level:88
2022-11-07 21:00:01.871 T:3784 DEBUG : CVideoPlayer::ProcessVideoData size:8295 dts:377.210 pts:377.294 dur:41.000ms, clock:368.732 level:89
2022-11-07 21:00:01.871 T:3784 DEBUG : CVideoPlayer::ProcessVideoData size:8916 dts:377.252 pts:377.252 dur:41.000ms, clock:368.732 level:89
2022-11-07 21:00:01.872 T:3784 DEBUG : CVideoPlayer::ProcessVideoData size:30231 dts:377.294 pts:377.460 dur:41.000ms, clock:368.733 level:90
2022-11-07 21:00:01.873 T:3784 DEBUG : CVideoPlayer::ProcessVideoData size:7734 dts:377.335 pts:377.419 dur:41.000ms, clock:368.734 level:90
2022-11-07 21:00:01.873 T:3784 DEBUG : CVideoPlayer::ProcessVideoData size:7971 dts:377.377 pts:377.377 dur:41.000ms, clock:368.734 level:91
2022-11-07 21:00:01.885 T:3787 DEBUG : CVideoPlayerVideo::OutputPicture - ttd:450ms pts:369.160 Clock:368.709 Level:6
2022-11-07 21:00:01.927 T:3787 DEBUG : CVideoPlayerVideo::OutputPicture - ttd:454ms pts:369.202 Clock:368.748 Level:6
2022-11-07 21:00:01.973 T:3787 DEBUG : CVideoPlayerVideo::OutputPicture - ttd:409ms pts:369.244 Clock:368.834 Level:6
2022-11-07 21:00:02.010 T:3787 DEBUG : CVideoPlayerVideo::OutputPicture - ttd:450ms pts:369.286 Clock:368.836 Level:6
2022-11-07 21:00:02.052 T:3787 DEBUG : CVideoPlayerVideo::OutputPicture - ttd:449ms pts:369.327 Clock:368.878 Level:6
2022-11-07 21:00:02.095 T:3787 DEBUG : CVideoPlayerVideo::OutputPicture - ttd:454ms pts:369.369 Clock:368.915 Level:6
2022-11-07 21:00:02.123 T:3784 DEBUG : CVideoPlayer::ProcessVideoData size:29172 dts:377.419 pts:377.586 dur:41.000ms, clock:368.984 level:87
2022-11-07 21:00:02.123 T:3784 DEBUG : CVideoPlayer::ProcessVideoData size:8599 dts:377.460 pts:377.544 dur:41.000ms, clock:368.985 level:88
2022-11-07 21:00:02.124 T:3784 DEBUG : CVideoPlayer::ProcessVideoData size:8507 dts:377.502 pts:377.502 dur:41.000ms, clock:368.985 level:88
2022-11-07 21:00:02.125 T:3784 DEBUG : CVideoPlayer::ProcessVideoData size:20917 dts:377.544 pts:377.711 dur:41.000ms, clock:368.986 level:89
2022-11-07 21:00:02.125 T:3784 DEBUG : CVideoPlayer::ProcessVideoData size:8500 dts:377.586 pts:377.669 dur:41.000ms, clock:368.986 level:89
2022-11-07 21:00:02.126 T:3784 DEBUG : CVideoPlayer::ProcessVideoData size:8406 dts:377.627 pts:377.627 dur:41.000ms, clock:368.987 level:90
2022-11-07 21:00:02.127 T:3784 DEBUG : CVideoPlayer::ProcessVideoData size:114419 dts:377.669 pts:377.752 dur:41.000ms, clock:368.988 level:90
2022-11-07 21:00:02.143 T:3787 DEBUG : CVideoPlayerVideo::OutputPicture - ttd:406ms pts:369.411 Clock:369.004 Level:6
2022-11-07 21:00:02.177 T:3787 DEBUG : CVideoPlayerVideo::OutputPicture - ttd:446ms pts:369.452 Clock:369.005 Level:6
2022-11-07 21:00:02.219 T:3787 DEBUG : CVideoPlayerVideo::OutputPicture - ttd:449ms pts:369.494 Clock:369.044 Level:6
2022-11-07 21:00:02.261 T:3787 DEBUG : CVideoPlayerVideo::OutputPicture - ttd:454ms pts:369.536 Clock:369.082 Level:6
2022-11-07 21:00:02.309 T:3787 DEBUG : CVideoPlayerVideo::OutputPicture - ttd:407ms pts:369.578 Clock:369.170 Level:6
2022-11-07 21:00:02.344 T:3787 DEBUG : CVideoPlayerVideo::OutputPicture - ttd:447ms pts:369.619 Clock:369.171 Level:6
2022-11-07 21:00:02.373 T:3784 DEBUG : CVideoPlayer::ProcessVideoData size:35216 dts:377.711 pts:377.919 dur:41.000ms, clock:369.234 level:88
2022-11-07 21:00:02.373 T:3784 DEBUG : CVideoPlayer::ProcessVideoData size:13468 dts:377.752 pts:377.836 dur:41.000ms, clock:369.234 level:89
2022-11-07 21:00:02.373 T:3784 DEBUG : CVideoPlayer::ProcessVideoData size:7742 dts:377.794 pts:377.794 dur:41.000ms, clock:369.234 level:89
2022-11-07 21:00:02.373 T:3784 DEBUG : CVideoPlayer::ProcessVideoData size:7087 dts:377.836 pts:377.878 dur:41.000ms, clock:369.235 level:90
2022-11-07 21:00:02.386 T:3787 DEBUG : CVideoPlayerVideo::OutputPicture - ttd:449ms pts:369.661 Clock:369.212 Level:6
2022-11-07 21:00:02.427 T:3787 DEBUG : CVideoPlayerVideo::OutputPicture - ttd:454ms pts:369.703 Clock:369.248 Level:6
2022-11-07 21:00:02.475 T:3787 DEBUG : CVideoPlayerVideo::OutputPicture - ttd:407ms pts:369.744 Clock:369.336 Level:6
2022-11-07 21:00:02.511 T:3787 DEBUG : CVideoPlayerVideo::OutputPicture - ttd:448ms pts:369.786 Clock:369.338 Level:6
2022-11-07 21:00:02.553 T:3787 DEBUG : CVideoPlayerVideo::OutputPicture - ttd:449ms pts:369.828 Clock:369.378 Level:6
2022-11-07 21:00:02.594 T:3787 DEBUG : CVideoPlayerVideo::OutputPicture - ttd:454ms pts:369.870 Clock:369.415 Level:6
2022-11-07 21:00:02.642 T:3787 DEBUG : CVideoPlayerVideo::OutputPicture - ttd:407ms pts:369.911 Clock:369.503 Level:6
2022-11-07 21:00:02.677 T:3784 DEBUG : CVideoPlayer::ProcessVideoData size:37518 dts:377.878 pts:378.086 dur:41.000ms, clock:369.539 level:87
2022-11-07 21:00:02.679 T:3784 DEBUG : CVideoPlayer::ProcessVideoData size:12381 dts:377.919 pts:378.003 dur:41.000ms, clock:369.540 level:87
2022-11-07 21:00:02.679 T:3784 DEBUG : CVideoPlayer::ProcessVideoData size:8147 dts:377.961 pts:377.961 dur:41.000ms, clock:369.540 level:88
2022-11-07 21:00:02.679 T:3784 DEBUG : CVideoPlayer::ProcessVideoData size:7031 dts:378.003 pts:378.044 dur:41.000ms, clock:369.540 level:88
2022-11-07 21:00:02.680 T:3787 DEBUG : CVideoPlayerVideo::OutputPicture - ttd:448ms pts:369.953 Clock:369.505 Level:6
2022-11-07 21:00:02.682 T:3784 DEBUG : CVideoPlayer::ProcessVideoData size:25763 dts:378.044 pts:378.253 dur:41.000ms, clock:369.543 level:89
2022-11-07 21:00:02.682 T:3784 DEBUG : CVideoPlayer::ProcessVideoData size:10688 dts:378.086 pts:378.169 dur:41.000ms, clock:369.543 level:89
2022-11-07 21:00:02.682 T:3784 DEBUG : CVideoPlayer::ProcessVideoData size:6722 dts:378.128 pts:378.128 dur:41.000ms, clock:369.543 level:90
2022-11-07 21:00:02.683 T:3784 DEBUG : CVideoPlayer::ProcessVideoData size:5916 dts:378.169 pts:378.211 dur:41.000ms, clock:369.544 level:90
2022-11-07 21:00:02.722 T:3787 DEBUG : CVideoPlayerVideo::OutputPicture - ttd:452ms pts:369.995 Clock:369.543 Level:6
2022-11-07 21:00:02.761 T:3787 DEBUG : CVideoPlayerVideo::OutputPicture - ttd:451ms pts:370.036 Clock:369.585 Level:6
2022-11-07 21:00:02.808 T:3787 DEBUG : CVideoPlayerVideo::OutputPicture - ttd:408ms pts:370.078 Clock:369.669 Level:6
2022-11-07 21:00:02.841 T:3681 DEBUG : PushCecKeypress - received key b duration 0
2022-11-07 21:00:02.848 T:3580 DEBUG : HandleKey: 11 (0x0b, obc244) pressed, action is OSD
2022-11-07 21:00:02.848 T:3580 DEBUG : ------ Window Init (VideoOSD.xml) ------
2022-11-07 21:00:02.849 T:3580 DEBUG : ------ Window Init (DialogSeekBar.xml) ------
2022-11-07 21:00:02.854 T:3787 DEBUG : CVideoPlayerVideo::OutputPicture - ttd:449ms pts:370.120 Clock:369.670 Level:6
2022-11-07 21:00:02.884 T:3580 DEBUG : ------ Window Init (Custom_1109_TopBarOverlay.xml) ------
2022-11-07 21:00:02.894 T:3805 DEBUG : Thread AlarmClock start, auto delete: false
2022-11-07 21:00:02.894 T:3580 DEBUG : started alarm with name: seekbartimer
2022-11-07 21:00:02.897 T:3787 DEBUG : CVideoPlayerVideo::OutputPicture - ttd:444ms pts:370.161 Clock:369.716 Level:6
2022-11-07 21:00:02.909 T:3681 DEBUG : PushCecKeypress - received key b duration 68
2022-11-07 21:00:02.927 T:3784 DEBUG : CVideoPlayer::ProcessVideoData size:27108 dts:378.211 pts:378.420 dur:41.000ms, clock:369.788 level:89
2022-11-07 21:00:02.927 T:3784 DEBUG : CVideoPlayer::ProcessVideoData size:10343 dts:378.253 pts:378.336 dur:41.000ms, clock:369.789 level:89
2022-11-07 21:00:02.928 T:3784 DEBUG : CVideoPlayer::ProcessVideoData size:6290 dts:378.295 pts:378.295 dur:41.000ms, clock:369.789 level:90
2022-11-07 21:00:02.928 T:3784 DEBUG : CVideoPlayer::ProcessVideoData size:6735 dts:378.336 pts:378.378 dur:41.000ms, clock:369.789 level:90
2022-11-07 21:00:02.935 T:3787 DEBUG : CVideoPlayerVideo::OutputPicture - ttd:444ms pts:370.203 Clock:369.759 Level:6
2022-11-07 21:00:02.976 T:3787 DEBUG : CVideoPlayerVideo::OutputPicture - ttd:407ms pts:370.245 Clock:369.837 Level:6
2022-11-07 21:00:03.012 T:3787 DEBUG : CVideoPlayerVideo::OutputPicture - ttd:448ms pts:370.287 Clock:369.839 Level:6
2022-11-07 21:00:03.055 T:3787 DEBUG : CVideoPlayerVideo::OutputPicture - ttd:447ms pts:370.328 Clock:369.881 Level:6
2022-11-07 21:00:03.096 T:3787 DEBUG : CVideoPlayerVideo::OutputPicture - ttd:452ms pts:370.370 Clock:369.917 Level:6
2022-11-07 21:00:03.144 T:3787 DEBUG : CVideoPlayerVideo::OutputPicture - ttd:406ms pts:370.412 Clock:370.006 Level:6
2022-11-07 21:00:03.173 T:3784 DEBUG : CVideoPlayer::ProcessVideoData size:33552 dts:378.378 pts:378.587 dur:41.000ms, clock:370.034 level:87
2022-11-07 21:00:03.173 T:3784 DEBUG : CVideoPlayer::ProcessVideoData size:11975 dts:378.420 pts:378.503 dur:41.000ms, clock:370.034 level:87
2022-11-07 21:00:03.173 T:3784 DEBUG : CVideoPlayer::ProcessVideoData size:7053 dts:378.461 pts:378.461 dur:41.000ms, clock:370.034 level:88
2022-11-07 21:00:03.173 T:3784 DEBUG : CVideoPlayer::ProcessVideoData size:5837 dts:378.503 pts:378.545 dur:41.000ms, clock:370.034 level:88
2022-11-07 21:00:03.174 T:3784 DEBUG : CVideoPlayer::ProcessVideoData size:27664 dts:378.545 pts:378.753 dur:41.000ms, clock:370.035 level:89
2022-11-07 21:00:03.174 T:3784 DEBUG : CVideoPlayer::ProcessVideoData size:12162 dts:378.587 pts:378.670 dur:41.000ms, clock:370.035 level:89
2022-11-07 21:00:03.174 T:3784 DEBUG : CVideoPlayer::ProcessVideoData size:6034 dts:378.628 pts:378.628 dur:41.000ms, clock:370.036 level:90
2022-11-07 21:00:03.176 T:3784 DEBUG : CVideoPlayer::ProcessVideoData size:6022 dts:378.670 pts:378.712 dur:41.000ms, clock:370.037 level:90
2022-11-07 21:00:03.180 T:3787 DEBUG : CVideoPlayerVideo::OutputPicture - ttd:446ms pts:370.453 Clock:370.007 Level:6
2022-11-07 21:00:03.222 T:3787 DEBUG : CVideoPlayerVideo::OutputPicture - ttd:447ms pts:370.495 Clock:370.047 Level:6
2022-11-07 21:00:03.263 T:3787 DEBUG : CVideoPlayerVideo::OutputPicture - ttd:452ms pts:370.537 Clock:370.084 Level:6
2022-11-07 21:00:03.278 T:3784 DEBUG : CVideoPlayer::ProcessVideoData size:21341 dts:378.712 pts:378.837 dur:41.000ms, clock:370.139 level:89
2022-11-07 21:00:03.278 T:3784 DEBUG : CVideoPlayer::ProcessVideoData size:6988 dts:378.753 pts:378.795 dur:41.000ms, clock:370.139 level:90
2022-11-07 21:00:03.280 T:3784 DEBUG : CVideoPlayer::ProcessVideoData size:249971 dts:378.795 pts:378.879 dur:41.000ms, clock:370.141 level:90
2022-11-07 21:00:03.306 T:3787 DEBUG : CVideoPlayerVideo::OutputPicture - ttd:412ms pts:370.579 Clock:370.167 Level:6
2022-11-07 21:00:03.346 T:3787 DEBUG : CVideoPlayerVideo::OutputPicture - ttd:451ms pts:370.620 Clock:370.168 Level:6
2022-11-07 21:00:03.388 T:3787 DEBUG : CVideoPlayerVideo::OutputPicture - ttd:447ms pts:370.662 Clock:370.214 Level:6
2022-11-07 21:00:03.430 T:3787 DEBUG : CVideoPlayerVideo::OutputPicture - ttd:453ms pts:370.704 Clock:370.251 Level:6
2022-11-07 21:00:03.478 T:3787 DEBUG : CVideoPlayerVideo::OutputPicture - ttd:405ms pts:370.745 Clock:370.339 Level:6
2022-11-07 21:00:03.513 T:3787 DEBUG : CVideoPlayerVideo::OutputPicture - ttd:446ms pts:370.787 Clock:370.341 Level:6
2022-11-07 21:00:03.525 T:3784 DEBUG : CVideoPlayer::ProcessVideoData size:43277 dts:378.837 pts:379.045 dur:41.000ms, clock:370.386 level:88
2022-11-07 21:00:03.525 T:3784 DEBUG : CVideoPlayer::ProcessVideoData size:12942 dts:378.879 pts:378.962 dur:41.000ms, clock:370.386 level:89
2022-11-07 21:00:03.526 T:3784 DEBUG : CVideoPlayer::ProcessVideoData size:7856 dts:378.920 pts:378.920 dur:41.000ms, clock:370.387 level:89
2022-11-07 21:00:03.526 T:3784 DEBUG : CVideoPlayer::ProcessVideoData size:7506 dts:378.962 pts:379.004 dur:41.000ms, clock:370.387 level:90
2022-11-07 21:00:03.561 T:3787 DEBUG : CVideoPlayerVideo::OutputPicture - ttd:453ms pts:370.829 Clock:370.376 Level:6
2022-11-07 21:00:03.597 T:3787 DEBUG : CVideoPlayerVideo::OutputPicture - ttd:447ms pts:370.871 Clock:370.424 Level:6
2022-11-07 21:00:03.644 T:3787 DEBUG : CVideoPlayerVideo::OutputPicture - ttd:407ms pts:370.912 Clock:370.505 Level:6
2022-11-07 21:00:03.680 T:3787 DEBUG : CVideoPlayerVideo::OutputPicture - ttd:447ms pts:370.954 Clock:370.506 Level:6
2022-11-07 21:00:03.691 T:3681 DEBUG : PushCecKeypress - received key a9 duration 0
2022-11-07 21:00:03.721 T:3580 DEBUG : HandleKey: 169 (0xa9, obc86) pressed, action is Left
2022-11-07 21:00:03.724 T:3787 DEBUG : CVideoPlayerVideo::OutputPicture - ttd:453ms pts:370.996 Clock:370.543 Level:6
2022-11-07 21:00:03.759 T:3681 DEBUG : PushCecKeypress - received key a9 duration 68
2022-11-07 21:00:03.766 T:3787 DEBUG : CVideoPlayerVideo::OutputPicture - ttd:450ms pts:371.037 Clock:370.587 Level:6
2022-11-07 21:00:03.773 T:3784 DEBUG : CVideoPlayer::ProcessVideoData size:42948 dts:379.004 pts:379.212 dur:41.000ms, clock:370.634 level:88
2022-11-07 21:00:03.773 T:3784 DEBUG : CVideoPlayer::ProcessVideoData size:12538 dts:379.045 pts:379.129 dur:41.000ms, clock:370.634 level:89
2022-11-07 21:00:03.774 T:3784 DEBUG : CVideoPlayer::ProcessVideoData size:7615 dts:379.087 pts:379.087 dur:41.000ms, clock:370.635 level:89
2022-11-07 21:00:03.774 T:3784 DEBUG : CVideoPlayer::ProcessVideoData size:6858 dts:379.129 pts:379.170 dur:41.000ms, clock:370.635 level:90
2022-11-07 21:00:03.776 T:3784 DEBUG : CVideoPlayer::ProcessVideoData size:38560 dts:379.170 pts:379.379 dur:41.000ms, clock:370.637 level:90
2022-11-07 21:00:03.776 T:3784 DEBUG : CVideoPlayer::ProcessVideoData size:11423 dts:379.212 pts:379.296 dur:41.000ms, clock:370.637 level:91
2022-11-07 21:00:03.776 T:3784 DEBUG : CVideoPlayer::ProcessVideoData size:6940 dts:379.254 pts:379.254 dur:41.000ms, clock:370.637 level:91
2022-11-07 21:00:03.777 T:3784 DEBUG : CVideoPlayer::ProcessVideoData size:6826 dts:379.296 pts:379.337 dur:41.000ms, clock:370.638 level:92
2022-11-07 21:00:03.811 T:3787 DEBUG : CVideoPlayerVideo::OutputPicture - ttd:406ms pts:371.079 Clock:370.672 Level:6
2022-11-07 21:00:03.847 T:3787 DEBUG : CVideoPlayerVideo::OutputPicture - ttd:447ms pts:371.121 Clock:370.674 Level:6
2022-11-07 21:00:03.889 T:3787 DEBUG : CVideoPlayerVideo::OutputPicture - ttd:452ms pts:371.162 Clock:370.710 Level:6
2022-11-07 21:00:03.931 T:3787 DEBUG : CVideoPlayerVideo::OutputPicture - ttd:452ms pts:371.204 Clock:370.752 Level:6
2022-11-07 21:00:03.978 T:3787 DEBUG : CVideoPlayerVideo::OutputPicture - ttd:407ms pts:371.246 Clock:370.839 Level:6
2022-11-07 21:00:04.014 T:3787 DEBUG : CVideoPlayerVideo::OutputPicture - ttd:447ms pts:371.288 Clock:370.840 Level:6
2022-11-07 21:00:04.022 T:3784 DEBUG : CVideoPlayer::ProcessVideoData size:39828 dts:379.337 pts:379.546 dur:41.000ms, clock:370.883 level:88
2022-11-07 21:00:04.022 T:3784 DEBUG : CVideoPlayer::ProcessVideoData size:11733 dts:379.379 pts:379.462 dur:41.000ms, clock:370.883 level:89
2022-11-07 21:00:04.022 T:3784 DEBUG : CVideoPlayer::ProcessVideoData size:6418 dts:379.421 pts:379.421 dur:41.000ms, clock:370.883 level:89
2022-11-07 21:00:04.022 T:3784 DEBUG : CVideoPlayer::ProcessVideoData size:6945 dts:379.462 pts:379.504 dur:41.000ms, clock:370.883 level:90
2022-11-07 21:00:04.056 T:3787 DEBUG : CVideoPlayerVideo::OutputPicture - ttd:452ms pts:371.329 Clock:370.877 Level:6
2022-11-07 21:00:04.065 T:3681 DEBUG : PushCecKeypress - received key a9 duration 0
2022-11-07 21:00:04.094 T:3580 DEBUG : HandleKey: 169 (0xa9, obc86) pressed, action is Left
2022-11-07 21:00:04.100 T:3787 DEBUG : CVideoPlayerVideo::OutputPicture - ttd:452ms pts:371.371 Clock:370.918 Level:6
2022-11-07 21:00:04.132 T:3681 DEBUG : PushCecKeypress - received key a9 duration 68
2022-11-07 21:00:04.141 T:3787 DEBUG : CVideoPlayerVideo::OutputPicture - ttd:411ms pts:371.413 Clock:371.002 Level:6
2022-11-07 21:00:04.180 T:3787 DEBUG : CVideoPlayerVideo::OutputPicture - ttd:450ms pts:371.454 Clock:371.003 Level:6
2022-11-07 21:00:04.223 T:3787 DEBUG : CVideoPlayerVideo::OutputPicture - ttd:453ms pts:371.496 Clock:371.043 Level:6
2022-11-07 21:00:04.268 T:3787 DEBUG : CVideoPlayerVideo::OutputPicture - ttd:452ms pts:371.538 Clock:371.086 Level:6
2022-11-07 21:00:04.278 T:3784 DEBUG : CVideoPlayer::ProcessVideoData size:51434 dts:379.504 pts:379.713 dur:41.000ms, clock:371.139 level:88
2022-11-07 21:00:04.279 T:3784 DEBUG : CVideoPlayer::ProcessVideoData size:12609 dts:379.546 pts:379.629 dur:41.000ms, clock:371.140 level:88
2022-11-07 21:00:04.279 T:3784 DEBUG : CVideoPlayer::ProcessVideoData size:7507 dts:379.588 pts:379.588 dur:41.000ms, clock:371.140 level:89
2022-11-07 21:00:04.279 T:3784 DEBUG : CVideoPlayer::ProcessVideoData size:7600 dts:379.629 pts:379.671 dur:41.000ms, clock:371.140 level:89
2022-11-07 21:00:04.280 T:3784 DEBUG : CVideoPlayer::ProcessVideoData size:41112 dts:379.671 pts:379.880 dur:41.000ms, clock:371.141 level:89
2022-11-07 21:00:04.281 T:3784 DEBUG : CVideoPlayer::ProcessVideoData size:12692 dts:379.713 pts:379.796 dur:41.000ms, clock:371.142 level:90
2022-11-07 21:00:04.281 T:3784 DEBUG : CVideoPlayer::ProcessVideoData size:7562 dts:379.754 pts:379.754 dur:41.000ms, clock:371.142 level:90
2022-11-07 21:00:04.281 T:3784 DEBUG : CVideoPlayer::ProcessVideoData size:7037 dts:379.796 pts:379.838 dur:41.000ms, clock:371.142 level:91
2022-11-07 21:00:04.291 T:3681 DEBUG : PushCecKeypress - received key a9 duration 0
2022-11-07 21:00:04.303 T:3580 DEBUG : HandleKey: 169 (0xa9, obc86) pressed, action is Left
2022-11-07 21:00:04.311 T:3787 DEBUG : CVideoPlayerVideo::OutputPicture - ttd:408ms pts:371.580 Clock:371.172 Level:6
2022-11-07 21:00:04.348 T:3787 DEBUG : CVideoPlayerVideo::OutputPicture - ttd:447ms pts:371.621 Clock:371.173 Level:6
2022-11-07 21:00:04.358 T:3681 DEBUG : PushCecKeypress - received key a9 duration 68
2022-11-07 21:00:04.389 T:3787 DEBUG : CVideoPlayerVideo::OutputPicture - ttd:447ms pts:371.663 Clock:371.216 Level:6
2022-11-07 21:00:04.431 T:3787 DEBUG : CVideoPlayerVideo::OutputPicture - ttd:453ms pts:371.705 Clock:371.252 Level:6
2022-11-07 21:00:04.479 T:3787 DEBUG : CPtsTracker: detected pattern of length 1: 41708.33, frameduration: 41708.333333
2022-11-07 21:00:04.479 T:3787 DEBUG : CVideoPlayerVideo::OutputPicture - ttd:405ms pts:371.746 Clock:371.341 Level:6
2022-11-07 21:00:04.514 T:3787 DEBUG : CVideoPlayerVideo::OutputPicture - ttd:446ms pts:371.788 Clock:371.342 Level:6
2022-11-07 21:00:04.522 T:3784 DEBUG : CVideoPlayer::ProcessVideoData size:38306 dts:379.838 pts:380.046 dur:41.000ms, clock:371.383 level:88
2022-11-07 21:00:04.523 T:3784 DEBUG : CVideoPlayer::ProcessVideoData size:12508 dts:379.880 pts:379.963 dur:41.000ms, clock:371.384 level:89
2022-11-07 21:00:04.524 T:3784 DEBUG : CVideoPlayer::ProcessVideoData size:6869 dts:379.921 pts:379.921 dur:41.000ms, clock:371.385 level:89
2022-11-07 21:00:04.524 T:3784 DEBUG : CVideoPlayer::ProcessVideoData size:6327 dts:379.963 pts:380.005 dur:41.000ms, clock:371.385 level:90
2022-11-07 21:00:04.556 T:3787 DEBUG : CVideoPlayerVideo::OutputPicture - ttd:453ms pts:371.830 Clock:371.377 Level:6
2022-11-07 21:00:04.597 T:3787 DEBUG : CVideoPlayerVideo::OutputPicture - ttd:453ms pts:371.872 Clock:371.418 Level:6
2022-11-07 21:00:04.645 T:3787 DEBUG : CVideoPlayerVideo::OutputPicture - ttd:407ms pts:371.913 Clock:371.506 Level:6
2022-11-07 21:00:04.681 T:3787 DEBUG : CVideoPlayerVideo::OutputPicture - ttd:447ms pts:371.955 Clock:371.507 Level:6
2022-11-07 21:00:04.723 T:3787 DEBUG : CVideoPlayerVideo::OutputPicture - ttd:448ms pts:371.997 Clock:371.549 Level:6
2022-11-07 21:00:04.764 T:3787 DEBUG : CVideoPlayerVideo::OutputPicture - ttd:452ms pts:372.038 Clock:371.585 Level:6
2022-11-07 21:00:04.780 T:3784 DEBUG : CVideoPlayer::ProcessVideoData size:39113 dts:380.005 pts:380.213 dur:41.000ms, clock:371.641 level:87
2022-11-07 21:00:04.780 T:3784 DEBUG : CVideoPlayer::ProcessVideoData size:12728 dts:380.046 pts:380.130 dur:41.000ms, clock:371.641 level:87
2022-11-07 21:00:04.780 T:3784 DEBUG : CVideoPlayer::ProcessVideoData size:6725 dts:380.088 pts:380.088 dur:41.000ms, clock:371.641 level:88
2022-11-07 21:00:04.780 T:3784 DEBUG : CVideoPlayer::ProcessVideoData size:7198 dts:380.130 pts:380.171 dur:41.000ms, clock:371.641 level:88
2022-11-07 21:00:04.781 T:3784 DEBUG : CVideoPlayer::ProcessVideoData size:37840 dts:380.171 pts:380.380 dur:41.000ms, clock:371.642 level:89
2022-11-07 21:00:04.782 T:3784 DEBUG : CVideoPlayer::ProcessVideoData size:13967 dts:380.213 pts:380.297 dur:41.000ms, clock:371.643 level:89
2022-11-07 21:00:04.782 T:3784 DEBUG : CVideoPlayer::ProcessVideoData size:7662 dts:380.255 pts:380.255 dur:41.000ms, clock:371.643 level:90
2022-11-07 21:00:04.782 T:3784 DEBUG : CVideoPlayer::ProcessVideoData size:7874 dts:380.297 pts:380.338 dur:41.000ms, clock:371.643 level:90
2022-11-07 21:00:04.811 T:3787 DEBUG : CVideoPlayerVideo::OutputPicture - ttd:411ms pts:372.080 Clock:371.669 Level:6
2022-11-07 21:00:04.851 T:3787 DEBUG : CVideoPlayerVideo::OutputPicture - ttd:448ms pts:372.122 Clock:371.674 Level:6
2022-11-07 21:00:04.890 T:3787 DEBUG : CVideoPlayerVideo::OutputPicture - ttd:449ms pts:372.163 Clock:371.713 Level:6
2022-11-07 21:00:04.931 T:3787 DEBUG : CVideoPlayerVideo::OutputPicture - ttd:452ms pts:372.205 Clock:371.752 Level:6
2022-11-07 21:00:04.979 T:3787 DEBUG : CVideoPlayerVideo::OutputPicture - ttd:406ms pts:372.247 Clock:371.840 Level:6
2022-11-07 21:00:05.015 T:3787 DEBUG : CVideoPlayerVideo::OutputPicture - ttd:447ms pts:372.289 Clock:371.842 Level:6
2022-11-07 21:00:05.057 T:3787 DEBUG : CVideoPlayerVideo::OutputPicture - ttd:447ms pts:372.330 Clock:371.883 Level:6
2022-11-07 21:00:05.077 T:3784 DEBUG : CVideoPlayer::ProcessVideoData size:34280 dts:380.338 pts:380.505 dur:41.000ms, clock:371.938 level:88
2022-11-07 21:00:05.078 T:3784 DEBUG : CVideoPlayer::ProcessVideoData size:9440 dts:380.380 pts:380.463 dur:41.000ms, clock:371.939 level:88
2022-11-07 21:00:05.078 T:3784 DEBUG : CVideoPlayer::ProcessVideoData size:8793 dts:380.422 pts:380.422 dur:41.000ms, clock:371.939 level:89
2022-11-07 21:00:05.079 T:3784 DEBUG : CVideoPlayer::ProcessVideoData size:33675 dts:380.463 pts:380.630 dur:41.000ms, clock:371.940 level:89
2022-11-07 21:00:05.079 T:3784 DEBUG : CVideoPlayer::ProcessVideoData size:9924 dts:380.505 pts:380.589 dur:41.000ms, clock:371.940 level:90
2022-11-07 21:00:05.080 T:3784 DEBUG : CVideoPlayer::ProcessVideoData size:9769 dts:380.547 pts:380.547 dur:41.000ms, clock:371.941 level:90
2022-11-07 21:00:05.103 T:3787 DEBUG : CVideoPlayerVideo::OutputPicture - ttd:452ms pts:372.372 Clock:371.919 Level:6
2022-11-07 21:00:05.145 T:3787 DEBUG : CVideoPlayerVideo::OutputPicture - ttd:407ms pts:372.414 Clock:372.006 Level:6
2022-11-07 21:00:05.172 T:3784 DEBUG : CVideoPlayer::ProcessVideoData size:30327 dts:380.589 pts:380.797 dur:41.000ms, clock:372.033 level:89
2022-11-07 21:00:05.172 T:3784 DEBUG : CVideoPlayer::ProcessVideoData size:15398 dts:380.630 pts:380.714 dur:41.000ms, clock:372.033 level:90
2022-11-07 21:00:05.172 T:3784 DEBUG : CVideoPlayer::ProcessVideoData size:8935 dts:380.672 pts:380.672 dur:41.000ms, clock:372.033 level:90
2022-11-07 21:00:05.172 T:3784 DEBUG : CVideoPlayer::ProcessVideoData size:8976 dts:380.714 pts:380.755 dur:41.000ms, clock:372.034 level:91
2022-11-07 21:00:05.184 T:3787 DEBUG : CVideoPlayerVideo::OutputPicture - ttd:447ms pts:372.455 Clock:372.007 Level:6
2022-11-07 21:00:05.223 T:3787 DEBUG : CVideoPlayerVideo::OutputPicture - ttd:451ms pts:372.497 Clock:372.046 Level:6
2022-11-07 21:00:05.265 T:3787 DEBUG : CVideoPlayerVideo::OutputPicture - ttd:453ms pts:372.539 Clock:372.086 Level:6
2022-11-07 21:00:05.312 T:3787 DEBUG : CVideoPlayerVideo::OutputPicture - ttd:408ms pts:372.581 Clock:372.173 Level:6
2022-11-07 21:00:05.331 T:3681 DEBUG : PushCecKeypress - received key b duration 0
2022-11-07 21:00:05.350 T:3580 DEBUG : HandleKey: 11 (0x0b, obc244) pressed, action is Select
2022-11-07 21:00:05.352 T:3580 DEBUG : Activating window ID: 11101
2022-11-07 21:00:05.352 T:3580 DEBUG : ------ Window Init (Custom_1101_SettingsList.xml) ------
2022-11-07 21:00:05.352 T:3580 INFO : Loading skin file: Custom_1101_SettingsList.xml, load type: KEEP_IN_MEMORY
2022-11-07 21:00:05.369 T:3787 DEBUG : CVideoPlayerVideo::OutputPicture - ttd:447ms pts:372.622 Clock:372.174 Level:6
2022-11-07 21:00:05.379 T:3784 DEBUG : CVideoPlayer::ProcessVideoData size:20751 dts:380.755 pts:380.922 dur:41.000ms, clock:372.240 level:89
2022-11-07 21:00:05.379 T:3784 DEBUG : CVideoPlayer::ProcessVideoData size:9993 dts:380.797 pts:380.881 dur:41.000ms, clock:372.240 level:90
2022-11-07 21:00:05.379 T:3784 DEBUG : CVideoPlayer::ProcessVideoData size:9213 dts:380.839 pts:380.839 dur:41.000ms, clock:372.240 level:90
2022-11-07 21:00:05.380 T:3784 DEBUG : CVideoPlayer::ProcessVideoData size:22030 dts:380.881 pts:380.964 dur:41.000ms, clock:372.241 level:91
2022-11-07 21:00:05.391 T:3787 DEBUG : CVideoPlayerVideo::OutputPicture - ttd:432ms pts:372.664 Clock:372.231 Level:6
2022-11-07 21:00:05.399 T:3681 DEBUG : PushCecKeypress - received key b duration 68
2022-11-07 21:00:05.433 T:3787 DEBUG : CVideoPlayerVideo::OutputPicture - ttd:453ms pts:372.706 Clock:372.253 Level:6
2022-11-07 21:00:05.480 T:3787 DEBUG : CVideoPlayerVideo::OutputPicture - ttd:406ms pts:372.747 Clock:372.341 Level:6
2022-11-07 21:00:05.515 T:3787 DEBUG : CVideoPlayerVideo::OutputPicture - ttd:446ms pts:372.789 Clock:372.342 Level:6
2022-11-07 21:00:05.558 T:3787 DEBUG : CVideoPlayerVideo::OutputPicture - ttd:448ms pts:372.831 Clock:372.383 Level:6
2022-11-07 21:00:05.600 T:3787 DEBUG : CVideoPlayerVideo::OutputPicture - ttd:452ms pts:372.873 Clock:372.420 Level:6
2022-11-07 21:00:05.624 T:3784 DEBUG : CVideoPlayer::ProcessVideoData size:11078 dts:380.922 pts:381.006 dur:41.000ms, clock:372.485 level:87
2022-11-07 21:00:05.625 T:3784 DEBUG : CVideoPlayer::ProcessVideoData size:11203 dts:380.964 pts:381.047 dur:41.000ms, clock:372.486 level:88
2022-11-07 21:00:05.625 T:3784 DEBUG : CVideoPlayer::ProcessVideoData size:22353 dts:381.006 pts:381.089 dur:41.000ms, clock:372.486 level:88
2022-11-07 21:00:05.626 T:3784 DEBUG : CVideoPlayer::ProcessVideoData size:10799 dts:381.047 pts:381.131 dur:41.000ms, clock:372.487 level:89
2022-11-07 21:00:05.626 T:3784 DEBUG : CVideoPlayer::ProcessVideoData size:10470 dts:381.089 pts:381.172 dur:41.000ms, clock:372.487 level:89
2022-11-07 21:00:05.626 T:3784 DEBUG : CVideoPlayer::ProcessVideoData size:11469 dts:381.131 pts:381.214 dur:41.000ms, clock:372.487 level:90
2022-11-07 21:00:05.648 T:3787 DEBUG : CVideoPlayerVideo::OutputPicture - ttd:405ms pts:372.914 Clock:372.509 Level:6
2022-11-07 21:00:05.683 T:3787 DEBUG : CVideoPlayerVideo::OutputPicture - ttd:445ms pts:372.956 Clock:372.510 Level:6
2022-11-07 21:00:05.726 T:3787 DEBUG : CVideoPlayerVideo::OutputPicture - ttd:447ms pts:372.998 Clock:372.551 Level:6
2022-11-07 21:00:05.767 T:3787 DEBUG : CVideoPlayerVideo::OutputPicture - ttd:449ms pts:373.039 Clock:372.590 Level:6
2022-11-07 21:00:05.809 T:3787 DEBUG : CVideoPlayerVideo::OutputPicture - ttd:411ms pts:373.081 Clock:372.670 Level:6
2022-11-07 21:00:05.850 T:3787 DEBUG : CVideoPlayerVideo::OutputPicture - ttd:451ms pts:373.123 Clock:372.671 Level:6
2022-11-07 21:00:05.871 T:3784 DEBUG : CVideoPlayer::ProcessVideoData size:124339 dts:381.172 pts:381.256 dur:41.000ms, clock:372.732 level:88
2022-11-07 21:00:05.872 T:3784 DEBUG : CVideoPlayer::ProcessVideoData size:19137 dts:381.214 pts:381.423 dur:41.000ms, clock:372.733 level:88
2022-11-07 21:00:05.873 T:3784 DEBUG : CVideoPlayer::ProcessVideoData size:5083 dts:381.256 pts:381.339 dur:41.000ms, clock:372.734 level:89
2022-11-07 21:00:05.873 T:3784 DEBUG : CVideoPlayer::ProcessVideoData size:4188 dts:381.298 pts:381.298 dur:41.000ms, clock:372.734 level:89
2022-11-07 21:00:05.873 T:3784 DEBUG : CVideoPlayer::ProcessVideoData size:4609 dts:381.339 pts:381.381 dur:41.000ms, clock:372.734 level:90
2022-11-07 21:00:05.891 T:3787 DEBUG : CVideoPlayerVideo::OutputPicture - ttd:446ms pts:373.164 Clock:372.718 Level:6
2022-11-07 21:00:05.932 T:3787 DEBUG : CVideoPlayerVideo::OutputPicture - ttd:452ms pts:373.206 Clock:372.753 Level:6
2022-11-07 21:00:05.980 T:3787 DEBUG : CVideoPlayerVideo::OutputPicture - ttd:406ms pts:373.248 Clock:372.841 Level:6
2022-11-07 21:00:06.016 T:3787 DEBUG : CVideoPlayerVideo::OutputPicture - ttd:447ms pts:373.290 Clock:372.843 Level:6
2022-11-07 21:00:06.058 T:3787 DEBUG : CVideoPlayerVideo::OutputPicture - ttd:447ms pts:373.331 Clock:372.883 Level:6
2022-11-07 21:00:06.097 T:3787 DEBUG : CVideoPlayerVideo::OutputPicture - ttd:452ms pts:373.373 Clock:372.920 Level:6
2022-11-07 21:00:06.127 T:3784 DEBUG : CVideoPlayer::ProcessVideoData size:22183 dts:381.381 pts:381.590 dur:41.000ms, clock:372.988 level:87
2022-11-07 21:00:06.128 T:3784 DEBUG : CVideoPlayer::ProcessVideoData size:5866 dts:381.423 pts:381.506 dur:41.000ms, clock:372.989 level:87
2022-11-07 21:00:06.128 T:3784 DEBUG : CVideoPlayer::ProcessVideoData size:4932 dts:381.464 pts:381.464 dur:41.000ms, clock:372.989 level:88
2022-11-07 21:00:06.128 T:3784 DEBUG : CVideoPlayer::ProcessVideoData size:4463 dts:381.506 pts:381.548 dur:41.000ms, clock:372.989 level:88
2022-11-07 21:00:06.129 T:3784 DEBUG : CVideoPlayer::ProcessVideoData size:22726 dts:381.548 pts:381.756 dur:41.000ms, clock:372.990 level:89
2022-11-07 21:00:06.129 T:3784 DEBUG : CVideoPlayer::ProcessVideoData size:6681 dts:381.590 pts:381.673 dur:41.000ms, clock:372.990 level:89
2022-11-07 21:00:06.129 T:3784 DEBUG : CVideoPlayer::ProcessVideoData size:4795 dts:381.631 pts:381.631 dur:41.000ms, clock:372.990 level:90
2022-11-07 21:00:06.129 T:3784 DEBUG : CVideoPlayer::ProcessVideoData size:5065 dts:381.673 pts:381.715 dur:41.000ms, clock:372.990 level:90
2022-11-07 21:00:06.145 T:3787 DEBUG : CVideoPlayerVideo::OutputPicture - ttd:409ms pts:373.415 Clock:373.006 Level:6
2022-11-07 21:00:06.180 T:3787 DEBUG : CVideoPlayerVideo::OutputPicture - ttd:449ms pts:373.456 Clock:373.007 Level:6
2022-11-07 21:00:06.222 T:3787 DEBUG : CVideoPlayerVideo::OutputPicture - ttd:450ms pts:373.498 Clock:373.048 Level:6
2022-11-07 21:00:06.264 T:3787 DEBUG : CVideoPlayerVideo::OutputPicture - ttd:455ms pts:373.540 Clock:373.085 Level:6
2022-11-07 21:00:06.315 T:3787 DEBUG : CVideoPlayerVideo::OutputPicture - ttd:405ms pts:373.582 Clock:373.176 Level:6
2022-11-07 21:00:06.350 T:3787 DEBUG : CVideoPlayerVideo::OutputPicture - ttd:445ms pts:373.623 Clock:373.178 Level:6
2022-11-07 21:00:06.380 T:3784 DEBUG : CVideoPlayer::ProcessVideoData size:25807 dts:381.715 pts:381.923 dur:41.000ms, clock:373.241 level:89
2022-11-07 21:00:06.381 T:3784 DEBUG : CVideoPlayer::ProcessVideoData size:7480 dts:381.756 pts:381.840 dur:41.000ms, clock:373.242 level:89
2022-11-07 21:00:06.381 T:3784 DEBUG : CVideoPlayer::ProcessVideoData size:5350 dts:381.798 pts:381.798 dur:41.000ms, clock:373.242 level:90
2022-11-07 21:00:06.381 T:3784 DEBUG : CVideoPlayer::ProcessVideoData size:5380 dts:381.840 pts:381.882 dur:41.000ms, clock:373.242 level:90
2022-11-07 21:00:06.392 T:3787 DEBUG : CVideoPlayerVideo::OutputPicture - ttd:452ms pts:373.665 Clock:373.212 Level:6
2022-11-07 21:00:06.432 T:3787 DEBUG : CVideoPlayerVideo::OutputPicture - ttd:452ms pts:373.707 Clock:373.254 Level:6
2022-11-07 21:00:06.435 T:3681 DEBUG : PushCecKeypress - received key b duration 0
2022-11-07 21:00:06.472 T:3580 DEBUG : HandleKey: 11 (0x0b, obc244) pressed, action is Select
2022-11-07 21:00:06.472 T:3580 DEBUG : Activating window ID: 10124
2022-11-07 21:00:06.473 T:3580 DEBUG : ------ Window Init (DialogSettings.xml) ------
2022-11-07 21:00:06.473 T:3580 DEBUG : requested setting (audio.volume) was not found.
2022-11-07 21:00:06.473 T:3580 DEBUG : requested setting (audio.volumeamplification) was not found.
2022-11-07 21:00:06.473 T:3580 DEBUG : requested setting (audio.centermixlevel) was not found.
2022-11-07 21:00:06.473 T:3580 DEBUG : requested setting (audio.delay) was not found.
2022-11-07 21:00:06.473 T:3580 DEBUG : requested setting (audio.stream) was not found.
2022-11-07 21:00:06.473 T:3580 DEBUG : requested setting (audio.digitalanalog) was not found.
2022-11-07 21:00:06.473 T:3580 DEBUG : requested setting (audio.makedefault) was not found.
2022-11-07 21:00:06.480 T:3787 DEBUG : CVideoPlayerVideo::OutputPicture - ttd:407ms pts:373.748 Clock:373.340 Level:6
2022-11-07 21:00:06.500 T:3681 DEBUG : PushCecKeypress - received key b duration 64
2022-11-07 21:00:06.517 T:3787 DEBUG : CVideoPlayerVideo::OutputPicture - ttd:447ms pts:373.790 Clock:373.342 Level:6
2022-11-07 21:00:06.559 T:3787 DEBUG : CVideoPlayerVideo::OutputPicture - ttd:452ms pts:373.832 Clock:373.379 Level:6
2022-11-07 21:00:06.600 T:3787 DEBUG : CVideoPlayerVideo::OutputPicture - ttd:452ms pts:373.874 Clock:373.422 Level:6
2022-11-07 21:00:06.647 T:3787 DEBUG : CVideoPlayerVideo::OutputPicture - ttd:406ms pts:373.915 Clock:373.508 Level:6
2022-11-07 21:00:06.681 T:3784 DEBUG : CVideoPlayer::ProcessVideoData size:33738 dts:381.882 pts:382.090 dur:41.000ms, clock:373.542 level:87
2022-11-07 21:00:06.681 T:3784 DEBUG : CVideoPlayer::ProcessVideoData size:8491 dts:381.923 pts:382.007 dur:41.000ms, clock:373.542 level:87
2022-11-07 21:00:06.682 T:3784 DEBUG : CVideoPlayer::ProcessVideoData size:5834 dts:381.965 pts:381.965 dur:41.000ms, clock:373.543 level:88
2022-11-07 21:00:06.682 T:3784 DEBUG : CVideoPlayer::ProcessVideoData size:5158 dts:382.007 pts:382.048 dur:41.000ms, clock:373.543 level:88
2022-11-07 21:00:06.683 T:3784 DEBUG : CVideoPlayer::ProcessVideoData size:23682 dts:382.048 pts:382.257 dur:41.000ms, clock:373.544 level:89
2022-11-07 21:00:06.683 T:3784 DEBUG : CVideoPlayer::ProcessVideoData size:6619 dts:382.090 pts:382.173 dur:41.000ms, clock:373.544 level:89
2022-11-07 21:00:06.683 T:3784 DEBUG : CVideoPlayer::ProcessVideoData size:4805 dts:382.132 pts:382.132 dur:41.000ms, clock:373.544 level:90
2022-11-07 21:00:06.683 T:3784 DEBUG : CVideoPlayer::ProcessVideoData size:4872 dts:382.173 pts:382.215 dur:41.000ms, clock:373.544 level:90
2022-11-07 21:00:06.690 T:3787 DEBUG : CVideoPlayerVideo::OutputPicture - ttd:447ms pts:373.957 Clock:373.510 Level:6
2022-11-07 21:00:06.726 T:3787 DEBUG : CVideoPlayerVideo::OutputPicture - ttd:446ms pts:373.999 Clock:373.553 Level:6
2022-11-07 21:00:06.767 T:3787 DEBUG : CVideoPlayerVideo::OutputPicture - ttd:451ms pts:374.040 Clock:373.588 Level:6
2022-11-07 21:00:06.815 T:3787 DEBUG : CVideoPlayerVideo::OutputPicture - ttd:406ms pts:374.082 Clock:373.676 Level:6
2022-11-07 21:00:06.851 T:3787 DEBUG : CVideoPlayerVideo::OutputPicture - ttd:447ms pts:374.124 Clock:373.677 Level:6
2022-11-07 21:00:06.893 T:3787 DEBUG : CVideoPlayerVideo::OutputPicture - ttd:451ms pts:374.165 Clock:373.714 Level:6
2022-11-07 21:00:06.929 T:3784 DEBUG : CVideoPlayer::ProcessVideoData size:22762 dts:382.215 pts:382.424 dur:41.000ms, clock:373.790 level:89
2022-11-07 21:00:06.929 T:3784 DEBUG : CVideoPlayer::ProcessVideoData size:6947 dts:382.257 pts:382.340 dur:41.000ms, clock:373.790 level:89
2022-11-07 21:00:06.929 T:3784 DEBUG : CVideoPlayer::ProcessVideoData size:4966 dts:382.299 pts:382.299 dur:41.000ms, clock:373.790 level:90
2022-11-07 21:00:06.929 T:3784 DEBUG : CVideoPlayer::ProcessVideoData size:5215 dts:382.340 pts:382.382 dur:41.000ms, clock:373.791 level:90
2022-11-07 21:00:06.934 T:3787 DEBUG : CVideoPlayerVideo::OutputPicture - ttd:451ms pts:374.207 Clock:373.755 Level:6
2022-11-07 21:00:06.982 T:3787 DEBUG : CVideoPlayerVideo::OutputPicture - ttd:406ms pts:374.249 Clock:373.843 Level:6
2022-11-07 21:00:07.017 T:3787 DEBUG : CVideoPlayerVideo::OutputPicture - ttd:447ms pts:374.291 Clock:373.844 Level:6
2022-11-07 21:00:07.059 T:3787 DEBUG : CVideoPlayerVideo::OutputPicture - ttd:447ms pts:374.332 Clock:373.885 Level:6
2022-11-07 21:00:07.100 T:3787 DEBUG : CVideoPlayerVideo::OutputPicture - ttd:452ms pts:374.374 Clock:373.921 Level:6
2022-11-07 21:00:07.148 T:3787 DEBUG : CVideoPlayerVideo::OutputPicture - ttd:406ms pts:374.416 Clock:374.009 Level:6
2022-11-07 21:00:07.176 T:3784 DEBUG : CVideoPlayer::ProcessVideoData size:23176 dts:382.382 pts:382.591 dur:41.000ms, clock:374.037 level:87
2022-11-07 21:00:07.176 T:3784 DEBUG : CVideoPlayer::ProcessVideoData size:7292 dts:382.424 pts:382.507 dur:41.000ms, clock:374.037 level:87
2022-11-07 21:00:07.176 T:3784 DEBUG : CVideoPlayer::ProcessVideoData size:5424 dts:382.465 pts:382.465 dur:41.000ms, clock:374.037 level:88
2022-11-07 21:00:07.176 T:3784 DEBUG : CVideoPlayer::ProcessVideoData size:5428 dts:382.507 pts:382.549 dur:41.000ms, clock:374.037 level:88
2022-11-07 21:00:07.177 T:3784 DEBUG : CVideoPlayer::ProcessVideoData size:30705 dts:382.549 pts:382.757 dur:41.000ms, clock:374.038 level:89
2022-11-07 21:00:07.178 T:3784 DEBUG : CVideoPlayer::ProcessVideoData size:11149 dts:382.591 pts:382.674 dur:41.000ms, clock:374.039 level:89
2022-11-07 21:00:07.178 T:3784 DEBUG : CVideoPlayer::ProcessVideoData size:6392 dts:382.632 pts:382.632 dur:41.000ms, clock:374.039 level:90
2022-11-07 21:00:07.178 T:3784 DEBUG : CVideoPlayer::ProcessVideoData size:7741 dts:382.674 pts:382.716 dur:41.000ms, clock:374.039 level:90
2022-11-07 21:00:07.183 T:3787 DEBUG : CVideoPlayerVideo::OutputPicture - ttd:446ms pts:374.457 Clock:374.011 Level:6
2022-11-07 21:00:07.225 T:3787 DEBUG : CVideoPlayerVideo::OutputPicture - ttd:448ms pts:374.499 Clock:374.051 Level:6
2022-11-07 21:00:07.267 T:3787 DEBUG : CVideoPlayerVideo::OutputPicture - ttd:453ms pts:374.541 Clock:374.087 Level:6
2022-11-07 21:00:07.315 T:3787 DEBUG : CVideoPlayerVideo::OutputPicture - ttd:407ms pts:374.583 Clock:374.176 Level:6
2022-11-07 21:00:07.351 T:3787 DEBUG : CVideoPlayerVideo::OutputPicture - ttd:446ms pts:374.624 Clock:374.177 Level:6
2022-11-07 21:00:07.393 T:3787 DEBUG : CVideoPlayerVideo::OutputPicture - ttd:452ms pts:374.666 Clock:374.213 Level:6
2022-11-07 21:00:07.424 T:3784 DEBUG : CVideoPlayer::ProcessVideoData size:35000 dts:382.716 pts:382.924 dur:41.000ms, clock:374.286 level:89
2022-11-07 21:00:07.425 T:3784 DEBUG : CVideoPlayer::ProcessVideoData size:14298 dts:382.757 pts:382.841 dur:41.000ms, clock:374.286 level:89
2022-11-07 21:00:07.425 T:3784 DEBUG : CVideoPlayer::ProcessVideoData size:8634 dts:382.799 pts:382.799 dur:41.000ms, clock:374.286 level:90
2022-11-07 21:00:07.425 T:3784 DEBUG : CVideoPlayer::ProcessVideoData size:9560 dts:382.841 pts:382.883 dur:41.000ms, clock:374.286 level:90
2022-11-07 21:00:07.434 T:3787 DEBUG : CVideoPlayerVideo::OutputPicture - ttd:453ms pts:374.708 Clock:374.255 Level:6
2022-11-07 21:00:07.481 T:3787 DEBUG : CVideoPlayerVideo::OutputPicture - ttd:406ms pts:374.749 Clock:374.342 Level:6
2022-11-07 21:00:07.517 T:3787 DEBUG : CVideoPlayerVideo::OutputPicture - ttd:447ms pts:374.791 Clock:374.344 Level:6
2022-11-07 21:00:07.559 T:3787 DEBUG : CVideoPlayerVideo::OutputPicture - ttd:448ms pts:374.833 Clock:374.385 Level:6
2022-11-07 21:00:07.600 T:3787 DEBUG : CVideoPlayerVideo::OutputPicture - ttd:453ms pts:374.875 Clock:374.422 Level:6
2022-11-07 21:00:07.645 T:3787 DEBUG : CVideoPlayerVideo::OutputPicture - ttd:410ms pts:374.916 Clock:374.506 Level:6
2022-11-07 21:00:07.671 T:3784 DEBUG : CVideoPlayer::ProcessVideoData size:29644 dts:382.883 pts:383.091 dur:41.000ms, clock:374.532 level:87
2022-11-07 21:00:07.671 T:3784 DEBUG : CVideoPlayer::ProcessVideoData size:10324 dts:382.924 pts:383.008 dur:41.000ms, clock:374.532 level:87
2022-11-07 21:00:07.671 T:3784 DEBUG : CVideoPlayer::ProcessVideoData size:8346 dts:382.966 pts:382.966 dur:41.000ms, clock:374.532 level:88
2022-11-07 21:00:07.671 T:3784 DEBUG : CVideoPlayer::ProcessVideoData size:7585 dts:383.008 pts:383.049 dur:41.000ms, clock:374.532 level:88
2022-11-07 21:00:07.672 T:3784 DEBUG : CVideoPlayer::ProcessVideoData size:33158 dts:383.049 pts:383.258 dur:41.000ms, clock:374.533 level:89
2022-11-07 21:00:07.673 T:3784 DEBUG : CVideoPlayer::ProcessVideoData size:13870 dts:383.091 pts:383.174 dur:41.000ms, clock:374.534 level:89
2022-11-07 21:00:07.673 T:3784 DEBUG : CVideoPlayer::ProcessVideoData size:8160 dts:383.133 pts:383.133 dur:41.000ms, clock:374.534 level:90
2022-11-07 21:00:07.673 T:3784 DEBUG : CVideoPlayer::ProcessVideoData size:8848 dts:383.174 pts:383.216 dur:41.000ms, clock:374.534 level:90
2022-11-07 21:00:07.690 T:3787 DEBUG : CVideoPlayerVideo::OutputPicture - ttd:450ms pts:374.958 Clock:374.507 Level:6
2022-11-07 21:00:07.729 T:3787 DEBUG : CVideoPlayerVideo::OutputPicture - ttd:447ms pts:375.000 Clock:374.552 Level:6
2022-11-07 21:00:07.771 T:3787 DEBUG : CVideoPlayerVideo::OutputPicture - ttd:449ms pts:375.041 Clock:374.591 Level:6
2022-11-07 21:00:07.781 T:3681 DEBUG : PushCecKeypress - received key b duration 0
2022-11-07 21:00:07.806 T:3580 DEBUG : HandleKey: 11 (0x0b, obc244) pressed, action is Select
2022-11-07 21:00:07.814 T:3787 DEBUG : CVideoPlayerVideo::OutputPicture - ttd:408ms pts:375.083 Clock:374.675 Level:6
2022-11-07 21:00:07.827 T:3784 DEBUG : CVideoPlayer::ProcessVideoData size:33793 dts:383.216 pts:383.425 dur:41.000ms, clock:374.688 level:89
2022-11-07 21:00:07.827 T:3784 DEBUG : CVideoPlayer::ProcessVideoData size:14039 dts:383.258 pts:383.341 dur:41.000ms, clock:374.688 level:89
2022-11-07 21:00:07.827 T:3784 DEBUG : CVideoPlayer::ProcessVideoData size:8790 dts:383.300 pts:383.300 dur:41.000ms, clock:374.688 level:90
2022-11-07 21:00:07.828 T:3784 DEBUG : CVideoPlayer::ProcessVideoData size:8391 dts:383.341 pts:383.383 dur:41.000ms, clock:374.689 level:90
2022-11-07 21:00:07.849 T:3681 DEBUG : PushCecKeypress - received key b duration 68
2022-11-07 21:00:07.852 T:3787 DEBUG : CVideoPlayerVideo::OutputPicture - ttd:448ms pts:375.125 Clock:374.676 Level:6
2022-11-07 21:00:07.893 T:3787 DEBUG : CVideoPlayerVideo::OutputPicture - ttd:450ms pts:375.166 Clock:374.715 Level:6
2022-11-07 21:00:07.934 T:3787 DEBUG : CVideoPlayerVideo::OutputPicture - ttd:452ms pts:375.208 Clock:374.755 Level:6
2022-11-07 21:00:07.981 T:3787 DEBUG : CVideoPlayerVideo::OutputPicture - ttd:407ms pts:375.250 Clock:374.842 Level:6
2022-11-07 21:00:08.018 T:3787 DEBUG : CVideoPlayerVideo::OutputPicture - ttd:448ms pts:375.292 Clock:374.844 Level:6
2022-11-07 21:00:08.059 T:3787 DEBUG : CVideoPlayerVideo::OutputPicture - ttd:451ms pts:375.333 Clock:374.881 Level:6
2022-11-07 21:00:08.075 T:3784 DEBUG : CVideoPlayer::ProcessVideoData size:32103 dts:383.383 pts:383.592 dur:41.000ms, clock:374.936 level:89
2022-11-07 21:00:08.075 T:3784 DEBUG : CVideoPlayer::ProcessVideoData size:12797 dts:383.425 pts:383.508 dur:41.000ms, clock:374.936 level:89
2022-11-07 21:00:08.075 T:3784 DEBUG : CVideoPlayer::ProcessVideoData size:7971 dts:383.466 pts:383.466 dur:41.000ms, clock:374.936 level:90
