2025-01-02 17:04:55.416 T:5176 debug : CVideoPlayerVideo::OutputPicture - ttd:362ms pts:27.880 Clock:27.517 Level:14
2025-01-02 17:04:55.436 T:5176 debug : CVideoPlayerVideo::OutputPicture - ttd:362ms pts:27.900 Clock:27.538 Level:14
2025-01-02 17:04:55.451 T:5173 debug : CVideoPlayer::ProcessVideoData size:33469 dts:40.040 pts:40.040 dur:20.000ms, clock:27.552 level:100
2025-01-02 17:04:55.456 T:5176 debug : CVideoPlayerVideo::OutputPicture - ttd:362ms pts:27.920 Clock:27.558 Level:14
2025-01-02 17:04:55.474 T:5176 debug : CVideoPlayerVideo::OutputPicture - ttd:365ms pts:27.940 Clock:27.575 Level:14
2025-01-02 17:04:55.478 T:5173 debug : CVideoPlayer::ProcessVideoData size:24145 dts:40.060 pts:40.060 dur:20.000ms, clock:27.580 level:100
2025-01-02 17:04:55.483 T:5173 debug : CVideoPlayer::ProcessVideoData size:24188 dts:40.080 pts:40.080 dur:20.000ms, clock:27.584 level:100
2025-01-02 17:04:55.487 T:5173 debug : CVideoPlayer::ProcessVideoData size:25920 dts:40.100 pts:40.100 dur:20.000ms, clock:27.589 level:100
2025-01-02 17:04:55.491 T:5176 debug : CVideoPlayerVideo::OutputPicture - ttd:367ms pts:27.960 Clock:27.593 Level:14
2025-01-02 17:04:55.498 T:5173 debug : CVideoPlayer::ProcessVideoData size:26553 dts:40.120 pts:40.120 dur:20.000ms, clock:27.599 level:100
2025-01-02 17:04:55.505 T:5173 debug : CVideoPlayer::ProcessVideoData size:26038 dts:40.140 pts:40.140 dur:20.000ms, clock:27.606 level:100
2025-01-02 17:04:55.509 T:5173 debug : CVideoPlayer::ProcessVideoData size:25683 dts:40.160 pts:40.160 dur:20.000ms, clock:27.611 level:100
2025-01-02 17:04:55.511 T:5176 debug : CVideoPlayerVideo::OutputPicture - ttd:367ms pts:27.980 Clock:27.612 Level:14
2025-01-02 17:04:55.518 T:5173 debug : CVideoPlayer::ProcessVideoData size:25467 dts:40.180 pts:40.180 dur:20.000ms, clock:27.620 level:100
2025-01-02 17:04:55.518 T:5208 debug : Thread Timer 3814715904 terminating
2025-01-02 17:04:55.528 T:4223 debug : Keyboard: scancode: 0x6a, sym: 0x113 (right), unicode: 0x00, modifier: 0x0
2025-01-02 17:04:55.536 T:5176 debug : CVideoPlayerVideo::OutputPicture - ttd:362ms pts:28.000 Clock:27.637 Level:14
2025-01-02 17:04:55.547 T:5173 debug : CVideoPlayer::ProcessVideoData size:26911 dts:40.200 pts:40.200 dur:20.000ms, clock:27.649 level:100
2025-01-02 17:04:55.553 T:5173 debug : CVideoPlayer::ProcessVideoData size:24501 dts:40.220 pts:40.220 dur:20.000ms, clock:27.655 level:100
2025-01-02 17:04:55.563 T:5173 debug : CVideoPlayer::ProcessVideoData size:28773 dts:40.240 pts:40.240 dur:20.000ms, clock:27.665 level:100
2025-01-02 17:04:55.563 T:5176 debug : CVideoPlayerVideo::OutputPicture - ttd:355ms pts:28.020 Clock:27.665 Level:14
2025-01-02 17:04:55.574 T:5173 debug : CVideoPlayer::ProcessVideoData size:32482 dts:40.260 pts:40.260 dur:20.000ms, clock:27.676 level:100
2025-01-02 17:04:55.580 T:5176 debug : CVideoPlayerVideo::OutputPicture - ttd:358ms pts:28.040 Clock:27.681 Level:14
2025-01-02 17:04:55.602 T:5176 debug : CVideoPlayerVideo::OutputPicture - ttd:356ms pts:28.060 Clock:27.704 Level:14
2025-01-02 17:04:55.622 T:5176 debug : CVideoPlayerVideo::OutputPicture - ttd:356ms pts:28.080 Clock:27.724 Level:14
2025-01-02 17:04:55.638 T:5176 debug : CVideoPlayerVideo::OutputPicture - ttd:360ms pts:28.100 Clock:27.740 Level:14
2025-01-02 17:04:55.646 T:5173 debug : CVideoPlayer::ProcessVideoData size:178537 dts:40.280 pts:40.280 dur:20.000ms, clock:27.748 level:100
2025-01-02 17:04:55.657 T:5176 debug : CVideoPlayerVideo::OutputPicture - ttd:361ms pts:28.120 Clock:27.759 Level:14
2025-01-02 17:04:55.678 T:5176 debug : CVideoPlayerVideo::OutputPicture - ttd:360ms pts:28.140 Clock:27.779 Level:14
2025-01-02 17:04:55.686 T:5173 debug : CVideoPlayer::ProcessVideoData size:34506 dts:40.300 pts:40.300 dur:20.000ms, clock:27.788 level:100
2025-01-02 17:04:55.688 T:5173 debug : CVideoPlayer::ProcessVideoData size:34309 dts:40.320 pts:40.320 dur:20.000ms, clock:27.789 level:100
2025-01-02 17:04:55.699 T:5176 debug : CVideoPlayerVideo::OutputPicture - ttd:359ms pts:28.160 Clock:27.800 Level:14
2025-01-02 17:04:55.718 T:5173 debug : CVideoPlayer::ProcessVideoData size:37858 dts:40.340 pts:40.340 dur:20.000ms, clock:27.820 level:100
2025-01-02 17:04:55.724 T:5176 debug : CVideoPlayerVideo::OutputPicture - ttd:354ms pts:28.180 Clock:27.825 Level:14
2025-01-02 17:04:55.724 T:5173 debug : CVideoPlayer::ProcessVideoData size:27194 dts:40.360 pts:40.360 dur:20.000ms, clock:27.826 level:100
2025-01-02 17:04:55.731 T:5173 debug : CVideoPlayer::ProcessVideoData size:28679 dts:40.380 pts:40.380 dur:20.000ms, clock:27.833 level:100
2025-01-02 17:04:55.738 T:5176 debug : CVideoPlayerVideo::OutputPicture - ttd:360ms pts:28.200 Clock:27.839 Level:14
2025-01-02 17:04:55.748 T:5173 debug : CVideoPlayer::ProcessVideoData size:37287 dts:40.400 pts:40.400 dur:20.000ms, clock:27.849 level:100
2025-01-02 17:04:55.760 T:5176 debug : CVideoPlayerVideo::OutputPicture - ttd:358ms pts:28.220 Clock:27.861 Level:14
2025-01-02 17:04:55.762 T:5173 debug : CVideoPlayer::ProcessVideoData size:35812 dts:40.420 pts:40.420 dur:20.000ms, clock:27.863 level:100
2025-01-02 17:04:55.771 T:5173 debug : CVideoPlayer::ProcessVideoData size:27826 dts:40.440 pts:40.440 dur:20.000ms, clock:27.873 level:100
2025-01-02 17:04:55.777 T:5173 debug : CVideoPlayer::ProcessVideoData size:28697 dts:40.460 pts:40.460 dur:20.000ms, clock:27.879 level:100
2025-01-02 17:04:55.782 T:5176 debug : CVideoPlayerVideo::OutputPicture - ttd:356ms pts:28.240 Clock:27.884 Level:14
2025-01-02 17:04:55.799 T:5176 debug : CVideoPlayerVideo::OutputPicture - ttd:359ms pts:28.260 Clock:27.900 Level:14
2025-01-02 17:04:55.807 T:5173 debug : CVideoPlayer::ProcessVideoData size:30022 dts:40.480 pts:40.480 dur:20.000ms, clock:27.909 level:100
2025-01-02 17:04:55.817 T:5173 debug : CVideoPlayer::ProcessVideoData size:29927 dts:40.500 pts:40.500 dur:20.000ms, clock:27.918 level:100
2025-01-02 17:04:55.821 T:5176 debug : CVideoPlayerVideo::OutputPicture - ttd:357ms pts:28.280 Clock:27.923 Level:14
2025-01-02 17:04:55.828 T:5173 debug : CVideoPlayer::ProcessVideoData size:29718 dts:40.520 pts:40.520 dur:20.000ms, clock:27.929 level:100
2025-01-02 17:04:55.834 T:5173 debug : CVideoPlayer::ProcessVideoData size:29742 dts:40.540 pts:40.540 dur:20.000ms, clock:27.935 level:100
2025-01-02 17:04:55.845 T:5176 debug : CVideoPlayerVideo::OutputPicture - ttd:353ms pts:28.300 Clock:27.947 Level:14
2025-01-02 17:04:55.857 T:5176 debug : CVideoPlayerVideo::OutputPicture - ttd:361ms pts:28.320 Clock:27.958 Level:14
2025-01-02 17:04:55.864 T:5173 debug : CVideoPlayer::ProcessVideoData size:30867 dts:40.560 pts:40.560 dur:20.000ms, clock:27.966 level:100
2025-01-02 17:04:55.869 T:5173 debug : CVideoPlayer::ProcessVideoData size:30817 dts:40.580 pts:40.580 dur:20.000ms, clock:27.971 level:100
2025-01-02 17:04:55.880 T:5176 debug : CVideoPlayerVideo::OutputPicture - ttd:358ms pts:28.340 Clock:27.982 Level:14
2025-01-02 17:04:55.889 T:5173 debug : CVideoPlayer::ProcessVideoData size:31366 dts:40.600 pts:40.600 dur:20.000ms, clock:27.991 level:100
2025-01-02 17:04:55.891 T:5173 debug : CVideoPlayer::ProcessVideoData size:30403 dts:40.620 pts:40.620 dur:20.000ms, clock:27.993 level:100
2025-01-02 17:04:55.899 T:5176 debug : CVideoPlayerVideo::OutputPicture - ttd:359ms pts:28.360 Clock:28.001 Level:14
2025-01-02 17:04:55.910 T:5173 debug : CVideoPlayer::ProcessVideoData size:28503 dts:40.640 pts:40.640 dur:20.000ms, clock:28.011 level:100
2025-01-02 17:04:55.921 T:5176 debug : CVideoPlayerVideo::OutputPicture - ttd:357ms pts:28.380 Clock:28.023 Level:14
2025-01-02 17:04:55.927 T:5173 debug : CVideoPlayer::ProcessVideoData size:29029 dts:40.660 pts:40.660 dur:20.000ms, clock:28.028 level:100
2025-01-02 17:04:55.928 T:5173 debug : CVideoPlayer::ProcessVideoData size:30117 dts:40.680 pts:40.680 dur:20.000ms, clock:28.029 level:100
2025-01-02 17:04:55.936 T:5176 debug : CVideoPlayerVideo::OutputPicture - ttd:362ms pts:28.400 Clock:28.037 Level:14
2025-01-02 17:04:55.942 T:5173 debug : CVideoPlayer::ProcessVideoData size:30705 dts:40.700 pts:40.700 dur:20.000ms, clock:28.043 level:100
2025-01-02 17:04:55.952 T:5173 debug : CVideoPlayer::ProcessVideoData size:31630 dts:40.720 pts:40.720 dur:20.000ms, clock:28.054 level:100
2025-01-02 17:04:55.960 T:5173 debug : CVideoPlayer::ProcessVideoData size:30590 dts:40.740 pts:40.740 dur:20.000ms, clock:28.061 level:100
2025-01-02 17:04:55.965 T:5176 debug : CVideoPlayerVideo::OutputPicture - ttd:353ms pts:28.420 Clock:28.066 Level:14
2025-01-02 17:04:55.976 T:5176 debug : CVideoPlayerVideo::OutputPicture - ttd:362ms pts:28.440 Clock:28.078 Level:14
2025-01-02 17:04:55.998 T:5176 debug : CVideoPlayerVideo::OutputPicture - ttd:361ms pts:28.460 Clock:28.099 Level:14
2025-01-02 17:04:56.021 T:5173 debug : CVideoPlayer::ProcessVideoData size:140819 dts:40.760 pts:40.760 dur:20.000ms, clock:28.122 level:100
2025-01-02 17:04:56.021 T:5176 debug : CVideoPlayerVideo::OutputPicture - ttd:357ms pts:28.480 Clock:28.123 Level:14
2025-01-02 17:04:56.028 T:5173 debug : CVideoPlayer::ProcessVideoData size:32721 dts:40.780 pts:40.780 dur:20.000ms, clock:28.130 level:100
2025-01-02 17:04:56.041 T:5176 debug : CVideoPlayerVideo::OutputPicture - ttd:357ms pts:28.500 Clock:28.142 Level:14
2025-01-02 17:04:56.055 T:5173 debug : CVideoPlayer::ProcessVideoData size:24486 dts:40.800 pts:40.800 dur:20.000ms, clock:28.156 level:100
2025-01-02 17:04:56.059 T:5176 debug : CVideoPlayerVideo::OutputPicture - ttd:359ms pts:28.520 Clock:28.160 Level:14
2025-01-02 17:04:56.068 T:5173 debug : CVideoPlayer::ProcessVideoData size:33126 dts:40.820 pts:40.820 dur:20.000ms, clock:28.170 level:100
2025-01-02 17:04:56.079 T:5176 debug : CVideoPlayerVideo::OutputPicture - ttd:359ms pts:28.540 Clock:28.181 Level:14
2025-01-02 17:04:56.094 T:5176 debug : CVideoPlayerVideo::OutputPicture - ttd:364ms pts:28.560 Clock:28.196 Level:14
2025-01-02 17:04:56.105 T:5173 debug : CVideoPlayer::ProcessVideoData size:41477 dts:40.840 pts:40.840 dur:20.000ms, clock:28.207 level:100
2025-01-02 17:04:56.112 T:5176 debug : CVideoPlayerVideo::OutputPicture - ttd:366ms pts:28.580 Clock:28.214 Level:14
2025-01-02 17:04:56.127 T:5173 debug : CVideoPlayer::ProcessVideoData size:39344 dts:40.860 pts:40.860 dur:20.000ms, clock:28.229 level:100
2025-01-02 17:04:56.131 T:5176 debug : CVideoPlayerVideo::OutputPicture - ttd:367ms pts:28.600 Clock:28.233 Level:14
2025-01-02 17:04:56.132 T:5173 debug : CVideoPlayer::ProcessVideoData size:20637 dts:40.880 pts:40.880 dur:20.000ms, clock:28.234 level:100
2025-01-02 17:04:56.137 T:5173 debug : CVideoPlayer::ProcessVideoData size:26141 dts:40.900 pts:40.900 dur:20.000ms, clock:28.239 level:100
2025-01-02 17:04:56.151 T:5176 debug : CVideoPlayerVideo::OutputPicture - ttd:367ms pts:28.620 Clock:28.253 Level:14
2025-01-02 17:04:56.153 T:5173 debug : CVideoPlayer::ProcessVideoData size:36645 dts:40.920 pts:40.920 dur:20.000ms, clock:28.255 level:100
2025-01-02 17:04:56.160 T:5173 debug : CVideoPlayer::ProcessVideoData size:36627 dts:40.940 pts:40.940 dur:20.000ms, clock:28.262 level:100
2025-01-02 17:04:56.166 T:5173 debug : CVideoPlayer::ProcessVideoData size:25938 dts:40.960 pts:40.960 dur:20.000ms, clock:28.267 level:100
2025-01-02 17:04:56.178 T:5176 debug : CVideoPlayerVideo::OutputPicture - ttd:360ms pts:28.640 Clock:28.279 Level:14
2025-01-02 17:04:56.185 T:5173 debug : CVideoPlayer::ProcessVideoData size:27544 dts:40.980 pts:40.980 dur:20.000ms, clock:28.287 level:100
2025-01-02 17:04:56.199 T:5173 debug : CVideoPlayer::ProcessVideoData size:29241 dts:41.000 pts:41.000 dur:20.000ms, clock:28.300 level:100
2025-01-02 17:04:56.200 T:5176 debug : CVideoPlayerVideo::OutputPicture - ttd:358ms pts:28.660 Clock:28.302 Level:14
2025-01-02 17:04:56.205 T:5173 debug : CVideoPlayer::ProcessVideoData size:29087 dts:41.020 pts:41.020 dur:20.000ms, clock:28.307 level:100
2025-01-02 17:04:56.213 T:5173 debug : CVideoPlayer::ProcessVideoData size:29406 dts:41.040 pts:41.040 dur:20.000ms, clock:28.315 level:100
2025-01-02 17:04:56.219 T:5176 debug : CVideoPlayerVideo::OutputPicture - ttd:359ms pts:28.680 Clock:28.320 Level:14
2025-01-02 17:04:56.223 T:5173 debug : CVideoPlayer::ProcessVideoData size:29409 dts:41.060 pts:41.060 dur:20.000ms, clock:28.325 level:100
2025-01-02 17:04:56.230 T:5173 debug : CVideoPlayer::ProcessVideoData size:28959 dts:41.080 pts:41.080 dur:20.000ms, clock:28.331 level:100
2025-01-02 17:04:56.239 T:5173 debug : CVideoPlayer::ProcessVideoData size:28883 dts:41.100 pts:41.100 dur:20.000ms, clock:28.341 level:100
2025-01-02 17:04:56.244 T:5176 debug : CVideoPlayerVideo::OutputPicture - ttd:354ms pts:28.700 Clock:28.346 Level:14
2025-01-02 17:04:56.245 T:5173 debug : CVideoPlayer::ProcessVideoData size:30362 dts:41.120 pts:41.120 dur:20.000ms, clock:28.346 level:100
2025-01-02 17:04:56.256 T:5173 debug : CVideoPlayer::ProcessVideoData size:31109 dts:41.140 pts:41.140 dur:20.000ms, clock:28.357 level:100
2025-01-02 17:04:56.260 T:5176 debug : CVideoPlayerVideo::OutputPicture - ttd:358ms pts:28.720 Clock:28.361 Level:14
2025-01-02 17:04:56.277 T:5176 debug : CVideoPlayerVideo::OutputPicture - ttd:361ms pts:28.740 Clock:28.378 Level:14
2025-01-02 17:04:56.285 T:5173 debug : CVideoPlayer::ProcessVideoData size:28524 dts:41.160 pts:41.160 dur:20.000ms, clock:28.387 level:100
2025-01-02 17:04:56.295 T:5176 debug : CVideoPlayerVideo::OutputPicture - ttd:363ms pts:28.760 Clock:28.397 Level:14
2025-01-02 17:04:56.312 T:5176 debug : CVideoPlayerVideo::OutputPicture - ttd:365ms pts:28.780 Clock:28.414 Level:14
2025-01-02 17:04:56.326 T:5173 debug : CVideoPlayer::ProcessVideoData size:31067 dts:41.180 pts:41.180 dur:20.000ms, clock:28.428 level:100
2025-01-02 17:04:56.331 T:5176 debug : CVideoPlayerVideo::OutputPicture - ttd:367ms pts:28.800 Clock:28.432 Level:14
2025-01-02 17:04:56.333 T:5173 debug : CVideoPlayer::ProcessVideoData size:28388 dts:41.200 pts:41.200 dur:20.000ms, clock:28.434 level:100
2025-01-02 17:04:56.346 T:5173 debug : CVideoPlayer::ProcessVideoData size:30743 dts:41.220 pts:41.220 dur:20.000ms, clock:28.447 level:100
2025-01-02 17:04:56.359 T:5176 debug : CVideoPlayerVideo::OutputPicture - ttd:359ms pts:28.820 Clock:28.460 Level:14
2025-01-02 17:04:56.381 T:5176 debug : CVideoPlayerVideo::OutputPicture - ttd:357ms pts:28.840 Clock:28.482 Level:14
2025-01-02 17:04:56.391 T:5173 debug : CVideoPlayer::ProcessVideoData size:140790 dts:41.240 pts:41.240 dur:20.000ms, clock:28.492 level:100
2025-01-02 17:04:56.404 T:5176 debug : CVideoPlayerVideo::OutputPicture - ttd:354ms pts:28.860 Clock:28.505 Level:14
2025-01-02 17:04:56.406 T:5173 debug : CVideoPlayer::ProcessVideoData size:34793 dts:41.260 pts:41.260 dur:20.000ms, clock:28.508 level:100
2025-01-02 17:04:56.413 T:5173 debug : CVideoPlayer::ProcessVideoData size:27262 dts:41.280 pts:41.280 dur:20.000ms, clock:28.515 level:100
2025-01-02 17:04:56.417 T:5176 debug : CVideoPlayerVideo::OutputPicture - ttd:361ms pts:28.880 Clock:28.519 Level:14
2025-01-02 17:04:56.435 T:5173 debug : CVideoPlayer::ProcessVideoData size:28434 dts:41.300 pts:41.300 dur:20.000ms, clock:28.537 level:100
2025-01-02 17:04:56.442 T:5176 debug : CVideoPlayerVideo::OutputPicture - ttd:356ms pts:28.900 Clock:28.543 Level:14
2025-01-02 17:04:56.455 T:5176 debug : CVideoPlayerVideo::OutputPicture - ttd:363ms pts:28.920 Clock:28.556 Level:14
2025-01-02 17:04:56.476 T:5176 debug : CVideoPlayerVideo::OutputPicture - ttd:362ms pts:28.940 Clock:28.578 Level:14
2025-01-02 17:04:56.482 T:5173 debug : CVideoPlayer::ProcessVideoData size:30264 dts:41.320 pts:41.320 dur:20.000ms, clock:28.583 level:100
2025-01-02 17:04:56.492 T:5173 debug : CVideoPlayer::ProcessVideoData size:31378 dts:41.340 pts:41.340 dur:20.000ms, clock:28.594 level:100
2025-01-02 17:04:56.499 T:5176 debug : CVideoPlayerVideo::OutputPicture - ttd:359ms pts:28.960 Clock:28.600 Level:14
2025-01-02 17:04:56.508 T:5173 debug : CVideoPlayer::ProcessVideoData size:33127 dts:41.360 pts:41.360 dur:20.000ms, clock:28.609 level:100
2025-01-02 17:04:56.515 T:5176 debug : CVideoPlayerVideo::OutputPicture - ttd:363ms pts:28.980 Clock:28.616 Level:14
2025-01-02 17:04:56.530 T:5173 debug : CVideoPlayer::ProcessVideoData size:27760 dts:41.380 pts:41.380 dur:20.000ms, clock:28.632 level:100
2025-01-02 17:04:56.532 T:5176 debug : CVideoPlayerVideo::OutputPicture - ttd:366ms pts:29.000 Clock:28.633 Level:14
2025-01-02 17:04:56.546 T:5173 debug : CVideoPlayer::ProcessVideoData size:26589 dts:41.400 pts:41.400 dur:20.000ms, clock:28.647 level:100
2025-01-02 17:04:56.551 T:5176 debug : CVideoPlayerVideo::OutputPicture - ttd:367ms pts:29.020 Clock:28.653 Level:14
2025-01-02 17:04:56.561 T:5173 debug : CVideoPlayer::ProcessVideoData size:26460 dts:41.420 pts:41.420 dur:20.000ms, clock:28.663 level:100
2025-01-02 17:04:56.569 T:5173 debug : CVideoPlayer::ProcessVideoData size:32873 dts:41.440 pts:41.440 dur:20.000ms, clock:28.671 level:100
2025-01-02 17:04:56.571 T:5176 debug : CVideoPlayerVideo::OutputPicture - ttd:367ms pts:29.040 Clock:28.672 Level:14
2025-01-02 17:04:56.590 T:5150 debug : request received for /jsonrpc
2025-01-02 17:04:56.592 T:5176 debug : CVideoPlayerVideo::OutputPicture - ttd:366ms pts:29.060 Clock:28.693 Level:14
2025-01-02 17:04:56.595 T:5173 debug : CVideoPlayer::ProcessVideoData size:32393 dts:41.460 pts:41.460 dur:20.000ms, clock:28.696 level:100
2025-01-02 17:04:56.616 T:5176 debug : CVideoPlayerVideo::OutputPicture - ttd:362ms pts:29.080 Clock:28.718 Level:14
2025-01-02 17:04:56.637 T:5176 debug : CVideoPlayerVideo::OutputPicture - ttd:361ms pts:29.100 Clock:28.738 Level:14
2025-01-02 17:04:56.643 T:5173 debug : CVideoPlayer::ProcessVideoData size:25220 dts:41.480 pts:41.480 dur:20.000ms, clock:28.745 level:100
2025-01-02 17:04:56.655 T:5176 debug : CVideoPlayerVideo::OutputPicture - ttd:363ms pts:29.120 Clock:28.757 Level:14
2025-01-02 17:04:56.660 T:5173 debug : CVideoPlayer::ProcessVideoData size:25702 dts:41.500 pts:41.500 dur:20.000ms, clock:28.762 level:100
2025-01-02 17:04:56.676 T:5176 debug : CVideoPlayerVideo::OutputPicture - ttd:362ms pts:29.140 Clock:28.778 Level:14
2025-01-02 17:04:56.690 T:5173 debug : CVideoPlayer::ProcessVideoData size:34523 dts:41.520 pts:41.520 dur:20.000ms, clock:28.792 level:100
2025-01-02 17:04:56.697 T:5176 debug : CVideoPlayerVideo::OutputPicture - ttd:361ms pts:29.160 Clock:28.798 Level:14
2025-01-02 17:04:56.716 T:5173 debug : CVideoPlayer::ProcessVideoData size:31788 dts:41.540 pts:41.540 dur:20.000ms, clock:28.817 level:100
2025-01-02 17:04:56.723 T:5176 debug : CVideoPlayerVideo::OutputPicture - ttd:355ms pts:29.180 Clock:28.825 Level:14
2025-01-02 17:04:56.736 T:5173 debug : CVideoPlayer::ProcessVideoData size:24632 dts:41.560 pts:41.560 dur:20.000ms, clock:28.838 level:100
2025-01-02 17:04:56.739 T:5173 debug : CVideoPlayer::ProcessVideoData size:25633 dts:41.580 pts:41.580 dur:20.000ms, clock:28.841 level:100
2025-01-02 17:04:56.742 T:5173 debug : CVideoPlayer::ProcessVideoData size:34773 dts:41.600 pts:41.600 dur:20.000ms, clock:28.844 level:100
2025-01-02 17:04:56.744 T:5176 debug : CVideoPlayerVideo::OutputPicture - ttd:354ms pts:29.200 Clock:28.845 Level:14
2025-01-02 17:04:56.750 T:5173 debug : CVideoPlayer::ProcessVideoData size:33228 dts:41.620 pts:41.620 dur:20.000ms, clock:28.852 level:100
2025-01-02 17:04:56.758 T:5176 debug : CVideoPlayerVideo::OutputPicture - ttd:360ms pts:29.220 Clock:28.859 Level:14
2025-01-02 17:04:56.776 T:5176 debug : CVideoPlayerVideo::OutputPicture - ttd:362ms pts:29.240 Clock:28.878 Level:14
2025-01-02 17:04:56.798 T:5176 debug : CVideoPlayerVideo::OutputPicture - ttd:360ms pts:29.260 Clock:28.899 Level:14
2025-01-02 17:04:56.817 T:5173 debug : CVideoPlayer::ProcessVideoData size:28286 dts:41.640 pts:41.640 dur:20.000ms, clock:28.918 level:100
2025-01-02 17:04:56.820 T:5173 debug : CVideoPlayer::ProcessVideoData size:32160 dts:41.660 pts:41.660 dur:20.000ms, clock:28.921 level:100
2025-01-02 17:04:56.820 T:5176 debug : CVideoPlayerVideo::OutputPicture - ttd:358ms pts:29.280 Clock:28.921 Level:14
2025-01-02 17:04:56.833 T:5176 debug : CVideoPlayerVideo::OutputPicture - ttd:365ms pts:29.300 Clock:28.935 Level:14
2025-01-02 17:04:56.841 T:5173 debug : CVideoPlayer::ProcessVideoData size:33599 dts:41.680 pts:41.680 dur:20.000ms, clock:28.943 level:100
2025-01-02 17:04:56.844 T:5173 debug : CVideoPlayer::ProcessVideoData size:32987 dts:41.700 pts:41.700 dur:20.000ms, clock:28.945 level:100
2025-01-02 17:04:56.851 T:5176 debug : CVideoPlayerVideo::OutputPicture - ttd:367ms pts:29.320 Clock:28.952 Level:14
2025-01-02 17:04:56.871 T:5176 debug : CVideoPlayerVideo::OutputPicture - ttd:367ms pts:29.340 Clock:28.973 Level:14
2025-01-02 17:04:56.892 T:5176 debug : CVideoPlayerVideo::OutputPicture - ttd:366ms pts:29.360 Clock:28.993 Level:14
2025-01-02 17:04:56.912 T:5173 debug : CVideoPlayer::ProcessVideoData size:128508 dts:41.720 pts:41.720 dur:20.000ms, clock:29.014 level:100
2025-01-02 17:04:56.918 T:5176 debug : CVideoPlayerVideo::OutputPicture - ttd:360ms pts:29.380 Clock:29.020 Level:14
2025-01-02 17:04:56.925 T:5173 debug : CVideoPlayer::ProcessVideoData size:26506 dts:41.740 pts:41.740 dur:20.000ms, clock:29.027 level:100
2025-01-02 17:04:56.936 T:5176 debug : CVideoPlayerVideo::OutputPicture - ttd:362ms pts:29.400 Clock:29.037 Level:14
2025-01-02 17:04:56.952 T:5173 debug : CVideoPlayer::ProcessVideoData size:22209 dts:41.760 pts:41.760 dur:20.000ms, clock:29.054 level:100
2025-01-02 17:04:56.955 T:5173 debug : CVideoPlayer::ProcessVideoData size:26695 dts:41.780 pts:41.780 dur:20.000ms, clock:29.057 level:100
2025-01-02 17:04:56.962 T:5176 debug : CVideoPlayerVideo::OutputPicture - ttd:356ms pts:29.420 Clock:29.064 Level:14
2025-01-02 17:04:56.979 T:5176 debug : CVideoPlayerVideo::OutputPicture - ttd:359ms pts:29.440 Clock:29.080 Level:14
2025-01-02 17:04:56.980 T:5173 debug : CVideoPlayer::ProcessVideoData size:41047 dts:41.800 pts:41.800 dur:20.000ms, clock:29.082 level:100
2025-01-02 17:04:56.993 T:5173 debug : CVideoPlayer::ProcessVideoData size:35350 dts:41.820 pts:41.820 dur:20.000ms, clock:29.094 level:100
2025-01-02 17:04:56.999 T:5176 debug : CVideoPlayerVideo::OutputPicture - ttd:359ms pts:29.460 Clock:29.100 Level:14
2025-01-02 17:04:57.012 T:5173 debug : CVideoPlayer::ProcessVideoData size:28685 dts:41.840 pts:41.840 dur:20.000ms, clock:29.114 level:100
2025-01-02 17:04:57.019 T:5176 debug : CVideoPlayerVideo::OutputPicture - ttd:359ms pts:29.480 Clock:29.120 Level:14
2025-01-02 17:04:57.035 T:5173 debug : CVideoPlayer::ProcessVideoData size:30860 dts:41.860 pts:41.860 dur:20.000ms, clock:29.137 level:100
2025-01-02 17:04:57.037 T:5176 debug : CVideoPlayerVideo::OutputPicture - ttd:361ms pts:29.500 Clock:29.139 Level:14
2025-01-02 17:04:57.054 T:5176 debug : CVideoPlayerVideo::OutputPicture - ttd:364ms pts:29.520 Clock:29.156 Level:14
2025-01-02 17:04:57.076 T:5176 debug : CVideoPlayerVideo::OutputPicture - ttd:362ms pts:29.540 Clock:29.177 Level:14
2025-01-02 17:04:57.096 T:5173 debug : CVideoPlayer::ProcessVideoData size:31894 dts:41.880 pts:41.880 dur:20.000ms, clock:29.197 level:100
2025-01-02 17:04:57.098 T:5176 debug : CVideoPlayerVideo::OutputPicture - ttd:360ms pts:29.560 Clock:29.200 Level:14
2025-01-02 17:04:57.118 T:5176 debug : CVideoPlayerVideo::OutputPicture - ttd:360ms pts:29.580 Clock:29.219 Level:14
2025-01-02 17:04:57.131 T:5173 debug : CVideoPlayer::ProcessVideoData size:31384 dts:41.900 pts:41.900 dur:20.000ms, clock:29.233 level:100
2025-01-02 17:04:57.133 T:5176 debug : CVideoPlayerVideo::OutputPicture - ttd:365ms pts:29.600 Clock:29.235 Level:14
2025-01-02 17:04:57.135 T:5173 debug : CVideoPlayer::ProcessVideoData size:23222 dts:41.920 pts:41.920 dur:20.000ms, clock:29.237 level:100
2025-01-02 17:04:57.151 T:5176 debug : CVideoPlayerVideo::OutputPicture - ttd:367ms pts:29.620 Clock:29.253 Level:14
2025-01-02 17:04:57.163 T:5173 debug : CVideoPlayer::ProcessVideoData size:24342 dts:41.940 pts:41.940 dur:20.000ms, clock:29.265 level:100
2025-01-02 17:04:57.164 T:5173 debug : CVideoPlayer::ProcessVideoData size:31533 dts:41.960 pts:41.960 dur:20.000ms, clock:29.266 level:100
2025-01-02 17:04:57.176 T:5176 debug : CVideoPlayerVideo::OutputPicture - ttd:362ms pts:29.640 Clock:29.277 Level:14
2025-01-02 17:04:57.198 T:5173 debug : CVideoPlayer::ProcessVideoData size:31771 dts:41.980 pts:41.980 dur:20.000ms, clock:29.300 level:100
2025-01-02 17:04:57.203 T:5176 debug : CVideoPlayerVideo::OutputPicture - ttd:355ms pts:29.660 Clock:29.305 Level:14
2025-01-02 17:04:57.216 T:5173 debug : CVideoPlayer::ProcessVideoData size:31993 dts:42.000 pts:42.000 dur:20.000ms, clock:29.318 level:100
2025-01-02 17:04:57.220 T:5176 debug : CVideoPlayerVideo::OutputPicture - ttd:358ms pts:29.680 Clock:29.321 Level:14
2025-01-02 17:04:57.237 T:5173 debug : CVideoPlayer::ProcessVideoData size:31814 dts:42.020 pts:42.020 dur:20.000ms, clock:29.339 level:100
2025-01-02 17:04:57.243 T:5176 debug : CVideoPlayerVideo::OutputPicture - ttd:355ms pts:29.700 Clock:29.344 Level:14
2025-01-02 17:04:57.257 T:5176 debug : CVideoPlayerVideo::OutputPicture - ttd:361ms pts:29.720 Clock:29.358 Level:14
2025-01-02 17:04:57.278 T:5176 debug : CVideoPlayerVideo::OutputPicture - ttd:360ms pts:29.740 Clock:29.379 Level:14
2025-01-02 17:04:57.288 T:5173 debug : CVideoPlayer::ProcessVideoData size:31415 dts:42.040 pts:42.040 dur:20.000ms, clock:29.390 level:100
2025-01-02 17:04:57.291 T:5173 debug : CVideoPlayer::ProcessVideoData size:30721 dts:42.060 pts:42.060 dur:20.000ms, clock:29.392 level:100
2025-01-02 17:04:57.295 T:5173 debug : CVideoPlayer::ProcessVideoData size:26468 dts:42.080 pts:42.080 dur:20.000ms, clock:29.396 level:100
2025-01-02 17:04:57.299 T:5173 debug : CVideoPlayer::ProcessVideoData size:31079 dts:42.100 pts:42.100 dur:20.000ms, clock:29.401 level:100
2025-01-02 17:04:57.302 T:5176 debug : CVideoPlayerVideo::OutputPicture - ttd:356ms pts:29.760 Clock:29.403 Level:14
2025-01-02 17:04:57.308 T:5173 debug : CVideoPlayer::ProcessVideoData size:31630 dts:42.120 pts:42.120 dur:20.000ms, clock:29.410 level:100
2025-01-02 17:04:57.319 T:4228 debug : CLibInputKeyboard::ProcessKey - using delay: 500ms repeat: 33ms
2025-01-02 17:04:57.319 T:5209 debug : Thread Timer start, auto delete: false
2025-01-02 17:04:57.323 T:5176 debug : CVideoPlayerVideo::OutputPicture - ttd:355ms pts:29.780 Clock:29.424 Level:14
2025-01-02 17:04:57.329 T:4223 debug : Keyboard: scancode: 0x69, sym: 0x114 (left), unicode: 0x00, modifier: 0x0
2025-01-02 17:04:57.330 T:4223 debug : HandleKey: left (0xf082) pressed, window 10016, action is Left
2025-01-02 17:04:57.333 T:5173 debug : CVideoPlayer::ProcessVideoData size:31350 dts:42.140 pts:42.140 dur:20.000ms, clock:29.434 level:100
2025-01-02 17:04:57.341 T:5176 debug : CVideoPlayerVideo::OutputPicture - ttd:357ms pts:29.800 Clock:29.443 Level:14
2025-01-02 17:04:57.358 T:5176 debug : CVideoPlayerVideo::OutputPicture - ttd:360ms pts:29.820 Clock:29.460 Level:14
2025-01-02 17:04:57.375 T:5176 debug : CVideoPlayerVideo::OutputPicture - ttd:363ms pts:29.840 Clock:29.477 Level:14
2025-01-02 17:04:57.385 T:5173 debug : CVideoPlayer::ProcessVideoData size:30880 dts:42.160 pts:42.160 dur:20.000ms, clock:29.486 level:100
2025-01-02 17:04:57.396 T:5176 debug : CVideoPlayerVideo::OutputPicture - ttd:362ms pts:29.860 Clock:29.498 Level:14
2025-01-02 17:04:57.420 T:5176 debug : CVideoPlayerVideo::OutputPicture - ttd:358ms pts:29.880 Clock:29.521 Level:14
2025-01-02 17:04:57.432 T:5173 debug : CVideoPlayer::ProcessVideoData size:30872 dts:42.180 pts:42.180 dur:20.000ms, clock:29.533 level:100
2025-01-02 17:04:57.440 T:5176 debug : CVideoPlayerVideo::OutputPicture - ttd:358ms pts:29.900 Clock:29.541 Level:14
2025-01-02 17:04:57.457 T:5176 debug : CVideoPlayerVideo::OutputPicture - ttd:361ms pts:29.920 Clock:29.559 Level:14
2025-01-02 17:04:57.478 T:5176 debug : CVideoPlayerVideo::OutputPicture - ttd:360ms pts:29.940 Clock:29.579 Level:14
2025-01-02 17:04:57.486 T:5173 debug : CVideoPlayer::ProcessVideoData size:137045 dts:42.200 pts:42.200 dur:20.000ms, clock:29.588 level:100
2025-01-02 17:04:57.493 T:5176 debug : CVideoPlayerVideo::OutputPicture - ttd:365ms pts:29.960 Clock:29.594 Level:14
2025-01-02 17:04:57.506 T:5173 debug : CVideoPlayer::ProcessVideoData size:30780 dts:42.220 pts:42.220 dur:20.000ms, clock:29.608 level:100
2025-01-02 17:04:57.506 T:5150 debug : request received for /jsonrpc
2025-01-02 17:04:57.513 T:5176 debug : CVideoPlayerVideo::OutputPicture - ttd:365ms pts:29.980 Clock:29.614 Level:14
2025-01-02 17:04:57.529 T:5173 debug : CVideoPlayer::ProcessVideoData size:25829 dts:42.240 pts:42.240 dur:20.000ms, clock:29.630 level:100
2025-01-02 17:04:57.536 T:5176 debug : CVideoPlayerVideo::OutputPicture - ttd:362ms pts:30.000 Clock:29.637 Level:14
2025-01-02 17:04:57.541 T:5173 debug : CVideoPlayer::ProcessVideoData size:28836 dts:42.260 pts:42.260 dur:20.000ms, clock:29.643 level:100
2025-01-02 17:04:57.543 T:5209 debug : Thread Timer 3814715904 terminating
2025-01-02 17:04:57.549 T:5173 debug : CVideoPlayer::ProcessVideoData size:30057 dts:42.280 pts:42.280 dur:20.000ms, clock:29.650 level:100
2025-01-02 17:04:57.549 T:4223 debug : Keyboard: scancode: 0x69, sym: 0x114 (left), unicode: 0x00, modifier: 0x0
2025-01-02 17:04:57.557 T:5176 debug : CVideoPlayerVideo::OutputPicture - ttd:361ms pts:30.020 Clock:29.658 Level:14
2025-01-02 17:04:57.577 T:5176 debug : CVideoPlayerVideo::OutputPicture - ttd:361ms pts:30.040 Clock:29.678 Level:14
2025-01-02 17:04:57.599 T:5176 debug : CVideoPlayerVideo::OutputPicture - ttd:359ms pts:30.060 Clock:29.700 Level:14
2025-01-02 17:04:57.601 T:5173 debug : CVideoPlayer::ProcessVideoData size:28755 dts:42.300 pts:42.300 dur:20.000ms, clock:29.702 level:100
2025-01-02 17:04:57.603 T:5173 debug : CVideoPlayer::ProcessVideoData size:29464 dts:42.320 pts:42.320 dur:20.000ms, clock:29.704 level:100
2025-01-02 17:04:57.607 T:5173 debug : CVideoPlayer::ProcessVideoData size:30150 dts:42.340 pts:42.340 dur:20.000ms, clock:29.708 level:100
2025-01-02 17:04:57.615 T:5176 debug : CVideoPlayerVideo::OutputPicture - ttd:363ms pts:30.080 Clock:29.717 Level:14
2025-01-02 17:04:57.625 T:5173 debug : CVideoPlayer::ProcessVideoData size:30888 dts:42.360 pts:42.360 dur:20.000ms, clock:29.727 level:100
2025-01-02 17:04:57.638 T:5173 debug : CVideoPlayer::ProcessVideoData size:32214 dts:42.380 pts:42.380 dur:20.000ms, clock:29.740 level:100
2025-01-02 17:04:57.641 T:5176 debug : CVideoPlayerVideo::OutputPicture - ttd:357ms pts:30.100 Clock:29.742 Level:14
2025-01-02 17:04:57.658 T:5176 debug : CVideoPlayerVideo::OutputPicture - ttd:360ms pts:30.120 Clock:29.759 Level:14
2025-01-02 17:04:57.677 T:5176 debug : CVideoPlayerVideo::OutputPicture - ttd:361ms pts:30.140 Clock:29.778 Level:14
2025-01-02 17:04:57.699 T:5176 debug : CVideoPlayerVideo::OutputPicture - ttd:359ms pts:30.160 Clock:29.800 Level:14
2025-01-02 17:04:57.700 T:5173 debug : CVideoPlayer::ProcessVideoData size:32917 dts:42.400 pts:42.400 dur:20.000ms, clock:29.801 level:100
2025-01-02 17:04:57.719 T:5173 debug : CVideoPlayer::ProcessVideoData size:31570 dts:42.420 pts:42.420 dur:20.000ms, clock:29.821 level:100
2025-01-02 17:04:57.722 T:5176 debug : CVideoPlayerVideo::OutputPicture - ttd:356ms pts:30.180 Clock:29.824 Level:14
2025-01-02 17:04:57.736 T:5176 debug : CVideoPlayerVideo::OutputPicture - ttd:362ms pts:30.200 Clock:29.837 Level:14
2025-01-02 17:04:57.745 T:5173 debug : CVideoPlayer::ProcessVideoData size:25079 dts:42.440 pts:42.440 dur:20.000ms, clock:29.846 level:100
2025-01-02 17:04:57.746 T:5173 debug : CVideoPlayer::ProcessVideoData size:24517 dts:42.460 pts:42.460 dur:20.000ms, clock:29.848 level:100
2025-01-02 17:04:57.758 T:5176 debug : CVideoPlayerVideo::OutputPicture - ttd:360ms pts:30.220 Clock:29.859 Level:14
2025-01-02 17:04:57.775 T:5173 debug : CVideoPlayer::ProcessVideoData size:34185 dts:42.480 pts:42.480 dur:20.000ms, clock:29.877 level:100
2025-01-02 17:04:57.779 T:5176 debug : CVideoPlayerVideo::OutputPicture - ttd:359ms pts:30.240 Clock:29.881 Level:14
2025-01-02 17:04:57.800 T:5176 debug : CVideoPlayerVideo::OutputPicture - ttd:358ms pts:30.260 Clock:29.902 Level:14
2025-01-02 17:04:57.813 T:5173 debug : CVideoPlayer::ProcessVideoData size:33997 dts:42.500 pts:42.500 dur:20.000ms, clock:29.915 level:100
2025-01-02 17:04:57.817 T:5173 debug : CVideoPlayer::ProcessVideoData size:27606 dts:42.520 pts:42.520 dur:20.000ms, clock:29.918 level:100
2025-01-02 17:04:57.822 T:5176 debug : CVideoPlayerVideo::OutputPicture - ttd:356ms pts:30.280 Clock:29.923 Level:14
2025-01-02 17:04:57.839 T:5176 debug : CVideoPlayerVideo::OutputPicture - ttd:359ms pts:30.300 Clock:29.941 Level:14
2025-01-02 17:04:57.855 T:5176 debug : CVideoPlayerVideo::OutputPicture - ttd:363ms pts:30.320 Clock:29.957 Level:14
2025-01-02 17:04:57.867 T:5173 debug : CVideoPlayer::ProcessVideoData size:24770 dts:42.540 pts:42.540 dur:20.000ms, clock:29.968 level:100
2025-01-02 17:04:57.876 T:5176 debug : CVideoPlayerVideo::OutputPicture - ttd:362ms pts:30.340 Clock:29.978 Level:14
2025-01-02 17:04:57.892 T:5176 debug : CVideoPlayerVideo::OutputPicture - ttd:366ms pts:30.360 Clock:29.993 Level:14
2025-01-02 17:04:57.894 T:4228 debug : CLibInputKeyboard::ProcessKey - using delay: 500ms repeat: 33ms
2025-01-02 17:04:57.895 T:5210 debug : Thread Timer start, auto delete: false
2025-01-02 17:04:57.908 T:4223 debug : Keyboard: scancode: 0x67, sym: 0x111 (up), unicode: 0x00, modifier: 0x0
2025-01-02 17:04:57.909 T:4223 debug : HandleKey: up (0xf080) pressed, window 10016, action is Up
2025-01-02 17:04:57.911 T:4223 warning : unknown options filler "dv_led_modes" of "coreelec.amlogic.dolbyvisionled"
2025-01-02 17:04:57.916 T:5173 debug : CVideoPlayer::ProcessVideoData size:34775 dts:42.560 pts:42.560 dur:20.000ms, clock:30.017 level:100
2025-01-02 17:04:57.926 T:5176 debug : CVideoPlayerVideo::OutputPicture - ttd:352ms pts:30.380 Clock:30.028 Level:14
2025-01-02 17:04:57.939 T:5176 debug : CVideoPlayerVideo::OutputPicture - ttd:359ms pts:30.400 Clock:30.040 Level:14
2025-01-02 17:04:57.940 T:5173 debug : CVideoPlayer::ProcessVideoData size:33908 dts:42.580 pts:42.580 dur:20.000ms, clock:30.042 level:100
2025-01-02 17:04:57.956 T:5176 debug : CVideoPlayerVideo::OutputPicture - ttd:362ms pts:30.420 Clock:30.058 Level:14
2025-01-02 17:04:57.974 T:5176 debug : CVideoPlayerVideo::OutputPicture - ttd:364ms pts:30.440 Clock:30.076 Level:14
2025-01-02 17:04:57.995 T:5176 debug : CVideoPlayerVideo::OutputPicture - ttd:363ms pts:30.460 Clock:30.097 Level:14
2025-01-02 17:04:58.002 T:5173 debug : CVideoPlayer::ProcessVideoData size:24855 dts:42.600 pts:42.600 dur:20.000ms, clock:30.104 level:100
2025-01-02 17:04:58.004 T:5173 debug : CVideoPlayer::ProcessVideoData size:24679 dts:42.620 pts:42.620 dur:20.000ms, clock:30.105 level:100
2025-01-02 17:04:58.015 T:5176 debug : CVideoPlayerVideo::OutputPicture - ttd:363ms pts:30.480 Clock:30.116 Level:14
2025-01-02 17:04:58.028 T:5173 debug : CVideoPlayer::ProcessVideoData size:39863 dts:42.640 pts:42.640 dur:20.000ms, clock:30.130 level:100
2025-01-02 17:04:58.036 T:5176 debug : CVideoPlayerVideo::OutputPicture - ttd:362ms pts:30.500 Clock:30.137 Level:14
2025-01-02 17:04:58.055 T:5176 debug : CVideoPlayerVideo::OutputPicture - ttd:363ms pts:30.520 Clock:30.156 Level:14
2025-01-02 17:04:58.074 T:5176 debug : CVideoPlayerVideo::OutputPicture - ttd:364ms pts:30.540 Clock:30.176 Level:14
2025-01-02 17:04:58.081 T:5173 debug : CVideoPlayer::ProcessVideoData size:34146 dts:42.660 pts:42.660 dur:20.000ms, clock:30.183 level:100
2025-01-02 17:04:58.095 T:5176 debug : CVideoPlayerVideo::OutputPicture - ttd:363ms pts:30.560 Clock:30.196 Level:14
2025-01-02 17:04:58.111 T:5210 debug : Thread Timer 3814715904 terminating
2025-01-02 17:04:58.121 T:5176 debug : CVideoPlayerVideo::OutputPicture - ttd:357ms pts:30.580 Clock:30.223 Level:14
2025-01-02 17:04:58.129 T:4223 debug : Keyboard: scancode: 0x67, sym: 0x111 (up), unicode: 0x00, modifier: 0x0
2025-01-02 17:04:58.134 T:5176 debug : CVideoPlayerVideo::OutputPicture - ttd:364ms pts:30.600 Clock:30.236 Level:14
2025-01-02 17:04:58.156 T:5176 debug : CVideoPlayerVideo::OutputPicture - ttd:362ms pts:30.620 Clock:30.257 Level:14
2025-01-02 17:04:58.178 T:5176 debug : CVideoPlayerVideo::OutputPicture - ttd:360ms pts:30.640 Clock:30.280 Level:14
2025-01-02 17:04:58.180 T:5173 debug : CVideoPlayer::ProcessVideoData size:131642 dts:42.680 pts:42.680 dur:20.000ms, clock:30.282 level:100
2025-01-02 17:04:58.200 T:5176 debug : CVideoPlayerVideo::OutputPicture - ttd:358ms pts:30.660 Clock:30.301 Level:14
2025-01-02 17:04:58.214 T:5176 debug : CVideoPlayerVideo::OutputPicture - ttd:364ms pts:30.680 Clock:30.315 Level:14
2025-01-02 17:04:58.238 T:5176 debug : CVideoPlayerVideo::OutputPicture - ttd:360ms pts:30.700 Clock:30.340 Level:14
2025-01-02 17:04:58.240 T:5173 debug : CVideoPlayer::ProcessVideoData size:27749 dts:42.700 pts:42.700 dur:20.000ms, clock:30.342 level:100
2025-01-02 17:04:58.257 T:5176 debug : CVideoPlayerVideo::OutputPicture - ttd:361ms pts:30.720 Clock:30.359 Level:14
2025-01-02 17:04:58.278 T:5176 debug : CVideoPlayerVideo::OutputPicture - ttd:361ms pts:30.740 Clock:30.379 Level:14
2025-01-02 17:04:58.298 T:5176 debug : CVideoPlayerVideo::OutputPicture - ttd:360ms pts:30.760 Clock:30.399 Level:14
2025-01-02 17:04:58.299 T:5173 debug : CVideoPlayer::ProcessVideoData size:26758 dts:42.720 pts:42.720 dur:20.000ms, clock:30.401 level:100
2025-01-02 17:04:58.300 T:5173 debug : CVideoPlayer::ProcessVideoData size:30824 dts:42.740 pts:42.740 dur:20.000ms, clock:30.402 level:100
2025-01-02 17:04:58.310 T:4228 debug : CLibInputKeyboard::ProcessKey - using delay: 500ms repeat: 33ms
2025-01-02 17:04:58.311 T:5211 debug : Thread Timer start, auto delete: false
2025-01-02 17:04:58.316 T:5176 debug : CVideoPlayerVideo::OutputPicture - ttd:362ms pts:30.780 Clock:30.417 Level:14
2025-01-02 17:04:58.329 T:4223 debug : Keyboard: scancode: 0x67, sym: 0x111 (up), unicode: 0x00, modifier: 0x0
2025-01-02 17:04:58.329 T:4223 debug : HandleKey: up (0xf080) pressed, window 10016, action is Up
2025-01-02 17:04:58.334 T:5173 debug : CVideoPlayer::ProcessVideoData size:32006 dts:42.760 pts:42.760 dur:20.000ms, clock:30.436 level:100
2025-01-02 17:04:58.337 T:5173 debug : CVideoPlayer::ProcessVideoData size:32633 dts:42.780 pts:42.780 dur:20.000ms, clock:30.439 level:100
2025-01-02 17:04:58.360 T:5173 debug : CVideoPlayer::ProcessVideoData size:32443 dts:42.800 pts:42.800 dur:20.000ms, clock:30.462 level:100
2025-01-02 17:04:58.362 T:5173 debug : CVideoPlayer::ProcessVideoData size:32695 dts:42.820 pts:42.820 dur:20.000ms, clock:30.464 level:100
2025-01-02 17:04:58.367 T:5173 debug : CVideoPlayer::ProcessVideoData size:33263 dts:42.840 pts:42.840 dur:20.000ms, clock:30.469 level:100
2025-01-02 17:04:58.371 T:5176 debug : CVideoPlayerVideo::OutputPicture - ttd:327ms pts:30.800 Clock:30.473 Level:14
2025-01-02 17:04:58.386 T:5176 debug : CVideoPlayerVideo::OutputPicture - ttd:332ms pts:30.820 Clock:30.487 Level:14
2025-01-02 17:04:58.396 T:5176 debug : CVideoPlayerVideo::OutputPicture - ttd:342ms pts:30.840 Clock:30.498 Level:14
2025-01-02 17:04:58.398 T:5173 debug : CVideoPlayer::ProcessVideoData size:33078 dts:42.860 pts:42.860 dur:20.000ms, clock:30.499 level:100
2025-01-02 17:04:58.417 T:5173 debug : CVideoPlayer::ProcessVideoData size:25708 dts:42.880 pts:42.880 dur:20.000ms, clock:30.519 level:100
2025-01-02 17:04:58.417 T:5176 debug : CVideoPlayerVideo::OutputPicture - ttd:341ms pts:30.860 Clock:30.518 Level:14
2025-01-02 17:04:58.421 T:5173 debug : CVideoPlayer::ProcessVideoData size:25952 dts:42.900 pts:42.900 dur:20.000ms, clock:30.523 level:100
2025-01-02 17:04:58.438 T:5173 debug : CVideoPlayer::ProcessVideoData size:35572 dts:42.920 pts:42.920 dur:20.000ms, clock:30.539 level:100
2025-01-02 17:04:58.440 T:5176 debug : CVideoPlayerVideo::OutputPicture - ttd:338ms pts:30.880 Clock:30.542 Level:14
2025-01-02 17:04:58.460 T:5176 debug : CVideoPlayerVideo::OutputPicture - ttd:338ms pts:30.900 Clock:30.561 Level:14
2025-01-02 17:04:58.472 T:5173 debug : CVideoPlayer::ProcessVideoData size:34008 dts:42.940 pts:42.940 dur:20.000ms, clock:30.574 level:100
2025-01-02 17:04:58.478 T:5176 debug : CVideoPlayerVideo::OutputPicture - ttd:340ms pts:30.920 Clock:30.579 Level:14
2025-01-02 17:04:58.486 T:5211 debug : Thread Timer 3814715904 terminating
2025-01-02 17:04:58.489 T:4223 debug : Keyboard: scancode: 0x67, sym: 0x111 (up), unicode: 0x00, modifier: 0x0
2025-01-02 17:04:58.494 T:5176 debug : CVideoPlayerVideo::OutputPicture - ttd:344ms pts:30.940 Clock:30.596 Level:13
2025-01-02 17:04:58.497 T:5173 debug : CVideoPlayer::ProcessVideoData size:25414 dts:42.960 pts:42.960 dur:20.000ms, clock:30.599 level:100
2025-01-02 17:04:58.502 T:5176 debug : CVideoPlayerVideo::OutputPicture - ttd:355ms pts:30.960 Clock:30.604 Level:14
2025-01-02 17:04:58.510 T:5173 debug : CVideoPlayer::ProcessVideoData size:24574 dts:42.980 pts:42.980 dur:20.000ms, clock:30.612 level:100
2025-01-02 17:04:58.514 T:5173 debug : CVideoPlayer::ProcessVideoData size:35088 dts:43.000 pts:43.000 dur:20.000ms, clock:30.616 level:100
2025-01-02 17:04:58.520 T:5176 debug : CVideoPlayerVideo::OutputPicture - ttd:358ms pts:30.980 Clock:30.621 Level:14
2025-01-02 17:04:58.535 T:5176 debug : CVideoPlayerVideo::OutputPicture - ttd:363ms pts:31.000 Clock:30.636 Level:14
2025-01-02 17:04:58.546 T:5173 debug : CVideoPlayer::ProcessVideoData size:33862 dts:43.020 pts:43.020 dur:20.000ms, clock:30.648 level:100
2025-01-02 17:04:58.547 T:5173 debug : CVideoPlayer::ProcessVideoData size:26128 dts:43.040 pts:43.040 dur:20.000ms, clock:30.649 level:100
2025-01-02 17:04:58.560 T:5150 debug : request received for /jsonrpc
2025-01-02 17:04:58.561 T:5173 debug : CVideoPlayer::ProcessVideoData size:26807 dts:43.060 pts:43.060 dur:20.000ms, clock:30.662 level:100
2025-01-02 17:04:58.563 T:5173 debug : CVideoPlayer::ProcessVideoData size:37273 dts:43.080 pts:43.080 dur:20.000ms, clock:30.665 level:100
2025-01-02 17:04:58.563 T:5176 debug : CVideoPlayerVideo::OutputPicture - ttd:354ms pts:31.020 Clock:30.665 Level:14
2025-01-02 17:04:58.578 T:5176 debug : CVideoPlayerVideo::OutputPicture - ttd:361ms pts:31.040 Clock:30.679 Level:14
2025-01-02 17:04:58.600 T:5176 debug : CVideoPlayerVideo::OutputPicture - ttd:358ms pts:31.060 Clock:30.702 Level:14
2025-01-02 17:04:58.607 T:5173 debug : CVideoPlayer::ProcessVideoData size:28799 dts:43.100 pts:43.100 dur:20.000ms, clock:30.708 level:100
2025-01-02 17:04:58.610 T:5173 debug : CVideoPlayer::ProcessVideoData size:26266 dts:43.120 pts:43.120 dur:20.000ms, clock:30.711 level:100
2025-01-02 17:04:58.616 T:5176 debug : CVideoPlayerVideo::OutputPicture - ttd:362ms pts:31.080 Clock:30.717 Level:14
2025-01-02 17:04:58.626 T:5173 debug : CVideoPlayer::ProcessVideoData size:27788 dts:43.140 pts:43.140 dur:20.000ms, clock:30.727 level:100
2025-01-02 17:04:58.640 T:5176 debug : CVideoPlayerVideo::OutputPicture - ttd:358ms pts:31.100 Clock:30.742 Level:14
2025-01-02 17:04:58.654 T:5176 debug : CVideoPlayerVideo::OutputPicture - ttd:364ms pts:31.120 Clock:30.755 Level:14
2025-01-02 17:04:58.675 T:5176 debug : CVideoPlayerVideo::OutputPicture - ttd:363ms pts:31.140 Clock:30.776 Level:14
2025-01-02 17:04:58.698 T:5176 debug : CVideoPlayerVideo::OutputPicture - ttd:360ms pts:31.160 Clock:30.799 Level:14
2025-01-02 17:04:58.719 T:5176 debug : CVideoPlayerVideo::OutputPicture - ttd:358ms pts:31.180 Clock:30.821 Level:14
2025-01-02 17:04:58.735 T:5176 debug : CVideoPlayerVideo::OutputPicture - ttd:363ms pts:31.200 Clock:30.837 Level:14
2025-01-02 17:04:58.754 T:5176 debug : CVideoPlayerVideo::OutputPicture - ttd:364ms pts:31.220 Clock:30.856 Level:14
2025-01-02 17:04:58.774 T:5176 debug : CVideoPlayerVideo::OutputPicture - ttd:364ms pts:31.240 Clock:30.876 Level:14
2025-01-02 17:04:58.792 T:5176 debug : CVideoPlayerVideo::OutputPicture - ttd:366ms pts:31.260 Clock:30.893 Level:14
2025-01-02 17:04:58.815 T:5176 debug : CVideoPlayerVideo::OutputPicture - ttd:363ms pts:31.280 Clock:30.917 Level:14
2025-01-02 17:04:58.835 T:5176 debug : CVideoPlayerVideo::OutputPicture - ttd:363ms pts:31.300 Clock:30.936 Level:14
2025-01-02 17:04:58.855 T:5176 debug : CVideoPlayerVideo::OutputPicture - ttd:363ms pts:31.320 Clock:30.957 Level:14
2025-01-02 17:04:58.859 T:5173 debug : CVideoPlayer::ProcessVideoData size:158121 dts:43.160 pts:43.160 dur:20.000ms, clock:30.961 level:100
2025-01-02 17:04:58.875 T:5176 debug : CVideoPlayerVideo::OutputPicture - ttd:363ms pts:31.340 Clock:30.977 Level:14
2025-01-02 17:04:58.891 T:5176 debug : CVideoPlayerVideo::OutputPicture - ttd:367ms pts:31.360 Clock:30.993 Level:14
2025-01-02 17:04:58.899 T:5173 debug : CVideoPlayer::ProcessVideoData size:36445 dts:43.180 pts:43.180 dur:20.000ms, clock:31.001 level:100
2025-01-02 17:04:58.906 T:5173 debug : CVideoPlayer::ProcessVideoData size:27163 dts:43.200 pts:43.200 dur:20.000ms, clock:31.007 level:100
2025-01-02 17:04:58.911 T:5176 debug : CVideoPlayerVideo::OutputPicture - ttd:367ms pts:31.380 Clock:31.012 Level:14
2025-01-02 17:04:58.931 T:5176 debug : CVideoPlayerVideo::OutputPicture - ttd:367ms pts:31.400 Clock:31.032 Level:14
2025-01-02 17:04:58.938 T:5173 debug : CVideoPlayer::ProcessVideoData size:29961 dts:43.220 pts:43.220 dur:20.000ms, clock:31.040 level:100
2025-01-02 17:04:58.956 T:5176 debug : CVideoPlayerVideo::OutputPicture - ttd:361ms pts:31.420 Clock:31.058 Level:14
2025-01-02 17:04:58.961 T:5173 debug : CVideoPlayer::ProcessVideoData size:31877 dts:43.240 pts:43.240 dur:20.000ms, clock:31.063 level:100
2025-01-02 17:04:58.972 T:5173 debug : CVideoPlayer::ProcessVideoData size:32547 dts:43.260 pts:43.260 dur:20.000ms, clock:31.073 level:100
2025-01-02 17:04:58.979 T:5173 debug : CVideoPlayer::ProcessVideoData size:32994 dts:43.280 pts:43.280 dur:20.000ms, clock:31.080 level:100
2025-01-02 17:04:58.982 T:5176 debug : CVideoPlayerVideo::OutputPicture - ttd:356ms pts:31.440 Clock:31.084 Level:14
2025-01-02 17:04:59.000 T:5176 debug : CVideoPlayerVideo::OutputPicture - ttd:358ms pts:31.460 Clock:31.101 Level:14
2025-01-02 17:04:59.014 T:5176 debug : CVideoPlayerVideo::OutputPicture - ttd:364ms pts:31.480 Clock:31.115 Level:14
2025-01-02 17:04:59.033 T:5173 debug : CVideoPlayer::ProcessVideoData size:32460 dts:43.300 pts:43.300 dur:20.000ms, clock:31.135 level:100
2025-01-02 17:04:59.035 T:5173 debug : CVideoPlayer::ProcessVideoData size:33023 dts:43.320 pts:43.320 dur:20.000ms, clock:31.136 level:100
2025-01-02 17:04:59.038 T:5176 debug : CVideoPlayerVideo::OutputPicture - ttd:360ms pts:31.500 Clock:31.139 Level:14
2025-01-02 17:04:59.051 T:5176 debug : CVideoPlayerVideo::OutputPicture - ttd:367ms pts:31.520 Clock:31.152 Level:14
2025-01-02 17:04:59.071 T:5176 debug : CVideoPlayerVideo::OutputPicture - ttd:367ms pts:31.540 Clock:31.172 Level:14
2025-01-02 17:04:59.090 T:5176 debug : CVideoPlayerVideo::OutputPicture - ttd:368ms pts:31.560 Clock:31.192 Level:14
2025-01-02 17:04:59.111 T:5176 debug : CVideoPlayerVideo::OutputPicture - ttd:367ms pts:31.580 Clock:31.213 Level:14
2025-01-02 17:04:59.117 T:5173 debug : CVideoPlayer::ProcessVideoData size:32104 dts:43.340 pts:43.340 dur:20.000ms, clock:31.219 level:100
2025-01-02 17:04:59.122 T:5173 debug : CVideoPlayer::ProcessVideoData size:27423 dts:43.360 pts:43.360 dur:20.000ms, clock:31.224 level:100
2025-01-02 17:04:59.130 T:5176 debug : CVideoPlayerVideo::OutputPicture - ttd:368ms pts:31.600 Clock:31.232 Level:14
2025-01-02 17:04:59.134 T:4228 debug : CLibInputKeyboard::ProcessKey - using delay: 500ms repeat: 33ms
2025-01-02 17:04:59.135 T:5212 debug : Thread Timer start, auto delete: false
2025-01-02 17:04:59.149 T:4223 debug : Keyboard: scancode: 0x1c, sym: 0x0d (enter), unicode: 0x0d, modifier: 0x0
2025-01-02 17:04:59.153 T:5173 debug : CVideoPlayer::ProcessVideoData size:26730 dts:43.380 pts:43.380 dur:20.000ms, clock:31.255 level:100
2025-01-02 17:04:59.157 T:5176 debug : CVideoPlayerVideo::OutputPicture - ttd:361ms pts:31.620 Clock:31.258 Level:14
2025-01-02 17:04:59.178 T:5176 debug : CVideoPlayerVideo::OutputPicture - ttd:360ms pts:31.640 Clock:31.280 Level:14
2025-01-02 17:04:59.196 T:5176 debug : CVideoPlayerVideo::OutputPicture - ttd:362ms pts:31.660 Clock:31.298 Level:14
2025-01-02 17:04:59.208 T:5173 debug : CVideoPlayer::ProcessVideoData size:36916 dts:43.400 pts:43.400 dur:20.000ms, clock:31.309 level:100
2025-01-02 17:04:59.218 T:5176 debug : CVideoPlayerVideo::OutputPicture - ttd:360ms pts:31.680 Clock:31.319 Level:14
2025-01-02 17:04:59.239 T:5176 debug : CVideoPlayerVideo::OutputPicture - ttd:359ms pts:31.700 Clock:31.340 Level:14
2025-01-02 17:04:59.244 T:5173 debug : CVideoPlayer::ProcessVideoData size:33774 dts:43.420 pts:43.420 dur:20.000ms, clock:31.346 level:100
2025-01-02 17:04:59.255 T:5176 debug : CVideoPlayerVideo::OutputPicture - ttd:363ms pts:31.720 Clock:31.357 Level:14
2025-01-02 17:04:59.262 T:5173 debug : CVideoPlayer::ProcessVideoData size:27483 dts:43.440 pts:43.440 dur:20.000ms, clock:31.364 level:100
2025-01-02 17:04:59.275 T:5176 debug : CVideoPlayerVideo::OutputPicture - ttd:363ms pts:31.740 Clock:31.376 Level:14
2025-01-02 17:04:59.295 T:5212 debug : Thread Timer 3814715904 terminating
2025-01-02 17:04:59.298 T:5176 debug : CVideoPlayerVideo::OutputPicture - ttd:360ms pts:31.760 Clock:31.400 Level:14
2025-01-02 17:04:59.309 T:4223 debug : Keyboard: scancode: 0x1c, sym: 0x0d (enter), unicode: 0x0d, modifier: 0x0
2025-01-02 17:04:59.309 T:4223 debug : HandleKey: return (0xf00d) pressed, window 10016, action is Select
2025-01-02 17:04:59.320 T:5176 debug : CVideoPlayerVideo::OutputPicture - ttd:358ms pts:31.780 Clock:31.421 Level:14
2025-01-02 17:04:59.327 T:5173 debug : CVideoPlayer::ProcessVideoData size:27416 dts:43.460 pts:43.460 dur:20.000ms, clock:31.428 level:100
2025-01-02 17:04:59.334 T:5176 debug : CVideoPlayerVideo::OutputPicture - ttd:364ms pts:31.800 Clock:31.436 Level:14
