2025-01-02 17:04:41.434 T:5176 debug : CVideoPlayerVideo::OutputPicture - ttd:363ms pts:13.900 Clock:13.536 Level:14
2025-01-02 17:04:41.455 T:5176 debug : CVideoPlayerVideo::OutputPicture - ttd:363ms pts:13.920 Clock:13.557 Level:14
2025-01-02 17:04:41.475 T:5176 debug : CVideoPlayerVideo::OutputPicture - ttd:363ms pts:13.940 Clock:13.577 Level:14
2025-01-02 17:04:41.493 T:5176 debug : CVideoPlayerVideo::OutputPicture - ttd:365ms pts:13.960 Clock:13.594 Level:14
2025-01-02 17:04:41.515 T:5176 debug : CVideoPlayerVideo::OutputPicture - ttd:363ms pts:13.980 Clock:13.616 Level:14
2025-01-02 17:04:41.532 T:5176 debug : CVideoPlayerVideo::OutputPicture - ttd:366ms pts:14.000 Clock:13.634 Level:14
2025-01-02 17:04:41.553 T:5176 debug : CVideoPlayerVideo::OutputPicture - ttd:365ms pts:14.020 Clock:13.655 Level:14
2025-01-02 17:04:41.573 T:5176 debug : CVideoPlayerVideo::OutputPicture - ttd:365ms pts:14.040 Clock:13.674 Level:14
2025-01-02 17:04:41.592 T:5176 debug : CVideoPlayerVideo::OutputPicture - ttd:366ms pts:14.060 Clock:13.694 Level:14
2025-01-02 17:04:41.610 T:5176 debug : CVideoPlayerVideo::OutputPicture - ttd:368ms pts:14.080 Clock:13.712 Level:14
2025-01-02 17:04:41.633 T:5176 debug : CVideoPlayerVideo::OutputPicture - ttd:365ms pts:14.100 Clock:13.734 Level:14
2025-01-02 17:04:41.652 T:5176 debug : CVideoPlayerVideo::OutputPicture - ttd:366ms pts:14.120 Clock:13.754 Level:14
2025-01-02 17:04:41.676 T:5176 debug : CVideoPlayerVideo::OutputPicture - ttd:362ms pts:14.140 Clock:13.778 Level:14
2025-01-02 17:04:41.695 T:5176 debug : CVideoPlayerVideo::OutputPicture - ttd:362ms pts:14.160 Clock:13.797 Level:14
2025-01-02 17:04:41.716 T:5176 debug : CVideoPlayerVideo::OutputPicture - ttd:361ms pts:14.180 Clock:13.818 Level:14
2025-01-02 17:04:41.732 T:5176 debug : CVideoPlayerVideo::OutputPicture - ttd:366ms pts:14.200 Clock:13.834 Level:14
2025-01-02 17:04:41.755 T:5176 debug : CVideoPlayerVideo::OutputPicture - ttd:363ms pts:14.220 Clock:13.856 Level:14
2025-01-02 17:04:41.773 T:5176 debug : CVideoPlayerVideo::OutputPicture - ttd:365ms pts:14.240 Clock:13.875 Level:14
2025-01-02 17:04:41.792 T:5186 debug : request received for /jsonrpc
2025-01-02 17:04:41.793 T:5173 debug : CVideoPlayer::ProcessVideoData size:31023 dts:30.780 pts:30.780 dur:20.000ms, clock:13.894 level:100
2025-01-02 17:04:41.794 T:5173 debug : CVideoPlayer::ProcessVideoData size:24687 dts:30.800 pts:30.800 dur:20.000ms, clock:13.896 level:100
2025-01-02 17:04:41.795 T:5176 debug : CVideoPlayerVideo::OutputPicture - ttd:363ms pts:14.260 Clock:13.896 Level:14
2025-01-02 17:04:41.796 T:5173 debug : CVideoPlayer::ProcessVideoData size:23887 dts:30.820 pts:30.820 dur:20.000ms, clock:13.897 level:100
2025-01-02 17:04:41.797 T:5173 debug : CVideoPlayer::ProcessVideoData size:27640 dts:30.840 pts:30.840 dur:20.000ms, clock:13.899 level:100
2025-01-02 17:04:41.799 T:5173 debug : CVideoPlayer::ProcessVideoData size:23595 dts:30.860 pts:30.860 dur:20.000ms, clock:13.900 level:100
2025-01-02 17:04:41.800 T:5173 debug : CVideoPlayer::ProcessVideoData size:72735 dts:30.880 pts:30.880 dur:20.000ms, clock:13.901 level:100
2025-01-02 17:04:41.801 T:5173 debug : CVideoPlayer::ProcessVideoData size:50305 dts:30.900 pts:30.900 dur:20.000ms, clock:13.903 level:100
2025-01-02 17:04:41.802 T:5173 debug : CVideoPlayer::ProcessVideoData size:49799 dts:30.920 pts:30.920 dur:20.000ms, clock:13.903 level:100
2025-01-02 17:04:41.803 T:5173 debug : CVideoPlayer::ProcessVideoData size:40760 dts:30.940 pts:30.940 dur:20.000ms, clock:13.904 level:100
2025-01-02 17:04:41.803 T:5173 debug : CVideoPlayer::ProcessVideoData size:14770 dts:30.960 pts:30.960 dur:20.000ms, clock:13.905 level:100
2025-01-02 17:04:41.804 T:5173 debug : CVideoPlayer::ProcessVideoData size:16857 dts:30.980 pts:30.980 dur:20.000ms, clock:13.906 level:100
2025-01-02 17:04:41.815 T:5176 debug : CVideoPlayerVideo::OutputPicture - ttd:363ms pts:14.280 Clock:13.916 Level:14
2025-01-02 17:04:41.832 T:5176 debug : CVideoPlayerVideo::OutputPicture - ttd:366ms pts:14.300 Clock:13.934 Level:14
2025-01-02 17:04:41.840 T:5173 debug : CVideoPlayer::ProcessVideoData size:23967 dts:31.000 pts:31.000 dur:20.000ms, clock:13.942 level:100
2025-01-02 17:04:41.841 T:5173 debug : CVideoPlayer::ProcessVideoData size:32195 dts:31.020 pts:31.020 dur:20.000ms, clock:13.943 level:100
2025-01-02 17:04:41.852 T:5176 debug : CVideoPlayerVideo::OutputPicture - ttd:366ms pts:14.320 Clock:13.953 Level:14
2025-01-02 17:04:41.872 T:5176 debug : CVideoPlayerVideo::OutputPicture - ttd:366ms pts:14.340 Clock:13.973 Level:14
2025-01-02 17:04:41.891 T:5176 debug : CVideoPlayerVideo::OutputPicture - ttd:367ms pts:14.360 Clock:13.993 Level:14
2025-01-02 17:04:41.914 T:5176 debug : CVideoPlayerVideo::OutputPicture - ttd:364ms pts:14.380 Clock:14.015 Level:14
2025-01-02 17:04:41.931 T:5173 debug : CVideoPlayer::ProcessVideoData size:29704 dts:31.040 pts:31.040 dur:20.000ms, clock:14.033 level:100
2025-01-02 17:04:41.933 T:5176 debug : CVideoPlayerVideo::OutputPicture - ttd:365ms pts:14.400 Clock:14.035 Level:14
2025-01-02 17:04:41.953 T:5176 debug : CVideoPlayerVideo::OutputPicture - ttd:365ms pts:14.420 Clock:14.054 Level:14
2025-01-02 17:04:41.972 T:5176 debug : CVideoPlayerVideo::OutputPicture - ttd:366ms pts:14.440 Clock:14.074 Level:14
2025-01-02 17:04:41.993 T:5176 debug : CVideoPlayerVideo::OutputPicture - ttd:365ms pts:14.460 Clock:14.094 Level:14
2025-01-02 17:04:41.999 T:5173 debug : CVideoPlayer::ProcessVideoData size:32677 dts:31.060 pts:31.060 dur:20.000ms, clock:14.101 level:100
2025-01-02 17:04:42.001 T:5173 debug : CVideoPlayer::ProcessVideoData size:32412 dts:31.080 pts:31.080 dur:20.000ms, clock:14.102 level:100
2025-01-02 17:04:42.003 T:5173 debug : CVideoPlayer::ProcessVideoData size:31493 dts:31.100 pts:31.100 dur:20.000ms, clock:14.104 level:100
2025-01-02 17:04:42.004 T:5173 debug : CVideoPlayer::ProcessVideoData size:22865 dts:31.120 pts:31.120 dur:20.000ms, clock:14.105 level:100
2025-01-02 17:04:42.005 T:5173 debug : CVideoPlayer::ProcessVideoData size:29647 dts:31.140 pts:31.140 dur:20.000ms, clock:14.107 level:100
2025-01-02 17:04:42.006 T:5173 debug : CVideoPlayer::ProcessVideoData size:25432 dts:31.160 pts:31.160 dur:20.000ms, clock:14.108 level:100
2025-01-02 17:04:42.007 T:5173 debug : CVideoPlayer::ProcessVideoData size:26831 dts:31.180 pts:31.180 dur:20.000ms, clock:14.109 level:100
2025-01-02 17:04:42.008 T:5173 debug : CVideoPlayer::ProcessVideoData size:31566 dts:31.200 pts:31.200 dur:20.000ms, clock:14.109 level:100
2025-01-02 17:04:42.009 T:5173 debug : CVideoPlayer::ProcessVideoData size:25442 dts:31.220 pts:31.220 dur:20.000ms, clock:14.110 level:100
2025-01-02 17:04:42.010 T:5173 debug : CVideoPlayer::ProcessVideoData size:33970 dts:31.240 pts:31.240 dur:20.000ms, clock:14.111 level:100
2025-01-02 17:04:42.011 T:5173 debug : CVideoPlayer::ProcessVideoData size:35523 dts:31.260 pts:31.260 dur:20.000ms, clock:14.112 level:100
2025-01-02 17:04:42.012 T:5173 debug : CVideoPlayer::ProcessVideoData size:25497 dts:31.280 pts:31.280 dur:20.000ms, clock:14.113 level:100
2025-01-02 17:04:42.013 T:5173 debug : CVideoPlayer::ProcessVideoData size:24608 dts:31.300 pts:31.300 dur:20.000ms, clock:14.114 level:100
2025-01-02 17:04:42.014 T:5173 debug : CVideoPlayer::ProcessVideoData size:26071 dts:31.320 pts:31.320 dur:20.000ms, clock:14.115 level:100
2025-01-02 17:04:42.014 T:5173 debug : CVideoPlayer::ProcessVideoData size:23643 dts:31.340 pts:31.340 dur:20.000ms, clock:14.116 level:100
2025-01-02 17:04:42.016 T:5176 debug : CVideoPlayerVideo::OutputPicture - ttd:362ms pts:14.480 Clock:14.118 Level:14
2025-01-02 17:04:42.016 T:5173 debug : CVideoPlayer::ProcessVideoData size:165272 dts:31.360 pts:31.360 dur:20.000ms, clock:14.118 level:100
2025-01-02 17:04:42.018 T:5173 debug : CVideoPlayer::ProcessVideoData size:43806 dts:31.380 pts:31.380 dur:20.000ms, clock:14.120 level:100
2025-01-02 17:04:42.019 T:5173 debug : CVideoPlayer::ProcessVideoData size:24554 dts:31.400 pts:31.400 dur:20.000ms, clock:14.121 level:100
2025-01-02 17:04:42.020 T:5173 debug : CVideoPlayer::ProcessVideoData size:30256 dts:31.420 pts:31.420 dur:20.000ms, clock:14.122 level:100
2025-01-02 17:04:42.021 T:5173 debug : CVideoPlayer::ProcessVideoData size:30769 dts:31.440 pts:31.440 dur:20.000ms, clock:14.123 level:100
2025-01-02 17:04:42.022 T:5173 debug : CVideoPlayer::ProcessVideoData size:31372 dts:31.460 pts:31.460 dur:20.000ms, clock:14.124 level:100
2025-01-02 17:04:42.023 T:5173 debug : CVideoPlayer::ProcessVideoData size:23397 dts:31.480 pts:31.480 dur:20.000ms, clock:14.125 level:100
2025-01-02 17:04:42.024 T:5173 debug : CVideoPlayer::ProcessVideoData size:24694 dts:31.500 pts:31.500 dur:20.000ms, clock:14.126 level:100
2025-01-02 17:04:42.025 T:5173 debug : CVideoPlayer::ProcessVideoData size:32400 dts:31.520 pts:31.520 dur:20.000ms, clock:14.127 level:100
2025-01-02 17:04:42.026 T:5173 debug : CVideoPlayer::ProcessVideoData size:31521 dts:31.540 pts:31.540 dur:20.000ms, clock:14.128 level:100
2025-01-02 17:04:42.027 T:5173 debug : CVideoPlayer::ProcessVideoData size:22516 dts:31.560 pts:31.560 dur:20.000ms, clock:14.129 level:100
2025-01-02 17:04:42.029 T:5173 debug : CVideoPlayer::ProcessVideoData size:23866 dts:31.580 pts:31.580 dur:20.000ms, clock:14.130 level:100
2025-01-02 17:04:42.030 T:5173 debug : CVideoPlayer::ProcessVideoData size:32740 dts:31.600 pts:31.600 dur:20.000ms, clock:14.132 level:100
2025-01-02 17:04:42.031 T:5173 debug : CVideoPlayer::ProcessVideoData size:28094 dts:31.620 pts:31.620 dur:20.000ms, clock:14.133 level:100
2025-01-02 17:04:42.033 T:5173 debug : CVideoPlayer::ProcessVideoData size:24618 dts:31.640 pts:31.640 dur:20.000ms, clock:14.134 level:100
2025-01-02 17:04:42.034 T:5173 debug : CVideoPlayer::ProcessVideoData size:25853 dts:31.660 pts:31.660 dur:20.000ms, clock:14.136 level:100
2025-01-02 17:04:42.035 T:5173 debug : CVideoPlayer::ProcessVideoData size:33558 dts:31.680 pts:31.680 dur:20.000ms, clock:14.137 level:100
2025-01-02 17:04:42.037 T:5176 debug : CVideoPlayerVideo::OutputPicture - ttd:361ms pts:14.500 Clock:14.138 Level:14
2025-01-02 17:04:42.055 T:5176 debug : CVideoPlayerVideo::OutputPicture - ttd:363ms pts:14.520 Clock:14.156 Level:14
2025-01-02 17:04:42.072 T:5176 debug : CVideoPlayerVideo::OutputPicture - ttd:366ms pts:14.540 Clock:14.174 Level:14
2025-01-02 17:04:42.086 T:5152 debug : request received for /jsonrpc
2025-01-02 17:04:42.093 T:5176 debug : CVideoPlayerVideo::OutputPicture - ttd:365ms pts:14.560 Clock:14.194 Level:14
2025-01-02 17:04:42.113 T:5176 debug : CVideoPlayerVideo::OutputPicture - ttd:365ms pts:14.580 Clock:14.214 Level:14
2025-01-02 17:04:42.131 T:5176 debug : CVideoPlayerVideo::OutputPicture - ttd:367ms pts:14.600 Clock:14.232 Level:14
2025-01-02 17:04:42.143 T:5172 debug : request received for /jsonrpc
2025-01-02 17:04:42.149 T:4223 debug : CGUIWindowManager::PreviousWindow: Deactivate
2025-01-02 17:04:42.149 T:4223 debug : ------ Window Deinit (VideoFullScreen.xml) ------
2025-01-02 17:04:42.162 T:4223 debug : CGUIWindowManager::PreviousWindow: Activate new
2025-01-02 17:04:42.162 T:4223 debug : ------ Window Init (SettingsCategory.xml) ------
2025-01-02 17:04:42.168 T:5173 debug : CVideoPlayer::ProcessVideoData size:25491 dts:31.700 pts:31.700 dur:20.000ms, clock:14.270 level:100
2025-01-02 17:04:42.212 T:5173 debug : CVideoPlayer::ProcessVideoData size:32457 dts:31.720 pts:31.720 dur:20.000ms, clock:14.314 level:100
2025-01-02 17:04:42.283 T:5173 debug : CVideoPlayer::ProcessVideoData size:26809 dts:31.740 pts:31.740 dur:20.000ms, clock:14.385 level:100
2025-01-02 17:04:42.382 T:5173 debug : CVideoPlayer::ProcessVideoData size:34589 dts:31.760 pts:31.760 dur:20.000ms, clock:14.484 level:100
2025-01-02 17:04:42.439 T:5173 debug : CVideoPlayer::ProcessVideoData size:25530 dts:31.780 pts:31.780 dur:20.000ms, clock:14.540 level:100
2025-01-02 17:04:42.492 T:5173 debug : CVideoPlayer::ProcessVideoData size:27786 dts:31.800 pts:31.800 dur:20.000ms, clock:14.594 level:100
2025-01-02 17:04:42.538 T:5173 debug : CVideoPlayer::ProcessVideoData size:24824 dts:31.820 pts:31.820 dur:20.000ms, clock:14.639 level:100
2025-01-02 17:04:42.592 T:5176 debug : CVideoPlayerVideo::OutputPicture - ttd:-73ms pts:14.620 Clock:14.694 Level:0
2025-01-02 17:04:42.594 T:5176 debug : CVideoPlayerVideo::OutputPicture - ttd:-55ms pts:14.640 Clock:14.695 Level:1
2025-01-02 17:04:42.595 T:5176 debug : CVideoPlayerVideo::OutputPicture - ttd:-36ms pts:14.660 Clock:14.697 Level:2
2025-01-02 17:04:42.597 T:5176 debug : CVideoPlayerVideo::OutputPicture - ttd:-18ms pts:14.680 Clock:14.699 Level:3
2025-01-02 17:04:42.599 T:5176 debug : CVideoPlayerVideo::OutputPicture - ttd:0ms pts:14.700 Clock:14.700 Level:4
2025-01-02 17:04:42.615 T:5176 debug : CVideoPlayerVideo::OutputPicture - ttd:3ms pts:14.720 Clock:14.717 Level:0
2025-01-02 17:04:42.617 T:5176 debug : CVideoPlayerVideo::OutputPicture - ttd:21ms pts:14.740 Clock:14.718 Level:1
2025-01-02 17:04:42.629 T:5176 debug : CVideoPlayerVideo::OutputPicture - ttd:29ms pts:14.760 Clock:14.731 Level:2
2025-01-02 17:04:42.631 T:5176 debug : CVideoPlayerVideo::OutputPicture - ttd:47ms pts:14.780 Clock:14.732 Level:3
2025-01-02 17:04:42.642 T:5176 debug : CVideoPlayerVideo::OutputPicture - ttd:56ms pts:14.800 Clock:14.743 Level:4
2025-01-02 17:04:42.643 T:5176 debug : CVideoPlayerVideo::OutputPicture - ttd:75ms pts:14.820 Clock:14.745 Level:5
2025-01-02 17:04:42.655 T:5176 debug : CVideoPlayerVideo::OutputPicture - ttd:83ms pts:14.840 Clock:14.757 Level:6
2025-01-02 17:04:42.657 T:5176 debug : CVideoPlayerVideo::OutputPicture - ttd:101ms pts:14.860 Clock:14.758 Level:7
2025-01-02 17:04:42.669 T:5176 debug : CVideoPlayerVideo::OutputPicture - ttd:109ms pts:14.880 Clock:14.770 Level:8
2025-01-02 17:04:42.670 T:5176 debug : CVideoPlayerVideo::OutputPicture - ttd:128ms pts:14.900 Clock:14.772 Level:9
2025-01-02 17:04:42.682 T:5176 debug : CVideoPlayerVideo::OutputPicture - ttd:136ms pts:14.920 Clock:14.783 Level:10
2025-01-02 17:04:42.683 T:5176 debug : CVideoPlayerVideo::OutputPicture - ttd:155ms pts:14.940 Clock:14.785 Level:11
2025-01-02 17:04:42.697 T:5176 debug : CVideoPlayerVideo::OutputPicture - ttd:161ms pts:14.960 Clock:14.798 Level:4
2025-01-02 17:04:42.699 T:5176 debug : CVideoPlayerVideo::OutputPicture - ttd:179ms pts:14.980 Clock:14.800 Level:5
2025-01-02 17:04:42.713 T:5176 debug : CVideoPlayerVideo::OutputPicture - ttd:185ms pts:15.000 Clock:14.814 Level:6
2025-01-02 17:04:42.715 T:5176 debug : CVideoPlayerVideo::OutputPicture - ttd:203ms pts:15.020 Clock:14.817 Level:6
2025-01-02 17:04:42.726 T:5176 debug : CVideoPlayerVideo::OutputPicture - ttd:212ms pts:15.040 Clock:14.828 Level:7
2025-01-02 17:04:42.728 T:5176 debug : CVideoPlayerVideo::OutputPicture - ttd:230ms pts:15.060 Clock:14.830 Level:8
2025-01-02 17:04:42.740 T:5176 debug : CVideoPlayerVideo::OutputPicture - ttd:238ms pts:15.080 Clock:14.841 Level:8
2025-01-02 17:04:42.742 T:5176 debug : CVideoPlayerVideo::OutputPicture - ttd:256ms pts:15.100 Clock:14.843 Level:9
2025-01-02 17:04:42.755 T:5176 debug : CVideoPlayerVideo::OutputPicture - ttd:263ms pts:15.120 Clock:14.856 Level:10
2025-01-02 17:04:42.758 T:5176 debug : CVideoPlayerVideo::OutputPicture - ttd:281ms pts:15.140 Clock:14.859 Level:10
2025-01-02 17:04:42.767 T:5176 debug : CVideoPlayerVideo::OutputPicture - ttd:290ms pts:15.160 Clock:14.869 Level:11
2025-01-02 17:04:42.769 T:5176 debug : CVideoPlayerVideo::OutputPicture - ttd:309ms pts:15.180 Clock:14.871 Level:12
2025-01-02 17:04:42.782 T:5176 debug : CVideoPlayerVideo::OutputPicture - ttd:316ms pts:15.200 Clock:14.883 Level:12
2025-01-02 17:04:42.785 T:5176 debug : CVideoPlayerVideo::OutputPicture - ttd:333ms pts:15.220 Clock:14.886 Level:13
2025-01-02 17:04:42.796 T:5176 debug : CVideoPlayerVideo::OutputPicture - ttd:343ms pts:15.240 Clock:14.897 Level:13
2025-01-02 17:04:42.803 T:5176 debug : CVideoPlayerVideo::OutputPicture - ttd:355ms pts:15.260 Clock:14.904 Level:14
2025-01-02 17:04:42.821 T:5176 debug : CVideoPlayerVideo::OutputPicture - ttd:357ms pts:15.280 Clock:14.922 Level:14
2025-01-02 17:04:42.842 T:5176 debug : CVideoPlayerVideo::OutputPicture - ttd:356ms pts:15.300 Clock:14.944 Level:14
2025-01-02 17:04:42.855 T:5176 debug : CVideoPlayerVideo::OutputPicture - ttd:363ms pts:15.320 Clock:14.957 Level:14
2025-01-02 17:04:42.877 T:5176 debug : CVideoPlayerVideo::OutputPicture - ttd:361ms pts:15.340 Clock:14.978 Level:14
2025-01-02 17:04:42.896 T:5176 debug : CVideoPlayerVideo::OutputPicture - ttd:362ms pts:15.360 Clock:14.998 Level:14
2025-01-02 17:04:42.914 T:5176 debug : CVideoPlayerVideo::OutputPicture - ttd:364ms pts:15.380 Clock:15.015 Level:14
2025-01-02 17:04:42.932 T:5176 debug : CVideoPlayerVideo::OutputPicture - ttd:366ms pts:15.400 Clock:15.033 Level:14
2025-01-02 17:04:42.951 T:5176 debug : CVideoPlayerVideo::OutputPicture - ttd:366ms pts:15.420 Clock:15.053 Level:14
2025-01-02 17:04:42.970 T:5176 debug : CVideoPlayerVideo::OutputPicture - ttd:367ms pts:15.440 Clock:15.072 Level:14
2025-01-02 17:04:42.991 T:5176 debug : CVideoPlayerVideo::OutputPicture - ttd:367ms pts:15.460 Clock:15.092 Level:14
2025-01-02 17:04:43.007 T:5173 debug : CVideoPlayer::ProcessVideoData size:152339 dts:31.840 pts:31.840 dur:20.000ms, clock:15.108 level:100
2025-01-02 17:04:43.010 T:5176 debug : CVideoPlayerVideo::OutputPicture - ttd:367ms pts:15.480 Clock:15.112 Level:14
2025-01-02 17:04:43.031 T:5176 debug : CVideoPlayerVideo::OutputPicture - ttd:367ms pts:15.500 Clock:15.132 Level:14
2025-01-02 17:04:43.051 T:5176 debug : CVideoPlayerVideo::OutputPicture - ttd:367ms pts:15.520 Clock:15.152 Level:14
2025-01-02 17:04:43.076 T:5176 debug : CVideoPlayerVideo::OutputPicture - ttd:362ms pts:15.540 Clock:15.177 Level:14
2025-01-02 17:04:43.098 T:5176 debug : CVideoPlayerVideo::OutputPicture - ttd:360ms pts:15.560 Clock:15.199 Level:14
2025-01-02 17:04:43.120 T:5176 debug : CVideoPlayerVideo::OutputPicture - ttd:358ms pts:15.580 Clock:15.222 Level:14
2025-01-02 17:04:43.138 T:5176 debug : CVideoPlayerVideo::OutputPicture - ttd:360ms pts:15.600 Clock:15.239 Level:14
2025-01-02 17:04:43.156 T:5176 debug : CVideoPlayerVideo::OutputPicture - ttd:362ms pts:15.620 Clock:15.258 Level:14
2025-01-02 17:04:43.175 T:5176 debug : CVideoPlayerVideo::OutputPicture - ttd:363ms pts:15.640 Clock:15.277 Level:14
2025-01-02 17:04:43.187 T:5173 debug : CVideoPlayer::ProcessVideoData size:46398 dts:31.860 pts:31.860 dur:20.000ms, clock:15.288 level:100
2025-01-02 17:04:43.201 T:5176 debug : CVideoPlayerVideo::OutputPicture - ttd:357ms pts:15.660 Clock:15.302 Level:14
2025-01-02 17:04:43.219 T:5176 debug : CVideoPlayerVideo::OutputPicture - ttd:358ms pts:15.680 Clock:15.321 Level:14
2025-01-02 17:04:43.236 T:5176 debug : CVideoPlayerVideo::OutputPicture - ttd:362ms pts:15.700 Clock:15.338 Level:14
2025-01-02 17:04:43.259 T:5176 debug : CVideoPlayerVideo::OutputPicture - ttd:359ms pts:15.720 Clock:15.360 Level:14
2025-01-02 17:04:43.277 T:5176 debug : CVideoPlayerVideo::OutputPicture - ttd:361ms pts:15.740 Clock:15.379 Level:14
2025-01-02 17:04:43.284 T:5173 debug : CVideoPlayer::ProcessVideoData size:23596 dts:31.880 pts:31.880 dur:20.000ms, clock:15.385 level:100
2025-01-02 17:04:43.295 T:5176 debug : CVideoPlayerVideo::OutputPicture - ttd:363ms pts:15.760 Clock:15.397 Level:14
2025-01-02 17:04:43.315 T:5176 debug : CVideoPlayerVideo::OutputPicture - ttd:363ms pts:15.780 Clock:15.417 Level:14
2025-01-02 17:04:43.333 T:5176 debug : CVideoPlayerVideo::OutputPicture - ttd:365ms pts:15.800 Clock:15.434 Level:14
2025-01-02 17:04:43.351 T:5176 debug : CVideoPlayerVideo::OutputPicture - ttd:367ms pts:15.820 Clock:15.452 Level:14
2025-01-02 17:04:43.354 T:5173 debug : CVideoPlayer::ProcessVideoData size:24488 dts:31.900 pts:31.900 dur:20.000ms, clock:15.456 level:100
2025-01-02 17:04:43.370 T:5150 debug : request received for /jsonrpc
2025-01-02 17:04:43.371 T:5176 debug : CVideoPlayerVideo::OutputPicture - ttd:367ms pts:15.840 Clock:15.473 Level:14
2025-01-02 17:04:43.389 T:5199 debug : request received for /jsonrpc
2025-01-02 17:04:43.392 T:5176 info : Skipped 1 duplicate messages..
2025-01-02 17:04:43.392 T:5176 debug : CVideoPlayerVideo::OutputPicture - ttd:366ms pts:15.860 Clock:15.493 Level:14
2025-01-02 17:04:43.411 T:5176 debug : CVideoPlayerVideo::OutputPicture - ttd:367ms pts:15.880 Clock:15.512 Level:14
2025-01-02 17:04:43.421 T:5173 debug : CVideoPlayer::ProcessVideoData size:33857 dts:31.920 pts:31.920 dur:20.000ms, clock:15.523 level:100
2025-01-02 17:04:43.431 T:5176 debug : CVideoPlayerVideo::OutputPicture - ttd:367ms pts:15.900 Clock:15.533 Level:14
2025-01-02 17:04:43.450 T:5176 debug : CVideoPlayerVideo::OutputPicture - ttd:367ms pts:15.920 Clock:15.552 Level:14
2025-01-02 17:04:43.471 T:5176 debug : CVideoPlayerVideo::OutputPicture - ttd:367ms pts:15.940 Clock:15.572 Level:14
2025-01-02 17:04:43.491 T:5176 debug : CVideoPlayerVideo::OutputPicture - ttd:367ms pts:15.960 Clock:15.592 Level:14
2025-01-02 17:04:43.511 T:5176 debug : CVideoPlayerVideo::OutputPicture - ttd:367ms pts:15.980 Clock:15.612 Level:14
2025-01-02 17:04:43.514 T:5173 debug : CVideoPlayer::ProcessVideoData size:31721 dts:31.940 pts:31.940 dur:20.000ms, clock:15.616 level:100
2025-01-02 17:04:43.531 T:5176 debug : CVideoPlayerVideo::OutputPicture - ttd:367ms pts:16.000 Clock:15.633 Level:14
2025-01-02 17:04:43.557 T:5176 debug : CVideoPlayerVideo::OutputPicture - ttd:361ms pts:16.020 Clock:15.658 Level:14
2025-01-02 17:04:43.576 T:5176 debug : CVideoPlayerVideo::OutputPicture - ttd:362ms pts:16.040 Clock:15.678 Level:14
2025-01-02 17:04:43.580 T:5173 debug : CVideoPlayer::ProcessVideoData size:29661 dts:31.960 pts:31.960 dur:20.000ms, clock:15.682 level:100
2025-01-02 17:04:43.599 T:5176 debug : CVideoPlayerVideo::OutputPicture - ttd:358ms pts:16.060 Clock:15.701 Level:14
2025-01-02 17:04:43.618 T:5176 debug : CVideoPlayerVideo::OutputPicture - ttd:360ms pts:16.080 Clock:15.720 Level:14
2025-01-02 17:04:43.638 T:5173 debug : CVideoPlayer::ProcessVideoData size:22825 dts:31.980 pts:31.980 dur:20.000ms, clock:15.740 level:100
2025-01-02 17:04:43.640 T:5176 debug : CVideoPlayerVideo::OutputPicture - ttd:358ms pts:16.100 Clock:15.741 Level:14
2025-01-02 17:04:43.659 T:5176 debug : CVideoPlayerVideo::OutputPicture - ttd:359ms pts:16.120 Clock:15.760 Level:14
2025-01-02 17:04:43.677 T:5176 debug : CVideoPlayerVideo::OutputPicture - ttd:361ms pts:16.140 Clock:15.779 Level:14
2025-01-02 17:04:43.696 T:5176 debug : CVideoPlayerVideo::OutputPicture - ttd:362ms pts:16.160 Clock:15.797 Level:14
2025-01-02 17:04:43.712 T:5173 debug : CVideoPlayer::ProcessVideoData size:27875 dts:32.000 pts:32.000 dur:20.000ms, clock:15.814 level:100
2025-01-02 17:04:43.720 T:5176 debug : CVideoPlayerVideo::OutputPicture - ttd:358ms pts:16.180 Clock:15.822 Level:14
2025-01-02 17:04:43.735 T:5176 debug : CVideoPlayerVideo::OutputPicture - ttd:363ms pts:16.200 Clock:15.837 Level:14
2025-01-02 17:04:43.757 T:5176 debug : CVideoPlayerVideo::OutputPicture - ttd:361ms pts:16.220 Clock:15.859 Level:14
2025-01-02 17:04:43.776 T:5176 debug : CVideoPlayerVideo::OutputPicture - ttd:362ms pts:16.240 Clock:15.877 Level:14
2025-01-02 17:04:43.780 T:5173 debug : CVideoPlayer::ProcessVideoData size:22359 dts:32.020 pts:32.020 dur:20.000ms, clock:15.882 level:100
2025-01-02 17:04:43.793 T:5176 debug : CVideoPlayerVideo::OutputPicture - ttd:365ms pts:16.260 Clock:15.895 Level:14
2025-01-02 17:04:43.812 T:5176 debug : CVideoPlayerVideo::OutputPicture - ttd:366ms pts:16.280 Clock:15.913 Level:14
2025-01-02 17:04:43.831 T:5176 debug : CVideoPlayerVideo::OutputPicture - ttd:367ms pts:16.300 Clock:15.933 Level:14
2025-01-02 17:04:43.841 T:5173 debug : CVideoPlayer::ProcessVideoData size:31637 dts:32.040 pts:32.040 dur:20.000ms, clock:15.943 level:100
2025-01-02 17:04:43.851 T:5176 debug : CVideoPlayerVideo::OutputPicture - ttd:367ms pts:16.320 Clock:15.953 Level:14
2025-01-02 17:04:43.871 T:5176 debug : CVideoPlayerVideo::OutputPicture - ttd:367ms pts:16.340 Clock:15.972 Level:14
2025-01-02 17:04:43.894 T:5176 debug : CVideoPlayerVideo::OutputPicture - ttd:363ms pts:16.360 Clock:15.996 Level:14
2025-01-02 17:04:43.921 T:5176 debug : CVideoPlayerVideo::OutputPicture - ttd:357ms pts:16.380 Clock:16.023 Level:14
2025-01-02 17:04:43.935 T:5173 debug : CVideoPlayer::ProcessVideoData size:30967 dts:32.060 pts:32.060 dur:20.000ms, clock:16.036 level:100
2025-01-02 17:04:43.939 T:5176 debug : CVideoPlayerVideo::OutputPicture - ttd:359ms pts:16.400 Clock:16.041 Level:14
2025-01-02 17:04:43.960 T:5176 debug : CVideoPlayerVideo::OutputPicture - ttd:358ms pts:16.420 Clock:16.062 Level:14
2025-01-02 17:04:43.980 T:5176 debug : CVideoPlayerVideo::OutputPicture - ttd:358ms pts:16.440 Clock:16.081 Level:14
2025-01-02 17:04:43.998 T:5176 debug : CVideoPlayerVideo::OutputPicture - ttd:360ms pts:16.460 Clock:16.100 Level:14
2025-01-02 17:04:44.015 T:5176 debug : CVideoPlayerVideo::OutputPicture - ttd:363ms pts:16.480 Clock:16.116 Level:14
2025-01-02 17:04:44.039 T:5176 debug : CVideoPlayerVideo::OutputPicture - ttd:359ms pts:16.500 Clock:16.140 Level:14
2025-01-02 17:04:44.056 T:5176 debug : CVideoPlayerVideo::OutputPicture - ttd:362ms pts:16.520 Clock:16.157 Level:14
2025-01-02 17:04:44.070 T:5173 debug : CVideoPlayer::ProcessVideoData size:25649 dts:32.080 pts:32.080 dur:20.000ms, clock:16.172 level:100
2025-01-02 17:04:44.077 T:5176 debug : CVideoPlayerVideo::OutputPicture - ttd:361ms pts:16.540 Clock:16.179 Level:14
2025-01-02 17:04:44.099 T:5176 debug : CVideoPlayerVideo::OutputPicture - ttd:358ms pts:16.560 Clock:16.201 Level:14
2025-01-02 17:04:44.122 T:5176 debug : CVideoPlayerVideo::OutputPicture - ttd:356ms pts:16.580 Clock:16.223 Level:14
2025-01-02 17:04:44.126 T:5173 debug : CVideoPlayer::ProcessVideoData size:25862 dts:32.100 pts:32.100 dur:20.000ms, clock:16.228 level:100
2025-01-02 17:04:44.136 T:5176 debug : CVideoPlayerVideo::OutputPicture - ttd:362ms pts:16.600 Clock:16.238 Level:14
2025-01-02 17:04:44.157 T:5176 debug : CVideoPlayerVideo::OutputPicture - ttd:361ms pts:16.620 Clock:16.258 Level:14
2025-01-02 17:04:44.175 T:5176 debug : CVideoPlayerVideo::OutputPicture - ttd:363ms pts:16.640 Clock:16.277 Level:14
2025-01-02 17:04:44.198 T:5176 debug : CVideoPlayerVideo::OutputPicture - ttd:359ms pts:16.660 Clock:16.300 Level:14
2025-01-02 17:04:44.205 T:5173 debug : CVideoPlayer::ProcessVideoData size:25309 dts:32.120 pts:32.120 dur:20.000ms, clock:16.306 level:100
2025-01-02 17:04:44.219 T:5176 debug : CVideoPlayerVideo::OutputPicture - ttd:358ms pts:16.680 Clock:16.321 Level:14
2025-01-02 17:04:44.238 T:5176 debug : CVideoPlayerVideo::OutputPicture - ttd:360ms pts:16.700 Clock:16.339 Level:14
2025-01-02 17:04:44.254 T:5176 debug : CVideoPlayerVideo::OutputPicture - ttd:364ms pts:16.720 Clock:16.356 Level:14
2025-01-02 17:04:44.275 T:5173 debug : CVideoPlayer::ProcessVideoData size:27454 dts:32.140 pts:32.140 dur:20.000ms, clock:16.376 level:100
2025-01-02 17:04:44.281 T:5176 debug : CVideoPlayerVideo::OutputPicture - ttd:357ms pts:16.740 Clock:16.383 Level:14
2025-01-02 17:04:44.295 T:5176 debug : CVideoPlayerVideo::OutputPicture - ttd:363ms pts:16.760 Clock:16.397 Level:14
2025-01-02 17:04:44.317 T:5176 debug : CVideoPlayerVideo::OutputPicture - ttd:361ms pts:16.780 Clock:16.419 Level:14
2025-01-02 17:04:44.337 T:5176 debug : CVideoPlayerVideo::OutputPicture - ttd:361ms pts:16.800 Clock:16.439 Level:14
2025-01-02 17:04:44.359 T:5176 debug : CVideoPlayerVideo::OutputPicture - ttd:359ms pts:16.820 Clock:16.461 Level:14
2025-01-02 17:04:44.373 T:5173 debug : CVideoPlayer::ProcessVideoData size:36714 dts:32.160 pts:32.160 dur:20.000ms, clock:16.475 level:100
2025-01-02 17:04:44.377 T:5176 debug : CVideoPlayerVideo::OutputPicture - ttd:361ms pts:16.840 Clock:16.478 Level:14
2025-01-02 17:04:44.398 T:5176 debug : CVideoPlayerVideo::OutputPicture - ttd:360ms pts:16.860 Clock:16.500 Level:14
2025-01-02 17:04:44.415 T:5176 debug : CVideoPlayerVideo::OutputPicture - ttd:363ms pts:16.880 Clock:16.517 Level:14
2025-01-02 17:04:44.433 T:5176 debug : CVideoPlayerVideo::OutputPicture - ttd:365ms pts:16.900 Clock:16.534 Level:14
2025-01-02 17:04:44.451 T:5176 debug : CVideoPlayerVideo::OutputPicture - ttd:367ms pts:16.920 Clock:16.552 Level:14
2025-01-02 17:04:44.471 T:5176 debug : CVideoPlayerVideo::OutputPicture - ttd:367ms pts:16.940 Clock:16.572 Level:14
2025-01-02 17:04:44.472 T:5173 debug : CVideoPlayer::ProcessVideoData size:28757 dts:32.180 pts:32.180 dur:20.000ms, clock:16.573 level:100
2025-01-02 17:04:44.491 T:5176 debug : CVideoPlayerVideo::OutputPicture - ttd:367ms pts:16.960 Clock:16.593 Level:14
2025-01-02 17:04:44.515 T:5176 debug : CVideoPlayerVideo::OutputPicture - ttd:362ms pts:16.980 Clock:16.617 Level:14
2025-01-02 17:04:44.535 T:5176 debug : CVideoPlayerVideo::OutputPicture - ttd:363ms pts:17.000 Clock:16.636 Level:14
2025-01-02 17:04:44.555 T:5176 debug : CVideoPlayerVideo::OutputPicture - ttd:363ms pts:17.020 Clock:16.657 Level:14
2025-01-02 17:04:44.578 T:5176 debug : CVideoPlayerVideo::OutputPicture - ttd:360ms pts:17.040 Clock:16.679 Level:14
2025-01-02 17:04:44.580 T:5173 debug : CVideoPlayer::ProcessVideoData size:28341 dts:32.200 pts:32.200 dur:20.000ms, clock:16.682 level:100
2025-01-02 17:04:44.597 T:5176 debug : CVideoPlayerVideo::OutputPicture - ttd:361ms pts:17.060 Clock:16.698 Level:14
2025-01-02 17:04:44.620 T:5176 debug : CVideoPlayerVideo::OutputPicture - ttd:358ms pts:17.080 Clock:16.721 Level:14
2025-01-02 17:04:44.641 T:5176 debug : CVideoPlayerVideo::OutputPicture - ttd:357ms pts:17.100 Clock:16.743 Level:14
2025-01-02 17:04:44.654 T:5176 debug : CVideoPlayerVideo::OutputPicture - ttd:364ms pts:17.120 Clock:16.756 Level:14
2025-01-02 17:04:44.676 T:5173 debug : CVideoPlayer::ProcessVideoData size:22249 dts:32.220 pts:32.220 dur:20.000ms, clock:16.778 level:100
2025-01-02 17:04:44.680 T:5176 debug : CVideoPlayerVideo::OutputPicture - ttd:358ms pts:17.140 Clock:16.782 Level:14
2025-01-02 17:04:44.695 T:5176 debug : CVideoPlayerVideo::OutputPicture - ttd:363ms pts:17.160 Clock:16.797 Level:14
2025-01-02 17:04:44.716 T:5176 debug : CVideoPlayerVideo::OutputPicture - ttd:362ms pts:17.180 Clock:16.818 Level:14
2025-01-02 17:04:44.738 T:5176 debug : CVideoPlayerVideo::OutputPicture - ttd:360ms pts:17.200 Clock:16.839 Level:14
2025-01-02 17:04:44.757 T:5176 debug : CVideoPlayerVideo::OutputPicture - ttd:361ms pts:17.220 Clock:16.859 Level:14
2025-01-02 17:04:44.776 T:5176 debug : CVideoPlayerVideo::OutputPicture - ttd:362ms pts:17.240 Clock:16.878 Level:14
2025-01-02 17:04:44.797 T:5176 debug : CVideoPlayerVideo::OutputPicture - ttd:361ms pts:17.260 Clock:16.899 Level:14
2025-01-02 17:04:44.801 T:5173 debug : CVideoPlayer::ProcessVideoData size:29472 dts:32.240 pts:32.240 dur:20.000ms, clock:16.903 level:100
2025-01-02 17:04:44.811 T:5176 debug : CVideoPlayerVideo::OutputPicture - ttd:367ms pts:17.280 Clock:16.913 Level:14
2025-01-02 17:04:44.831 T:5176 debug : CVideoPlayerVideo::OutputPicture - ttd:367ms pts:17.300 Clock:16.932 Level:14
2025-01-02 17:04:44.851 T:5176 debug : CVideoPlayerVideo::OutputPicture - ttd:367ms pts:17.320 Clock:16.952 Level:14
2025-01-02 17:04:44.871 T:5176 debug : CVideoPlayerVideo::OutputPicture - ttd:367ms pts:17.340 Clock:16.973 Level:14
2025-01-02 17:04:44.891 T:5176 debug : CVideoPlayerVideo::OutputPicture - ttd:366ms pts:17.360 Clock:16.993 Level:14
2025-01-02 17:04:44.911 T:5176 debug : CVideoPlayerVideo::OutputPicture - ttd:367ms pts:17.380 Clock:17.012 Level:14
2025-01-02 17:04:44.931 T:5173 debug : CVideoPlayer::ProcessVideoData size:28592 dts:32.260 pts:32.260 dur:20.000ms, clock:17.032 level:100
2025-01-02 17:04:44.932 T:5176 debug : CVideoPlayerVideo::OutputPicture - ttd:365ms pts:17.400 Clock:17.034 Level:14
2025-01-02 17:04:44.951 T:5176 debug : CVideoPlayerVideo::OutputPicture - ttd:367ms pts:17.420 Clock:17.052 Level:14
2025-01-02 17:04:44.971 T:5176 debug : CVideoPlayerVideo::OutputPicture - ttd:367ms pts:17.440 Clock:17.072 Level:14
2025-01-02 17:04:44.996 T:5176 debug : CVideoPlayerVideo::OutputPicture - ttd:362ms pts:17.460 Clock:17.097 Level:14
2025-01-02 17:04:45.015 T:5176 debug : CVideoPlayerVideo::OutputPicture - ttd:363ms pts:17.480 Clock:17.117 Level:14
2025-01-02 17:04:45.023 T:5173 debug : CVideoPlayer::ProcessVideoData size:35624 dts:32.280 pts:32.280 dur:20.000ms, clock:17.124 level:100
2025-01-02 17:04:45.037 T:5176 debug : CVideoPlayerVideo::OutputPicture - ttd:361ms pts:17.500 Clock:17.138 Level:14
2025-01-02 17:04:45.060 T:5176 debug : CVideoPlayerVideo::OutputPicture - ttd:358ms pts:17.520 Clock:17.161 Level:14
2025-01-02 17:04:45.078 T:5176 debug : CVideoPlayerVideo::OutputPicture - ttd:360ms pts:17.540 Clock:17.179 Level:14
2025-01-02 17:04:45.098 T:5176 debug : CVideoPlayerVideo::OutputPicture - ttd:360ms pts:17.560 Clock:17.200 Level:14
2025-01-02 17:04:45.117 T:5176 debug : CVideoPlayerVideo::OutputPicture - ttd:361ms pts:17.580 Clock:17.219 Level:14
2025-01-02 17:04:45.136 T:5176 debug : CVideoPlayerVideo::OutputPicture - ttd:362ms pts:17.600 Clock:17.238 Level:14
2025-01-02 17:04:45.154 T:5173 debug : CVideoPlayer::ProcessVideoData size:34194 dts:32.300 pts:32.300 dur:20.000ms, clock:17.255 level:100
2025-01-02 17:04:45.161 T:5176 debug : CVideoPlayerVideo::OutputPicture - ttd:357ms pts:17.620 Clock:17.263 Level:14
2025-01-02 17:04:45.179 T:5176 debug : CVideoPlayerVideo::OutputPicture - ttd:359ms pts:17.640 Clock:17.281 Level:14
2025-01-02 17:04:45.201 T:5176 debug : CVideoPlayerVideo::OutputPicture - ttd:357ms pts:17.660 Clock:17.302 Level:14
2025-01-02 17:04:45.218 T:5176 debug : CVideoPlayerVideo::OutputPicture - ttd:359ms pts:17.680 Clock:17.320 Level:14
2025-01-02 17:04:45.236 T:5176 debug : CVideoPlayerVideo::OutputPicture - ttd:362ms pts:17.700 Clock:17.338 Level:14
2025-01-02 17:04:45.255 T:5176 debug : CVideoPlayerVideo::OutputPicture - ttd:363ms pts:17.720 Clock:17.356 Level:14
2025-01-02 17:04:45.277 T:5176 debug : CVideoPlayerVideo::OutputPicture - ttd:361ms pts:17.740 Clock:17.378 Level:14
2025-01-02 17:04:45.291 T:5176 debug : CVideoPlayerVideo::OutputPicture - ttd:366ms pts:17.760 Clock:17.393 Level:14
2025-01-02 17:04:45.311 T:5176 debug : CVideoPlayerVideo::OutputPicture - ttd:367ms pts:17.780 Clock:17.413 Level:14
2025-01-02 17:04:45.331 T:5176 debug : CVideoPlayerVideo::OutputPicture - ttd:367ms pts:17.800 Clock:17.433 Level:14
2025-01-02 17:04:45.356 T:5176 debug : CVideoPlayerVideo::OutputPicture - ttd:362ms pts:17.820 Clock:17.458 Level:14
2025-01-02 17:04:45.377 T:5176 debug : CVideoPlayerVideo::OutputPicture - ttd:361ms pts:17.840 Clock:17.479 Level:14
2025-01-02 17:04:45.397 T:5176 debug : CVideoPlayerVideo::OutputPicture - ttd:361ms pts:17.860 Clock:17.498 Level:14
2025-01-02 17:04:45.415 T:5176 debug : CVideoPlayerVideo::OutputPicture - ttd:363ms pts:17.880 Clock:17.517 Level:14
2025-01-02 17:04:45.434 T:5176 debug : CVideoPlayerVideo::OutputPicture - ttd:363ms pts:17.900 Clock:17.536 Level:14
2025-01-02 17:04:45.451 T:5176 debug : CVideoPlayerVideo::OutputPicture - ttd:367ms pts:17.920 Clock:17.553 Level:14
2025-01-02 17:04:45.471 T:5176 debug : CVideoPlayerVideo::OutputPicture - ttd:367ms pts:17.940 Clock:17.572 Level:14
2025-01-02 17:04:45.491 T:5176 debug : CVideoPlayerVideo::OutputPicture - ttd:367ms pts:17.960 Clock:17.593 Level:14
2025-01-02 17:04:45.516 T:5176 debug : CVideoPlayerVideo::OutputPicture - ttd:362ms pts:17.980 Clock:17.618 Level:14
2025-01-02 17:04:45.534 T:5176 debug : CVideoPlayerVideo::OutputPicture - ttd:364ms pts:18.000 Clock:17.636 Level:14
2025-01-02 17:04:45.556 T:5176 debug : CVideoPlayerVideo::OutputPicture - ttd:362ms pts:18.020 Clock:17.657 Level:14
2025-01-02 17:04:45.574 T:5176 debug : CVideoPlayerVideo::OutputPicture - ttd:364ms pts:18.040 Clock:17.676 Level:14
2025-01-02 17:04:45.584 T:5173 debug : CVideoPlayer::ProcessVideoData size:151599 dts:32.320 pts:32.320 dur:20.000ms, clock:17.686 level:100
2025-01-02 17:04:45.592 T:5176 debug : CVideoPlayerVideo::OutputPicture - ttd:365ms pts:18.060 Clock:17.694 Level:14
2025-01-02 17:04:45.615 T:5176 debug : CVideoPlayerVideo::OutputPicture - ttd:363ms pts:18.080 Clock:17.717 Level:14
2025-01-02 17:04:45.640 T:5176 debug : CVideoPlayerVideo::OutputPicture - ttd:358ms pts:18.100 Clock:17.742 Level:14
2025-01-02 17:04:45.655 T:5176 debug : CVideoPlayerVideo::OutputPicture - ttd:363ms pts:18.120 Clock:17.757 Level:14
2025-01-02 17:04:45.678 T:5176 debug : CVideoPlayerVideo::OutputPicture - ttd:360ms pts:18.140 Clock:17.780 Level:14
2025-01-02 17:04:45.695 T:5176 debug : CVideoPlayerVideo::OutputPicture - ttd:363ms pts:18.160 Clock:17.796 Level:14
2025-01-02 17:04:45.716 T:5176 debug : CVideoPlayerVideo::OutputPicture - ttd:362ms pts:18.180 Clock:17.818 Level:14
2025-01-02 17:04:45.735 T:5176 debug : CVideoPlayerVideo::OutputPicture - ttd:363ms pts:18.200 Clock:17.837 Level:14
2025-01-02 17:04:45.752 T:5173 debug : CVideoPlayer::ProcessVideoData size:51786 dts:32.340 pts:32.340 dur:20.000ms, clock:17.853 level:100
2025-01-02 17:04:45.753 T:5176 debug : CVideoPlayerVideo::OutputPicture - ttd:365ms pts:18.220 Clock:17.854 Level:14
2025-01-02 17:04:45.771 T:5176 debug : CVideoPlayerVideo::OutputPicture - ttd:367ms pts:18.240 Clock:17.873 Level:14
2025-01-02 17:04:45.792 T:5176 debug : CVideoPlayerVideo::OutputPicture - ttd:366ms pts:18.260 Clock:17.894 Level:14
2025-01-02 17:04:45.811 T:5176 debug : CVideoPlayerVideo::OutputPicture - ttd:367ms pts:18.280 Clock:17.912 Level:14
2025-01-02 17:04:45.835 T:5176 debug : CVideoPlayerVideo::OutputPicture - ttd:363ms pts:18.300 Clock:17.937 Level:14
2025-01-02 17:04:45.853 T:5173 debug : CVideoPlayer::ProcessVideoData size:35169 dts:32.360 pts:32.360 dur:20.000ms, clock:17.955 level:100
2025-01-02 17:04:45.857 T:5176 debug : CVideoPlayerVideo::OutputPicture - ttd:361ms pts:18.320 Clock:17.958 Level:14
2025-01-02 17:04:45.876 T:5176 debug : CVideoPlayerVideo::OutputPicture - ttd:362ms pts:18.340 Clock:17.978 Level:14
2025-01-02 17:04:45.895 T:5176 debug : CVideoPlayerVideo::OutputPicture - ttd:363ms pts:18.360 Clock:17.996 Level:14
2025-01-02 17:04:45.912 T:5176 debug : CVideoPlayerVideo::OutputPicture - ttd:366ms pts:18.380 Clock:18.014 Level:14
2025-01-02 17:04:45.930 T:5176 debug : CVideoPlayerVideo::OutputPicture - ttd:368ms pts:18.400 Clock:18.032 Level:14
2025-01-02 17:04:45.956 T:5176 debug : CVideoPlayerVideo::OutputPicture - ttd:362ms pts:18.420 Clock:18.058 Level:14
2025-01-02 17:04:45.962 T:5173 debug : CVideoPlayer::ProcessVideoData size:29208 dts:32.380 pts:32.380 dur:20.000ms, clock:18.063 level:100
2025-01-02 17:04:45.975 T:5176 debug : CVideoPlayerVideo::OutputPicture - ttd:363ms pts:18.440 Clock:18.077 Level:14
2025-01-02 17:04:45.997 T:5176 debug : CVideoPlayerVideo::OutputPicture - ttd:361ms pts:18.460 Clock:18.098 Level:14
2025-01-02 17:04:46.019 T:5176 debug : CVideoPlayerVideo::OutputPicture - ttd:359ms pts:18.480 Clock:18.121 Level:14
2025-01-02 17:04:46.037 T:5176 debug : CVideoPlayerVideo::OutputPicture - ttd:361ms pts:18.500 Clock:18.138 Level:14
2025-01-02 17:04:46.047 T:5173 debug : CVideoPlayer::ProcessVideoData size:32615 dts:32.400 pts:32.400 dur:20.000ms, clock:18.148 level:100
2025-01-02 17:04:46.055 T:5176 debug : CVideoPlayerVideo::OutputPicture - ttd:363ms pts:18.520 Clock:18.156 Level:14
2025-01-02 17:04:46.075 T:5176 debug : CVideoPlayerVideo::OutputPicture - ttd:363ms pts:18.540 Clock:18.177 Level:14
2025-01-02 17:04:46.091 T:5176 debug : CVideoPlayerVideo::OutputPicture - ttd:367ms pts:18.560 Clock:18.193 Level:14
2025-01-02 17:04:46.115 T:5176 debug : CVideoPlayerVideo::OutputPicture - ttd:363ms pts:18.580 Clock:18.217 Level:14
2025-01-02 17:04:46.128 T:5173 debug : CVideoPlayer::ProcessVideoData size:21253 dts:32.420 pts:32.420 dur:20.000ms, clock:18.230 level:100
2025-01-02 17:04:46.135 T:5176 debug : CVideoPlayerVideo::OutputPicture - ttd:362ms pts:18.600 Clock:18.237 Level:14
2025-01-02 17:04:46.156 T:5176 debug : CVideoPlayerVideo::OutputPicture - ttd:361ms pts:18.620 Clock:18.258 Level:14
2025-01-02 17:04:46.175 T:5176 debug : CVideoPlayerVideo::OutputPicture - ttd:363ms pts:18.640 Clock:18.276 Level:14
2025-01-02 17:04:46.198 T:5173 debug : CVideoPlayer::ProcessVideoData size:29640 dts:32.440 pts:32.440 dur:20.000ms, clock:18.299 level:100
2025-01-02 17:04:46.200 T:5176 debug : CVideoPlayerVideo::OutputPicture - ttd:358ms pts:18.660 Clock:18.302 Level:14
2025-01-02 17:04:46.218 T:5176 debug : CVideoPlayerVideo::OutputPicture - ttd:360ms pts:18.680 Clock:18.320 Level:14
2025-01-02 17:04:46.238 T:5176 debug : CVideoPlayerVideo::OutputPicture - ttd:360ms pts:18.700 Clock:18.339 Level:14
2025-01-02 17:04:46.243 T:5173 debug : CVideoPlayer::ProcessVideoData size:18624 dts:32.460 pts:32.460 dur:20.000ms, clock:18.344 level:100
2025-01-02 17:04:46.256 T:5176 debug : CVideoPlayerVideo::OutputPicture - ttd:362ms pts:18.720 Clock:18.357 Level:14
2025-01-02 17:04:46.276 T:5176 debug : CVideoPlayerVideo::OutputPicture - ttd:362ms pts:18.740 Clock:18.378 Level:14
2025-01-02 17:04:46.292 T:5176 debug : CVideoPlayerVideo::OutputPicture - ttd:366ms pts:18.760 Clock:18.393 Level:14
2025-01-02 17:04:46.306 T:5173 debug : CVideoPlayer::ProcessVideoData size:22112 dts:32.480 pts:32.480 dur:20.000ms, clock:18.408 level:100
2025-01-02 17:04:46.316 T:5176 debug : CVideoPlayerVideo::OutputPicture - ttd:362ms pts:18.780 Clock:18.418 Level:14
2025-01-02 17:04:46.336 T:5176 debug : CVideoPlayerVideo::OutputPicture - ttd:362ms pts:18.800 Clock:18.438 Level:14
2025-01-02 17:04:46.336 T:5173 debug : CVideoPlayer::ProcessVideoData size:14583 dts:32.500 pts:32.500 dur:20.000ms, clock:18.438 level:100
2025-01-02 17:04:46.355 T:5176 debug : CVideoPlayerVideo::OutputPicture - ttd:363ms pts:18.820 Clock:18.457 Level:14
2025-01-02 17:04:46.375 T:5176 debug : CVideoPlayerVideo::OutputPicture - ttd:363ms pts:18.840 Clock:18.477 Level:14
2025-01-02 17:04:46.392 T:5176 debug : CVideoPlayerVideo::OutputPicture - ttd:366ms pts:18.860 Clock:18.494 Level:14
2025-01-02 17:04:46.411 T:5176 debug : CVideoPlayerVideo::OutputPicture - ttd:367ms pts:18.880 Clock:18.513 Level:14
2025-01-02 17:04:46.426 T:5173 debug : CVideoPlayer::ProcessVideoData size:26419 dts:32.520 pts:32.520 dur:20.000ms, clock:18.528 level:100
2025-01-02 17:04:46.435 T:5176 debug : CVideoPlayerVideo::OutputPicture - ttd:363ms pts:18.900 Clock:18.537 Level:14
2025-01-02 17:04:46.444 T:5152 debug : request received for /jsonrpc
2025-01-02 17:04:46.457 T:5176 info : Skipped 2 duplicate messages..
2025-01-02 17:04:46.457 T:5176 debug : CVideoPlayerVideo::OutputPicture - ttd:361ms pts:18.920 Clock:18.558 Level:14
2025-01-02 17:04:46.487 T:4223 debug : CGUIWindowManager::PreviousWindow: Deactivate
2025-01-02 17:04:46.490 T:5176 debug : CVideoPlayerVideo::OutputPicture - ttd:348ms pts:18.940 Clock:18.592 Level:13
2025-01-02 17:04:46.496 T:5176 debug : CVideoPlayerVideo::OutputPicture - ttd:361ms pts:18.960 Clock:18.598 Level:14
2025-01-02 17:04:46.519 T:5176 debug : CVideoPlayerVideo::OutputPicture - ttd:359ms pts:18.980 Clock:18.620 Level:14
2025-01-02 17:04:46.542 T:5176 debug : CVideoPlayerVideo::OutputPicture - ttd:356ms pts:19.000 Clock:18.643 Level:14
2025-01-02 17:04:46.543 T:5173 debug : CVideoPlayer::ProcessVideoData size:26716 dts:32.540 pts:32.540 dur:20.000ms, clock:18.645 level:100
2025-01-02 17:04:46.568 T:5176 debug : CVideoPlayerVideo::OutputPicture - ttd:350ms pts:19.020 Clock:18.670 Level:14
2025-01-02 17:04:46.588 T:5176 debug : CVideoPlayerVideo::OutputPicture - ttd:349ms pts:19.040 Clock:18.690 Level:14
2025-01-02 17:04:46.611 T:5176 debug : CVideoPlayerVideo::OutputPicture - ttd:347ms pts:19.060 Clock:18.712 Level:14
2025-01-02 17:04:46.621 T:5173 debug : CVideoPlayer::ProcessVideoData size:28871 dts:32.560 pts:32.560 dur:20.000ms, clock:18.723 level:100
2025-01-02 17:04:46.633 T:5176 debug : CVideoPlayerVideo::OutputPicture - ttd:345ms pts:19.080 Clock:18.735 Level:14
2025-01-02 17:04:46.659 T:5176 debug : CVideoPlayerVideo::OutputPicture - ttd:339ms pts:19.100 Clock:18.760 Level:14
2025-01-02 17:04:46.665 T:5176 debug : CVideoPlayerVideo::OutputPicture - ttd:353ms pts:19.120 Clock:18.767 Level:13
2025-01-02 17:04:46.686 T:5176 debug : CVideoPlayerVideo::OutputPicture - ttd:352ms pts:19.140 Clock:18.788 Level:14
2025-01-02 17:04:46.694 T:4223 debug : ------ Window Deinit (SettingsCategory.xml) ------
2025-01-02 17:04:46.694 T:4223 debug : FreeVisualisation() done
2025-01-02 17:04:46.696 T:4223 debug : CGUIWindowManager::PreviousWindow: Activate new
2025-01-02 17:04:46.696 T:5176 debug : CVideoPlayerVideo::OutputPicture - ttd:361ms pts:19.160 Clock:18.798 Level:14
2025-01-02 17:04:46.697 T:4223 debug : ------ Window Init (Settings.xml) ------
2025-01-02 17:04:46.714 T:5176 debug : CVideoPlayerVideo::OutputPicture - ttd:364ms pts:19.180 Clock:18.816 Level:14
2025-01-02 17:04:46.723 T:5173 debug : CVideoPlayer::ProcessVideoData size:28116 dts:32.580 pts:32.580 dur:20.000ms, clock:18.824 level:100
2025-01-02 17:04:46.739 T:5176 debug : CVideoPlayerVideo::OutputPicture - ttd:362ms pts:19.200 Clock:18.838 Level:13
2025-01-02 17:04:46.757 T:5176 debug : CVideoPlayerVideo::OutputPicture - ttd:361ms pts:19.220 Clock:18.859 Level:14
2025-01-02 17:04:46.775 T:5176 debug : CVideoPlayerVideo::OutputPicture - ttd:363ms pts:19.240 Clock:18.877 Level:14
2025-01-02 17:04:46.800 T:5176 debug : CVideoPlayerVideo::OutputPicture - ttd:362ms pts:19.260 Clock:18.898 Level:13
2025-01-02 17:04:46.816 T:5176 debug : CVideoPlayerVideo::OutputPicture - ttd:362ms pts:19.280 Clock:18.917 Level:14
2025-01-02 17:04:46.839 T:5176 debug : CVideoPlayerVideo::OutputPicture - ttd:362ms pts:19.300 Clock:18.938 Level:13
2025-01-02 17:04:46.847 T:5173 debug : CVideoPlayer::ProcessVideoData size:37470 dts:32.600 pts:32.600 dur:20.000ms, clock:18.949 level:100
2025-01-02 17:04:46.856 T:5176 debug : CVideoPlayerVideo::OutputPicture - ttd:362ms pts:19.320 Clock:18.958 Level:14
2025-01-02 17:04:46.876 T:5176 debug : CVideoPlayerVideo::OutputPicture - ttd:362ms pts:19.340 Clock:18.977 Level:14
2025-01-02 17:04:46.894 T:5176 debug : CVideoPlayerVideo::OutputPicture - ttd:364ms pts:19.360 Clock:18.996 Level:14
2025-01-02 17:04:46.920 T:5176 debug : CVideoPlayerVideo::OutputPicture - ttd:362ms pts:19.380 Clock:19.018 Level:13
2025-01-02 17:04:46.930 T:5176 debug : CVideoPlayerVideo::OutputPicture - ttd:368ms pts:19.400 Clock:19.032 Level:14
2025-01-02 17:04:46.968 T:5176 debug : CVideoPlayerVideo::OutputPicture - ttd:376ms pts:19.420 Clock:19.044 Level:14
2025-01-02 17:04:46.974 T:5173 debug : CVideoPlayer::ProcessVideoData size:38527 dts:32.620 pts:32.620 dur:20.000ms, clock:19.076 level:100
2025-01-02 17:04:46.979 T:5176 debug : CVideoPlayerVideo::OutputPicture - ttd:359ms pts:19.440 Clock:19.081 Level:14
2025-01-02 17:04:47.002 T:5176 debug : CVideoPlayerVideo::OutputPicture - ttd:356ms pts:19.460 Clock:19.104 Level:14
2025-01-02 17:04:47.019 T:5176 debug : CVideoPlayerVideo::OutputPicture - ttd:359ms pts:19.480 Clock:19.121 Level:14
2025-01-02 17:04:47.037 T:5176 debug : CVideoPlayerVideo::OutputPicture - ttd:361ms pts:19.500 Clock:19.138 Level:14
2025-01-02 17:04:47.056 T:5176 debug : CVideoPlayerVideo::OutputPicture - ttd:362ms pts:19.520 Clock:19.158 Level:14
2025-01-02 17:04:47.077 T:5176 debug : CVideoPlayerVideo::OutputPicture - ttd:361ms pts:19.540 Clock:19.178 Level:14
2025-01-02 17:04:47.092 T:5176 debug : CVideoPlayerVideo::OutputPicture - ttd:366ms pts:19.560 Clock:19.193 Level:14
2025-01-02 17:04:47.103 T:5173 debug : CVideoPlayer::ProcessVideoData size:35770 dts:32.640 pts:32.640 dur:20.000ms, clock:19.204 level:100
2025-01-02 17:04:47.117 T:5176 debug : CVideoPlayerVideo::OutputPicture - ttd:361ms pts:19.580 Clock:19.219 Level:14
2025-01-02 17:04:47.135 T:5176 debug : CVideoPlayerVideo::OutputPicture - ttd:363ms pts:19.600 Clock:19.237 Level:14
2025-01-02 17:04:47.157 T:5176 debug : CVideoPlayerVideo::OutputPicture - ttd:361ms pts:19.620 Clock:19.259 Level:14
2025-01-02 17:04:47.176 T:5176 debug : CVideoPlayerVideo::OutputPicture - ttd:362ms pts:19.640 Clock:19.278 Level:14
2025-01-02 17:04:47.200 T:5176 debug : CVideoPlayerVideo::OutputPicture - ttd:358ms pts:19.660 Clock:19.302 Level:14
2025-01-02 17:04:47.209 T:5173 debug : CVideoPlayer::ProcessVideoData size:33028 dts:32.660 pts:32.660 dur:20.000ms, clock:19.310 level:100
2025-01-02 17:04:47.221 T:5176 debug : CVideoPlayerVideo::OutputPicture - ttd:357ms pts:19.680 Clock:19.322 Level:14
2025-01-02 17:04:47.238 T:5176 debug : CVideoPlayerVideo::OutputPicture - ttd:359ms pts:19.700 Clock:19.340 Level:14
2025-01-02 17:04:47.255 T:5176 debug : CVideoPlayerVideo::OutputPicture - ttd:363ms pts:19.720 Clock:19.357 Level:14
2025-01-02 17:04:47.276 T:5173 debug : CVideoPlayer::ProcessVideoData size:32140 dts:32.680 pts:32.680 dur:20.000ms, clock:19.378 level:100
2025-01-02 17:04:47.278 T:5176 debug : CVideoPlayerVideo::OutputPicture - ttd:360ms pts:19.740 Clock:19.379 Level:14
2025-01-02 17:04:47.298 T:5176 debug : CVideoPlayerVideo::OutputPicture - ttd:360ms pts:19.760 Clock:19.399 Level:14
2025-01-02 17:04:47.318 T:5176 debug : CVideoPlayerVideo::OutputPicture - ttd:360ms pts:19.780 Clock:19.420 Level:14
2025-01-02 17:04:47.337 T:5176 debug : CVideoPlayerVideo::OutputPicture - ttd:361ms pts:19.800 Clock:19.438 Level:14
2025-01-02 17:04:47.350 T:5173 debug : CVideoPlayer::ProcessVideoData size:29121 dts:32.700 pts:32.700 dur:20.000ms, clock:19.452 level:100
2025-01-02 17:04:47.356 T:5176 debug : CVideoPlayerVideo::OutputPicture - ttd:362ms pts:19.820 Clock:19.458 Level:14
2025-01-02 17:04:47.372 T:5176 debug : CVideoPlayerVideo::OutputPicture - ttd:366ms pts:19.840 Clock:19.474 Level:14
2025-01-02 17:04:47.391 T:5176 debug : CVideoPlayerVideo::OutputPicture - ttd:367ms pts:19.860 Clock:19.492 Level:14
2025-01-02 17:04:47.411 T:5176 debug : CVideoPlayerVideo::OutputPicture - ttd:367ms pts:19.880 Clock:19.512 Level:14
