2025-01-02 17:04:59.358 T:5176 debug : CVideoPlayerVideo::OutputPicture - ttd:360ms pts:31.820 Clock:31.460 Level:14
2025-01-02 17:04:59.368 T:5173 debug : CVideoPlayer::ProcessVideoData size:38318 dts:43.480 pts:43.480 dur:20.000ms, clock:31.470 level:100
2025-01-02 17:04:59.370 T:5173 debug : CVideoPlayer::ProcessVideoData size:31083 dts:43.500 pts:43.500 dur:20.000ms, clock:31.471 level:100
2025-01-02 17:04:59.378 T:5176 debug : CVideoPlayerVideo::OutputPicture - ttd:360ms pts:31.840 Clock:31.480 Level:14
2025-01-02 17:04:59.386 T:5173 debug : CVideoPlayer::ProcessVideoData size:27477 dts:43.520 pts:43.520 dur:20.000ms, clock:31.488 level:100
2025-01-02 17:04:59.394 T:5176 debug : CVideoPlayerVideo::OutputPicture - ttd:364ms pts:31.860 Clock:31.495 Level:14
2025-01-02 17:04:59.404 T:5173 debug : CVideoPlayer::ProcessVideoData size:27988 dts:43.540 pts:43.540 dur:20.000ms, clock:31.505 level:100
2025-01-02 17:04:59.417 T:5176 debug : CVideoPlayerVideo::OutputPicture - ttd:361ms pts:31.880 Clock:31.519 Level:14
2025-01-02 17:04:59.418 T:5173 debug : CVideoPlayer::ProcessVideoData size:37656 dts:43.560 pts:43.560 dur:20.000ms, clock:31.519 level:100
2025-01-02 17:04:59.434 T:5173 debug : CVideoPlayer::ProcessVideoData size:33061 dts:43.580 pts:43.580 dur:20.000ms, clock:31.536 level:100
2025-01-02 17:04:59.439 T:5176 debug : CVideoPlayerVideo::OutputPicture - ttd:359ms pts:31.900 Clock:31.541 Level:14
2025-01-02 17:04:59.459 T:5173 debug : CVideoPlayer::ProcessVideoData size:26716 dts:43.600 pts:43.600 dur:20.000ms, clock:31.560 level:100
2025-01-02 17:04:59.464 T:5176 debug : CVideoPlayerVideo::OutputPicture - ttd:354ms pts:31.920 Clock:31.566 Level:14
2025-01-02 17:04:59.478 T:5176 debug : CVideoPlayerVideo::OutputPicture - ttd:360ms pts:31.940 Clock:31.580 Level:14
2025-01-02 17:04:59.499 T:5176 debug : CVideoPlayerVideo::OutputPicture - ttd:359ms pts:31.960 Clock:31.600 Level:14
2025-01-02 17:04:59.508 T:5173 debug : CVideoPlayer::ProcessVideoData size:27711 dts:43.620 pts:43.620 dur:20.000ms, clock:31.609 level:100
2025-01-02 17:04:59.521 T:5176 debug : CVideoPlayerVideo::OutputPicture - ttd:357ms pts:31.980 Clock:31.622 Level:14
2025-01-02 17:04:59.542 T:5176 debug : CVideoPlayerVideo::OutputPicture - ttd:356ms pts:32.000 Clock:31.643 Level:14
2025-01-02 17:04:59.560 T:5176 debug : CVideoPlayerVideo::OutputPicture - ttd:358ms pts:32.020 Clock:31.661 Level:14
2025-01-02 17:04:59.567 T:5173 debug : CVideoPlayer::ProcessVideoData size:134787 dts:43.640 pts:43.640 dur:20.000ms, clock:31.668 level:100
2025-01-02 17:04:59.575 T:5173 debug : CVideoPlayer::ProcessVideoData size:30651 dts:43.660 pts:43.660 dur:20.000ms, clock:31.677 level:100
2025-01-02 17:04:59.580 T:5176 debug : CVideoPlayerVideo::OutputPicture - ttd:358ms pts:32.040 Clock:31.682 Level:14
2025-01-02 17:04:59.585 T:5173 debug : CVideoPlayer::ProcessVideoData size:28406 dts:43.680 pts:43.680 dur:20.000ms, clock:31.686 level:100
2025-01-02 17:04:59.599 T:5176 debug : CVideoPlayerVideo::OutputPicture - ttd:359ms pts:32.060 Clock:31.701 Level:14
2025-01-02 17:04:59.615 T:5176 debug : CVideoPlayerVideo::OutputPicture - ttd:363ms pts:32.080 Clock:31.716 Level:14
2025-01-02 17:04:59.621 T:5173 debug : CVideoPlayer::ProcessVideoData size:31705 dts:43.700 pts:43.700 dur:20.000ms, clock:31.722 level:100
2025-01-02 17:04:59.626 T:5173 debug : CVideoPlayer::ProcessVideoData size:33020 dts:43.720 pts:43.720 dur:20.000ms, clock:31.728 level:100
2025-01-02 17:04:59.633 T:5173 debug : CVideoPlayer::ProcessVideoData size:33567 dts:43.740 pts:43.740 dur:20.000ms, clock:31.734 level:100
2025-01-02 17:04:59.637 T:5176 debug : CVideoPlayerVideo::OutputPicture - ttd:361ms pts:32.100 Clock:31.738 Level:14
2025-01-02 17:04:59.654 T:5176 debug : CVideoPlayerVideo::OutputPicture - ttd:364ms pts:32.120 Clock:31.756 Level:14
2025-01-02 17:04:59.667 T:5173 debug : CVideoPlayer::ProcessVideoData size:34141 dts:43.760 pts:43.760 dur:20.000ms, clock:31.769 level:100
2025-01-02 17:04:59.674 T:5176 debug : CVideoPlayerVideo::OutputPicture - ttd:364ms pts:32.140 Clock:31.775 Level:14
2025-01-02 17:04:59.691 T:5176 debug : CVideoPlayerVideo::OutputPicture - ttd:367ms pts:32.160 Clock:31.792 Level:14
2025-01-02 17:04:59.706 T:5173 debug : CVideoPlayer::ProcessVideoData size:33567 dts:43.780 pts:43.780 dur:20.000ms, clock:31.808 level:100
2025-01-02 17:04:59.709 T:5173 debug : CVideoPlayer::ProcessVideoData size:25672 dts:43.800 pts:43.800 dur:20.000ms, clock:31.811 level:100
2025-01-02 17:04:59.711 T:5176 debug : CVideoPlayerVideo::OutputPicture - ttd:367ms pts:32.180 Clock:31.813 Level:14
2025-01-02 17:04:59.723 T:5173 debug : CVideoPlayer::ProcessVideoData size:26661 dts:43.820 pts:43.820 dur:20.000ms, clock:31.825 level:100
2025-01-02 17:04:59.731 T:5176 debug : CVideoPlayerVideo::OutputPicture - ttd:367ms pts:32.200 Clock:31.833 Level:14
2025-01-02 17:04:59.738 T:5173 debug : CVideoPlayer::ProcessVideoData size:32135 dts:43.840 pts:43.840 dur:20.000ms, clock:31.840 level:100
2025-01-02 17:04:59.750 T:5176 debug : CVideoPlayerVideo::OutputPicture - ttd:367ms pts:32.220 Clock:31.852 Level:14
2025-01-02 17:04:59.751 T:5173 debug : CVideoPlayer::ProcessVideoData size:36531 dts:43.860 pts:43.860 dur:20.000ms, clock:31.853 level:100
2025-01-02 17:04:59.775 T:5176 debug : CVideoPlayerVideo::OutputPicture - ttd:363ms pts:32.240 Clock:31.877 Level:14
2025-01-02 17:04:59.799 T:5176 debug : CVideoPlayerVideo::OutputPicture - ttd:359ms pts:32.260 Clock:31.900 Level:14
2025-01-02 17:04:59.816 T:5173 debug : CVideoPlayer::ProcessVideoData size:27449 dts:43.880 pts:43.880 dur:20.000ms, clock:31.917 level:100
2025-01-02 17:04:59.819 T:5173 debug : CVideoPlayer::ProcessVideoData size:28174 dts:43.900 pts:43.900 dur:20.000ms, clock:31.920 level:100
2025-01-02 17:04:59.822 T:5176 debug : CVideoPlayerVideo::OutputPicture - ttd:356ms pts:32.280 Clock:31.923 Level:14
2025-01-02 17:04:59.841 T:5176 debug : CVideoPlayerVideo::OutputPicture - ttd:357ms pts:32.300 Clock:31.942 Level:14
2025-01-02 17:04:59.859 T:5176 debug : CVideoPlayerVideo::OutputPicture - ttd:359ms pts:32.320 Clock:31.961 Level:14
2025-01-02 17:04:59.876 T:5176 debug : CVideoPlayerVideo::OutputPicture - ttd:362ms pts:32.340 Clock:31.978 Level:14
2025-01-02 17:04:59.884 T:5173 debug : CVideoPlayer::ProcessVideoData size:104643 dts:43.920 pts:43.920 dur:20.000ms, clock:31.986 level:100
2025-01-02 17:04:59.894 T:5176 debug : CVideoPlayerVideo::OutputPicture - ttd:364ms pts:32.360 Clock:31.996 Level:14
2025-01-02 17:04:59.914 T:5176 debug : CVideoPlayerVideo::OutputPicture - ttd:364ms pts:32.380 Clock:32.016 Level:14
2025-01-02 17:04:59.931 T:5176 debug : CVideoPlayerVideo::OutputPicture - ttd:367ms pts:32.400 Clock:32.033 Level:14
2025-01-02 17:04:59.935 T:5173 debug : CVideoPlayer::ProcessVideoData size:87767 dts:43.940 pts:43.940 dur:20.000ms, clock:32.036 level:100
2025-01-02 17:04:59.951 T:5176 debug : CVideoPlayerVideo::OutputPicture - ttd:367ms pts:32.420 Clock:32.053 Level:14
2025-01-02 17:04:59.953 T:5173 debug : CVideoPlayer::ProcessVideoData size:42549 dts:43.960 pts:43.960 dur:20.000ms, clock:32.055 level:100
2025-01-02 17:04:59.966 T:5173 debug : CVideoPlayer::ProcessVideoData size:28442 dts:43.980 pts:43.980 dur:20.000ms, clock:32.068 level:100
2025-01-02 17:04:59.977 T:5176 debug : CVideoPlayerVideo::OutputPicture - ttd:361ms pts:32.440 Clock:32.078 Level:14
2025-01-02 17:04:59.978 T:5173 debug : CVideoPlayer::ProcessVideoData size:14561 dts:44.000 pts:44.000 dur:20.000ms, clock:32.080 level:100
2025-01-02 17:04:59.979 T:5173 debug : CVideoPlayer::ProcessVideoData size:17159 dts:44.020 pts:44.020 dur:20.000ms, clock:32.081 level:100
2025-01-02 17:04:59.996 T:5176 debug : CVideoPlayerVideo::OutputPicture - ttd:362ms pts:32.460 Clock:32.097 Level:14
2025-01-02 17:05:00.011 T:5173 debug : CVideoPlayer::ProcessVideoData size:21088 dts:44.040 pts:44.040 dur:20.000ms, clock:32.112 level:100
2025-01-02 17:05:00.018 T:5176 debug : CVideoPlayerVideo::OutputPicture - ttd:360ms pts:32.480 Clock:32.119 Level:14
2025-01-02 17:05:00.039 T:5176 debug : CVideoPlayerVideo::OutputPicture - ttd:359ms pts:32.500 Clock:32.141 Level:14
2025-01-02 17:05:00.047 T:5173 debug : CVideoPlayer::ProcessVideoData size:28114 dts:44.060 pts:44.060 dur:20.000ms, clock:32.148 level:100
2025-01-02 17:05:00.048 T:5173 debug : CVideoPlayer::ProcessVideoData size:31473 dts:44.080 pts:44.080 dur:20.000ms, clock:32.149 level:100
2025-01-02 17:05:00.056 T:5176 debug : CVideoPlayerVideo::OutputPicture - ttd:362ms pts:32.520 Clock:32.158 Level:14
2025-01-02 17:05:00.067 T:5173 debug : CVideoPlayer::ProcessVideoData size:28999 dts:44.100 pts:44.100 dur:20.000ms, clock:32.169 level:100
2025-01-02 17:05:00.072 T:5176 debug : CVideoPlayerVideo::OutputPicture - ttd:365ms pts:32.540 Clock:32.174 Level:14
2025-01-02 17:05:00.088 T:5173 debug : CVideoPlayer::ProcessVideoData size:22894 dts:44.120 pts:44.120 dur:20.000ms, clock:32.189 level:100
2025-01-02 17:05:00.091 T:5176 debug : CVideoPlayerVideo::OutputPicture - ttd:367ms pts:32.560 Clock:32.193 Level:14
2025-01-02 17:05:00.093 T:5173 debug : CVideoPlayer::ProcessVideoData size:22983 dts:44.140 pts:44.140 dur:20.000ms, clock:32.195 level:100
2025-01-02 17:05:00.111 T:5176 debug : CVideoPlayerVideo::OutputPicture - ttd:366ms pts:32.580 Clock:32.213 Level:14
2025-01-02 17:05:00.120 T:5173 debug : CVideoPlayer::ProcessVideoData size:32507 dts:44.160 pts:44.160 dur:20.000ms, clock:32.222 level:100
2025-01-02 17:05:00.136 T:5176 debug : CVideoPlayerVideo::OutputPicture - ttd:361ms pts:32.600 Clock:32.238 Level:14
2025-01-02 17:05:00.138 T:5173 debug : CVideoPlayer::ProcessVideoData size:24803 dts:44.180 pts:44.180 dur:20.000ms, clock:32.239 level:100
2025-01-02 17:05:00.147 T:5173 debug : CVideoPlayer::ProcessVideoData size:30810 dts:44.200 pts:44.200 dur:20.000ms, clock:32.249 level:100
2025-01-02 17:05:00.156 T:5176 debug : CVideoPlayerVideo::OutputPicture - ttd:362ms pts:32.620 Clock:32.258 Level:14
2025-01-02 17:05:00.167 T:5173 debug : CVideoPlayer::ProcessVideoData size:23425 dts:44.220 pts:44.220 dur:20.000ms, clock:32.268 level:100
2025-01-02 17:05:00.174 T:5176 debug : CVideoPlayerVideo::OutputPicture - ttd:364ms pts:32.640 Clock:32.276 Level:14
2025-01-02 17:05:00.194 T:5173 debug : CVideoPlayer::ProcessVideoData size:33152 dts:44.240 pts:44.240 dur:20.000ms, clock:32.296 level:100
2025-01-02 17:05:00.197 T:5176 debug : CVideoPlayerVideo::OutputPicture - ttd:361ms pts:32.660 Clock:32.299 Level:14
2025-01-02 17:05:00.203 T:5173 debug : CVideoPlayer::ProcessVideoData size:24735 dts:44.260 pts:44.260 dur:20.000ms, clock:32.305 level:100
2025-01-02 17:05:00.217 T:5176 debug : CVideoPlayerVideo::OutputPicture - ttd:361ms pts:32.680 Clock:32.318 Level:14
2025-01-02 17:05:00.235 T:5176 debug : CVideoPlayerVideo::OutputPicture - ttd:363ms pts:32.700 Clock:32.336 Level:14
2025-01-02 17:05:00.241 T:5173 debug : CVideoPlayer::ProcessVideoData size:23391 dts:44.280 pts:44.280 dur:20.000ms, clock:32.343 level:100
2025-01-02 17:05:00.248 T:5173 debug : CVideoPlayer::ProcessVideoData size:25447 dts:44.300 pts:44.300 dur:20.000ms, clock:32.349 level:100
2025-01-02 17:05:00.255 T:5176 debug : CVideoPlayerVideo::OutputPicture - ttd:363ms pts:32.720 Clock:32.357 Level:14
2025-01-02 17:05:00.276 T:5176 debug : CVideoPlayerVideo::OutputPicture - ttd:362ms pts:32.740 Clock:32.378 Level:14
2025-01-02 17:05:00.291 T:5176 debug : CVideoPlayerVideo::OutputPicture - ttd:367ms pts:32.760 Clock:32.393 Level:14
2025-01-02 17:05:00.297 T:5173 debug : CVideoPlayer::ProcessVideoData size:35349 dts:44.320 pts:44.320 dur:20.000ms, clock:32.398 level:100
2025-01-02 17:05:00.302 T:5173 debug : CVideoPlayer::ProcessVideoData size:27738 dts:44.340 pts:44.340 dur:20.000ms, clock:32.404 level:100
2025-01-02 17:05:00.306 T:5173 debug : CVideoPlayer::ProcessVideoData size:22071 dts:44.360 pts:44.360 dur:20.000ms, clock:32.407 level:100
2025-01-02 17:05:00.310 T:5176 debug : CVideoPlayerVideo::OutputPicture - ttd:367ms pts:32.780 Clock:32.412 Level:14
2025-01-02 17:05:00.331 T:5176 debug : CVideoPlayerVideo::OutputPicture - ttd:367ms pts:32.800 Clock:32.432 Level:14
2025-01-02 17:05:00.339 T:5173 debug : CVideoPlayer::ProcessVideoData size:23049 dts:44.380 pts:44.380 dur:20.000ms, clock:32.441 level:100
2025-01-02 17:05:00.355 T:5176 debug : CVideoPlayerVideo::OutputPicture - ttd:363ms pts:32.820 Clock:32.456 Level:14
2025-01-02 17:05:00.374 T:5176 debug : CVideoPlayerVideo::OutputPicture - ttd:364ms pts:32.840 Clock:32.475 Level:14
2025-01-02 17:05:00.397 T:5176 debug : CVideoPlayerVideo::OutputPicture - ttd:361ms pts:32.860 Clock:32.499 Level:14
2025-01-02 17:05:00.416 T:5176 debug : CVideoPlayerVideo::OutputPicture - ttd:362ms pts:32.880 Clock:32.518 Level:14
2025-01-02 17:05:00.432 T:5176 debug : CVideoPlayerVideo::OutputPicture - ttd:366ms pts:32.900 Clock:32.534 Level:14
2025-01-02 17:05:00.457 T:5176 debug : CVideoPlayerVideo::OutputPicture - ttd:361ms pts:32.920 Clock:32.558 Level:14
2025-01-02 17:05:00.483 T:5176 debug : CVideoPlayerVideo::OutputPicture - ttd:355ms pts:32.940 Clock:32.584 Level:14
2025-01-02 17:05:00.498 T:5173 debug : CVideoPlayer::ProcessVideoData size:187375 dts:44.400 pts:44.400 dur:20.000ms, clock:32.599 level:100
2025-01-02 17:05:00.504 T:5176 debug : CVideoPlayerVideo::OutputPicture - ttd:354ms pts:32.960 Clock:32.606 Level:14
2025-01-02 17:05:00.521 T:5173 debug : CVideoPlayer::ProcessVideoData size:47053 dts:44.420 pts:44.420 dur:20.000ms, clock:32.623 level:100
2025-01-02 17:05:00.524 T:5176 debug : CVideoPlayerVideo::OutputPicture - ttd:354ms pts:32.980 Clock:32.625 Level:14
2025-01-02 17:05:00.536 T:5176 debug : CVideoPlayerVideo::OutputPicture - ttd:362ms pts:33.000 Clock:32.637 Level:14
2025-01-02 17:05:00.551 T:5173 debug : CVideoPlayer::ProcessVideoData size:33428 dts:44.440 pts:44.440 dur:20.000ms, clock:32.652 level:100
2025-01-02 17:05:00.560 T:5176 debug : CVideoPlayerVideo::OutputPicture - ttd:358ms pts:33.020 Clock:32.662 Level:14
2025-01-02 17:05:00.575 T:5176 debug : CVideoPlayerVideo::OutputPicture - ttd:363ms pts:33.040 Clock:32.677 Level:14
2025-01-02 17:05:00.596 T:5176 debug : CVideoPlayerVideo::OutputPicture - ttd:362ms pts:33.060 Clock:32.697 Level:14
2025-01-02 17:05:00.602 T:5173 debug : CVideoPlayer::ProcessVideoData size:31444 dts:44.460 pts:44.460 dur:20.000ms, clock:32.704 level:100
2025-01-02 17:05:00.606 T:5173 debug : CVideoPlayer::ProcessVideoData size:27897 dts:44.480 pts:44.480 dur:20.000ms, clock:32.708 level:100
2025-01-02 17:05:00.617 T:5176 debug : CVideoPlayerVideo::OutputPicture - ttd:361ms pts:33.080 Clock:32.718 Level:14
2025-01-02 17:05:00.621 T:5173 debug : CVideoPlayer::ProcessVideoData size:31793 dts:44.500 pts:44.500 dur:20.000ms, clock:32.722 level:100
2025-01-02 17:05:00.633 T:5176 debug : CVideoPlayerVideo::OutputPicture - ttd:365ms pts:33.100 Clock:32.734 Level:14
2025-01-02 17:05:00.643 T:5173 debug : CVideoPlayer::ProcessVideoData size:33609 dts:44.520 pts:44.520 dur:20.000ms, clock:32.745 level:100
2025-01-02 17:05:00.650 T:5176 debug : CVideoPlayerVideo::OutputPicture - ttd:368ms pts:33.120 Clock:32.752 Level:14
2025-01-02 17:05:00.657 T:5173 debug : CVideoPlayer::ProcessVideoData size:33346 dts:44.540 pts:44.540 dur:20.000ms, clock:32.758 level:100
2025-01-02 17:05:00.671 T:5176 debug : CVideoPlayerVideo::OutputPicture - ttd:367ms pts:33.140 Clock:32.773 Level:14
2025-01-02 17:05:00.672 T:5173 debug : CVideoPlayer::ProcessVideoData size:22537 dts:44.560 pts:44.560 dur:20.000ms, clock:32.773 level:100
2025-01-02 17:05:00.676 T:5173 debug : CVideoPlayer::ProcessVideoData size:24254 dts:44.580 pts:44.580 dur:20.000ms, clock:32.778 level:100
2025-01-02 17:05:00.691 T:5176 debug : CVideoPlayerVideo::OutputPicture - ttd:367ms pts:33.160 Clock:32.793 Level:14
2025-01-02 17:05:00.710 T:4228 debug : CLibInputKeyboard::ProcessKey - using delay: 500ms repeat: 33ms
2025-01-02 17:05:00.711 T:5213 debug : Thread Timer start, auto delete: false
2025-01-02 17:05:00.712 T:5173 debug : CVideoPlayer::ProcessVideoData size:24862 dts:44.600 pts:44.600 dur:20.000ms, clock:32.814 level:100
2025-01-02 17:05:00.716 T:5173 debug : CVideoPlayer::ProcessVideoData size:23064 dts:44.620 pts:44.620 dur:20.000ms, clock:32.818 level:100
2025-01-02 17:05:00.717 T:5176 debug : CVideoPlayerVideo::OutputPicture - ttd:360ms pts:33.180 Clock:32.819 Level:14
2025-01-02 17:05:00.729 T:4223 debug : Keyboard: scancode: 0x6a, sym: 0x113 (right), unicode: 0x00, modifier: 0x0
2025-01-02 17:05:00.729 T:4223 debug : HandleKey: right (0xf083) pressed, window 10016, action is Right
2025-01-02 17:05:00.741 T:5176 debug : CVideoPlayerVideo::OutputPicture - ttd:357ms pts:33.200 Clock:32.842 Level:14
2025-01-02 17:05:00.757 T:5173 debug : CVideoPlayer::ProcessVideoData size:34137 dts:44.640 pts:44.640 dur:20.000ms, clock:32.858 level:100
2025-01-02 17:05:00.760 T:5176 debug : CVideoPlayerVideo::OutputPicture - ttd:358ms pts:33.220 Clock:32.862 Level:14
2025-01-02 17:05:00.778 T:5176 debug : CVideoPlayerVideo::OutputPicture - ttd:360ms pts:33.240 Clock:32.879 Level:14
2025-01-02 17:05:00.791 T:5173 debug : CVideoPlayer::ProcessVideoData size:31903 dts:44.660 pts:44.660 dur:20.000ms, clock:32.892 level:100
2025-01-02 17:05:00.803 T:5176 debug : CVideoPlayerVideo::OutputPicture - ttd:355ms pts:33.260 Clock:32.905 Level:14
2025-01-02 17:05:00.817 T:5173 debug : CVideoPlayer::ProcessVideoData size:35077 dts:44.680 pts:44.680 dur:20.000ms, clock:32.919 level:100
2025-01-02 17:05:00.819 T:5176 debug : CVideoPlayerVideo::OutputPicture - ttd:358ms pts:33.280 Clock:32.921 Level:14
2025-01-02 17:05:00.821 T:5173 debug : CVideoPlayer::ProcessVideoData size:28094 dts:44.700 pts:44.700 dur:20.000ms, clock:32.923 level:100
2025-01-02 17:05:00.828 T:5173 debug : CVideoPlayer::ProcessVideoData size:24957 dts:44.720 pts:44.720 dur:20.000ms, clock:32.929 level:100
2025-01-02 17:05:00.839 T:5176 debug : CVideoPlayerVideo::OutputPicture - ttd:359ms pts:33.300 Clock:32.940 Level:14
2025-01-02 17:05:00.847 T:5173 debug : CVideoPlayer::ProcessVideoData size:25960 dts:44.740 pts:44.740 dur:20.000ms, clock:32.949 level:100
2025-01-02 17:05:00.855 T:5176 debug : CVideoPlayerVideo::OutputPicture - ttd:362ms pts:33.320 Clock:32.957 Level:14
2025-01-02 17:05:00.873 T:5176 debug : CVideoPlayerVideo::OutputPicture - ttd:365ms pts:33.340 Clock:32.974 Level:14
2025-01-02 17:05:00.880 T:5173 debug : CVideoPlayer::ProcessVideoData size:28980 dts:44.760 pts:44.760 dur:20.000ms, clock:32.982 level:100
2025-01-02 17:05:00.884 T:5173 debug : CVideoPlayer::ProcessVideoData size:25330 dts:44.780 pts:44.780 dur:20.000ms, clock:32.986 level:100
2025-01-02 17:05:00.891 T:5173 debug : CVideoPlayer::ProcessVideoData size:36990 dts:44.800 pts:44.800 dur:20.000ms, clock:32.992 level:100
2025-01-02 17:05:00.897 T:5176 debug : CVideoPlayerVideo::OutputPicture - ttd:361ms pts:33.360 Clock:32.998 Level:14
2025-01-02 17:05:00.917 T:5176 debug : CVideoPlayerVideo::OutputPicture - ttd:361ms pts:33.380 Clock:33.019 Level:14
2025-01-02 17:05:00.921 T:5173 debug : CVideoPlayer::ProcessVideoData size:32127 dts:44.820 pts:44.820 dur:20.000ms, clock:33.022 level:100
2025-01-02 17:05:00.927 T:5173 debug : CVideoPlayer::ProcessVideoData size:18965 dts:44.840 pts:44.840 dur:20.000ms, clock:33.028 level:100
2025-01-02 17:05:00.928 T:5173 debug : CVideoPlayer::ProcessVideoData size:22716 dts:44.860 pts:44.860 dur:20.000ms, clock:33.029 level:100
2025-01-02 17:05:00.936 T:5176 debug : CVideoPlayerVideo::OutputPicture - ttd:362ms pts:33.400 Clock:33.038 Level:14
2025-01-02 17:05:00.957 T:5176 debug : CVideoPlayerVideo::OutputPicture - ttd:361ms pts:33.420 Clock:33.059 Level:14
2025-01-02 17:05:00.959 T:5213 debug : Thread Timer 3814715904 terminating
2025-01-02 17:05:00.969 T:4223 debug : Keyboard: scancode: 0x6a, sym: 0x113 (right), unicode: 0x00, modifier: 0x0
2025-01-02 17:05:00.977 T:5176 debug : CVideoPlayerVideo::OutputPicture - ttd:360ms pts:33.440 Clock:33.079 Level:14
2025-01-02 17:05:01.000 T:5176 debug : CVideoPlayerVideo::OutputPicture - ttd:358ms pts:33.460 Clock:33.101 Level:14
2025-01-02 17:05:01.015 T:5176 debug : CVideoPlayerVideo::OutputPicture - ttd:362ms pts:33.480 Clock:33.117 Level:14
2025-01-02 17:05:01.022 T:5150 debug : request received for /jsonrpc
2025-01-02 17:05:01.035 T:5176 debug : CVideoPlayerVideo::OutputPicture - ttd:363ms pts:33.500 Clock:33.137 Level:14
2025-01-02 17:05:01.055 T:5176 debug : CVideoPlayerVideo::OutputPicture - ttd:363ms pts:33.520 Clock:33.157 Level:14
2025-01-02 17:05:01.064 T:5173 debug : CVideoPlayer::ProcessVideoData size:152655 dts:44.880 pts:44.880 dur:20.000ms, clock:33.165 level:100
2025-01-02 17:05:01.073 T:5176 debug : CVideoPlayerVideo::OutputPicture - ttd:365ms pts:33.540 Clock:33.174 Level:14
2025-01-02 17:05:01.093 T:5176 debug : CVideoPlayerVideo::OutputPicture - ttd:365ms pts:33.560 Clock:33.194 Level:14
2025-01-02 17:05:01.111 T:5176 debug : CVideoPlayerVideo::OutputPicture - ttd:367ms pts:33.580 Clock:33.212 Level:14
2025-01-02 17:05:01.127 T:5173 debug : CVideoPlayer::ProcessVideoData size:55814 dts:44.900 pts:44.900 dur:20.000ms, clock:33.229 level:100
2025-01-02 17:05:01.136 T:5176 debug : CVideoPlayerVideo::OutputPicture - ttd:362ms pts:33.600 Clock:33.237 Level:14
2025-01-02 17:05:01.153 T:5173 debug : CVideoPlayer::ProcessVideoData size:33199 dts:44.920 pts:44.920 dur:20.000ms, clock:33.255 level:100
2025-01-02 17:05:01.160 T:5176 debug : CVideoPlayerVideo::OutputPicture - ttd:358ms pts:33.620 Clock:33.262 Level:14
2025-01-02 17:05:01.175 T:5176 debug : CVideoPlayerVideo::OutputPicture - ttd:363ms pts:33.640 Clock:33.277 Level:14
2025-01-02 17:05:01.182 T:5173 debug : CVideoPlayer::ProcessVideoData size:28998 dts:44.940 pts:44.940 dur:20.000ms, clock:33.284 level:100
2025-01-02 17:05:01.185 T:5173 debug : CVideoPlayer::ProcessVideoData size:22050 dts:44.960 pts:44.960 dur:20.000ms, clock:33.286 level:100
2025-01-02 17:05:01.187 T:5173 debug : CVideoPlayer::ProcessVideoData size:21569 dts:44.980 pts:44.980 dur:20.000ms, clock:33.288 level:100
2025-01-02 17:05:01.202 T:5173 debug : CVideoPlayer::ProcessVideoData size:36657 dts:45.000 pts:45.000 dur:20.000ms, clock:33.304 level:100
2025-01-02 17:05:01.204 T:5176 debug : CVideoPlayerVideo::OutputPicture - ttd:354ms pts:33.660 Clock:33.305 Level:14
2025-01-02 17:05:01.218 T:5176 debug : CVideoPlayerVideo::OutputPicture - ttd:360ms pts:33.680 Clock:33.320 Level:14
2025-01-02 17:05:01.223 T:5173 debug : CVideoPlayer::ProcessVideoData size:31320 dts:45.020 pts:45.020 dur:20.000ms, clock:33.325 level:100
2025-01-02 17:05:01.237 T:5176 debug : CVideoPlayerVideo::OutputPicture - ttd:361ms pts:33.700 Clock:33.338 Level:14
2025-01-02 17:05:01.242 T:5173 debug : CVideoPlayer::ProcessVideoData size:21195 dts:45.040 pts:45.040 dur:20.000ms, clock:33.344 level:100
2025-01-02 17:05:01.248 T:5173 debug : CVideoPlayer::ProcessVideoData size:15095 dts:45.060 pts:45.060 dur:20.000ms, clock:33.349 level:100
2025-01-02 17:05:01.256 T:5176 debug : CVideoPlayerVideo::OutputPicture - ttd:362ms pts:33.720 Clock:33.357 Level:14
2025-01-02 17:05:01.277 T:5176 debug : CVideoPlayerVideo::OutputPicture - ttd:361ms pts:33.740 Clock:33.378 Level:14
2025-01-02 17:05:01.292 T:5176 debug : CVideoPlayerVideo::OutputPicture - ttd:366ms pts:33.760 Clock:33.393 Level:14
2025-01-02 17:05:01.311 T:5176 debug : CVideoPlayerVideo::OutputPicture - ttd:367ms pts:33.780 Clock:33.413 Level:14
2025-01-02 17:05:01.316 T:5173 debug : CVideoPlayer::ProcessVideoData size:33400 dts:45.080 pts:45.080 dur:20.000ms, clock:33.417 level:100
2025-01-02 17:05:01.330 T:5176 debug : CVideoPlayerVideo::OutputPicture - ttd:368ms pts:33.800 Clock:33.432 Level:14
2025-01-02 17:05:01.336 T:5173 debug : CVideoPlayer::ProcessVideoData size:21786 dts:45.100 pts:45.100 dur:20.000ms, clock:33.438 level:100
2025-01-02 17:05:01.356 T:5176 debug : CVideoPlayerVideo::OutputPicture - ttd:362ms pts:33.820 Clock:33.457 Level:14
2025-01-02 17:05:01.364 T:5173 debug : CVideoPlayer::ProcessVideoData size:34451 dts:45.120 pts:45.120 dur:20.000ms, clock:33.466 level:100
2025-01-02 17:05:01.375 T:5176 debug : CVideoPlayerVideo::OutputPicture - ttd:363ms pts:33.840 Clock:33.476 Level:14
2025-01-02 17:05:01.398 T:5176 debug : CVideoPlayerVideo::OutputPicture - ttd:360ms pts:33.860 Clock:33.499 Level:14
2025-01-02 17:05:01.399 T:5173 debug : CVideoPlayer::ProcessVideoData size:28906 dts:45.140 pts:45.140 dur:20.000ms, clock:33.500 level:100
2025-01-02 17:05:01.415 T:5173 debug : CVideoPlayer::ProcessVideoData size:30019 dts:45.160 pts:45.160 dur:20.000ms, clock:33.517 level:100
2025-01-02 17:05:01.422 T:5176 debug : CVideoPlayerVideo::OutputPicture - ttd:356ms pts:33.880 Clock:33.524 Level:14
2025-01-02 17:05:01.436 T:5176 debug : CVideoPlayerVideo::OutputPicture - ttd:362ms pts:33.900 Clock:33.538 Level:14
2025-01-02 17:05:01.447 T:5173 debug : CVideoPlayer::ProcessVideoData size:33782 dts:45.180 pts:45.180 dur:20.000ms, clock:33.549 level:100
2025-01-02 17:05:01.448 T:5173 debug : CVideoPlayer::ProcessVideoData size:23070 dts:45.200 pts:45.200 dur:20.000ms, clock:33.549 level:100
2025-01-02 17:05:01.456 T:5173 debug : CVideoPlayer::ProcessVideoData size:24382 dts:45.220 pts:45.220 dur:20.000ms, clock:33.557 level:100
2025-01-02 17:05:01.461 T:5176 debug : CVideoPlayerVideo::OutputPicture - ttd:357ms pts:33.920 Clock:33.563 Level:14
2025-01-02 17:05:01.468 T:5173 debug : CVideoPlayer::ProcessVideoData size:35325 dts:45.240 pts:45.240 dur:20.000ms, clock:33.569 level:100
2025-01-02 17:05:01.478 T:5176 debug : CVideoPlayerVideo::OutputPicture - ttd:360ms pts:33.940 Clock:33.580 Level:14
2025-01-02 17:05:01.497 T:5173 debug : CVideoPlayer::ProcessVideoData size:30603 dts:45.260 pts:45.260 dur:20.000ms, clock:33.599 level:100
2025-01-02 17:05:01.503 T:5176 debug : CVideoPlayerVideo::OutputPicture - ttd:355ms pts:33.960 Clock:33.604 Level:14
2025-01-02 17:05:01.520 T:5176 debug : CVideoPlayerVideo::OutputPicture - ttd:358ms pts:33.980 Clock:33.622 Level:14
2025-01-02 17:05:01.524 T:5173 debug : CVideoPlayer::ProcessVideoData size:33345 dts:45.280 pts:45.280 dur:20.000ms, clock:33.625 level:100
2025-01-02 17:05:01.536 T:5173 debug : CVideoPlayer::ProcessVideoData size:36087 dts:45.300 pts:45.300 dur:20.000ms, clock:33.637 level:100
2025-01-02 17:05:01.542 T:5176 debug : CVideoPlayerVideo::OutputPicture - ttd:356ms pts:34.000 Clock:33.644 Level:14
2025-01-02 17:05:01.546 T:5173 debug : CVideoPlayer::ProcessVideoData size:24779 dts:45.320 pts:45.320 dur:20.000ms, clock:33.647 level:100
2025-01-02 17:05:01.559 T:5173 debug : CVideoPlayer::ProcessVideoData size:25245 dts:45.340 pts:45.340 dur:20.000ms, clock:33.661 level:100
2025-01-02 17:05:01.564 T:5176 debug : CVideoPlayerVideo::OutputPicture - ttd:353ms pts:34.020 Clock:33.666 Level:14
2025-01-02 17:05:01.576 T:5176 debug : CVideoPlayerVideo::OutputPicture - ttd:362ms pts:34.040 Clock:33.677 Level:14
2025-01-02 17:05:01.597 T:5176 debug : CVideoPlayerVideo::OutputPicture - ttd:361ms pts:34.060 Clock:33.699 Level:14
2025-01-02 17:05:01.613 T:5176 debug : CVideoPlayerVideo::OutputPicture - ttd:364ms pts:34.080 Clock:33.715 Level:14
2025-01-02 17:05:01.631 T:5176 debug : CVideoPlayerVideo::OutputPicture - ttd:367ms pts:34.100 Clock:33.732 Level:14
2025-01-02 17:05:01.635 T:5173 debug : CVideoPlayer::ProcessVideoData size:132014 dts:45.360 pts:45.360 dur:20.000ms, clock:33.737 level:100
2025-01-02 17:05:01.651 T:5176 debug : CVideoPlayerVideo::OutputPicture - ttd:367ms pts:34.120 Clock:33.752 Level:14
2025-01-02 17:05:01.673 T:5173 debug : CVideoPlayer::ProcessVideoData size:50987 dts:45.380 pts:45.380 dur:20.000ms, clock:33.774 level:100
2025-01-02 17:05:01.673 T:5176 debug : CVideoPlayerVideo::OutputPicture - ttd:365ms pts:34.140 Clock:33.775 Level:14
2025-01-02 17:05:01.687 T:5173 debug : CVideoPlayer::ProcessVideoData size:27410 dts:45.400 pts:45.400 dur:20.000ms, clock:33.789 level:100
2025-01-02 17:05:01.691 T:5176 debug : CVideoPlayerVideo::OutputPicture - ttd:367ms pts:34.160 Clock:33.792 Level:14
2025-01-02 17:05:01.696 T:5173 debug : CVideoPlayer::ProcessVideoData size:28750 dts:45.420 pts:45.420 dur:20.000ms, clock:33.797 level:100
2025-01-02 17:05:01.719 T:5176 debug : CVideoPlayerVideo::OutputPicture - ttd:359ms pts:34.180 Clock:33.820 Level:14
2025-01-02 17:05:01.730 T:5173 debug : CVideoPlayer::ProcessVideoData size:32314 dts:45.440 pts:45.440 dur:20.000ms, clock:33.832 level:100
2025-01-02 17:05:01.734 T:5173 debug : CVideoPlayer::ProcessVideoData size:31051 dts:45.460 pts:45.460 dur:20.000ms, clock:33.836 level:100
2025-01-02 17:05:01.741 T:5173 debug : CVideoPlayer::ProcessVideoData size:27414 dts:45.480 pts:45.480 dur:20.000ms, clock:33.843 level:100
2025-01-02 17:05:01.742 T:5176 debug : CVideoPlayerVideo::OutputPicture - ttd:355ms pts:34.200 Clock:33.844 Level:14
2025-01-02 17:05:01.751 T:4228 debug : CLibInputKeyboard::ProcessKey - using delay: 500ms repeat: 33ms
2025-01-02 17:05:01.751 T:5214 debug : Thread Timer start, auto delete: false
2025-01-02 17:05:01.758 T:5176 debug : CVideoPlayerVideo::OutputPicture - ttd:360ms pts:34.220 Clock:33.860 Level:14
2025-01-02 17:05:01.765 T:5173 debug : CVideoPlayer::ProcessVideoData size:23967 dts:45.500 pts:45.500 dur:20.000ms, clock:33.867 level:100
2025-01-02 17:05:01.769 T:4223 debug : Keyboard: scancode: 0x1c, sym: 0x0d (enter), unicode: 0x0d, modifier: 0x0
2025-01-02 17:05:01.779 T:5176 debug : CVideoPlayerVideo::OutputPicture - ttd:359ms pts:34.240 Clock:33.881 Level:14
2025-01-02 17:05:01.790 T:5214 debug : Thread Timer 3814715904 terminating
2025-01-02 17:05:01.799 T:5176 debug : CVideoPlayerVideo::OutputPicture - ttd:359ms pts:34.260 Clock:33.901 Level:14
2025-01-02 17:05:01.809 T:4223 debug : Keyboard: scancode: 0x1c, sym: 0x0d (enter), unicode: 0x0d, modifier: 0x0
2025-01-02 17:05:01.809 T:4223 debug : HandleKey: return (0xf00d) pressed, window 10016, action is Select
2025-01-02 17:05:01.809 T:4223 info : Disabled debug logging due to GUI setting. Level 0.
2025-01-02 17:05:01.809 T:4223 info : Log level changed to "info"
2025-01-02 17:05:12.429 T:4223 info : CVideoPlayer::CloseFile()
2025-01-02 17:05:12.429 T:4223 info : VideoPlayer: waiting for threads to exit
2025-01-02 17:05:12.429 T:5173 info : CVideoPlayer::OnExit()
2025-01-02 17:05:12.430 T:5173 info : Closing stream player 1
2025-01-02 17:05:12.430 T:5173 info : Waiting for audio thread to exit
2025-01-02 17:05:12.438 T:5177 info : thread end: CVideoPlayerAudio::OnExit()
2025-01-02 17:05:12.438 T:5173 info : Closing audio device
2025-01-02 17:05:12.448 T:5173 info : Deleting audio codec
2025-01-02 17:05:12.448 T:5173 info : Closing stream player 2
2025-01-02 17:05:12.448 T:5173 info : waiting for video thread to exit
2025-01-02 17:05:12.448 T:5176 info : thread end: video_thread
2025-01-02 17:05:12.448 T:4235 info : CActiveAESink::OpenSink - initialize sink
2025-01-02 17:05:12.455 T:5173 info : deleting video codec
2025-01-02 17:05:12.555 T:4223 info : VideoPlayer: finished waiting
2025-01-02 17:05:12.555 T:4223 info : CVideoPlayer::CloseFile()
2025-01-02 17:05:12.555 T:4223 info : VideoPlayer: waiting for threads to exit
2025-01-02 17:05:12.555 T:4223 info : VideoPlayer: finished waiting
2025-01-02 17:05:12.650 T:4235 info : CAESinkALSA::Initialize - Configure simple control for "MESONAUDIO"
2025-01-02 17:05:12.650 T:4235 info : CAESinkALSA - Use card "hw:0" and set codec format "2 CH PCM"
2025-01-02 17:05:12.651 T:4235 info : CAESinkALSA - Set codec for "Audio spdif format"
2025-01-02 17:05:12.651 T:4235 info : CAESinkALSA::Initialize - Attempting to open device "hdmi:CARD=AMLMESONAUDIO,DEV=0"
2025-01-02 17:05:12.656 T:4235 info : CAESinkALSA::Initialize - Opened device "hdmi:CARD=AMLMESONAUDIO,DEV=0,AES0=0x04,AES1=0x82,AES2=0x00,AES3=0x00"
2025-01-02 17:05:12.656 T:4235 info : CAESinkALSA::InitializeHW - Your hardware does not support AE_FMT_FLOAT, trying other formats
2025-01-02 17:05:12.656 T:4235 info : CAESinkALSA::InitializeHW - Using data format AE_FMT_S16NE
2025-01-02 17:05:13.795 T:5222 error : CCurlFile::Stat - Failed: Weird server reply(8)
2025-01-02 17:05:13.947 T:5223 error : failed to handle HTTP request for /image/
2025-01-02 17:05:14.042 T:5222 error : CCurlFile::Stat - Failed: Weird server reply(8)
2025-01-02 17:05:14.509 T:4223 info : Skipped 2 duplicate messages..
2025-01-02 17:05:14.509 T:4223 info : GLES: Maximum texture width: 4096
2025-01-02 17:05:17.059 T:4235 info : Skipped 1 duplicate messages..
2025-01-02 17:05:17.059 T:4235 info : CActiveAESink::OpenSink - initialize sink
2025-01-02 17:05:17.059 T:4235 info : CAESinkALSA::Initialize - Configure simple control for "MESONAUDIO"
2025-01-02 17:05:17.060 T:4235 info : CAESinkALSA - Use card "hw:0" and set codec format "2 CH PCM"
2025-01-02 17:05:17.060 T:4235 info : CAESinkALSA - Set codec for "Audio spdif format"
2025-01-02 17:05:17.061 T:4235 info : CAESinkALSA::Initialize - Attempting to open device "hdmi:CARD=AMLMESONAUDIO,DEV=0"
2025-01-02 17:05:17.066 T:4235 info : CAESinkALSA::Initialize - Opened device "hdmi:CARD=AMLMESONAUDIO,DEV=0,AES0=0x04,AES1=0x82,AES2=0x00,AES3=0x00"
2025-01-02 17:05:17.066 T:4235 info : CAESinkALSA::InitializeHW - Your hardware does not support AE_FMT_FLOAT, trying other formats
2025-01-02 17:05:17.066 T:4235 info : CAESinkALSA::InitializeHW - Using data format AE_FMT_S16NE