2025-01-02 17:04:47.435 T:5173 debug : CVideoPlayer::ProcessVideoData size:27280 dts:32.720 pts:32.720 dur:20.000ms, clock:19.537 level:100
2025-01-02 17:04:47.437 T:5176 debug : CVideoPlayerVideo::OutputPicture - ttd:361ms pts:19.900 Clock:19.538 Level:14
2025-01-02 17:04:47.456 T:5176 debug : CVideoPlayerVideo::OutputPicture - ttd:362ms pts:19.920 Clock:19.557 Level:14
2025-01-02 17:04:47.478 T:5176 debug : CVideoPlayerVideo::OutputPicture - ttd:360ms pts:19.940 Clock:19.579 Level:14
2025-01-02 17:04:47.497 T:5176 debug : CVideoPlayerVideo::OutputPicture - ttd:361ms pts:19.960 Clock:19.598 Level:14
2025-01-02 17:04:47.503 T:5173 debug : CVideoPlayer::ProcessVideoData size:25784 dts:32.740 pts:32.740 dur:20.000ms, clock:19.605 level:100
2025-01-02 17:04:47.513 T:5176 debug : CVideoPlayerVideo::OutputPicture - ttd:365ms pts:19.980 Clock:19.615 Level:14
2025-01-02 17:04:47.531 T:5176 debug : CVideoPlayerVideo::OutputPicture - ttd:367ms pts:20.000 Clock:19.633 Level:14
2025-01-02 17:04:47.556 T:5176 debug : CVideoPlayerVideo::OutputPicture - ttd:362ms pts:20.020 Clock:19.658 Level:14
2025-01-02 17:04:47.577 T:5176 debug : CVideoPlayerVideo::OutputPicture - ttd:361ms pts:20.040 Clock:19.678 Level:14
2025-01-02 17:04:47.594 T:5173 debug : CVideoPlayer::ProcessVideoData size:31780 dts:32.760 pts:32.760 dur:20.000ms, clock:19.696 level:100
2025-01-02 17:04:47.601 T:5176 debug : CVideoPlayerVideo::OutputPicture - ttd:357ms pts:20.060 Clock:19.702 Level:14
2025-01-02 17:04:47.618 T:5176 debug : CVideoPlayerVideo::OutputPicture - ttd:360ms pts:20.080 Clock:19.720 Level:14
2025-01-02 17:04:47.640 T:5176 debug : CVideoPlayerVideo::OutputPicture - ttd:358ms pts:20.100 Clock:19.741 Level:14
2025-01-02 17:04:47.656 T:5176 debug : CVideoPlayerVideo::OutputPicture - ttd:362ms pts:20.120 Clock:19.758 Level:14
2025-01-02 17:04:47.658 T:5173 debug : CVideoPlayer::ProcessVideoData size:20657 dts:32.780 pts:32.780 dur:20.000ms, clock:19.760 level:100
2025-01-02 17:04:47.679 T:5176 debug : CVideoPlayerVideo::OutputPicture - ttd:359ms pts:20.140 Clock:19.780 Level:14
2025-01-02 17:04:47.696 T:5176 debug : CVideoPlayerVideo::OutputPicture - ttd:362ms pts:20.160 Clock:19.798 Level:14
2025-01-02 17:04:47.722 T:5176 debug : CVideoPlayerVideo::OutputPicture - ttd:355ms pts:20.180 Clock:19.824 Level:14
2025-01-02 17:04:47.738 T:5176 debug : CVideoPlayerVideo::OutputPicture - ttd:360ms pts:20.200 Clock:19.839 Level:14
2025-01-02 17:04:47.761 T:5176 debug : CVideoPlayerVideo::OutputPicture - ttd:357ms pts:20.220 Clock:19.862 Level:14
2025-01-02 17:04:47.776 T:5176 debug : CVideoPlayerVideo::OutputPicture - ttd:362ms pts:20.240 Clock:19.878 Level:14
2025-01-02 17:04:47.796 T:5176 debug : CVideoPlayerVideo::OutputPicture - ttd:362ms pts:20.260 Clock:19.897 Level:14
2025-01-02 17:04:47.813 T:5172 debug : request received for /jsonrpc
2025-01-02 17:04:47.817 T:5176 debug : CVideoPlayerVideo::OutputPicture - ttd:361ms pts:20.280 Clock:19.918 Level:14
2025-01-02 17:04:47.833 T:5176 debug : CVideoPlayerVideo::OutputPicture - ttd:365ms pts:20.300 Clock:19.935 Level:14
2025-01-02 17:04:47.856 T:5176 debug : CVideoPlayerVideo::OutputPicture - ttd:362ms pts:20.320 Clock:19.958 Level:14
2025-01-02 17:04:47.877 T:5176 debug : CVideoPlayerVideo::OutputPicture - ttd:361ms pts:20.340 Clock:19.979 Level:14
2025-01-02 17:04:47.900 T:5176 debug : CVideoPlayerVideo::OutputPicture - ttd:358ms pts:20.360 Clock:20.001 Level:14
2025-01-02 17:04:47.918 T:5176 debug : CVideoPlayerVideo::OutputPicture - ttd:360ms pts:20.380 Clock:20.019 Level:14
2025-01-02 17:04:47.936 T:5176 debug : CVideoPlayerVideo::OutputPicture - ttd:362ms pts:20.400 Clock:20.037 Level:14
2025-01-02 17:04:47.957 T:5176 debug : CVideoPlayerVideo::OutputPicture - ttd:361ms pts:20.420 Clock:20.059 Level:14
2025-01-02 17:04:47.973 T:5176 debug : CVideoPlayerVideo::OutputPicture - ttd:365ms pts:20.440 Clock:20.074 Level:14
2025-01-02 17:04:47.991 T:5176 debug : CVideoPlayerVideo::OutputPicture - ttd:367ms pts:20.460 Clock:20.092 Level:14
2025-01-02 17:04:48.009 T:5173 debug : CVideoPlayer::ProcessVideoData size:134586 dts:32.800 pts:32.800 dur:20.000ms, clock:20.110 level:100
2025-01-02 17:04:48.011 T:5176 debug : CVideoPlayerVideo::OutputPicture - ttd:366ms pts:20.480 Clock:20.113 Level:14
2025-01-02 17:04:48.026 T:5150 debug : request received for /jsonrpc
2025-01-02 17:04:48.031 T:5176 debug : CVideoPlayerVideo::OutputPicture - ttd:367ms pts:20.500 Clock:20.132 Level:14
2025-01-02 17:04:48.051 T:5176 debug : CVideoPlayerVideo::OutputPicture - ttd:367ms pts:20.520 Clock:20.152 Level:14
2025-01-02 17:04:48.076 T:5176 debug : CVideoPlayerVideo::OutputPicture - ttd:362ms pts:20.540 Clock:20.177 Level:14
2025-01-02 17:04:48.095 T:5176 debug : CVideoPlayerVideo::OutputPicture - ttd:363ms pts:20.560 Clock:20.197 Level:14
2025-01-02 17:04:48.117 T:5176 debug : CVideoPlayerVideo::OutputPicture - ttd:361ms pts:20.580 Clock:20.219 Level:14
2025-01-02 17:04:48.134 T:5176 debug : CVideoPlayerVideo::OutputPicture - ttd:363ms pts:20.600 Clock:20.236 Level:14
2025-01-02 17:04:48.142 T:5173 debug : CVideoPlayer::ProcessVideoData size:36282 dts:32.820 pts:32.820 dur:20.000ms, clock:20.243 level:100
2025-01-02 17:04:48.152 T:5176 debug : CVideoPlayerVideo::OutputPicture - ttd:366ms pts:20.620 Clock:20.254 Level:14
2025-01-02 17:04:48.171 T:5176 debug : CVideoPlayerVideo::OutputPicture - ttd:367ms pts:20.640 Clock:20.273 Level:14
2025-01-02 17:04:48.191 T:5176 debug : CVideoPlayerVideo::OutputPicture - ttd:367ms pts:20.660 Clock:20.293 Level:14
2025-01-02 17:04:48.211 T:5176 debug : CVideoPlayerVideo::OutputPicture - ttd:367ms pts:20.680 Clock:20.313 Level:14
2025-01-02 17:04:48.214 T:5173 debug : CVideoPlayer::ProcessVideoData size:22634 dts:32.840 pts:32.840 dur:20.000ms, clock:20.315 level:100
2025-01-02 17:04:48.238 T:5176 debug : CVideoPlayerVideo::OutputPicture - ttd:360ms pts:20.700 Clock:20.339 Level:14
2025-01-02 17:04:48.255 T:5176 debug : CVideoPlayerVideo::OutputPicture - ttd:363ms pts:20.720 Clock:20.356 Level:14
2025-01-02 17:04:48.277 T:5176 debug : CVideoPlayerVideo::OutputPicture - ttd:361ms pts:20.740 Clock:20.378 Level:14
2025-01-02 17:04:48.296 T:5176 debug : CVideoPlayerVideo::OutputPicture - ttd:362ms pts:20.760 Clock:20.397 Level:14
2025-01-02 17:04:48.311 T:5173 debug : CVideoPlayer::ProcessVideoData size:34737 dts:32.860 pts:32.860 dur:20.000ms, clock:20.412 level:100
2025-01-02 17:04:48.313 T:5176 debug : CVideoPlayerVideo::OutputPicture - ttd:365ms pts:20.780 Clock:20.414 Level:14
2025-01-02 17:04:48.331 T:5176 debug : CVideoPlayerVideo::OutputPicture - ttd:367ms pts:20.800 Clock:20.433 Level:14
2025-01-02 17:04:48.356 T:5176 debug : CVideoPlayerVideo::OutputPicture - ttd:362ms pts:20.820 Clock:20.457 Level:14
2025-01-02 17:04:48.375 T:5176 debug : CVideoPlayerVideo::OutputPicture - ttd:363ms pts:20.840 Clock:20.477 Level:14
2025-01-02 17:04:48.396 T:5176 debug : CVideoPlayerVideo::OutputPicture - ttd:362ms pts:20.860 Clock:20.497 Level:14
2025-01-02 17:04:48.416 T:5176 debug : CVideoPlayerVideo::OutputPicture - ttd:362ms pts:20.880 Clock:20.518 Level:14
2025-01-02 17:04:48.425 T:5173 debug : CVideoPlayer::ProcessVideoData size:39568 dts:32.880 pts:32.880 dur:20.000ms, clock:20.527 level:100
2025-01-02 17:04:48.440 T:5176 debug : CVideoPlayerVideo::OutputPicture - ttd:358ms pts:20.900 Clock:20.542 Level:14
2025-01-02 17:04:48.455 T:5176 debug : CVideoPlayerVideo::OutputPicture - ttd:363ms pts:20.920 Clock:20.557 Level:14
2025-01-02 17:04:48.476 T:5176 debug : CVideoPlayerVideo::OutputPicture - ttd:362ms pts:20.940 Clock:20.578 Level:14
2025-01-02 17:04:48.497 T:5176 debug : CVideoPlayerVideo::OutputPicture - ttd:361ms pts:20.960 Clock:20.598 Level:14
2025-01-02 17:04:48.513 T:5176 debug : CVideoPlayerVideo::OutputPicture - ttd:364ms pts:20.980 Clock:20.615 Level:14
2025-01-02 17:04:48.531 T:5176 debug : CVideoPlayerVideo::OutputPicture - ttd:367ms pts:21.000 Clock:20.633 Level:14
2025-01-02 17:04:48.539 T:5173 debug : CVideoPlayer::ProcessVideoData size:38435 dts:32.900 pts:32.900 dur:20.000ms, clock:20.640 level:100
2025-01-02 17:04:48.551 T:5176 debug : CVideoPlayerVideo::OutputPicture - ttd:367ms pts:21.020 Clock:20.653 Level:14
2025-01-02 17:04:48.571 T:5176 debug : CVideoPlayerVideo::OutputPicture - ttd:367ms pts:21.040 Clock:20.673 Level:14
2025-01-02 17:04:48.597 T:5176 debug : CVideoPlayerVideo::OutputPicture - ttd:361ms pts:21.060 Clock:20.698 Level:14
2025-01-02 17:04:48.600 T:5173 debug : CVideoPlayer::ProcessVideoData size:21296 dts:32.920 pts:32.920 dur:20.000ms, clock:20.702 level:100
2025-01-02 17:04:48.616 T:5176 debug : CVideoPlayerVideo::OutputPicture - ttd:361ms pts:21.080 Clock:20.718 Level:14
2025-01-02 17:04:48.640 T:5176 debug : CVideoPlayerVideo::OutputPicture - ttd:358ms pts:21.100 Clock:20.742 Level:14
2025-01-02 17:04:48.655 T:5176 debug : CVideoPlayerVideo::OutputPicture - ttd:363ms pts:21.120 Clock:20.757 Level:14
2025-01-02 17:04:48.672 T:5173 debug : CVideoPlayer::ProcessVideoData size:20966 dts:32.940 pts:32.940 dur:20.000ms, clock:20.774 level:100
2025-01-02 17:04:48.677 T:5176 debug : CVideoPlayerVideo::OutputPicture - ttd:361ms pts:21.140 Clock:20.779 Level:14
2025-01-02 17:04:48.697 T:5176 debug : CVideoPlayerVideo::OutputPicture - ttd:361ms pts:21.160 Clock:20.798 Level:14
2025-01-02 17:04:48.713 T:5176 debug : CVideoPlayerVideo::OutputPicture - ttd:365ms pts:21.180 Clock:20.815 Level:14
2025-01-02 17:04:48.731 T:5176 debug : CVideoPlayerVideo::OutputPicture - ttd:367ms pts:21.200 Clock:20.833 Level:14
2025-01-02 17:04:48.756 T:5176 debug : CVideoPlayerVideo::OutputPicture - ttd:362ms pts:21.220 Clock:20.858 Level:14
2025-01-02 17:04:48.767 T:5173 debug : CVideoPlayer::ProcessVideoData size:33386 dts:32.960 pts:32.960 dur:20.000ms, clock:20.868 level:100
2025-01-02 17:04:48.775 T:5176 debug : CVideoPlayerVideo::OutputPicture - ttd:363ms pts:21.240 Clock:20.877 Level:14
2025-01-02 17:04:48.798 T:5176 debug : CVideoPlayerVideo::OutputPicture - ttd:360ms pts:21.260 Clock:20.899 Level:14
2025-01-02 17:04:48.819 T:5176 debug : CVideoPlayerVideo::OutputPicture - ttd:359ms pts:21.280 Clock:20.920 Level:14
2025-01-02 17:04:48.836 T:5176 debug : CVideoPlayerVideo::OutputPicture - ttd:362ms pts:21.300 Clock:20.938 Level:14
2025-01-02 17:04:48.859 T:5176 debug : CVideoPlayerVideo::OutputPicture - ttd:359ms pts:21.320 Clock:20.960 Level:14
2025-01-02 17:04:48.881 T:5176 debug : CVideoPlayerVideo::OutputPicture - ttd:357ms pts:21.340 Clock:20.983 Level:14
2025-01-02 17:04:48.896 T:5176 debug : CVideoPlayerVideo::OutputPicture - ttd:361ms pts:21.360 Clock:20.998 Level:14
2025-01-02 17:04:48.904 T:5173 debug : CVideoPlayer::ProcessVideoData size:40725 dts:32.980 pts:32.980 dur:20.000ms, clock:21.005 level:100
2025-01-02 17:04:48.918 T:5176 debug : CVideoPlayerVideo::OutputPicture - ttd:360ms pts:21.380 Clock:21.019 Level:14
2025-01-02 17:04:48.939 T:5176 debug : CVideoPlayerVideo::OutputPicture - ttd:359ms pts:21.400 Clock:21.040 Level:14
2025-01-02 17:04:48.957 T:5176 debug : CVideoPlayerVideo::OutputPicture - ttd:361ms pts:21.420 Clock:21.058 Level:14
2025-01-02 17:04:48.976 T:5176 debug : CVideoPlayerVideo::OutputPicture - ttd:362ms pts:21.440 Clock:21.078 Level:14
2025-01-02 17:04:48.997 T:5176 debug : CVideoPlayerVideo::OutputPicture - ttd:361ms pts:21.460 Clock:21.099 Level:14
2025-01-02 17:04:49.004 T:5173 debug : CVideoPlayer::ProcessVideoData size:30954 dts:33.000 pts:33.000 dur:20.000ms, clock:21.106 level:100
2025-01-02 17:04:49.013 T:5176 debug : CVideoPlayerVideo::OutputPicture - ttd:365ms pts:21.480 Clock:21.114 Level:14
2025-01-02 17:04:49.031 T:5176 debug : CVideoPlayerVideo::OutputPicture - ttd:367ms pts:21.500 Clock:21.133 Level:14
2025-01-02 17:04:49.055 T:5176 debug : CVideoPlayerVideo::OutputPicture - ttd:363ms pts:21.520 Clock:21.157 Level:14
2025-01-02 17:04:49.078 T:5176 debug : CVideoPlayerVideo::OutputPicture - ttd:360ms pts:21.540 Clock:21.179 Level:14
2025-01-02 17:04:49.096 T:5176 debug : CVideoPlayerVideo::OutputPicture - ttd:362ms pts:21.560 Clock:21.198 Level:14
2025-01-02 17:04:49.119 T:5176 debug : CVideoPlayerVideo::OutputPicture - ttd:359ms pts:21.580 Clock:21.221 Level:14
2025-01-02 17:04:49.137 T:5176 debug : CVideoPlayerVideo::OutputPicture - ttd:361ms pts:21.600 Clock:21.238 Level:14
2025-01-02 17:04:49.143 T:5173 debug : CVideoPlayer::ProcessVideoData size:30005 dts:33.020 pts:33.020 dur:20.000ms, clock:21.244 level:100
2025-01-02 17:04:49.158 T:5176 debug : CVideoPlayerVideo::OutputPicture - ttd:360ms pts:21.620 Clock:21.260 Level:14
2025-01-02 17:04:49.174 T:5176 debug : CVideoPlayerVideo::OutputPicture - ttd:364ms pts:21.640 Clock:21.276 Level:14
2025-01-02 17:04:49.198 T:5176 debug : CVideoPlayerVideo::OutputPicture - ttd:360ms pts:21.660 Clock:21.299 Level:14
2025-01-02 17:04:49.214 T:5176 debug : CVideoPlayerVideo::OutputPicture - ttd:364ms pts:21.680 Clock:21.316 Level:14
2025-01-02 17:04:49.237 T:5173 debug : CVideoPlayer::ProcessVideoData size:30439 dts:33.040 pts:33.040 dur:20.000ms, clock:21.338 level:100
2025-01-02 17:04:49.239 T:5176 debug : CVideoPlayerVideo::OutputPicture - ttd:359ms pts:21.700 Clock:21.341 Level:14
2025-01-02 17:04:49.259 T:5176 debug : CVideoPlayerVideo::OutputPicture - ttd:359ms pts:21.720 Clock:21.361 Level:14
2025-01-02 17:04:49.278 T:5176 debug : CVideoPlayerVideo::OutputPicture - ttd:360ms pts:21.740 Clock:21.380 Level:14
2025-01-02 17:04:49.298 T:5176 debug : CVideoPlayerVideo::OutputPicture - ttd:360ms pts:21.760 Clock:21.400 Level:14
2025-01-02 17:04:49.318 T:5176 debug : CVideoPlayerVideo::OutputPicture - ttd:360ms pts:21.780 Clock:21.420 Level:14
2025-01-02 17:04:49.336 T:5173 debug : CVideoPlayer::ProcessVideoData size:28710 dts:33.060 pts:33.060 dur:20.000ms, clock:21.438 level:100
2025-01-02 17:04:49.338 T:5176 debug : CVideoPlayerVideo::OutputPicture - ttd:360ms pts:21.800 Clock:21.440 Level:14
2025-01-02 17:04:49.356 T:5176 debug : CVideoPlayerVideo::OutputPicture - ttd:362ms pts:21.820 Clock:21.458 Level:14
2025-01-02 17:04:49.376 T:5176 debug : CVideoPlayerVideo::OutputPicture - ttd:362ms pts:21.840 Clock:21.477 Level:14
2025-01-02 17:04:49.397 T:5176 debug : CVideoPlayerVideo::OutputPicture - ttd:361ms pts:21.860 Clock:21.498 Level:14
2025-01-02 17:04:49.412 T:5176 debug : CVideoPlayerVideo::OutputPicture - ttd:366ms pts:21.880 Clock:21.513 Level:14
2025-01-02 17:04:49.416 T:5173 debug : CVideoPlayer::ProcessVideoData size:28970 dts:33.080 pts:33.080 dur:20.000ms, clock:21.517 level:100
2025-01-02 17:04:49.431 T:5176 debug : CVideoPlayerVideo::OutputPicture - ttd:367ms pts:21.900 Clock:21.533 Level:14
2025-01-02 17:04:49.451 T:5176 debug : CVideoPlayerVideo::OutputPicture - ttd:367ms pts:21.920 Clock:21.553 Level:14
2025-01-02 17:04:49.457 T:5173 debug : CVideoPlayer::ProcessVideoData size:30623 dts:33.100 pts:33.100 dur:20.000ms, clock:21.559 level:100
2025-01-02 17:04:49.471 T:5176 debug : CVideoPlayerVideo::OutputPicture - ttd:367ms pts:21.940 Clock:21.573 Level:14
2025-01-02 17:04:49.491 T:5176 debug : CVideoPlayerVideo::OutputPicture - ttd:367ms pts:21.960 Clock:21.592 Level:14
2025-01-02 17:04:49.504 T:5173 debug : CVideoPlayer::ProcessVideoData size:30380 dts:33.120 pts:33.120 dur:20.000ms, clock:21.606 level:100
2025-01-02 17:04:49.517 T:5176 debug : CVideoPlayerVideo::OutputPicture - ttd:361ms pts:21.980 Clock:21.618 Level:14
2025-01-02 17:04:49.537 T:5176 debug : CVideoPlayerVideo::OutputPicture - ttd:361ms pts:22.000 Clock:21.638 Level:14
2025-01-02 17:04:49.552 T:5173 debug : CVideoPlayer::ProcessVideoData size:30512 dts:33.140 pts:33.140 dur:20.000ms, clock:21.654 level:100
2025-01-02 17:04:49.558 T:5176 debug : CVideoPlayerVideo::OutputPicture - ttd:360ms pts:22.020 Clock:21.659 Level:14
2025-01-02 17:04:49.576 T:5176 debug : CVideoPlayerVideo::OutputPicture - ttd:362ms pts:22.040 Clock:21.677 Level:14
2025-01-02 17:04:49.592 T:5176 debug : CVideoPlayerVideo::OutputPicture - ttd:366ms pts:22.060 Clock:21.694 Level:14
2025-01-02 17:04:49.602 T:5173 debug : CVideoPlayer::ProcessVideoData size:29916 dts:33.160 pts:33.160 dur:20.000ms, clock:21.704 level:100
2025-01-02 17:04:49.611 T:5176 debug : CVideoPlayerVideo::OutputPicture - ttd:367ms pts:22.080 Clock:21.713 Level:14
2025-01-02 17:04:49.631 T:5173 debug : CVideoPlayer::ProcessVideoData size:30007 dts:33.180 pts:33.180 dur:20.000ms, clock:21.732 level:100
2025-01-02 17:04:49.632 T:5176 debug : CVideoPlayerVideo::OutputPicture - ttd:366ms pts:22.100 Clock:21.734 Level:14
2025-01-02 17:04:49.647 T:5173 debug : CVideoPlayer::ProcessVideoData size:30675 dts:33.200 pts:33.200 dur:20.000ms, clock:21.749 level:100
2025-01-02 17:04:49.657 T:5176 debug : CVideoPlayerVideo::OutputPicture - ttd:361ms pts:22.120 Clock:21.758 Level:14
2025-01-02 17:04:49.662 T:5173 debug : CVideoPlayer::ProcessVideoData size:29369 dts:33.220 pts:33.220 dur:20.000ms, clock:21.764 level:100
2025-01-02 17:04:49.679 T:5176 debug : CVideoPlayerVideo::OutputPicture - ttd:359ms pts:22.140 Clock:21.781 Level:14
2025-01-02 17:04:49.684 T:5173 debug : CVideoPlayer::ProcessVideoData size:29168 dts:33.240 pts:33.240 dur:20.000ms, clock:21.786 level:100
2025-01-02 17:04:49.700 T:5176 debug : CVideoPlayerVideo::OutputPicture - ttd:358ms pts:22.160 Clock:21.802 Level:14
2025-01-02 17:04:49.720 T:5176 debug : CVideoPlayerVideo::OutputPicture - ttd:358ms pts:22.180 Clock:21.822 Level:14
2025-01-02 17:04:49.724 T:5173 debug : CVideoPlayer::ProcessVideoData size:28204 dts:33.260 pts:33.260 dur:20.000ms, clock:21.826 level:100
2025-01-02 17:04:49.735 T:5176 debug : CVideoPlayerVideo::OutputPicture - ttd:363ms pts:22.200 Clock:21.836 Level:14
2025-01-02 17:04:49.760 T:5176 debug : CVideoPlayerVideo::OutputPicture - ttd:358ms pts:22.220 Clock:21.862 Level:14
2025-01-02 17:04:49.778 T:5176 debug : CVideoPlayerVideo::OutputPicture - ttd:360ms pts:22.240 Clock:21.879 Level:14
2025-01-02 17:04:49.797 T:5176 debug : CVideoPlayerVideo::OutputPicture - ttd:361ms pts:22.260 Clock:21.898 Level:14
2025-01-02 17:04:49.815 T:5176 debug : CVideoPlayerVideo::OutputPicture - ttd:363ms pts:22.280 Clock:21.917 Level:14
2025-01-02 17:04:49.838 T:5176 debug : CVideoPlayerVideo::OutputPicture - ttd:360ms pts:22.300 Clock:21.940 Level:14
2025-01-02 17:04:49.856 T:5176 debug : CVideoPlayerVideo::OutputPicture - ttd:362ms pts:22.320 Clock:21.957 Level:14
2025-01-02 17:04:49.878 T:5176 debug : CVideoPlayerVideo::OutputPicture - ttd:360ms pts:22.340 Clock:21.979 Level:14
2025-01-02 17:04:49.895 T:5176 debug : CVideoPlayerVideo::OutputPicture - ttd:363ms pts:22.360 Clock:21.996 Level:14
2025-01-02 17:04:49.912 T:5176 debug : CVideoPlayerVideo::OutputPicture - ttd:366ms pts:22.380 Clock:22.014 Level:14
2025-01-02 17:04:49.936 T:5176 debug : CVideoPlayerVideo::OutputPicture - ttd:362ms pts:22.400 Clock:22.038 Level:14
2025-01-02 17:04:49.958 T:5176 debug : CVideoPlayerVideo::OutputPicture - ttd:360ms pts:22.420 Clock:22.060 Level:14
2025-01-02 17:04:49.977 T:5176 debug : CVideoPlayerVideo::OutputPicture - ttd:361ms pts:22.440 Clock:22.078 Level:14
2025-01-02 17:04:49.997 T:5176 debug : CVideoPlayerVideo::OutputPicture - ttd:361ms pts:22.460 Clock:22.099 Level:14
2025-01-02 17:04:50.015 T:5176 debug : CVideoPlayerVideo::OutputPicture - ttd:363ms pts:22.480 Clock:22.117 Level:14
2025-01-02 17:04:50.038 T:5176 debug : CVideoPlayerVideo::OutputPicture - ttd:360ms pts:22.500 Clock:22.140 Level:14
2025-01-02 17:04:50.055 T:5176 debug : CVideoPlayerVideo::OutputPicture - ttd:362ms pts:22.520 Clock:22.157 Level:14
2025-01-02 17:04:50.076 T:5176 debug : CVideoPlayerVideo::OutputPicture - ttd:362ms pts:22.540 Clock:22.178 Level:14
2025-01-02 17:04:50.097 T:5176 debug : CVideoPlayerVideo::OutputPicture - ttd:360ms pts:22.560 Clock:22.199 Level:14
2025-01-02 17:04:50.122 T:5176 debug : CVideoPlayerVideo::OutputPicture - ttd:356ms pts:22.580 Clock:22.223 Level:14
2025-01-02 17:04:50.136 T:5176 debug : CVideoPlayerVideo::OutputPicture - ttd:362ms pts:22.600 Clock:22.238 Level:14
2025-01-02 17:04:50.159 T:5176 debug : CVideoPlayerVideo::OutputPicture - ttd:359ms pts:22.620 Clock:22.260 Level:14
2025-01-02 17:04:50.179 T:5176 debug : CVideoPlayerVideo::OutputPicture - ttd:359ms pts:22.640 Clock:22.280 Level:14
2025-01-02 17:04:50.199 T:5176 debug : CVideoPlayerVideo::OutputPicture - ttd:359ms pts:22.660 Clock:22.301 Level:14
2025-01-02 17:04:50.219 T:5176 debug : CVideoPlayerVideo::OutputPicture - ttd:359ms pts:22.680 Clock:22.321 Level:14
2025-01-02 17:04:50.238 T:5176 debug : CVideoPlayerVideo::OutputPicture - ttd:360ms pts:22.700 Clock:22.339 Level:14
2025-01-02 17:04:50.262 T:5176 debug : CVideoPlayerVideo::OutputPicture - ttd:356ms pts:22.720 Clock:22.364 Level:14
2025-01-02 17:04:50.280 T:5176 debug : CVideoPlayerVideo::OutputPicture - ttd:358ms pts:22.740 Clock:22.381 Level:14
2025-01-02 17:04:50.297 T:5176 debug : CVideoPlayerVideo::OutputPicture - ttd:361ms pts:22.760 Clock:22.399 Level:14
2025-01-02 17:04:50.320 T:5176 debug : CVideoPlayerVideo::OutputPicture - ttd:358ms pts:22.780 Clock:22.421 Level:14
2025-01-02 17:04:50.343 T:5176 debug : CVideoPlayerVideo::OutputPicture - ttd:355ms pts:22.800 Clock:22.445 Level:14
2025-01-02 17:04:50.363 T:5176 debug : CVideoPlayerVideo::OutputPicture - ttd:355ms pts:22.820 Clock:22.465 Level:14
2025-01-02 17:04:50.381 T:5176 debug : CVideoPlayerVideo::OutputPicture - ttd:357ms pts:22.840 Clock:22.483 Level:14
2025-01-02 17:04:50.398 T:5176 debug : CVideoPlayerVideo::OutputPicture - ttd:360ms pts:22.860 Clock:22.500 Level:14
2025-01-02 17:04:50.419 T:5176 debug : CVideoPlayerVideo::OutputPicture - ttd:359ms pts:22.880 Clock:22.521 Level:14
2025-01-02 17:04:50.440 T:5176 debug : CVideoPlayerVideo::OutputPicture - ttd:358ms pts:22.900 Clock:22.542 Level:14
2025-01-02 17:04:50.458 T:5176 debug : CVideoPlayerVideo::OutputPicture - ttd:359ms pts:22.920 Clock:22.560 Level:14
2025-01-02 17:04:50.481 T:5176 debug : CVideoPlayerVideo::OutputPicture - ttd:357ms pts:22.940 Clock:22.583 Level:14
2025-01-02 17:04:50.495 T:5176 debug : CVideoPlayerVideo::OutputPicture - ttd:363ms pts:22.960 Clock:22.597 Level:14
2025-01-02 17:04:50.516 T:5176 debug : CVideoPlayerVideo::OutputPicture - ttd:362ms pts:22.980 Clock:22.617 Level:14
2025-01-02 17:04:50.538 T:5176 debug : CVideoPlayerVideo::OutputPicture - ttd:360ms pts:23.000 Clock:22.639 Level:14
2025-01-02 17:04:50.557 T:5176 debug : CVideoPlayerVideo::OutputPicture - ttd:361ms pts:23.020 Clock:22.659 Level:14
2025-01-02 17:04:50.559 T:5152 debug : request received for /jsonrpc
2025-01-02 17:04:50.579 T:5176 debug : CVideoPlayerVideo::OutputPicture - ttd:359ms pts:23.040 Clock:22.681 Level:14
2025-01-02 17:04:50.596 T:5176 debug : CVideoPlayerVideo::OutputPicture - ttd:362ms pts:23.060 Clock:22.698 Level:14
2025-01-02 17:04:50.613 T:5150 debug : request received for /jsonrpc
2025-01-02 17:04:50.621 T:5176 debug : CVideoPlayerVideo::OutputPicture - ttd:357ms pts:23.080 Clock:22.723 Level:14
2025-01-02 17:04:50.643 T:5176 debug : CVideoPlayerVideo::OutputPicture - ttd:355ms pts:23.100 Clock:22.744 Level:14
2025-01-02 17:04:50.661 T:5176 debug : CVideoPlayerVideo::OutputPicture - ttd:357ms pts:23.120 Clock:22.762 Level:14
2025-01-02 17:04:50.682 T:5176 debug : CVideoPlayerVideo::OutputPicture - ttd:356ms pts:23.140 Clock:22.784 Level:14
2025-01-02 17:04:50.699 T:5176 debug : CVideoPlayerVideo::OutputPicture - ttd:359ms pts:23.160 Clock:22.800 Level:14
2025-01-02 17:04:50.724 T:5176 debug : CVideoPlayerVideo::OutputPicture - ttd:354ms pts:23.180 Clock:22.825 Level:14
2025-01-02 17:04:50.743 T:5176 debug : CVideoPlayerVideo::OutputPicture - ttd:355ms pts:23.200 Clock:22.844 Level:14
2025-01-02 17:04:50.766 T:5176 debug : CVideoPlayerVideo::OutputPicture - ttd:351ms pts:23.220 Clock:22.868 Level:14
2025-01-02 17:04:50.780 T:5176 debug : CVideoPlayerVideo::OutputPicture - ttd:358ms pts:23.240 Clock:22.882 Level:14
2025-01-02 17:04:50.803 T:5176 debug : CVideoPlayerVideo::OutputPicture - ttd:355ms pts:23.260 Clock:22.904 Level:14
2025-01-02 17:04:50.820 T:5176 debug : CVideoPlayerVideo::OutputPicture - ttd:358ms pts:23.280 Clock:22.922 Level:14
2025-01-02 17:04:50.842 T:5176 debug : CVideoPlayerVideo::OutputPicture - ttd:356ms pts:23.300 Clock:22.943 Level:14
2025-01-02 17:04:50.860 T:5176 debug : CVideoPlayerVideo::OutputPicture - ttd:358ms pts:23.320 Clock:22.961 Level:14
2025-01-02 17:04:50.879 T:5176 debug : CVideoPlayerVideo::OutputPicture - ttd:359ms pts:23.340 Clock:22.981 Level:14
2025-01-02 17:04:50.898 T:5176 debug : CVideoPlayerVideo::OutputPicture - ttd:360ms pts:23.360 Clock:23.000 Level:14
2025-01-02 17:04:50.919 T:5176 debug : CVideoPlayerVideo::OutputPicture - ttd:359ms pts:23.380 Clock:23.021 Level:14
2025-01-02 17:04:50.932 T:5173 debug : CVideoPlayer::ProcessVideoData size:148622 dts:33.280 pts:33.280 dur:20.000ms, clock:23.033 level:100
2025-01-02 17:04:50.935 T:5173 debug : CVideoPlayer::ProcessVideoData size:41915 dts:33.300 pts:33.300 dur:20.000ms, clock:23.036 level:100
2025-01-02 17:04:50.936 T:5173 debug : CVideoPlayer::ProcessVideoData size:29742 dts:33.320 pts:33.320 dur:20.000ms, clock:23.037 level:100
2025-01-02 17:04:50.940 T:5173 debug : CVideoPlayer::ProcessVideoData size:31265 dts:33.340 pts:33.340 dur:20.000ms, clock:23.041 level:100
2025-01-02 17:04:50.942 T:5176 debug : CVideoPlayerVideo::OutputPicture - ttd:356ms pts:23.400 Clock:23.044 Level:14
2025-01-02 17:04:50.943 T:5173 debug : CVideoPlayer::ProcessVideoData size:23682 dts:33.360 pts:33.360 dur:20.000ms, clock:23.044 level:100
2025-01-02 17:04:50.944 T:5173 debug : CVideoPlayer::ProcessVideoData size:31172 dts:33.380 pts:33.380 dur:20.000ms, clock:23.046 level:100
2025-01-02 17:04:50.946 T:5173 debug : CVideoPlayer::ProcessVideoData size:34361 dts:33.400 pts:33.400 dur:20.000ms, clock:23.048 level:100
2025-01-02 17:04:50.948 T:5173 debug : CVideoPlayer::ProcessVideoData size:33581 dts:33.420 pts:33.420 dur:20.000ms, clock:23.049 level:100
2025-01-02 17:04:50.949 T:5173 debug : CVideoPlayer::ProcessVideoData size:31355 dts:33.440 pts:33.440 dur:20.000ms, clock:23.051 level:100
2025-01-02 17:04:50.952 T:5173 debug : CVideoPlayer::ProcessVideoData size:31225 dts:33.460 pts:33.460 dur:20.000ms, clock:23.054 level:100
2025-01-02 17:04:50.954 T:5173 debug : CVideoPlayer::ProcessVideoData size:22404 dts:33.480 pts:33.480 dur:20.000ms, clock:23.056 level:100
2025-01-02 17:04:50.958 T:5173 debug : CVideoPlayer::ProcessVideoData size:23045 dts:33.500 pts:33.500 dur:20.000ms, clock:23.059 level:100
2025-01-02 17:04:50.960 T:5173 debug : CVideoPlayer::ProcessVideoData size:30860 dts:33.520 pts:33.520 dur:20.000ms, clock:23.062 level:100
2025-01-02 17:04:50.963 T:5173 debug : CVideoPlayer::ProcessVideoData size:29770 dts:33.540 pts:33.540 dur:20.000ms, clock:23.064 level:100
2025-01-02 17:04:50.964 T:5173 debug : CVideoPlayer::ProcessVideoData size:28640 dts:33.560 pts:33.560 dur:20.000ms, clock:23.066 level:100
2025-01-02 17:04:50.966 T:5173 debug : CVideoPlayer::ProcessVideoData size:30470 dts:33.580 pts:33.580 dur:20.000ms, clock:23.067 level:100
2025-01-02 17:04:50.966 T:5173 debug : CVideoPlayer::ProcessVideoData size:30818 dts:33.600 pts:33.600 dur:20.000ms, clock:23.068 level:100
2025-01-02 17:04:50.968 T:5173 debug : CVideoPlayer::ProcessVideoData size:31572 dts:33.620 pts:33.620 dur:20.000ms, clock:23.069 level:100
2025-01-02 17:04:50.969 T:5173 debug : CVideoPlayer::ProcessVideoData size:31588 dts:33.640 pts:33.640 dur:20.000ms, clock:23.070 level:100
2025-01-02 17:04:50.970 T:5173 debug : CVideoPlayer::ProcessVideoData size:28273 dts:33.660 pts:33.660 dur:20.000ms, clock:23.072 level:100
2025-01-02 17:04:50.970 T:5176 debug : CVideoPlayerVideo::OutputPicture - ttd:348ms pts:23.420 Clock:23.072 Level:14
2025-01-02 17:04:50.973 T:5173 debug : CVideoPlayer::ProcessVideoData size:33509 dts:33.680 pts:33.680 dur:20.000ms, clock:23.074 level:100
2025-01-02 17:04:50.975 T:5173 debug : CVideoPlayer::ProcessVideoData size:30400 dts:33.700 pts:33.700 dur:20.000ms, clock:23.076 level:100
2025-01-02 17:04:50.976 T:5173 debug : CVideoPlayer::ProcessVideoData size:30353 dts:33.720 pts:33.720 dur:20.000ms, clock:23.077 level:100
2025-01-02 17:04:50.977 T:5173 debug : CVideoPlayer::ProcessVideoData size:33218 dts:33.740 pts:33.740 dur:20.000ms, clock:23.079 level:100
2025-01-02 17:04:50.979 T:5173 debug : CVideoPlayer::ProcessVideoData size:141868 dts:33.760 pts:33.760 dur:20.000ms, clock:23.081 level:100
2025-01-02 17:04:50.982 T:5173 debug : CVideoPlayer::ProcessVideoData size:33698 dts:33.780 pts:33.780 dur:20.000ms, clock:23.083 level:100
2025-01-02 17:04:50.983 T:5173 debug : CVideoPlayer::ProcessVideoData size:26884 dts:33.800 pts:33.800 dur:20.000ms, clock:23.084 level:100
2025-01-02 17:04:50.984 T:5173 debug : CVideoPlayer::ProcessVideoData size:28566 dts:33.820 pts:33.820 dur:20.000ms, clock:23.085 level:100
2025-01-02 17:04:50.985 T:5173 debug : CVideoPlayer::ProcessVideoData size:32872 dts:33.840 pts:33.840 dur:20.000ms, clock:23.086 level:100
2025-01-02 17:04:50.986 T:5173 debug : CVideoPlayer::ProcessVideoData size:28201 dts:33.860 pts:33.860 dur:20.000ms, clock:23.087 level:100
2025-01-02 17:04:50.986 T:5176 debug : CVideoPlayerVideo::OutputPicture - ttd:352ms pts:23.440 Clock:23.088 Level:14
2025-01-02 17:04:50.987 T:5173 debug : CVideoPlayer::ProcessVideoData size:24760 dts:33.880 pts:33.880 dur:20.000ms, clock:23.089 level:100
2025-01-02 17:04:50.988 T:5173 debug : CVideoPlayer::ProcessVideoData size:21998 dts:33.900 pts:33.900 dur:20.000ms, clock:23.089 level:100
2025-01-02 17:04:50.989 T:5173 debug : CVideoPlayer::ProcessVideoData size:29750 dts:33.920 pts:33.920 dur:20.000ms, clock:23.090 level:100
2025-01-02 17:04:50.990 T:5173 debug : CVideoPlayer::ProcessVideoData size:28072 dts:33.940 pts:33.940 dur:20.000ms, clock:23.092 level:100
2025-01-02 17:04:50.992 T:5173 debug : CVideoPlayer::ProcessVideoData size:26656 dts:33.960 pts:33.960 dur:20.000ms, clock:23.094 level:100
2025-01-02 17:04:50.995 T:5173 debug : CVideoPlayer::ProcessVideoData size:35316 dts:33.980 pts:33.980 dur:20.000ms, clock:23.097 level:100
2025-01-02 17:04:50.998 T:5173 debug : CVideoPlayer::ProcessVideoData size:46697 dts:34.000 pts:34.000 dur:20.000ms, clock:23.100 level:100
2025-01-02 17:04:51.000 T:5173 debug : CVideoPlayer::ProcessVideoData size:40888 dts:34.020 pts:34.020 dur:20.000ms, clock:23.102 level:100
2025-01-02 17:04:51.002 T:5173 debug : CVideoPlayer::ProcessVideoData size:26569 dts:34.040 pts:34.040 dur:20.000ms, clock:23.104 level:100
2025-01-02 17:04:51.003 T:5173 debug : CVideoPlayer::ProcessVideoData size:29629 dts:34.060 pts:34.060 dur:20.000ms, clock:23.105 level:100
2025-01-02 17:04:51.004 T:5176 debug : CVideoPlayerVideo::OutputPicture - ttd:353ms pts:23.460 Clock:23.106 Level:14
2025-01-02 17:04:51.018 T:5176 debug : CVideoPlayerVideo::OutputPicture - ttd:359ms pts:23.480 Clock:23.120 Level:14
2025-01-02 17:04:51.034 T:5150 debug : request received for /jsonrpc
2025-01-02 17:04:51.038 T:5176 debug : CVideoPlayerVideo::OutputPicture - ttd:360ms pts:23.500 Clock:23.140 Level:14
2025-01-02 17:04:51.056 T:5176 debug : CVideoPlayerVideo::OutputPicture - ttd:362ms pts:23.520 Clock:23.157 Level:14
2025-01-02 17:04:51.076 T:5176 debug : CVideoPlayerVideo::OutputPicture - ttd:362ms pts:23.540 Clock:23.178 Level:14
2025-01-02 17:04:51.092 T:5176 debug : CVideoPlayerVideo::OutputPicture - ttd:366ms pts:23.560 Clock:23.193 Level:14
2025-01-02 17:04:51.098 T:5173 debug : CVideoPlayer::ProcessVideoData size:22134 dts:34.080 pts:34.080 dur:20.000ms, clock:23.200 level:100
2025-01-02 17:04:51.099 T:5173 debug : CVideoPlayer::ProcessVideoData size:22038 dts:34.100 pts:34.100 dur:20.000ms, clock:23.201 level:100
2025-01-02 17:04:51.101 T:5173 debug : CVideoPlayer::ProcessVideoData size:28171 dts:34.120 pts:34.120 dur:20.000ms, clock:23.203 level:100
2025-01-02 17:04:51.102 T:5173 debug : CVideoPlayer::ProcessVideoData size:18583 dts:34.140 pts:34.140 dur:20.000ms, clock:23.204 level:100
2025-01-02 17:04:51.104 T:5173 debug : CVideoPlayer::ProcessVideoData size:34532 dts:34.160 pts:34.160 dur:20.000ms, clock:23.205 level:100
2025-01-02 17:04:51.116 T:5176 debug : CVideoPlayerVideo::OutputPicture - ttd:362ms pts:23.580 Clock:23.218 Level:14
2025-01-02 17:04:51.134 T:5173 debug : CVideoPlayer::ProcessVideoData size:27903 dts:34.180 pts:34.180 dur:20.000ms, clock:23.236 level:100
2025-01-02 17:04:51.138 T:5176 debug : CVideoPlayerVideo::OutputPicture - ttd:360ms pts:23.600 Clock:23.239 Level:14
2025-01-02 17:04:51.156 T:5176 debug : CVideoPlayerVideo::OutputPicture - ttd:362ms pts:23.620 Clock:23.257 Level:14
2025-01-02 17:04:51.167 T:5173 debug : CVideoPlayer::ProcessVideoData size:31190 dts:34.200 pts:34.200 dur:20.000ms, clock:23.268 level:100
2025-01-02 17:04:51.176 T:5176 debug : CVideoPlayerVideo::OutputPicture - ttd:362ms pts:23.640 Clock:23.278 Level:14
2025-01-02 17:04:51.192 T:5176 debug : CVideoPlayerVideo::OutputPicture - ttd:366ms pts:23.660 Clock:23.294 Level:14
2025-01-02 17:04:51.201 T:5173 debug : CVideoPlayer::ProcessVideoData size:31383 dts:34.220 pts:34.220 dur:20.000ms, clock:23.303 level:100
2025-01-02 17:04:51.216 T:5176 debug : CVideoPlayerVideo::OutputPicture - ttd:362ms pts:23.680 Clock:23.317 Level:14
2025-01-02 17:04:51.241 T:5176 debug : CVideoPlayerVideo::OutputPicture - ttd:357ms pts:23.700 Clock:23.343 Level:14
2025-01-02 17:04:51.260 T:5176 debug : CVideoPlayerVideo::OutputPicture - ttd:358ms pts:23.720 Clock:23.361 Level:14
2025-01-02 17:04:51.262 T:5173 debug : CVideoPlayer::ProcessVideoData size:142644 dts:34.240 pts:34.240 dur:20.000ms, clock:23.364 level:100
2025-01-02 17:04:51.282 T:5173 debug : CVideoPlayer::ProcessVideoData size:44038 dts:34.260 pts:34.260 dur:20.000ms, clock:23.383 level:100
2025-01-02 17:04:51.283 T:5176 debug : CVideoPlayerVideo::OutputPicture - ttd:355ms pts:23.740 Clock:23.385 Level:14
2025-01-02 17:04:51.300 T:5176 debug : CVideoPlayerVideo::OutputPicture - ttd:358ms pts:23.760 Clock:23.401 Level:14
2025-01-02 17:04:51.305 T:5173 debug : CVideoPlayer::ProcessVideoData size:41524 dts:34.280 pts:34.280 dur:20.000ms, clock:23.407 level:100
2025-01-02 17:04:51.307 T:5150 debug : request received for /jsonrpc
2025-01-02 17:04:51.318 T:5176 debug : CVideoPlayerVideo::OutputPicture - ttd:360ms pts:23.780 Clock:23.419 Level:14
2025-01-02 17:04:51.337 T:5173 debug : CVideoPlayer::ProcessVideoData size:35420 dts:34.300 pts:34.300 dur:20.000ms, clock:23.439 level:100
2025-01-02 17:04:51.344 T:5176 debug : CVideoPlayerVideo::OutputPicture - ttd:354ms pts:23.800 Clock:23.445 Level:14
2025-01-02 17:04:51.353 T:5176 debug : CVideoPlayerVideo::OutputPicture - ttd:365ms pts:23.820 Clock:23.455 Level:14
2025-01-02 17:04:51.360 T:5173 debug : CVideoPlayer::ProcessVideoData size:32588 dts:34.320 pts:34.320 dur:20.000ms, clock:23.462 level:100
2025-01-02 17:04:51.371 T:5176 debug : CVideoPlayerVideo::OutputPicture - ttd:367ms pts:23.840 Clock:23.472 Level:14
2025-01-02 17:04:51.379 T:5173 debug : CVideoPlayer::ProcessVideoData size:26489 dts:34.340 pts:34.340 dur:20.000ms, clock:23.480 level:100
2025-01-02 17:04:51.385 T:5173 debug : CVideoPlayer::ProcessVideoData size:27538 dts:34.360 pts:34.360 dur:20.000ms, clock:23.487 level:100
2025-01-02 17:04:51.392 T:5176 debug : CVideoPlayerVideo::OutputPicture - ttd:366ms pts:23.860 Clock:23.494 Level:14
2025-01-02 17:04:51.393 T:5173 debug : CVideoPlayer::ProcessVideoData size:24968 dts:34.380 pts:34.380 dur:20.000ms, clock:23.495 level:100
2025-01-02 17:04:51.406 T:5173 debug : CVideoPlayer::ProcessVideoData size:22168 dts:34.400 pts:34.400 dur:20.000ms, clock:23.508 level:100
2025-01-02 17:04:51.411 T:5176 debug : CVideoPlayerVideo::OutputPicture - ttd:367ms pts:23.880 Clock:23.513 Level:14
2025-01-02 17:04:51.413 T:5173 debug : CVideoPlayer::ProcessVideoData size:17585 dts:34.420 pts:34.420 dur:20.000ms, clock:23.515 level:100
2025-01-02 17:04:51.420 T:5173 debug : CVideoPlayer::ProcessVideoData size:32610 dts:34.440 pts:34.440 dur:20.000ms, clock:23.522 level:100
2025-01-02 17:04:51.429 T:5173 debug : CVideoPlayer::ProcessVideoData size:26800 dts:34.460 pts:34.460 dur:20.000ms, clock:23.531 level:100
2025-01-02 17:04:51.437 T:5176 debug : CVideoPlayerVideo::OutputPicture - ttd:361ms pts:23.900 Clock:23.538 Level:14
2025-01-02 17:04:51.438 T:5173 debug : CVideoPlayer::ProcessVideoData size:28466 dts:34.480 pts:34.480 dur:20.000ms, clock:23.540 level:100
2025-01-02 17:04:51.445 T:5173 debug : CVideoPlayer::ProcessVideoData size:31898 dts:34.500 pts:34.500 dur:20.000ms, clock:23.547 level:100
2025-01-02 17:04:51.446 T:4228 debug : CLibInputKeyboard::ProcessKey - using delay: 500ms repeat: 33ms
2025-01-02 17:04:51.447 T:5206 debug : Thread Timer start, auto delete: false
2025-01-02 17:04:51.449 T:4223 debug : Keyboard: scancode: 0x1c, sym: 0x0d (enter), unicode: 0x0d, modifier: 0x0
2025-01-02 17:04:51.455 T:5173 debug : CVideoPlayer::ProcessVideoData size:29075 dts:34.520 pts:34.520 dur:20.000ms, clock:23.556 level:100
2025-01-02 17:04:51.462 T:5173 debug : CVideoPlayer::ProcessVideoData size:27793 dts:34.540 pts:34.540 dur:20.000ms, clock:23.563 level:100
2025-01-02 17:04:51.466 T:5176 debug : CVideoPlayerVideo::OutputPicture - ttd:352ms pts:23.920 Clock:23.567 Level:14
2025-01-02 17:04:51.481 T:5176 debug : CVideoPlayerVideo::OutputPicture - ttd:357ms pts:23.940 Clock:23.583 Level:14
2025-01-02 17:04:51.497 T:5176 debug : CVideoPlayerVideo::OutputPicture - ttd:361ms pts:23.960 Clock:23.599 Level:14
2025-01-02 17:04:51.519 T:5176 debug : CVideoPlayerVideo::OutputPicture - ttd:359ms pts:23.980 Clock:23.621 Level:14
2025-01-02 17:04:51.526 T:5173 debug : CVideoPlayer::ProcessVideoData size:169159 dts:34.560 pts:34.560 dur:20.000ms, clock:23.627 level:100
2025-01-02 17:04:51.535 T:5176 debug : CVideoPlayerVideo::OutputPicture - ttd:362ms pts:24.000 Clock:23.637 Level:14
2025-01-02 17:04:51.559 T:5206 debug : Thread Timer 3814715904 terminating
2025-01-02 17:04:51.560 T:5176 debug : CVideoPlayerVideo::OutputPicture - ttd:358ms pts:24.020 Clock:23.661 Level:14
2025-01-02 17:04:51.569 T:4223 debug : Keyboard: scancode: 0x1c, sym: 0x0d (enter), unicode: 0x0d, modifier: 0x0
2025-01-02 17:04:51.569 T:4223 debug : HandleKey: return (0xf00d) pressed, window 10004, action is Select
2025-01-02 17:04:51.569 T:4223 debug : Activating window ID: 10016
2025-01-02 17:04:51.579 T:5176 debug : CVideoPlayerVideo::OutputPicture - ttd:359ms pts:24.040 Clock:23.681 Level:14
2025-01-02 17:04:51.585 T:5173 debug : CVideoPlayer::ProcessVideoData size:115295 dts:34.580 pts:34.580 dur:20.000ms, clock:23.687 level:100
2025-01-02 17:04:51.597 T:5176 debug : CVideoPlayerVideo::OutputPicture - ttd:361ms pts:24.060 Clock:23.699 Level:14
2025-01-02 17:04:51.618 T:5173 debug : CVideoPlayer::ProcessVideoData size:16822 dts:34.600 pts:34.600 dur:20.000ms, clock:23.720 level:100
2025-01-02 17:04:51.620 T:5173 debug : CVideoPlayer::ProcessVideoData size:7506 dts:34.620 pts:34.620 dur:20.000ms, clock:23.722 level:100
2025-01-02 17:04:51.620 T:5176 debug : CVideoPlayerVideo::OutputPicture - ttd:358ms pts:24.080 Clock:23.721 Level:14
2025-01-02 17:04:51.626 T:5173 debug : CVideoPlayer::ProcessVideoData size:36369 dts:34.640 pts:34.640 dur:20.000ms, clock:23.728 level:100
2025-01-02 17:04:51.634 T:5173 debug : CVideoPlayer::ProcessVideoData size:13373 dts:34.660 pts:34.660 dur:20.000ms, clock:23.736 level:100
2025-01-02 17:04:51.638 T:5173 debug : CVideoPlayer::ProcessVideoData size:23364 dts:34.680 pts:34.680 dur:20.000ms, clock:23.740 level:100
2025-01-02 17:04:51.641 T:5173 debug : CVideoPlayer::ProcessVideoData size:11005 dts:34.700 pts:34.700 dur:20.000ms, clock:23.743 level:100
2025-01-02 17:04:51.644 T:5176 debug : CVideoPlayerVideo::OutputPicture - ttd:354ms pts:24.100 Clock:23.746 Level:14
2025-01-02 17:04:51.657 T:5173 debug : CVideoPlayer::ProcessVideoData size:34370 dts:34.720 pts:34.720 dur:20.000ms, clock:23.759 level:100
2025-01-02 17:04:51.659 T:5173 debug : CVideoPlayer::ProcessVideoData size:11534 dts:34.740 pts:34.740 dur:20.000ms, clock:23.761 level:100
2025-01-02 17:04:51.666 T:5173 debug : CVideoPlayer::ProcessVideoData size:25852 dts:34.760 pts:34.760 dur:20.000ms, clock:23.767 level:100
2025-01-02 17:04:51.668 T:5173 debug : CVideoPlayer::ProcessVideoData size:13360 dts:34.780 pts:34.780 dur:20.000ms, clock:23.770 level:100
2025-01-02 17:04:51.675 T:5176 debug : CVideoPlayerVideo::OutputPicture - ttd:343ms pts:24.120 Clock:23.777 Level:14
2025-01-02 17:04:51.688 T:5173 debug : CVideoPlayer::ProcessVideoData size:32817 dts:34.800 pts:34.800 dur:20.000ms, clock:23.790 level:100
2025-01-02 17:04:51.691 T:5176 debug : CVideoPlayerVideo::OutputPicture - ttd:347ms pts:24.140 Clock:23.793 Level:14
2025-01-02 17:04:51.695 T:5173 debug : CVideoPlayer::ProcessVideoData size:19735 dts:34.820 pts:34.820 dur:20.000ms, clock:23.796 level:100
2025-01-02 17:04:51.698 T:5173 debug : CVideoPlayer::ProcessVideoData size:20400 dts:34.840 pts:34.840 dur:20.000ms, clock:23.800 level:100
2025-01-02 17:04:51.706 T:5173 debug : CVideoPlayer::ProcessVideoData size:17485 dts:34.860 pts:34.860 dur:20.000ms, clock:23.807 level:100
2025-01-02 17:04:51.707 T:5176 debug : CVideoPlayerVideo::OutputPicture - ttd:351ms pts:24.160 Clock:23.809 Level:14
2025-01-02 17:04:51.726 T:5176 debug : CVideoPlayerVideo::OutputPicture - ttd:353ms pts:24.180 Clock:23.827 Level:14
2025-01-02 17:04:51.726 T:5173 debug : CVideoPlayer::ProcessVideoData size:41057 dts:34.880 pts:34.880 dur:20.000ms, clock:23.827 level:100
2025-01-02 17:04:51.733 T:5173 debug : CVideoPlayer::ProcessVideoData size:24194 dts:34.900 pts:34.900 dur:20.000ms, clock:23.835 level:100
2025-01-02 17:04:51.737 T:5173 debug : CVideoPlayer::ProcessVideoData size:18116 dts:34.920 pts:34.920 dur:20.000ms, clock:23.838 level:100
2025-01-02 17:04:51.741 T:5173 debug : CVideoPlayer::ProcessVideoData size:19296 dts:34.940 pts:34.940 dur:20.000ms, clock:23.842 level:100
2025-01-02 17:04:51.749 T:5173 debug : CVideoPlayer::ProcessVideoData size:34181 dts:34.960 pts:34.960 dur:20.000ms, clock:23.850 level:100
2025-01-02 17:04:51.751 T:5176 debug : CVideoPlayerVideo::OutputPicture - ttd:346ms pts:24.200 Clock:23.853 Level:14
2025-01-02 17:04:51.766 T:5173 debug : CVideoPlayer::ProcessVideoData size:26312 dts:34.980 pts:34.980 dur:20.000ms, clock:23.867 level:100
2025-01-02 17:04:51.767 T:5176 debug : CVideoPlayerVideo::OutputPicture - ttd:351ms pts:24.220 Clock:23.868 Level:14
2025-01-02 17:04:51.773 T:5173 debug : CVideoPlayer::ProcessVideoData size:25352 dts:35.000 pts:35.000 dur:20.000ms, clock:23.874 level:100
2025-01-02 17:04:51.778 T:5173 debug : CVideoPlayer::ProcessVideoData size:26621 dts:35.020 pts:35.020 dur:20.000ms, clock:23.880 level:100
2025-01-02 17:04:51.783 T:4223 debug : ------ Window Deinit (Settings.xml) ------
2025-01-02 17:04:51.783 T:4223 debug : FreeVisualisation() done
2025-01-02 17:04:51.785 T:5176 debug : CVideoPlayerVideo::OutputPicture - ttd:353ms pts:24.240 Clock:23.886 Level:14
2025-01-02 17:04:51.789 T:4223 debug : ------ Window Init (SettingsCategory.xml) ------
2025-01-02 17:04:51.819 T:5176 debug : CVideoPlayerVideo::OutputPicture - ttd:339ms pts:24.260 Clock:23.921 Level:13
2025-01-02 17:04:51.821 T:5176 debug : CVideoPlayerVideo::OutputPicture - ttd:357ms pts:24.280 Clock:23.923 Level:14
2025-01-02 17:04:51.856 T:5176 debug : CVideoPlayerVideo::OutputPicture - ttd:342ms pts:24.300 Clock:23.958 Level:14
2025-01-02 17:04:51.862 T:5173 debug : CVideoPlayer::ProcessVideoData size:164640 dts:35.040 pts:35.040 dur:20.000ms, clock:23.963 level:100
2025-01-02 17:04:51.887 T:5173 debug : CVideoPlayer::ProcessVideoData size:73994 dts:35.060 pts:35.060 dur:20.000ms, clock:23.989 level:100
2025-01-02 17:04:51.893 T:5176 debug : CVideoPlayerVideo::OutputPicture - ttd:325ms pts:24.320 Clock:23.995 Level:14
2025-01-02 17:04:51.908 T:5173 debug : CVideoPlayer::ProcessVideoData size:45157 dts:35.080 pts:35.080 dur:20.000ms, clock:24.010 level:100
2025-01-02 17:04:51.917 T:5173 debug : CVideoPlayer::ProcessVideoData size:29817 dts:35.100 pts:35.100 dur:20.000ms, clock:24.019 level:100
2025-01-02 17:04:51.921 T:5173 debug : CVideoPlayer::ProcessVideoData size:18462 dts:35.120 pts:35.120 dur:20.000ms, clock:24.022 level:100
2025-01-02 17:04:51.928 T:5173 debug : CVideoPlayer::ProcessVideoData size:20036 dts:35.140 pts:35.140 dur:20.000ms, clock:24.030 level:100
2025-01-02 17:04:51.936 T:5173 debug : CVideoPlayer::ProcessVideoData size:31102 dts:35.160 pts:35.160 dur:20.000ms, clock:24.037 level:100
2025-01-02 17:04:51.936 T:5176 debug : CVideoPlayerVideo::OutputPicture - ttd:302ms pts:24.340 Clock:24.037 Level:14
2025-01-02 17:04:51.942 T:5176 debug : CVideoPlayerVideo::OutputPicture - ttd:316ms pts:24.360 Clock:24.043 Level:12
2025-01-02 17:04:51.944 T:5176 debug : CVideoPlayerVideo::OutputPicture - ttd:334ms pts:24.380 Clock:24.046 Level:13
2025-01-02 17:04:51.949 T:5173 debug : CVideoPlayer::ProcessVideoData size:30629 dts:35.180 pts:35.180 dur:20.000ms, clock:24.051 level:100
2025-01-02 17:04:51.956 T:5173 debug : CVideoPlayer::ProcessVideoData size:30520 dts:35.200 pts:35.200 dur:20.000ms, clock:24.057 level:100
2025-01-02 17:04:51.967 T:5173 debug : CVideoPlayer::ProcessVideoData size:30852 dts:35.220 pts:35.220 dur:20.000ms, clock:24.069 level:100
2025-01-02 17:04:51.975 T:5173 debug : CVideoPlayer::ProcessVideoData size:28655 dts:35.240 pts:35.240 dur:20.000ms, clock:24.077 level:100
2025-01-02 17:04:51.982 T:5176 debug : CVideoPlayerVideo::OutputPicture - ttd:316ms pts:24.400 Clock:24.083 Level:14
2025-01-02 17:04:51.986 T:5176 debug : CVideoPlayerVideo::OutputPicture - ttd:332ms pts:24.420 Clock:24.087 Level:13
2025-01-02 17:04:51.993 T:5173 debug : CVideoPlayer::ProcessVideoData size:26496 dts:35.260 pts:35.260 dur:20.000ms, clock:24.094 level:100
2025-01-02 17:04:52.000 T:5173 debug : CVideoPlayer::ProcessVideoData size:25322 dts:35.280 pts:35.280 dur:20.000ms, clock:24.102 level:100
2025-01-02 17:04:52.003 T:5173 debug : CVideoPlayer::ProcessVideoData size:24533 dts:35.300 pts:35.300 dur:20.000ms, clock:24.105 level:100
2025-01-02 17:04:52.009 T:5173 debug : CVideoPlayer::ProcessVideoData size:30953 dts:35.320 pts:35.320 dur:20.000ms, clock:24.111 level:100
2025-01-02 17:04:52.018 T:5173 debug : CVideoPlayer::ProcessVideoData size:25529 dts:35.340 pts:35.340 dur:20.000ms, clock:24.120 level:100
2025-01-02 17:04:52.024 T:5176 debug : CVideoPlayerVideo::OutputPicture - ttd:314ms pts:24.440 Clock:24.126 Level:14
2025-01-02 17:04:52.029 T:5173 debug : CVideoPlayer::ProcessVideoData size:27408 dts:35.360 pts:35.360 dur:20.000ms, clock:24.130 level:100
2025-01-02 17:04:52.034 T:5176 debug : CVideoPlayerVideo::OutputPicture - ttd:325ms pts:24.460 Clock:24.135 Level:12
2025-01-02 17:04:52.037 T:5176 debug : CVideoPlayerVideo::OutputPicture - ttd:341ms pts:24.480 Clock:24.138 Level:13
2025-01-02 17:04:52.040 T:5173 debug : CVideoPlayer::ProcessVideoData size:28542 dts:35.380 pts:35.380 dur:20.000ms, clock:24.142 level:100
2025-01-02 17:04:52.047 T:5173 debug : CVideoPlayer::ProcessVideoData size:32046 dts:35.400 pts:35.400 dur:20.000ms, clock:24.148 level:100
2025-01-02 17:04:52.052 T:5173 debug : CVideoPlayer::ProcessVideoData size:28810 dts:35.420 pts:35.420 dur:20.000ms, clock:24.153 level:100
2025-01-02 17:04:52.056 T:5176 debug : CVideoPlayerVideo::OutputPicture - ttd:342ms pts:24.500 Clock:24.157 Level:14
2025-01-02 17:04:52.063 T:5176 debug : CVideoPlayerVideo::OutputPicture - ttd:355ms pts:24.520 Clock:24.164 Level:13
2025-01-02 17:04:52.064 T:5173 debug : CVideoPlayer::ProcessVideoData size:30429 dts:35.440 pts:35.440 dur:20.000ms, clock:24.166 level:100
2025-01-02 17:04:52.072 T:5176 debug : CVideoPlayerVideo::OutputPicture - ttd:366ms pts:24.540 Clock:24.174 Level:14
2025-01-02 17:04:52.088 T:5173 debug : CVideoPlayer::ProcessVideoData size:30610 dts:35.460 pts:35.460 dur:20.000ms, clock:24.190 level:100
2025-01-02 17:04:52.108 T:5176 debug : CVideoPlayerVideo::OutputPicture - ttd:377ms pts:24.560 Clock:24.183 Level:14
2025-01-02 17:04:52.117 T:5176 debug : CVideoPlayerVideo::OutputPicture - ttd:361ms pts:24.580 Clock:24.219 Level:14
2025-01-02 17:04:52.136 T:5176 debug : CVideoPlayerVideo::OutputPicture - ttd:362ms pts:24.600 Clock:24.238 Level:14
2025-01-02 17:04:52.148 T:5173 debug : CVideoPlayer::ProcessVideoData size:29295 dts:35.480 pts:35.480 dur:20.000ms, clock:24.249 level:100
2025-01-02 17:04:52.157 T:5176 debug : CVideoPlayerVideo::OutputPicture - ttd:361ms pts:24.620 Clock:24.259 Level:14
2025-01-02 17:04:52.161 T:5173 debug : CVideoPlayer::ProcessVideoData size:25961 dts:35.500 pts:35.500 dur:20.000ms, clock:24.262 level:100
2025-01-02 17:04:52.173 T:5176 debug : CVideoPlayerVideo::OutputPicture - ttd:365ms pts:24.640 Clock:24.274 Level:14
2025-01-02 17:04:52.192 T:5176 debug : CVideoPlayerVideo::OutputPicture - ttd:366ms pts:24.660 Clock:24.294 Level:14
2025-01-02 17:04:52.212 T:5176 debug : CVideoPlayerVideo::OutputPicture - ttd:366ms pts:24.680 Clock:24.313 Level:14
2025-01-02 17:04:52.218 T:5173 debug : CVideoPlayer::ProcessVideoData size:145412 dts:35.520 pts:35.520 dur:20.000ms, clock:24.320 level:100
2025-01-02 17:04:52.227 T:5173 debug : CVideoPlayer::ProcessVideoData size:40050 dts:35.540 pts:35.540 dur:20.000ms, clock:24.329 level:100
2025-01-02 17:04:52.237 T:5176 debug : CVideoPlayerVideo::OutputPicture - ttd:360ms pts:24.700 Clock:24.339 Level:14
2025-01-02 17:04:52.258 T:5176 debug : CVideoPlayerVideo::OutputPicture - ttd:359ms pts:24.720 Clock:24.360 Level:14
2025-01-02 17:04:52.277 T:5173 debug : CVideoPlayer::ProcessVideoData size:42039 dts:35.560 pts:35.560 dur:20.000ms, clock:24.378 level:100
2025-01-02 17:04:52.278 T:5173 debug : CVideoPlayer::ProcessVideoData size:33870 dts:35.580 pts:35.580 dur:20.000ms, clock:24.380 level:100
2025-01-02 17:04:52.280 T:5173 debug : CVideoPlayer::ProcessVideoData size:23731 dts:35.600 pts:35.600 dur:20.000ms, clock:24.381 level:100
