2025-01-02 17:04:27.578 T:5173 debug : CVideoPlayer::ProcessVideoData size:33450 dts:26.000 pts:26.000 dur:20.000ms, clock:3.300 level:100
2025-01-02 17:04:27.584 T:5173 debug : CVideoPlayer::ProcessVideoData size:30677 dts:26.020 pts:26.020 dur:20.000ms, clock:3.300 level:100
2025-01-02 17:04:27.616 T:5173 debug : CVideoPlayer::ProcessVideoData size:31404 dts:26.040 pts:26.040 dur:20.000ms, clock:3.300 level:100
2025-01-02 17:04:27.636 T:5173 debug : CVideoPlayer::ProcessVideoData size:32344 dts:26.060 pts:26.060 dur:20.000ms, clock:3.300 level:100
2025-01-02 17:04:27.641 T:5173 debug : CVideoPlayer::ProcessVideoData size:32333 dts:26.080 pts:26.080 dur:20.000ms, clock:3.300 level:100
2025-01-02 17:04:27.675 T:5173 debug : CVideoPlayer::ProcessVideoData size:31505 dts:26.100 pts:26.100 dur:20.000ms, clock:3.300 level:100
2025-01-02 17:04:27.678 T:5173 debug : CVideoPlayer::ProcessVideoData size:32595 dts:26.120 pts:26.120 dur:20.000ms, clock:3.300 level:100
2025-01-02 17:04:27.683 T:5173 debug : CVideoPlayer::ProcessVideoData size:31505 dts:26.140 pts:26.140 dur:20.000ms, clock:3.300 level:100
2025-01-02 17:04:27.719 T:5173 debug : CVideoPlayer::ProcessVideoData size:29405 dts:26.160 pts:26.160 dur:20.000ms, clock:3.300 level:100
2025-01-02 17:04:27.723 T:5173 debug : CVideoPlayer::ProcessVideoData size:34437 dts:26.180 pts:26.180 dur:20.000ms, clock:3.300 level:100
2025-01-02 17:04:27.750 T:5152 debug : request received for /jsonrpc
2025-01-02 17:04:27.753 T:5173 debug : CVideoPlayer::ProcessVideoData size:34346 dts:26.200 pts:26.200 dur:20.000ms, clock:3.300 level:100
2025-01-02 17:04:27.779 T:5173 debug : CVideoPlayer::ProcessVideoData size:32129 dts:26.220 pts:26.220 dur:20.000ms, clock:3.300 level:100
2025-01-02 17:04:27.819 T:5173 debug : CVideoPlayer::ProcessVideoData size:118900 dts:26.240 pts:26.240 dur:20.000ms, clock:3.300 level:100
2025-01-02 17:04:27.839 T:5173 debug : CVideoPlayer::ProcessVideoData size:33358 dts:26.260 pts:26.260 dur:20.000ms, clock:3.300 level:100
2025-01-02 17:04:27.843 T:5173 debug : CVideoPlayer::ProcessVideoData size:27753 dts:26.280 pts:26.280 dur:20.000ms, clock:3.300 level:100
2025-01-02 17:04:27.878 T:5173 debug : CVideoPlayer::ProcessVideoData size:27143 dts:26.300 pts:26.300 dur:20.000ms, clock:3.300 level:100
2025-01-02 17:04:27.898 T:5173 debug : CVideoPlayer::ProcessVideoData size:28464 dts:26.320 pts:26.320 dur:20.000ms, clock:3.300 level:100
2025-01-02 17:04:27.906 T:5173 debug : CVideoPlayer::ProcessVideoData size:28827 dts:26.340 pts:26.340 dur:20.000ms, clock:3.300 level:100
2025-01-02 17:04:27.934 T:5173 debug : CVideoPlayer::ProcessVideoData size:31282 dts:26.360 pts:26.360 dur:20.000ms, clock:3.300 level:100
2025-01-02 17:04:27.953 T:5173 debug : CVideoPlayer::ProcessVideoData size:33116 dts:26.380 pts:26.380 dur:20.000ms, clock:3.300 level:100
2025-01-02 17:04:27.965 T:5173 debug : CVideoPlayer::ProcessVideoData size:32172 dts:26.400 pts:26.400 dur:20.000ms, clock:3.300 level:100
2025-01-02 17:04:27.975 T:5173 debug : CVideoPlayer::ProcessVideoData size:32220 dts:26.420 pts:26.420 dur:20.000ms, clock:3.300 level:100
2025-01-02 17:04:28.012 T:5173 debug : CVideoPlayer::ProcessVideoData size:33668 dts:26.440 pts:26.440 dur:20.000ms, clock:3.300 level:100
2025-01-02 17:04:28.055 T:5173 debug : CVideoPlayer::ProcessVideoData size:32759 dts:26.460 pts:26.460 dur:20.000ms, clock:3.300 level:100
2025-01-02 17:04:28.058 T:5173 debug : CVideoPlayer::ProcessVideoData size:26180 dts:26.480 pts:26.480 dur:20.000ms, clock:3.300 level:100
2025-01-02 17:04:28.088 T:5173 debug : CVideoPlayer::ProcessVideoData size:30429 dts:26.500 pts:26.500 dur:20.000ms, clock:3.300 level:100
2025-01-02 17:04:28.143 T:5173 debug : CVideoPlayer::ProcessVideoData size:34320 dts:26.520 pts:26.520 dur:20.000ms, clock:3.300 level:100
2025-01-02 17:04:28.148 T:5173 debug : CVideoPlayer::ProcessVideoData size:33397 dts:26.540 pts:26.540 dur:20.000ms, clock:3.300 level:100
2025-01-02 17:04:28.171 T:5173 debug : CVideoPlayer::ProcessVideoData size:31259 dts:26.560 pts:26.560 dur:20.000ms, clock:3.300 level:100
2025-01-02 17:04:28.219 T:5173 debug : CVideoPlayer::ProcessVideoData size:33842 dts:26.580 pts:26.580 dur:20.000ms, clock:3.300 level:100
2025-01-02 17:04:28.224 T:5173 debug : CVideoPlayer::ProcessVideoData size:31880 dts:26.600 pts:26.600 dur:20.000ms, clock:3.300 level:100
2025-01-02 17:04:28.244 T:5173 debug : CVideoPlayer::ProcessVideoData size:32137 dts:26.620 pts:26.620 dur:20.000ms, clock:3.300 level:100
2025-01-02 17:04:28.258 T:5173 debug : CVideoPlayer::ProcessVideoData size:26377 dts:26.640 pts:26.640 dur:20.000ms, clock:3.300 level:100
2025-01-02 17:04:28.283 T:5173 debug : CVideoPlayer::ProcessVideoData size:31249 dts:26.660 pts:26.660 dur:20.000ms, clock:3.300 level:100
2025-01-02 17:04:28.323 T:5173 debug : CVideoPlayer::ProcessVideoData size:35691 dts:26.680 pts:26.680 dur:20.000ms, clock:3.300 level:100
2025-01-02 17:04:28.328 T:5173 debug : CVideoPlayer::ProcessVideoData size:31478 dts:26.700 pts:26.700 dur:20.000ms, clock:3.300 level:100
2025-01-02 17:04:28.418 T:5173 debug : CVideoPlayer::ProcessVideoData size:114396 dts:26.720 pts:26.720 dur:20.000ms, clock:3.300 level:100
2025-01-02 17:04:28.438 T:5173 debug : CVideoPlayer::ProcessVideoData size:35106 dts:26.740 pts:26.740 dur:20.000ms, clock:3.300 level:100
2025-01-02 17:04:28.442 T:5173 debug : CVideoPlayer::ProcessVideoData size:22561 dts:26.760 pts:26.760 dur:20.000ms, clock:3.300 level:100
2025-01-02 17:04:28.466 T:5173 debug : CVideoPlayer::ProcessVideoData size:23037 dts:26.780 pts:26.780 dur:20.000ms, clock:3.300 level:100
2025-01-02 17:04:28.478 T:5173 debug : CVideoPlayer::ProcessVideoData size:34493 dts:26.800 pts:26.800 dur:20.000ms, clock:3.300 level:100
2025-01-02 17:04:28.538 T:5173 debug : CVideoPlayer::ProcessVideoData size:32867 dts:26.820 pts:26.820 dur:20.000ms, clock:3.300 level:100
2025-01-02 17:04:28.541 T:5173 debug : CVideoPlayer::ProcessVideoData size:28707 dts:26.840 pts:26.840 dur:20.000ms, clock:3.300 level:100
2025-01-02 17:04:28.546 T:5173 debug : CVideoPlayer::ProcessVideoData size:34360 dts:26.860 pts:26.860 dur:20.000ms, clock:3.300 level:100
2025-01-02 17:04:28.626 T:5173 debug : CVideoPlayer::ProcessVideoData size:110313 dts:26.880 pts:26.880 dur:20.000ms, clock:3.300 level:100
2025-01-02 17:04:28.672 T:5173 debug : CVideoPlayer::ProcessVideoData size:82394 dts:26.900 pts:26.900 dur:20.000ms, clock:3.300 level:100
2025-01-02 17:04:28.730 T:5173 debug : CVideoPlayer::ProcessVideoData size:45418 dts:26.920 pts:26.920 dur:20.000ms, clock:3.300 level:100
2025-01-02 17:04:28.730 T:5150 debug : request received for /jsonrpc
2025-01-02 17:04:28.734 T:5173 info : Skipped 1 duplicate messages..
2025-01-02 17:04:28.733 T:5173 debug : CVideoPlayer::ProcessVideoData size:23924 dts:26.940 pts:26.940 dur:20.000ms, clock:3.300 level:100
2025-01-02 17:04:28.736 T:5173 debug : CVideoPlayer::ProcessVideoData size:17076 dts:26.960 pts:26.960 dur:20.000ms, clock:3.300 level:100
2025-01-02 17:04:28.739 T:5173 debug : CVideoPlayer::ProcessVideoData size:16655 dts:26.980 pts:26.980 dur:20.000ms, clock:3.300 level:100
2025-01-02 17:04:28.747 T:5173 debug : CVideoPlayer::ProcessVideoData size:23328 dts:27.000 pts:27.000 dur:20.000ms, clock:3.300 level:100
2025-01-02 17:04:28.775 T:5173 debug : CVideoPlayer::ProcessVideoData size:21697 dts:27.020 pts:27.020 dur:20.000ms, clock:3.300 level:100
2025-01-02 17:04:28.782 T:5173 debug : CVideoPlayer::ProcessVideoData size:30352 dts:27.040 pts:27.040 dur:20.000ms, clock:3.300 level:100
2025-01-02 17:04:28.804 T:5173 debug : CVideoPlayer::ProcessVideoData size:29482 dts:27.060 pts:27.060 dur:20.000ms, clock:3.300 level:100
2025-01-02 17:04:28.834 T:5173 debug : CVideoPlayer::ProcessVideoData size:28423 dts:27.080 pts:27.080 dur:20.000ms, clock:3.300 level:100
2025-01-02 17:04:28.838 T:5173 debug : CVideoPlayer::ProcessVideoData size:30349 dts:27.100 pts:27.100 dur:20.000ms, clock:3.300 level:100
2025-01-02 17:04:28.856 T:5173 debug : CVideoPlayer::ProcessVideoData size:22901 dts:27.120 pts:27.120 dur:20.000ms, clock:3.300 level:100
2025-01-02 17:04:28.859 T:5152 debug : request received for /jsonrpc
2025-01-02 17:04:28.860 T:5173 debug : CVideoPlayer::ProcessVideoData size:22709 dts:27.140 pts:27.140 dur:20.000ms, clock:3.300 level:100
2025-01-02 17:04:28.895 T:5173 debug : CVideoPlayer::ProcessVideoData size:29080 dts:27.160 pts:27.160 dur:20.000ms, clock:3.300 level:100
2025-01-02 17:04:28.944 T:5173 debug : CVideoPlayer::ProcessVideoData size:31156 dts:27.180 pts:27.180 dur:20.000ms, clock:3.300 level:100
2025-01-02 17:04:28.949 T:5173 debug : CVideoPlayer::ProcessVideoData size:25408 dts:27.200 pts:27.200 dur:20.000ms, clock:3.300 level:100
2025-01-02 17:04:28.971 T:5173 debug : CVideoPlayer::ProcessVideoData size:19884 dts:27.220 pts:27.220 dur:20.000ms, clock:3.300 level:100
2025-01-02 17:04:29.003 T:5173 debug : CVideoPlayer::ProcessVideoData size:29906 dts:27.240 pts:27.240 dur:20.000ms, clock:3.300 level:100
2025-01-02 17:04:29.032 T:5173 debug : CVideoPlayer::ProcessVideoData size:28942 dts:27.260 pts:27.260 dur:20.000ms, clock:3.300 level:100
2025-01-02 17:04:29.036 T:5173 debug : CVideoPlayer::ProcessVideoData size:22572 dts:27.280 pts:27.280 dur:20.000ms, clock:3.300 level:100
2025-01-02 17:04:29.062 T:5173 debug : CVideoPlayer::ProcessVideoData size:21081 dts:27.300 pts:27.300 dur:20.000ms, clock:3.300 level:100
2025-01-02 17:04:29.068 T:5173 debug : CVideoPlayer::ProcessVideoData size:29772 dts:27.320 pts:27.320 dur:20.000ms, clock:3.300 level:100
2025-01-02 17:04:29.117 T:5173 debug : CVideoPlayer::ProcessVideoData size:29084 dts:27.340 pts:27.340 dur:20.000ms, clock:3.300 level:100
2025-01-02 17:04:29.243 T:5173 debug : CVideoPlayer::ProcessVideoData size:174237 dts:27.360 pts:27.360 dur:20.000ms, clock:3.300 level:100
2025-01-02 17:04:29.277 T:5173 debug : CVideoPlayer::ProcessVideoData size:58605 dts:27.380 pts:27.380 dur:20.000ms, clock:3.300 level:100
2025-01-02 17:04:29.302 T:5173 debug : CVideoPlayer::ProcessVideoData size:33873 dts:27.400 pts:27.400 dur:20.000ms, clock:3.300 level:100
2025-01-02 17:04:29.327 T:5173 debug : CVideoPlayer::ProcessVideoData size:32252 dts:27.420 pts:27.420 dur:20.000ms, clock:3.300 level:100
2025-01-02 17:04:29.362 T:5173 debug : CVideoPlayer::ProcessVideoData size:32130 dts:27.440 pts:27.440 dur:20.000ms, clock:3.300 level:100
2025-01-02 17:04:29.368 T:5173 debug : CVideoPlayer::ProcessVideoData size:31325 dts:27.460 pts:27.460 dur:20.000ms, clock:3.300 level:100
2025-01-02 17:04:29.415 T:5173 debug : CVideoPlayer::ProcessVideoData size:23550 dts:27.480 pts:27.480 dur:20.000ms, clock:3.300 level:100
2025-01-02 17:04:29.417 T:5173 debug : CVideoPlayer::ProcessVideoData size:22279 dts:27.500 pts:27.500 dur:20.000ms, clock:3.300 level:100
2025-01-02 17:04:29.441 T:5186 debug : request received for /jsonrpc
2025-01-02 17:04:29.442 T:5173 debug : CVideoPlayer::ProcessVideoData size:34485 dts:27.520 pts:27.520 dur:20.000ms, clock:3.300 level:100
2025-01-02 17:04:29.460 T:5173 debug : CVideoPlayer::ProcessVideoData size:33487 dts:27.540 pts:27.540 dur:20.000ms, clock:3.300 level:100
2025-01-02 17:04:29.467 T:5173 debug : CVideoPlayer::ProcessVideoData size:23306 dts:27.560 pts:27.560 dur:20.000ms, clock:3.300 level:100
2025-01-02 17:04:29.484 T:5173 debug : CVideoPlayer::ProcessVideoData size:22801 dts:27.580 pts:27.580 dur:20.000ms, clock:3.300 level:100
2025-01-02 17:04:29.528 T:5173 debug : CVideoPlayer::ProcessVideoData size:32440 dts:27.600 pts:27.600 dur:20.000ms, clock:3.300 level:100
2025-01-02 17:04:29.540 T:5173 debug : CVideoPlayer::ProcessVideoData size:31610 dts:27.620 pts:27.620 dur:20.000ms, clock:3.300 level:100
2025-01-02 17:04:29.560 T:5173 debug : CVideoPlayer::ProcessVideoData size:22234 dts:27.640 pts:27.640 dur:20.000ms, clock:3.300 level:100
2025-01-02 17:04:29.568 T:5173 debug : CVideoPlayer::ProcessVideoData size:22261 dts:27.660 pts:27.660 dur:20.000ms, clock:3.300 level:100
2025-01-02 17:04:29.575 T:5173 debug : CVideoPlayer::ProcessVideoData size:30823 dts:27.680 pts:27.680 dur:20.000ms, clock:3.300 level:100
2025-01-02 17:04:29.605 T:5173 debug : CVideoPlayer::ProcessVideoData size:31018 dts:27.700 pts:27.700 dur:20.000ms, clock:3.300 level:100
2025-01-02 17:04:29.635 T:5173 debug : CVideoPlayer::ProcessVideoData size:30376 dts:27.720 pts:27.720 dur:20.000ms, clock:3.300 level:100
2025-01-02 17:04:29.642 T:5173 debug : CVideoPlayer::ProcessVideoData size:29955 dts:27.740 pts:27.740 dur:20.000ms, clock:3.300 level:100
2025-01-02 17:04:29.668 T:5173 debug : CVideoPlayer::ProcessVideoData size:29635 dts:27.760 pts:27.760 dur:20.000ms, clock:3.300 level:100
2025-01-02 17:04:29.695 T:5173 debug : CVideoPlayer::ProcessVideoData size:30320 dts:27.780 pts:27.780 dur:20.000ms, clock:3.300 level:100
2025-01-02 17:04:29.701 T:5173 debug : CVideoPlayer::ProcessVideoData size:21253 dts:27.800 pts:27.800 dur:20.000ms, clock:3.300 level:100
2025-01-02 17:04:29.744 T:5173 debug : CVideoPlayer::ProcessVideoData size:22318 dts:27.820 pts:27.820 dur:20.000ms, clock:3.300 level:100
2025-01-02 17:04:29.879 T:5173 debug : CVideoPlayer::ProcessVideoData size:164627 dts:27.840 pts:27.840 dur:20.000ms, clock:3.300 level:100
2025-01-02 17:04:29.934 T:5150 debug : request received for /jsonrpc
2025-01-02 17:04:29.936 T:5173 debug : CVideoPlayer::ProcessVideoData size:72537 dts:27.860 pts:27.860 dur:20.000ms, clock:3.300 level:100
2025-01-02 17:04:29.942 T:5173 debug : CVideoPlayer::ProcessVideoData size:35225 dts:27.880 pts:27.880 dur:20.000ms, clock:3.300 level:100
2025-01-02 17:04:29.957 T:5173 debug : CVideoPlayer::ProcessVideoData size:28521 dts:27.900 pts:27.900 dur:20.000ms, clock:3.300 level:100
2025-01-02 17:04:29.976 T:5173 debug : CVideoPlayer::ProcessVideoData size:25019 dts:27.920 pts:27.920 dur:20.000ms, clock:3.300 level:100
2025-01-02 17:04:29.979 T:5173 debug : CVideoPlayer::ProcessVideoData size:24544 dts:27.940 pts:27.940 dur:20.000ms, clock:3.300 level:100
2025-01-02 17:04:30.000 T:5173 debug : CVideoPlayer::ProcessVideoData size:30014 dts:27.960 pts:27.960 dur:20.000ms, clock:3.300 level:100
2025-01-02 17:04:30.003 T:5173 debug : CVideoPlayer::ProcessVideoData size:22313 dts:27.980 pts:27.980 dur:20.000ms, clock:3.300 level:100
2025-01-02 17:04:30.034 T:5173 debug : CVideoPlayer::ProcessVideoData size:25941 dts:28.000 pts:28.000 dur:20.000ms, clock:3.300 level:100
2025-01-02 17:04:30.037 T:5173 debug : CVideoPlayer::ProcessVideoData size:22096 dts:28.020 pts:28.020 dur:20.000ms, clock:3.300 level:100
2025-01-02 17:04:30.042 T:5173 debug : CVideoPlayer::ProcessVideoData size:30673 dts:28.040 pts:28.040 dur:20.000ms, clock:3.300 level:100
2025-01-02 17:04:30.062 T:5173 debug : CVideoPlayer::ProcessVideoData size:27563 dts:28.060 pts:28.060 dur:20.000ms, clock:3.300 level:100
2025-01-02 17:04:30.077 T:5173 debug : CVideoPlayer::ProcessVideoData size:27928 dts:28.080 pts:28.080 dur:20.000ms, clock:3.300 level:100
2025-01-02 17:04:30.082 T:5173 debug : CVideoPlayer::ProcessVideoData size:30054 dts:28.100 pts:28.100 dur:20.000ms, clock:3.300 level:100
2025-01-02 17:04:30.100 T:5173 debug : CVideoPlayer::ProcessVideoData size:30138 dts:28.120 pts:28.120 dur:20.000ms, clock:3.300 level:100
2025-01-02 17:04:30.105 T:5173 debug : CVideoPlayer::ProcessVideoData size:29380 dts:28.140 pts:28.140 dur:20.000ms, clock:3.300 level:100
2025-01-02 17:04:30.108 T:5173 debug : CVideoPlayer::ProcessVideoData size:20154 dts:28.160 pts:28.160 dur:20.000ms, clock:3.300 level:100
2025-01-02 17:04:30.135 T:5173 debug : CVideoPlayer::ProcessVideoData size:22050 dts:28.180 pts:28.180 dur:20.000ms, clock:3.300 level:100
2025-01-02 17:04:30.154 T:5173 debug : CVideoPlayer::ProcessVideoData size:30209 dts:28.200 pts:28.200 dur:20.000ms, clock:3.300 level:100
2025-01-02 17:04:30.160 T:5173 debug : CVideoPlayer::ProcessVideoData size:31116 dts:28.220 pts:28.220 dur:20.000ms, clock:3.300 level:100
2025-01-02 17:04:30.184 T:5173 debug : CVideoPlayer::ProcessVideoData size:30423 dts:28.240 pts:28.240 dur:20.000ms, clock:3.300 level:100
2025-01-02 17:04:30.218 T:5173 debug : CVideoPlayer::ProcessVideoData size:31295 dts:28.260 pts:28.260 dur:20.000ms, clock:3.300 level:100
2025-01-02 17:04:30.243 T:5173 debug : CVideoPlayer::ProcessVideoData size:24475 dts:28.280 pts:28.280 dur:20.000ms, clock:3.300 level:100
2025-01-02 17:04:30.246 T:5173 debug : CVideoPlayer::ProcessVideoData size:22968 dts:28.300 pts:28.300 dur:20.000ms, clock:3.300 level:100
2025-01-02 17:04:30.384 T:5173 debug : CVideoPlayer::ProcessVideoData size:157885 dts:28.320 pts:28.320 dur:20.000ms, clock:3.300 level:100
2025-01-02 17:04:30.422 T:5173 debug : CVideoPlayer::ProcessVideoData size:57916 dts:28.340 pts:28.340 dur:20.000ms, clock:3.300 level:100
2025-01-02 17:04:30.470 T:5173 debug : CVideoPlayer::ProcessVideoData size:35154 dts:28.360 pts:28.360 dur:20.000ms, clock:3.300 level:100
2025-01-02 17:04:30.507 T:5173 debug : CVideoPlayer::ProcessVideoData size:34099 dts:28.380 pts:28.380 dur:20.000ms, clock:3.300 level:100
2025-01-02 17:04:30.536 T:5173 debug : CVideoPlayer::ProcessVideoData size:23732 dts:28.400 pts:28.400 dur:20.000ms, clock:3.300 level:100
2025-01-02 17:04:30.541 T:5173 debug : CVideoPlayer::ProcessVideoData size:23289 dts:28.420 pts:28.420 dur:20.000ms, clock:3.300 level:100
2025-01-02 17:04:30.556 T:5173 debug : CVideoPlayer::ProcessVideoData size:30706 dts:28.440 pts:28.440 dur:20.000ms, clock:3.300 level:100
2025-01-02 17:04:30.562 T:5173 debug : CVideoPlayer::ProcessVideoData size:30450 dts:28.460 pts:28.460 dur:20.000ms, clock:3.300 level:100
2025-01-02 17:04:30.603 T:5173 debug : CVideoPlayer::ProcessVideoData size:21653 dts:28.480 pts:28.480 dur:20.000ms, clock:3.300 level:100
2025-01-02 17:04:30.612 T:5173 debug : CVideoPlayer::ProcessVideoData size:22633 dts:28.500 pts:28.500 dur:20.000ms, clock:3.300 level:100
2025-01-02 17:04:30.695 T:5173 debug : CVideoPlayer::ProcessVideoData size:33261 dts:28.520 pts:28.520 dur:20.000ms, clock:3.300 level:100
2025-01-02 17:04:30.698 T:5173 debug : CVideoPlayer::ProcessVideoData size:29881 dts:28.540 pts:28.540 dur:20.000ms, clock:3.300 level:100
2025-01-02 17:04:30.715 T:5173 debug : CVideoPlayer::ProcessVideoData size:29803 dts:28.560 pts:28.560 dur:20.000ms, clock:3.300 level:100
2025-01-02 17:04:30.720 T:5173 debug : CVideoPlayer::ProcessVideoData size:29945 dts:28.580 pts:28.580 dur:20.000ms, clock:3.300 level:100
2025-01-02 17:04:30.727 T:5173 debug : CVideoPlayer::ProcessVideoData size:30512 dts:28.600 pts:28.600 dur:20.000ms, clock:3.300 level:100
2025-01-02 17:04:30.774 T:5173 debug : CVideoPlayer::ProcessVideoData size:30039 dts:28.620 pts:28.620 dur:20.000ms, clock:3.300 level:100
2025-01-02 17:04:30.778 T:5173 debug : CVideoPlayer::ProcessVideoData size:21992 dts:28.640 pts:28.640 dur:20.000ms, clock:3.300 level:100
2025-01-02 17:04:30.807 T:5173 debug : CVideoPlayer::ProcessVideoData size:22865 dts:28.660 pts:28.660 dur:20.000ms, clock:3.300 level:100
2025-01-02 17:04:30.810 T:5172 debug : request received for /jsonrpc
2025-01-02 17:04:30.836 T:5173 info : Skipped 1 duplicate messages..
2025-01-02 17:04:30.836 T:5173 debug : CVideoPlayer::ProcessVideoData size:31482 dts:28.680 pts:28.680 dur:20.000ms, clock:3.300 level:100
2025-01-02 17:04:30.842 T:5173 debug : CVideoPlayer::ProcessVideoData size:31068 dts:28.700 pts:28.700 dur:20.000ms, clock:3.300 level:100
2025-01-02 17:04:30.865 T:5173 debug : CVideoPlayer::ProcessVideoData size:25530 dts:28.720 pts:28.720 dur:20.000ms, clock:3.300 level:100
2025-01-02 17:04:30.884 T:5173 debug : CVideoPlayer::ProcessVideoData size:23476 dts:28.740 pts:28.740 dur:20.000ms, clock:3.300 level:100
2025-01-02 17:04:30.889 T:5173 debug : CVideoPlayer::ProcessVideoData size:31597 dts:28.760 pts:28.760 dur:20.000ms, clock:3.300 level:100
2025-01-02 17:04:30.922 T:5173 debug : CVideoPlayer::ProcessVideoData size:31110 dts:28.780 pts:28.780 dur:20.000ms, clock:3.300 level:100
2025-01-02 17:04:30.989 T:5150 debug : request received for /jsonrpc
2025-01-02 17:04:30.998 T:5173 debug : CVideoPlayer::ProcessVideoData size:157612 dts:28.800 pts:28.800 dur:20.000ms, clock:3.300 level:100
2025-01-02 17:04:31.058 T:5173 debug : CVideoPlayer::ProcessVideoData size:54815 dts:28.820 pts:28.820 dur:20.000ms, clock:3.300 level:100
2025-01-02 17:04:31.063 T:5173 debug : CVideoPlayer::ProcessVideoData size:25160 dts:28.840 pts:28.840 dur:20.000ms, clock:3.300 level:100
2025-01-02 17:04:31.086 T:5173 debug : CVideoPlayer::ProcessVideoData size:24540 dts:28.860 pts:28.860 dur:20.000ms, clock:3.300 level:100
2025-01-02 17:04:31.096 T:5173 debug : CVideoPlayer::ProcessVideoData size:32530 dts:28.880 pts:28.880 dur:20.000ms, clock:3.300 level:100
2025-01-02 17:04:31.116 T:5173 debug : CVideoPlayer::ProcessVideoData size:29944 dts:28.900 pts:28.900 dur:20.000ms, clock:3.300 level:100
2025-01-02 17:04:31.119 T:5173 debug : CVideoPlayer::ProcessVideoData size:22640 dts:28.920 pts:28.920 dur:20.000ms, clock:3.300 level:100
2025-01-02 17:04:31.136 T:5186 debug : request received for /jsonrpc
2025-01-02 17:04:31.141 T:5173 debug : CVideoPlayer::ProcessVideoData size:21580 dts:28.940 pts:28.940 dur:20.000ms, clock:3.300 level:100
2025-01-02 17:04:31.177 T:5173 debug : CVideoPlayer::ProcessVideoData size:32610 dts:28.960 pts:28.960 dur:20.000ms, clock:3.300 level:100
2025-01-02 17:04:31.185 T:5173 debug : CVideoPlayer::ProcessVideoData size:31398 dts:28.980 pts:28.980 dur:20.000ms, clock:3.300 level:100
2025-01-02 17:04:31.199 T:5173 debug : CVideoPlayer::ProcessVideoData size:22214 dts:29.000 pts:29.000 dur:20.000ms, clock:3.300 level:100
2025-01-02 17:04:31.242 T:5173 debug : CVideoPlayer::ProcessVideoData size:22713 dts:29.020 pts:29.020 dur:20.000ms, clock:3.300 level:100
2025-01-02 17:04:31.248 T:5173 debug : CVideoPlayer::ProcessVideoData size:33170 dts:29.040 pts:29.040 dur:20.000ms, clock:3.300 level:100
2025-01-02 17:04:31.256 T:5173 debug : CVideoPlayer::ProcessVideoData size:30021 dts:29.060 pts:29.060 dur:20.000ms, clock:3.300 level:100
2025-01-02 17:04:31.256 T:5173 debug : CDVDClock::SetSpeedAdjust - adjusted:0.000000
2025-01-02 17:04:31.256 T:5177 debug : CDVDAudio::Pause - pausing audio stream
2025-01-02 17:04:31.256 T:5173 debug : CDVDClock::SetSpeedAdjust - adjusted:0.000000
2025-01-02 17:04:31.256 T:5177 debug : CDVDAudio::Resume - resume audio stream
2025-01-02 17:04:31.257 T:4234 debug : ActiveAE - start sync of audio stream
2025-01-02 17:04:31.257 T:4235 info : CActiveAESink::OpenSink - initialize sink
2025-01-02 17:04:31.258 T:4235 debug : CActiveAESink::OpenSink - trying to open device ALSA:hdmi:CARD=AMLMESONAUDIO,DEV=0
2025-01-02 17:04:31.258 T:4235 info : CAESinkALSA::Initialize - Configure simple control for "MESONAUDIO"
2025-01-02 17:04:31.258 T:4235 info : CAESinkALSA - Use card "hw:0" and set codec format "2 CH PCM"
2025-01-02 17:04:31.259 T:4235 info : CAESinkALSA - Set codec for "Audio spdif format"
2025-01-02 17:04:31.259 T:4235 info : CAESinkALSA::Initialize - Attempting to open device "hdmi:CARD=AMLMESONAUDIO,DEV=0"
2025-01-02 17:04:31.263 T:5176 debug : CAMLCodec::SetSpeed, speed(1000)
2025-01-02 17:04:31.264 T:4235 info : CAESinkALSA::Initialize - Opened device "hdmi:CARD=AMLMESONAUDIO,DEV=0,AES0=0x04,AES1=0x82,AES2=0x00,AES3=0x02"
2025-01-02 17:04:31.264 T:4235 info : CAESinkALSA::InitializeHW - Your hardware does not support AE_FMT_FLOAT, trying other formats
2025-01-02 17:04:31.265 T:4235 info : CAESinkALSA::InitializeHW - Using data format AE_FMT_S16NE
2025-01-02 17:04:31.265 T:4235 debug : CAESinkALSA::InitializeHW - Request: periodSize 2400, bufferSize 9600
2025-01-02 17:04:31.265 T:4235 debug : CAESinkALSA::InitializeHW - Got: periodSize 128, bufferSize 9600
2025-01-02 17:04:31.265 T:4235 debug : Audio Driver reports too low periodSize 128 - will use 2 fragments
2025-01-02 17:04:31.265 T:4235 debug : CAESinkALSA::InitializeHW - Setting timeout to 200 ms
2025-01-02 17:04:31.265 T:4235 debug : CAESinkALSA::GetChannelLayout - Input Channel Count: 2 Output Channel Count: 2
2025-01-02 17:04:31.265 T:4235 debug : CAESinkALSA::GetChannelLayout - Requested Layout: FL, FR
2025-01-02 17:04:31.265 T:4235 debug : CAESinkALSA::GetChannelLayout - Got Layout: FL, FR (ALSA: none)
2025-01-02 17:04:31.266 T:4235 debug : CActiveAESink::OpenSink - ALSA Initialized:
2025-01-02 17:04:31.266 T:4235 debug : Output Device : AML-MESONAUDIO
2025-01-02 17:04:31.266 T:4235 debug : Sample Rate : 48000
2025-01-02 17:04:31.266 T:4235 debug : Sample Format : AE_FMT_S16NE
2025-01-02 17:04:31.266 T:4235 debug : Channel Count : 2
2025-01-02 17:04:31.266 T:4235 debug : Channel Layout: FL, FR
2025-01-02 17:04:31.266 T:4235 debug : Frames : 256
2025-01-02 17:04:31.266 T:4235 debug : Frame Size : 4
2025-01-02 17:04:31.267 T:5173 debug : CDVDClock::SetSpeedAdjust - adjusted:0.000000
2025-01-02 17:04:31.295 T:5176 debug : CVideoPlayerVideo::OutputPicture - ttd:394ms pts:3.720 Clock:3.326 Level:14
2025-01-02 17:04:31.334 T:5176 debug : CVideoPlayerVideo::OutputPicture - ttd:374ms pts:3.740 Clock:3.366 Level:14
2025-01-02 17:04:31.358 T:4234 debug : ActiveAE::SyncStream - average error of -1469.501287, start adjusting
2025-01-02 17:04:31.358 T:5176 debug : CVideoPlayerVideo::OutputPicture - ttd:357ms pts:3.760 Clock:3.402 Level:14
2025-01-02 17:04:31.379 T:5176 debug : CVideoPlayerVideo::OutputPicture - ttd:357ms pts:3.780 Clock:3.423 Level:14
2025-01-02 17:04:31.398 T:5176 debug : CVideoPlayerVideo::OutputPicture - ttd:358ms pts:3.800 Clock:3.442 Level:14
2025-01-02 17:04:31.422 T:5176 debug : CVideoPlayerVideo::OutputPicture - ttd:354ms pts:3.820 Clock:3.465 Level:14
2025-01-02 17:04:31.439 T:5176 debug : CVideoPlayerVideo::OutputPicture - ttd:356ms pts:3.840 Clock:3.483 Level:14
2025-01-02 17:04:31.459 T:5176 debug : CVideoPlayerVideo::OutputPicture - ttd:356ms pts:3.860 Clock:3.503 Level:14
2025-01-02 17:04:31.481 T:5176 debug : CVideoPlayerVideo::OutputPicture - ttd:354ms pts:3.880 Clock:3.525 Level:14
2025-01-02 17:04:31.500 T:5176 debug : CVideoPlayerVideo::OutputPicture - ttd:356ms pts:3.900 Clock:3.544 Level:14
2025-01-02 17:04:31.520 T:5176 debug : CVideoPlayerVideo::OutputPicture - ttd:356ms pts:3.920 Clock:3.564 Level:14
2025-01-02 17:04:31.542 T:5176 debug : CVideoPlayerVideo::OutputPicture - ttd:354ms pts:3.940 Clock:3.586 Level:14
2025-01-02 17:04:31.561 T:5176 debug : CVideoPlayerVideo::OutputPicture - ttd:355ms pts:3.960 Clock:3.605 Level:14
2025-01-02 17:04:31.583 T:5176 debug : CVideoPlayerVideo::OutputPicture - ttd:353ms pts:3.980 Clock:3.627 Level:14
2025-01-02 17:04:31.593 T:4234 debug : ActiveAE::SyncStream - average error -25.746971 below threshold of 30.000000
2025-01-02 17:04:31.603 T:5176 debug : CVideoPlayerVideo::OutputPicture - ttd:353ms pts:4.000 Clock:3.647 Level:14
2025-01-02 17:04:31.624 T:5176 debug : CVideoPlayerVideo::OutputPicture - ttd:352ms pts:4.020 Clock:3.668 Level:14
2025-01-02 17:04:31.640 T:5176 debug : CVideoPlayerVideo::OutputPicture - ttd:356ms pts:4.040 Clock:3.684 Level:14
2025-01-02 17:04:31.661 T:5176 debug : CVideoPlayerVideo::OutputPicture - ttd:354ms pts:4.060 Clock:3.705 Level:14
2025-01-02 17:04:31.681 T:5176 debug : CVideoPlayerVideo::OutputPicture - ttd:354ms pts:4.080 Clock:3.725 Level:14
2025-01-02 17:04:31.704 T:5176 debug : CVideoPlayerVideo::OutputPicture - ttd:352ms pts:4.100 Clock:3.748 Level:14
2025-01-02 17:04:31.718 T:5176 debug : CVideoPlayerVideo::OutputPicture - ttd:357ms pts:4.120 Clock:3.762 Level:14
2025-01-02 17:04:31.741 T:5176 debug : CVideoPlayerVideo::OutputPicture - ttd:354ms pts:4.140 Clock:3.785 Level:14
2025-01-02 17:04:31.758 T:5176 debug : CVideoPlayerVideo::OutputPicture - ttd:358ms pts:4.160 Clock:3.802 Level:14
2025-01-02 17:04:31.779 T:5176 debug : CVideoPlayerVideo::OutputPicture - ttd:357ms pts:4.180 Clock:3.823 Level:14
2025-01-02 17:04:31.792 T:5176 debug : CVideoPlayerVideo::OutputPicture - ttd:363ms pts:4.200 Clock:3.836 Level:14
2025-01-02 17:04:31.814 T:5176 debug : CVideoPlayerVideo::OutputPicture - ttd:362ms pts:4.220 Clock:3.858 Level:14
2025-01-02 17:04:31.833 T:5176 debug : CVideoPlayerVideo::OutputPicture - ttd:363ms pts:4.240 Clock:3.877 Level:14
2025-01-02 17:04:31.857 T:5176 debug : CVideoPlayerVideo::OutputPicture - ttd:359ms pts:4.260 Clock:3.901 Level:14
2025-01-02 17:04:31.880 T:5176 debug : CVideoPlayerVideo::OutputPicture - ttd:356ms pts:4.280 Clock:3.924 Level:14
2025-01-02 17:04:31.893 T:5152 debug : request received for /jsonrpc
2025-01-02 17:04:31.900 T:5176 debug : CVideoPlayerVideo::OutputPicture - ttd:355ms pts:4.300 Clock:3.944 Level:14
2025-01-02 17:04:31.920 T:5176 debug : CVideoPlayerVideo::OutputPicture - ttd:355ms pts:4.320 Clock:3.964 Level:14
2025-01-02 17:04:31.936 T:5172 debug : request received for /jsonrpc
2025-01-02 17:04:31.940 T:5176 debug : CVideoPlayerVideo::OutputPicture - ttd:355ms pts:4.340 Clock:3.984 Level:14
2025-01-02 17:04:31.958 T:5176 debug : CVideoPlayerVideo::OutputPicture - ttd:357ms pts:4.360 Clock:4.002 Level:14
2025-01-02 17:04:31.980 T:5176 debug : CVideoPlayerVideo::OutputPicture - ttd:356ms pts:4.380 Clock:4.024 Level:14
2025-01-02 17:04:32.000 T:5176 debug : CVideoPlayerVideo::OutputPicture - ttd:356ms pts:4.400 Clock:4.044 Level:14
2025-01-02 17:04:32.019 T:5176 debug : CVideoPlayerVideo::OutputPicture - ttd:357ms pts:4.420 Clock:4.063 Level:14
2025-01-02 17:04:32.039 T:5176 debug : CVideoPlayerVideo::OutputPicture - ttd:357ms pts:4.440 Clock:4.083 Level:14
2025-01-02 17:04:32.064 T:5176 debug : CVideoPlayerVideo::OutputPicture - ttd:351ms pts:4.460 Clock:4.108 Level:14
2025-01-02 17:04:32.080 T:5176 debug : CVideoPlayerVideo::OutputPicture - ttd:356ms pts:4.480 Clock:4.124 Level:14
2025-01-02 17:04:32.102 T:5176 debug : CVideoPlayerVideo::OutputPicture - ttd:354ms pts:4.500 Clock:4.146 Level:14
2025-01-02 17:04:32.122 T:5176 debug : CVideoPlayerVideo::OutputPicture - ttd:353ms pts:4.520 Clock:4.166 Level:14
2025-01-02 17:04:32.142 T:5176 debug : CVideoPlayerVideo::OutputPicture - ttd:354ms pts:4.540 Clock:4.186 Level:14
2025-01-02 17:04:32.163 T:5176 debug : CVideoPlayerVideo::OutputPicture - ttd:353ms pts:4.560 Clock:4.207 Level:14
2025-01-02 17:04:32.183 T:5176 debug : CVideoPlayerVideo::OutputPicture - ttd:353ms pts:4.580 Clock:4.227 Level:14
2025-01-02 17:04:32.198 T:5176 debug : CVideoPlayerVideo::OutputPicture - ttd:358ms pts:4.600 Clock:4.242 Level:14
2025-01-02 17:04:32.218 T:5176 debug : CVideoPlayerVideo::OutputPicture - ttd:357ms pts:4.620 Clock:4.262 Level:14
2025-01-02 17:04:32.237 T:5176 debug : CVideoPlayerVideo::OutputPicture - ttd:359ms pts:4.640 Clock:4.281 Level:14
2025-01-02 17:04:32.257 T:5176 debug : CVideoPlayerVideo::OutputPicture - ttd:358ms pts:4.660 Clock:4.301 Level:14
2025-01-02 17:04:32.274 T:5176 debug : CVideoPlayerVideo::OutputPicture - ttd:361ms pts:4.680 Clock:4.318 Level:14
2025-01-02 17:04:32.298 T:5176 debug : CVideoPlayerVideo::OutputPicture - ttd:357ms pts:4.700 Clock:4.342 Level:14
2025-01-02 17:04:32.319 T:5176 debug : CVideoPlayerVideo::OutputPicture - ttd:356ms pts:4.720 Clock:4.363 Level:14
2025-01-02 17:04:32.342 T:5176 debug : CVideoPlayerVideo::OutputPicture - ttd:354ms pts:4.740 Clock:4.386 Level:14
2025-01-02 17:04:32.358 T:5176 debug : CVideoPlayerVideo::OutputPicture - ttd:357ms pts:4.760 Clock:4.402 Level:14
2025-01-02 17:04:32.377 T:5176 debug : CVideoPlayerVideo::OutputPicture - ttd:359ms pts:4.780 Clock:4.421 Level:14
2025-01-02 17:04:32.383 T:5173 debug : CVideoPlayer::ProcessVideoData size:30932 dts:29.080 pts:29.080 dur:20.000ms, clock:4.427 level:100
2025-01-02 17:04:32.384 T:5173 debug : CVideoPlayer::ProcessVideoData size:31483 dts:29.100 pts:29.100 dur:20.000ms, clock:4.428 level:100
2025-01-02 17:04:32.398 T:5176 debug : CVideoPlayerVideo::OutputPicture - ttd:358ms pts:4.800 Clock:4.442 Level:14
2025-01-02 17:04:32.416 T:5173 debug : CVideoPlayer::ProcessVideoData size:24856 dts:29.120 pts:29.120 dur:20.000ms, clock:4.460 level:100
2025-01-02 17:04:32.417 T:5173 debug : CVideoPlayer::ProcessVideoData size:21629 dts:29.140 pts:29.140 dur:20.000ms, clock:4.461 level:100
2025-01-02 17:04:32.418 T:5173 debug : CVideoPlayer::ProcessVideoData size:30405 dts:29.160 pts:29.160 dur:20.000ms, clock:4.462 level:100
2025-01-02 17:04:32.423 T:5176 debug : CVideoPlayerVideo::OutputPicture - ttd:353ms pts:4.820 Clock:4.467 Level:14
2025-01-02 17:04:32.441 T:5176 debug : CVideoPlayerVideo::OutputPicture - ttd:355ms pts:4.840 Clock:4.485 Level:14
2025-01-02 17:04:32.460 T:5173 debug : CVideoPlayer::ProcessVideoData size:31349 dts:29.180 pts:29.180 dur:20.000ms, clock:4.504 level:100
2025-01-02 17:04:32.462 T:5173 debug : CVideoPlayer::ProcessVideoData size:29213 dts:29.200 pts:29.200 dur:20.000ms, clock:4.506 level:100
2025-01-02 17:04:32.463 T:5173 debug : CVideoPlayer::ProcessVideoData size:20722 dts:29.220 pts:29.220 dur:20.000ms, clock:4.507 level:100
2025-01-02 17:04:32.464 T:5173 debug : CVideoPlayer::ProcessVideoData size:28694 dts:29.240 pts:29.240 dur:20.000ms, clock:4.508 level:100
2025-01-02 17:04:32.465 T:5173 debug : CVideoPlayer::ProcessVideoData size:28858 dts:29.260 pts:29.260 dur:20.000ms, clock:4.509 level:100
2025-01-02 17:04:32.466 T:5176 debug : CVideoPlayerVideo::OutputPicture - ttd:349ms pts:4.860 Clock:4.510 Level:14
2025-01-02 17:04:32.478 T:5176 debug : CVideoPlayerVideo::OutputPicture - ttd:358ms pts:4.880 Clock:4.522 Level:14
2025-01-02 17:04:32.500 T:5176 debug : CVideoPlayerVideo::OutputPicture - ttd:355ms pts:4.900 Clock:4.544 Level:14
2025-01-02 17:04:32.518 T:5176 debug : CVideoPlayerVideo::OutputPicture - ttd:357ms pts:4.920 Clock:4.562 Level:14
2025-01-02 17:04:32.538 T:5176 debug : CVideoPlayerVideo::OutputPicture - ttd:357ms pts:4.940 Clock:4.582 Level:14
2025-01-02 17:04:32.558 T:5176 debug : CVideoPlayerVideo::OutputPicture - ttd:357ms pts:4.960 Clock:4.602 Level:14
2025-01-02 17:04:32.578 T:5173 debug : CVideoPlayer::ProcessVideoData size:160107 dts:29.280 pts:29.280 dur:20.000ms, clock:4.622 level:100
2025-01-02 17:04:32.579 T:5176 debug : CVideoPlayerVideo::OutputPicture - ttd:356ms pts:4.980 Clock:4.624 Level:14
2025-01-02 17:04:32.602 T:5176 debug : CVideoPlayerVideo::OutputPicture - ttd:354ms pts:5.000 Clock:4.646 Level:14
2025-01-02 17:04:32.626 T:5176 debug : CVideoPlayerVideo::OutputPicture - ttd:350ms pts:5.020 Clock:4.670 Level:14
2025-01-02 17:04:32.626 T:5177 debug : CDVDClock::ErrorAdjust - CVideoPlayerAudio::OutputPacket - error:57586.366066, adjusted:57586.366066
2025-01-02 17:04:32.634 T:5176 debug : CVideoPlayerVideo::OutputPicture - ttd:303ms pts:5.040 Clock:4.736 Level:12
2025-01-02 17:04:32.636 T:5176 debug : CVideoPlayerVideo::OutputPicture - ttd:322ms pts:5.060 Clock:4.738 Level:13
2025-01-02 17:04:32.640 T:5176 debug : CVideoPlayerVideo::OutputPicture - ttd:338ms pts:5.080 Clock:4.742 Level:14
2025-01-02 17:04:32.652 T:5173 debug : CVideoPlayer::ProcessVideoData size:53031 dts:29.300 pts:29.300 dur:20.000ms, clock:4.754 level:100
2025-01-02 17:04:32.661 T:5176 debug : CVideoPlayerVideo::OutputPicture - ttd:337ms pts:5.100 Clock:4.762 Level:13
2025-01-02 17:04:32.665 T:5173 debug : CVideoPlayer::ProcessVideoData size:32180 dts:29.320 pts:29.320 dur:20.000ms, clock:4.767 level:100
2025-01-02 17:04:32.667 T:5173 debug : CVideoPlayer::ProcessVideoData size:30518 dts:29.340 pts:29.340 dur:20.000ms, clock:4.768 level:100
2025-01-02 17:04:32.669 T:5173 debug : CVideoPlayer::ProcessVideoData size:30348 dts:29.360 pts:29.360 dur:20.000ms, clock:4.771 level:100
2025-01-02 17:04:32.670 T:5173 debug : CVideoPlayer::ProcessVideoData size:30317 dts:29.380 pts:29.380 dur:20.000ms, clock:4.772 level:100
2025-01-02 17:04:32.671 T:5173 debug : CVideoPlayer::ProcessVideoData size:22878 dts:29.400 pts:29.400 dur:20.000ms, clock:4.773 level:100
2025-01-02 17:04:32.672 T:5173 debug : CVideoPlayer::ProcessVideoData size:22135 dts:29.420 pts:29.420 dur:20.000ms, clock:4.774 level:100
2025-01-02 17:04:32.673 T:5173 debug : CVideoPlayer::ProcessVideoData size:28599 dts:29.440 pts:29.440 dur:20.000ms, clock:4.775 level:100
2025-01-02 17:04:32.675 T:5176 debug : CVideoPlayerVideo::OutputPicture - ttd:343ms pts:5.120 Clock:4.777 Level:14
2025-01-02 17:04:32.676 T:5173 debug : CVideoPlayer::ProcessVideoData size:29484 dts:29.460 pts:29.460 dur:20.000ms, clock:4.777 level:100
2025-01-02 17:04:32.678 T:5173 debug : CVideoPlayer::ProcessVideoData size:29148 dts:29.480 pts:29.480 dur:20.000ms, clock:4.780 level:100
2025-01-02 17:04:32.690 T:5176 debug : CVideoPlayerVideo::OutputPicture - ttd:348ms pts:5.140 Clock:4.791 Level:14
2025-01-02 17:04:32.701 T:5176 debug : CPtsTracker: detected pattern of length 1: 20000.00, frameduration: 20000.000000
2025-01-02 17:04:32.701 T:5176 debug : CVideoPlayerVideo::OutputPicture - ttd:357ms pts:5.160 Clock:4.802 Level:14
2025-01-02 17:04:32.720 T:5176 debug : CVideoPlayerVideo::OutputPicture - ttd:358ms pts:5.180 Clock:4.821 Level:14
2025-01-02 17:04:32.720 T:5173 debug : CVideoPlayer::ProcessVideoData size:29370 dts:29.500 pts:29.500 dur:20.000ms, clock:4.822 level:100
2025-01-02 17:04:32.742 T:5176 debug : CVideoPlayerVideo::OutputPicture - ttd:356ms pts:5.200 Clock:4.843 Level:14
2025-01-02 17:04:32.761 T:5176 debug : CVideoPlayerVideo::OutputPicture - ttd:357ms pts:5.220 Clock:4.862 Level:14
2025-01-02 17:04:32.762 T:5173 debug : CVideoPlayer::ProcessVideoData size:29379 dts:29.520 pts:29.520 dur:20.000ms, clock:4.864 level:100
2025-01-02 17:04:32.763 T:5173 debug : CVideoPlayer::ProcessVideoData size:30671 dts:29.540 pts:29.540 dur:20.000ms, clock:4.865 level:100
2025-01-02 17:04:32.764 T:5173 debug : CVideoPlayer::ProcessVideoData size:28376 dts:29.560 pts:29.560 dur:20.000ms, clock:4.866 level:100
2025-01-02 17:04:32.765 T:5173 debug : CVideoPlayer::ProcessVideoData size:21782 dts:29.580 pts:29.580 dur:20.000ms, clock:4.867 level:100
2025-01-02 17:04:32.766 T:5173 debug : CVideoPlayer::ProcessVideoData size:32309 dts:29.600 pts:29.600 dur:20.000ms, clock:4.868 level:100
2025-01-02 17:04:32.779 T:5176 debug : CVideoPlayerVideo::OutputPicture - ttd:358ms pts:5.240 Clock:4.881 Level:14
2025-01-02 17:04:32.798 T:5173 debug : CVideoPlayer::ProcessVideoData size:31838 dts:29.620 pts:29.620 dur:20.000ms, clock:4.900 level:100
2025-01-02 17:04:32.800 T:5173 debug : CVideoPlayer::ProcessVideoData size:21587 dts:29.640 pts:29.640 dur:20.000ms, clock:4.901 level:100
2025-01-02 17:04:32.801 T:5173 debug : CVideoPlayer::ProcessVideoData size:23240 dts:29.660 pts:29.660 dur:20.000ms, clock:4.902 level:100
2025-01-02 17:04:32.802 T:5173 debug : CVideoPlayer::ProcessVideoData size:32317 dts:29.680 pts:29.680 dur:20.000ms, clock:4.904 level:100
2025-01-02 17:04:32.804 T:5176 debug : CVideoPlayerVideo::OutputPicture - ttd:354ms pts:5.260 Clock:4.905 Level:14
2025-01-02 17:04:32.820 T:5176 debug : CVideoPlayerVideo::OutputPicture - ttd:358ms pts:5.280 Clock:4.921 Level:14
2025-01-02 17:04:32.835 T:5173 debug : CVideoPlayer::ProcessVideoData size:32996 dts:29.700 pts:29.700 dur:20.000ms, clock:4.936 level:100
2025-01-02 17:04:32.840 T:5176 debug : CVideoPlayerVideo::OutputPicture - ttd:358ms pts:5.300 Clock:4.942 Level:14
2025-01-02 17:04:32.846 T:5173 debug : CVideoPlayer::ProcessVideoData size:28993 dts:29.720 pts:29.720 dur:20.000ms, clock:4.948 level:100
2025-01-02 17:04:32.859 T:5176 debug : CVideoPlayerVideo::OutputPicture - ttd:359ms pts:5.320 Clock:4.960 Level:14
2025-01-02 17:04:32.878 T:5173 debug : CVideoPlayer::ProcessVideoData size:23019 dts:29.740 pts:29.740 dur:20.000ms, clock:4.979 level:100
2025-01-02 17:04:32.882 T:5176 debug : CVideoPlayerVideo::OutputPicture - ttd:356ms pts:5.340 Clock:4.983 Level:14
2025-01-02 17:04:32.894 T:5176 debug : CVideoPlayerVideo::OutputPicture - ttd:363ms pts:5.360 Clock:4.996 Level:14
2025-01-02 17:04:32.910 T:5173 debug : CVideoPlayer::ProcessVideoData size:175743 dts:29.760 pts:29.760 dur:20.000ms, clock:5.012 level:100
2025-01-02 17:04:32.919 T:5176 debug : CVideoPlayerVideo::OutputPicture - ttd:359ms pts:5.380 Clock:5.020 Level:14
2025-01-02 17:04:32.937 T:5176 debug : CVideoPlayerVideo::OutputPicture - ttd:361ms pts:5.400 Clock:5.039 Level:14
2025-01-02 17:04:32.959 T:5176 debug : CVideoPlayerVideo::OutputPicture - ttd:359ms pts:5.420 Clock:5.060 Level:14
2025-01-02 17:04:32.981 T:5176 debug : CVideoPlayerVideo::OutputPicture - ttd:357ms pts:5.440 Clock:5.082 Level:14
2025-01-02 17:04:32.995 T:5176 debug : CVideoPlayerVideo::OutputPicture - ttd:363ms pts:5.460 Clock:5.097 Level:14
2025-01-02 17:04:33.013 T:5176 debug : CVideoPlayerVideo::OutputPicture - ttd:365ms pts:5.480 Clock:5.115 Level:14
2025-01-02 17:04:33.033 T:5176 debug : CVideoPlayerVideo::OutputPicture - ttd:365ms pts:5.500 Clock:5.134 Level:14
2025-01-02 17:04:33.057 T:5176 debug : CVideoPlayerVideo::OutputPicture - ttd:361ms pts:5.520 Clock:5.159 Level:14
2025-01-02 17:04:33.075 T:5173 debug : CVideoPlayer::ProcessVideoData size:57571 dts:29.780 pts:29.780 dur:20.000ms, clock:5.176 level:100
2025-01-02 17:04:33.076 T:5173 debug : CVideoPlayer::ProcessVideoData size:34205 dts:29.800 pts:29.800 dur:20.000ms, clock:5.178 level:100
2025-01-02 17:04:33.077 T:5173 debug : CVideoPlayer::ProcessVideoData size:26438 dts:29.820 pts:29.820 dur:20.000ms, clock:5.179 level:100
2025-01-02 17:04:33.078 T:5173 debug : CVideoPlayer::ProcessVideoData size:25896 dts:29.840 pts:29.840 dur:20.000ms, clock:5.180 level:100
2025-01-02 17:04:33.079 T:5173 debug : CVideoPlayer::ProcessVideoData size:24807 dts:29.860 pts:29.860 dur:20.000ms, clock:5.181 level:100
2025-01-02 17:04:33.079 T:5176 debug : CVideoPlayerVideo::OutputPicture - ttd:359ms pts:5.540 Clock:5.181 Level:14
2025-01-02 17:04:33.102 T:5176 debug : CVideoPlayerVideo::OutputPicture - ttd:356ms pts:5.560 Clock:5.204 Level:14
2025-01-02 17:04:33.123 T:5176 debug : CVideoPlayerVideo::OutputPicture - ttd:354ms pts:5.580 Clock:5.225 Level:14
2025-01-02 17:04:33.141 T:5176 debug : CVideoPlayerVideo::OutputPicture - ttd:357ms pts:5.600 Clock:5.242 Level:14
2025-01-02 17:04:33.159 T:5176 debug : CVideoPlayerVideo::OutputPicture - ttd:359ms pts:5.620 Clock:5.261 Level:14
2025-01-02 17:04:33.178 T:5176 debug : CVideoPlayerVideo::OutputPicture - ttd:360ms pts:5.640 Clock:5.279 Level:14
2025-01-02 17:04:33.201 T:5176 debug : CVideoPlayerVideo::OutputPicture - ttd:357ms pts:5.660 Clock:5.303 Level:14
2025-01-02 17:04:33.202 T:5173 debug : CVideoPlayer::ProcessVideoData size:33766 dts:29.880 pts:29.880 dur:20.000ms, clock:5.304 level:100
2025-01-02 17:04:33.203 T:5173 debug : CVideoPlayer::ProcessVideoData size:32350 dts:29.900 pts:29.900 dur:20.000ms, clock:5.305 level:100
2025-01-02 17:04:33.218 T:5176 debug : CVideoPlayerVideo::OutputPicture - ttd:360ms pts:5.680 Clock:5.319 Level:14
2025-01-02 17:04:33.238 T:5176 debug : CVideoPlayerVideo::OutputPicture - ttd:360ms pts:5.700 Clock:5.340 Level:14
2025-01-02 17:04:33.245 T:5173 debug : CVideoPlayer::ProcessVideoData size:24328 dts:29.920 pts:29.920 dur:20.000ms, clock:5.347 level:100
2025-01-02 17:04:33.246 T:5173 debug : CVideoPlayer::ProcessVideoData size:24656 dts:29.940 pts:29.940 dur:20.000ms, clock:5.348 level:100
2025-01-02 17:04:33.248 T:5173 debug : CVideoPlayer::ProcessVideoData size:28130 dts:29.960 pts:29.960 dur:20.000ms, clock:5.349 level:100
2025-01-02 17:04:33.248 T:5173 debug : CVideoPlayer::ProcessVideoData size:23679 dts:29.980 pts:29.980 dur:20.000ms, clock:5.350 level:100
2025-01-02 17:04:33.250 T:5173 debug : CVideoPlayer::ProcessVideoData size:30323 dts:30.000 pts:30.000 dur:20.000ms, clock:5.351 level:100
2025-01-02 17:04:33.251 T:5173 debug : CVideoPlayer::ProcessVideoData size:22347 dts:30.020 pts:30.020 dur:20.000ms, clock:5.353 level:100
2025-01-02 17:04:33.252 T:5173 debug : CVideoPlayer::ProcessVideoData size:31650 dts:30.040 pts:30.040 dur:20.000ms, clock:5.354 level:100
2025-01-02 17:04:33.260 T:5176 debug : CVideoPlayerVideo::OutputPicture - ttd:358ms pts:5.720 Clock:5.361 Level:14
2025-01-02 17:04:33.279 T:5176 debug : CVideoPlayerVideo::OutputPicture - ttd:359ms pts:5.740 Clock:5.380 Level:14
2025-01-02 17:04:33.284 T:5173 debug : CVideoPlayer::ProcessVideoData size:30207 dts:30.060 pts:30.060 dur:20.000ms, clock:5.386 level:100
2025-01-02 17:04:33.285 T:5173 debug : CVideoPlayer::ProcessVideoData size:29408 dts:30.080 pts:30.080 dur:20.000ms, clock:5.387 level:100
2025-01-02 17:04:33.299 T:5176 debug : CVideoPlayerVideo::OutputPicture - ttd:359ms pts:5.760 Clock:5.401 Level:14
2025-01-02 17:04:33.317 T:5173 debug : CVideoPlayer::ProcessVideoData size:21001 dts:30.100 pts:30.100 dur:20.000ms, clock:5.418 level:100
2025-01-02 17:04:33.319 T:5176 debug : CVideoPlayerVideo::OutputPicture - ttd:358ms pts:5.780 Clock:5.421 Level:14
2025-01-02 17:04:33.338 T:5176 debug : CVideoPlayerVideo::OutputPicture - ttd:360ms pts:5.800 Clock:5.439 Level:14
2025-01-02 17:04:33.358 T:5173 debug : CVideoPlayer::ProcessVideoData size:30245 dts:30.120 pts:30.120 dur:20.000ms, clock:5.460 level:100
2025-01-02 17:04:33.359 T:5173 debug : CVideoPlayer::ProcessVideoData size:30484 dts:30.140 pts:30.140 dur:20.000ms, clock:5.461 level:100
2025-01-02 17:04:33.361 T:5176 debug : CVideoPlayerVideo::OutputPicture - ttd:357ms pts:5.820 Clock:5.463 Level:14
2025-01-02 17:04:33.375 T:5176 debug : CVideoPlayerVideo::OutputPicture - ttd:363ms pts:5.840 Clock:5.476 Level:14
2025-01-02 17:04:33.391 T:5173 debug : CVideoPlayer::ProcessVideoData size:28186 dts:30.160 pts:30.160 dur:20.000ms, clock:5.493 level:100
2025-01-02 17:04:33.393 T:5176 debug : CVideoPlayerVideo::OutputPicture - ttd:365ms pts:5.860 Clock:5.494 Level:14
2025-01-02 17:04:33.402 T:5173 debug : CVideoPlayer::ProcessVideoData size:20730 dts:30.180 pts:30.180 dur:20.000ms, clock:5.504 level:100
2025-01-02 17:04:33.403 T:5173 debug : CVideoPlayer::ProcessVideoData size:33419 dts:30.200 pts:30.200 dur:20.000ms, clock:5.505 level:100
2025-01-02 17:04:33.412 T:5176 debug : CVideoPlayerVideo::OutputPicture - ttd:366ms pts:5.880 Clock:5.514 Level:14
2025-01-02 17:04:33.434 T:5176 debug : CVideoPlayerVideo::OutputPicture - ttd:364ms pts:5.900 Clock:5.536 Level:14
2025-01-02 17:04:33.435 T:5173 debug : CVideoPlayer::ProcessVideoData size:31613 dts:30.220 pts:30.220 dur:20.000ms, clock:5.536 level:100
2025-01-02 17:04:33.436 T:5173 debug : CVideoPlayer::ProcessVideoData size:160586 dts:30.240 pts:30.240 dur:20.000ms, clock:5.538 level:100
2025-01-02 17:04:33.458 T:5176 debug : CVideoPlayerVideo::OutputPicture - ttd:360ms pts:5.920 Clock:5.560 Level:14
2025-01-02 17:04:33.480 T:5176 debug : CVideoPlayerVideo::OutputPicture - ttd:358ms pts:5.940 Clock:5.582 Level:14
2025-01-02 17:04:33.498 T:5176 debug : CVideoPlayerVideo::OutputPicture - ttd:360ms pts:5.960 Clock:5.599 Level:14
2025-01-02 17:04:33.520 T:5176 debug : CVideoPlayerVideo::OutputPicture - ttd:358ms pts:5.980 Clock:5.622 Level:14
2025-01-02 17:04:33.538 T:5176 debug : CVideoPlayerVideo::OutputPicture - ttd:360ms pts:6.000 Clock:5.639 Level:14
2025-01-02 17:04:33.560 T:5173 debug : CVideoPlayer::ProcessVideoData size:55013 dts:30.260 pts:30.260 dur:20.000ms, clock:5.661 level:100
2025-01-02 17:04:33.561 T:5173 debug : CVideoPlayer::ProcessVideoData size:26158 dts:30.280 pts:30.280 dur:20.000ms, clock:5.663 level:100
2025-01-02 17:04:33.563 T:5173 debug : CVideoPlayer::ProcessVideoData size:25665 dts:30.300 pts:30.300 dur:20.000ms, clock:5.664 level:100
2025-01-02 17:04:33.564 T:5173 debug : CVideoPlayer::ProcessVideoData size:28198 dts:30.320 pts:30.320 dur:20.000ms, clock:5.666 level:100
2025-01-02 17:04:33.565 T:5173 debug : CVideoPlayer::ProcessVideoData size:24637 dts:30.340 pts:30.340 dur:20.000ms, clock:5.667 level:100
2025-01-02 17:04:33.566 T:5176 debug : CVideoPlayerVideo::OutputPicture - ttd:352ms pts:6.020 Clock:5.667 Level:13
2025-01-02 17:04:33.567 T:5176 debug : CVideoPlayerVideo::OutputPicture - ttd:371ms pts:6.040 Clock:5.669 Level:14
2025-01-02 17:04:33.595 T:5176 debug : CVideoPlayerVideo::OutputPicture - ttd:375ms pts:6.060 Clock:5.685 Level:14
2025-01-02 17:04:33.621 T:5176 debug : CVideoPlayerVideo::OutputPicture - ttd:357ms pts:6.080 Clock:5.722 Level:14
2025-01-02 17:04:33.643 T:5176 debug : CVideoPlayerVideo::OutputPicture - ttd:355ms pts:6.100 Clock:5.744 Level:14
2025-01-02 17:04:33.658 T:5176 debug : CVideoPlayerVideo::OutputPicture - ttd:359ms pts:6.120 Clock:5.760 Level:14
2025-01-02 17:04:33.678 T:5173 debug : CVideoPlayer::ProcessVideoData size:28467 dts:30.360 pts:30.360 dur:20.000ms, clock:5.780 level:100
2025-01-02 17:04:33.681 T:5176 debug : CalcFrameRate framerate was:100.000000 calculated:50.000000
2025-01-02 17:04:33.682 T:5176 debug : CVideoPlayerVideo::OutputPicture - ttd:356ms pts:6.140 Clock:5.783 Level:14
2025-01-02 17:04:33.700 T:5176 debug : CRenderManager::Configure - change configuration. 1920x1080. display: 1920x1080. framerate: 50.00. hdrType: none.
2025-01-02 17:04:33.974 T:5150 debug : request received for /jsonrpc
2025-01-02 17:04:33.992 T:4223 debug : DeleteRenderer - deleting renderer
2025-01-02 17:04:33.992 T:4223 info : Constructing CRendererAML
2025-01-02 17:04:33.992 T:4223 debug : CRendererAML::Configure no DV support, enabled, DV system is disabled, HDR is not used
2025-01-02 17:04:33.992 T:4223 debug : CRenderManager::Configure - 16
2025-01-02 17:04:33.993 T:5176 debug : CVideoPlayerVideo::OutputPicture - ttd:65ms pts:6.160 Clock:6.094 Level:0
2025-01-02 17:04:33.994 T:5176 debug : CVideoPlayerVideo::OutputPicture - ttd:83ms pts:6.180 Clock:6.096 Level:0
2025-01-02 17:04:33.996 T:5176 debug : CVideoPlayerVideo::OutputPicture - ttd:102ms pts:6.200 Clock:6.098 Level:1
2025-01-02 17:04:33.998 T:5176 debug : CVideoPlayerVideo::OutputPicture - ttd:120ms pts:6.220 Clock:6.099 Level:2
2025-01-02 17:04:33.999 T:5176 debug : CVideoPlayerVideo::OutputPicture - ttd:139ms pts:6.240 Clock:6.101 Level:3
2025-01-02 17:04:34.001 T:5176 debug : CVideoPlayerVideo::OutputPicture - ttd:157ms pts:6.260 Clock:6.103 Level:4
