2024-12-19 16:25:10.023 T:3983 debug : LIRC: - NEW 67 0 KEY_UP devinput (KEY_UP)
2024-12-19 16:25:10.025 T:3978 debug : HandleKey: 166 (0xa6, obc89) pressed, window 12005, action is Up
2024-12-19 16:25:10.025 T:3978 debug : CPlayerGUIInfo::InitCurrentItem(pvr://channels/tv/All%20channels@-1/1@pvr.hts_2090915555.pvr)
2024-12-19 16:25:10.027 T:3978 debug : ------ Window Init (DialogSeekBar.xml) ------
2024-12-19 16:25:10.057 T:4016 debug : script.skin.helper.widgets --> Kodi_Monitor: sender xbmc - method: Info.OnChanged - data: null
2024-12-19 16:25:10.101 T:3978 debug : CPlayerCoreFactory::GetPlayers(pvr://channels/tv/All%20channels@-1/1@pvr.hts_2090915555.pvr)
2024-12-19 16:25:10.101 T:3978 debug : CPlayerSelectionRule::GetPlayers: considering rule: system rules
2024-12-19 16:25:10.101 T:3978 debug : CPlayerSelectionRule::GetPlayers: matches rule: system rules
2024-12-19 16:25:10.101 T:3978 debug : CPlayerSelectionRule::GetPlayers: considering rule: mms/udp
2024-12-19 16:25:10.101 T:3978 debug : CPlayerSelectionRule::GetPlayers: considering rule: lastfm/shout
2024-12-19 16:25:10.101 T:3978 debug : CPlayerSelectionRule::GetPlayers: considering rule: rtmp
2024-12-19 16:25:10.101 T:3978 debug : CPlayerSelectionRule::GetPlayers: considering rule: rtsp
2024-12-19 16:25:10.101 T:3978 debug : CPlayerSelectionRule::GetPlayers: considering rule: streams
2024-12-19 16:25:10.101 T:3978 debug : CPlayerSelectionRule::GetPlayers: considering rule: dvd
2024-12-19 16:25:10.101 T:3978 debug : CPlayerSelectionRule::GetPlayers: considering rule: discimage
2024-12-19 16:25:10.101 T:3978 debug : CPlayerSelectionRule::GetPlayers: considering rule: sdp/asf
2024-12-19 16:25:10.101 T:3978 debug : CPlayerSelectionRule::GetPlayers: considering rule: nsv
2024-12-19 16:25:10.101 T:3978 debug : CPlayerSelectionRule::GetPlayers: considering rule: radio
2024-12-19 16:25:10.101 T:3978 debug : CPlayerCoreFactory::GetPlayers: matched 0 rules with players
2024-12-19 16:25:10.102 T:3978 debug : CPlayerCoreFactory::GetPlayers: adding videodefaultplayer (VideoPlayer)
2024-12-19 16:25:10.102 T:3978 debug : CPlayerCoreFactory::GetPlayers: for video=true, audio=false
2024-12-19 16:25:10.102 T:3978 debug : CPlayerCoreFactory::GetPlayers: for video=true, audio=true
2024-12-19 16:25:10.102 T:3978 debug : CPlayerCoreFactory::GetPlayers: added 1 players
2024-12-19 16:25:10.102 T:3978 info : VideoPlayer::OpenFile: pvr://channels/tv/All%20channels@-1/1@pvr.hts_2090915555.pvr
2024-12-19 16:25:10.102 T:3978 debug : ------ Window Init (Custom_1109_TopBarOverlay.xml) ------
2024-12-19 16:25:10.106 T:4015 debug : Skin Helper Service --> Kodi_Monitor: sender xbmc - method: Info.OnChanged - data: null
2024-12-19 16:25:10.117 T:3980 debug : Building didl for plain object 'pvr://channels/tv/All%20channels@-1/1@pvr.hts_1503722792.pvr' (encoded value: 'cHZyOi8vY2hhbm5lbHMvdHYvQWxsJTIwY2hhbm5lbHNALTEvMUBwdnIuaHRzXzE1MDM3MjI3OTIucHZy')
2024-12-19 16:25:10.163 T:4016 debug : script.skin.helper.widgets --> Kodi_Monitor: sender xbmc - method: Player.OnResume - data: {"item":{"channeltype":"tv","id":176,"title":"Insight TV UHD","type":"channel"},"player":{"playerid":1,"speed":1}}
2024-12-19 16:25:10.177 T:4242 debug : CVideoPlayer::FlushBuffers - flushing buffers
2024-12-19 16:25:10.177 T:4309 debug : CAMLCodec::Reset
2024-12-19 16:25:10.186 T:4308 debug : CDVDAudio::Flush - flush audio stream
2024-12-19 16:25:10.186 T:4308 debug : CDVDAudio::Pause - pausing audio stream
2024-12-19 16:25:10.189 T:3997 debug : OnPlayBackStarted: CApplication::OnPlayBackStarted
2024-12-19 16:25:10.207 T:4015 debug : Skin Helper Service --> Kodi_Monitor: sender xbmc - method: Player.OnResume - data: {"item":{"channeltype":"tv","id":176,"title":"Insight TV UHD","type":"channel"},"player":{"playerid":1,"speed":1}}
2024-12-19 16:25:10.229 T:3978 debug : CPlayerGUIInfo::InitCurrentItem(pvr://channels/tv/All%20channels@-1/1@pvr.hts_2090915555.pvr)
2024-12-19 16:25:10.229 T:3980 debug : Building didl for plain object 'pvr://channels/tv/All%20channels@-1/1@pvr.hts_2090915555.pvr' (encoded value: 'cHZyOi8vY2hhbm5lbHMvdHYvQWxsJTIwY2hhbm5lbHNALTEvMUBwdnIuaHRzXzIwOTA5MTU1NTUucHZy')
2024-12-19 16:25:10.247 T:4309 debug : CVideoPlayerVideo - CDVDMsg::GENERAL_SYNCHRONIZE
2024-12-19 16:25:10.247 T:4308 debug : CVideoPlayerAudio - CDVDMsg::GENERAL_SYNCHRONIZE
2024-12-19 16:25:10.248 T:4242 debug : CDVDClock::SetSpeedAdjust - adjusted:0.000000
2024-12-19 16:25:10.248 T:4242 debug : CInputStreamPVRChannel - ClosePVRStream - closed channel stream pvr://channels/tv/All%20channels@-1/1@pvr.hts_1503722792.pvr
2024-12-19 16:25:10.248 T:4309 debug : CAMLCodec::SetSpeed, speed(0)
2024-12-19 16:25:10.248 T:4242 info : Creating InputStream
2024-12-19 16:25:10.249 T:4242 debug : AddOnLog: pvr.hts: demux send weight 30
2024-12-19 16:25:10.251 T:4242 debug : AddOnLog: pvr.hts: demux open
2024-12-19 16:25:10.251 T:4242 debug : AddOnLog: pvr.hts: demux subscribe to 2090915555
2024-12-19 16:25:10.251 T:4242 debug : AddOnLog: pvr.hts: demux successfully subscribed to channel id 2090915555, subscription id 4
2024-12-19 16:25:10.252 T:4242 debug : AddOnLog: pvr.hts: demux open
2024-12-19 16:25:10.252 T:4242 debug : AddOnLog: pvr.hts: demux subscribe to 336401394
2024-12-19 16:25:10.253 T:4242 debug : AddOnLog: pvr.hts: demux successfully subscribed to channel id 336401394, subscription id 5
2024-12-19 16:25:10.253 T:4242 debug : CInputStreamPVRChannel - OpenPVRStream - opened channel stream pvr://channels/tv/All%20channels@-1/1@pvr.hts_2090915555.pvr
2024-12-19 16:25:10.253 T:4242 info : Creating Demuxer
2024-12-19 16:25:10.253 T:4242 info : Closing stream player 2
2024-12-19 16:25:10.253 T:4242 debug : CDVDClock::SetSpeedAdjust - adjusted:0.000000
2024-12-19 16:25:10.253 T:4242 info : waiting for video thread to exit
2024-12-19 16:25:10.254 T:4309 info : thread end: video_thread
2024-12-19 16:25:10.254 T:4309 debug : Thread VideoPlayerVideo 3796881920 terminating
2024-12-19 16:25:10.254 T:4242 info : deleting video codec
2024-12-19 16:25:10.254 T:4242 debug : DVDVideoCodecAmlogic::Close
2024-12-19 16:25:10.254 T:4242 debug : CAMLCodec::CloseDecoder
2024-12-19 16:25:10.256 T:4120 debug : Loading settings for pvr://channels/tv/All%20channels@-1/1@pvr.hts_2090915555.pvr
2024-12-19 16:25:10.258 T:4308 debug : CDVDAudio::Pause - pausing audio stream
2024-12-19 16:25:10.264 T:4016 debug : script.skin.helper.widgets --> Kodi_Monitor: sender xbmc - method: Info.OnChanged - data: null
2024-12-19 16:25:10.264 T:4016 debug : script.skin.helper.widgets --> Kodi_Monitor: sender xbmc - method: Player.OnPlay - data: {"item":{"channeltype":"tv","id":221,"title":"Love Nature 4K","type":"channel"},"player":{"playerid":1,"speed":1}}
2024-12-19 16:25:10.265 T:3978 debug : Flush - flushing renderer
2024-12-19 16:25:10.308 T:4015 debug : Skin Helper Service --> Kodi_Monitor: sender xbmc - method: Info.OnChanged - data: null
2024-12-19 16:25:10.309 T:4015 debug : Skin Helper Service --> Kodi_Monitor: sender xbmc - method: Player.OnPlay - data: {"item":{"channeltype":"tv","id":221,"title":"Love Nature 4K","type":"channel"},"player":{"playerid":1,"speed":1}}
2024-12-19 16:25:10.320 T:4242 info : Closing stream player 1
2024-12-19 16:25:10.320 T:4242 info : Waiting for audio thread to exit
2024-12-19 16:25:10.329 T:4308 info : thread end: CVideoPlayerAudio::OnExit()
2024-12-19 16:25:10.329 T:4308 debug : Thread VideoPlayerAudio 3368022528 terminating
2024-12-19 16:25:10.329 T:4242 info : Closing audio device
2024-12-19 16:25:10.329 T:4242 debug : CDVDAudio::Flush - flush audio stream
2024-12-19 16:25:10.330 T:3992 debug : CActiveAE::DiscardStream - audio stream deleted
2024-12-19 16:25:10.330 T:3992 debug : CActiveAE::ClearDiscardedBuffers - buffer pool deleted
2024-12-19 16:25:10.332 T:4242 info : Skipped 2 duplicate messages..
2024-12-19 16:25:10.332 T:4242 info : Deleting audio codec
2024-12-19 16:25:10.333 T:4242 debug : CDVDClock::SetSpeedAdjust - adjusted:0.000000
2024-12-19 16:25:10.407 T:3982 debug : Sink changed
2024-12-19 16:25:10.407 T:3993 info : CActiveAESink::OpenSink - initialize sink
2024-12-19 16:25:10.424 T:3993 debug : CActiveAESink::OpenSink - trying to open device PULSE:alsa_output.default
2024-12-19 16:25:10.428 T:3993 debug : PulseAudio: Context authorizing
2024-12-19 16:25:10.430 T:3993 debug : PulseAudio: Context setting name
2024-12-19 16:25:10.431 T:3993 debug : PulseAudio: Context ready
2024-12-19 16:25:10.465 T:3982 debug : Sink changed
2024-12-19 16:25:10.466 T:3993 debug : PulseAudio: Stream ready
2024-12-19 16:25:10.466 T:3993 info : PulseAudio: Opened device alsa_output.default in pcm mode with Buffersize 150 ms Periodsize 50 ms
2024-12-19 16:25:10.468 T:3982 debug : Sink changed
2024-12-19 16:25:10.468 T:3993 debug : CActiveAESink::OpenSink - PULSE Initialized:
2024-12-19 16:25:10.469 T:3993 debug : Output Device : Built-in Audio
2024-12-19 16:25:10.469 T:3993 debug : Sample Rate : 44100
2024-12-19 16:25:10.469 T:3993 debug : Sample Format : AE_FMT_FLOAT
2024-12-19 16:25:10.469 T:3993 debug : Channel Count : 2
2024-12-19 16:25:10.469 T:3993 debug : Channel Layout: FL, FR
2024-12-19 16:25:10.469 T:3993 debug : Frames : 2205
2024-12-19 16:25:10.469 T:3993 debug : Frame Size : 8
2024-12-19 16:25:10.469 T:3992 debug : CActiveAE::ClearDiscardedBuffers - buffer pool deleted
2024-12-19 16:25:14.652 T:4036 info : Skipped 1 duplicate messages..
2024-12-19 16:25:14.652 T:4036 debug : AddOnLog: pvr.hts: demux subscription start
2024-12-19 16:25:14.652 T:4036 debug : AddOnLog: pvr.hts: id: 1001, type HEVC, codec: 173
2024-12-19 16:25:14.652 T:4036 debug : AddOnLog: pvr.hts: id: 1002, type MPEG2AUDIO, codec: 86016
2024-12-19 16:25:14.652 T:4036 debug : AddOnLog: pvr.hts: id: 1022, type DVBSUB, codec: 94209
2024-12-19 16:25:14.652 T:4036 debug : AddOnLog: pvr.hts: demux stream change
2024-12-19 16:25:14.656 T:4242 debug : CDVDDemuxClient::RequestStream(): added/updated stream 1001 with codec_id 173
2024-12-19 16:25:14.656 T:4242 debug : CDVDDemuxClient::RequestStream(): added/updated stream 1002 with codec_id 86016
2024-12-19 16:25:14.656 T:4242 debug : CDVDDemuxClient::RequestStream(): added/updated stream 1022 with codec_id 94209
2024-12-19 16:25:14.656 T:4242 info : Opening stream: 1001 source: 256
2024-12-19 16:25:14.656 T:4242 error : OpenStream: Codec id 173 require extradata.
2024-12-19 16:25:14.656 T:4242 warning : OpenStream - Unsupported stream 1001. Stream disabled.
2024-12-19 16:25:14.656 T:4242 info : Opening stream: 1002 source: 256
2024-12-19 16:25:14.656 T:4242 info : Finding audio codec for: 86016
2024-12-19 16:25:14.656 T:4242 info : CDVDAudioCodecFFmpeg::Open() Successful opened audio decoder mp2
2024-12-19 16:25:14.657 T:4242 info : OpenStream: Allowing max Out-Of-Sync Value of 50 ms
2024-12-19 16:25:14.657 T:4242 info : Creating audio thread
2024-12-19 16:25:14.657 T:4393 debug : Thread VideoPlayerAudio start, auto delete: false
2024-12-19 16:25:14.657 T:4393 info : running thread: CVideoPlayerAudio::Process()
2024-12-19 16:25:14.657 T:4393 debug : CVideoPlayerAudio - CDVDMsg::GENERAL_PAUSE: false
2024-12-19 16:25:14.657 T:4242 info : Opening stream: 1022 source: 256
2024-12-19 16:25:14.658 T:4242 debug : Created subtitles overlay codec: FFmpeg Subtitle Decoder
2024-12-19 16:25:14.658 T:4242 debug : CVideoPlayer::HandleMessages - player 1 reported state: 0
2024-12-19 16:25:14.658 T:4120 debug : OnAVChange: CApplication::OnAVChange
2024-12-19 16:25:14.658 T:4242 debug : VideoPlayer:Speed adjust:-0.05 aq:0
2024-12-19 16:25:14.658 T:4242 debug : CDVDClock::SetSpeedAdjust - adjusted:-0.050000
2024-12-19 16:25:14.658 T:4242 debug : CDVDDemuxClient::ParsePacket - (1002) samplerate changed from 3 to 48000
2024-12-19 16:25:14.663 T:4242 debug : GetPacketExtradata: fetching extradata, extradata_size(129)
2024-12-19 16:25:14.664 T:4242 debug : CDVDDemuxClient::ParsePacket - split extradata
2024-12-19 16:25:14.753 T:4015 debug : Skin Helper Service --> Kodi_Monitor: sender xbmc - method: Player.OnAVChange - data: {"item":{"channeltype":"tv","id":221,"title":"Love Nature 4K","type":"channel"},"player":{"playerid":1,"speed":1}}
2024-12-19 16:25:14.770 T:4016 debug : script.skin.helper.widgets --> Kodi_Monitor: sender xbmc - method: Player.OnAVChange - data: {"item":{"channeltype":"tv","id":221,"title":"Love Nature 4K","type":"channel"},"player":{"playerid":1,"speed":1}}
2024-12-19 16:25:15.234 T:4242 debug : CDVDDemuxClient::ParsePacket - (1001) profile changed from -99 to 2
2024-12-19 16:25:15.234 T:4242 debug : CDVDDemuxClient::ParsePacket - (1001) level changed from -99 to 153
2024-12-19 16:25:15.234 T:4242 debug : CDVDDemuxClient::ParsePacket - (1001) aspect changed from 0 to 1.7777777777777777
2024-12-19 16:25:15.234 T:4242 debug : CDVDDemuxClient::ParsePacket - (1001) fps changed from 1000000/40000 to 50/1
2024-12-19 16:25:15.234 T:4242 debug : CDVDDemuxClient::RequestStream(): added/updated stream 1001 with codec_id 173
2024-12-19 16:25:15.234 T:4242 debug : CDVDDemuxClient::RequestStream(): added/updated stream 1002 with codec_id 86016
2024-12-19 16:25:15.235 T:4242 debug : CDVDDemuxClient::RequestStream(): added/updated stream 1022 with codec_id 94209
2024-12-19 16:25:15.235 T:4242 info : Opening stream: 1001 source: 256
2024-12-19 16:25:15.235 T:4242 info : Creating video codec with codec id: 173
2024-12-19 16:25:15.235 T:4242 debug : DVDVideoCodecAmlogic::Open - codec 173 profile:2 extra_size:129 fps:50/1
2024-12-19 16:25:15.235 T:4242 info : CBitstreamConverter::Open Invalid hvcC
2024-12-19 16:25:15.235 T:4242 info : DVDVideoCodecAmlogic: Opened Amlogic Codec
2024-12-19 16:25:15.235 T:4242 debug : CVideoPlayerVideo::OpenStream - open stream with codec id: 173 fps:50/1 options:02
2024-12-19 16:25:15.235 T:4242 info : Creating video thread
2024-12-19 16:25:15.235 T:4396 debug : Thread VideoPlayerVideo start, auto delete: false
2024-12-19 16:25:15.236 T:4396 info : running thread: video_thread
2024-12-19 16:25:15.236 T:4396 debug : CVideoPlayerVideo - CDVDMsg::GENERAL_PAUSE: false
2024-12-19 16:25:15.236 T:4242 info : Opening stream: 1002 source: 256
2024-12-19 16:25:15.236 T:4242 info : Finding audio codec for: 86016
2024-12-19 16:25:15.236 T:4242 info : CDVDAudioCodecFFmpeg::Open() Successful opened audio decoder mp2
2024-12-19 16:25:15.236 T:4242 info : Opening stream: 1022 source: 256
2024-12-19 16:25:15.236 T:4242 debug : CVideoPlayer::HandleMessages - player 2 reported state: 0
2024-12-19 16:25:15.236 T:4242 debug : CVideoPlayer::ProcessVideoData size:408180 dts:1.904 pts:1.984 dur:40.000ms, clock:4.954 level:0
2024-12-19 16:25:15.236 T:4396 debug : CVideoPlayerVideo - Stillframe left, switching to normal playback
2024-12-19 16:25:15.237 T:4396 info : CDVDVideoCodecAmlogic::AddData: Open decoder: fps:50/1
2024-12-19 16:25:15.237 T:4242 debug : CVideoPlayer::ProcessVideoData size:241117 dts:1.924 pts:2.144 dur:40.000ms, clock:4.954 level:0
2024-12-19 16:25:15.237 T:4396 debug : codecid_to_vformat, id(173) -> vformat(11)
2024-12-19 16:25:15.237 T:4396 debug : codec_tag_to_vdec_type, codec_tag(173) -> vdec_type(15)
2024-12-19 16:25:15.237 T:4396 debug : CAMLCodec::OpenDecoder hints.width(3840), hints.height(2160), hints.codec(173), hints.codec_tag(0)
2024-12-19 16:25:15.237 T:4242 debug : CVideoPlayer::ProcessVideoData size:62787 dts:1.944 pts:2.064 dur:40.000ms, clock:4.955 level:0
2024-12-19 16:25:15.237 T:4396 debug : CAMLCodec::OpenDecoder hints.fpsrate(50), hints.fpsscale(1), video_rate(1920)
2024-12-19 16:25:15.237 T:4396 debug : CAMLCodec::OpenDecoder hints.aspect(1.777778), video_ratio.num(1), video_ratio.den(1)
2024-12-19 16:25:15.237 T:4396 debug : CAMLCodec::OpenDecoder hints.orientation(0), hints.forced_aspect(0), hints.extrasize(0)
2024-12-19 16:25:15.237 T:4396 debug : CAMLCodec::OpenDecoder decoder timeout: 5s
2024-12-19 16:25:15.237 T:4396 info : CAMLCodec::OpenDecoder Amlogic device does not support DV, DV is enabled by user, display does not support DV, DV system is disabled
2024-12-19 16:25:15.237 T:4242 debug : CVideoPlayer::ProcessVideoData size:58456 dts:1.964 pts:2.024 dur:40.000ms, clock:4.955 level:1
2024-12-19 16:25:15.237 T:4242 debug : CVideoPlayer::ProcessVideoData size:152 dts:1.984 pts:2.004 dur:40.000ms, clock:4.955 level:1
2024-12-19 16:25:15.237 T:4242 debug : CVideoPlayer::ProcessVideoData size:153 dts:2.004 pts:2.044 dur:40.000ms, clock:4.955 level:1
2024-12-19 16:25:15.237 T:4242 debug : CVideoPlayer::ProcessVideoData size:10294 dts:2.024 pts:2.104 dur:40.000ms, clock:4.955 level:1
2024-12-19 16:25:15.237 T:4242 debug : CVideoPlayer::ProcessVideoData size:142 dts:2.044 pts:2.084 dur:40.000ms, clock:4.955 level:2
2024-12-19 16:25:15.238 T:4242 debug : CVideoPlayer::ProcessVideoData size:142 dts:2.064 pts:2.124 dur:40.000ms, clock:4.955 level:2
2024-12-19 16:25:15.238 T:4242 debug : CVideoPlayer::ProcessVideoData size:20388 dts:2.084 pts:2.304 dur:40.000ms, clock:4.955 level:2
2024-12-19 16:25:15.238 T:4242 debug : CVideoPlayer::ProcessVideoData size:4912 dts:2.104 pts:2.224 dur:40.000ms, clock:4.955 level:2
2024-12-19 16:25:15.238 T:4242 debug : CVideoPlayer::ProcessVideoData size:2874 dts:2.124 pts:2.184 dur:40.000ms, clock:4.956 level:3
2024-12-19 16:25:15.238 T:4242 debug : CVideoPlayer::ProcessVideoData size:136 dts:2.144 pts:2.164 dur:40.000ms, clock:4.956 level:3
2024-12-19 16:25:15.238 T:4242 debug : CVideoPlayer::ProcessVideoData size:136 dts:2.164 pts:2.204 dur:40.000ms, clock:4.956 level:3
2024-12-19 16:25:15.238 T:4242 debug : CVideoPlayer::ProcessVideoData size:3633 dts:2.184 pts:2.264 dur:40.000ms, clock:4.956 level:3
2024-12-19 16:25:15.239 T:4242 debug : CVideoPlayer::ProcessVideoData size:136 dts:2.204 pts:2.244 dur:40.000ms, clock:4.956 level:4
2024-12-19 16:25:15.239 T:4242 debug : CVideoPlayer::ProcessVideoData size:136 dts:2.224 pts:2.284 dur:40.000ms, clock:4.956 level:4
2024-12-19 16:25:15.239 T:4242 debug : CVideoPlayer::ProcessVideoData size:27849 dts:2.244 pts:2.464 dur:40.000ms, clock:4.957 level:4
2024-12-19 16:25:15.240 T:4242 debug : CVideoPlayer::ProcessVideoData size:9438 dts:2.264 pts:2.384 dur:40.000ms, clock:4.957 level:4
2024-12-19 16:25:15.240 T:4242 debug : CVideoPlayer::ProcessVideoData size:6834 dts:2.284 pts:2.344 dur:40.000ms, clock:4.957 level:5
2024-12-19 16:25:15.240 T:4242 debug : CVideoPlayer::ProcessVideoData size:137 dts:2.304 pts:2.324 dur:40.000ms, clock:4.957 level:5
2024-12-19 16:25:15.240 T:4242 debug : CVideoPlayer::ProcessVideoData size:137 dts:2.324 pts:2.364 dur:40.000ms, clock:4.958 level:5
2024-12-19 16:25:15.240 T:4242 debug : CVideoPlayer::ProcessVideoData size:7026 dts:2.344 pts:2.424 dur:40.000ms, clock:4.958 level:5
2024-12-19 16:25:15.241 T:4242 debug : CVideoPlayer::ProcessVideoData size:137 dts:2.364 pts:2.404 dur:40.000ms, clock:4.958 level:6
2024-12-19 16:25:15.241 T:4242 debug : CVideoPlayer::ProcessVideoData size:137 dts:2.384 pts:2.444 dur:40.000ms, clock:4.958 level:6
2024-12-19 16:25:15.241 T:4242 debug : CVideoPlayer::ProcessVideoData size:49261 dts:2.404 pts:2.624 dur:40.000ms, clock:4.958 level:6
2024-12-19 16:25:15.241 T:4242 debug : CVideoPlayer::ProcessVideoData size:17674 dts:2.424 pts:2.544 dur:40.000ms, clock:4.959 level:6
2024-12-19 16:25:15.241 T:4242 debug : CVideoPlayer::ProcessVideoData size:16293 dts:2.444 pts:2.504 dur:40.000ms, clock:4.959 level:7
2024-12-19 16:25:15.242 T:4242 debug : CVideoPlayer::ProcessVideoData size:142 dts:2.464 pts:2.484 dur:40.000ms, clock:4.959 level:7
2024-12-19 16:25:15.242 T:4242 debug : CVideoPlayer::ProcessVideoData size:26998 dts:2.484 pts:2.524 dur:40.000ms, clock:4.959 level:7
2024-12-19 16:25:15.242 T:4242 debug : CVideoPlayer::ProcessVideoData size:33749 dts:2.504 pts:2.584 dur:40.000ms, clock:4.960 level:7
2024-12-19 16:25:15.242 T:4242 debug : CVideoPlayer::ProcessVideoData size:33749 dts:2.524 pts:2.564 dur:40.000ms, clock:4.960 level:8
2024-12-19 16:25:15.242 T:4242 debug : CVideoPlayer::ProcessVideoData size:33749 dts:2.544 pts:2.604 dur:40.000ms, clock:4.960 level:8
2024-12-19 16:25:15.243 T:4242 debug : CVideoPlayer::ProcessVideoData size:95103 dts:2.564 pts:2.784 dur:40.000ms, clock:4.960 level:8
2024-12-19 16:25:15.243 T:4242 debug : CVideoPlayer::ProcessVideoData size:39220 dts:2.584 pts:2.704 dur:40.000ms, clock:4.961 level:8
2024-12-19 16:25:15.243 T:4242 debug : CVideoPlayer::ProcessVideoData size:35591 dts:2.604 pts:2.664 dur:40.000ms, clock:4.961 level:9
2024-12-19 16:25:15.244 T:4242 debug : CVideoPlayer::ProcessVideoData size:146 dts:2.624 pts:2.644 dur:40.000ms, clock:4.961 level:9
2024-12-19 16:25:15.244 T:4242 debug : CVideoPlayer::ProcessVideoData size:146 dts:2.644 pts:2.684 dur:40.000ms, clock:4.961 level:9
2024-12-19 16:25:15.244 T:4242 debug : CVideoPlayer::ProcessVideoData size:32286 dts:2.664 pts:2.744 dur:40.000ms, clock:4.962 level:9
2024-12-19 16:25:15.245 T:4242 debug : CVideoPlayer::ProcessVideoData size:33749 dts:2.684 pts:2.724 dur:40.000ms, clock:4.962 level:10
2024-12-19 16:25:15.245 T:4393 debug : CVideoPlayerAudio - CDVDMsg::GENERAL_PAUSE: false
2024-12-19 16:25:15.246 T:4393 info : OpenStream: Allowing max Out-Of-Sync Value of 50 ms
2024-12-19 16:25:15.246 T:4393 info : Creating audio stream (codec id: 86016, channels: 2, sample rate: 48000, no pass-through)
2024-12-19 16:25:15.248 T:4393 debug : CVideoPlayerAudio:: synctype set to 0: clock feedback
2024-12-19 16:25:15.248 T:3993 info : CActiveAESink::OpenSink - initialize sink
2024-12-19 16:25:15.249 T:3993 debug : CActiveAESink::OpenSink - trying to open device PULSE:alsa_output.default
2024-12-19 16:25:15.253 T:3993 debug : PulseAudio: Context authorizing
2024-12-19 16:25:15.255 T:3993 debug : PulseAudio: Context setting name
2024-12-19 16:25:15.256 T:3993 debug : PulseAudio: Context ready
2024-12-19 16:25:15.256 T:3993 debug : PULSE does not support format: AE_FMT_FLOATP - will fallback to AE_FMT_FLOAT
2024-12-19 16:25:15.269 T:4242 debug : CVideoPlayer::HandleMessages - player 1 reported state: 0
2024-12-19 16:25:15.270 T:4130 debug : OnAVChange: CApplication::OnAVChange
2024-12-19 16:25:15.270 T:4242 debug : VideoPlayer:Speed adjust:0.0 aq:7
2024-12-19 16:25:15.270 T:4242 debug : CDVDClock::SetSpeedAdjust - adjusted:0.000000
2024-12-19 16:25:15.270 T:4242 debug : CVideoPlayer::ProcessVideoData size:33749 dts:2.704 pts:2.764 dur:40.000ms, clock:4.986 level:10
2024-12-19 16:25:15.280 T:4396 debug : CVideoPlayerVideo::OutputPicture - ttd:-3011ms pts:1.984 Clock:4.996 Level:0
2024-12-19 16:25:15.294 T:3982 debug : Sink changed
2024-12-19 16:25:15.295 T:3993 debug : PulseAudio: Stream ready
2024-12-19 16:25:15.295 T:3993 info : PulseAudio: Opened device alsa_output.default in pcm mode with Buffersize 150 ms Periodsize 50 ms
2024-12-19 16:25:15.297 T:3982 debug : Sink changed
2024-12-19 16:25:15.297 T:3993 debug : CActiveAESink::OpenSink - PULSE Initialized:
2024-12-19 16:25:15.297 T:3993 debug : Output Device : Built-in Audio
2024-12-19 16:25:15.297 T:3993 debug : Sample Rate : 48000
2024-12-19 16:25:15.297 T:3993 debug : Sample Format : AE_FMT_FLOAT
2024-12-19 16:25:15.297 T:3993 debug : Channel Count : 2
2024-12-19 16:25:15.297 T:3993 debug : Channel Layout: FL, FR
2024-12-19 16:25:15.297 T:3993 debug : Frames : 2400
2024-12-19 16:25:15.297 T:3993 debug : Frame Size : 8
2024-12-19 16:25:15.299 T:3992 debug : CActiveAE::ClearDiscardedBuffers - buffer pool deleted
2024-12-19 16:25:15.301 T:3982 info : Skipped 1 duplicate messages..
2024-12-19 16:25:15.301 T:3982 debug : Sink changed
2024-12-19 16:25:15.304 T:3978 debug : CAMLCodec::SetVideoRect:display(0,0,3840,2160)
2024-12-19 16:25:15.305 T:3978 debug : CAMLCodec::SetVideoRect:gui(0,0,1920,1080)
2024-12-19 16:25:15.305 T:3978 debug : CAMLCodec::SetVideoRect:m_dst_rect(0,0,1920,1080)
2024-12-19 16:25:15.305 T:3978 debug : CAMLCodec::SetVideoRect:dst_rect(0,0,3840,2160)
2024-12-19 16:25:15.305 T:3978 debug : CAMLCodec::SetVideoRect:m_guiStereoMode(0)
2024-12-19 16:25:15.305 T:3978 debug : CAMLCodec::SetVideoRect:m_guiStereoView(0)
2024-12-19 16:25:15.312 T:3978 info : [WHITELIST] Searching the whitelist for: width: 3840, height: 2160, fps: 50.000, 3D: false:(0x4), stereo mode: 0
2024-12-19 16:25:15.313 T:3978 debug : [WHITELIST] Using the default whitelist because the user whitelist is empty
2024-12-19 16:25:15.313 T:3978 debug : [WHITELIST] Searching for an exact resolution with an exact refresh rate
2024-12-19 16:25:15.313 T:3978 debug : [WHITELIST] Matched an exact resolution with an exact refresh rate 3840x2160 @ 50.00 - Full Screen, 0x4 (16)
2024-12-19 16:25:15.314 T:3978 info : Skipped 1 duplicate messages..
2024-12-19 16:25:15.314 T:3978 debug : [WHITELIST] Searching for an exact resolution with double the refresh rate
2024-12-19 16:25:15.315 T:3978 info : Display resolution ADJUST : 3840x2160 @ 50.00 - Full Screen (16) (weight: 0.000)
2024-12-19 16:25:15.316 T:3978 debug : CWinSystemAmlogicGLESContext::CreateNewWindow: m_bWindowCreated: true, frac rate 0(0), hdrType: none(none), force mode switch: false
2024-12-19 16:25:15.317 T:3978 debug : CWinSystemAmlogicGLESContext::CreateNewWindow: cur: iWidth: 1920, iHeight: 1080, iScreenWidth: 3840, iScreenHeight: 2160, fRefreshRate: 50.00, dwFlags: 04
2024-12-19 16:25:15.317 T:3978 debug : CWinSystemAmlogicGLESContext::CreateNewWindow: res: iWidth: 1920, iHeight: 1080, iScreenWidth: 3840, iScreenHeight: 2160, fRefreshRate: 50.00, dwFlags: 04
2024-12-19 16:25:15.317 T:3978 debug : CWinSystemAmlogicGLESContext::CreateNewWindow: No need to create a new window
2024-12-19 16:25:15.317 T:3978 info : GLES: Maximum texture width: 4096
2024-12-19 16:25:15.318 T:3978 debug : CRenderManager::UpdateLatencyTweak - got latency weak of 0.0ms with a refresh rate of 50.000Hz and resolution of 2160
2024-12-19 16:25:15.338 T:4242 debug : CVideoPlayer::HandleMessages - player started 2
2024-12-19 16:25:15.338 T:4242 debug : CVideoPlayer::HandleMessages - player started 1
2024-12-19 16:25:15.338 T:3997 debug : OnAVChange: CApplication::OnAVChange
2024-12-19 16:25:15.338 T:4242 debug : VideoPlayer::Sync - Audio - pts: 2.232, cache: 0.454, totalcache: 0.750, packets:28 level:5
2024-12-19 16:25:15.338 T:4242 debug : VideoPlayer::Sync - Video - pts: 2.004, cache: 0.050, totalcache: 0.100, packets:41 level:9
2024-12-19 16:25:15.338 T:4120 debug : OnAVChange: CApplication::OnAVChange
2024-12-19 16:25:15.339 T:4130 debug : OnAVStarted: CApplication::OnAVStarted
2024-12-19 16:25:15.339 T:3992 debug : ActiveAE - start sync of audio stream
2024-12-19 16:25:15.339 T:4396 debug : CVideoPlayerVideo - CDVDMsg::GENERAL_RESYNC(777636.368563)
2024-12-19 16:25:15.339 T:4393 debug : CDVDAudio::Resume - resume audio stream
2024-12-19 16:25:15.339 T:4396 debug : CVideoPlayerVideo - OUTPUT_AGAIN - vfmt, interlace should be checked.
2024-12-19 16:25:15.340 T:4396 debug : CVideoPlayerVideo - CDVDMsg::DEMUXER_PACKET - checking interlace vfmt: null
2024-12-19 16:25:15.355 T:4242 info : Skipped 3 duplicate messages..
2024-12-19 16:25:15.355 T:4242 debug : CVideoPlayer::ProcessVideoData size:143292 dts:2.724 pts:2.944 dur:40.000ms, clock:0.794 level:0
2024-12-19 16:25:15.355 T:4015 debug : Skin Helper Service --> Kodi_Monitor: sender xbmc - method: Player.OnAVChange - data: {"item":{"channeltype":"tv","id":221,"title":"Love Nature 4K","type":"channel"},"player":{"playerid":1,"speed":1}}
2024-12-19 16:25:15.358 T:4015 info : Skipped 2 duplicate messages..
2024-12-19 16:25:15.358 T:4015 debug : Skin Helper Service --> Kodi_Monitor: sender xbmc - method: Player.OnAVStart - data: {"item":{"channeltype":"tv","id":221,"title":"Love Nature 4K","type":"channel"},"player":{"playerid":1,"speed":1}}
2024-12-19 16:25:15.372 T:4016 debug : script.skin.helper.widgets --> Kodi_Monitor: sender xbmc - method: Player.OnAVChange - data: {"item":{"channeltype":"tv","id":221,"title":"Love Nature 4K","type":"channel"},"player":{"playerid":1,"speed":1}}
2024-12-19 16:25:15.373 T:4016 info : Skipped 2 duplicate messages..
2024-12-19 16:25:15.373 T:4016 debug : script.skin.helper.widgets --> Kodi_Monitor: sender xbmc - method: Player.OnAVStart - data: {"item":{"channeltype":"tv","id":221,"title":"Love Nature 4K","type":"channel"},"player":{"playerid":1,"speed":1}}
2024-12-19 16:25:15.374 T:4396 debug : CVideoPlayerVideo::OutputPicture - ttd:1190ms pts:2.004 Clock:0.813 Level:0
2024-12-19 16:25:15.379 T:4242 debug : CVideoPlayer::ProcessVideoData size:57639 dts:2.744 pts:2.864 dur:40.000ms, clock:0.818 level:0
2024-12-19 16:25:15.386 T:4396 debug : CVideoPlayerVideo::OutputPicture - ttd:1198ms pts:2.024 Clock:0.825 Level:1
2024-12-19 16:25:15.401 T:4396 debug : CVideoPlayerVideo::OutputPicture - ttd:1204ms pts:2.044 Clock:0.840 Level:2
2024-12-19 16:25:15.413 T:4242 debug : CVideoPlayer::ProcessVideoData size:54623 dts:2.764 pts:2.824 dur:40.000ms, clock:0.852 level:1
2024-12-19 16:25:15.414 T:4242 debug : CVideoPlayer::ProcessVideoData size:152 dts:2.784 pts:2.804 dur:40.000ms, clock:0.853 level:1
2024-12-19 16:25:15.414 T:4242 debug : CVideoPlayer::ProcessVideoData size:153 dts:2.804 pts:2.844 dur:40.000ms, clock:0.853 level:1
2024-12-19 16:25:15.417 T:4396 debug : CVideoPlayerVideo::OutputPicture - ttd:1208ms pts:2.064 Clock:0.856 Level:3
2024-12-19 16:25:15.430 T:4396 debug : CVideoPlayerVideo::OutputPicture - ttd:1214ms pts:2.084 Clock:0.869 Level:4
2024-12-19 16:25:15.436 T:4242 debug : CVideoPlayer::ProcessVideoData size:42964 dts:2.824 pts:2.904 dur:40.000ms, clock:0.875 level:1
2024-12-19 16:25:15.436 T:4242 debug : CVideoPlayer::ProcessVideoData size:153 dts:2.844 pts:2.884 dur:40.000ms, clock:0.875 level:1
2024-12-19 16:25:15.436 T:4242 debug : CVideoPlayer::ProcessVideoData size:153 dts:2.864 pts:2.924 dur:40.000ms, clock:0.876 level:2
2024-12-19 16:25:15.444 T:4396 debug : CVideoPlayerVideo::OutputPicture - ttd:1220ms pts:2.104 Clock:0.884 Level:5
2024-12-19 16:25:15.458 T:3992 debug : ActiveAE::SyncStream - average error of 983.681152, start adjusting
2024-12-19 16:25:15.459 T:4396 debug : CVideoPlayerVideo::OutputPicture - ttd:1225ms pts:2.124 Clock:0.898 Level:6
2024-12-19 16:25:15.569 T:3978 debug : ------ Window Deinit (DialogSeekBar.xml) ------
2024-12-19 16:25:15.572 T:4242 debug : CVideoPlayer::ProcessVideoData size:221948 dts:2.884 pts:3.104 dur:40.000ms, clock:1.011 level:2
2024-12-19 16:25:15.588 T:3978 debug : ------ Window Deinit (Custom_1109_TopBarOverlay.xml) ------
2024-12-19 16:25:15.622 T:4242 debug : CVideoPlayer::ProcessVideoData size:107494 dts:2.904 pts:3.024 dur:40.000ms, clock:1.061 level:2
2024-12-19 16:25:15.675 T:4242 debug : CVideoPlayer::ProcessVideoData size:90147 dts:2.924 pts:2.984 dur:40.000ms, clock:1.114 level:2
2024-12-19 16:25:15.675 T:4242 debug : CVideoPlayer::ProcessVideoData size:158 dts:2.944 pts:2.964 dur:40.000ms, clock:1.114 level:3
2024-12-19 16:25:15.675 T:4242 debug : CVideoPlayer::ProcessVideoData size:159 dts:2.964 pts:3.004 dur:40.000ms, clock:1.114 level:3
2024-12-19 16:25:15.726 T:4242 debug : CVideoPlayer::ProcessVideoData size:77917 dts:2.984 pts:3.064 dur:40.000ms, clock:1.165 level:3
2024-12-19 16:25:15.726 T:4242 debug : CVideoPlayer::ProcessVideoData size:158 dts:3.004 pts:3.044 dur:40.000ms, clock:1.165 level:3
2024-12-19 16:25:15.726 T:4242 debug : CVideoPlayer::ProcessVideoData size:158 dts:3.024 pts:3.084 dur:40.000ms, clock:1.165 level:4
2024-12-19 16:25:15.815 T:4242 debug : CVideoPlayer::ProcessVideoData size:167232 dts:3.044 pts:3.264 dur:40.000ms, clock:1.254 level:4
2024-12-19 16:25:15.854 T:4242 debug : CVideoPlayer::ProcessVideoData size:71575 dts:3.064 pts:3.184 dur:40.000ms, clock:1.293 level:4
2024-12-19 16:25:15.878 T:4242 debug : CVideoPlayer::ProcessVideoData size:46768 dts:3.084 pts:3.144 dur:40.000ms, clock:1.317 level:4
2024-12-19 16:25:15.878 T:4242 debug : CVideoPlayer::ProcessVideoData size:154 dts:3.104 pts:3.124 dur:40.000ms, clock:1.317 level:5
2024-12-19 16:25:15.878 T:4242 debug : CVideoPlayer::ProcessVideoData size:154 dts:3.124 pts:3.164 dur:40.000ms, clock:1.318 level:5
2024-12-19 16:25:15.917 T:4242 debug : CVideoPlayer::ProcessVideoData size:68156 dts:3.144 pts:3.224 dur:40.000ms, clock:1.356 level:5
2024-12-19 16:25:15.918 T:4242 debug : CVideoPlayer::ProcessVideoData size:154 dts:3.164 pts:3.204 dur:40.000ms, clock:1.357 level:5
2024-12-19 16:25:15.918 T:4242 debug : CVideoPlayer::ProcessVideoData size:153 dts:3.184 pts:3.244 dur:40.000ms, clock:1.357 level:6
2024-12-19 16:25:15.943 T:4242 debug : CVideoPlayer::ProcessVideoData size:54396 dts:3.204 pts:3.424 dur:40.000ms, clock:1.382 level:6
2024-12-19 16:25:15.955 T:4242 debug : CVideoPlayer::ProcessVideoData size:20345 dts:3.224 pts:3.344 dur:40.000ms, clock:1.394 level:6
2024-12-19 16:25:15.970 T:4242 debug : CVideoPlayer::ProcessVideoData size:18926 dts:3.244 pts:3.304 dur:40.000ms, clock:1.409 level:6
2024-12-19 16:25:15.971 T:4242 debug : CVideoPlayer::ProcessVideoData size:145 dts:3.264 pts:3.284 dur:40.000ms, clock:1.410 level:7
2024-12-19 16:25:15.971 T:4242 debug : CVideoPlayer::ProcessVideoData size:145 dts:3.284 pts:3.324 dur:40.000ms, clock:1.410 level:7
2024-12-19 16:25:15.982 T:4242 debug : CVideoPlayer::ProcessVideoData size:17102 dts:3.304 pts:3.384 dur:40.000ms, clock:1.421 level:7
2024-12-19 16:25:15.982 T:4242 debug : CVideoPlayer::ProcessVideoData size:145 dts:3.324 pts:3.364 dur:40.000ms, clock:1.421 level:7
2024-12-19 16:25:15.982 T:4242 debug : CVideoPlayer::ProcessVideoData size:145 dts:3.344 pts:3.404 dur:40.000ms, clock:1.421 level:8
2024-12-19 16:25:16.009 T:4032 debug : AddOnLog: pvr.hts: demux unsubscribe from 1503722792
2024-12-19 16:25:16.010 T:4032 debug : AddOnLog: pvr.hts: demux successfully unsubscribed from channel id 1503722792, subscription id 3
2024-12-19 16:25:16.010 T:4032 debug : AddOnLog: pvr.hts: demux close
2024-12-19 16:25:16.010 T:4032 debug : AddOnLog: pvr.hts: demux unsubscribe from 336401394
2024-12-19 16:25:16.011 T:4032 debug : AddOnLog: pvr.hts: demux successfully unsubscribed from channel id 336401394, subscription id 5
2024-12-19 16:25:16.011 T:4032 debug : AddOnLog: pvr.hts: demux close
2024-12-19 16:25:16.042 T:4242 debug : CVideoPlayer::ProcessVideoData size:88810 dts:3.364 pts:3.584 dur:40.000ms, clock:1.481 level:8
2024-12-19 16:25:16.054 T:4242 debug : CVideoPlayer::ProcessVideoData size:34632 dts:3.384 pts:3.504 dur:40.000ms, clock:1.493 level:8
2024-12-19 16:25:16.081 T:4242 debug : CVideoPlayer::ProcessVideoData size:31331 dts:3.404 pts:3.464 dur:40.000ms, clock:1.520 level:8
2024-12-19 16:25:16.081 T:4242 debug : CVideoPlayer::ProcessVideoData size:147 dts:3.424 pts:3.444 dur:40.000ms, clock:1.520 level:9
2024-12-19 16:25:16.081 T:4242 debug : CVideoPlayer::ProcessVideoData size:147 dts:3.444 pts:3.484 dur:40.000ms, clock:1.520 level:9
2024-12-19 16:25:16.096 T:4242 debug : CVideoPlayer::ProcessVideoData size:27200 dts:3.464 pts:3.544 dur:40.000ms, clock:1.535 level:9
2024-12-19 16:25:16.096 T:4242 debug : CVideoPlayer::ProcessVideoData size:146 dts:3.484 pts:3.524 dur:40.000ms, clock:1.535 level:9
2024-12-19 16:25:16.096 T:4242 debug : CVideoPlayer::ProcessVideoData size:146 dts:3.504 pts:3.564 dur:40.000ms, clock:1.535 level:10
2024-12-19 16:25:16.165 T:4242 debug : CVideoPlayer::ProcessVideoData size:122278 dts:3.524 pts:3.744 dur:40.000ms, clock:1.604 level:10
2024-12-19 16:25:16.192 T:4242 debug : CVideoPlayer::ProcessVideoData size:51199 dts:3.544 pts:3.664 dur:40.000ms, clock:1.631 level:10
2024-12-19 16:25:16.219 T:4242 debug : CVideoPlayer::ProcessVideoData size:45625 dts:3.564 pts:3.624 dur:40.000ms, clock:1.658 level:10
2024-12-19 16:25:16.219 T:4242 debug : CVideoPlayer::ProcessVideoData size:152 dts:3.584 pts:3.604 dur:40.000ms, clock:1.658 level:11
2024-12-19 16:25:16.219 T:4242 debug : CVideoPlayer::ProcessVideoData size:153 dts:3.604 pts:3.644 dur:40.000ms, clock:1.658 level:11
2024-12-19 16:25:16.247 T:4242 debug : CVideoPlayer::ProcessVideoData size:39359 dts:3.624 pts:3.704 dur:40.000ms, clock:1.686 level:11
2024-12-19 16:25:16.247 T:4242 debug : CVideoPlayer::ProcessVideoData size:153 dts:3.644 pts:3.684 dur:40.000ms, clock:1.686 level:11
2024-12-19 16:25:16.248 T:4242 debug : CVideoPlayer::ProcessVideoData size:153 dts:3.664 pts:3.724 dur:40.000ms, clock:1.687 level:12
2024-12-19 16:25:16.344 T:4242 debug : CVideoPlayer::ProcessVideoData size:173523 dts:3.684 pts:3.904 dur:40.000ms, clock:1.783 level:12
2024-12-19 16:25:16.379 T:3992 debug : ActiveAE::SyncStream - average error 25.941381, last average error: 983.681152
2024-12-19 16:25:16.382 T:4242 debug : CVideoPlayer::ProcessVideoData size:77681 dts:3.704 pts:3.824 dur:40.000ms, clock:1.821 level:12
2024-12-19 16:25:16.420 T:4242 debug : CVideoPlayer::ProcessVideoData size:65469 dts:3.724 pts:3.784 dur:40.000ms, clock:1.859 level:12
2024-12-19 16:25:16.420 T:4242 debug : CVideoPlayer::ProcessVideoData size:158 dts:3.744 pts:3.764 dur:40.000ms, clock:1.859 level:13
2024-12-19 16:25:16.420 T:4242 debug : CVideoPlayer::ProcessVideoData size:158 dts:3.764 pts:3.804 dur:40.000ms, clock:1.859 level:13
2024-12-19 16:25:16.460 T:4242 debug : CVideoPlayer::ProcessVideoData size:58601 dts:3.784 pts:3.864 dur:40.000ms, clock:1.899 level:13
2024-12-19 16:25:16.460 T:4242 debug : CVideoPlayer::ProcessVideoData size:154 dts:3.804 pts:3.844 dur:40.000ms, clock:1.899 level:13
2024-12-19 16:25:16.460 T:4242 debug : CVideoPlayer::ProcessVideoData size:154 dts:3.824 pts:3.884 dur:40.000ms, clock:1.900 level:14
2024-12-19 16:25:16.507 T:3992 debug : ActiveAE::SyncStream - average error of 1.051451, start adjusting
2024-12-19 16:25:16.507 T:3992 debug : ActiveAE::SyncStream - average error 0.051451 below threshold of 30.000000
2024-12-19 16:25:16.527 T:4396 debug : CVideoPlayerVideo::OutputPicture - ttd:178ms pts:2.144 Clock:1.966 Level:5
2024-12-19 16:25:16.566 T:4396 debug : CVideoPlayerVideo::OutputPicture - ttd:158ms pts:2.164 Clock:2.005 Level:4
2024-12-19 16:25:16.579 T:4242 debug : CVideoPlayer::ProcessVideoData size:206607 dts:3.844 pts:4.064 dur:40.000ms, clock:2.018 level:14
2024-12-19 16:25:16.587 T:4396 debug : CVideoPlayerVideo::OutputPicture - ttd:157ms pts:2.184 Clock:2.026 Level:4
2024-12-19 16:25:16.603 T:4242 debug : CVideoPlayer::ProcessVideoData size:47059 dts:3.864 pts:3.984 dur:40.000ms, clock:2.042 level:14
2024-12-19 16:25:16.607 T:4396 debug : CVideoPlayerVideo::OutputPicture - ttd:158ms pts:2.204 Clock:2.046 Level:5
2024-12-19 16:25:16.628 T:4396 debug : CVideoPlayerVideo::OutputPicture - ttd:157ms pts:2.224 Clock:2.067 Level:5
2024-12-19 16:25:16.646 T:4396 debug : CVideoPlayerVideo::OutputPicture - ttd:158ms pts:2.244 Clock:2.085 Level:5
2024-12-19 16:25:16.666 T:4396 debug : CVideoPlayerVideo::OutputPicture - ttd:158ms pts:2.264 Clock:2.105 Level:5
2024-12-19 16:25:16.687 T:4396 debug : CVideoPlayerVideo::OutputPicture - ttd:158ms pts:2.284 Clock:2.126 Level:4
2024-12-19 16:25:16.694 T:4242 debug : CVideoPlayer::ProcessVideoData size:41499 dts:3.884 pts:3.944 dur:40.000ms, clock:2.133 level:14
2024-12-19 16:25:16.695 T:4242 debug : CVideoPlayer::ProcessVideoData size:152 dts:3.904 pts:3.924 dur:40.000ms, clock:2.134 level:15
2024-12-19 16:25:16.695 T:4242 debug : CVideoPlayer::ProcessVideoData size:153 dts:3.924 pts:3.964 dur:40.000ms, clock:2.134 level:15
2024-12-19 16:25:16.696 T:4242 debug : CVideoPlayer::ProcessVideoData size:42413 dts:3.944 pts:4.024 dur:40.000ms, clock:2.135 level:15
2024-12-19 16:25:16.696 T:4242 debug : CVideoPlayer::ProcessVideoData size:150 dts:3.964 pts:4.004 dur:40.000ms, clock:2.136 level:15
2024-12-19 16:25:16.697 T:4242 debug : CVideoPlayer::ProcessVideoData size:150 dts:3.984 pts:4.044 dur:40.000ms, clock:2.136 level:16
2024-12-19 16:25:16.705 T:4242 debug : CVideoPlayer::ProcessVideoData size:112976 dts:4.004 pts:4.224 dur:40.000ms, clock:2.144 level:16
2024-12-19 16:25:16.707 T:4396 debug : CVideoPlayerVideo::OutputPicture - ttd:157ms pts:2.304 Clock:2.146 Level:5
2024-12-19 16:25:16.727 T:4396 debug : CVideoPlayerVideo::OutputPicture - ttd:158ms pts:2.324 Clock:2.166 Level:4
2024-12-19 16:25:16.732 T:4242 debug : CVideoPlayer::ProcessVideoData size:39731 dts:4.024 pts:4.144 dur:40.000ms, clock:2.171 level:16
2024-12-19 16:25:16.743 T:4242 debug : CVideoPlayer::ProcessVideoData size:36009 dts:4.044 pts:4.104 dur:40.000ms, clock:2.182 level:16
2024-12-19 16:25:16.744 T:4242 debug : CVideoPlayer::ProcessVideoData size:150 dts:4.064 pts:4.084 dur:40.000ms, clock:2.183 level:17
2024-12-19 16:25:16.744 T:4242 debug : CVideoPlayer::ProcessVideoData size:150 dts:4.084 pts:4.124 dur:40.000ms, clock:2.183 level:17
2024-12-19 16:25:16.747 T:4396 debug : CVideoPlayerVideo::OutputPicture - ttd:157ms pts:2.344 Clock:2.187 Level:5
2024-12-19 16:25:16.766 T:4396 debug : CVideoPlayerVideo::OutputPicture - ttd:158ms pts:2.364 Clock:2.205 Level:5
2024-12-19 16:25:16.773 T:4242 debug : CVideoPlayer::ProcessVideoData size:37193 dts:4.104 pts:4.184 dur:40.000ms, clock:2.212 level:17
2024-12-19 16:25:16.773 T:4242 debug : CVideoPlayer::ProcessVideoData size:150 dts:4.124 pts:4.164 dur:40.000ms, clock:2.212 level:17
2024-12-19 16:25:16.773 T:4242 debug : CVideoPlayer::ProcessVideoData size:150 dts:4.144 pts:4.204 dur:40.000ms, clock:2.212 level:18
2024-12-19 16:25:16.787 T:4396 debug : CVideoPlayerVideo::OutputPicture - ttd:157ms pts:2.384 Clock:2.226 Level:5
2024-12-19 16:25:16.807 T:4396 debug : CVideoPlayerVideo::OutputPicture - ttd:158ms pts:2.404 Clock:2.246 Level:5
2024-12-19 16:25:16.827 T:4396 debug : CVideoPlayerVideo::OutputPicture - ttd:157ms pts:2.424 Clock:2.266 Level:4
2024-12-19 16:25:16.847 T:4396 debug : CVideoPlayerVideo::OutputPicture - ttd:157ms pts:2.444 Clock:2.287 Level:4
2024-12-19 16:25:16.852 T:4242 debug : CVideoPlayer::ProcessVideoData size:140055 dts:4.164 pts:4.384 dur:40.000ms, clock:2.291 level:18
2024-12-19 16:25:16.867 T:4396 debug : CVideoPlayerVideo::OutputPicture - ttd:157ms pts:2.464 Clock:2.306 Level:5
2024-12-19 16:25:16.887 T:4396 debug : CVideoPlayerVideo::OutputPicture - ttd:157ms pts:2.484 Clock:2.326 Level:4
2024-12-19 16:25:16.891 T:4242 debug : CVideoPlayer::ProcessVideoData size:67318 dts:4.184 pts:4.304 dur:40.000ms, clock:2.330 level:18
2024-12-19 16:25:16.907 T:4396 debug : CVideoPlayerVideo::OutputPicture - ttd:158ms pts:2.504 Clock:2.346 Level:5
2024-12-19 16:25:16.915 T:4242 debug : CVideoPlayer::ProcessVideoData size:43185 dts:4.204 pts:4.264 dur:40.000ms, clock:2.354 level:17
2024-12-19 16:25:16.915 T:4242 debug : CVideoPlayer::ProcessVideoData size:152 dts:4.224 pts:4.244 dur:40.000ms, clock:2.354 level:18
2024-12-19 16:25:16.915 T:4242 debug : CVideoPlayer::ProcessVideoData size:153 dts:4.244 pts:4.284 dur:40.000ms, clock:2.355 level:18
2024-12-19 16:25:16.927 T:4396 debug : CVideoPlayerVideo::OutputPicture - ttd:157ms pts:2.524 Clock:2.366 Level:4
2024-12-19 16:25:16.940 T:4242 debug : CVideoPlayer::ProcessVideoData size:53758 dts:4.264 pts:4.344 dur:40.000ms, clock:2.380 level:18
2024-12-19 16:25:16.941 T:4242 debug : CVideoPlayer::ProcessVideoData size:154 dts:4.284 pts:4.324 dur:40.000ms, clock:2.380 level:18
2024-12-19 16:25:16.941 T:4242 debug : CVideoPlayer::ProcessVideoData size:154 dts:4.304 pts:4.364 dur:40.000ms, clock:2.380 level:18
2024-12-19 16:25:16.947 T:4396 debug : CVideoPlayerVideo::OutputPicture - ttd:157ms pts:2.544 Clock:2.386 Level:5
2024-12-19 16:25:16.967 T:4396 debug : CVideoPlayerVideo::OutputPicture - ttd:157ms pts:2.564 Clock:2.406 Level:5
2024-12-19 16:25:16.987 T:4396 debug : CVideoPlayerVideo::OutputPicture - ttd:158ms pts:2.584 Clock:2.426 Level:5
2024-12-19 16:25:17.006 T:4242 debug : CVideoPlayer::ProcessVideoData size:107416 dts:4.324 pts:4.544 dur:40.000ms, clock:2.445 level:18
2024-12-19 16:25:17.007 T:4396 debug : CVideoPlayerVideo::OutputPicture - ttd:158ms pts:2.604 Clock:2.446 Level:4
2024-12-19 16:25:17.018 T:4242 debug : CVideoPlayer::ProcessVideoData size:45432 dts:4.344 pts:4.464 dur:40.000ms, clock:2.458 level:18
2024-12-19 16:25:17.027 T:4396 debug : CVideoPlayerVideo::OutputPicture - ttd:158ms pts:2.624 Clock:2.466 Level:4
2024-12-19 16:25:17.044 T:4242 debug : CVideoPlayer::ProcessVideoData size:40987 dts:4.364 pts:4.424 dur:40.000ms, clock:2.483 level:18
2024-12-19 16:25:17.044 T:4242 debug : CVideoPlayer::ProcessVideoData size:150 dts:4.384 pts:4.404 dur:40.000ms, clock:2.483 level:19
2024-12-19 16:25:17.044 T:4242 debug : CVideoPlayer::ProcessVideoData size:150 dts:4.404 pts:4.444 dur:40.000ms, clock:2.484 level:19
2024-12-19 16:25:17.047 T:4396 debug : CVideoPlayerVideo::OutputPicture - ttd:157ms pts:2.644 Clock:2.486 Level:4
2024-12-19 16:25:17.066 T:4396 debug : CVideoPlayerVideo::OutputPicture - ttd:158ms pts:2.664 Clock:2.505 Level:4
2024-12-19 16:25:17.073 T:4242 debug : CVideoPlayer::ProcessVideoData size:41259 dts:4.424 pts:4.504 dur:40.000ms, clock:2.512 level:19
2024-12-19 16:25:17.073 T:4242 debug : CVideoPlayer::ProcessVideoData size:150 dts:4.444 pts:4.484 dur:40.000ms, clock:2.512 level:19
2024-12-19 16:25:17.073 T:4242 debug : CVideoPlayer::ProcessVideoData size:150 dts:4.464 pts:4.524 dur:40.000ms, clock:2.512 level:19
2024-12-19 16:25:17.087 T:4396 debug : CVideoPlayerVideo::OutputPicture - ttd:157ms pts:2.684 Clock:2.526 Level:4
2024-12-19 16:25:17.107 T:4396 debug : CVideoPlayerVideo::OutputPicture - ttd:157ms pts:2.704 Clock:2.546 Level:5
2024-12-19 16:25:17.127 T:4396 debug : CVideoPlayerVideo::OutputPicture - ttd:157ms pts:2.724 Clock:2.566 Level:5
2024-12-19 16:25:17.147 T:4396 debug : CVideoPlayerVideo::OutputPicture - ttd:158ms pts:2.744 Clock:2.586 Level:5
2024-12-19 16:25:17.154 T:4242 debug : CVideoPlayer::ProcessVideoData size:129177 dts:4.484 pts:4.704 dur:40.000ms, clock:2.593 level:19
2024-12-19 16:25:17.167 T:4396 debug : CVideoPlayerVideo::OutputPicture - ttd:158ms pts:2.764 Clock:2.606 Level:5
2024-12-19 16:25:17.179 T:4242 debug : CVideoPlayer::ProcessVideoData size:60272 dts:4.504 pts:4.624 dur:40.000ms, clock:2.618 level:18
2024-12-19 16:25:17.187 T:4396 debug : CVideoPlayerVideo::OutputPicture - ttd:158ms pts:2.784 Clock:2.626 Level:4
2024-12-19 16:25:17.208 T:4396 debug : CVideoPlayerVideo::OutputPicture - ttd:157ms pts:2.804 Clock:2.647 Level:4
2024-12-19 16:25:17.218 T:4242 debug : CVideoPlayer::ProcessVideoData size:50732 dts:4.524 pts:4.584 dur:40.000ms, clock:2.657 level:18
2024-12-19 16:25:17.218 T:4242 debug : CVideoPlayer::ProcessVideoData size:152 dts:4.544 pts:4.564 dur:40.000ms, clock:2.658 level:19
2024-12-19 16:25:17.219 T:4242 debug : CVideoPlayer::ProcessVideoData size:153 dts:4.564 pts:4.604 dur:40.000ms, clock:2.658 level:19
2024-12-19 16:25:17.227 T:4396 debug : CVideoPlayerVideo::OutputPicture - ttd:158ms pts:2.824 Clock:2.666 Level:5
2024-12-19 16:25:17.244 T:4242 debug : CVideoPlayer::ProcessVideoData size:50133 dts:4.584 pts:4.664 dur:40.000ms, clock:2.683 level:19
2024-12-19 16:25:17.245 T:4242 debug : CVideoPlayer::ProcessVideoData size:153 dts:4.604 pts:4.644 dur:40.000ms, clock:2.684 level:19
2024-12-19 16:25:17.246 T:4242 debug : CVideoPlayer::ProcessVideoData size:153 dts:4.624 pts:4.684 dur:40.000ms, clock:2.685 level:20
2024-12-19 16:25:17.248 T:4396 debug : CVideoPlayerVideo::OutputPicture - ttd:156ms pts:2.844 Clock:2.687 Level:4
2024-12-19 16:25:17.267 T:4396 debug : CVideoPlayerVideo::OutputPicture - ttd:157ms pts:2.864 Clock:2.706 Level:4
2024-12-19 16:25:17.286 T:4396 debug : CVideoPlayerVideo::OutputPicture - ttd:158ms pts:2.884 Clock:2.725 Level:5
2024-12-19 16:25:17.307 T:4396 debug : CVideoPlayerVideo::OutputPicture - ttd:157ms pts:2.904 Clock:2.746 Level:4
2024-12-19 16:25:17.324 T:4242 debug : CVideoPlayer::ProcessVideoData size:140540 dts:4.644 pts:4.864 dur:40.000ms, clock:2.764 level:16
2024-12-19 16:25:17.327 T:4396 debug : CVideoPlayerVideo::OutputPicture - ttd:157ms pts:2.924 Clock:2.766 Level:4
2024-12-19 16:25:17.347 T:4396 debug : CVideoPlayerVideo::OutputPicture - ttd:157ms pts:2.944 Clock:2.786 Level:4
2024-12-19 16:25:17.350 T:4242 debug : CVideoPlayer::ProcessVideoData size:59687 dts:4.664 pts:4.784 dur:40.000ms, clock:2.789 level:16
2024-12-19 16:25:17.366 T:4396 debug : CVideoPlayerVideo::OutputPicture - ttd:158ms pts:2.964 Clock:2.805 Level:4
2024-12-19 16:25:17.376 T:4242 debug : CVideoPlayer::ProcessVideoData size:54055 dts:4.684 pts:4.744 dur:40.000ms, clock:2.815 level:16
2024-12-19 16:25:17.377 T:4242 debug : CVideoPlayer::ProcessVideoData size:150 dts:4.704 pts:4.724 dur:40.000ms, clock:2.816 level:17
2024-12-19 16:25:17.377 T:4242 debug : CVideoPlayer::ProcessVideoData size:150 dts:4.724 pts:4.764 dur:40.000ms, clock:2.816 level:17
2024-12-19 16:25:17.386 T:4396 debug : CVideoPlayerVideo::OutputPicture - ttd:159ms pts:2.984 Clock:2.825 Level:5
2024-12-19 16:25:17.402 T:4242 debug : CVideoPlayer::ProcessVideoData size:46808 dts:4.744 pts:4.824 dur:40.000ms, clock:2.841 level:17
2024-12-19 16:25:17.402 T:4242 debug : CVideoPlayer::ProcessVideoData size:153 dts:4.764 pts:4.804 dur:40.000ms, clock:2.841 level:17
2024-12-19 16:25:17.407 T:4396 debug : CVideoPlayerVideo::OutputPicture - ttd:158ms pts:3.004 Clock:2.846 Level:5
2024-12-19 16:25:17.417 T:4242 debug : CVideoPlayer::ProcessVideoData size:146 dts:4.784 pts:4.844 dur:40.000ms, clock:2.856 level:17
2024-12-19 16:25:17.427 T:4396 debug : CVideoPlayerVideo::OutputPicture - ttd:158ms pts:3.024 Clock:2.866 Level:5
2024-12-19 16:25:17.447 T:4396 debug : CVideoPlayerVideo::OutputPicture - ttd:157ms pts:3.044 Clock:2.886 Level:4
2024-12-19 16:25:17.467 T:4396 debug : CVideoPlayerVideo::OutputPicture - ttd:157ms pts:3.064 Clock:2.906 Level:5
2024-12-19 16:25:17.487 T:4396 debug : CVideoPlayerVideo::OutputPicture - ttd:157ms pts:3.084 Clock:2.926 Level:4
2024-12-19 16:25:17.506 T:4396 debug : CVideoPlayerVideo::OutputPicture - ttd:159ms pts:3.104 Clock:2.945 Level:5
2024-12-19 16:25:17.510 T:4242 debug : CVideoPlayer::ProcessVideoData size:174968 dts:4.804 pts:5.024 dur:40.000ms, clock:2.949 level:15
2024-12-19 16:25:17.527 T:4396 debug : CVideoPlayerVideo::OutputPicture - ttd:158ms pts:3.124 Clock:2.966 Level:5
