2024-12-19 16:25:36.987 T:4396 debug : CVideoPlayerVideo::OutputPicture - ttd:157ms pts:22.584 Clock:22.426 Level:5
2024-12-19 16:25:37.006 T:4396 debug : CVideoPlayerVideo::OutputPicture - ttd:158ms pts:22.604 Clock:22.445 Level:5
2024-12-19 16:25:37.014 T:4242 debug : CVideoPlayer::ProcessVideoData size:39834 dts:24.464 pts:24.544 dur:40.000ms, clock:22.453 level:18
2024-12-19 16:25:37.022 T:4242 debug : CVideoPlayer::ProcessVideoData size:12996 dts:24.484 pts:24.524 dur:40.000ms, clock:22.461 level:17
2024-12-19 16:25:37.027 T:4396 debug : CVideoPlayerVideo::OutputPicture - ttd:157ms pts:22.624 Clock:22.466 Level:5
2024-12-19 16:25:37.038 T:4242 debug : CVideoPlayer::ProcessVideoData size:33749 dts:24.504 pts:24.564 dur:40.000ms, clock:22.477 level:18
2024-12-19 16:25:37.046 T:4396 debug : CVideoPlayerVideo::OutputPicture - ttd:158ms pts:22.644 Clock:22.485 Level:5
2024-12-19 16:25:37.067 T:4396 debug : CVideoPlayerVideo::OutputPicture - ttd:158ms pts:22.664 Clock:22.506 Level:5
2024-12-19 16:25:37.080 T:4242 debug : CVideoPlayer::ProcessVideoData size:64407 dts:24.524 pts:24.644 dur:40.000ms, clock:22.519 level:18
2024-12-19 16:25:37.080 T:4242 debug : CVideoPlayer::ProcessVideoData size:3090 dts:24.544 pts:24.604 dur:40.000ms, clock:22.519 level:18
2024-12-19 16:25:37.087 T:4396 debug : CVideoPlayerVideo::OutputPicture - ttd:157ms pts:22.684 Clock:22.527 Level:5
2024-12-19 16:25:37.107 T:4396 debug : CVideoPlayerVideo::OutputPicture - ttd:157ms pts:22.704 Clock:22.547 Level:5
2024-12-19 16:25:37.109 T:4242 debug : CVideoPlayer::ProcessVideoData size:33749 dts:24.564 pts:24.624 dur:40.000ms, clock:22.548 level:18
2024-12-19 16:25:37.128 T:4396 debug : CVideoPlayerVideo::OutputPicture - ttd:157ms pts:22.724 Clock:22.567 Level:5
2024-12-19 16:25:37.147 T:4396 debug : CVideoPlayerVideo::OutputPicture - ttd:158ms pts:22.744 Clock:22.586 Level:5
2024-12-19 16:25:37.167 T:4396 debug : CVideoPlayerVideo::OutputPicture - ttd:157ms pts:22.764 Clock:22.606 Level:5
2024-12-19 16:25:37.186 T:4396 debug : CVideoPlayerVideo::OutputPicture - ttd:159ms pts:22.784 Clock:22.625 Level:5
2024-12-19 16:25:37.207 T:4396 debug : CVideoPlayerVideo::OutputPicture - ttd:158ms pts:22.804 Clock:22.646 Level:5
2024-12-19 16:25:37.227 T:4396 debug : CVideoPlayerVideo::OutputPicture - ttd:158ms pts:22.824 Clock:22.666 Level:5
2024-12-19 16:25:37.244 T:4242 debug : CVideoPlayer::ProcessVideoData size:245745 dts:24.584 pts:24.664 dur:40.000ms, clock:22.683 level:17
2024-12-19 16:25:37.247 T:4396 debug : CVideoPlayerVideo::OutputPicture - ttd:158ms pts:22.844 Clock:22.686 Level:5
2024-12-19 16:25:37.266 T:4396 debug : CVideoPlayerVideo::OutputPicture - ttd:159ms pts:22.864 Clock:22.705 Level:5
2024-12-19 16:25:37.286 T:4396 debug : CVideoPlayerVideo::OutputPicture - ttd:158ms pts:22.884 Clock:22.725 Level:5
2024-12-19 16:25:37.308 T:4396 debug : CVideoPlayerVideo::OutputPicture - ttd:157ms pts:22.904 Clock:22.747 Level:5
2024-12-19 16:25:37.321 T:4242 debug : CVideoPlayer::ProcessVideoData size:137548 dts:24.604 pts:24.824 dur:40.000ms, clock:22.760 level:17
2024-12-19 16:25:37.326 T:4396 debug : CVideoPlayerVideo::OutputPicture - ttd:158ms pts:22.924 Clock:22.765 Level:5
2024-12-19 16:25:37.336 T:4242 debug : CVideoPlayer::ProcessVideoData size:32219 dts:24.624 pts:24.744 dur:40.000ms, clock:22.775 level:16
2024-12-19 16:25:37.344 T:4242 debug : CVideoPlayer::ProcessVideoData size:24669 dts:24.644 pts:24.704 dur:40.000ms, clock:22.784 level:16
2024-12-19 16:25:37.345 T:4242 debug : CVideoPlayer::ProcessVideoData size:145 dts:24.664 pts:24.684 dur:40.000ms, clock:22.784 level:16
2024-12-19 16:25:37.345 T:4242 debug : CVideoPlayer::ProcessVideoData size:145 dts:24.684 pts:24.724 dur:40.000ms, clock:22.784 level:16
2024-12-19 16:25:37.347 T:4396 debug : CVideoPlayerVideo::OutputPicture - ttd:158ms pts:22.944 Clock:22.786 Level:5
2024-12-19 16:25:37.367 T:4396 debug : CVideoPlayerVideo::OutputPicture - ttd:157ms pts:22.964 Clock:22.807 Level:5
2024-12-19 16:25:37.373 T:4242 debug : CVideoPlayer::ProcessVideoData size:26464 dts:24.704 pts:24.784 dur:40.000ms, clock:22.812 level:16
2024-12-19 16:25:37.374 T:4242 debug : CVideoPlayer::ProcessVideoData size:145 dts:24.724 pts:24.764 dur:40.000ms, clock:22.813 level:16
2024-12-19 16:25:37.374 T:4242 debug : CVideoPlayer::ProcessVideoData size:145 dts:24.744 pts:24.804 dur:40.000ms, clock:22.813 level:17
2024-12-19 16:25:37.387 T:4396 debug : CVideoPlayerVideo::OutputPicture - ttd:158ms pts:22.984 Clock:22.826 Level:5
2024-12-19 16:25:37.407 T:4396 debug : CVideoPlayerVideo::OutputPicture - ttd:157ms pts:23.004 Clock:22.846 Level:5
2024-12-19 16:25:37.428 T:4396 debug : CVideoPlayerVideo::OutputPicture - ttd:156ms pts:23.024 Clock:22.867 Level:5
2024-12-19 16:25:37.447 T:4396 debug : CVideoPlayerVideo::OutputPicture - ttd:157ms pts:23.044 Clock:22.886 Level:5
2024-12-19 16:25:37.454 T:4242 debug : CVideoPlayer::ProcessVideoData size:140932 dts:24.764 pts:24.984 dur:40.000ms, clock:22.893 level:17
2024-12-19 16:25:37.466 T:4242 debug : CVideoPlayer::ProcessVideoData size:34446 dts:24.784 pts:24.904 dur:40.000ms, clock:22.905 level:17
2024-12-19 16:25:37.467 T:4396 debug : CVideoPlayerVideo::OutputPicture - ttd:157ms pts:23.064 Clock:22.906 Level:5
2024-12-19 16:25:37.478 T:4242 debug : CVideoPlayer::ProcessVideoData size:29623 dts:24.804 pts:24.864 dur:40.000ms, clock:22.917 level:17
2024-12-19 16:25:37.486 T:4396 debug : CVideoPlayerVideo::OutputPicture - ttd:158ms pts:23.084 Clock:22.925 Level:5
2024-12-19 16:25:37.491 T:4242 debug : CVideoPlayer::ProcessVideoData size:147 dts:24.824 pts:24.844 dur:40.000ms, clock:22.930 level:16
2024-12-19 16:25:37.492 T:4242 debug : CVideoPlayer::ProcessVideoData size:147 dts:24.844 pts:24.884 dur:40.000ms, clock:22.931 level:17
2024-12-19 16:25:37.507 T:4242 debug : CVideoPlayer::ProcessVideoData size:28499 dts:24.864 pts:24.944 dur:40.000ms, clock:22.946 level:16
2024-12-19 16:25:37.508 T:4242 debug : CVideoPlayer::ProcessVideoData size:146 dts:24.884 pts:24.924 dur:40.000ms, clock:22.947 level:16
2024-12-19 16:25:37.508 T:4242 debug : CVideoPlayer::ProcessVideoData size:146 dts:24.904 pts:24.964 dur:40.000ms, clock:22.948 level:17
2024-12-19 16:25:37.510 T:4396 debug : CVideoPlayerVideo::OutputPicture - ttd:154ms pts:23.104 Clock:22.949 Level:5
2024-12-19 16:25:37.527 T:4396 debug : CVideoPlayerVideo::OutputPicture - ttd:158ms pts:23.124 Clock:22.966 Level:5
2024-12-19 16:25:37.547 T:4396 debug : CVideoPlayerVideo::OutputPicture - ttd:158ms pts:23.144 Clock:22.986 Level:5
2024-12-19 16:25:37.567 T:4396 debug : CVideoPlayerVideo::OutputPicture - ttd:158ms pts:23.164 Clock:23.006 Level:5
2024-12-19 16:25:37.577 T:4242 debug : CVideoPlayer::ProcessVideoData size:129802 dts:24.924 pts:25.144 dur:40.000ms, clock:23.016 level:17
2024-12-19 16:25:37.587 T:4396 debug : CVideoPlayerVideo::OutputPicture - ttd:158ms pts:23.184 Clock:23.026 Level:5
2024-12-19 16:25:37.600 T:4242 debug : CVideoPlayer::ProcessVideoData size:48952 dts:24.944 pts:25.064 dur:40.000ms, clock:23.039 level:17
2024-12-19 16:25:37.608 T:4396 debug : CVideoPlayerVideo::OutputPicture - ttd:157ms pts:23.204 Clock:23.047 Level:5
2024-12-19 16:25:37.627 T:4396 debug : CVideoPlayerVideo::OutputPicture - ttd:158ms pts:23.224 Clock:23.066 Level:5
2024-12-19 16:25:37.630 T:4242 debug : CVideoPlayer::ProcessVideoData size:30799 dts:24.964 pts:25.024 dur:40.000ms, clock:23.069 level:17
2024-12-19 16:25:37.631 T:4242 debug : CVideoPlayer::ProcessVideoData size:147 dts:24.984 pts:25.004 dur:40.000ms, clock:23.070 level:18
2024-12-19 16:25:37.631 T:4242 debug : CVideoPlayer::ProcessVideoData size:147 dts:25.004 pts:25.044 dur:40.000ms, clock:23.070 level:18
2024-12-19 16:25:37.644 T:4242 debug : CVideoPlayer::ProcessVideoData size:32232 dts:25.024 pts:25.104 dur:40.000ms, clock:23.083 level:17
2024-12-19 16:25:37.644 T:4242 debug : CVideoPlayer::ProcessVideoData size:146 dts:25.044 pts:25.084 dur:40.000ms, clock:23.084 level:17
2024-12-19 16:25:37.645 T:4242 debug : CVideoPlayer::ProcessVideoData size:146 dts:25.064 pts:25.124 dur:40.000ms, clock:23.084 level:17
2024-12-19 16:25:37.646 T:4396 debug : CVideoPlayerVideo::OutputPicture - ttd:158ms pts:23.244 Clock:23.086 Level:5
2024-12-19 16:25:37.666 T:4396 debug : CVideoPlayerVideo::OutputPicture - ttd:159ms pts:23.264 Clock:23.105 Level:5
2024-12-19 16:25:37.686 T:4396 debug : CVideoPlayerVideo::OutputPicture - ttd:158ms pts:23.284 Clock:23.126 Level:5
2024-12-19 16:25:37.707 T:4396 debug : CVideoPlayerVideo::OutputPicture - ttd:157ms pts:23.304 Clock:23.146 Level:5
2024-12-19 16:25:37.712 T:4242 debug : CVideoPlayer::ProcessVideoData size:124608 dts:25.084 pts:25.304 dur:40.000ms, clock:23.151 level:17
2024-12-19 16:25:37.728 T:4396 debug : CVideoPlayerVideo::OutputPicture - ttd:157ms pts:23.324 Clock:23.167 Level:5
2024-12-19 16:25:37.742 T:4242 debug : CVideoPlayer::ProcessVideoData size:43412 dts:25.104 pts:25.224 dur:40.000ms, clock:23.181 level:17
2024-12-19 16:25:37.746 T:4396 debug : CVideoPlayerVideo::OutputPicture - ttd:159ms pts:23.344 Clock:23.185 Level:5
2024-12-19 16:25:37.766 T:4242 debug : CVideoPlayer::ProcessVideoData size:32630 dts:25.124 pts:25.184 dur:40.000ms, clock:23.206 level:17
2024-12-19 16:25:37.768 T:4242 debug : CVideoPlayer::ProcessVideoData size:147 dts:25.144 pts:25.164 dur:40.000ms, clock:23.207 level:18
2024-12-19 16:25:37.768 T:4242 debug : CVideoPlayer::ProcessVideoData size:147 dts:25.164 pts:25.204 dur:40.000ms, clock:23.208 level:18
2024-12-19 16:25:37.770 T:4396 debug : CVideoPlayerVideo::OutputPicture - ttd:154ms pts:23.364 Clock:23.209 Level:5
2024-12-19 16:25:37.782 T:4242 debug : CVideoPlayer::ProcessVideoData size:39333 dts:25.184 pts:25.264 dur:40.000ms, clock:23.221 level:18
2024-12-19 16:25:37.782 T:4242 debug : CVideoPlayer::ProcessVideoData size:146 dts:25.204 pts:25.244 dur:40.000ms, clock:23.221 level:18
2024-12-19 16:25:37.782 T:4242 debug : CVideoPlayer::ProcessVideoData size:146 dts:25.224 pts:25.284 dur:40.000ms, clock:23.221 level:19
2024-12-19 16:25:37.787 T:4396 debug : CVideoPlayerVideo::OutputPicture - ttd:157ms pts:23.384 Clock:23.226 Level:5
2024-12-19 16:25:37.808 T:4396 debug : CVideoPlayerVideo::OutputPicture - ttd:157ms pts:23.404 Clock:23.247 Level:5
2024-12-19 16:25:37.826 T:4396 debug : CVideoPlayerVideo::OutputPicture - ttd:158ms pts:23.424 Clock:23.265 Level:5
2024-12-19 16:25:37.847 T:4396 debug : CVideoPlayerVideo::OutputPicture - ttd:158ms pts:23.444 Clock:23.286 Level:5
2024-12-19 16:25:37.867 T:4396 debug : CVideoPlayerVideo::OutputPicture - ttd:158ms pts:23.464 Clock:23.306 Level:5
2024-12-19 16:25:37.867 T:4242 debug : CVideoPlayer::ProcessVideoData size:125988 dts:25.244 pts:25.464 dur:40.000ms, clock:23.307 level:17
2024-12-19 16:25:37.887 T:4396 debug : CVideoPlayerVideo::OutputPicture - ttd:157ms pts:23.484 Clock:23.326 Level:5
2024-12-19 16:25:37.893 T:4242 debug : CVideoPlayer::ProcessVideoData size:57437 dts:25.264 pts:25.384 dur:40.000ms, clock:23.332 level:18
2024-12-19 16:25:37.907 T:4396 debug : CVideoPlayerVideo::OutputPicture - ttd:157ms pts:23.504 Clock:23.346 Level:5
2024-12-19 16:25:37.920 T:4242 debug : CVideoPlayer::ProcessVideoData size:49418 dts:25.284 pts:25.344 dur:40.000ms, clock:23.359 level:18
2024-12-19 16:25:37.920 T:4242 debug : CVideoPlayer::ProcessVideoData size:147 dts:25.304 pts:25.324 dur:40.000ms, clock:23.359 level:18
2024-12-19 16:25:37.920 T:4242 debug : CVideoPlayer::ProcessVideoData size:147 dts:25.324 pts:25.364 dur:40.000ms, clock:23.359 level:18
2024-12-19 16:25:37.928 T:4396 debug : CVideoPlayerVideo::OutputPicture - ttd:157ms pts:23.524 Clock:23.367 Level:5
2024-12-19 16:25:37.947 T:4396 debug : CVideoPlayerVideo::OutputPicture - ttd:158ms pts:23.544 Clock:23.386 Level:5
2024-12-19 16:25:37.948 T:4242 debug : CVideoPlayer::ProcessVideoData size:30178 dts:25.344 pts:25.424 dur:40.000ms, clock:23.387 level:18
2024-12-19 16:25:37.948 T:4242 debug : CVideoPlayer::ProcessVideoData size:146 dts:25.364 pts:25.404 dur:40.000ms, clock:23.387 level:18
2024-12-19 16:25:37.949 T:4242 debug : CVideoPlayer::ProcessVideoData size:146 dts:25.384 pts:25.444 dur:40.000ms, clock:23.388 level:19
2024-12-19 16:25:37.966 T:4396 debug : CVideoPlayerVideo::OutputPicture - ttd:158ms pts:23.564 Clock:23.406 Level:5
2024-12-19 16:25:37.987 T:4396 debug : CVideoPlayerVideo::OutputPicture - ttd:158ms pts:23.584 Clock:23.426 Level:5
2024-12-19 16:25:38.007 T:4396 debug : CVideoPlayerVideo::OutputPicture - ttd:157ms pts:23.604 Clock:23.446 Level:5
2024-12-19 16:25:38.028 T:4396 debug : CVideoPlayerVideo::OutputPicture - ttd:157ms pts:23.624 Clock:23.467 Level:5
2024-12-19 16:25:38.032 T:4242 debug : CVideoPlayer::ProcessVideoData size:154281 dts:25.404 pts:25.624 dur:40.000ms, clock:23.471 level:17
2024-12-19 16:25:38.047 T:4396 debug : CVideoPlayerVideo::OutputPicture - ttd:158ms pts:23.644 Clock:23.486 Level:5
2024-12-19 16:25:38.057 T:4242 debug : CVideoPlayer::ProcessVideoData size:31888 dts:25.424 pts:25.544 dur:40.000ms, clock:23.496 level:18
2024-12-19 16:25:38.067 T:4396 debug : CVideoPlayerVideo::OutputPicture - ttd:157ms pts:23.664 Clock:23.506 Level:5
2024-12-19 16:25:38.071 T:4242 debug : CVideoPlayer::ProcessVideoData size:26212 dts:25.444 pts:25.504 dur:40.000ms, clock:23.510 level:18
2024-12-19 16:25:38.072 T:4242 debug : CVideoPlayer::ProcessVideoData size:147 dts:25.464 pts:25.484 dur:40.000ms, clock:23.511 level:18
2024-12-19 16:25:38.072 T:4242 debug : CVideoPlayer::ProcessVideoData size:147 dts:25.484 pts:25.524 dur:40.000ms, clock:23.511 level:18
2024-12-19 16:25:38.086 T:4242 debug : CVideoPlayer::ProcessVideoData size:21006 dts:25.504 pts:25.584 dur:40.000ms, clock:23.525 level:18
2024-12-19 16:25:38.086 T:4242 debug : CVideoPlayer::ProcessVideoData size:146 dts:25.524 pts:25.564 dur:40.000ms, clock:23.526 level:18
2024-12-19 16:25:38.086 T:4396 debug : CVideoPlayerVideo::OutputPicture - ttd:158ms pts:23.684 Clock:23.526 Level:5
2024-12-19 16:25:38.087 T:4242 debug : CVideoPlayer::ProcessVideoData size:146 dts:25.544 pts:25.604 dur:40.000ms, clock:23.526 level:19
2024-12-19 16:25:38.107 T:4396 debug : CVideoPlayerVideo::OutputPicture - ttd:157ms pts:23.704 Clock:23.546 Level:5
2024-12-19 16:25:38.126 T:4396 debug : CVideoPlayerVideo::OutputPicture - ttd:158ms pts:23.724 Clock:23.565 Level:5
2024-12-19 16:25:38.140 T:4242 debug : CVideoPlayer::ProcessVideoData size:110620 dts:25.564 pts:25.784 dur:40.000ms, clock:23.579 level:18
2024-12-19 16:25:38.147 T:4396 debug : CVideoPlayerVideo::OutputPicture - ttd:157ms pts:23.744 Clock:23.586 Level:5
2024-12-19 16:25:38.168 T:4242 debug : CVideoPlayer::ProcessVideoData size:42877 dts:25.584 pts:25.704 dur:40.000ms, clock:23.607 level:18
2024-12-19 16:25:38.168 T:4396 debug : CVideoPlayerVideo::OutputPicture - ttd:157ms pts:23.764 Clock:23.607 Level:5
2024-12-19 16:25:38.183 T:4242 debug : CVideoPlayer::ProcessVideoData size:19765 dts:25.604 pts:25.664 dur:40.000ms, clock:23.622 level:18
2024-12-19 16:25:38.183 T:4242 debug : CVideoPlayer::ProcessVideoData size:147 dts:25.624 pts:25.644 dur:40.000ms, clock:23.623 level:18
2024-12-19 16:25:38.183 T:4242 debug : CVideoPlayer::ProcessVideoData size:147 dts:25.644 pts:25.684 dur:40.000ms, clock:23.623 level:18
2024-12-19 16:25:38.187 T:4396 debug : CVideoPlayerVideo::OutputPicture - ttd:157ms pts:23.784 Clock:23.627 Level:5
2024-12-19 16:25:38.207 T:4396 debug : CVideoPlayerVideo::OutputPicture - ttd:158ms pts:23.804 Clock:23.646 Level:5
2024-12-19 16:25:38.210 T:4242 debug : CVideoPlayer::ProcessVideoData size:36030 dts:25.664 pts:25.744 dur:40.000ms, clock:23.649 level:18
2024-12-19 16:25:38.210 T:4242 debug : CVideoPlayer::ProcessVideoData size:150 dts:25.684 pts:25.724 dur:40.000ms, clock:23.649 level:19
2024-12-19 16:25:38.225 T:4242 debug : CVideoPlayer::ProcessVideoData size:32112 dts:25.704 pts:25.764 dur:40.000ms, clock:23.664 level:19
2024-12-19 16:25:38.226 T:4396 debug : CVideoPlayerVideo::OutputPicture - ttd:158ms pts:23.824 Clock:23.666 Level:5
2024-12-19 16:25:38.247 T:4396 debug : CVideoPlayerVideo::OutputPicture - ttd:158ms pts:23.844 Clock:23.686 Level:5
2024-12-19 16:25:38.267 T:4396 debug : CVideoPlayerVideo::OutputPicture - ttd:157ms pts:23.864 Clock:23.706 Level:5
2024-12-19 16:25:38.286 T:4396 debug : CVideoPlayerVideo::OutputPicture - ttd:158ms pts:23.884 Clock:23.725 Level:5
2024-12-19 16:25:38.307 T:4396 debug : CVideoPlayerVideo::OutputPicture - ttd:157ms pts:23.904 Clock:23.746 Level:5
2024-12-19 16:25:38.323 T:4242 debug : CVideoPlayer::ProcessVideoData size:151916 dts:25.724 pts:25.944 dur:40.000ms, clock:23.762 level:17
2024-12-19 16:25:38.327 T:4396 debug : CVideoPlayerVideo::OutputPicture - ttd:158ms pts:23.924 Clock:23.766 Level:5
2024-12-19 16:25:38.347 T:4242 debug : CVideoPlayer::ProcessVideoData size:48057 dts:25.744 pts:25.864 dur:40.000ms, clock:23.786 level:17
2024-12-19 16:25:38.347 T:4396 debug : CVideoPlayerVideo::OutputPicture - ttd:157ms pts:23.944 Clock:23.786 Level:5
2024-12-19 16:25:38.359 T:4242 debug : CVideoPlayer::ProcessVideoData size:39870 dts:25.764 pts:25.824 dur:40.000ms, clock:23.798 level:18
2024-12-19 16:25:38.359 T:4242 debug : CVideoPlayer::ProcessVideoData size:147 dts:25.784 pts:25.804 dur:40.000ms, clock:23.799 level:18
2024-12-19 16:25:38.360 T:4242 debug : CVideoPlayer::ProcessVideoData size:147 dts:25.804 pts:25.844 dur:40.000ms, clock:23.799 level:18
2024-12-19 16:25:38.366 T:4396 debug : CVideoPlayerVideo::OutputPicture - ttd:158ms pts:23.964 Clock:23.805 Level:5
2024-12-19 16:25:38.386 T:4396 debug : CVideoPlayerVideo::OutputPicture - ttd:159ms pts:23.984 Clock:23.825 Level:5
2024-12-19 16:25:38.389 T:4242 debug : CVideoPlayer::ProcessVideoData size:37735 dts:25.824 pts:25.904 dur:40.000ms, clock:23.828 level:18
2024-12-19 16:25:38.390 T:4242 debug : CVideoPlayer::ProcessVideoData size:146 dts:25.844 pts:25.884 dur:40.000ms, clock:23.829 level:19
2024-12-19 16:25:38.391 T:4242 debug : CVideoPlayer::ProcessVideoData size:150 dts:25.864 pts:25.924 dur:40.000ms, clock:23.830 level:19
2024-12-19 16:25:38.406 T:4396 debug : CVideoPlayerVideo::OutputPicture - ttd:158ms pts:24.004 Clock:23.845 Level:5
2024-12-19 16:25:38.427 T:4396 debug : CVideoPlayerVideo::OutputPicture - ttd:158ms pts:24.024 Clock:23.866 Level:5
2024-12-19 16:25:38.446 T:4396 debug : CVideoPlayerVideo::OutputPicture - ttd:158ms pts:24.044 Clock:23.885 Level:5
2024-12-19 16:25:38.467 T:4396 debug : CVideoPlayerVideo::OutputPicture - ttd:157ms pts:24.064 Clock:23.906 Level:5
2024-12-19 16:25:38.475 T:4242 debug : CVideoPlayer::ProcessVideoData size:129248 dts:25.884 pts:26.104 dur:40.000ms, clock:23.914 level:18
2024-12-19 16:25:38.487 T:4396 debug : CVideoPlayerVideo::OutputPicture - ttd:158ms pts:24.084 Clock:23.926 Level:5
2024-12-19 16:25:38.501 T:4242 debug : CVideoPlayer::ProcessVideoData size:61526 dts:25.904 pts:26.024 dur:40.000ms, clock:23.940 level:18
2024-12-19 16:25:38.507 T:4396 debug : CVideoPlayerVideo::OutputPicture - ttd:157ms pts:24.104 Clock:23.946 Level:5
2024-12-19 16:25:38.515 T:4242 debug : CVideoPlayer::ProcessVideoData size:25282 dts:25.924 pts:25.984 dur:40.000ms, clock:23.954 level:18
2024-12-19 16:25:38.515 T:4242 debug : CVideoPlayer::ProcessVideoData size:147 dts:25.944 pts:25.964 dur:40.000ms, clock:23.954 level:18
2024-12-19 16:25:38.515 T:4242 debug : CVideoPlayer::ProcessVideoData size:147 dts:25.964 pts:26.004 dur:40.000ms, clock:23.954 level:19
2024-12-19 16:25:38.526 T:4242 debug : CVideoPlayer::ProcessVideoData size:21009 dts:25.984 pts:26.064 dur:40.000ms, clock:23.965 level:19
2024-12-19 16:25:38.527 T:4242 debug : CVideoPlayer::ProcessVideoData size:146 dts:26.004 pts:26.044 dur:40.000ms, clock:23.966 level:19
2024-12-19 16:25:38.529 T:4396 debug : CVideoPlayerVideo::OutputPicture - ttd:156ms pts:24.124 Clock:23.968 Level:5
2024-12-19 16:25:38.542 T:4242 debug : CVideoPlayer::ProcessVideoData size:24308 dts:26.024 pts:26.084 dur:40.000ms, clock:23.981 level:19
2024-12-19 16:25:38.547 T:4396 debug : CVideoPlayerVideo::OutputPicture - ttd:157ms pts:24.144 Clock:23.986 Level:5
2024-12-19 16:25:38.567 T:4396 debug : CVideoPlayerVideo::OutputPicture - ttd:157ms pts:24.164 Clock:24.007 Level:5
2024-12-19 16:25:38.587 T:4396 debug : CVideoPlayerVideo::OutputPicture - ttd:158ms pts:24.184 Clock:24.026 Level:5
2024-12-19 16:25:38.606 T:4396 debug : CVideoPlayerVideo::OutputPicture - ttd:158ms pts:24.204 Clock:24.045 Level:5
2024-12-19 16:25:38.627 T:4396 debug : CVideoPlayerVideo::OutputPicture - ttd:157ms pts:24.224 Clock:24.066 Level:5
2024-12-19 16:25:38.648 T:4396 debug : CVideoPlayerVideo::OutputPicture - ttd:157ms pts:24.244 Clock:24.087 Level:5
2024-12-19 16:25:38.666 T:4242 debug : CVideoPlayer::ProcessVideoData size:210735 dts:26.044 pts:26.264 dur:40.000ms, clock:24.105 level:18
2024-12-19 16:25:38.668 T:4396 debug : CVideoPlayerVideo::OutputPicture - ttd:157ms pts:24.264 Clock:24.107 Level:5
2024-12-19 16:25:38.687 T:4396 debug : CVideoPlayerVideo::OutputPicture - ttd:158ms pts:24.284 Clock:24.126 Level:5
2024-12-19 16:25:38.707 T:4396 debug : CVideoPlayerVideo::OutputPicture - ttd:157ms pts:24.304 Clock:24.146 Level:5
2024-12-19 16:25:38.727 T:4396 debug : CVideoPlayerVideo::OutputPicture - ttd:157ms pts:24.324 Clock:24.166 Level:5
2024-12-19 16:25:38.735 T:4242 debug : CVideoPlayer::ProcessVideoData size:115734 dts:26.064 pts:26.184 dur:40.000ms, clock:24.174 level:18
2024-12-19 16:25:38.747 T:4396 debug : CVideoPlayerVideo::OutputPicture - ttd:158ms pts:24.344 Clock:24.186 Level:5
2024-12-19 16:25:38.767 T:4396 debug : CVideoPlayerVideo::OutputPicture - ttd:158ms pts:24.364 Clock:24.206 Level:5
2024-12-19 16:25:38.773 T:4242 debug : CVideoPlayer::ProcessVideoData size:59555 dts:26.084 pts:26.144 dur:40.000ms, clock:24.212 level:18
2024-12-19 16:25:38.773 T:4242 debug : CVideoPlayer::ProcessVideoData size:147 dts:26.104 pts:26.124 dur:40.000ms, clock:24.212 level:19
2024-12-19 16:25:38.774 T:4242 debug : CVideoPlayer::ProcessVideoData size:147 dts:26.124 pts:26.164 dur:40.000ms, clock:24.213 level:19
2024-12-19 16:25:38.787 T:4396 debug : CVideoPlayerVideo::OutputPicture - ttd:157ms pts:24.384 Clock:24.226 Level:5
2024-12-19 16:25:38.807 T:4396 debug : CVideoPlayerVideo::OutputPicture - ttd:158ms pts:24.404 Clock:24.246 Level:5
2024-12-19 16:25:38.813 T:4242 debug : CVideoPlayer::ProcessVideoData size:70366 dts:26.144 pts:26.224 dur:40.000ms, clock:24.252 level:19
2024-12-19 16:25:38.814 T:4242 debug : CVideoPlayer::ProcessVideoData size:146 dts:26.164 pts:26.204 dur:40.000ms, clock:24.253 level:19
2024-12-19 16:25:38.814 T:4242 debug : CVideoPlayer::ProcessVideoData size:146 dts:26.184 pts:26.244 dur:40.000ms, clock:24.253 level:19
2024-12-19 16:25:38.827 T:4396 debug : CVideoPlayerVideo::OutputPicture - ttd:157ms pts:24.424 Clock:24.266 Level:5
2024-12-19 16:25:38.847 T:4396 debug : CVideoPlayerVideo::OutputPicture - ttd:157ms pts:24.444 Clock:24.286 Level:5
2024-12-19 16:25:38.866 T:4396 debug : CVideoPlayerVideo::OutputPicture - ttd:159ms pts:24.464 Clock:24.305 Level:5
2024-12-19 16:25:38.886 T:4396 debug : CVideoPlayerVideo::OutputPicture - ttd:158ms pts:24.484 Clock:24.325 Level:5
2024-12-19 16:25:38.894 T:4242 debug : CVideoPlayer::ProcessVideoData size:132465 dts:26.204 pts:26.424 dur:40.000ms, clock:24.333 level:19
2024-12-19 16:25:38.907 T:4396 debug : CVideoPlayerVideo::OutputPicture - ttd:157ms pts:24.504 Clock:24.346 Level:5
2024-12-19 16:25:38.928 T:4396 debug : CVideoPlayerVideo::OutputPicture - ttd:157ms pts:24.524 Clock:24.367 Level:5
2024-12-19 16:25:38.929 T:4242 debug : CVideoPlayer::ProcessVideoData size:68681 dts:26.224 pts:26.344 dur:40.000ms, clock:24.368 level:18
2024-12-19 16:25:38.947 T:4396 debug : CVideoPlayerVideo::OutputPicture - ttd:157ms pts:24.544 Clock:24.386 Level:5
2024-12-19 16:25:38.953 T:4242 debug : CVideoPlayer::ProcessVideoData size:47736 dts:26.244 pts:26.304 dur:40.000ms, clock:24.392 level:18
2024-12-19 16:25:38.953 T:4242 debug : CVideoPlayer::ProcessVideoData size:146 dts:26.264 pts:26.284 dur:40.000ms, clock:24.392 level:19
2024-12-19 16:25:38.954 T:4242 debug : CVideoPlayer::ProcessVideoData size:146 dts:26.284 pts:26.324 dur:40.000ms, clock:24.393 level:19
2024-12-19 16:25:38.966 T:4396 debug : CVideoPlayerVideo::OutputPicture - ttd:158ms pts:24.564 Clock:24.406 Level:5
2024-12-19 16:25:38.970 T:4242 debug : CVideoPlayer::ProcessVideoData size:39156 dts:26.304 pts:26.384 dur:40.000ms, clock:24.409 level:19
2024-12-19 16:25:38.980 T:4242 debug : CVideoPlayer::ProcessVideoData size:145 dts:26.324 pts:26.364 dur:40.000ms, clock:24.419 level:19
2024-12-19 16:25:38.980 T:4242 debug : CVideoPlayer::ProcessVideoData size:145 dts:26.344 pts:26.404 dur:40.000ms, clock:24.420 level:20
2024-12-19 16:25:38.987 T:4396 debug : CVideoPlayerVideo::OutputPicture - ttd:158ms pts:24.584 Clock:24.426 Level:5
2024-12-19 16:25:39.007 T:4396 debug : CVideoPlayerVideo::OutputPicture - ttd:158ms pts:24.604 Clock:24.446 Level:5
2024-12-19 16:25:39.022 T:4242 debug : CVideoPlayer::ProcessVideoData size:73847 dts:26.364 pts:26.584 dur:40.000ms, clock:24.461 level:16
2024-12-19 16:25:39.027 T:4396 debug : CVideoPlayerVideo::OutputPicture - ttd:158ms pts:24.624 Clock:24.466 Level:5
2024-12-19 16:25:39.038 T:4242 debug : CVideoPlayer::ProcessVideoData size:33374 dts:26.384 pts:26.504 dur:40.000ms, clock:24.477 level:16
2024-12-19 16:25:39.047 T:4396 debug : CVideoPlayerVideo::OutputPicture - ttd:157ms pts:24.644 Clock:24.486 Level:5
2024-12-19 16:25:39.051 T:4242 debug : CVideoPlayer::ProcessVideoData size:22656 dts:26.404 pts:26.464 dur:40.000ms, clock:24.490 level:16
2024-12-19 16:25:39.052 T:4242 debug : CVideoPlayer::ProcessVideoData size:146 dts:26.424 pts:26.444 dur:40.000ms, clock:24.491 level:17
2024-12-19 16:25:39.052 T:4242 debug : CVideoPlayer::ProcessVideoData size:146 dts:26.444 pts:26.484 dur:40.000ms, clock:24.491 level:17
2024-12-19 16:25:39.062 T:4242 debug : CVideoPlayer::ProcessVideoData size:21331 dts:26.464 pts:26.544 dur:40.000ms, clock:24.501 level:17
2024-12-19 16:25:39.062 T:4242 debug : CVideoPlayer::ProcessVideoData size:145 dts:26.484 pts:26.524 dur:40.000ms, clock:24.501 level:17
2024-12-19 16:25:39.062 T:4242 debug : CVideoPlayer::ProcessVideoData size:145 dts:26.504 pts:26.564 dur:40.000ms, clock:24.502 level:18
2024-12-19 16:25:39.068 T:4396 debug : CVideoPlayerVideo::OutputPicture - ttd:157ms pts:24.664 Clock:24.507 Level:5
2024-12-19 16:25:39.087 T:4396 debug : CVideoPlayerVideo::OutputPicture - ttd:157ms pts:24.684 Clock:24.526 Level:5
2024-12-19 16:25:39.107 T:4396 debug : CVideoPlayerVideo::OutputPicture - ttd:157ms pts:24.704 Clock:24.546 Level:5
2024-12-19 16:25:39.127 T:4396 debug : CVideoPlayerVideo::OutputPicture - ttd:157ms pts:24.724 Clock:24.566 Level:5
2024-12-19 16:25:39.144 T:4242 debug : CVideoPlayer::ProcessVideoData size:132882 dts:26.524 pts:26.744 dur:40.000ms, clock:24.584 level:18
2024-12-19 16:25:39.147 T:4396 debug : CVideoPlayerVideo::OutputPicture - ttd:157ms pts:24.744 Clock:24.586 Level:5
2024-12-19 16:25:39.167 T:4396 debug : CVideoPlayerVideo::OutputPicture - ttd:158ms pts:24.764 Clock:24.606 Level:5
2024-12-19 16:25:39.175 T:4242 debug : CVideoPlayer::ProcessVideoData size:52789 dts:26.544 pts:26.664 dur:40.000ms, clock:24.614 level:17
2024-12-19 16:25:39.186 T:4396 debug : CVideoPlayerVideo::OutputPicture - ttd:158ms pts:24.784 Clock:24.625 Level:5
2024-12-19 16:25:39.206 T:4396 debug : CVideoPlayerVideo::OutputPicture - ttd:158ms pts:24.804 Clock:24.645 Level:5
2024-12-19 16:25:39.227 T:4396 debug : CVideoPlayerVideo::OutputPicture - ttd:157ms pts:24.824 Clock:24.666 Level:5
2024-12-19 16:25:39.231 T:4242 debug : CVideoPlayer::ProcessVideoData size:29646 dts:26.564 pts:26.624 dur:40.000ms, clock:24.670 level:16
2024-12-19 16:25:39.232 T:4242 debug : CVideoPlayer::ProcessVideoData size:147 dts:26.584 pts:26.604 dur:40.000ms, clock:24.671 level:17
2024-12-19 16:25:39.233 T:4242 debug : CVideoPlayer::ProcessVideoData size:146 dts:26.604 pts:26.644 dur:40.000ms, clock:24.672 level:17
2024-12-19 16:25:39.247 T:4396 debug : CVideoPlayerVideo::OutputPicture - ttd:157ms pts:24.844 Clock:24.686 Level:5
2024-12-19 16:25:39.253 T:3983 debug : LIRC: - NEW 1c 0 KEY_ENTER devinput (KEY_ENTER)
2024-12-19 16:25:39.259 T:4242 debug : CVideoPlayer::ProcessVideoData size:32082 dts:26.624 pts:26.704 dur:40.000ms, clock:24.699 level:17
2024-12-19 16:25:39.260 T:4242 debug : CVideoPlayer::ProcessVideoData size:145 dts:26.644 pts:26.684 dur:40.000ms, clock:24.699 level:17
2024-12-19 16:25:39.260 T:4242 debug : CVideoPlayer::ProcessVideoData size:146 dts:26.664 pts:26.724 dur:40.000ms, clock:24.699 level:18
2024-12-19 16:25:39.265 T:3978 debug : HandleKey: 11 (0xb, obc244) pressed, window 10608, action is Select
2024-12-19 16:25:39.267 T:4396 debug : CVideoPlayerVideo::OutputPicture - ttd:157ms pts:24.864 Clock:24.706 Level:5
2024-12-19 16:25:39.286 T:3978 debug : CPlayerCoreFactory::GetPlayers(pvr://channels/tv/Nilesat@1/1@pvr.hts_1888667179.pvr)
2024-12-19 16:25:39.286 T:3978 debug : CPlayerSelectionRule::GetPlayers: considering rule: system rules
2024-12-19 16:25:39.287 T:3978 debug : CPlayerSelectionRule::GetPlayers: matches rule: system rules
2024-12-19 16:25:39.287 T:3978 debug : CPlayerSelectionRule::GetPlayers: considering rule: mms/udp
2024-12-19 16:25:39.287 T:3978 debug : CPlayerSelectionRule::GetPlayers: considering rule: lastfm/shout
2024-12-19 16:25:39.287 T:4396 debug : CVideoPlayerVideo::OutputPicture - ttd:158ms pts:24.884 Clock:24.726 Level:5
2024-12-19 16:25:39.287 T:3978 debug : CPlayerSelectionRule::GetPlayers: considering rule: rtmp
2024-12-19 16:25:39.287 T:3978 debug : CPlayerSelectionRule::GetPlayers: considering rule: rtsp
2024-12-19 16:25:39.287 T:3978 debug : CPlayerSelectionRule::GetPlayers: considering rule: streams
2024-12-19 16:25:39.287 T:3978 debug : CPlayerSelectionRule::GetPlayers: considering rule: dvd
2024-12-19 16:25:39.287 T:3978 debug : CPlayerSelectionRule::GetPlayers: considering rule: discimage
2024-12-19 16:25:39.287 T:3978 debug : CPlayerSelectionRule::GetPlayers: considering rule: sdp/asf
2024-12-19 16:25:39.287 T:3978 debug : CPlayerSelectionRule::GetPlayers: considering rule: nsv
2024-12-19 16:25:39.287 T:3978 debug : CPlayerSelectionRule::GetPlayers: considering rule: radio
2024-12-19 16:25:39.287 T:3978 debug : CPlayerCoreFactory::GetPlayers: matched 0 rules with players
2024-12-19 16:25:39.287 T:3978 debug : CPlayerCoreFactory::GetPlayers: adding videodefaultplayer (VideoPlayer)
2024-12-19 16:25:39.287 T:3978 debug : CPlayerCoreFactory::GetPlayers: for video=true, audio=false
2024-12-19 16:25:39.287 T:3978 debug : CPlayerCoreFactory::GetPlayers: for video=true, audio=true
2024-12-19 16:25:39.287 T:3978 debug : CPlayerCoreFactory::GetPlayers: added 1 players
2024-12-19 16:25:39.287 T:3978 info : VideoPlayer::OpenFile: pvr://channels/tv/Nilesat@1/1@pvr.hts_1888667179.pvr
2024-12-19 16:25:39.305 T:3980 debug : Building didl for plain object 'pvr://channels/tv/All%20channels@-1/1@pvr.hts_2090915555.pvr' (encoded value: 'cHZyOi8vY2hhbm5lbHMvdHYvQWxsJTIwY2hhbm5lbHNALTEvMUBwdnIuaHRzXzIwOTA5MTU1NTUucHZy')
2024-12-19 16:25:39.307 T:4396 debug : CVideoPlayerVideo::OutputPicture - ttd:158ms pts:24.904 Clock:24.746 Level:5
2024-12-19 16:25:39.313 T:4242 debug : CVideoPlayer::FlushBuffers - flushing buffers
2024-12-19 16:25:39.321 T:4396 debug : CAMLCodec::Reset
2024-12-19 16:25:39.325 T:4037 debug : OnPlayBackStarted: CApplication::OnPlayBackStarted
2024-12-19 16:25:39.349 T:4015 debug : Skin Helper Service --> Kodi_Monitor: sender xbmc - method: Player.OnResume - data: {"item":{"channeltype":"tv","id":221,"title":"Love Nature 4K","type":"channel"},"player":{"playerid":1,"speed":1}}
2024-12-19 16:25:39.368 T:4393 debug : CDVDAudio::Flush - flush audio stream
2024-12-19 16:25:39.368 T:4393 debug : CDVDAudio::Pause - pausing audio stream
2024-12-19 16:25:39.371 T:4016 debug : script.skin.helper.widgets --> Kodi_Monitor: sender xbmc - method: Player.OnResume - data: {"item":{"channeltype":"tv","id":221,"title":"Love Nature 4K","type":"channel"},"player":{"playerid":1,"speed":1}}
2024-12-19 16:25:39.377 T:3978 debug : CPlayerGUIInfo::InitCurrentItem(pvr://channels/tv/Nilesat@1/1@pvr.hts_1888667179.pvr)
2024-12-19 16:25:39.378 T:3980 info : Skipped 1 duplicate messages..
2024-12-19 16:25:39.378 T:3980 debug : Building didl for plain object 'pvr://channels/tv/Nilesat@1/1@pvr.hts_1888667179.pvr' (encoded value: 'cHZyOi8vY2hhbm5lbHMvdHYvTmlsZXNhdEAxLzFAcHZyLmh0c18xODg4NjY3MTc5LnB2cg==')
2024-12-19 16:25:39.386 T:4396 debug : CVideoPlayerVideo - CDVDMsg::GENERAL_SYNCHRONIZE
2024-12-19 16:25:39.386 T:4242 debug : CDVDClock::SetSpeedAdjust - adjusted:0.000000
2024-12-19 16:25:39.386 T:4396 debug : CAMLCodec::SetSpeed, speed(0)
2024-12-19 16:25:39.386 T:3978 debug : ------ Window Init (DialogSeekBar.xml) ------
2024-12-19 16:25:39.387 T:4242 debug : CInputStreamPVRChannel - ClosePVRStream - closed channel stream pvr://channels/tv/All%20channels@-1/1@pvr.hts_2090915555.pvr
2024-12-19 16:25:39.387 T:4242 info : Creating InputStream
2024-12-19 16:25:39.388 T:4242 debug : AddOnLog: pvr.hts: demux send weight 30
2024-12-19 16:25:39.386 T:4393 debug : CVideoPlayerAudio - CDVDMsg::GENERAL_SYNCHRONIZE
2024-12-19 16:25:39.388 T:4393 debug : CDVDAudio::Pause - pausing audio stream
2024-12-19 16:25:39.389 T:4242 debug : AddOnLog: pvr.hts: demux open
2024-12-19 16:25:39.391 T:4242 debug : AddOnLog: pvr.hts: demux subscribe to 1888667179
2024-12-19 16:25:39.393 T:4242 debug : AddOnLog: pvr.hts: demux successfully subscribed to channel id 1888667179, subscription id 6
2024-12-19 16:25:39.393 T:4242 debug : CInputStreamPVRChannel - OpenPVRStream - opened channel stream pvr://channels/tv/Nilesat@1/1@pvr.hts_1888667179.pvr
2024-12-19 16:25:39.393 T:4242 info : Creating Demuxer
2024-12-19 16:25:39.393 T:4242 info : Closing stream player 2
2024-12-19 16:25:39.393 T:4242 debug : CDVDClock::SetSpeedAdjust - adjusted:0.000000
2024-12-19 16:25:39.394 T:4242 info : waiting for video thread to exit
2024-12-19 16:25:39.394 T:4396 debug : CAMLCodec::SetSpeed, speed(1000)
2024-12-19 16:25:39.394 T:4396 info : thread end: video_thread
2024-12-19 16:25:39.394 T:4396 debug : Thread VideoPlayerVideo 3441422848 terminating
2024-12-19 16:25:39.394 T:4242 info : deleting video codec
2024-12-19 16:25:39.394 T:4242 debug : DVDVideoCodecAmlogic::Close
2024-12-19 16:25:39.394 T:4242 debug : CAMLCodec::CloseDecoder
2024-12-19 16:25:39.396 T:4120 debug : Loading settings for pvr://channels/tv/Nilesat@1/1@pvr.hts_1888667179.pvr
2024-12-19 16:25:39.420 T:3978 debug : Flush - flushing renderer
2024-12-19 16:25:39.420 T:3978 debug : ------ Window Init (Custom_1109_TopBarOverlay.xml) ------
2024-12-19 16:25:39.448 T:4242 info : Closing stream player 1
2024-12-19 16:25:39.448 T:4242 info : Waiting for audio thread to exit
2024-12-19 16:25:39.449 T:4393 info : thread end: CVideoPlayerAudio::OnExit()
2024-12-19 16:25:39.449 T:4393 debug : Thread VideoPlayerAudio 3345863168 terminating
2024-12-19 16:25:39.450 T:4015 debug : Skin Helper Service --> Kodi_Monitor: sender xbmc - method: Info.OnChanged - data: null
2024-12-19 16:25:39.450 T:4242 info : Closing audio device
2024-12-19 16:25:39.450 T:4242 debug : CDVDAudio::Flush - flush audio stream
2024-12-19 16:25:39.450 T:3992 debug : CActiveAE::DiscardStream - audio stream deleted
2024-12-19 16:25:39.451 T:3992 debug : CActiveAE::ClearDiscardedBuffers - buffer pool deleted
2024-12-19 16:25:39.451 T:4015 debug : Skin Helper Service --> Kodi_Monitor: sender xbmc - method: Info.OnChanged - data: null
2024-12-19 16:25:39.451 T:3992 debug : CActiveAE::ClearDiscardedBuffers - buffer pool deleted
2024-12-19 16:25:39.452 T:4015 info : Skipped 1 duplicate messages..
2024-12-19 16:25:39.452 T:4015 debug : Skin Helper Service --> Kodi_Monitor: sender xbmc - method: Player.OnPlay - data: {"item":{"channeltype":"tv","id":204,"title":"AD Nat Geo HD","type":"channel"},"player":{"playerid":1,"speed":1}}
2024-12-19 16:25:39.452 T:4242 info : Deleting audio codec
2024-12-19 16:25:39.452 T:4242 info : Closing stream player 3
2024-12-19 16:25:39.461 T:4242 debug : CDVDClock::SetSpeedAdjust - adjusted:0.000000
2024-12-19 16:25:39.472 T:4016 debug : script.skin.helper.widgets --> Kodi_Monitor: sender xbmc - method: Info.OnChanged - data: null
2024-12-19 16:25:39.472 T:4016 info : Skipped 1 duplicate messages..
2024-12-19 16:25:39.472 T:4016 debug : script.skin.helper.widgets --> Kodi_Monitor: sender xbmc - method: Player.OnPlay - data: {"item":{"channeltype":"tv","id":204,"title":"AD Nat Geo HD","type":"channel"},"player":{"playerid":1,"speed":1}}
2024-12-19 16:25:39.569 T:3978 debug : ------ Window Deinit (DialogPVRChannelsOSD.xml) ------
2024-12-19 16:25:39.597 T:3982 debug : Sink changed
2024-12-19 16:25:39.598 T:3993 info : CActiveAESink::OpenSink - initialize sink
2024-12-19 16:25:39.602 T:3993 debug : CActiveAESink::OpenSink - trying to open device PULSE:alsa_output.default
2024-12-19 16:25:39.605 T:3993 debug : PulseAudio: Context authorizing
2024-12-19 16:25:39.606 T:3993 debug : PulseAudio: Context setting name
2024-12-19 16:25:39.607 T:3993 debug : PulseAudio: Context ready
2024-12-19 16:25:39.640 T:3982 debug : Sink changed
2024-12-19 16:25:39.640 T:3993 debug : PulseAudio: Stream ready
2024-12-19 16:25:39.641 T:3993 info : PulseAudio: Opened device alsa_output.default in pcm mode with Buffersize 150 ms Periodsize 50 ms
2024-12-19 16:25:39.642 T:3982 debug : Sink changed
2024-12-19 16:25:39.642 T:3993 debug : CActiveAESink::OpenSink - PULSE Initialized:
2024-12-19 16:25:39.642 T:3993 debug : Output Device : Built-in Audio
2024-12-19 16:25:39.642 T:3993 debug : Sample Rate : 44100
2024-12-19 16:25:39.642 T:3993 debug : Sample Format : AE_FMT_FLOAT
2024-12-19 16:25:39.642 T:3993 debug : Channel Count : 2
2024-12-19 16:25:39.642 T:3993 debug : Channel Layout: FL, FR
2024-12-19 16:25:39.642 T:3993 debug : Frames : 2205
2024-12-19 16:25:39.642 T:3993 debug : Frame Size : 8
2024-12-19 16:25:39.643 T:3992 debug : CActiveAE::ClearDiscardedBuffers - buffer pool deleted
2024-12-19 16:25:41.209 T:4036 info : Skipped 1 duplicate messages..
2024-12-19 16:25:41.209 T:4036 debug : AddOnLog: pvr.hts: demux subscription start
2024-12-19 16:25:41.209 T:4036 debug : AddOnLog: pvr.hts: id: 1001, type H264, codec: 27
2024-12-19 16:25:41.209 T:4036 debug : AddOnLog: pvr.hts: id: 1002, type MPEG2AUDIO, codec: 86016
2024-12-19 16:25:41.209 T:4036 debug : AddOnLog: pvr.hts: demux stream change
2024-12-19 16:25:41.209 T:4242 debug : CDVDDemuxClient::RequestStream(): added/updated stream 1001 with codec_id 27
2024-12-19 16:25:41.210 T:4242 debug : CDVDDemuxClient::RequestStream(): added/updated stream 1002 with codec_id 86016
2024-12-19 16:25:41.210 T:4242 info : Opening stream: 1001 source: 256
2024-12-19 16:25:41.210 T:4242 error : OpenStream: Codec id 27 require extradata.
2024-12-19 16:25:41.210 T:4242 warning : OpenStream - Unsupported stream 1001. Stream disabled.
2024-12-19 16:25:41.210 T:4242 info : Opening stream: 1002 source: 256
2024-12-19 16:25:41.210 T:4242 info : Finding audio codec for: 86016
2024-12-19 16:25:41.210 T:4242 info : CDVDAudioCodecFFmpeg::Open() Successful opened audio decoder mp2
2024-12-19 16:25:41.210 T:4242 info : OpenStream: Allowing max Out-Of-Sync Value of 50 ms
2024-12-19 16:25:41.210 T:4242 info : Creating audio thread
2024-12-19 16:25:41.211 T:4479 debug : Thread VideoPlayerAudio start, auto delete: false
2024-12-19 16:25:41.211 T:4479 info : running thread: CVideoPlayerAudio::Process()
2024-12-19 16:25:41.211 T:4479 debug : CVideoPlayerAudio - CDVDMsg::GENERAL_PAUSE: false
2024-12-19 16:25:41.211 T:4242 debug : CVideoPlayer::HandleMessages - player 1 reported state: 0
2024-12-19 16:25:41.211 T:4037 debug : OnAVChange: CApplication::OnAVChange
2024-12-19 16:25:41.211 T:4242 debug : VideoPlayer:Speed adjust:-0.05 aq:0
2024-12-19 16:25:41.211 T:4242 debug : CDVDClock::SetSpeedAdjust - adjusted:-0.050000
2024-12-19 16:25:41.212 T:4242 debug : CDVDDemuxClient::ParsePacket - (1002) samplerate changed from 3 to 48000
2024-12-19 16:25:41.214 T:4242 debug : GetPacketExtradata: fetching extradata, extradata_size(41)
2024-12-19 16:25:41.215 T:4242 debug : CDVDDemuxClient::ParsePacket - split extradata
2024-12-19 16:25:41.259 T:4016 debug : script.skin.helper.widgets --> Kodi_Monitor: sender xbmc - method: Player.OnAVChange - data: {"item":{"channeltype":"tv","id":204,"title":"AD Nat Geo HD","type":"channel"},"player":{"playerid":1,"speed":1}}
2024-12-19 16:25:41.283 T:4242 debug : CDVDDemuxClient::ParsePacket - (1001) profile changed from -99 to 100
2024-12-19 16:25:41.283 T:4242 debug : CDVDDemuxClient::ParsePacket - (1001) level changed from -99 to 40
2024-12-19 16:25:41.283 T:4242 debug : CDVDDemuxClient::ParsePacket - (1001) aspect changed from 0 to 1.7777777777777777
2024-12-19 16:25:41.283 T:4242 debug : CDVDDemuxClient::ParsePacket - (1001) fps changed from 1000000/40000 to 25/1
2024-12-19 16:25:41.283 T:4242 debug : CDVDDemuxClient::RequestStream(): added/updated stream 1001 with codec_id 27
2024-12-19 16:25:41.283 T:4242 debug : CDVDDemuxClient::RequestStream(): added/updated stream 1002 with codec_id 86016
2024-12-19 16:25:41.283 T:4242 info : Opening stream: 1001 source: 256
2024-12-19 16:25:41.283 T:4242 info : Creating video codec with codec id: 27
2024-12-19 16:25:41.283 T:4242 debug : DVDVideoCodecAmlogic::Open - codec 27 profile:100 extra_size:41 fps:25/1
2024-12-19 16:25:41.283 T:4242 info : DVDVideoCodecAmlogic: Opened Amlogic Codec
2024-12-19 16:25:41.283 T:4242 debug : CVideoPlayerVideo::OpenStream - open stream with codec id: 27 fps:25/1 options:02
2024-12-19 16:25:41.283 T:4242 info : Creating video thread
2024-12-19 16:25:41.283 T:4480 debug : Thread VideoPlayerVideo start, auto delete: false
2024-12-19 16:25:41.284 T:4480 info : running thread: video_thread
2024-12-19 16:25:41.284 T:4480 debug : CVideoPlayerVideo - CDVDMsg::GENERAL_PAUSE: false
2024-12-19 16:25:41.284 T:4242 info : Opening stream: 1002 source: 256
2024-12-19 16:25:41.284 T:4242 info : Finding audio codec for: 86016
2024-12-19 16:25:41.284 T:4242 info : CDVDAudioCodecFFmpeg::Open() Successful opened audio decoder mp2
2024-12-19 16:25:41.284 T:4242 debug : CVideoPlayer::HandleMessages - player 2 reported state: 0
2024-12-19 16:25:41.284 T:4242 debug : CVideoPlayer::ProcessVideoData size:67501 dts:1.184 pts:1.304 dur:40.000ms, clock:1.887 level:0
2024-12-19 16:25:41.284 T:4480 debug : CVideoPlayerVideo - Stillframe left, switching to normal playback
2024-12-19 16:25:41.285 T:4480 info : CDVDVideoCodecAmlogic::AddData: Open decoder: fps:25/1
2024-12-19 16:25:41.285 T:4242 debug : CVideoPlayer::ProcessVideoData size:20243 dts:1.204 pts:1.324 dur:40.000ms, clock:1.887 level:0
2024-12-19 16:25:41.285 T:4242 debug : CVideoPlayer::ProcessVideoData size:13747 dts:1.224 pts:1.264 dur:40.000ms, clock:1.888 level:0
2024-12-19 16:25:41.285 T:4480 debug : codecid_to_vformat, id(27) -> vformat(2)
2024-12-19 16:25:41.285 T:4242 debug : CVideoPlayer::ProcessVideoData size:2931 dts:1.244 pts:1.284 dur:40.000ms, clock:1.888 level:1
2024-12-19 16:25:41.286 T:4480 debug : codec_tag_to_vdec_type, codec_tag(27) -> vdec_type(4)
2024-12-19 16:25:41.286 T:4480 debug : CAMLCodec::OpenDecoder hints.width(1920), hints.height(1080), hints.codec(27), hints.codec_tag(0)
2024-12-19 16:25:41.286 T:4480 debug : CAMLCodec::OpenDecoder hints.fpsrate(25), hints.fpsscale(1), video_rate(3840)
2024-12-19 16:25:41.286 T:4480 debug : CAMLCodec::OpenDecoder hints.aspect(1.777778), video_ratio.num(1), video_ratio.den(1)
2024-12-19 16:25:41.286 T:4480 debug : CAMLCodec::OpenDecoder hints.orientation(0), hints.forced_aspect(0), hints.extrasize(41)
2024-12-19 16:25:41.286 T:4480 debug : CAMLCodec::OpenDecoder decoder timeout: 5s
2024-12-19 16:25:41.286 T:4480 info : CAMLCodec::OpenDecoder Amlogic device does not support DV, DV is enabled by user, display does not support DV, DV system is disabled
2024-12-19 16:25:41.292 T:4479 debug : CVideoPlayerAudio - CDVDMsg::GENERAL_PAUSE: false
2024-12-19 16:25:41.292 T:4479 info : OpenStream: Allowing max Out-Of-Sync Value of 50 ms
2024-12-19 16:25:41.307 T:4015 debug : Skin Helper Service --> Kodi_Monitor: sender xbmc - method: Player.OnAVChange - data: {"item":{"channeltype":"tv","id":204,"title":"AD Nat Geo HD","type":"channel"},"player":{"playerid":1,"speed":1}}
2024-12-19 16:25:41.316 T:4242 debug : CVideoPlayer::HandleMessages - player 1 reported state: 0
2024-12-19 16:25:41.316 T:4037 debug : OnAVChange: CApplication::OnAVChange
2024-12-19 16:25:41.316 T:4242 debug : CVideoPlayer::ProcessVideoData size:39614 dts:1.264 pts:1.384 dur:40.000ms, clock:1.918 level:0
2024-12-19 16:25:41.317 T:4242 debug : CVideoPlayer::ProcessVideoData size:13837 dts:1.284 pts:1.404 dur:40.000ms, clock:1.918 level:0
2024-12-19 16:25:41.323 T:4479 info : Creating audio stream (codec id: 86016, channels: 2, sample rate: 48000, no pass-through)
2024-12-19 16:25:41.324 T:4479 debug : CVideoPlayerAudio:: synctype set to 0: clock feedback
2024-12-19 16:25:41.324 T:3993 info : CActiveAESink::OpenSink - initialize sink
2024-12-19 16:25:41.324 T:3993 debug : CActiveAESink::OpenSink - trying to open device PULSE:alsa_output.default
2024-12-19 16:25:41.328 T:3993 debug : PulseAudio: Context authorizing
2024-12-19 16:25:41.330 T:3993 debug : PulseAudio: Context setting name
2024-12-19 16:25:41.330 T:3993 debug : PulseAudio: Context ready
2024-12-19 16:25:41.331 T:3993 debug : PULSE does not support format: AE_FMT_FLOATP - will fallback to AE_FMT_FLOAT
2024-12-19 16:25:41.341 T:4242 debug : CVideoPlayer::ProcessVideoData size:15663 dts:1.304 pts:1.344 dur:40.000ms, clock:1.941 level:0
2024-12-19 16:25:41.342 T:4242 debug : CVideoPlayer::ProcessVideoData size:3788 dts:1.324 pts:1.364 dur:40.000ms, clock:1.942 level:0
2024-12-19 16:25:41.360 T:4016 debug : script.skin.helper.widgets --> Kodi_Monitor: sender xbmc - method: Player.OnAVChange - data: {"item":{"channeltype":"tv","id":204,"title":"AD Nat Geo HD","type":"channel"},"player":{"playerid":1,"speed":1}}
2024-12-19 16:25:41.367 T:3982 debug : Sink changed
2024-12-19 16:25:41.367 T:3993 debug : PulseAudio: Stream ready
2024-12-19 16:25:41.367 T:3993 info : PulseAudio: Opened device alsa_output.default in pcm mode with Buffersize 150 ms Periodsize 50 ms
2024-12-19 16:25:41.369 T:3982 debug : Sink changed
2024-12-19 16:25:41.370 T:3993 debug : CActiveAESink::OpenSink - PULSE Initialized:
2024-12-19 16:25:41.370 T:3993 debug : Output Device : Built-in Audio
2024-12-19 16:25:41.370 T:3993 debug : Sample Rate : 48000
2024-12-19 16:25:41.370 T:3993 debug : Sample Format : AE_FMT_FLOAT
2024-12-19 16:25:41.370 T:3993 debug : Channel Count : 2
2024-12-19 16:25:41.370 T:3993 debug : Channel Layout: FL, FR
2024-12-19 16:25:41.370 T:3993 debug : Frames : 2400
2024-12-19 16:25:41.370 T:3993 debug : Frame Size : 8
2024-12-19 16:25:41.372 T:3992 debug : CActiveAE::ClearDiscardedBuffers - buffer pool deleted
2024-12-19 16:25:41.373 T:3982 info : Skipped 1 duplicate messages..
2024-12-19 16:25:41.373 T:3982 debug : Sink changed
2024-12-19 16:25:41.409 T:4015 debug : Skin Helper Service --> Kodi_Monitor: sender xbmc - method: Player.OnAVChange - data: {"item":{"channeltype":"tv","id":204,"title":"AD Nat Geo HD","type":"channel"},"player":{"playerid":1,"speed":1}}
2024-12-19 16:25:41.421 T:4242 debug : CVideoPlayer::ProcessVideoData size:38933 dts:1.344 pts:1.544 dur:40.000ms, clock:2.017 level:0
2024-12-19 16:25:41.421 T:4242 debug : CVideoPlayer::ProcessVideoData size:5070 dts:1.364 pts:1.564 dur:40.000ms, clock:2.017 level:0
2024-12-19 16:25:41.449 T:4242 debug : CVideoPlayer::ProcessVideoData size:19989 dts:1.384 pts:1.464 dur:40.000ms, clock:2.044 level:0
2024-12-19 16:25:41.450 T:4242 debug : CVideoPlayer::ProcessVideoData size:2317 dts:1.404 pts:1.484 dur:40.000ms, clock:2.044 level:0
2024-12-19 16:25:41.451 T:4242 debug : CVideoPlayer::ProcessVideoData size:14039 dts:1.424 pts:1.424 dur:40.000ms, clock:2.046 level:0
2024-12-19 16:25:41.473 T:4242 debug : CVideoPlayer::ProcessVideoData size:3396 dts:1.444 pts:1.444 dur:40.000ms, clock:2.067 level:0
2024-12-19 16:25:41.473 T:4242 debug : CVideoPlayer::ProcessVideoData size:14003 dts:1.464 pts:1.504 dur:40.000ms, clock:2.067 level:0
2024-12-19 16:25:41.499 T:4242 debug : CVideoPlayer::ProcessVideoData size:2465 dts:1.484 pts:1.524 dur:40.000ms, clock:2.091 level:0
2024-12-19 16:25:41.554 T:4242 debug : CVideoPlayer::ProcessVideoData size:40193 dts:1.504 pts:1.704 dur:40.000ms, clock:2.143 level:0
2024-12-19 16:25:41.568 T:4242 debug : CVideoPlayer::ProcessVideoData size:7491 dts:1.524 pts:1.724 dur:40.000ms, clock:2.156 level:0
2024-12-19 16:25:41.594 T:4242 debug : CVideoPlayer::ProcessVideoData size:22305 dts:1.544 pts:1.624 dur:40.000ms, clock:2.182 level:0
2024-12-19 16:25:41.594 T:4242 debug : CVideoPlayer::ProcessVideoData size:2886 dts:1.564 pts:1.644 dur:40.000ms, clock:2.182 level:0
2024-12-19 16:25:41.618 T:4242 debug : CVideoPlayer::ProcessVideoData size:17621 dts:1.584 pts:1.584 dur:40.000ms, clock:2.204 level:0
2024-12-19 16:25:41.618 T:4242 debug : CVideoPlayer::HandleMessages - player started 1
2024-12-19 16:25:41.618 T:4037 debug : OnAVChange: CApplication::OnAVChange
2024-12-19 16:25:41.619 T:4242 debug : CVideoPlayer::ProcessVideoData size:2641 dts:1.604 pts:1.604 dur:40.000ms, clock:2.205 level:0
2024-12-19 16:25:41.646 T:4242 debug : CVideoPlayer::ProcessVideoData size:17602 dts:1.624 pts:1.664 dur:40.000ms, clock:2.230 level:0
2024-12-19 16:25:41.646 T:4242 debug : CVideoPlayer::ProcessVideoData size:2509 dts:1.644 pts:1.684 dur:40.000ms, clock:2.231 level:0
2024-12-19 16:25:41.661 T:4016 debug : script.skin.helper.widgets --> Kodi_Monitor: sender xbmc - method: Player.OnAVChange - data: {"item":{"channeltype":"tv","id":204,"title":"AD Nat Geo HD","type":"channel"},"player":{"playerid":1,"speed":1}}
