2024-09-07 11:35:09.413 T:4123 debug : CVideoPlayer::ProcessVideoData size:1535 dts:25.134 pts:25.134 dur:20.000ms, clock:20.801 level:48
2024-09-07 11:35:09.413 T:4123 debug : CVideoPlayer::ProcessVideoData size:3215 dts:25.154 pts:25.194 dur:20.000ms, clock:20.802 level:48
2024-09-07 11:35:09.432 T:4125 debug : CVideoPlayerVideo::OutputPicture - ttd:210ms pts:21.014 Clock:20.803 Level:6
2024-09-07 11:35:09.452 T:4125 debug : CVideoPlayerVideo::OutputPicture - ttd:211ms pts:21.034 Clock:20.822 Level:6
2024-09-07 11:35:09.472 T:4125 debug : CVideoPlayerVideo::OutputPicture - ttd:211ms pts:21.054 Clock:20.842 Level:6
2024-09-07 11:35:09.492 T:4125 debug : CVideoPlayerVideo::OutputPicture - ttd:211ms pts:21.074 Clock:20.862 Level:6
2024-09-07 11:35:09.512 T:4125 debug : CVideoPlayerVideo::OutputPicture - ttd:211ms pts:21.094 Clock:20.882 Level:6
2024-09-07 11:35:09.512 T:4123 debug : CVideoPlayer::ProcessVideoData size:1554 dts:25.174 pts:25.214 dur:20.000ms, clock:20.901 level:48
2024-09-07 11:35:09.513 T:4123 debug : CVideoPlayer::ProcessVideoData size:28653 dts:25.194 pts:25.394 dur:20.000ms, clock:20.901 level:48
2024-09-07 11:35:09.514 T:4123 debug : CVideoPlayer::ProcessVideoData size:2990 dts:25.214 pts:25.414 dur:20.000ms, clock:20.902 level:49
2024-09-07 11:35:09.514 T:4123 debug : CVideoPlayer::ProcessVideoData size:6668 dts:25.234 pts:25.314 dur:20.000ms, clock:20.902 level:49
2024-09-07 11:35:09.532 T:4125 debug : CVideoPlayerVideo::OutputPicture - ttd:210ms pts:21.114 Clock:20.904 Level:6
2024-09-07 11:35:09.552 T:4125 debug : CVideoPlayerVideo::OutputPicture - ttd:211ms pts:21.134 Clock:20.923 Level:6
2024-09-07 11:35:09.572 T:4125 debug : CVideoPlayerVideo::OutputPicture - ttd:211ms pts:21.154 Clock:20.942 Level:6
2024-09-07 11:35:09.592 T:4125 debug : CVideoPlayerVideo::OutputPicture - ttd:211ms pts:21.174 Clock:20.962 Level:6
2024-09-07 11:35:09.612 T:4125 debug : CVideoPlayerVideo::OutputPicture - ttd:211ms pts:21.194 Clock:20.982 Level:6
2024-09-07 11:35:09.632 T:4125 debug : CVideoPlayerVideo::OutputPicture - ttd:211ms pts:21.214 Clock:21.002 Level:6
2024-09-07 11:35:09.638 T:4123 debug : CVideoPlayer::ProcessVideoData size:1758 dts:25.254 pts:25.334 dur:20.000ms, clock:21.026 level:46
2024-09-07 11:35:09.638 T:4123 debug : CVideoPlayer::ProcessVideoData size:3372 dts:25.274 pts:25.274 dur:20.000ms, clock:21.026 level:46
2024-09-07 11:35:09.638 T:4123 debug : CVideoPlayer::ProcessVideoData size:1439 dts:25.294 pts:25.294 dur:20.000ms, clock:21.027 level:46
2024-09-07 11:35:09.638 T:4123 debug : CVideoPlayer::ProcessVideoData size:3303 dts:25.314 pts:25.354 dur:20.000ms, clock:21.027 level:47
2024-09-07 11:35:09.639 T:4123 debug : CVideoPlayer::ProcessVideoData size:1564 dts:25.334 pts:25.374 dur:20.000ms, clock:21.027 level:47
2024-09-07 11:35:09.652 T:4125 debug : CVideoPlayerVideo::OutputPicture - ttd:211ms pts:21.234 Clock:21.022 Level:6
2024-09-07 11:35:09.672 T:4125 debug : CVideoPlayerVideo::OutputPicture - ttd:211ms pts:21.254 Clock:21.042 Level:6
2024-09-07 11:35:09.692 T:4125 debug : CVideoPlayerVideo::OutputPicture - ttd:211ms pts:21.274 Clock:21.062 Level:6
2024-09-07 11:35:09.714 T:4125 debug : CVideoPlayerVideo::OutputPicture - ttd:211ms pts:21.294 Clock:21.082 Level:6
2024-09-07 11:35:09.733 T:4125 debug : CVideoPlayerVideo::OutputPicture - ttd:209ms pts:21.314 Clock:21.104 Level:6
2024-09-07 11:35:09.751 T:4123 debug : CVideoPlayer::ProcessVideoData size:29255 dts:25.354 pts:25.554 dur:20.000ms, clock:21.139 level:47
2024-09-07 11:35:09.751 T:4123 debug : CVideoPlayer::ProcessVideoData size:2905 dts:25.374 pts:25.574 dur:20.000ms, clock:21.140 level:47
2024-09-07 11:35:09.751 T:4123 debug : CVideoPlayer::ProcessVideoData size:7323 dts:25.394 pts:25.474 dur:20.000ms, clock:21.140 level:48
2024-09-07 11:35:09.751 T:4123 debug : CVideoPlayer::ProcessVideoData size:1776 dts:25.414 pts:25.494 dur:20.000ms, clock:21.140 level:48
2024-09-07 11:35:09.752 T:4123 debug : CVideoPlayer::ProcessVideoData size:3815 dts:25.434 pts:25.434 dur:20.000ms, clock:21.140 level:48
2024-09-07 11:35:09.752 T:4123 debug : CVideoPlayer::ProcessVideoData size:1888 dts:25.454 pts:25.454 dur:20.000ms, clock:21.140 level:48
2024-09-07 11:35:09.752 T:4123 debug : CVideoPlayer::ProcessVideoData size:3758 dts:25.474 pts:25.514 dur:20.000ms, clock:21.140 level:49
2024-09-07 11:35:09.754 T:4125 debug : CVideoPlayerVideo::OutputPicture - ttd:210ms pts:21.334 Clock:21.123 Level:6
2024-09-07 11:35:09.773 T:4125 debug : CVideoPlayerVideo::OutputPicture - ttd:210ms pts:21.354 Clock:21.144 Level:6
2024-09-07 11:35:09.793 T:4125 debug : CVideoPlayerVideo::OutputPicture - ttd:210ms pts:21.374 Clock:21.163 Level:6
2024-09-07 11:35:09.813 T:4125 debug : CVideoPlayerVideo::OutputPicture - ttd:210ms pts:21.394 Clock:21.183 Level:6
2024-09-07 11:35:09.833 T:4125 debug : CVideoPlayerVideo::OutputPicture - ttd:208ms pts:21.414 Clock:21.206 Level:6
2024-09-07 11:35:09.851 T:4123 debug : CVideoPlayer::ProcessVideoData size:1841 dts:25.494 pts:25.534 dur:20.000ms, clock:21.240 level:48
2024-09-07 11:35:09.852 T:4123 debug : CVideoPlayer::ProcessVideoData size:37585 dts:25.514 pts:25.714 dur:20.000ms, clock:21.241 level:48
2024-09-07 11:35:09.852 T:4123 debug : CVideoPlayer::ProcessVideoData size:3103 dts:25.534 pts:25.734 dur:20.000ms, clock:21.241 level:48
2024-09-07 11:35:09.853 T:4125 debug : CVideoPlayerVideo::OutputPicture - ttd:210ms pts:21.434 Clock:21.223 Level:6
2024-09-07 11:35:09.853 T:4123 debug : CVideoPlayer::ProcessVideoData size:6921 dts:25.554 pts:25.634 dur:20.000ms, clock:21.241 level:48
2024-09-07 11:35:09.853 T:4123 debug : CVideoPlayer::ProcessVideoData size:1897 dts:25.574 pts:25.654 dur:20.000ms, clock:21.241 level:49
2024-09-07 11:35:09.874 T:4125 debug : CVideoPlayerVideo::OutputPicture - ttd:211ms pts:21.454 Clock:21.243 Level:6
2024-09-07 11:35:09.893 T:4125 debug : CVideoPlayerVideo::OutputPicture - ttd:210ms pts:21.474 Clock:21.263 Level:6
2024-09-07 11:35:09.913 T:4125 debug : CVideoPlayerVideo::OutputPicture - ttd:209ms pts:21.494 Clock:21.284 Level:6
2024-09-07 11:35:09.934 T:4125 debug : CVideoPlayerVideo::OutputPicture - ttd:210ms pts:21.514 Clock:21.303 Level:6
2024-09-07 11:35:09.953 T:4125 debug : CVideoPlayerVideo::OutputPicture - ttd:209ms pts:21.534 Clock:21.324 Level:6
2024-09-07 11:35:09.965 T:4123 debug : CVideoPlayer::ProcessVideoData size:4141 dts:25.594 pts:25.594 dur:20.000ms, clock:21.353 level:47
2024-09-07 11:35:09.965 T:4123 debug : CVideoPlayer::ProcessVideoData size:1903 dts:25.614 pts:25.614 dur:20.000ms, clock:21.353 level:47
2024-09-07 11:35:09.966 T:4123 debug : CVideoPlayer::ProcessVideoData size:3754 dts:25.634 pts:25.674 dur:20.000ms, clock:21.354 level:47
2024-09-07 11:35:09.966 T:4123 debug : CVideoPlayer::ProcessVideoData size:2005 dts:25.654 pts:25.694 dur:20.000ms, clock:21.355 level:47
2024-09-07 11:35:09.974 T:4125 debug : CVideoPlayerVideo::OutputPicture - ttd:210ms pts:21.554 Clock:21.343 Level:6
2024-09-07 11:35:09.993 T:4125 debug : CVideoPlayerVideo::OutputPicture - ttd:209ms pts:21.574 Clock:21.364 Level:6
2024-09-07 11:35:10.013 T:4125 debug : CVideoPlayerVideo::OutputPicture - ttd:210ms pts:21.594 Clock:21.383 Level:6
2024-09-07 11:35:10.033 T:4125 debug : CVideoPlayerVideo::OutputPicture - ttd:210ms pts:21.614 Clock:21.403 Level:6
2024-09-07 11:35:10.053 T:4125 debug : CVideoPlayerVideo::OutputPicture - ttd:210ms pts:21.634 Clock:21.423 Level:6
2024-09-07 11:35:10.072 T:4125 debug : CVideoPlayerVideo::OutputPicture - ttd:210ms pts:21.654 Clock:21.443 Level:6
2024-09-07 11:35:10.078 T:4123 debug : CVideoPlayer::ProcessVideoData size:29888 dts:25.674 pts:25.874 dur:20.000ms, clock:21.466 level:48
2024-09-07 11:35:10.078 T:4123 debug : CVideoPlayer::ProcessVideoData size:3208 dts:25.694 pts:25.894 dur:20.000ms, clock:21.467 level:48
2024-09-07 11:35:10.078 T:4123 debug : CVideoPlayer::ProcessVideoData size:6576 dts:25.714 pts:25.794 dur:20.000ms, clock:21.467 level:48
2024-09-07 11:35:10.078 T:4123 debug : CVideoPlayer::ProcessVideoData size:1916 dts:25.734 pts:25.814 dur:20.000ms, clock:21.467 level:48
2024-09-07 11:35:10.079 T:4123 debug : CVideoPlayer::ProcessVideoData size:3936 dts:25.754 pts:25.754 dur:20.000ms, clock:21.467 level:49
2024-09-07 11:35:10.079 T:4123 debug : CVideoPlayer::ProcessVideoData size:2013 dts:25.774 pts:25.774 dur:20.000ms, clock:21.468 level:49
2024-09-07 11:35:10.079 T:4123 debug : CVideoPlayer::ProcessVideoData size:3758 dts:25.794 pts:25.834 dur:20.000ms, clock:21.468 level:49
2024-09-07 11:35:10.092 T:4125 debug : CVideoPlayerVideo::OutputPicture - ttd:211ms pts:21.674 Clock:21.462 Level:6
2024-09-07 11:35:10.113 T:4125 debug : CVideoPlayerVideo::OutputPicture - ttd:210ms pts:21.694 Clock:21.483 Level:6
2024-09-07 11:35:10.133 T:4125 debug : CVideoPlayerVideo::OutputPicture - ttd:210ms pts:21.714 Clock:21.503 Level:6
2024-09-07 11:35:10.153 T:4125 debug : CVideoPlayerVideo::OutputPicture - ttd:210ms pts:21.734 Clock:21.523 Level:6
2024-09-07 11:35:10.173 T:4125 debug : CVideoPlayerVideo::OutputPicture - ttd:210ms pts:21.754 Clock:21.543 Level:6
2024-09-07 11:35:10.178 T:4123 debug : CVideoPlayer::ProcessVideoData size:1793 dts:25.814 pts:25.854 dur:20.000ms, clock:21.567 level:48
2024-09-07 11:35:10.179 T:4123 debug : CVideoPlayer::ProcessVideoData size:33104 dts:25.834 pts:26.034 dur:20.000ms, clock:21.567 level:48
2024-09-07 11:35:10.179 T:4123 debug : CVideoPlayer::ProcessVideoData size:3906 dts:25.854 pts:26.054 dur:20.000ms, clock:21.568 level:48
2024-09-07 11:35:10.179 T:4123 debug : CVideoPlayer::ProcessVideoData size:5931 dts:25.874 pts:25.954 dur:20.000ms, clock:21.568 level:48
2024-09-07 11:35:10.179 T:4123 debug : CVideoPlayer::ProcessVideoData size:1905 dts:25.894 pts:25.974 dur:20.000ms, clock:21.568 level:49
2024-09-07 11:35:10.179 T:4123 debug : CVideoPlayer::ProcessVideoData size:3656 dts:25.914 pts:25.914 dur:20.000ms, clock:21.568 level:49
2024-09-07 11:35:10.180 T:4123 debug : CVideoPlayer::ProcessVideoData size:1734 dts:25.934 pts:25.934 dur:20.000ms, clock:21.568 level:49
2024-09-07 11:35:10.180 T:4123 debug : CVideoPlayer::ProcessVideoData size:3243 dts:25.954 pts:25.994 dur:20.000ms, clock:21.568 level:49
2024-09-07 11:35:10.192 T:4125 debug : CVideoPlayerVideo::OutputPicture - ttd:210ms pts:21.774 Clock:21.563 Level:6
2024-09-07 11:35:10.212 T:4125 debug : CVideoPlayerVideo::OutputPicture - ttd:211ms pts:21.794 Clock:21.582 Level:6
2024-09-07 11:35:10.233 T:4125 debug : CVideoPlayerVideo::OutputPicture - ttd:211ms pts:21.814 Clock:21.602 Level:6
2024-09-07 11:35:10.254 T:4125 debug : CVideoPlayerVideo::OutputPicture - ttd:210ms pts:21.834 Clock:21.623 Level:6
2024-09-07 11:35:10.273 T:4125 debug : CVideoPlayerVideo::OutputPicture - ttd:210ms pts:21.854 Clock:21.643 Level:6
2024-09-07 11:35:10.291 T:4123 debug : CVideoPlayer::ProcessVideoData size:1708 dts:25.974 pts:26.014 dur:20.000ms, clock:21.680 level:48
2024-09-07 11:35:10.292 T:4123 debug : CVideoPlayer::ProcessVideoData size:28463 dts:25.994 pts:26.194 dur:20.000ms, clock:21.681 level:48
2024-09-07 11:35:10.293 T:4123 debug : CVideoPlayer::ProcessVideoData size:3110 dts:26.014 pts:26.214 dur:20.000ms, clock:21.681 level:48
2024-09-07 11:35:10.293 T:4123 debug : CVideoPlayer::ProcessVideoData size:6263 dts:26.034 pts:26.114 dur:20.000ms, clock:21.682 level:48
2024-09-07 11:35:10.293 T:4123 debug : CVideoPlayer::ProcessVideoData size:2001 dts:26.054 pts:26.134 dur:20.000ms, clock:21.682 level:49
2024-09-07 11:35:10.293 T:4123 debug : CVideoPlayer::ProcessVideoData size:3447 dts:26.074 pts:26.074 dur:20.000ms, clock:21.682 level:49
2024-09-07 11:35:10.294 T:4125 debug : CVideoPlayerVideo::OutputPicture - ttd:210ms pts:21.874 Clock:21.663 Level:6
2024-09-07 11:35:10.314 T:4125 debug : CVideoPlayerVideo::OutputPicture - ttd:210ms pts:21.894 Clock:21.683 Level:6
2024-09-07 11:35:10.333 T:4125 debug : CVideoPlayerVideo::OutputPicture - ttd:210ms pts:21.914 Clock:21.703 Level:6
2024-09-07 11:35:10.353 T:4125 debug : CVideoPlayerVideo::OutputPicture - ttd:210ms pts:21.934 Clock:21.723 Level:6
2024-09-07 11:35:10.373 T:4125 debug : CVideoPlayerVideo::OutputPicture - ttd:210ms pts:21.954 Clock:21.743 Level:6
2024-09-07 11:35:10.393 T:4125 debug : CVideoPlayerVideo::OutputPicture - ttd:210ms pts:21.974 Clock:21.764 Level:6
2024-09-07 11:35:10.412 T:4125 debug : CVideoPlayerVideo::OutputPicture - ttd:210ms pts:21.994 Clock:21.783 Level:6
2024-09-07 11:35:10.417 T:4123 debug : CVideoPlayer::ProcessVideoData size:1749 dts:26.094 pts:26.094 dur:20.000ms, clock:21.805 level:47
2024-09-07 11:35:10.417 T:4123 debug : CVideoPlayer::ProcessVideoData size:3621 dts:26.114 pts:26.154 dur:20.000ms, clock:21.806 level:47
2024-09-07 11:35:10.418 T:4123 debug : CVideoPlayer::ProcessVideoData size:1740 dts:26.134 pts:26.174 dur:20.000ms, clock:21.806 level:48
2024-09-07 11:35:10.418 T:4123 debug : CVideoPlayer::ProcessVideoData size:30785 dts:26.154 pts:26.354 dur:20.000ms, clock:21.807 level:48
2024-09-07 11:35:10.432 T:4125 debug : CVideoPlayerVideo::OutputPicture - ttd:211ms pts:22.014 Clock:21.802 Level:6
2024-09-07 11:35:10.452 T:4125 debug : CVideoPlayerVideo::OutputPicture - ttd:211ms pts:22.034 Clock:21.822 Level:6
2024-09-07 11:35:10.472 T:4125 debug : CVideoPlayerVideo::OutputPicture - ttd:211ms pts:22.054 Clock:21.842 Level:6
2024-09-07 11:35:10.492 T:4125 debug : CVideoPlayerVideo::OutputPicture - ttd:211ms pts:22.074 Clock:21.862 Level:6
2024-09-07 11:35:10.512 T:4125 debug : CVideoPlayerVideo::OutputPicture - ttd:211ms pts:22.094 Clock:21.882 Level:6
2024-09-07 11:35:10.530 T:4123 debug : CVideoPlayer::ProcessVideoData size:2856 dts:26.174 pts:26.374 dur:20.000ms, clock:21.918 level:48
2024-09-07 11:35:10.530 T:4123 debug : CVideoPlayer::ProcessVideoData size:7071 dts:26.194 pts:26.274 dur:20.000ms, clock:21.919 level:48
2024-09-07 11:35:10.530 T:4123 debug : CVideoPlayer::ProcessVideoData size:1990 dts:26.214 pts:26.294 dur:20.000ms, clock:21.919 level:49
2024-09-07 11:35:10.530 T:4123 debug : CVideoPlayer::ProcessVideoData size:3706 dts:26.234 pts:26.234 dur:20.000ms, clock:21.919 level:49
2024-09-07 11:35:10.530 T:4123 debug : CVideoPlayer::ProcessVideoData size:1901 dts:26.254 pts:26.254 dur:20.000ms, clock:21.919 level:49
2024-09-07 11:35:10.531 T:4123 debug : CVideoPlayer::ProcessVideoData size:4123 dts:26.274 pts:26.314 dur:20.000ms, clock:21.919 level:49
2024-09-07 11:35:10.531 T:4123 debug : CVideoPlayer::ProcessVideoData size:1927 dts:26.294 pts:26.334 dur:20.000ms, clock:21.919 level:50
2024-09-07 11:35:10.531 T:4123 debug : CVideoPlayer::ProcessVideoData size:20921 dts:26.314 pts:26.434 dur:20.000ms, clock:21.920 level:50
2024-09-07 11:35:10.531 T:4123 debug : CVideoPlayer::ProcessVideoData size:2135 dts:26.334 pts:26.454 dur:20.000ms, clock:21.920 level:50
2024-09-07 11:35:10.532 T:4125 debug : CVideoPlayerVideo::OutputPicture - ttd:211ms pts:22.114 Clock:21.902 Level:6
2024-09-07 11:35:10.554 T:4125 debug : CVideoPlayerVideo::OutputPicture - ttd:211ms pts:22.134 Clock:21.923 Level:6
2024-09-07 11:35:10.573 T:4125 debug : CVideoPlayerVideo::OutputPicture - ttd:209ms pts:22.154 Clock:21.944 Level:6
2024-09-07 11:35:10.593 T:4125 debug : CVideoPlayerVideo::OutputPicture - ttd:210ms pts:22.174 Clock:21.963 Level:6
2024-09-07 11:35:10.613 T:4125 debug : CVideoPlayerVideo::OutputPicture - ttd:210ms pts:22.194 Clock:21.983 Level:6
2024-09-07 11:35:10.633 T:4125 debug : CVideoPlayerVideo::OutputPicture - ttd:210ms pts:22.214 Clock:22.003 Level:6
2024-09-07 11:35:10.652 T:4125 debug : CVideoPlayerVideo::OutputPicture - ttd:210ms pts:22.234 Clock:22.023 Level:6
2024-09-07 11:35:10.656 T:4123 debug : CVideoPlayer::ProcessVideoData size:3825 dts:26.354 pts:26.394 dur:20.000ms, clock:22.045 level:47
2024-09-07 11:35:10.657 T:4123 debug : CVideoPlayer::ProcessVideoData size:1719 dts:26.374 pts:26.414 dur:20.000ms, clock:22.046 level:47
2024-09-07 11:35:10.672 T:4125 debug : CVideoPlayerVideo::OutputPicture - ttd:211ms pts:22.254 Clock:22.042 Level:6
2024-09-07 11:35:10.692 T:4125 debug : CVideoPlayerVideo::OutputPicture - ttd:211ms pts:22.274 Clock:22.062 Level:6
2024-09-07 11:35:10.712 T:4125 debug : CVideoPlayerVideo::OutputPicture - ttd:211ms pts:22.294 Clock:22.082 Level:6
2024-09-07 11:35:10.733 T:4125 debug : CVideoPlayerVideo::OutputPicture - ttd:211ms pts:22.314 Clock:22.102 Level:6
2024-09-07 11:35:10.753 T:4125 debug : CVideoPlayerVideo::OutputPicture - ttd:210ms pts:22.334 Clock:22.123 Level:6
2024-09-07 11:35:10.773 T:4125 debug : CVideoPlayerVideo::OutputPicture - ttd:210ms pts:22.354 Clock:22.143 Level:6
2024-09-07 11:35:10.793 T:4125 debug : CVideoPlayerVideo::OutputPicture - ttd:210ms pts:22.374 Clock:22.163 Level:6
2024-09-07 11:35:10.795 T:4123 debug : CVideoPlayer::ProcessVideoData size:39851 dts:26.394 pts:26.474 dur:20.000ms, clock:22.183 level:48
2024-09-07 11:35:10.795 T:4123 debug : CVideoPlayer::ProcessVideoData size:1096 dts:26.414 pts:26.494 dur:20.000ms, clock:22.184 level:48
2024-09-07 11:35:10.795 T:4123 debug : CVideoPlayer::ProcessVideoData size:3798 dts:26.434 pts:26.634 dur:20.000ms, clock:22.184 level:48
2024-09-07 11:35:10.796 T:4123 debug : CVideoPlayer::ProcessVideoData size:1005 dts:26.454 pts:26.654 dur:20.000ms, clock:22.184 level:48
2024-09-07 11:35:10.796 T:4123 debug : CVideoPlayer::ProcessVideoData size:291 dts:26.474 pts:26.554 dur:20.000ms, clock:22.184 level:49
2024-09-07 11:35:10.796 T:4123 debug : CVideoPlayer::ProcessVideoData size:292 dts:26.494 pts:26.574 dur:20.000ms, clock:22.184 level:49
2024-09-07 11:35:10.796 T:4123 debug : CVideoPlayer::ProcessVideoData size:234 dts:26.514 pts:26.514 dur:20.000ms, clock:22.184 level:49
2024-09-07 11:35:10.796 T:4123 debug : CVideoPlayer::ProcessVideoData size:194 dts:26.534 pts:26.534 dur:20.000ms, clock:22.185 level:49
2024-09-07 11:35:10.796 T:4123 debug : CVideoPlayer::ProcessVideoData size:358 dts:26.554 pts:26.594 dur:20.000ms, clock:22.185 level:50
2024-09-07 11:35:10.796 T:4123 debug : CVideoPlayer::ProcessVideoData size:252 dts:26.574 pts:26.614 dur:20.000ms, clock:22.185 level:50
2024-09-07 11:35:10.796 T:4123 debug : CVideoPlayer::ProcessVideoData size:4353 dts:26.594 pts:26.794 dur:20.000ms, clock:22.185 level:50
2024-09-07 11:35:10.797 T:4123 debug : CVideoPlayer::ProcessVideoData size:986 dts:26.614 pts:26.814 dur:20.000ms, clock:22.185 level:50
2024-09-07 11:35:10.797 T:4123 debug : CVideoPlayer::ProcessVideoData size:488 dts:26.634 pts:26.714 dur:20.000ms, clock:22.185 level:51
2024-09-07 11:35:10.797 T:4123 debug : CVideoPlayer::ProcessVideoData size:437 dts:26.654 pts:26.734 dur:20.000ms, clock:22.185 level:51
2024-09-07 11:35:10.797 T:4123 debug : CVideoPlayer::ProcessVideoData size:207 dts:26.674 pts:26.674 dur:20.000ms, clock:22.185 level:51
2024-09-07 11:35:10.797 T:4123 debug : CVideoPlayer::ProcessVideoData size:198 dts:26.694 pts:26.694 dur:20.000ms, clock:22.185 level:52
2024-09-07 11:35:10.797 T:4123 debug : CVideoPlayer::ProcessVideoData size:175 dts:26.714 pts:26.754 dur:20.000ms, clock:22.186 level:52
2024-09-07 11:35:10.797 T:4123 debug : CVideoPlayer::ProcessVideoData size:164 dts:26.734 pts:26.774 dur:20.000ms, clock:22.186 level:52
2024-09-07 11:35:10.797 T:4123 debug : CVideoPlayer::ProcessVideoData size:12715 dts:26.754 pts:26.954 dur:20.000ms, clock:22.186 level:52
2024-09-07 11:35:10.797 T:4123 debug : CVideoPlayer::ProcessVideoData size:4954 dts:26.774 pts:26.974 dur:20.000ms, clock:22.186 level:53
2024-09-07 11:35:10.797 T:4123 debug : CVideoPlayer::ProcessVideoData size:654 dts:26.794 pts:26.874 dur:20.000ms, clock:22.186 level:53
2024-09-07 11:35:10.798 T:4123 debug : CVideoPlayer::ProcessVideoData size:519 dts:26.814 pts:26.894 dur:20.000ms, clock:22.186 level:53
2024-09-07 11:35:10.798 T:4123 debug : CVideoPlayer::ProcessVideoData size:357 dts:26.834 pts:26.834 dur:20.000ms, clock:22.186 level:53
2024-09-07 11:35:10.798 T:4123 debug : CVideoPlayer::ProcessVideoData size:330 dts:26.854 pts:26.854 dur:20.000ms, clock:22.186 level:54
2024-09-07 11:35:10.798 T:4123 debug : CVideoPlayer::ProcessVideoData size:367 dts:26.874 pts:26.914 dur:20.000ms, clock:22.186 level:54
2024-09-07 11:35:10.814 T:4125 debug : CVideoPlayerVideo::OutputPicture - ttd:210ms pts:22.394 Clock:22.183 Level:6
2024-09-07 11:35:10.833 T:4125 debug : CVideoPlayerVideo::OutputPicture - ttd:207ms pts:22.414 Clock:22.206 Level:6
2024-09-07 11:35:10.853 T:4125 debug : CVideoPlayerVideo::OutputPicture - ttd:210ms pts:22.434 Clock:22.223 Level:6
2024-09-07 11:35:10.873 T:4125 debug : CVideoPlayerVideo::OutputPicture - ttd:210ms pts:22.454 Clock:22.243 Level:6
2024-09-07 11:35:10.893 T:4125 debug : CVideoPlayerVideo::OutputPicture - ttd:210ms pts:22.474 Clock:22.263 Level:6
2024-09-07 11:35:10.912 T:4125 debug : CVideoPlayerVideo::OutputPicture - ttd:210ms pts:22.494 Clock:22.283 Level:6
2024-09-07 11:35:10.932 T:4125 debug : CVideoPlayerVideo::OutputPicture - ttd:211ms pts:22.514 Clock:22.302 Level:6
2024-09-07 11:35:10.932 T:4123 debug : CVideoPlayer::ProcessVideoData size:308 dts:26.894 pts:26.934 dur:20.000ms, clock:22.321 level:51
2024-09-07 11:35:10.933 T:4123 debug : CVideoPlayer::ProcessVideoData size:13396 dts:26.914 pts:27.114 dur:20.000ms, clock:22.321 level:52
2024-09-07 11:35:10.933 T:4123 debug : CVideoPlayer::ProcessVideoData size:2553 dts:26.934 pts:27.134 dur:20.000ms, clock:22.322 level:52
2024-09-07 11:35:10.933 T:4123 debug : CVideoPlayer::ProcessVideoData size:682 dts:26.954 pts:27.034 dur:20.000ms, clock:22.322 level:52
2024-09-07 11:35:10.934 T:4123 debug : CVideoPlayer::ProcessVideoData size:510 dts:26.974 pts:27.054 dur:20.000ms, clock:22.322 level:52
2024-09-07 11:35:10.934 T:4123 debug : CVideoPlayer::ProcessVideoData size:473 dts:26.994 pts:26.994 dur:20.000ms, clock:22.322 level:53
2024-09-07 11:35:10.934 T:4123 debug : CVideoPlayer::ProcessVideoData size:317 dts:27.014 pts:27.014 dur:20.000ms, clock:22.322 level:53
2024-09-07 11:35:10.934 T:4123 debug : CVideoPlayer::ProcessVideoData size:400 dts:27.034 pts:27.074 dur:20.000ms, clock:22.323 level:53
2024-09-07 11:35:10.934 T:4123 debug : CVideoPlayer::ProcessVideoData size:314 dts:27.054 pts:27.094 dur:20.000ms, clock:22.323 level:53
2024-09-07 11:35:10.934 T:4123 debug : CVideoPlayer::ProcessVideoData size:11637 dts:27.074 pts:27.274 dur:20.000ms, clock:22.323 level:54
2024-09-07 11:35:10.934 T:4123 debug : CVideoPlayer::ProcessVideoData size:783 dts:27.094 pts:27.294 dur:20.000ms, clock:22.323 level:54
2024-09-07 11:35:10.934 T:4123 debug : CVideoPlayer::ProcessVideoData size:1964 dts:27.114 pts:27.194 dur:20.000ms, clock:22.323 level:54
2024-09-07 11:35:10.935 T:4123 debug : CVideoPlayer::ProcessVideoData size:636 dts:27.134 pts:27.214 dur:20.000ms, clock:22.323 level:54
2024-09-07 11:35:10.935 T:4123 debug : CVideoPlayer::ProcessVideoData size:949 dts:27.154 pts:27.154 dur:20.000ms, clock:22.323 level:54
2024-09-07 11:35:10.952 T:4125 debug : CVideoPlayerVideo::OutputPicture - ttd:209ms pts:22.534 Clock:22.324 Level:6
2024-09-07 11:35:10.972 T:4125 debug : CVideoPlayerVideo::OutputPicture - ttd:211ms pts:22.554 Clock:22.342 Level:6
2024-09-07 11:35:10.992 T:4125 debug : CVideoPlayerVideo::OutputPicture - ttd:211ms pts:22.574 Clock:22.362 Level:6
2024-09-07 11:35:11.012 T:4125 debug : CVideoPlayerVideo::OutputPicture - ttd:211ms pts:22.594 Clock:22.382 Level:6
2024-09-07 11:35:11.032 T:4125 debug : CVideoPlayerVideo::OutputPicture - ttd:211ms pts:22.614 Clock:22.402 Level:6
2024-09-07 11:35:11.052 T:4125 debug : CVideoPlayerVideo::OutputPicture - ttd:211ms pts:22.634 Clock:22.422 Level:6
2024-09-07 11:35:11.058 T:4123 debug : CVideoPlayer::ProcessVideoData size:598 dts:27.174 pts:27.174 dur:20.000ms, clock:22.446 level:53
2024-09-07 11:35:11.058 T:4123 debug : CVideoPlayer::ProcessVideoData size:1914 dts:27.194 pts:27.234 dur:20.000ms, clock:22.447 level:53
2024-09-07 11:35:11.058 T:4123 debug : CVideoPlayer::ProcessVideoData size:390 dts:27.214 pts:27.254 dur:20.000ms, clock:22.447 level:53
2024-09-07 11:35:11.059 T:4123 debug : CVideoPlayer::ProcessVideoData size:12860 dts:27.234 pts:27.394 dur:20.000ms, clock:22.447 level:53
2024-09-07 11:35:11.059 T:4123 debug : CVideoPlayer::ProcessVideoData size:853 dts:27.254 pts:27.414 dur:20.000ms, clock:22.447 level:54
2024-09-07 11:35:11.059 T:4123 debug : CVideoPlayer::ProcessVideoData size:2442 dts:27.274 pts:27.314 dur:20.000ms, clock:22.447 level:54
2024-09-07 11:35:11.059 T:4123 debug : CVideoPlayer::ProcessVideoData size:454 dts:27.294 pts:27.334 dur:20.000ms, clock:22.447 level:54
2024-09-07 11:35:11.059 T:4123 debug : CVideoPlayer::ProcessVideoData size:2134 dts:27.314 pts:27.354 dur:20.000ms, clock:22.448 level:54
2024-09-07 11:35:11.072 T:4125 debug : CVideoPlayerVideo::OutputPicture - ttd:211ms pts:22.654 Clock:22.442 Level:6
2024-09-07 11:35:11.093 T:4125 debug : CVideoPlayerVideo::OutputPicture - ttd:211ms pts:22.674 Clock:22.462 Level:6
2024-09-07 11:35:11.113 T:4125 debug : CVideoPlayerVideo::OutputPicture - ttd:211ms pts:22.694 Clock:22.482 Level:6
2024-09-07 11:35:11.133 T:4125 debug : CVideoPlayerVideo::OutputPicture - ttd:210ms pts:22.714 Clock:22.503 Level:6
2024-09-07 11:35:11.153 T:4125 debug : CVideoPlayerVideo::OutputPicture - ttd:210ms pts:22.734 Clock:22.523 Level:6
2024-09-07 11:35:11.171 T:4123 debug : CVideoPlayer::ProcessVideoData size:3432 dts:27.334 pts:27.374 dur:20.000ms, clock:22.560 level:55
2024-09-07 11:35:11.173 T:4123 debug : CVideoPlayer::ProcessVideoData size:41676 dts:27.354 pts:27.554 dur:20.000ms, clock:22.561 level:55
2024-09-07 11:35:11.173 T:4125 debug : CVideoPlayerVideo::OutputPicture - ttd:210ms pts:22.754 Clock:22.543 Level:6
2024-09-07 11:35:11.173 T:4123 debug : CVideoPlayer::ProcessVideoData size:1535 dts:27.374 pts:27.574 dur:20.000ms, clock:22.562 level:55
2024-09-07 11:35:11.174 T:4123 debug : CVideoPlayer::ProcessVideoData size:2927 dts:27.394 pts:27.474 dur:20.000ms, clock:22.562 level:55
2024-09-07 11:35:11.174 T:4123 debug : CVideoPlayer::ProcessVideoData size:397 dts:27.414 pts:27.494 dur:20.000ms, clock:22.562 level:56
2024-09-07 11:35:11.174 T:4123 debug : CVideoPlayer::ProcessVideoData size:1787 dts:27.434 pts:27.434 dur:20.000ms, clock:22.563 level:56
2024-09-07 11:35:11.174 T:4123 debug : CVideoPlayer::ProcessVideoData size:521 dts:27.454 pts:27.454 dur:20.000ms, clock:22.563 level:56
2024-09-07 11:35:11.192 T:4125 debug : CVideoPlayerVideo::OutputPicture - ttd:207ms pts:22.774 Clock:22.566 Level:6
2024-09-07 11:35:11.213 T:4125 debug : CVideoPlayerVideo::OutputPicture - ttd:211ms pts:22.794 Clock:22.582 Level:6
2024-09-07 11:35:11.234 T:4125 debug : CVideoPlayerVideo::OutputPicture - ttd:210ms pts:22.814 Clock:22.603 Level:6
2024-09-07 11:35:11.285 T:4123 debug : CVideoPlayer::ProcessVideoData size:1743 dts:27.474 pts:27.514 dur:20.000ms, clock:22.673 level:55
2024-09-07 11:35:11.389 T:4123 debug : CVideoPlayer::ProcessVideoData size:447 dts:27.494 pts:27.534 dur:20.000ms, clock:22.777 level:55
2024-09-07 11:35:11.389 T:4123 debug : CVideoPlayer::ProcessVideoData size:13078 dts:27.514 pts:27.714 dur:20.000ms, clock:22.777 level:55
2024-09-07 11:35:11.389 T:4123 debug : CVideoPlayer::ProcessVideoData size:827 dts:27.534 pts:27.734 dur:20.000ms, clock:22.778 level:55
2024-09-07 11:35:11.389 T:4123 debug : CVideoPlayer::ProcessVideoData size:2940 dts:27.554 pts:27.634 dur:20.000ms, clock:22.778 level:56
2024-09-07 11:35:11.389 T:4123 debug : CVideoPlayer::ProcessVideoData size:4051 dts:27.574 pts:27.654 dur:20.000ms, clock:22.778 level:56
2024-09-07 11:35:11.390 T:4123 debug : CVideoPlayer::ProcessVideoData size:6734 dts:27.594 pts:27.594 dur:20.000ms, clock:22.778 level:56
2024-09-07 11:35:11.391 T:4125 debug : CVideoPlayerVideo::OutputPicture - ttd:54ms pts:22.834 Clock:22.780 Level:1
2024-09-07 11:35:11.393 T:4125 debug : CVideoPlayerVideo::OutputPicture - ttd:72ms pts:22.854 Clock:22.781 Level:2
2024-09-07 11:35:11.394 T:4125 debug : CVideoPlayerVideo::OutputPicture - ttd:90ms pts:22.874 Clock:22.783 Level:2
2024-09-07 11:35:11.395 T:4125 debug : CVideoPlayerVideo::OutputPicture - ttd:109ms pts:22.894 Clock:22.784 Level:3
2024-09-07 11:35:11.397 T:4125 debug : CVideoPlayerVideo::OutputPicture - ttd:128ms pts:22.914 Clock:22.785 Level:4
2024-09-07 11:35:11.398 T:4125 debug : CVideoPlayerVideo::OutputPicture - ttd:147ms pts:22.934 Clock:22.786 Level:5
2024-09-07 11:35:11.399 T:4125 debug : CVideoPlayerVideo::OutputPicture - ttd:166ms pts:22.954 Clock:22.787 Level:6
2024-09-07 11:35:11.410 T:4123 debug : CVideoPlayer::ProcessVideoData size:7050 dts:27.614 pts:27.614 dur:20.000ms, clock:22.798 level:54
2024-09-07 11:35:11.410 T:4123 debug : CVideoPlayer::ProcessVideoData size:7065 dts:27.634 pts:27.674 dur:20.000ms, clock:22.799 level:55
2024-09-07 11:35:11.410 T:4123 debug : CVideoPlayer::ProcessVideoData size:7127 dts:27.654 pts:27.694 dur:20.000ms, clock:22.799 level:55
2024-09-07 11:35:11.410 T:4123 debug : CVideoPlayer::ProcessVideoData size:12974 dts:27.674 pts:27.874 dur:20.000ms, clock:22.799 level:55
2024-09-07 11:35:11.411 T:4123 debug : CVideoPlayer::ProcessVideoData size:1681 dts:27.694 pts:27.894 dur:20.000ms, clock:22.799 level:55
2024-09-07 11:35:11.411 T:4123 debug : CVideoPlayer::ProcessVideoData size:7286 dts:27.714 pts:27.794 dur:20.000ms, clock:22.799 level:56
2024-09-07 11:35:11.412 T:4125 debug : CVideoPlayerVideo::OutputPicture - ttd:184ms pts:22.974 Clock:22.789 Level:6
2024-09-07 11:35:11.432 T:4125 debug : CVideoPlayerVideo::OutputPicture - ttd:191ms pts:22.994 Clock:22.802 Level:6
2024-09-07 11:35:11.452 T:4125 debug : CVideoPlayerVideo::OutputPicture - ttd:191ms pts:23.014 Clock:22.822 Level:6
2024-09-07 11:35:11.472 T:4125 debug : CVideoPlayerVideo::OutputPicture - ttd:191ms pts:23.034 Clock:22.842 Level:6
2024-09-07 11:35:11.492 T:4125 debug : CVideoPlayerVideo::OutputPicture - ttd:191ms pts:23.054 Clock:22.862 Level:6
2024-09-07 11:35:11.512 T:4125 debug : CVideoPlayerVideo::OutputPicture - ttd:191ms pts:23.074 Clock:22.882 Level:6
2024-09-07 11:35:11.532 T:4125 debug : CVideoPlayerVideo::OutputPicture - ttd:191ms pts:23.094 Clock:22.902 Level:6
2024-09-07 11:35:11.552 T:4125 debug : CVideoPlayerVideo::OutputPicture - ttd:191ms pts:23.114 Clock:22.922 Level:6
2024-09-07 11:35:11.572 T:4125 debug : CVideoPlayerVideo::OutputPicture - ttd:191ms pts:23.134 Clock:22.942 Level:6
2024-09-07 11:35:11.586 T:4123 debug : CVideoPlayer::ProcessVideoData size:7599 dts:27.734 pts:27.814 dur:20.000ms, clock:22.975 level:54
2024-09-07 11:35:11.587 T:4123 debug : CVideoPlayer::ProcessVideoData size:7692 dts:27.754 pts:27.754 dur:20.000ms, clock:22.975 level:54
2024-09-07 11:35:11.587 T:4123 debug : CVideoPlayer::ProcessVideoData size:7892 dts:27.774 pts:27.774 dur:20.000ms, clock:22.976 level:54
2024-09-07 11:35:11.587 T:4123 debug : CVideoPlayer::ProcessVideoData size:6949 dts:27.794 pts:27.834 dur:20.000ms, clock:22.976 level:54
2024-09-07 11:35:11.593 T:4125 debug : CVideoPlayerVideo::OutputPicture - ttd:191ms pts:23.154 Clock:22.962 Level:6
2024-09-07 11:35:11.613 T:4125 debug : CVideoPlayerVideo::OutputPicture - ttd:191ms pts:23.174 Clock:22.982 Level:6
2024-09-07 11:35:11.633 T:4125 debug : CVideoPlayerVideo::OutputPicture - ttd:190ms pts:23.194 Clock:23.003 Level:6
2024-09-07 11:35:11.653 T:4125 debug : CVideoPlayerVideo::OutputPicture - ttd:190ms pts:23.214 Clock:23.023 Level:6
2024-09-07 11:35:11.673 T:4125 debug : CVideoPlayerVideo::OutputPicture - ttd:190ms pts:23.234 Clock:23.043 Level:6
2024-09-07 11:35:11.692 T:4125 debug : CVideoPlayerVideo::OutputPicture - ttd:187ms pts:23.254 Clock:23.066 Level:6
2024-09-07 11:35:11.712 T:4125 debug : CVideoPlayerVideo::OutputPicture - ttd:191ms pts:23.274 Clock:23.082 Level:6
2024-09-07 11:35:11.732 T:3963 debug : CLibInputKeyboard::ProcessKey - using delay: 400ms repeat: 80ms
2024-09-07 11:35:11.732 T:4213 debug : Thread Timer start, auto delete: false
2024-09-07 11:35:11.732 T:3951 debug : Keyboard: scancode: 0x1c, sym: 0x0d (enter), unicode: 0x0d, modifier: 0x0
2024-09-07 11:35:11.734 T:4125 debug : CVideoPlayerVideo::OutputPicture - ttd:191ms pts:23.294 Clock:23.102 Level:6
2024-09-07 11:35:11.754 T:4125 debug : CVideoPlayerVideo::OutputPicture - ttd:189ms pts:23.314 Clock:23.124 Level:6
2024-09-07 11:35:11.774 T:4125 debug : CVideoPlayerVideo::OutputPicture - ttd:190ms pts:23.334 Clock:23.143 Level:6
2024-09-07 11:35:11.774 T:4123 debug : CVideoPlayer::ProcessVideoData size:5804 dts:27.814 pts:27.854 dur:20.000ms, clock:23.163 level:53
2024-09-07 11:35:11.774 T:4123 debug : CVideoPlayer::ProcessVideoData size:12438 dts:27.834 pts:28.034 dur:20.000ms, clock:23.163 level:53
2024-09-07 11:35:11.775 T:4123 debug : CVideoPlayer::ProcessVideoData size:553 dts:27.854 pts:28.054 dur:20.000ms, clock:23.163 level:53
2024-09-07 11:35:11.775 T:4123 debug : CVideoPlayer::ProcessVideoData size:3855 dts:27.874 pts:27.954 dur:20.000ms, clock:23.163 level:53
2024-09-07 11:35:11.775 T:4123 debug : CVideoPlayer::ProcessVideoData size:415 dts:27.894 pts:27.974 dur:20.000ms, clock:23.164 level:54
2024-09-07 11:35:11.775 T:4123 debug : CVideoPlayer::ProcessVideoData size:2011 dts:27.914 pts:27.914 dur:20.000ms, clock:23.164 level:54
2024-09-07 11:35:11.775 T:4123 debug : CVideoPlayer::ProcessVideoData size:3628 dts:27.934 pts:27.934 dur:20.000ms, clock:23.164 level:54
2024-09-07 11:35:11.776 T:4123 debug : CVideoPlayer::ProcessVideoData size:3850 dts:27.954 pts:27.994 dur:20.000ms, clock:23.164 level:54
2024-09-07 11:35:11.794 T:4125 debug : CVideoPlayerVideo::OutputPicture - ttd:187ms pts:23.354 Clock:23.166 Level:6
2024-09-07 11:35:11.813 T:4125 debug : CVideoPlayerVideo::OutputPicture - ttd:190ms pts:23.374 Clock:23.183 Level:6
2024-09-07 11:35:11.833 T:4125 debug : CVideoPlayerVideo::OutputPicture - ttd:190ms pts:23.394 Clock:23.203 Level:6
2024-09-07 11:35:11.853 T:4125 debug : CVideoPlayerVideo::OutputPicture - ttd:189ms pts:23.414 Clock:23.224 Level:6
2024-09-07 11:35:11.873 T:4125 debug : CVideoPlayerVideo::OutputPicture - ttd:190ms pts:23.434 Clock:23.243 Level:6
2024-09-07 11:35:11.893 T:4125 debug : CVideoPlayerVideo::OutputPicture - ttd:190ms pts:23.454 Clock:23.263 Level:6
2024-09-07 11:35:11.897 T:4213 debug : Thread Timer 3622826560 terminating
2024-09-07 11:35:11.912 T:3951 debug : Keyboard: scancode: 0x1c, sym: 0x0d (enter), unicode: 0x0d, modifier: 0x0
2024-09-07 11:35:11.912 T:3951 debug : HandleKey: return (0xf00d) pressed, window 12005, action is OSD
2024-09-07 11:35:11.913 T:3951 debug : ------ Window Init (VideoOSD.xml) ------
2024-09-07 11:35:11.914 T:3951 debug : ------ Window Init (DialogSeekBar.xml) ------
2024-09-07 11:35:11.917 T:4125 debug : CVideoPlayerVideo::OutputPicture - ttd:190ms pts:23.474 Clock:23.283 Level:6
2024-09-07 11:35:11.932 T:3951 debug : ------ Window Init (Custom_1109_TopBarOverlay.xml) ------
2024-09-07 11:35:11.936 T:4125 debug : CVideoPlayerVideo::OutputPicture - ttd:186ms pts:23.494 Clock:23.307 Level:6
2024-09-07 11:35:11.938 T:4123 debug : CVideoPlayer::ProcessVideoData size:3691 dts:27.974 pts:28.014 dur:20.000ms, clock:23.326 level:52
2024-09-07 11:35:11.938 T:4123 debug : CVideoPlayer::ProcessVideoData size:15012 dts:27.994 pts:28.194 dur:20.000ms, clock:23.327 level:53
2024-09-07 11:35:11.938 T:4123 debug : CVideoPlayer::ProcessVideoData size:623 dts:28.014 pts:28.214 dur:20.000ms, clock:23.327 level:53
2024-09-07 11:35:11.938 T:4123 debug : CVideoPlayer::ProcessVideoData size:3209 dts:28.034 pts:28.114 dur:20.000ms, clock:23.327 level:53
2024-09-07 11:35:11.939 T:4123 debug : CVideoPlayer::ProcessVideoData size:442 dts:28.054 pts:28.134 dur:20.000ms, clock:23.327 level:53
2024-09-07 11:35:11.939 T:4123 debug : CVideoPlayer::ProcessVideoData size:2069 dts:28.074 pts:28.074 dur:20.000ms, clock:23.327 level:54
2024-09-07 11:35:11.939 T:4123 debug : CVideoPlayer::ProcessVideoData size:490 dts:28.094 pts:28.094 dur:20.000ms, clock:23.328 level:54
2024-09-07 11:35:11.939 T:4123 debug : CVideoPlayer::ProcessVideoData size:1835 dts:28.114 pts:28.154 dur:20.000ms, clock:23.328 level:54
2024-09-07 11:35:11.956 T:4125 debug : CVideoPlayerVideo::OutputPicture - ttd:187ms pts:23.514 Clock:23.326 Level:6
2024-09-07 11:35:11.974 T:4125 debug : CVideoPlayerVideo::OutputPicture - ttd:187ms pts:23.534 Clock:23.346 Level:6
2024-09-07 11:35:11.995 T:4125 debug : CVideoPlayerVideo::OutputPicture - ttd:189ms pts:23.554 Clock:23.364 Level:6
2024-09-07 11:35:12.014 T:4125 debug : CVideoPlayerVideo::OutputPicture - ttd:189ms pts:23.574 Clock:23.384 Level:6
2024-09-07 11:35:12.035 T:4125 debug : CVideoPlayerVideo::OutputPicture - ttd:189ms pts:23.594 Clock:23.404 Level:6
2024-09-07 11:35:12.054 T:4125 debug : CVideoPlayerVideo::OutputPicture - ttd:188ms pts:23.614 Clock:23.425 Level:6
2024-09-07 11:35:12.075 T:4125 debug : CVideoPlayerVideo::OutputPicture - ttd:189ms pts:23.634 Clock:23.444 Level:6
2024-09-07 11:35:12.094 T:4125 debug : CVideoPlayerVideo::OutputPicture - ttd:188ms pts:23.654 Clock:23.465 Level:6
2024-09-07 11:35:12.114 T:4123 debug : CVideoPlayer::ProcessVideoData size:440 dts:28.134 pts:28.174 dur:20.000ms, clock:23.502 level:52
2024-09-07 11:35:12.114 T:4123 debug : CVideoPlayer::ProcessVideoData size:13032 dts:28.154 pts:28.354 dur:20.000ms, clock:23.503 level:52
2024-09-07 11:35:12.114 T:4123 debug : CVideoPlayer::ProcessVideoData size:698 dts:28.174 pts:28.374 dur:20.000ms, clock:23.503 level:53
2024-09-07 11:35:12.114 T:4123 debug : CVideoPlayer::ProcessVideoData size:2815 dts:28.194 pts:28.274 dur:20.000ms, clock:23.503 level:53
2024-09-07 11:35:12.115 T:4123 debug : CVideoPlayer::ProcessVideoData size:510 dts:28.214 pts:28.294 dur:20.000ms, clock:23.503 level:53
2024-09-07 11:35:12.115 T:4123 debug : CVideoPlayer::ProcessVideoData size:1813 dts:28.234 pts:28.234 dur:20.000ms, clock:23.503 level:53
2024-09-07 11:35:12.115 T:4123 debug : CVideoPlayer::ProcessVideoData size:474 dts:28.254 pts:28.254 dur:20.000ms, clock:23.503 level:54
2024-09-07 11:35:12.115 T:4123 debug : CVideoPlayer::ProcessVideoData size:1621 dts:28.274 pts:28.314 dur:20.000ms, clock:23.504 level:54
2024-09-07 11:35:12.115 T:4123 debug : CVideoPlayer::ProcessVideoData size:789 dts:28.294 pts:28.334 dur:20.000ms, clock:23.504 level:54
2024-09-07 11:35:12.116 T:4125 debug : CVideoPlayerVideo::OutputPicture - ttd:189ms pts:23.674 Clock:23.484 Level:6
2024-09-07 11:35:12.135 T:4125 debug : CVideoPlayerVideo::OutputPicture - ttd:188ms pts:23.694 Clock:23.505 Level:6
2024-09-07 11:35:12.155 T:4125 debug : CVideoPlayerVideo::OutputPicture - ttd:188ms pts:23.714 Clock:23.525 Level:6
2024-09-07 11:35:12.174 T:4125 debug : CVideoPlayerVideo::OutputPicture - ttd:189ms pts:23.734 Clock:23.545 Level:6
2024-09-07 11:35:12.194 T:4125 debug : CVideoPlayerVideo::OutputPicture - ttd:189ms pts:23.754 Clock:23.564 Level:6
2024-09-07 11:35:12.214 T:4125 debug : CVideoPlayerVideo::OutputPicture - ttd:189ms pts:23.774 Clock:23.584 Level:6
2024-09-07 11:35:12.235 T:4125 debug : CVideoPlayerVideo::OutputPicture - ttd:189ms pts:23.794 Clock:23.604 Level:6
2024-09-07 11:35:12.255 T:4125 debug : CVideoPlayerVideo::OutputPicture - ttd:188ms pts:23.814 Clock:23.625 Level:6
2024-09-07 11:35:12.275 T:4125 debug : CVideoPlayerVideo::OutputPicture - ttd:188ms pts:23.834 Clock:23.645 Level:6
2024-09-07 11:35:12.294 T:4125 debug : CVideoPlayerVideo::OutputPicture - ttd:189ms pts:23.854 Clock:23.665 Level:6
2024-09-07 11:35:12.314 T:4125 debug : CVideoPlayerVideo::OutputPicture - ttd:189ms pts:23.874 Clock:23.684 Level:6
2024-09-07 11:35:12.315 T:4123 debug : CVideoPlayer::ProcessVideoData size:12024 dts:28.314 pts:28.514 dur:20.000ms, clock:23.703 level:52
2024-09-07 11:35:12.315 T:4123 debug : CVideoPlayer::ProcessVideoData size:641 dts:28.334 pts:28.534 dur:20.000ms, clock:23.704 level:52
2024-09-07 11:35:12.315 T:4123 debug : CVideoPlayer::ProcessVideoData size:2062 dts:28.354 pts:28.434 dur:20.000ms, clock:23.704 level:52
2024-09-07 11:35:12.315 T:4123 debug : CVideoPlayer::ProcessVideoData size:528 dts:28.374 pts:28.454 dur:20.000ms, clock:23.704 level:52
2024-09-07 11:35:12.315 T:4123 debug : CVideoPlayer::ProcessVideoData size:1421 dts:28.394 pts:28.394 dur:20.000ms, clock:23.704 level:53
2024-09-07 11:35:12.316 T:4123 debug : CVideoPlayer::ProcessVideoData size:441 dts:28.414 pts:28.414 dur:20.000ms, clock:23.704 level:53
2024-09-07 11:35:12.316 T:4123 debug : CVideoPlayer::ProcessVideoData size:2618 dts:28.434 pts:28.474 dur:20.000ms, clock:23.704 level:53
2024-09-07 11:35:12.316 T:4123 debug : CVideoPlayer::ProcessVideoData size:2623 dts:28.454 pts:28.494 dur:20.000ms, clock:23.705 level:53
2024-09-07 11:35:12.316 T:4123 debug : CVideoPlayer::ProcessVideoData size:8554 dts:28.474 pts:28.674 dur:20.000ms, clock:23.705 level:54
2024-09-07 11:35:12.316 T:4123 debug : CVideoPlayer::ProcessVideoData size:522 dts:28.494 pts:28.694 dur:20.000ms, clock:23.705 level:54
2024-09-07 11:35:12.317 T:4123 debug : CVideoPlayer::ProcessVideoData size:1689 dts:28.514 pts:28.594 dur:20.000ms, clock:23.705 level:54
2024-09-07 11:35:12.335 T:4125 debug : CVideoPlayerVideo::OutputPicture - ttd:187ms pts:23.894 Clock:23.706 Level:6
2024-09-07 11:35:12.354 T:4125 debug : CVideoPlayerVideo::OutputPicture - ttd:188ms pts:23.914 Clock:23.725 Level:6
2024-09-07 11:35:12.374 T:4125 debug : CVideoPlayerVideo::OutputPicture - ttd:189ms pts:23.934 Clock:23.744 Level:6
2024-09-07 11:35:12.394 T:4125 debug : CVideoPlayerVideo::OutputPicture - ttd:189ms pts:23.954 Clock:23.764 Level:6
2024-09-07 11:35:12.414 T:4125 debug : CVideoPlayerVideo::OutputPicture - ttd:189ms pts:23.974 Clock:23.784 Level:6
2024-09-07 11:35:12.434 T:4125 debug : CVideoPlayerVideo::OutputPicture - ttd:189ms pts:23.994 Clock:23.804 Level:6
2024-09-07 11:35:12.454 T:4125 debug : CVideoPlayerVideo::OutputPicture - ttd:189ms pts:24.014 Clock:23.824 Level:6
2024-09-07 11:35:12.474 T:4125 debug : CVideoPlayerVideo::OutputPicture - ttd:189ms pts:24.034 Clock:23.844 Level:6
2024-09-07 11:35:12.493 T:4125 debug : CVideoPlayerVideo::OutputPicture - ttd:189ms pts:24.054 Clock:23.864 Level:6
2024-09-07 11:35:12.504 T:4123 debug : CVideoPlayer::ProcessVideoData size:490 dts:28.534 pts:28.614 dur:20.000ms, clock:23.892 level:52
2024-09-07 11:35:12.504 T:4123 debug : CVideoPlayer::ProcessVideoData size:2027 dts:28.554 pts:28.554 dur:20.000ms, clock:23.893 level:52
2024-09-07 11:35:12.504 T:4123 debug : CVideoPlayer::ProcessVideoData size:2556 dts:28.574 pts:28.574 dur:20.000ms, clock:23.893 level:52
2024-09-07 11:35:12.505 T:4123 debug : CVideoPlayer::ProcessVideoData size:2722 dts:28.594 pts:28.634 dur:20.000ms, clock:23.894 level:52
2024-09-07 11:35:12.505 T:4123 debug : CVideoPlayer::ProcessVideoData size:2730 dts:28.614 pts:28.654 dur:20.000ms, clock:23.894 level:53
2024-09-07 11:35:12.505 T:4123 debug : CVideoPlayer::ProcessVideoData size:6631 dts:28.634 pts:28.794 dur:20.000ms, clock:23.894 level:53
2024-09-07 11:35:12.505 T:4123 debug : CVideoPlayer::ProcessVideoData size:511 dts:28.654 pts:28.814 dur:20.000ms, clock:23.894 level:53
2024-09-07 11:35:12.506 T:4123 debug : CVideoPlayer::ProcessVideoData size:1192 dts:28.674 pts:28.714 dur:20.000ms, clock:23.894 level:53
2024-09-07 11:35:12.506 T:4123 debug : CVideoPlayer::ProcessVideoData size:2447 dts:28.694 pts:28.734 dur:20.000ms, clock:23.894 level:54
2024-09-07 11:35:12.506 T:4123 debug : CVideoPlayer::ProcessVideoData size:2645 dts:28.714 pts:28.754 dur:20.000ms, clock:23.894 level:54
2024-09-07 11:35:12.513 T:4125 debug : CVideoPlayerVideo::OutputPicture - ttd:190ms pts:24.074 Clock:23.883 Level:6
2024-09-07 11:35:12.534 T:4125 debug : CVideoPlayerVideo::OutputPicture - ttd:190ms pts:24.094 Clock:23.903 Level:6
2024-09-07 11:35:12.554 T:4125 debug : CVideoPlayerVideo::OutputPicture - ttd:190ms pts:24.114 Clock:23.923 Level:6
2024-09-07 11:35:12.574 T:4125 debug : CVideoPlayerVideo::OutputPicture - ttd:189ms pts:24.134 Clock:23.944 Level:6
2024-09-07 11:35:12.594 T:4125 debug : CVideoPlayerVideo::OutputPicture - ttd:189ms pts:24.154 Clock:23.964 Level:6
2024-09-07 11:35:12.614 T:4125 debug : CVideoPlayerVideo::OutputPicture - ttd:189ms pts:24.174 Clock:23.984 Level:6
2024-09-07 11:35:12.634 T:4125 debug : CVideoPlayerVideo::OutputPicture - ttd:189ms pts:24.194 Clock:24.004 Level:6
2024-09-07 11:35:12.653 T:4125 debug : CVideoPlayerVideo::OutputPicture - ttd:186ms pts:24.214 Clock:24.027 Level:6
2024-09-07 11:35:12.675 T:4125 debug : CVideoPlayerVideo::OutputPicture - ttd:190ms pts:24.234 Clock:24.043 Level:6
2024-09-07 11:35:12.692 T:4123 debug : CVideoPlayer::ProcessVideoData size:2673 dts:28.734 pts:28.774 dur:20.000ms, clock:24.080 level:52
2024-09-07 11:35:12.693 T:4123 debug : CVideoPlayer::ProcessVideoData size:16253 dts:28.754 pts:28.834 dur:20.000ms, clock:24.081 level:53
2024-09-07 11:35:12.695 T:4125 debug : CVideoPlayerVideo::OutputPicture - ttd:189ms pts:24.254 Clock:24.064 Level:6
2024-09-07 11:35:12.715 T:4125 debug : CVideoPlayerVideo::OutputPicture - ttd:189ms pts:24.274 Clock:24.085 Level:6
2024-09-07 11:35:12.734 T:4125 debug : CVideoPlayerVideo::OutputPicture - ttd:189ms pts:24.294 Clock:24.104 Level:6
2024-09-07 11:35:12.755 T:4125 debug : CVideoPlayerVideo::OutputPicture - ttd:189ms pts:24.314 Clock:24.124 Level:6
2024-09-07 11:35:12.775 T:4125 debug : CVideoPlayerVideo::OutputPicture - ttd:189ms pts:24.334 Clock:24.145 Level:6
2024-09-07 11:35:12.794 T:4125 debug : CVideoPlayerVideo::OutputPicture - ttd:188ms pts:24.354 Clock:24.165 Level:6
2024-09-07 11:35:12.814 T:4125 debug : CVideoPlayerVideo::OutputPicture - ttd:189ms pts:24.374 Clock:24.184 Level:6
2024-09-07 11:35:12.834 T:4125 debug : CVideoPlayerVideo::OutputPicture - ttd:189ms pts:24.394 Clock:24.204 Level:6
2024-09-07 11:35:12.842 T:4123 debug : CVideoPlayer::ProcessVideoData size:768 dts:28.774 pts:28.854 dur:20.000ms, clock:24.231 level:49
2024-09-07 11:35:12.843 T:4123 debug : CVideoPlayer::ProcessVideoData size:14724 dts:28.794 pts:28.994 dur:20.000ms, clock:24.231 level:50
2024-09-07 11:35:12.843 T:4123 debug : CVideoPlayer::ProcessVideoData size:1538 dts:28.814 pts:29.014 dur:20.000ms, clock:24.232 level:50
2024-09-07 11:35:12.843 T:4123 debug : CVideoPlayer::ProcessVideoData size:2247 dts:28.834 pts:28.914 dur:20.000ms, clock:24.232 level:50
2024-09-07 11:35:12.843 T:4123 debug : CVideoPlayer::ProcessVideoData size:358 dts:28.854 pts:28.934 dur:20.000ms, clock:24.232 level:50
2024-09-07 11:35:12.843 T:4123 debug : CVideoPlayer::ProcessVideoData size:1049 dts:28.874 pts:28.874 dur:20.000ms, clock:24.232 level:51
2024-09-07 11:35:12.843 T:4123 debug : CVideoPlayer::ProcessVideoData size:316 dts:28.894 pts:28.894 dur:20.000ms, clock:24.232 level:51
2024-09-07 11:35:12.844 T:4123 debug : CVideoPlayer::ProcessVideoData size:1062 dts:28.914 pts:28.954 dur:20.000ms, clock:24.232 level:51
2024-09-07 11:35:12.853 T:4125 debug : CVideoPlayerVideo::OutputPicture - ttd:189ms pts:24.414 Clock:24.224 Level:6
2024-09-07 11:35:12.874 T:4125 debug : CVideoPlayerVideo::OutputPicture - ttd:190ms pts:24.434 Clock:24.243 Level:6
2024-09-07 11:35:12.893 T:4125 debug : CVideoPlayerVideo::OutputPicture - ttd:190ms pts:24.454 Clock:24.264 Level:6
2024-09-07 11:35:12.913 T:4125 debug : CVideoPlayerVideo::OutputPicture - ttd:190ms pts:24.474 Clock:24.283 Level:6
2024-09-07 11:35:12.933 T:4125 debug : CVideoPlayerVideo::OutputPicture - ttd:190ms pts:24.494 Clock:24.303 Level:6
2024-09-07 11:35:12.953 T:4125 debug : CVideoPlayerVideo::OutputPicture - ttd:190ms pts:24.514 Clock:24.323 Level:6
2024-09-07 11:35:12.956 T:4123 debug : CVideoPlayer::ProcessVideoData size:566 dts:28.934 pts:28.974 dur:20.000ms, clock:24.344 level:52
2024-09-07 11:35:12.957 T:4123 debug : CVideoPlayer::ProcessVideoData size:20269 dts:28.954 pts:29.154 dur:20.000ms, clock:24.345 level:52
2024-09-07 11:35:12.957 T:4123 debug : CVideoPlayer::ProcessVideoData size:2038 dts:28.974 pts:29.174 dur:20.000ms, clock:24.345 level:52
2024-09-07 11:35:12.957 T:4123 debug : CVideoPlayer::ProcessVideoData size:2981 dts:28.994 pts:29.074 dur:20.000ms, clock:24.346 level:52
2024-09-07 11:35:12.957 T:4123 debug : CVideoPlayer::ProcessVideoData size:688 dts:29.014 pts:29.094 dur:20.000ms, clock:24.346 level:52
2024-09-07 11:35:12.957 T:4123 debug : CVideoPlayer::ProcessVideoData size:1734 dts:29.034 pts:29.034 dur:20.000ms, clock:24.346 level:53
2024-09-07 11:35:12.957 T:4123 debug : CVideoPlayer::ProcessVideoData size:488 dts:29.054 pts:29.054 dur:20.000ms, clock:24.346 level:53
2024-09-07 11:35:12.957 T:4123 debug : CVideoPlayer::ProcessVideoData size:1564 dts:29.074 pts:29.114 dur:20.000ms, clock:24.346 level:53
2024-09-07 11:35:12.974 T:4125 debug : CVideoPlayerVideo::OutputPicture - ttd:190ms pts:24.534 Clock:24.343 Level:6
2024-09-07 11:35:12.994 T:4125 debug : CVideoPlayerVideo::OutputPicture - ttd:189ms pts:24.554 Clock:24.364 Level:6
2024-09-07 11:35:13.014 T:4125 debug : CVideoPlayerVideo::OutputPicture - ttd:189ms pts:24.574 Clock:24.384 Level:6
2024-09-07 11:35:13.034 T:4125 debug : CVideoPlayerVideo::OutputPicture - ttd:189ms pts:24.594 Clock:24.404 Level:6
2024-09-07 11:35:13.054 T:4125 debug : CVideoPlayerVideo::OutputPicture - ttd:189ms pts:24.614 Clock:24.424 Level:6
2024-09-07 11:35:13.069 T:4123 debug : CVideoPlayer::ProcessVideoData size:610 dts:29.094 pts:29.134 dur:20.000ms, clock:24.457 level:53
2024-09-07 11:35:13.069 T:4123 debug : CVideoPlayer::ProcessVideoData size:24098 dts:29.114 pts:29.314 dur:20.000ms, clock:24.458 level:54
2024-09-07 11:35:13.069 T:4123 debug : CVideoPlayer::ProcessVideoData size:2021 dts:29.134 pts:29.334 dur:20.000ms, clock:24.458 level:54
2024-09-07 11:35:13.069 T:4123 debug : CVideoPlayer::ProcessVideoData size:4549 dts:29.154 pts:29.234 dur:20.000ms, clock:24.458 level:54
2024-09-07 11:35:13.069 T:4123 debug : CVideoPlayer::ProcessVideoData size:892 dts:29.174 pts:29.254 dur:20.000ms, clock:24.458 level:54
2024-09-07 11:35:13.070 T:4123 debug : CVideoPlayer::ProcessVideoData size:1898 dts:29.194 pts:29.194 dur:20.000ms, clock:24.458 level:55
