2024-09-07 11:34:49.572 T:4125 debug : CVideoPlayerVideo::OutputPicture - ttd:209ms pts:1.414 Clock:1.204 Level:6
2024-09-07 11:34:49.589 T:4125 debug : CVideoPlayerVideo::OutputPicture - ttd:212ms pts:1.434 Clock:1.221 Level:6
2024-09-07 11:34:49.605 T:4125 debug : CVideoPlayerVideo::OutputPicture - ttd:215ms pts:1.454 Clock:1.238 Level:6
2024-09-07 11:34:49.622 T:4125 debug : CVideoPlayerVideo::OutputPicture - ttd:219ms pts:1.474 Clock:1.254 Level:6
2024-09-07 11:34:49.655 T:4123 debug : CVideoPlayer::ProcessVideoData size:7481 dts:5.874 pts:5.914 dur:20.000ms, clock:1.303 level:49
2024-09-07 11:34:49.656 T:4123 debug : CVideoPlayer::ProcessVideoData size:1641 dts:5.894 pts:5.934 dur:20.000ms, clock:1.304 level:50
2024-09-07 11:34:49.656 T:4123 debug : CVideoPlayer::ProcessVideoData size:35571 dts:5.914 pts:6.114 dur:20.000ms, clock:1.304 level:50
2024-09-07 11:34:49.670 T:4125 debug : CVideoPlayerVideo::OutputPicture - ttd:222ms pts:1.494 Clock:1.271 Level:6
2024-09-07 11:34:49.671 T:4125 debug : CVideoPlayerVideo::OutputPicture - ttd:194ms pts:1.514 Clock:1.319 Level:6
2024-09-07 11:34:49.687 T:4125 debug : CVideoPlayerVideo::OutputPicture - ttd:213ms pts:1.534 Clock:1.320 Level:6
2024-09-07 11:34:49.705 T:4125 debug : CVideoPlayerVideo::OutputPicture - ttd:217ms pts:1.554 Clock:1.336 Level:6
2024-09-07 11:34:49.723 T:4125 debug : CVideoPlayerVideo::OutputPicture - ttd:219ms pts:1.574 Clock:1.354 Level:6
2024-09-07 11:34:49.731 T:4123 debug : CVideoPlayer::ProcessVideoData size:3323 dts:5.934 pts:6.134 dur:20.000ms, clock:1.379 level:50
2024-09-07 11:34:49.731 T:4123 debug : CVideoPlayer::ProcessVideoData size:14420 dts:5.954 pts:6.034 dur:20.000ms, clock:1.379 level:50
2024-09-07 11:34:49.731 T:4123 debug : CVideoPlayer::ProcessVideoData size:1788 dts:5.974 pts:6.054 dur:20.000ms, clock:1.379 level:51
2024-09-07 11:34:49.732 T:4123 debug : CVideoPlayer::ProcessVideoData size:7697 dts:5.994 pts:5.994 dur:20.000ms, clock:1.379 level:51
2024-09-07 11:34:49.732 T:4123 debug : CVideoPlayer::ProcessVideoData size:1811 dts:6.014 pts:6.014 dur:20.000ms, clock:1.380 level:51
2024-09-07 11:34:49.732 T:4123 debug : CVideoPlayer::ProcessVideoData size:6947 dts:6.034 pts:6.074 dur:20.000ms, clock:1.380 level:52
2024-09-07 11:34:49.755 T:4125 debug : CVideoPlayerVideo::OutputPicture - ttd:221ms pts:1.594 Clock:1.372 Level:6
2024-09-07 11:34:49.772 T:4125 debug : CVideoPlayerVideo::OutputPicture - ttd:208ms pts:1.614 Clock:1.405 Level:6
2024-09-07 11:34:49.789 T:4125 debug : CVideoPlayerVideo::OutputPicture - ttd:212ms pts:1.634 Clock:1.421 Level:6
2024-09-07 11:34:49.805 T:4125 debug : CVideoPlayerVideo::OutputPicture - ttd:215ms pts:1.654 Clock:1.438 Level:6
2024-09-07 11:34:49.819 T:4123 debug : CVideoPlayer::ProcessVideoData size:1612 dts:6.054 pts:6.094 dur:20.000ms, clock:1.467 level:48
2024-09-07 11:34:49.820 T:4123 debug : CVideoPlayer::ProcessVideoData size:32652 dts:6.074 pts:6.234 dur:20.000ms, clock:1.468 level:48
2024-09-07 11:34:49.821 T:4123 debug : CVideoPlayer::ProcessVideoData size:3897 dts:6.094 pts:6.254 dur:20.000ms, clock:1.469 level:48
2024-09-07 11:34:49.822 T:4123 debug : CVideoPlayer::ProcessVideoData size:12782 dts:6.114 pts:6.154 dur:20.000ms, clock:1.470 level:48
2024-09-07 11:34:49.822 T:4123 debug : CVideoPlayer::ProcessVideoData size:2096 dts:6.134 pts:6.174 dur:20.000ms, clock:1.470 level:49
2024-09-07 11:34:49.822 T:4123 debug : CVideoPlayer::ProcessVideoData size:6416 dts:6.154 pts:6.194 dur:20.000ms, clock:1.470 level:49
2024-09-07 11:34:49.823 T:4125 debug : CVideoPlayerVideo::OutputPicture - ttd:219ms pts:1.674 Clock:1.454 Level:6
2024-09-07 11:34:49.856 T:4125 debug : CVideoPlayerVideo::OutputPicture - ttd:221ms pts:1.694 Clock:1.472 Level:6
2024-09-07 11:34:49.872 T:4125 debug : CVideoPlayerVideo::OutputPicture - ttd:208ms pts:1.714 Clock:1.505 Level:6
2024-09-07 11:34:49.888 T:4125 debug : CVideoPlayerVideo::OutputPicture - ttd:212ms pts:1.734 Clock:1.521 Level:6
2024-09-07 11:34:49.905 T:4125 debug : CVideoPlayerVideo::OutputPicture - ttd:216ms pts:1.754 Clock:1.537 Level:6
2024-09-07 11:34:49.908 T:4123 debug : CVideoPlayer::ProcessVideoData size:1818 dts:6.174 pts:6.214 dur:20.000ms, clock:1.556 level:49
2024-09-07 11:34:49.909 T:4123 debug : CVideoPlayer::ProcessVideoData size:44398 dts:6.194 pts:6.394 dur:20.000ms, clock:1.556 level:49
2024-09-07 11:34:49.921 T:4125 debug : CVideoPlayerVideo::OutputPicture - ttd:219ms pts:1.774 Clock:1.554 Level:6
2024-09-07 11:34:49.970 T:4125 debug : CVideoPlayerVideo::OutputPicture - ttd:223ms pts:1.794 Clock:1.570 Level:6
2024-09-07 11:34:49.971 T:4125 debug : CVideoPlayerVideo::OutputPicture - ttd:194ms pts:1.814 Clock:1.619 Level:6
2024-09-07 11:34:49.987 T:4125 debug : CVideoPlayerVideo::OutputPicture - ttd:213ms pts:1.834 Clock:1.620 Level:6
2024-09-07 11:34:49.996 T:4123 debug : CVideoPlayer::ProcessVideoData size:2591 dts:6.214 pts:6.414 dur:20.000ms, clock:1.644 level:50
2024-09-07 11:34:49.997 T:4123 debug : CVideoPlayer::ProcessVideoData size:12579 dts:6.234 pts:6.314 dur:20.000ms, clock:1.645 level:50
2024-09-07 11:34:49.998 T:4123 debug : CVideoPlayer::ProcessVideoData size:1822 dts:6.254 pts:6.334 dur:20.000ms, clock:1.646 level:50
2024-09-07 11:34:49.998 T:4123 debug : CVideoPlayer::ProcessVideoData size:6172 dts:6.274 pts:6.274 dur:20.000ms, clock:1.646 level:50
2024-09-07 11:34:49.999 T:4123 debug : CVideoPlayer::ProcessVideoData size:1766 dts:6.294 pts:6.294 dur:20.000ms, clock:1.646 level:50
2024-09-07 11:34:50.000 T:4123 debug : CVideoPlayer::ProcessVideoData size:6858 dts:6.314 pts:6.354 dur:20.000ms, clock:1.647 level:51
2024-09-07 11:34:50.004 T:4125 debug : CVideoPlayerVideo::OutputPicture - ttd:217ms pts:1.854 Clock:1.636 Level:6
2024-09-07 11:34:50.021 T:4125 debug : CVideoPlayerVideo::OutputPicture - ttd:220ms pts:1.874 Clock:1.653 Level:6
2024-09-07 11:34:50.070 T:4125 debug : CVideoPlayerVideo::OutputPicture - ttd:223ms pts:1.894 Clock:1.670 Level:6
2024-09-07 11:34:50.072 T:4125 debug : CVideoPlayerVideo::OutputPicture - ttd:194ms pts:1.914 Clock:1.719 Level:6
2024-09-07 11:34:50.083 T:4123 debug : CVideoPlayer::ProcessVideoData size:4642 dts:6.334 pts:6.374 dur:20.000ms, clock:1.731 level:51
2024-09-07 11:34:50.083 T:4123 debug : CVideoPlayer::ProcessVideoData size:34620 dts:6.354 pts:6.554 dur:20.000ms, clock:1.731 level:51
2024-09-07 11:34:50.083 T:4123 debug : CVideoPlayer::ProcessVideoData size:3733 dts:6.374 pts:6.574 dur:20.000ms, clock:1.731 level:52
2024-09-07 11:34:50.084 T:4123 debug : CVideoPlayer::ProcessVideoData size:17282 dts:6.394 pts:6.474 dur:20.000ms, clock:1.731 level:52
2024-09-07 11:34:50.088 T:4125 debug : CVideoPlayerVideo::OutputPicture - ttd:212ms pts:1.934 Clock:1.721 Level:6
2024-09-07 11:34:50.105 T:4125 debug : CVideoPlayerVideo::OutputPicture - ttd:216ms pts:1.954 Clock:1.737 Level:6
2024-09-07 11:34:50.122 T:4125 debug : CVideoPlayerVideo::OutputPicture - ttd:218ms pts:1.974 Clock:1.755 Level:6
2024-09-07 11:34:50.158 T:4123 debug : CVideoPlayer::ProcessVideoData size:2221 dts:6.414 pts:6.494 dur:20.000ms, clock:1.806 level:49
2024-09-07 11:34:50.158 T:4123 debug : CVideoPlayer::ProcessVideoData size:8666 dts:6.434 pts:6.434 dur:20.000ms, clock:1.806 level:50
2024-09-07 11:34:50.158 T:4123 debug : CVideoPlayer::ProcessVideoData size:2272 dts:6.454 pts:6.454 dur:20.000ms, clock:1.806 level:50
2024-09-07 11:34:50.159 T:4123 debug : CVideoPlayer::ProcessVideoData size:9153 dts:6.474 pts:6.514 dur:20.000ms, clock:1.807 level:50
2024-09-07 11:34:50.170 T:4125 debug : CVideoPlayerVideo::OutputPicture - ttd:222ms pts:1.994 Clock:1.771 Level:6
2024-09-07 11:34:50.171 T:4125 debug : CVideoPlayerVideo::OutputPicture - ttd:194ms pts:2.014 Clock:1.819 Level:6
2024-09-07 11:34:50.189 T:4125 debug : CVideoPlayerVideo::OutputPicture - ttd:212ms pts:2.034 Clock:1.821 Level:6
2024-09-07 11:34:50.205 T:4125 debug : CVideoPlayerVideo::OutputPicture - ttd:215ms pts:2.054 Clock:1.838 Level:6
2024-09-07 11:34:50.222 T:4125 debug : CVideoPlayerVideo::OutputPicture - ttd:219ms pts:2.074 Clock:1.854 Level:6
2024-09-07 11:34:50.270 T:4125 debug : CVideoPlayerVideo::OutputPicture - ttd:222ms pts:2.094 Clock:1.871 Level:6
2024-09-07 11:34:50.271 T:4125 debug : CVideoPlayerVideo::OutputPicture - ttd:194ms pts:2.114 Clock:1.919 Level:6
2024-09-07 11:34:50.271 T:4123 debug : CVideoPlayer::ProcessVideoData size:10277 dts:6.494 pts:6.534 dur:20.000ms, clock:1.919 level:50
2024-09-07 11:34:50.272 T:4123 debug : CVideoPlayer::ProcessVideoData size:33685 dts:6.514 pts:6.714 dur:20.000ms, clock:1.919 level:50
2024-09-07 11:34:50.272 T:4123 debug : CVideoPlayer::ProcessVideoData size:5748 dts:6.534 pts:6.734 dur:20.000ms, clock:1.920 level:51
2024-09-07 11:34:50.272 T:4123 debug : CVideoPlayer::ProcessVideoData size:20590 dts:6.554 pts:6.634 dur:20.000ms, clock:1.920 level:51
2024-09-07 11:34:50.288 T:4125 debug : CVideoPlayerVideo::OutputPicture - ttd:212ms pts:2.134 Clock:1.921 Level:6
2024-09-07 11:34:50.307 T:4125 debug : CVideoPlayerVideo::OutputPicture - ttd:216ms pts:2.154 Clock:1.937 Level:6
2024-09-07 11:34:50.322 T:4125 debug : CVideoPlayerVideo::OutputPicture - ttd:217ms pts:2.174 Clock:1.957 Level:6
2024-09-07 11:34:50.355 T:4125 debug : CVideoPlayerVideo::OutputPicture - ttd:221ms pts:2.194 Clock:1.972 Level:6
2024-09-07 11:34:50.372 T:4125 debug : CVideoPlayerVideo::OutputPicture - ttd:209ms pts:2.214 Clock:2.004 Level:6
2024-09-07 11:34:50.388 T:4125 debug : CVideoPlayerVideo::OutputPicture - ttd:212ms pts:2.234 Clock:2.021 Level:6
2024-09-07 11:34:50.404 T:4125 debug : CVideoPlayerVideo::OutputPicture - ttd:216ms pts:2.254 Clock:2.037 Level:6
2024-09-07 11:34:50.421 T:4125 debug : CVideoPlayerVideo::OutputPicture - ttd:220ms pts:2.274 Clock:2.053 Level:6
2024-09-07 11:34:50.423 T:4123 debug : CVideoPlayer::ProcessVideoData size:2260 dts:6.574 pts:6.654 dur:20.000ms, clock:2.071 level:48
2024-09-07 11:34:50.423 T:4123 debug : CVideoPlayer::ProcessVideoData size:10041 dts:6.594 pts:6.594 dur:20.000ms, clock:2.071 level:48
2024-09-07 11:34:50.424 T:4123 debug : CVideoPlayer::ProcessVideoData size:2064 dts:6.614 pts:6.614 dur:20.000ms, clock:2.071 level:48
2024-09-07 11:34:50.424 T:4123 debug : CVideoPlayer::ProcessVideoData size:9660 dts:6.634 pts:6.674 dur:20.000ms, clock:2.072 level:49
2024-09-07 11:34:50.456 T:4125 debug : CVideoPlayerVideo::OutputPicture - ttd:223ms pts:2.294 Clock:2.070 Level:6
2024-09-07 11:34:50.472 T:4125 debug : CVideoPlayerVideo::OutputPicture - ttd:208ms pts:2.314 Clock:2.105 Level:6
2024-09-07 11:34:50.488 T:4125 debug : CVideoPlayerVideo::OutputPicture - ttd:212ms pts:2.334 Clock:2.121 Level:6
2024-09-07 11:34:50.506 T:4125 debug : CVideoPlayerVideo::OutputPicture - ttd:216ms pts:2.354 Clock:2.138 Level:6
2024-09-07 11:34:50.521 T:4125 debug : CVideoPlayerVideo::OutputPicture - ttd:218ms pts:2.374 Clock:2.155 Level:6
2024-09-07 11:34:50.560 T:4123 debug : CVideoPlayer::ProcessVideoData size:2805 dts:6.654 pts:6.694 dur:20.000ms, clock:2.208 level:49
2024-09-07 11:34:50.560 T:4123 debug : CVideoPlayer::ProcessVideoData size:32079 dts:6.674 pts:6.874 dur:20.000ms, clock:2.208 level:49
2024-09-07 11:34:50.561 T:4123 debug : CVideoPlayer::ProcessVideoData size:2578 dts:6.694 pts:6.894 dur:20.000ms, clock:2.209 level:49
2024-09-07 11:34:50.561 T:4123 debug : CVideoPlayer::ProcessVideoData size:21157 dts:6.714 pts:6.794 dur:20.000ms, clock:2.209 level:50
2024-09-07 11:34:50.570 T:4125 debug : CVideoPlayerVideo::OutputPicture - ttd:223ms pts:2.394 Clock:2.170 Level:6
2024-09-07 11:34:50.573 T:4125 debug : CVideoPlayerVideo::OutputPicture - ttd:192ms pts:2.414 Clock:2.221 Level:6
2024-09-07 11:34:50.588 T:4125 debug : CVideoPlayerVideo::OutputPicture - ttd:211ms pts:2.434 Clock:2.222 Level:6
2024-09-07 11:34:50.605 T:4125 debug : CVideoPlayerVideo::OutputPicture - ttd:215ms pts:2.454 Clock:2.238 Level:6
2024-09-07 11:34:50.623 T:4125 debug : CVideoPlayerVideo::OutputPicture - ttd:218ms pts:2.474 Clock:2.255 Level:6
2024-09-07 11:34:50.670 T:4125 debug : CVideoPlayerVideo::OutputPicture - ttd:221ms pts:2.494 Clock:2.272 Level:6
2024-09-07 11:34:50.671 T:4125 debug : CVideoPlayerVideo::OutputPicture - ttd:194ms pts:2.514 Clock:2.319 Level:6
2024-09-07 11:34:50.673 T:4123 debug : CVideoPlayer::ProcessVideoData size:2315 dts:6.734 pts:6.814 dur:20.000ms, clock:2.321 level:48
2024-09-07 11:34:50.674 T:4123 debug : CVideoPlayer::ProcessVideoData size:9376 dts:6.754 pts:6.754 dur:20.000ms, clock:2.321 level:48
2024-09-07 11:34:50.674 T:4123 debug : CVideoPlayer::ProcessVideoData size:1992 dts:6.774 pts:6.774 dur:20.000ms, clock:2.322 level:48
2024-09-07 11:34:50.674 T:4123 debug : CVideoPlayer::ProcessVideoData size:10587 dts:6.794 pts:6.834 dur:20.000ms, clock:2.322 level:48
2024-09-07 11:34:50.687 T:4125 debug : CVideoPlayerVideo::OutputPicture - ttd:213ms pts:2.534 Clock:2.320 Level:6
2024-09-07 11:34:50.705 T:4125 debug : CVideoPlayerVideo::OutputPicture - ttd:217ms pts:2.554 Clock:2.336 Level:6
2024-09-07 11:34:50.721 T:4125 debug : CVideoPlayerVideo::OutputPicture - ttd:219ms pts:2.574 Clock:2.354 Level:6
2024-09-07 11:34:50.770 T:4125 debug : CVideoPlayerVideo::OutputPicture - ttd:223ms pts:2.594 Clock:2.370 Level:6
2024-09-07 11:34:50.772 T:4125 debug : CVideoPlayerVideo::OutputPicture - ttd:193ms pts:2.614 Clock:2.420 Level:6
2024-09-07 11:34:50.787 T:4125 debug : CVideoPlayerVideo::OutputPicture - ttd:212ms pts:2.634 Clock:2.421 Level:6
2024-09-07 11:34:50.804 T:4125 debug : CVideoPlayerVideo::OutputPicture - ttd:217ms pts:2.654 Clock:2.436 Level:6
2024-09-07 11:34:50.812 T:4123 debug : CVideoPlayer::ProcessVideoData size:2177 dts:6.814 pts:6.854 dur:20.000ms, clock:2.459 level:46
2024-09-07 11:34:50.812 T:4123 debug : CVideoPlayer::ProcessVideoData size:20667 dts:6.834 pts:7.034 dur:20.000ms, clock:2.460 level:47
2024-09-07 11:34:50.813 T:4123 debug : CVideoPlayer::ProcessVideoData size:2325 dts:6.854 pts:7.054 dur:20.000ms, clock:2.460 level:47
2024-09-07 11:34:50.813 T:4123 debug : CVideoPlayer::ProcessVideoData size:16367 dts:6.874 pts:6.954 dur:20.000ms, clock:2.461 level:47
2024-09-07 11:34:50.822 T:4125 debug : CVideoPlayerVideo::OutputPicture - ttd:220ms pts:2.674 Clock:2.453 Level:6
2024-09-07 11:34:50.823 T:4125 debug : CPtsTracker: detected pattern of length 1: 20000.00, frameduration: 20000.000000
2024-09-07 11:34:50.856 T:4125 debug : CVideoPlayerVideo::OutputPicture - ttd:222ms pts:2.694 Clock:2.471 Level:6
2024-09-07 11:34:50.872 T:4125 debug : CVideoPlayerVideo::OutputPicture - ttd:208ms pts:2.714 Clock:2.505 Level:6
2024-09-07 11:34:50.888 T:4125 debug : CVideoPlayerVideo::OutputPicture - ttd:212ms pts:2.734 Clock:2.521 Level:6
2024-09-07 11:34:50.904 T:4125 debug : CVideoPlayerVideo::OutputPicture - ttd:215ms pts:2.754 Clock:2.538 Level:6
2024-09-07 11:34:50.921 T:4125 debug : CVideoPlayerVideo::OutputPicture - ttd:220ms pts:2.774 Clock:2.553 Level:6
2024-09-07 11:34:50.937 T:4123 debug : CVideoPlayer::ProcessVideoData size:1776 dts:6.894 pts:6.974 dur:20.000ms, clock:2.585 level:47
2024-09-07 11:34:50.937 T:4123 debug : CVideoPlayer::ProcessVideoData size:8953 dts:6.914 pts:6.914 dur:20.000ms, clock:2.585 level:48
2024-09-07 11:34:50.938 T:4123 debug : CVideoPlayer::ProcessVideoData size:1993 dts:6.934 pts:6.934 dur:20.000ms, clock:2.586 level:48
2024-09-07 11:34:50.938 T:4123 debug : CVideoPlayer::ProcessVideoData size:9214 dts:6.954 pts:6.994 dur:20.000ms, clock:2.586 level:48
2024-09-07 11:34:50.955 T:4125 debug : CVideoPlayerVideo::OutputPicture - ttd:223ms pts:2.794 Clock:2.570 Level:6
2024-09-07 11:34:50.972 T:4125 debug : CVideoPlayerVideo::OutputPicture - ttd:209ms pts:2.814 Clock:2.604 Level:6
2024-09-07 11:34:50.989 T:4125 debug : CVideoPlayerVideo::OutputPicture - ttd:212ms pts:2.834 Clock:2.621 Level:6
2024-09-07 11:34:51.005 T:4125 debug : CVideoPlayerVideo::OutputPicture - ttd:215ms pts:2.854 Clock:2.639 Level:6
2024-09-07 11:34:51.022 T:4125 debug : CVideoPlayerVideo::OutputPicture - ttd:219ms pts:2.874 Clock:2.654 Level:6
2024-09-07 11:34:51.063 T:4123 debug : CVideoPlayer::ProcessVideoData size:2058 dts:6.974 pts:7.014 dur:20.000ms, clock:2.711 level:46
2024-09-07 11:34:51.063 T:4123 debug : CVideoPlayer::ProcessVideoData size:24812 dts:6.994 pts:7.194 dur:20.000ms, clock:2.711 level:46
2024-09-07 11:34:51.063 T:4123 debug : CVideoPlayer::ProcessVideoData size:2231 dts:7.014 pts:7.214 dur:20.000ms, clock:2.711 level:46
2024-09-07 11:34:51.064 T:4123 debug : CVideoPlayer::ProcessVideoData size:12209 dts:7.034 pts:7.114 dur:20.000ms, clock:2.712 level:46
2024-09-07 11:34:51.064 T:4123 debug : CVideoPlayer::ProcessVideoData size:1399 dts:7.054 pts:7.134 dur:20.000ms, clock:2.712 level:47
2024-09-07 11:34:51.064 T:4123 debug : CVideoPlayer::ProcessVideoData size:7298 dts:7.074 pts:7.074 dur:20.000ms, clock:2.712 level:47
2024-09-07 11:34:51.070 T:4125 debug : CVideoPlayerVideo::OutputPicture - ttd:222ms pts:2.894 Clock:2.671 Level:6
2024-09-07 11:34:51.072 T:4125 debug : CVideoPlayerVideo::OutputPicture - ttd:194ms pts:2.914 Clock:2.719 Level:6
2024-09-07 11:34:51.088 T:4125 debug : CVideoPlayerVideo::OutputPicture - ttd:212ms pts:2.934 Clock:2.721 Level:6
2024-09-07 11:34:51.106 T:4125 debug : CVideoPlayerVideo::OutputPicture - ttd:215ms pts:2.954 Clock:2.738 Level:6
2024-09-07 11:34:51.122 T:4125 debug : CVideoPlayerVideo::OutputPicture - ttd:218ms pts:2.974 Clock:2.755 Level:6
2024-09-07 11:34:51.170 T:4125 debug : CVideoPlayerVideo::OutputPicture - ttd:222ms pts:2.994 Clock:2.771 Level:6
2024-09-07 11:34:51.171 T:4125 debug : CVideoPlayerVideo::OutputPicture - ttd:194ms pts:3.014 Clock:2.819 Level:6
2024-09-07 11:34:51.187 T:4125 debug : CVideoPlayerVideo::OutputPicture - ttd:213ms pts:3.034 Clock:2.821 Level:6
2024-09-07 11:34:51.189 T:4123 debug : CVideoPlayer::ProcessVideoData size:1519 dts:7.094 pts:7.094 dur:20.000ms, clock:2.837 level:45
2024-09-07 11:34:51.190 T:4123 debug : CVideoPlayer::ProcessVideoData size:6804 dts:7.114 pts:7.154 dur:20.000ms, clock:2.838 level:46
2024-09-07 11:34:51.190 T:4123 debug : CVideoPlayer::ProcessVideoData size:1423 dts:7.134 pts:7.174 dur:20.000ms, clock:2.838 level:46
2024-09-07 11:34:51.192 T:4123 debug : CVideoPlayer::ProcessVideoData size:22558 dts:7.154 pts:7.354 dur:20.000ms, clock:2.840 level:46
2024-09-07 11:34:51.205 T:4125 debug : CVideoPlayerVideo::OutputPicture - ttd:217ms pts:3.054 Clock:2.836 Level:6
2024-09-07 11:34:51.223 T:4125 debug : CVideoPlayerVideo::OutputPicture - ttd:219ms pts:3.074 Clock:2.854 Level:6
2024-09-07 11:34:51.339 T:4123 debug : CVideoPlayer::ProcessVideoData size:1732 dts:7.174 pts:7.374 dur:20.000ms, clock:2.987 level:46
2024-09-07 11:34:51.343 T:4019 info : AddOnLog: pvr.dvbviewer: Triggering EPG update on current channel!
2024-09-07 11:34:51.776 T:4123 debug : CVideoPlayer::ProcessVideoData size:11471 dts:7.194 pts:7.274 dur:20.000ms, clock:3.423 level:47
2024-09-07 11:34:51.776 T:4123 debug : CVideoPlayer::ProcessVideoData size:1598 dts:7.214 pts:7.294 dur:20.000ms, clock:3.424 level:47
2024-09-07 11:34:51.776 T:4123 debug : CVideoPlayer::ProcessVideoData size:5672 dts:7.234 pts:7.234 dur:20.000ms, clock:3.424 level:47
2024-09-07 11:34:51.776 T:4123 debug : CVideoPlayer::ProcessVideoData size:1375 dts:7.254 pts:7.254 dur:20.000ms, clock:3.424 level:47
2024-09-07 11:34:51.776 T:4123 debug : CVideoPlayer::ProcessVideoData size:5662 dts:7.274 pts:7.314 dur:20.000ms, clock:3.424 level:48
2024-09-07 11:34:51.777 T:4125 debug : CVideoPlayerVideo::OutputPicture - ttd:-331ms pts:3.094 Clock:3.425 Level:1
2024-09-07 11:34:51.778 T:4123 debug : CVideoPlayer::ProcessVideoData size:1157 dts:7.294 pts:7.334 dur:20.000ms, clock:3.425 level:48
2024-09-07 11:34:51.778 T:4123 debug : CVideoPlayer::ProcessVideoData size:22158 dts:7.314 pts:7.514 dur:20.000ms, clock:3.426 level:48
2024-09-07 11:34:51.778 T:4123 debug : CVideoPlayer::ProcessVideoData size:2259 dts:7.334 pts:7.534 dur:20.000ms, clock:3.426 level:48
2024-09-07 11:34:51.778 T:4123 debug : CVideoPlayer::ProcessVideoData size:9068 dts:7.354 pts:7.434 dur:20.000ms, clock:3.426 level:49
2024-09-07 11:34:51.778 T:4123 debug : CVideoPlayer::ProcessVideoData size:1562 dts:7.374 pts:7.454 dur:20.000ms, clock:3.426 level:49
2024-09-07 11:34:51.778 T:4123 debug : CVideoPlayer::ProcessVideoData size:5183 dts:7.394 pts:7.394 dur:20.000ms, clock:3.426 level:49
2024-09-07 11:34:51.778 T:4123 debug : CVideoPlayer::ProcessVideoData size:1407 dts:7.414 pts:7.414 dur:20.000ms, clock:3.426 level:49
2024-09-07 11:34:51.779 T:4123 debug : CVideoPlayer::ProcessVideoData size:5583 dts:7.434 pts:7.474 dur:20.000ms, clock:3.426 level:50
2024-09-07 11:34:51.779 T:4123 debug : CVideoPlayer::ProcessVideoData size:1343 dts:7.454 pts:7.494 dur:20.000ms, clock:3.427 level:50
2024-09-07 11:34:51.779 T:4123 debug : CVideoPlayer::ProcessVideoData size:18713 dts:7.474 pts:7.674 dur:20.000ms, clock:3.427 level:50
2024-09-07 11:34:51.780 T:4123 debug : CVideoPlayer::ProcessVideoData size:2554 dts:7.494 pts:7.694 dur:20.000ms, clock:3.428 level:50
2024-09-07 11:34:51.780 T:4123 debug : CVideoPlayer::ProcessVideoData size:10188 dts:7.514 pts:7.594 dur:20.000ms, clock:3.428 level:50
2024-09-07 11:34:51.780 T:4123 debug : CVideoPlayer::ProcessVideoData size:1670 dts:7.534 pts:7.614 dur:20.000ms, clock:3.428 level:51
2024-09-07 11:34:51.780 T:4123 debug : CVideoPlayer::ProcessVideoData size:5689 dts:7.554 pts:7.554 dur:20.000ms, clock:3.428 level:51
2024-09-07 11:34:51.780 T:4123 debug : CVideoPlayer::ProcessVideoData size:1361 dts:7.574 pts:7.574 dur:20.000ms, clock:3.428 level:51
2024-09-07 11:34:51.780 T:4123 debug : CVideoPlayer::ProcessVideoData size:5895 dts:7.594 pts:7.634 dur:20.000ms, clock:3.428 level:52
2024-09-07 11:34:51.782 T:4125 debug : CVideoPlayerVideo::OutputPicture - ttd:-315ms pts:3.114 Clock:3.430 Level:2
2024-09-07 11:34:51.783 T:4125 debug : CVideoPlayerVideo::OutputPicture - ttd:-297ms pts:3.134 Clock:3.431 Level:3
2024-09-07 11:34:51.784 T:4125 debug : CVideoPlayerVideo::OutputPicture - ttd:-278ms pts:3.154 Clock:3.432 Level:4
2024-09-07 11:34:51.785 T:4125 debug : CVideoPlayerVideo::OutputPicture - ttd:-259ms pts:3.174 Clock:3.433 Level:5
2024-09-07 11:34:51.789 T:4125 debug : CVideoPlayerVideo::OutputPicture - ttd:-240ms pts:3.194 Clock:3.434 Level:0
2024-09-07 11:34:51.791 T:4125 debug : CVideoPlayerVideo::OutputPicture - ttd:-225ms pts:3.214 Clock:3.439 Level:1
2024-09-07 11:34:51.793 T:4125 debug : CVideoPlayerVideo::OutputPicture - ttd:-206ms pts:3.234 Clock:3.440 Level:2
2024-09-07 11:34:51.794 T:4125 debug : CVideoPlayerVideo::OutputPicture - ttd:-188ms pts:3.254 Clock:3.442 Level:3
2024-09-07 11:34:51.795 T:4125 debug : CVideoPlayerVideo::OutputPicture - ttd:-169ms pts:3.274 Clock:3.443 Level:4
2024-09-07 11:34:51.796 T:4125 debug : CVideoPlayerVideo::OutputPicture - ttd:-150ms pts:3.294 Clock:3.444 Level:5
2024-09-07 11:34:51.798 T:4125 debug : CVideoPlayerVideo::OutputPicture - ttd:-131ms pts:3.314 Clock:3.445 Level:6
2024-09-07 11:34:51.811 T:4125 debug : CVideoPlayerVideo::OutputPicture - ttd:-112ms pts:3.334 Clock:3.447 Level:0
2024-09-07 11:34:51.813 T:4125 debug : CVideoPlayerVideo::OutputPicture - ttd:-107ms pts:3.354 Clock:3.461 Level:1
2024-09-07 11:34:51.815 T:4125 debug : CVideoPlayerVideo::OutputPicture - ttd:-88ms pts:3.374 Clock:3.462 Level:2
2024-09-07 11:34:51.816 T:4125 debug : CVideoPlayerVideo::OutputPicture - ttd:-69ms pts:3.394 Clock:3.464 Level:3
2024-09-07 11:34:51.817 T:4125 debug : CVideoPlayerVideo::OutputPicture - ttd:-51ms pts:3.414 Clock:3.465 Level:4
2024-09-07 11:34:51.828 T:4125 debug : CVideoPlayerVideo::OutputPicture - ttd:-42ms pts:3.434 Clock:3.476 Level:0
2024-09-07 11:34:51.830 T:4125 debug : CVideoPlayerVideo::OutputPicture - ttd:-24ms pts:3.454 Clock:3.478 Level:1
2024-09-07 11:34:51.832 T:4125 debug : CVideoPlayerVideo::OutputPicture - ttd:-5ms pts:3.474 Clock:3.479 Level:2
2024-09-07 11:34:51.833 T:4125 debug : CVideoPlayerVideo::OutputPicture - ttd:12ms pts:3.494 Clock:3.481 Level:3
2024-09-07 11:34:51.844 T:4123 debug : CVideoPlayer::ProcessVideoData size:1251 dts:7.614 pts:7.654 dur:20.000ms, clock:3.491 level:47
2024-09-07 11:34:51.846 T:4125 debug : CVideoPlayerVideo::OutputPicture - ttd:20ms pts:3.514 Clock:3.494 Level:4
2024-09-07 11:34:51.847 T:4123 debug : CVideoPlayer::ProcessVideoData size:23199 dts:7.634 pts:7.834 dur:20.000ms, clock:3.495 level:48
2024-09-07 11:34:51.848 T:4125 debug : CVideoPlayerVideo::OutputPicture - ttd:38ms pts:3.534 Clock:3.495 Level:5
2024-09-07 11:34:51.848 T:4123 debug : CVideoPlayer::ProcessVideoData size:2698 dts:7.654 pts:7.854 dur:20.000ms, clock:3.496 level:48
2024-09-07 11:34:51.849 T:4123 debug : CVideoPlayer::ProcessVideoData size:10945 dts:7.674 pts:7.754 dur:20.000ms, clock:3.497 level:48
2024-09-07 11:34:51.850 T:4123 debug : CVideoPlayer::ProcessVideoData size:1297 dts:7.694 pts:7.774 dur:20.000ms, clock:3.498 level:48
2024-09-07 11:34:51.850 T:4123 debug : CVideoPlayer::ProcessVideoData size:5980 dts:7.714 pts:7.714 dur:20.000ms, clock:3.498 level:49
2024-09-07 11:34:51.851 T:4123 debug : CVideoPlayer::ProcessVideoData size:1167 dts:7.734 pts:7.734 dur:20.000ms, clock:3.499 level:49
2024-09-07 11:34:51.851 T:4123 debug : CVideoPlayer::ProcessVideoData size:6202 dts:7.754 pts:7.794 dur:20.000ms, clock:3.499 level:49
2024-09-07 11:34:51.852 T:4125 debug : CVideoPlayerVideo::OutputPicture - ttd:53ms pts:3.554 Clock:3.500 Level:1
2024-09-07 11:34:51.854 T:4125 debug : CVideoPlayerVideo::OutputPicture - ttd:71ms pts:3.574 Clock:3.502 Level:2
2024-09-07 11:34:51.900 T:4125 debug : CVideoPlayerVideo::OutputPicture - ttd:46ms pts:3.594 Clock:3.548 Level:0
2024-09-07 11:34:51.901 T:4125 debug : CVideoPlayerVideo::OutputPicture - ttd:64ms pts:3.614 Clock:3.549 Level:1
2024-09-07 11:34:51.903 T:4125 debug : CVideoPlayerVideo::OutputPicture - ttd:83ms pts:3.634 Clock:3.551 Level:2
2024-09-07 11:34:51.904 T:4125 debug : CVideoPlayerVideo::OutputPicture - ttd:101ms pts:3.654 Clock:3.552 Level:3
2024-09-07 11:34:51.916 T:4125 debug : CalcFrameRate framerate was:50.000000 calculated:50.000000
2024-09-07 11:34:51.916 T:4125 debug : CVideoPlayerVideo::OutputPicture - ttd:109ms pts:3.674 Clock:3.564 Level:3
2024-09-07 11:34:51.918 T:4125 debug : CRenderManager::Configure - change configuration. 1920x1080. display: 1920x1080. framerate: 50.00 hdrType: sdr.
2024-09-07 11:34:51.978 T:3951 debug : DeleteRenderer - deleting renderer
2024-09-07 11:34:51.979 T:3951 info : Constructing CRendererAML
2024-09-07 11:34:51.979 T:3951 debug : CRendererAML::Configure no DV support, enabled, DV system is disabled, HDR is not used
2024-09-07 11:34:51.979 T:3951 debug : CRenderManager::Configure - 8
2024-09-07 11:34:51.979 T:4125 debug : CVideoPlayerVideo::OutputPicture - ttd:66ms pts:3.694 Clock:3.627 Level:0
2024-09-07 11:34:51.981 T:4125 debug : CVideoPlayerVideo::OutputPicture - ttd:84ms pts:3.714 Clock:3.629 Level:0
2024-09-07 11:34:51.982 T:4123 debug : CVideoPlayer::ProcessVideoData size:1211 dts:7.774 pts:7.814 dur:20.000ms, clock:3.629 level:48
2024-09-07 11:34:51.982 T:4087 debug : OnAVChange: CApplication::OnAVChange
2024-09-07 11:34:51.982 T:4123 debug : CVideoPlayer::ProcessVideoData size:18276 dts:7.794 pts:7.994 dur:20.000ms, clock:3.630 level:48
2024-09-07 11:34:51.984 T:4123 debug : CVideoPlayer::ProcessVideoData size:2432 dts:7.814 pts:8.014 dur:20.000ms, clock:3.632 level:48
2024-09-07 11:34:51.984 T:4125 debug : CVideoPlayerVideo::OutputPicture - ttd:101ms pts:3.734 Clock:3.632 Level:1
2024-09-07 11:34:51.985 T:4123 debug : CVideoPlayer::ProcessVideoData size:11900 dts:7.834 pts:7.914 dur:20.000ms, clock:3.633 level:49
2024-09-07 11:34:51.985 T:4123 debug : CVideoPlayer::ProcessVideoData size:1705 dts:7.854 pts:7.934 dur:20.000ms, clock:3.633 level:49
2024-09-07 11:34:51.986 T:4123 debug : CVideoPlayer::ProcessVideoData size:5972 dts:7.874 pts:7.874 dur:20.000ms, clock:3.633 level:49
2024-09-07 11:34:51.987 T:4125 debug : CVideoPlayerVideo::OutputPicture - ttd:118ms pts:3.754 Clock:3.635 Level:2
2024-09-07 11:34:51.988 T:4125 debug : CVideoPlayerVideo::OutputPicture - ttd:137ms pts:3.774 Clock:3.636 Level:3
2024-09-07 11:34:51.990 T:3951 info : [WHITELIST] Searching the whitelist for: width: 1920, height: 1080, fps: 50.000, 3D: false:(0x4), stereo mode: 0
2024-09-07 11:34:51.990 T:4125 debug : CVideoPlayerVideo::OutputPicture - ttd:156ms pts:3.794 Clock:3.637 Level:4
2024-09-07 11:34:51.990 T:3951 debug : [WHITELIST] Using the default whitelist because the user whitelist is empty
2024-09-07 11:34:51.990 T:3951 debug : [WHITELIST] Searching for an exact resolution with an exact refresh rate
2024-09-07 11:34:51.990 T:3951 debug : [WHITELIST] Matched an exact resolution with an exact refresh rate 1920x1080 @ 50.00 - Full Screen, 0x4 (31)
2024-09-07 11:34:51.991 T:3951 debug : [WHITELIST] Searching for an exact resolution with double the refresh rate
2024-09-07 11:34:51.991 T:4125 debug : CVideoPlayerVideo::OutputPicture - ttd:174ms pts:3.814 Clock:3.639 Level:5
2024-09-07 11:34:51.991 T:3951 info : Display resolution ADJUST : 1920x1080 @ 50.00 - Full Screen (31) (weight: 0.000)
2024-09-07 11:34:51.992 T:3951 debug : CWinSystemAmlogicGLESContext::CreateNewWindow: m_bWindowCreated: true, frac rate 0(0), hdrType: sdr(sdr), force mode switch: false
2024-09-07 11:34:51.992 T:3951 debug : CWinSystemAmlogicGLESContext::CreateNewWindow: cur: iWidth: 1920, iHeight: 1080, iScreenWidth: 1920, iScreenHeight: 1080, fRefreshRate: 60.00, dwFlags: 04
2024-09-07 11:34:51.992 T:3951 debug : CWinSystemAmlogicGLESContext::CreateNewWindow: res: iWidth: 1920, iHeight: 1080, iScreenWidth: 1920, iScreenHeight: 1080, fRefreshRate: 50.00, dwFlags: 04
2024-09-07 11:34:51.992 T:4125 debug : CVideoPlayerVideo::OutputPicture - ttd:193ms pts:3.834 Clock:3.640 Level:6
2024-09-07 11:34:51.992 T:3951 info : VideoPlayer: OnLostDisplay received
2024-09-07 11:34:51.992 T:3951 debug : aml_set_display_resolution: try to set mode: 1080p50hz
2024-09-07 11:34:51.992 T:4125 debug : CVideoPlayerVideo - CDVDMsg::GENERAL_PAUSE: true
2024-09-07 11:34:52.020 T:4126 debug : CVideoPlayerAudio - CDVDMsg::GENERAL_PAUSE: true
2024-09-07 11:34:52.093 T:4123 debug : CVideoPlayer::ProcessVideoData size:1497 dts:7.894 pts:7.894 dur:20.000ms, clock:3.640 level:49
2024-09-07 11:34:52.251 T:3951 info : VideoPlayer: OnResetDisplay received
2024-09-07 11:34:52.252 T:4126 debug : CVideoPlayerAudio - CDVDMsg::GENERAL_PAUSE: false
2024-09-07 11:34:52.252 T:3951 info : GLES: Maximum texture width: 8192
2024-09-07 11:34:52.252 T:4126 info : CVideoPlayerAudio: display reset occurred, checking for passthrough
2024-09-07 11:34:52.253 T:4126 info : CDVDAudioCodecFFmpeg::Open() Successful opened audio decoder ac3
2024-09-07 11:34:52.252 T:4125 debug : CVideoPlayerVideo - CDVDMsg::GENERAL_PAUSE: false
2024-09-07 11:34:52.254 T:3951 debug : CAMLCodec::SetVideoRect:display(0,0,1920,1080)
2024-09-07 11:34:52.254 T:3951 debug : CAMLCodec::SetVideoRect:gui(0,0,1920,1080)
2024-09-07 11:34:52.254 T:3951 debug : CAMLCodec::SetVideoRect:m_dst_rect(0,0,1920,1080)
2024-09-07 11:34:52.255 T:3951 debug : CAMLCodec::SetVideoRect:dst_rect(0,0,1920,1080)
2024-09-07 11:34:52.255 T:3951 debug : CAMLCodec::SetVideoRect:m_guiStereoMode(0)
2024-09-07 11:34:52.255 T:3951 debug : CAMLCodec::SetVideoRect:m_guiStereoView(0)
2024-09-07 11:34:52.255 T:4125 debug : CVideoPlayerVideo::OutputPicture - ttd:209ms pts:3.854 Clock:3.644 Level:6
2024-09-07 11:34:52.267 T:4125 debug : CVideoPlayerVideo::OutputPicture - ttd:227ms pts:3.874 Clock:3.646 Level:6
2024-09-07 11:34:52.294 T:4025 debug : OnAVChange: CApplication::OnAVChange
2024-09-07 11:34:52.295 T:4123 debug : CVideoPlayer::ProcessVideoData size:5832 dts:7.914 pts:7.954 dur:20.000ms, clock:3.683 level:48
2024-09-07 11:34:52.295 T:4125 debug : CVideoPlayerVideo::OutputPicture - ttd:236ms pts:3.894 Clock:3.657 Level:6
2024-09-07 11:34:52.295 T:4123 debug : CVideoPlayer::ProcessVideoData size:1357 dts:7.934 pts:7.974 dur:20.000ms, clock:3.684 level:49
2024-09-07 11:34:52.296 T:4123 debug : CVideoPlayer::ProcessVideoData size:17207 dts:7.954 pts:8.114 dur:20.000ms, clock:3.684 level:49
2024-09-07 11:34:52.296 T:4123 debug : CVideoPlayer::ProcessVideoData size:3766 dts:7.974 pts:8.134 dur:20.000ms, clock:3.685 level:49
2024-09-07 11:34:52.296 T:4123 debug : CVideoPlayer::ProcessVideoData size:8557 dts:7.994 pts:8.034 dur:20.000ms, clock:3.685 level:49
2024-09-07 11:34:52.297 T:4123 debug : CVideoPlayer::ProcessVideoData size:1369 dts:8.014 pts:8.054 dur:20.000ms, clock:3.686 level:49
2024-09-07 11:34:52.298 T:4123 debug : CVideoPlayer::ProcessVideoData size:6594 dts:8.034 pts:8.074 dur:20.000ms, clock:3.686 level:50
2024-09-07 11:34:52.301 T:4123 debug : CVideoPlayer::ProcessVideoData size:1424 dts:8.054 pts:8.094 dur:20.000ms, clock:3.690 level:49
2024-09-07 11:34:52.303 T:4123 debug : CVideoPlayer::ProcessVideoData size:113270 dts:8.074 pts:8.154 dur:20.000ms, clock:3.691 level:49
2024-09-07 11:34:52.314 T:4125 debug : CVideoPlayerVideo::OutputPicture - ttd:223ms pts:3.914 Clock:3.690 Level:6
2024-09-07 11:34:52.333 T:4125 debug : CVideoPlayerVideo::OutputPicture - ttd:229ms pts:3.934 Clock:3.704 Level:6
2024-09-07 11:34:52.354 T:4125 debug : CVideoPlayerVideo::OutputPicture - ttd:230ms pts:3.954 Clock:3.723 Level:6
2024-09-07 11:34:52.374 T:4125 debug : CVideoPlayerVideo::OutputPicture - ttd:229ms pts:3.974 Clock:3.744 Level:6
2024-09-07 11:34:52.393 T:4125 debug : CVideoPlayerVideo::OutputPicture - ttd:230ms pts:3.994 Clock:3.763 Level:6
2024-09-07 11:34:52.408 T:4123 debug : CVideoPlayer::ProcessVideoData size:1351 dts:8.094 pts:8.174 dur:20.000ms, clock:3.796 level:47
2024-09-07 11:34:52.408 T:4123 debug : CVideoPlayer::ProcessVideoData size:31397 dts:8.114 pts:8.314 dur:20.000ms, clock:3.797 level:47
2024-09-07 11:34:52.408 T:4123 debug : CVideoPlayer::ProcessVideoData size:1359 dts:8.134 pts:8.334 dur:20.000ms, clock:3.797 level:48
2024-09-07 11:34:52.408 T:4123 debug : CVideoPlayer::ProcessVideoData size:4899 dts:8.154 pts:8.234 dur:20.000ms, clock:3.797 level:48
2024-09-07 11:34:52.409 T:4123 debug : CVideoPlayer::ProcessVideoData size:895 dts:8.174 pts:8.254 dur:20.000ms, clock:3.797 level:48
2024-09-07 11:34:52.409 T:4123 debug : CVideoPlayer::ProcessVideoData size:2164 dts:8.194 pts:8.194 dur:20.000ms, clock:3.797 level:48
2024-09-07 11:34:52.409 T:4123 debug : CVideoPlayer::ProcessVideoData size:1541 dts:8.214 pts:8.214 dur:20.000ms, clock:3.797 level:49
2024-09-07 11:34:52.409 T:4123 debug : CVideoPlayer::ProcessVideoData size:2847 dts:8.234 pts:8.274 dur:20.000ms, clock:3.797 level:49
2024-09-07 11:34:52.409 T:4123 debug : CVideoPlayer::ProcessVideoData size:1331 dts:8.254 pts:8.294 dur:20.000ms, clock:3.798 level:49
2024-09-07 11:34:52.413 T:4125 debug : CVideoPlayerVideo::OutputPicture - ttd:230ms pts:4.014 Clock:3.783 Level:6
2024-09-07 11:34:52.433 T:4125 debug : CVideoPlayerVideo::OutputPicture - ttd:230ms pts:4.034 Clock:3.803 Level:6
2024-09-07 11:34:52.453 T:4125 debug : CVideoPlayerVideo::OutputPicture - ttd:230ms pts:4.054 Clock:3.823 Level:6
2024-09-07 11:34:52.472 T:4125 debug : CVideoPlayerVideo::OutputPicture - ttd:230ms pts:4.074 Clock:3.843 Level:6
2024-09-07 11:34:52.483 T:4123 debug : CVideoPlayer::ProcessVideoData size:18217 dts:8.274 pts:8.474 dur:20.000ms, clock:3.872 level:49
2024-09-07 11:34:52.483 T:4123 debug : CVideoPlayer::ProcessVideoData size:1365 dts:8.294 pts:8.494 dur:20.000ms, clock:3.872 level:50
2024-09-07 11:34:52.483 T:4123 debug : CVideoPlayer::ProcessVideoData size:4873 dts:8.314 pts:8.394 dur:20.000ms, clock:3.872 level:50
2024-09-07 11:34:52.483 T:4123 debug : CVideoPlayer::ProcessVideoData size:1029 dts:8.334 pts:8.414 dur:20.000ms, clock:3.872 level:50
2024-09-07 11:34:52.484 T:4123 debug : CVideoPlayer::ProcessVideoData size:2312 dts:8.354 pts:8.354 dur:20.000ms, clock:3.872 level:50
2024-09-07 11:34:52.484 T:4123 debug : CVideoPlayer::ProcessVideoData size:1174 dts:8.374 pts:8.374 dur:20.000ms, clock:3.872 level:51
2024-09-07 11:34:52.484 T:4123 debug : CVideoPlayer::ProcessVideoData size:2331 dts:8.394 pts:8.434 dur:20.000ms, clock:3.872 level:51
2024-09-07 11:34:52.492 T:4125 debug : CVideoPlayerVideo::OutputPicture - ttd:231ms pts:4.094 Clock:3.862 Level:6
2024-09-07 11:34:52.513 T:4125 debug : CVideoPlayerVideo::OutputPicture - ttd:231ms pts:4.114 Clock:3.882 Level:6
2024-09-07 11:34:52.533 T:4125 debug : CVideoPlayerVideo::OutputPicture - ttd:230ms pts:4.134 Clock:3.904 Level:6
2024-09-07 11:34:52.553 T:4125 debug : CVideoPlayerVideo::OutputPicture - ttd:230ms pts:4.154 Clock:3.923 Level:6
2024-09-07 11:34:52.571 T:4123 debug : CVideoPlayer::ProcessVideoData size:1065 dts:8.414 pts:8.454 dur:20.000ms, clock:3.960 level:49
2024-09-07 11:34:52.572 T:4123 debug : CVideoPlayer::ProcessVideoData size:44659 dts:8.434 pts:8.634 dur:20.000ms, clock:3.960 level:50
2024-09-07 11:34:52.572 T:4123 debug : CVideoPlayer::ProcessVideoData size:1754 dts:8.454 pts:8.654 dur:20.000ms, clock:3.960 level:50
2024-09-07 11:34:52.572 T:4123 debug : CVideoPlayer::ProcessVideoData size:8535 dts:8.474 pts:8.554 dur:20.000ms, clock:3.961 level:50
2024-09-07 11:34:52.572 T:4123 debug : CVideoPlayer::ProcessVideoData size:1288 dts:8.494 pts:8.574 dur:20.000ms, clock:3.961 level:50
2024-09-07 11:34:52.572 T:4123 debug : CVideoPlayer::ProcessVideoData size:4118 dts:8.514 pts:8.514 dur:20.000ms, clock:3.961 level:50
2024-09-07 11:34:52.572 T:4123 debug : CVideoPlayer::ProcessVideoData size:892 dts:8.534 pts:8.534 dur:20.000ms, clock:3.961 level:51
2024-09-07 11:34:52.572 T:4123 debug : CVideoPlayer::ProcessVideoData size:4748 dts:8.554 pts:8.594 dur:20.000ms, clock:3.961 level:51
2024-09-07 11:34:52.574 T:4125 debug : CVideoPlayerVideo::OutputPicture - ttd:230ms pts:4.174 Clock:3.943 Level:6
2024-09-07 11:34:52.594 T:4125 debug : CVideoPlayerVideo::OutputPicture - ttd:230ms pts:4.194 Clock:3.964 Level:6
2024-09-07 11:34:52.613 T:4125 debug : CVideoPlayerVideo::OutputPicture - ttd:230ms pts:4.214 Clock:3.983 Level:6
2024-09-07 11:34:52.633 T:4125 debug : CVideoPlayerVideo::OutputPicture - ttd:230ms pts:4.234 Clock:4.003 Level:6
2024-09-07 11:34:52.646 T:4123 debug : CVideoPlayer::ProcessVideoData size:1199 dts:8.574 pts:8.614 dur:20.000ms, clock:4.035 level:51
2024-09-07 11:34:52.647 T:4123 debug : CVideoPlayer::ProcessVideoData size:51800 dts:8.594 pts:8.794 dur:20.000ms, clock:4.035 level:52
2024-09-07 11:34:52.654 T:4125 debug : CVideoPlayerVideo::OutputPicture - ttd:230ms pts:4.254 Clock:4.023 Level:6
2024-09-07 11:34:52.673 T:4125 debug : CVideoPlayerVideo::OutputPicture - ttd:230ms pts:4.274 Clock:4.044 Level:6
2024-09-07 11:34:52.693 T:4125 debug : CVideoPlayerVideo::OutputPicture - ttd:229ms pts:4.294 Clock:4.064 Level:6
2024-09-07 11:34:52.713 T:4125 debug : CVideoPlayerVideo::OutputPicture - ttd:230ms pts:4.314 Clock:4.083 Level:6
2024-09-07 11:34:52.719 T:3990 debug : ActiveAE::SyncStream - average error 160.281745 above threshold of 100.000000
2024-09-07 11:34:52.722 T:4123 debug : CVideoPlayer::ProcessVideoData size:2138 dts:8.614 pts:8.814 dur:20.000ms, clock:4.110 level:50
2024-09-07 11:34:52.722 T:4123 debug : CVideoPlayer::ProcessVideoData size:13025 dts:8.634 pts:8.714 dur:20.000ms, clock:4.111 level:50
2024-09-07 11:34:52.723 T:4123 debug : CVideoPlayer::ProcessVideoData size:1201 dts:8.654 pts:8.734 dur:20.000ms, clock:4.111 level:50
2024-09-07 11:34:52.723 T:4123 debug : CVideoPlayer::ProcessVideoData size:6024 dts:8.674 pts:8.674 dur:20.000ms, clock:4.111 level:50
2024-09-07 11:34:52.723 T:4123 debug : CVideoPlayer::ProcessVideoData size:1505 dts:8.694 pts:8.694 dur:20.000ms, clock:4.111 level:51
2024-09-07 11:34:52.723 T:4123 debug : CVideoPlayer::ProcessVideoData size:6667 dts:8.714 pts:8.754 dur:20.000ms, clock:4.112 level:51
2024-09-07 11:34:52.733 T:4125 debug : CVideoPlayerVideo::OutputPicture - ttd:230ms pts:4.334 Clock:4.103 Level:6
2024-09-07 11:34:52.752 T:4125 debug : CVideoPlayerVideo::OutputPicture - ttd:230ms pts:4.354 Clock:4.123 Level:6
2024-09-07 11:34:52.772 T:4125 debug : CVideoPlayerVideo::OutputPicture - ttd:231ms pts:4.374 Clock:4.142 Level:6
2024-09-07 11:34:52.792 T:4125 debug : CVideoPlayerVideo::OutputPicture - ttd:231ms pts:4.394 Clock:4.162 Level:6
2024-09-07 11:34:52.797 T:4123 debug : CVideoPlayer::ProcessVideoData size:1480 dts:8.734 pts:8.774 dur:20.000ms, clock:4.186 level:51
2024-09-07 11:34:52.798 T:4123 debug : CVideoPlayer::ProcessVideoData size:39767 dts:8.754 pts:8.954 dur:20.000ms, clock:4.187 level:52
2024-09-07 11:34:52.798 T:4123 debug : CVideoPlayer::ProcessVideoData size:2359 dts:8.774 pts:8.974 dur:20.000ms, clock:4.187 level:52
2024-09-07 11:34:52.798 T:4123 debug : CVideoPlayer::ProcessVideoData size:12644 dts:8.794 pts:8.874 dur:20.000ms, clock:4.187 level:52
2024-09-07 11:34:52.799 T:4123 debug : CVideoPlayer::ProcessVideoData size:1532 dts:8.814 pts:8.894 dur:20.000ms, clock:4.187 level:52
2024-09-07 11:34:52.799 T:4123 debug : CVideoPlayer::ProcessVideoData size:5369 dts:8.834 pts:8.834 dur:20.000ms, clock:4.187 level:53
2024-09-07 11:34:52.799 T:4123 debug : CVideoPlayer::ProcessVideoData size:1606 dts:8.854 pts:8.854 dur:20.000ms, clock:4.187 level:53
2024-09-07 11:34:52.799 T:4123 debug : CVideoPlayer::ProcessVideoData size:5842 dts:8.874 pts:8.914 dur:20.000ms, clock:4.187 level:53
2024-09-07 11:34:52.812 T:4125 debug : CVideoPlayerVideo::OutputPicture - ttd:231ms pts:4.414 Clock:4.182 Level:6
2024-09-07 11:34:52.819 T:3990 debug : ActiveAE::SyncStream - average error 10.281745 below threshold of 30.000000
2024-09-07 11:34:52.832 T:4125 debug : CVideoPlayerVideo::OutputPicture - ttd:231ms pts:4.434 Clock:4.202 Level:6
2024-09-07 11:34:52.852 T:4125 debug : CVideoPlayerVideo::OutputPicture - ttd:231ms pts:4.454 Clock:4.222 Level:6
2024-09-07 11:34:52.873 T:4125 debug : CVideoPlayerVideo::OutputPicture - ttd:231ms pts:4.474 Clock:4.242 Level:6
2024-09-07 11:34:52.873 T:4123 debug : CVideoPlayer::ProcessVideoData size:1735 dts:8.894 pts:8.934 dur:20.000ms, clock:4.262 level:51
2024-09-07 11:34:52.874 T:4123 debug : CVideoPlayer::ProcessVideoData size:35624 dts:8.914 pts:9.074 dur:20.000ms, clock:4.262 level:52
2024-09-07 11:34:52.874 T:4123 debug : CVideoPlayer::ProcessVideoData size:2513 dts:8.934 pts:9.094 dur:20.000ms, clock:4.262 level:52
2024-09-07 11:34:52.874 T:4123 debug : CVideoPlayer::ProcessVideoData size:9341 dts:8.954 pts:8.994 dur:20.000ms, clock:4.262 level:52
2024-09-07 11:34:52.894 T:4125 debug : CVideoPlayerVideo::OutputPicture - ttd:229ms pts:4.494 Clock:4.264 Level:6
2024-09-07 11:34:52.913 T:4125 debug : CVideoPlayerVideo::OutputPicture - ttd:230ms pts:4.514 Clock:4.284 Level:6
2024-09-07 11:34:52.933 T:4125 debug : CVideoPlayerVideo::OutputPicture - ttd:230ms pts:4.534 Clock:4.303 Level:6
2024-09-07 11:34:52.949 T:4123 debug : CVideoPlayer::ProcessVideoData size:1625 dts:8.974 pts:9.014 dur:20.000ms, clock:4.337 level:52
2024-09-07 11:34:52.949 T:4123 debug : CVideoPlayer::ProcessVideoData size:6584 dts:8.994 pts:9.034 dur:20.000ms, clock:4.338 level:53
2024-09-07 11:34:52.950 T:4123 debug : CVideoPlayer::ProcessVideoData size:1743 dts:9.014 pts:9.054 dur:20.000ms, clock:4.338 level:53
2024-09-07 11:34:52.950 T:4123 debug : CVideoPlayer::ProcessVideoData size:36866 dts:9.034 pts:9.234 dur:20.000ms, clock:4.339 level:53
2024-09-07 11:34:52.953 T:4125 debug : CVideoPlayerVideo::OutputPicture - ttd:230ms pts:4.554 Clock:4.323 Level:6
2024-09-07 11:34:52.973 T:4125 debug : CVideoPlayerVideo::OutputPicture - ttd:230ms pts:4.574 Clock:4.343 Level:6
2024-09-07 11:34:52.992 T:4125 debug : CVideoPlayerVideo::OutputPicture - ttd:230ms pts:4.594 Clock:4.363 Level:6
2024-09-07 11:34:53.012 T:4125 debug : CVideoPlayerVideo::OutputPicture - ttd:231ms pts:4.614 Clock:4.382 Level:6
2024-09-07 11:34:53.024 T:4123 debug : CVideoPlayer::ProcessVideoData size:1976 dts:9.054 pts:9.254 dur:20.000ms, clock:4.413 level:51
2024-09-07 11:34:53.025 T:4123 debug : CVideoPlayer::ProcessVideoData size:13013 dts:9.074 pts:9.154 dur:20.000ms, clock:4.413 level:52
2024-09-07 11:34:53.025 T:4123 debug : CVideoPlayer::ProcessVideoData size:1785 dts:9.094 pts:9.174 dur:20.000ms, clock:4.414 level:52
2024-09-07 11:34:53.025 T:4123 debug : CVideoPlayer::ProcessVideoData size:6075 dts:9.114 pts:9.114 dur:20.000ms, clock:4.414 level:52
2024-09-07 11:34:53.026 T:4123 debug : CVideoPlayer::ProcessVideoData size:1725 dts:9.134 pts:9.134 dur:20.000ms, clock:4.414 level:52
2024-09-07 11:34:53.026 T:4123 debug : CVideoPlayer::ProcessVideoData size:6744 dts:9.154 pts:9.194 dur:20.000ms, clock:4.414 level:52
2024-09-07 11:34:53.032 T:4125 debug : CVideoPlayerVideo::OutputPicture - ttd:231ms pts:4.634 Clock:4.402 Level:6
2024-09-07 11:34:53.052 T:4125 debug : CVideoPlayerVideo::OutputPicture - ttd:231ms pts:4.654 Clock:4.422 Level:6
2024-09-07 11:34:53.072 T:4125 debug : CVideoPlayerVideo::OutputPicture - ttd:231ms pts:4.674 Clock:4.442 Level:6
2024-09-07 11:34:53.092 T:4125 debug : CVideoPlayerVideo::OutputPicture - ttd:231ms pts:4.694 Clock:4.462 Level:6
2024-09-07 11:34:53.112 T:4125 debug : CVideoPlayerVideo::OutputPicture - ttd:231ms pts:4.714 Clock:4.482 Level:6
2024-09-07 11:34:53.132 T:4125 debug : CVideoPlayerVideo::OutputPicture - ttd:231ms pts:4.734 Clock:4.502 Level:6
2024-09-07 11:34:53.149 T:4123 debug : CVideoPlayer::ProcessVideoData size:1649 dts:9.174 pts:9.214 dur:20.000ms, clock:4.538 level:53
2024-09-07 11:34:53.150 T:4123 debug : CVideoPlayer::ProcessVideoData size:25796 dts:9.194 pts:9.394 dur:20.000ms, clock:4.538 level:53
2024-09-07 11:34:53.150 T:4123 debug : CVideoPlayer::ProcessVideoData size:2910 dts:9.214 pts:9.414 dur:20.000ms, clock:4.538 level:53
2024-09-07 11:34:53.150 T:4123 debug : CVideoPlayer::ProcessVideoData size:14704 dts:9.234 pts:9.314 dur:20.000ms, clock:4.539 level:53
2024-09-07 11:34:53.150 T:4123 debug : CVideoPlayer::ProcessVideoData size:1435 dts:9.254 pts:9.334 dur:20.000ms, clock:4.539 level:54
2024-09-07 11:34:53.150 T:4123 debug : CVideoPlayer::ProcessVideoData size:7409 dts:9.274 pts:9.274 dur:20.000ms, clock:4.539 level:54
2024-09-07 11:34:53.150 T:4123 debug : CVideoPlayer::ProcessVideoData size:1525 dts:9.294 pts:9.294 dur:20.000ms, clock:4.539 level:54
2024-09-07 11:34:53.152 T:4125 debug : CVideoPlayerVideo::OutputPicture - ttd:231ms pts:4.754 Clock:4.522 Level:6
2024-09-07 11:34:53.172 T:4125 debug : CVideoPlayerVideo::OutputPicture - ttd:231ms pts:4.774 Clock:4.542 Level:6
2024-09-07 11:34:53.192 T:4125 debug : CVideoPlayerVideo::OutputPicture - ttd:231ms pts:4.794 Clock:4.562 Level:6
2024-09-07 11:34:53.212 T:4125 debug : CVideoPlayerVideo::OutputPicture - ttd:231ms pts:4.814 Clock:4.582 Level:6
2024-09-07 11:34:53.232 T:4125 debug : CVideoPlayerVideo::OutputPicture - ttd:231ms pts:4.834 Clock:4.602 Level:6
2024-09-07 11:34:53.252 T:4125 debug : CVideoPlayerVideo::OutputPicture - ttd:231ms pts:4.854 Clock:4.622 Level:6
2024-09-07 11:34:53.272 T:4125 debug : CVideoPlayerVideo::OutputPicture - ttd:231ms pts:4.874 Clock:4.642 Level:6
2024-09-07 11:34:53.292 T:4125 debug : CVideoPlayerVideo::OutputPicture - ttd:231ms pts:4.894 Clock:4.662 Level:6
2024-09-07 11:34:53.312 T:4125 debug : CVideoPlayerVideo::OutputPicture - ttd:231ms pts:4.914 Clock:4.682 Level:6
2024-09-07 11:34:53.313 T:4123 debug : CVideoPlayer::ProcessVideoData size:7979 dts:9.314 pts:9.354 dur:20.000ms, clock:4.701 level:52
2024-09-07 11:34:53.314 T:4123 debug : CVideoPlayer::ProcessVideoData size:1355 dts:9.334 pts:9.374 dur:20.000ms, clock:4.702 level:53
2024-09-07 11:34:53.314 T:4123 debug : CVideoPlayer::ProcessVideoData size:19206 dts:9.354 pts:9.554 dur:20.000ms, clock:4.703 level:53
2024-09-07 11:34:53.315 T:4123 debug : CVideoPlayer::ProcessVideoData size:2365 dts:9.374 pts:9.574 dur:20.000ms, clock:4.703 level:53
2024-09-07 11:34:53.315 T:4123 debug : CVideoPlayer::ProcessVideoData size:14294 dts:9.394 pts:9.474 dur:20.000ms, clock:4.703 level:53
2024-09-07 11:34:53.332 T:4125 debug : CVideoPlayerVideo::OutputPicture - ttd:228ms pts:4.934 Clock:4.705 Level:6
2024-09-07 11:34:53.352 T:4125 debug : CVideoPlayerVideo::OutputPicture - ttd:231ms pts:4.954 Clock:4.722 Level:6
2024-09-07 11:34:53.373 T:4125 debug : CVideoPlayerVideo::OutputPicture - ttd:229ms pts:4.974 Clock:4.745 Level:6
2024-09-07 11:34:53.394 T:4125 debug : CVideoPlayerVideo::OutputPicture - ttd:230ms pts:4.994 Clock:4.763 Level:6
2024-09-07 11:34:53.413 T:4125 debug : CVideoPlayerVideo::OutputPicture - ttd:230ms pts:5.014 Clock:4.783 Level:6
2024-09-07 11:34:53.433 T:4125 debug : CVideoPlayerVideo::OutputPicture - ttd:230ms pts:5.034 Clock:4.803 Level:6
2024-09-07 11:34:53.453 T:4125 debug : CVideoPlayerVideo::OutputPicture - ttd:230ms pts:5.054 Clock:4.824 Level:6
2024-09-07 11:34:53.464 T:4123 debug : CVideoPlayer::ProcessVideoData size:1386 dts:9.414 pts:9.494 dur:20.000ms, clock:4.853 level:50
2024-09-07 11:34:53.464 T:4123 debug : CVideoPlayer::ProcessVideoData size:7988 dts:9.434 pts:9.434 dur:20.000ms, clock:4.853 level:50
2024-09-07 11:34:53.465 T:4123 debug : CVideoPlayer::ProcessVideoData size:1474 dts:9.454 pts:9.454 dur:20.000ms, clock:4.854 level:50
2024-09-07 11:34:53.465 T:4123 debug : CVideoPlayer::ProcessVideoData size:7549 dts:9.474 pts:9.514 dur:20.000ms, clock:4.854 level:51
2024-09-07 11:34:53.474 T:4125 debug : CVideoPlayerVideo::OutputPicture - ttd:230ms pts:5.074 Clock:4.843 Level:6
2024-09-07 11:34:53.493 T:4125 debug : CVideoPlayerVideo::OutputPicture - ttd:230ms pts:5.094 Clock:4.863 Level:6
2024-09-07 11:34:53.513 T:4125 debug : CVideoPlayerVideo::OutputPicture - ttd:230ms pts:5.114 Clock:4.883 Level:6
2024-09-07 11:34:53.533 T:4125 debug : CVideoPlayerVideo::OutputPicture - ttd:230ms pts:5.134 Clock:4.903 Level:6
2024-09-07 11:34:53.553 T:4125 debug : CVideoPlayerVideo::OutputPicture - ttd:230ms pts:5.154 Clock:4.923 Level:6
2024-09-07 11:34:53.572 T:4125 debug : CVideoPlayerVideo::OutputPicture - ttd:230ms pts:5.174 Clock:4.943 Level:6
