2024-09-07 11:35:39.476 T:4291 debug : CVideoPlayer::ProcessVideoData size:1793 dts:1.394 pts:1.474 dur:20.000ms, clock:0.697 level:19
2024-09-07 11:35:39.476 T:4291 debug : CVideoPlayer::ProcessVideoData size:1074 dts:1.414 pts:1.494 dur:20.000ms, clock:0.697 level:19
2024-09-07 11:35:39.476 T:4291 debug : CVideoPlayer::ProcessVideoData size:1034 dts:1.434 pts:1.434 dur:20.000ms, clock:0.697 level:20
2024-09-07 11:35:39.488 T:4291 debug : CVideoPlayer::ProcessVideoData size:866 dts:1.454 pts:1.454 dur:20.000ms, clock:0.710 level:20
2024-09-07 11:35:39.488 T:4291 debug : CVideoPlayer::ProcessVideoData size:1014 dts:1.474 pts:1.514 dur:20.000ms, clock:0.710 level:20
2024-09-07 11:35:39.576 T:4291 debug : CVideoPlayer::ProcessVideoData size:773 dts:1.494 pts:1.534 dur:20.000ms, clock:0.798 level:20
2024-09-07 11:35:40.019 T:4291 debug : CVideoPlayer::ProcessVideoData size:25887 dts:1.514 pts:1.714 dur:20.000ms, clock:1.240 level:20
2024-09-07 11:35:40.019 T:4291 debug : CVideoPlayer::ProcessVideoData size:7973 dts:1.534 pts:1.734 dur:20.000ms, clock:1.241 level:21
2024-09-07 11:35:40.019 T:4291 debug : CVideoPlayer::ProcessVideoData size:2789 dts:1.554 pts:1.634 dur:20.000ms, clock:1.241 level:21
2024-09-07 11:35:40.019 T:4291 debug : CVideoPlayer::ProcessVideoData size:1435 dts:1.574 pts:1.654 dur:20.000ms, clock:1.241 level:21
2024-09-07 11:35:40.020 T:4291 debug : CVideoPlayer::ProcessVideoData size:1074 dts:1.594 pts:1.594 dur:20.000ms, clock:1.241 level:21
2024-09-07 11:35:40.020 T:4291 debug : CVideoPlayer::ProcessVideoData size:749 dts:1.614 pts:1.614 dur:20.000ms, clock:1.241 level:22
2024-09-07 11:35:40.020 T:4291 debug : CVideoPlayer::ProcessVideoData size:1583 dts:1.634 pts:1.674 dur:20.000ms, clock:1.241 level:22
2024-09-07 11:35:40.028 T:4291 debug : CVideoPlayer::ProcessVideoData size:1153 dts:1.654 pts:1.694 dur:20.000ms, clock:1.250 level:22
2024-09-07 11:35:40.029 T:4291 debug : CVideoPlayer::ProcessVideoData size:105725 dts:1.674 pts:1.874 dur:20.000ms, clock:1.251 level:22
2024-09-07 11:35:40.029 T:4291 debug : CVideoPlayer::ProcessVideoData size:5169 dts:1.694 pts:1.894 dur:20.000ms, clock:1.251 level:23
2024-09-07 11:35:40.030 T:4291 debug : CVideoPlayer::ProcessVideoData size:2303 dts:1.714 pts:1.794 dur:20.000ms, clock:1.251 level:23
2024-09-07 11:35:40.030 T:4291 debug : CVideoPlayer::ProcessVideoData size:1227 dts:1.734 pts:1.814 dur:20.000ms, clock:1.251 level:23
2024-09-07 11:35:40.030 T:4291 debug : CVideoPlayer::ProcessVideoData size:1614 dts:1.754 pts:1.754 dur:20.000ms, clock:1.251 level:23
2024-09-07 11:35:40.030 T:4291 debug : CVideoPlayer::ProcessVideoData size:1208 dts:1.774 pts:1.774 dur:20.000ms, clock:1.251 level:24
2024-09-07 11:35:40.030 T:4291 debug : CVideoPlayer::ProcessVideoData size:1203 dts:1.794 pts:1.834 dur:20.000ms, clock:1.251 level:24
2024-09-07 11:35:40.032 T:3951 debug : CDirectoryProvider[pvr://tv/]: refreshing..
2024-09-07 11:35:40.032 T:3951 debug : CDirectoryProvider[pvr://channels/tv/*?view=lastplayed]: refreshing..
2024-09-07 11:35:40.033 T:3951 debug : CDirectoryProvider[pvr://channels/tv]: refreshing..
2024-09-07 11:35:40.060 T:4292 error : ffmpeg[0x2b7d2b0]: [h264] mmco: unref short failure
2024-09-07 11:35:40.088 T:4292 info : Skipped 1 duplicate messages..
2024-09-07 11:35:40.088 T:4292 debug : CRenderManager::Configure - change configuration. 1920x1080. display: 1920x1080. framerate: 0.00 hdrType: sdr.
2024-09-07 11:35:40.090 T:3951 debug : DeleteRenderer - deleting renderer
2024-09-07 11:35:40.090 T:3951 debug : LinuxRendererGLES: Cleaning up GLES resources
2024-09-07 11:35:40.092 T:3951 debug : LinuxRendererGLES::Configure: fps: 0.000
2024-09-07 11:35:40.092 T:3951 info : GLES: Selecting single pass rendering
2024-09-07 11:35:40.092 T:3951 debug : GLES: Requested render method: 0
2024-09-07 11:35:40.092 T:3951 info : GLES: Selecting YUV 2 RGB shader
2024-09-07 11:35:40.092 T:4291 debug : CVideoPlayer::ProcessVideoData size:870 dts:1.814 pts:1.854 dur:20.000ms, clock:1.314 level:23
2024-09-07 11:35:40.094 T:3951 debug : GLES: using shader format: 1
2024-09-07 11:35:40.094 T:3951 debug : GLES: using tonemap method: 1
2024-09-07 11:35:40.095 T:3951 debug : GLES: using shader format: 1
2024-09-07 11:35:40.095 T:3951 debug : GLES: using tonemap method: 1
2024-09-07 11:35:40.104 T:4291 debug : CVideoPlayer::ProcessVideoData size:27412 dts:1.834 pts:2.034 dur:20.000ms, clock:1.326 level:23
2024-09-07 11:35:40.105 T:4291 debug : CVideoPlayer::ProcessVideoData size:4499 dts:1.854 pts:2.054 dur:20.000ms, clock:1.326 level:24
2024-09-07 11:35:40.105 T:4291 debug : CVideoPlayer::ProcessVideoData size:1567 dts:1.874 pts:1.954 dur:20.000ms, clock:1.326 level:24
2024-09-07 11:35:40.105 T:4291 debug : CVideoPlayer::ProcessVideoData size:1008 dts:1.894 pts:1.974 dur:20.000ms, clock:1.327 level:24
2024-09-07 11:35:40.129 T:4291 debug : CVideoPlayer::ProcessVideoData size:1309 dts:1.914 pts:1.914 dur:20.000ms, clock:1.350 level:24
2024-09-07 11:35:40.129 T:4291 debug : CVideoPlayer::ProcessVideoData size:919 dts:1.934 pts:1.934 dur:20.000ms, clock:1.351 level:25
2024-09-07 11:35:40.129 T:4291 debug : CVideoPlayer::ProcessVideoData size:1170 dts:1.954 pts:1.994 dur:20.000ms, clock:1.351 level:25
2024-09-07 11:35:40.180 T:4291 debug : CVideoPlayer::ProcessVideoData size:850 dts:1.974 pts:2.014 dur:20.000ms, clock:1.401 level:25
2024-09-07 11:35:40.188 T:3951 debug : CRenderManager::Configure - 8
2024-09-07 11:35:40.188 T:4292 debug : CVideoPlayerVideo::OutputPicture - ttd:-1575ms pts:-0.166 Clock:1.410 Level:0
2024-09-07 11:35:40.205 T:4291 debug : CVideoPlayer::ProcessVideoData size:21585 dts:1.994 pts:2.194 dur:20.000ms, clock:1.427 level:25
2024-09-07 11:35:40.205 T:4291 debug : CVideoPlayer::HandleMessages - player started 2
2024-09-07 11:35:40.205 T:4009 debug : OnAVChange: CApplication::OnAVChange
2024-09-07 11:35:40.205 T:4291 debug : VideoPlayer::Sync - Audio - pts: -0.102, cache: 0.512, totalcache: 0.800, packets:65 level:22
2024-09-07 11:35:40.205 T:4291 debug : VideoPlayer::Sync - Video - pts: -0.146, cache: 0.050, totalcache: 0.100, packets:113 level:26
2024-09-07 11:35:40.206 T:4008 debug : OnAVStarted: CApplication::OnAVStarted
2024-09-07 11:35:40.206 T:4291 debug : CVideoPlayer::ProcessVideoData size:8387 dts:2.014 pts:2.214 dur:20.000ms, clock:-1.614 level:26
2024-09-07 11:35:40.206 T:4291 debug : CVideoPlayer::ProcessVideoData size:1423 dts:2.034 pts:2.114 dur:20.000ms, clock:-1.613 level:26
2024-09-07 11:35:40.206 T:4293 debug : CDVDAudio::Resume - resume audio stream
2024-09-07 11:35:40.209 T:3990 debug : ActiveAE - start sync of audio stream
2024-09-07 11:35:40.217 T:4291 debug : CVideoPlayer::ProcessVideoData size:995 dts:2.054 pts:2.134 dur:20.000ms, clock:-1.602 level:26
2024-09-07 11:35:40.218 T:4291 debug : CVideoPlayer::ProcessVideoData size:963 dts:2.074 pts:2.074 dur:20.000ms, clock:-1.602 level:27
2024-09-07 11:35:40.218 T:4291 debug : CVideoPlayer::ProcessVideoData size:802 dts:2.094 pts:2.094 dur:20.000ms, clock:-1.602 level:27
2024-09-07 11:35:40.218 T:4291 debug : CVideoPlayer::ProcessVideoData size:784 dts:2.114 pts:2.154 dur:20.000ms, clock:-1.601 level:27
2024-09-07 11:35:40.219 T:3951 debug : Activating window ID: 12005
2024-09-07 11:35:40.219 T:3951 debug : ------ Window Deinit (Home.xml) ------
2024-09-07 11:35:40.219 T:3951 debug : FreeVisualisation() done
2024-09-07 11:35:40.220 T:3951 debug : ------ Window Init (VideoFullScreen.xml) ------
2024-09-07 11:35:40.231 T:4292 debug : CVideoPlayerVideo::OutputPicture - ttd:1432ms pts:-0.156 Clock:-1.589 Level:0
2024-09-07 11:35:40.231 T:4292 debug : CVideoPlayerVideo - CDVDMsg::GENERAL_RESYNC(-1614026.511452)
2024-09-07 11:35:40.293 T:4291 debug : CVideoPlayer::ProcessVideoData size:629 dts:2.134 pts:2.174 dur:20.000ms, clock:-1.527 level:26
2024-09-07 11:35:40.304 T:4292 debug : CVideoPlayerVideo::OutputPicture - ttd:1428ms pts:-0.086 Clock:-1.515 Level:1
2024-09-07 11:35:40.318 T:4291 debug : CVideoPlayer::ProcessVideoData size:28445 dts:2.154 pts:2.354 dur:20.000ms, clock:-1.502 level:26
2024-09-07 11:35:40.318 T:4291 debug : CVideoPlayer::ProcessVideoData size:10243 dts:2.174 pts:2.374 dur:20.000ms, clock:-1.501 level:26
2024-09-07 11:35:40.330 T:4291 debug : CVideoPlayer::ProcessVideoData size:2453 dts:2.194 pts:2.274 dur:20.000ms, clock:-1.489 level:27
2024-09-07 11:35:40.331 T:4291 debug : CVideoPlayer::ProcessVideoData size:1329 dts:2.214 pts:2.294 dur:20.000ms, clock:-1.489 level:27
2024-09-07 11:35:40.331 T:4291 debug : CVideoPlayer::ProcessVideoData size:1050 dts:2.234 pts:2.234 dur:20.000ms, clock:-1.489 level:27
2024-09-07 11:35:40.331 T:4291 debug : CVideoPlayer::ProcessVideoData size:780 dts:2.254 pts:2.254 dur:20.000ms, clock:-1.488 level:27
2024-09-07 11:35:40.331 T:4291 debug : CVideoPlayer::ProcessVideoData size:1061 dts:2.274 pts:2.314 dur:20.000ms, clock:-1.488 level:28
2024-09-07 11:35:40.336 T:4292 debug : CVideoPlayerVideo::OutputPicture - ttd:1407ms pts:-0.076 Clock:-1.484 Level:2
2024-09-07 11:35:40.343 T:3990 debug : ActiveAE::SyncStream - average error of 1025.694630, start adjusting
2024-09-07 11:35:40.383 T:4292 debug : CVideoPlayerVideo::OutputPicture - ttd:1390ms pts:-0.046 Clock:-1.437 Level:3
2024-09-07 11:35:40.406 T:4291 debug : CVideoPlayer::ProcessVideoData size:803 dts:2.294 pts:2.334 dur:20.000ms, clock:-1.413 level:27
2024-09-07 11:35:40.413 T:4292 debug : CVideoPlayerVideo::OutputPicture - ttd:1370ms pts:-0.036 Clock:-1.407 Level:4
2024-09-07 11:35:40.431 T:4291 debug : CVideoPlayer::ProcessVideoData size:31315 dts:2.314 pts:2.514 dur:20.000ms, clock:-1.388 level:27
2024-09-07 11:35:40.432 T:4291 debug : CVideoPlayer::ProcessVideoData size:10479 dts:2.334 pts:2.534 dur:20.000ms, clock:-1.388 level:27
2024-09-07 11:35:40.432 T:4291 debug : CVideoPlayer::ProcessVideoData size:1855 dts:2.354 pts:2.434 dur:20.000ms, clock:-1.388 level:28
2024-09-07 11:35:40.432 T:4291 debug : CVideoPlayer::ProcessVideoData size:1165 dts:2.374 pts:2.454 dur:20.000ms, clock:-1.388 level:28
2024-09-07 11:35:40.444 T:4291 debug : CVideoPlayer::ProcessVideoData size:1302 dts:2.394 pts:2.394 dur:20.000ms, clock:-1.376 level:28
2024-09-07 11:35:40.444 T:4291 debug : CVideoPlayer::ProcessVideoData size:1037 dts:2.414 pts:2.414 dur:20.000ms, clock:-1.375 level:28
2024-09-07 11:35:40.444 T:4291 debug : CVideoPlayer::ProcessVideoData size:1166 dts:2.434 pts:2.474 dur:20.000ms, clock:-1.375 level:29
2024-09-07 11:35:40.456 T:4292 debug : CVideoPlayerVideo::OutputPicture - ttd:1356ms pts:-0.006 Clock:-1.363 Level:5
2024-09-07 11:35:40.485 T:4292 debug : CVideoPlayerVideo::OutputPicture - ttd:1338ms pts:0.004 Clock:-1.335 Level:6
2024-09-07 11:35:40.531 T:4291 debug : CVideoPlayer::ProcessVideoData size:864 dts:2.454 pts:2.494 dur:20.000ms, clock:-1.288 level:28
2024-09-07 11:35:40.556 T:4291 debug : CVideoPlayer::ProcessVideoData size:35293 dts:2.474 pts:2.674 dur:20.000ms, clock:-1.263 level:29
2024-09-07 11:35:40.569 T:4291 debug : CVideoPlayer::ProcessVideoData size:12982 dts:2.494 pts:2.694 dur:20.000ms, clock:-1.250 level:29
2024-09-07 11:35:40.569 T:4291 debug : CVideoPlayer::ProcessVideoData size:1960 dts:2.514 pts:2.594 dur:20.000ms, clock:-1.250 level:29
2024-09-07 11:35:40.569 T:4291 debug : CVideoPlayer::ProcessVideoData size:1232 dts:2.534 pts:2.614 dur:20.000ms, clock:-1.250 level:29
2024-09-07 11:35:40.570 T:4291 debug : CVideoPlayer::ProcessVideoData size:1233 dts:2.554 pts:2.554 dur:20.000ms, clock:-1.250 level:30
2024-09-07 11:35:40.581 T:4291 debug : CVideoPlayer::ProcessVideoData size:955 dts:2.574 pts:2.574 dur:20.000ms, clock:-1.238 level:30
2024-09-07 11:35:40.582 T:4291 debug : CVideoPlayer::ProcessVideoData size:1725 dts:2.594 pts:2.634 dur:20.000ms, clock:-1.238 level:30
2024-09-07 11:35:40.657 T:4291 debug : CVideoPlayer::ProcessVideoData size:1127 dts:2.614 pts:2.654 dur:20.000ms, clock:-1.162 level:30
2024-09-07 11:35:40.670 T:4291 debug : CVideoPlayer::ProcessVideoData size:37206 dts:2.634 pts:2.834 dur:20.000ms, clock:-1.150 level:31
2024-09-07 11:35:40.682 T:4291 debug : CVideoPlayer::ProcessVideoData size:4778 dts:2.654 pts:2.854 dur:20.000ms, clock:-1.137 level:31
2024-09-07 11:35:40.683 T:4291 debug : CVideoPlayer::ProcessVideoData size:2286 dts:2.674 pts:2.754 dur:20.000ms, clock:-1.137 level:31
2024-09-07 11:35:40.683 T:4291 debug : CVideoPlayer::ProcessVideoData size:1347 dts:2.694 pts:2.774 dur:20.000ms, clock:-1.137 level:31
2024-09-07 11:35:40.683 T:4291 debug : CVideoPlayer::ProcessVideoData size:1594 dts:2.714 pts:2.714 dur:20.000ms, clock:-1.137 level:32
2024-09-07 11:35:40.695 T:4291 debug : CVideoPlayer::ProcessVideoData size:1150 dts:2.734 pts:2.734 dur:20.000ms, clock:-1.125 level:32
2024-09-07 11:35:40.695 T:4291 debug : CVideoPlayer::ProcessVideoData size:1297 dts:2.754 pts:2.794 dur:20.000ms, clock:-1.125 level:32
2024-09-07 11:35:40.757 T:4291 debug : CVideoPlayer::ProcessVideoData size:841 dts:2.774 pts:2.814 dur:20.000ms, clock:-1.062 level:32
2024-09-07 11:35:40.770 T:4291 debug : CVideoPlayer::ProcessVideoData size:24486 dts:2.794 pts:2.994 dur:20.000ms, clock:-1.050 level:32
2024-09-07 11:35:40.770 T:4291 debug : CVideoPlayer::ProcessVideoData size:3672 dts:2.814 pts:3.014 dur:20.000ms, clock:-1.049 level:33
2024-09-07 11:35:40.770 T:4291 debug : CVideoPlayer::ProcessVideoData size:3721 dts:2.834 pts:2.914 dur:20.000ms, clock:-1.049 level:33
2024-09-07 11:35:40.782 T:4291 debug : CVideoPlayer::ProcessVideoData size:1430 dts:2.854 pts:2.934 dur:20.000ms, clock:-1.037 level:33
2024-09-07 11:35:40.783 T:4291 debug : CVideoPlayer::ProcessVideoData size:921 dts:2.874 pts:2.874 dur:20.000ms, clock:-1.037 level:33
2024-09-07 11:35:40.783 T:4291 debug : CVideoPlayer::ProcessVideoData size:682 dts:2.894 pts:2.894 dur:20.000ms, clock:-1.037 level:34
2024-09-07 11:35:40.783 T:4291 debug : CVideoPlayer::ProcessVideoData size:1491 dts:2.914 pts:2.954 dur:20.000ms, clock:-1.037 level:34
2024-09-07 11:35:40.821 T:4291 debug : CVideoPlayer::ProcessVideoData size:937 dts:2.934 pts:2.974 dur:20.000ms, clock:-0.999 level:34
2024-09-07 11:35:40.833 T:4291 debug : CVideoPlayer::ProcessVideoData size:20976 dts:2.954 pts:3.154 dur:20.000ms, clock:-0.986 level:35
2024-09-07 11:35:40.833 T:4291 debug : CVideoPlayer::ProcessVideoData size:4215 dts:2.974 pts:3.174 dur:20.000ms, clock:-0.986 level:35
2024-09-07 11:35:40.858 T:4291 debug : CVideoPlayer::ProcessVideoData size:3605 dts:2.994 pts:3.074 dur:20.000ms, clock:-0.962 level:35
2024-09-07 11:35:40.858 T:4291 debug : CVideoPlayer::ProcessVideoData size:1423 dts:3.014 pts:3.094 dur:20.000ms, clock:-0.961 level:35
2024-09-07 11:35:40.858 T:4291 debug : CVideoPlayer::ProcessVideoData size:2319 dts:3.034 pts:3.034 dur:20.000ms, clock:-0.961 level:36
2024-09-07 11:35:40.870 T:4291 debug : CVideoPlayer::ProcessVideoData size:1319 dts:3.054 pts:3.054 dur:20.000ms, clock:-0.949 level:36
2024-09-07 11:35:40.871 T:4291 debug : CVideoPlayer::ProcessVideoData size:1338 dts:3.074 pts:3.114 dur:20.000ms, clock:-0.949 level:36
2024-09-07 11:35:41.035 T:4292 debug : CVideoPlayerVideo::OutputPicture - ttd:1326ms pts:0.034 Clock:-1.293 Level:-1
2024-09-07 11:35:41.035 T:4292 warning : OutputPicture - timeout waiting for buffer
2024-09-07 11:35:41.047 T:4291 debug : CVideoPlayer::ProcessVideoData size:783 dts:3.094 pts:3.134 dur:20.000ms, clock:-0.773 level:36
2024-09-07 11:35:41.047 T:4291 debug : CVideoPlayer::ProcessVideoData size:79597 dts:3.114 pts:3.194 dur:20.000ms, clock:-0.772 level:37
2024-09-07 11:35:41.084 T:4291 debug : CVideoPlayer::ProcessVideoData size:2343 dts:3.134 pts:3.214 dur:20.000ms, clock:-0.735 level:37
2024-09-07 11:35:41.097 T:4291 debug : CVideoPlayer::ProcessVideoData size:19304 dts:3.154 pts:3.354 dur:20.000ms, clock:-0.722 level:37
2024-09-07 11:35:41.109 T:4291 debug : CVideoPlayer::ProcessVideoData size:3837 dts:3.174 pts:3.374 dur:20.000ms, clock:-0.710 level:37
2024-09-07 11:35:41.110 T:4291 debug : CVideoPlayer::ProcessVideoData size:4890 dts:3.194 pts:3.274 dur:20.000ms, clock:-0.710 level:38
2024-09-07 11:35:41.122 T:4291 debug : CVideoPlayer::ProcessVideoData size:1655 dts:3.214 pts:3.294 dur:20.000ms, clock:-0.698 level:38
2024-09-07 11:35:41.122 T:4291 debug : CVideoPlayer::ProcessVideoData size:2751 dts:3.234 pts:3.234 dur:20.000ms, clock:-0.697 level:38
2024-09-07 11:35:41.122 T:4291 debug : CVideoPlayer::ProcessVideoData size:1765 dts:3.254 pts:3.254 dur:20.000ms, clock:-0.697 level:38
2024-09-07 11:35:41.135 T:4291 debug : CVideoPlayer::ProcessVideoData size:2334 dts:3.274 pts:3.314 dur:20.000ms, clock:-0.685 level:39
2024-09-07 11:35:41.210 T:4291 debug : CVideoPlayer::ProcessVideoData size:1584 dts:3.294 pts:3.334 dur:20.000ms, clock:-0.609 level:39
2024-09-07 11:35:41.223 T:4291 debug : CVideoPlayer::ProcessVideoData size:35138 dts:3.314 pts:3.514 dur:20.000ms, clock:-0.597 level:39
2024-09-07 11:35:41.235 T:4291 debug : CVideoPlayer::ProcessVideoData size:3535 dts:3.334 pts:3.534 dur:20.000ms, clock:-0.584 level:39
2024-09-07 11:35:41.236 T:4008 debug : OnAVChange: CApplication::OnAVChange
2024-09-07 11:35:41.247 T:4291 debug : CVideoPlayer::ProcessVideoData size:9307 dts:3.354 pts:3.434 dur:20.000ms, clock:-0.572 level:40
2024-09-07 11:35:41.248 T:4291 debug : CVideoPlayer::ProcessVideoData size:1422 dts:3.374 pts:3.454 dur:20.000ms, clock:-0.571 level:40
2024-09-07 11:35:41.260 T:4291 debug : CVideoPlayer::ProcessVideoData size:4798 dts:3.394 pts:3.394 dur:20.000ms, clock:-0.559 level:40
2024-09-07 11:35:41.261 T:4291 debug : CVideoPlayer::ProcessVideoData size:1422 dts:3.414 pts:3.414 dur:20.000ms, clock:-0.559 level:40
2024-09-07 11:35:41.273 T:4291 debug : CVideoPlayer::ProcessVideoData size:4625 dts:3.434 pts:3.474 dur:20.000ms, clock:-0.546 level:41
2024-09-07 11:35:41.292 T:3990 debug : ActiveAE::SyncStream - average error 15.102261, last average error: 1025.694630
2024-09-07 11:35:41.348 T:4291 debug : CVideoPlayer::ProcessVideoData size:1330 dts:3.454 pts:3.494 dur:20.000ms, clock:-0.471 level:41
2024-09-07 11:35:41.361 T:4291 debug : CVideoPlayer::ProcessVideoData size:48441 dts:3.474 pts:3.674 dur:20.000ms, clock:-0.458 level:41
2024-09-07 11:35:41.386 T:4291 debug : CVideoPlayer::ProcessVideoData size:3535 dts:3.494 pts:3.694 dur:20.000ms, clock:-0.434 level:41
2024-09-07 11:35:41.386 T:4291 debug : CVideoPlayer::ProcessVideoData size:11053 dts:3.514 pts:3.594 dur:20.000ms, clock:-0.433 level:41
2024-09-07 11:35:41.399 T:4291 debug : CVideoPlayer::ProcessVideoData size:1669 dts:3.534 pts:3.614 dur:20.000ms, clock:-0.421 level:42
2024-09-07 11:35:41.411 T:4291 debug : CVideoPlayer::ProcessVideoData size:6688 dts:3.554 pts:3.554 dur:20.000ms, clock:-0.408 level:42
2024-09-07 11:35:41.411 T:4291 debug : CVideoPlayer::ProcessVideoData size:1683 dts:3.574 pts:3.574 dur:20.000ms, clock:-0.408 level:42
2024-09-07 11:35:41.423 T:4291 debug : CVideoPlayer::ProcessVideoData size:5394 dts:3.594 pts:3.634 dur:20.000ms, clock:-0.396 level:43
2024-09-07 11:35:41.443 T:3990 debug : ActiveAE::SyncStream - average error of -10.229142, start adjusting
2024-09-07 11:35:41.443 T:3990 debug : ActiveAE::SyncStream - average error -0.020808 below threshold of 30.000000
2024-09-07 11:35:41.499 T:4291 debug : CVideoPlayer::ProcessVideoData size:1383 dts:3.614 pts:3.654 dur:20.000ms, clock:-0.320 level:43
2024-09-07 11:35:41.500 T:4291 debug : CVideoPlayer::ProcessVideoData size:46052 dts:3.634 pts:3.834 dur:20.000ms, clock:-0.320 level:43
2024-09-07 11:35:41.524 T:4291 debug : CVideoPlayer::ProcessVideoData size:3897 dts:3.654 pts:3.854 dur:20.000ms, clock:-0.295 level:43
2024-09-07 11:35:41.524 T:4291 debug : CVideoPlayer::ProcessVideoData size:10515 dts:3.674 pts:3.754 dur:20.000ms, clock:-0.295 level:44
2024-09-07 11:35:41.537 T:4291 debug : CVideoPlayer::ProcessVideoData size:1860 dts:3.694 pts:3.774 dur:20.000ms, clock:-0.283 level:44
2024-09-07 11:35:41.537 T:4291 debug : CVideoPlayer::ProcessVideoData size:5175 dts:3.714 pts:3.714 dur:20.000ms, clock:-0.283 level:44
2024-09-07 11:35:41.549 T:4291 debug : CVideoPlayer::ProcessVideoData size:1534 dts:3.734 pts:3.734 dur:20.000ms, clock:-0.270 level:44
2024-09-07 11:35:41.549 T:4291 debug : CVideoPlayer::ProcessVideoData size:4569 dts:3.754 pts:3.794 dur:20.000ms, clock:-0.270 level:45
2024-09-07 11:35:41.551 T:4292 debug : CVideoPlayerVideo::OutputPicture - ttd:817ms pts:0.034 Clock:-0.784 Level:-1
2024-09-07 11:35:41.551 T:4292 warning : OutputPicture - timeout waiting for buffer
2024-09-07 11:35:41.602 T:4292 debug : CVideoPlayerVideo::OutputPicture - ttd:300ms pts:0.034 Clock:-0.267 Level:6
2024-09-07 11:35:41.638 T:4291 debug : CVideoPlayer::ProcessVideoData size:1555 dts:3.774 pts:3.814 dur:20.000ms, clock:-0.182 level:45
2024-09-07 11:35:41.638 T:4291 debug : CVideoPlayer::ProcessVideoData size:47459 dts:3.794 pts:3.994 dur:20.000ms, clock:-0.181 level:45
2024-09-07 11:35:41.663 T:4291 debug : CVideoPlayer::ProcessVideoData size:3321 dts:3.814 pts:4.014 dur:20.000ms, clock:-0.157 level:45
2024-09-07 11:35:41.663 T:4291 debug : CVideoPlayer::ProcessVideoData size:10574 dts:3.834 pts:3.914 dur:20.000ms, clock:-0.157 level:45
2024-09-07 11:35:41.668 T:4292 debug : CVideoPlayerVideo::OutputPicture - ttd:232ms pts:0.044 Clock:-0.189 Level:6
2024-09-07 11:35:41.678 T:4291 debug : CVideoPlayer::ProcessVideoData size:1941 dts:3.854 pts:3.934 dur:20.000ms, clock:-0.141 level:45
2024-09-07 11:35:41.678 T:4291 debug : CVideoPlayer::ProcessVideoData size:3626 dts:3.874 pts:3.874 dur:20.000ms, clock:-0.141 level:45
2024-09-07 11:35:41.688 T:4291 debug : CVideoPlayer::ProcessVideoData size:1625 dts:3.894 pts:3.894 dur:20.000ms, clock:-0.131 level:46
2024-09-07 11:35:41.689 T:4291 debug : CVideoPlayer::ProcessVideoData size:3349 dts:3.914 pts:3.954 dur:20.000ms, clock:-0.130 level:46
2024-09-07 11:35:41.700 T:4292 debug : CVideoPlayerVideo::OutputPicture - ttd:192ms pts:0.074 Clock:-0.119 Level:6
2024-09-07 11:35:41.728 T:4292 debug : CVideoPlayerVideo::OutputPicture - ttd:175ms pts:0.084 Clock:-0.092 Level:5
2024-09-07 11:35:41.767 T:4292 debug : CVideoPlayerVideo::OutputPicture - ttd:165ms pts:0.114 Clock:-0.052 Level:5
2024-09-07 11:35:41.776 T:4291 debug : CVideoPlayer::ProcessVideoData size:1409 dts:3.934 pts:3.974 dur:20.000ms, clock:-0.044 level:46
2024-09-07 11:35:41.776 T:4291 debug : CVideoPlayer::ProcessVideoData size:40310 dts:3.954 pts:4.114 dur:20.000ms, clock:-0.043 level:46
2024-09-07 11:35:41.801 T:4292 debug : CVideoPlayerVideo::OutputPicture - ttd:142ms pts:0.124 Clock:-0.019 Level:4
2024-09-07 11:35:41.801 T:4291 debug : CVideoPlayer::ProcessVideoData size:2070 dts:3.974 pts:4.134 dur:20.000ms, clock:-0.019 level:46
2024-09-07 11:35:41.801 T:4291 debug : CVideoPlayer::ProcessVideoData size:8600 dts:3.994 pts:4.034 dur:20.000ms, clock:-0.018 level:47
2024-09-07 11:35:41.814 T:4291 debug : CVideoPlayer::ProcessVideoData size:2028 dts:4.014 pts:4.054 dur:20.000ms, clock:-0.006 level:46
2024-09-07 11:35:41.814 T:4291 debug : CVideoPlayer::ProcessVideoData size:3687 dts:4.034 pts:4.074 dur:20.000ms, clock:-0.005 level:46
2024-09-07 11:35:41.845 T:4292 debug : CVideoPlayerVideo::OutputPicture - ttd:128ms pts:0.154 Clock:0.025 Level:2
2024-09-07 11:35:41.876 T:4292 debug : CVideoPlayerVideo::OutputPicture - ttd:107ms pts:0.164 Clock:0.056 Level:2
2024-09-07 11:35:41.917 T:4292 debug : CVideoPlayerVideo::OutputPicture - ttd:95ms pts:0.194 Clock:0.098 Level:1
2024-09-07 11:35:41.940 T:4291 debug : CVideoPlayer::ProcessVideoData size:1737 dts:4.054 pts:4.094 dur:20.000ms, clock:0.120 level:46
2024-09-07 11:35:41.941 T:4291 debug : CVideoPlayer::ProcessVideoData size:48792 dts:4.074 pts:4.274 dur:20.000ms, clock:0.122 level:47
2024-09-07 11:35:41.952 T:4292 debug : CVideoPlayerVideo::OutputPicture - ttd:71ms pts:0.204 Clock:0.132 Level:0
2024-09-07 11:35:41.964 T:4291 debug : CVideoPlayer::ProcessVideoData size:1688 dts:4.094 pts:4.294 dur:20.000ms, clock:0.145 level:46
2024-09-07 11:35:41.976 T:4291 debug : CVideoPlayer::ProcessVideoData size:11486 dts:4.114 pts:4.194 dur:20.000ms, clock:0.157 level:46
2024-09-07 11:35:41.977 T:4291 debug : CVideoPlayer::ProcessVideoData size:1735 dts:4.134 pts:4.214 dur:20.000ms, clock:0.158 level:47
2024-09-07 11:35:41.978 T:4291 debug : CVideoPlayer::ProcessVideoData size:4053 dts:4.154 pts:4.154 dur:20.000ms, clock:0.158 level:47
2024-09-07 11:35:41.989 T:4291 debug : CVideoPlayer::ProcessVideoData size:1510 dts:4.174 pts:4.174 dur:20.000ms, clock:0.170 level:47
2024-09-07 11:35:41.990 T:4291 debug : CVideoPlayer::ProcessVideoData size:3651 dts:4.194 pts:4.234 dur:20.000ms, clock:0.170 level:47
2024-09-07 11:35:41.992 T:4292 debug : CVideoPlayerVideo::OutputPicture - ttd:60ms pts:0.234 Clock:0.173 Level:0
2024-09-07 11:35:42.016 T:4292 debug : CVideoPlayerVideo::OutputPicture - ttd:46ms pts:0.244 Clock:0.197 Level:0
2024-09-07 11:35:42.018 T:4292 info : CDVDVideoCodecFFmpeg::CDropControl: calculated diff time: 43636
2024-09-07 11:35:42.040 T:4291 debug : CVideoPlayer::ProcessVideoData size:1536 dts:4.214 pts:4.254 dur:20.000ms, clock:0.220 level:47
2024-09-07 11:35:42.054 T:4291 debug : CVideoPlayer::ProcessVideoData size:25627 dts:4.234 pts:4.434 dur:20.000ms, clock:0.235 level:47
2024-09-07 11:35:42.061 T:4292 debug : CVideoPlayerVideo::OutputPicture - ttd:32ms pts:0.274 Clock:0.241 Level:0
2024-09-07 11:35:42.077 T:4291 debug : CVideoPlayer::ProcessVideoData size:2159 dts:4.254 pts:4.454 dur:20.000ms, clock:0.258 level:48
2024-09-07 11:35:42.078 T:4291 debug : CVideoPlayer::ProcessVideoData size:7216 dts:4.274 pts:4.354 dur:20.000ms, clock:0.258 level:48
2024-09-07 11:35:42.090 T:4291 debug : CVideoPlayer::ProcessVideoData size:1471 dts:4.294 pts:4.374 dur:20.000ms, clock:0.270 level:48
2024-09-07 11:35:42.090 T:4291 debug : CVideoPlayer::ProcessVideoData size:2960 dts:4.314 pts:4.314 dur:20.000ms, clock:0.271 level:48
2024-09-07 11:35:42.090 T:4292 debug : CVideoPlayerVideo::OutputPicture - ttd:12ms pts:0.284 Clock:0.271 Level:0
2024-09-07 11:35:42.115 T:4291 debug : CVideoPlayer::ProcessVideoData size:1511 dts:4.334 pts:4.334 dur:20.000ms, clock:0.295 level:48
2024-09-07 11:35:42.115 T:4291 debug : CVideoPlayer::ProcessVideoData size:3878 dts:4.354 pts:4.394 dur:20.000ms, clock:0.296 level:49
2024-09-07 11:35:42.135 T:4292 debug : CVideoPlayerVideo::OutputPicture - ttd:-1ms pts:0.314 Clock:0.315 Level:0
2024-09-07 11:35:42.154 T:4291 debug : CVideoPlayer::ProcessVideoData size:1356 dts:4.374 pts:4.414 dur:20.000ms, clock:0.334 level:49
2024-09-07 11:35:42.166 T:4292 debug : CVideoPlayerVideo::OutputPicture - ttd:-22ms pts:0.324 Clock:0.347 Level:0
2024-09-07 11:35:42.177 T:4291 debug : CVideoPlayer::ProcessVideoData size:17123 dts:4.394 pts:4.594 dur:20.000ms, clock:0.358 level:48
2024-09-07 11:35:42.191 T:4291 debug : CVideoPlayer::ProcessVideoData size:1705 dts:4.414 pts:4.614 dur:20.000ms, clock:0.371 level:49
2024-09-07 11:35:42.204 T:4291 debug : CVideoPlayer::ProcessVideoData size:8695 dts:4.434 pts:4.514 dur:20.000ms, clock:0.385 level:49
2024-09-07 11:35:42.206 T:4291 debug : CVideoPlayer::ProcessVideoData size:1425 dts:4.454 pts:4.534 dur:20.000ms, clock:0.386 level:49
2024-09-07 11:35:42.208 T:4292 debug : CVideoPlayerVideo::OutputPicture - ttd:-35ms pts:0.354 Clock:0.389 Level:0
2024-09-07 11:35:42.230 T:4291 debug : CVideoPlayer::ProcessVideoData size:4607 dts:4.474 pts:4.474 dur:20.000ms, clock:0.410 level:49
2024-09-07 11:35:42.230 T:4291 debug : CVideoPlayer::ProcessVideoData size:1523 dts:4.494 pts:4.494 dur:20.000ms, clock:0.411 level:50
2024-09-07 11:35:42.235 T:4292 debug : CVideoPlayerVideo::OutputPicture - ttd:-52ms pts:0.364 Clock:0.416 Level:0
2024-09-07 11:35:42.241 T:4291 debug : CVideoPlayer::ProcessVideoData size:4109 dts:4.514 pts:4.554 dur:20.000ms, clock:0.421 level:49
2024-09-07 11:35:42.274 T:4292 debug : CVideoPlayerVideo::OutputPicture - ttd:-61ms pts:0.394 Clock:0.455 Level:0
2024-09-07 11:35:42.301 T:4292 debug : CVideoPlayerVideo::OutputPicture - ttd:-77ms pts:0.404 Clock:0.481 Level:0
2024-09-07 11:35:42.344 T:4292 debug : CVideoPlayerVideo::OutputPicture - ttd:-91ms pts:0.434 Clock:0.525 Level:0
2024-09-07 11:35:42.374 T:4292 debug : CVideoPlayerVideo::OutputPicture - ttd:-111ms pts:0.444 Clock:0.555 Level:0
2024-09-07 11:35:42.419 T:4292 debug : CVideoPlayerVideo::OutputPicture - ttd:-125ms pts:0.474 Clock:0.599 Level:0
2024-09-07 11:35:42.429 T:4291 debug : CVideoPlayer::ProcessVideoData size:1590 dts:4.534 pts:4.574 dur:20.000ms, clock:0.610 level:49
2024-09-07 11:35:42.442 T:4291 debug : CVideoPlayer::ProcessVideoData size:65131 dts:4.554 pts:4.634 dur:20.000ms, clock:0.623 level:49
2024-09-07 11:35:42.449 T:4292 debug : CVideoPlayerVideo::OutputPicture - ttd:-146ms pts:0.484 Clock:0.630 Level:0
2024-09-07 11:35:42.490 T:4292 debug : CVideoPlayerVideo::OutputPicture - ttd:-157ms pts:0.514 Clock:0.671 Level:0
2024-09-07 11:35:42.506 T:4291 debug : CVideoPlayer::ProcessVideoData size:3596 dts:4.574 pts:4.654 dur:20.000ms, clock:0.686 level:49
2024-09-07 11:35:42.506 T:4291 debug : CVideoPlayer::ProcessVideoData size:21993 dts:4.594 pts:4.794 dur:20.000ms, clock:0.687 level:49
2024-09-07 11:35:42.524 T:4292 debug : CVideoPlayerVideo::OutputPicture - ttd:-180ms pts:0.524 Clock:0.704 Level:0
2024-09-07 11:35:42.558 T:4291 debug : CVideoPlayer::ProcessVideoData size:1845 dts:4.614 pts:4.814 dur:20.000ms, clock:0.736 level:49
2024-09-07 11:35:42.559 T:4291 debug : CVideoPlayer::ProcessVideoData size:12480 dts:4.634 pts:4.714 dur:20.000ms, clock:0.739 level:49
2024-09-07 11:35:42.564 T:4292 debug : CVideoPlayerVideo::OutputPicture - ttd:-191ms pts:0.554 Clock:0.745 Level:0
2024-09-07 11:35:42.567 T:4291 debug : CVideoPlayer::ProcessVideoData size:1838 dts:4.654 pts:4.734 dur:20.000ms, clock:0.748 level:49
2024-09-07 11:35:42.567 T:4291 debug : CVideoPlayer::ProcessVideoData size:4266 dts:4.674 pts:4.674 dur:20.000ms, clock:0.748 level:49
2024-09-07 11:35:42.580 T:4291 debug : CVideoPlayer::ProcessVideoData size:1358 dts:4.694 pts:4.694 dur:20.000ms, clock:0.761 level:50
2024-09-07 11:35:42.580 T:4291 debug : CVideoPlayer::ProcessVideoData size:5555 dts:4.714 pts:4.754 dur:20.000ms, clock:0.761 level:50
2024-09-07 11:35:42.595 T:4292 debug : CVideoPlayerVideo::OutputPicture - ttd:-212ms pts:0.564 Clock:0.776 Level:0
2024-09-07 11:35:42.630 T:4291 debug : CVideoPlayer::ProcessVideoData size:1335 dts:4.734 pts:4.774 dur:20.000ms, clock:0.811 level:50
2024-09-07 11:35:42.631 T:4292 debug : CVideoPlayerVideo::OutputPicture - ttd:-217ms pts:0.594 Clock:0.811 Level:0
2024-09-07 11:35:42.643 T:4291 debug : CVideoPlayer::ProcessVideoData size:25124 dts:4.754 pts:4.954 dur:20.000ms, clock:0.824 level:50
2024-09-07 11:35:42.663 T:4292 debug : CVideoPlayerVideo::OutputPicture - ttd:-239ms pts:0.604 Clock:0.844 Level:0
2024-09-07 11:35:42.668 T:4291 debug : CVideoPlayer::ProcessVideoData size:3720 dts:4.774 pts:4.974 dur:20.000ms, clock:0.849 level:50
2024-09-07 11:35:42.668 T:4291 debug : CVideoPlayer::ProcessVideoData size:11372 dts:4.794 pts:4.874 dur:20.000ms, clock:0.849 level:50
2024-09-07 11:35:42.685 T:4291 debug : CVideoPlayer::ProcessVideoData size:1660 dts:4.814 pts:4.894 dur:20.000ms, clock:0.865 level:50
2024-09-07 11:35:42.685 T:4291 debug : CVideoPlayer::ProcessVideoData size:7018 dts:4.834 pts:4.834 dur:20.000ms, clock:0.866 level:50
2024-09-07 11:35:42.694 T:4291 debug : CVideoPlayer::ProcessVideoData size:1674 dts:4.854 pts:4.854 dur:20.000ms, clock:0.875 level:51
2024-09-07 11:35:42.694 T:4291 debug : CVideoPlayer::ProcessVideoData size:7401 dts:4.874 pts:4.914 dur:20.000ms, clock:0.875 level:51
2024-09-07 11:35:42.705 T:4292 debug : CVideoPlayerVideo::OutputPicture - ttd:-251ms pts:0.634 Clock:0.885 Level:0
2024-09-07 11:35:42.740 T:4292 debug : CVideoPlayerVideo::OutputPicture - ttd:-277ms pts:0.644 Clock:0.921 Level:0
2024-09-07 11:35:42.756 T:4291 debug : CVideoPlayer::ProcessVideoData size:1501 dts:4.894 pts:4.934 dur:20.000ms, clock:0.937 level:51
2024-09-07 11:35:42.769 T:4291 debug : CVideoPlayer::ProcessVideoData size:33726 dts:4.914 pts:5.114 dur:20.000ms, clock:0.949 level:51
2024-09-07 11:35:42.782 T:4292 debug : CVideoPlayerVideo::OutputPicture - ttd:-289ms pts:0.674 Clock:0.963 Level:0
2024-09-07 11:35:42.806 T:4291 debug : CVideoPlayer::ProcessVideoData size:3363 dts:4.934 pts:5.134 dur:20.000ms, clock:0.987 level:51
2024-09-07 11:35:42.807 T:4291 debug : CVideoPlayer::ProcessVideoData size:13846 dts:4.954 pts:5.034 dur:20.000ms, clock:0.987 level:52
2024-09-07 11:35:42.812 T:4292 debug : CVideoPlayerVideo::OutputPicture - ttd:-309ms pts:0.684 Clock:0.993 Level:0
2024-09-07 11:35:42.819 T:4291 debug : CVideoPlayer::ProcessVideoData size:1781 dts:4.974 pts:5.054 dur:20.000ms, clock:1.000 level:51
2024-09-07 11:35:42.831 T:4291 debug : CVideoPlayer::ProcessVideoData size:7603 dts:4.994 pts:4.994 dur:20.000ms, clock:1.012 level:52
2024-09-07 11:35:42.844 T:4291 debug : CVideoPlayer::ProcessVideoData size:1923 dts:5.014 pts:5.014 dur:20.000ms, clock:1.025 level:52
2024-09-07 11:35:42.844 T:4291 debug : CVideoPlayer::ProcessVideoData size:5857 dts:5.034 pts:5.074 dur:20.000ms, clock:1.025 level:52
2024-09-07 11:35:42.854 T:4292 debug : CVideoPlayerVideo::OutputPicture - ttd:-320ms pts:0.714 Clock:1.034 Level:0
2024-09-07 11:35:42.889 T:4292 debug : CVideoPlayerVideo::OutputPicture - ttd:-345ms pts:0.724 Clock:1.070 Level:0
2024-09-07 11:35:42.923 T:4291 debug : CVideoPlayer::ProcessVideoData size:1594 dts:5.054 pts:5.094 dur:20.000ms, clock:1.104 level:52
2024-09-07 11:35:42.924 T:4291 debug : CVideoPlayer::ProcessVideoData size:29215 dts:5.074 pts:5.274 dur:20.000ms, clock:1.104 level:52
2024-09-07 11:35:42.931 T:4292 debug : CVideoPlayerVideo::OutputPicture - ttd:-358ms pts:0.754 Clock:1.112 Level:0
2024-09-07 11:35:42.945 T:4291 debug : CVideoPlayer::ProcessVideoData size:3153 dts:5.094 pts:5.294 dur:20.000ms, clock:1.125 level:52
2024-09-07 11:35:42.945 T:4291 debug : CVideoPlayer::ProcessVideoData size:8442 dts:5.114 pts:5.194 dur:20.000ms, clock:1.125 level:53
2024-09-07 11:35:42.957 T:4291 debug : CVideoPlayer::ProcessVideoData size:1913 dts:5.134 pts:5.214 dur:20.000ms, clock:1.138 level:53
2024-09-07 11:35:42.957 T:4291 debug : CVideoPlayer::ProcessVideoData size:5243 dts:5.154 pts:5.154 dur:20.000ms, clock:1.138 level:53
2024-09-07 11:35:42.966 T:4292 debug : CVideoPlayerVideo::OutputPicture - ttd:-382ms pts:0.764 Clock:1.147 Level:0
2024-09-07 11:35:42.971 T:4291 debug : CVideoPlayer::ProcessVideoData size:1630 dts:5.174 pts:5.174 dur:20.000ms, clock:1.151 level:53
2024-09-07 11:35:42.971 T:4291 debug : CVideoPlayer::ProcessVideoData size:4099 dts:5.194 pts:5.234 dur:20.000ms, clock:1.152 level:53
2024-09-07 11:35:43.007 T:4292 debug : CVideoPlayerVideo::OutputPicture - ttd:-394ms pts:0.794 Clock:1.188 Level:0
2024-09-07 11:35:43.033 T:4291 debug : CVideoPlayer::ProcessVideoData size:1634 dts:5.214 pts:5.254 dur:20.000ms, clock:1.214 level:53
2024-09-07 11:35:43.034 T:4291 debug : CVideoPlayer::ProcessVideoData size:25896 dts:5.234 pts:5.434 dur:20.000ms, clock:1.215 level:53
2024-09-07 11:35:43.039 T:4292 debug : CVideoPlayerVideo::OutputPicture - ttd:-416ms pts:0.804 Clock:1.220 Level:0
2024-09-07 11:35:43.045 T:4291 debug : CVideoPlayer::ProcessVideoData size:4183 dts:5.254 pts:5.454 dur:20.000ms, clock:1.226 level:53
2024-09-07 11:35:43.046 T:4291 debug : CVideoPlayer::ProcessVideoData size:5557 dts:5.274 pts:5.354 dur:20.000ms, clock:1.226 level:54
2024-09-07 11:35:43.057 T:4291 debug : CVideoPlayer::ProcessVideoData size:1636 dts:5.294 pts:5.374 dur:20.000ms, clock:1.238 level:54
2024-09-07 11:35:43.058 T:4291 debug : CVideoPlayer::ProcessVideoData size:3109 dts:5.314 pts:5.314 dur:20.000ms, clock:1.238 level:54
2024-09-07 11:35:43.070 T:4291 debug : CVideoPlayer::ProcessVideoData size:1716 dts:5.334 pts:5.334 dur:20.000ms, clock:1.251 level:54
2024-09-07 11:35:43.071 T:4291 debug : CVideoPlayer::ProcessVideoData size:2939 dts:5.354 pts:5.394 dur:20.000ms, clock:1.251 level:55
2024-09-07 11:35:43.080 T:4292 debug : CVideoPlayerVideo::OutputPicture - ttd:-426ms pts:0.834 Clock:1.260 Level:0
2024-09-07 11:35:43.108 T:4292 debug : CVideoPlayerVideo::OutputPicture - ttd:-444ms pts:0.844 Clock:1.288 Level:0
2024-09-07 11:35:43.121 T:4291 debug : CVideoPlayer::ProcessVideoData size:1565 dts:5.374 pts:5.414 dur:20.000ms, clock:1.302 level:54
2024-09-07 11:35:43.123 T:4291 debug : CVideoPlayer::ProcessVideoData size:23293 dts:5.394 pts:5.554 dur:20.000ms, clock:1.303 level:54
2024-09-07 11:35:43.133 T:4291 debug : CVideoPlayer::ProcessVideoData size:3369 dts:5.414 pts:5.574 dur:20.000ms, clock:1.313 level:55
2024-09-07 11:35:43.148 T:4291 debug : CVideoPlayer::ProcessVideoData size:5723 dts:5.434 pts:5.474 dur:20.000ms, clock:1.328 level:55
2024-09-07 11:35:43.148 T:4291 debug : CVideoPlayer::ProcessVideoData size:2132 dts:5.454 pts:5.494 dur:20.000ms, clock:1.328 level:55
2024-09-07 11:35:43.151 T:4292 debug : CVideoPlayerVideo::OutputPicture - ttd:-457ms pts:0.874 Clock:1.332 Level:0
2024-09-07 11:35:43.158 T:4291 debug : CVideoPlayer::ProcessVideoData size:3304 dts:5.474 pts:5.514 dur:20.000ms, clock:1.339 level:55
2024-09-07 11:35:43.183 T:4292 debug : CVideoPlayerVideo::OutputPicture - ttd:-479ms pts:0.884 Clock:1.363 Level:0
2024-09-07 11:35:43.226 T:4292 debug : CVideoPlayerVideo::OutputPicture - ttd:-492ms pts:0.914 Clock:1.406 Level:0
2024-09-07 11:35:43.257 T:4292 debug : CVideoPlayerVideo::OutputPicture - ttd:-513ms pts:0.924 Clock:1.437 Level:0
2024-09-07 11:35:43.293 T:4292 debug : CVideoPlayerVideo::OutputPicture - ttd:-519ms pts:0.954 Clock:1.473 Level:0
2024-09-07 11:35:43.322 T:4291 debug : CVideoPlayer::ProcessVideoData size:1904 dts:5.494 pts:5.534 dur:20.000ms, clock:1.503 level:55
2024-09-07 11:35:43.323 T:4292 debug : CVideoPlayerVideo::OutputPicture - ttd:-540ms pts:0.964 Clock:1.504 Level:0
2024-09-07 11:35:43.336 T:4291 debug : CVideoPlayer::ProcessVideoData size:69440 dts:5.514 pts:5.714 dur:20.000ms, clock:1.516 level:54
2024-09-07 11:35:43.359 T:4291 debug : CVideoPlayer::ProcessVideoData size:5525 dts:5.534 pts:5.734 dur:20.000ms, clock:1.540 level:55
2024-09-07 11:35:43.360 T:4291 debug : CVideoPlayer::ProcessVideoData size:7595 dts:5.554 pts:5.634 dur:20.000ms, clock:1.540 level:55
2024-09-07 11:35:43.360 T:4291 debug : CVideoPlayer::ProcessVideoData size:2113 dts:5.574 pts:5.654 dur:20.000ms, clock:1.541 level:55
2024-09-07 11:35:43.363 T:4292 debug : CVideoPlayerVideo::OutputPicture - ttd:-550ms pts:0.994 Clock:1.544 Level:0
2024-09-07 11:35:43.372 T:4291 debug : CVideoPlayer::ProcessVideoData size:3000 dts:5.594 pts:5.594 dur:20.000ms, clock:1.553 level:55
2024-09-07 11:35:43.385 T:4291 debug : CVideoPlayer::ProcessVideoData size:2222 dts:5.614 pts:5.614 dur:20.000ms, clock:1.565 level:56
2024-09-07 11:35:43.385 T:4291 debug : CVideoPlayer::ProcessVideoData size:3286 dts:5.634 pts:5.674 dur:20.000ms, clock:1.565 level:56
2024-09-07 11:35:43.388 T:4292 debug : CVideoPlayerVideo::OutputPicture - ttd:-564ms pts:1.004 Clock:1.568 Level:0
2024-09-07 11:35:43.431 T:4292 debug : CVideoPlayerVideo::OutputPicture - ttd:-577ms pts:1.034 Clock:1.611 Level:0
2024-09-07 11:35:43.460 T:4291 debug : CVideoPlayer::ProcessVideoData size:2306 dts:5.654 pts:5.694 dur:20.000ms, clock:1.640 level:56
2024-09-07 11:35:43.460 T:4291 debug : CVideoPlayer::ProcessVideoData size:25636 dts:5.674 pts:5.874 dur:20.000ms, clock:1.641 level:56
2024-09-07 11:35:43.460 T:4292 debug : CVideoPlayerVideo::OutputPicture - ttd:-597ms pts:1.044 Clock:1.641 Level:0
2024-09-07 11:35:43.485 T:4291 debug : CVideoPlayer::ProcessVideoData size:5022 dts:5.694 pts:5.894 dur:20.000ms, clock:1.665 level:56
2024-09-07 11:35:43.486 T:4291 debug : CVideoPlayer::ProcessVideoData size:6907 dts:5.714 pts:5.794 dur:20.000ms, clock:1.666 level:56
2024-09-07 11:35:43.497 T:4291 debug : CVideoPlayer::ProcessVideoData size:2436 dts:5.734 pts:5.814 dur:20.000ms, clock:1.678 level:56
2024-09-07 11:35:43.500 T:4292 debug : CVideoPlayerVideo::OutputPicture - ttd:-607ms pts:1.074 Clock:1.681 Level:0
2024-09-07 11:35:43.510 T:4291 debug : CVideoPlayer::ProcessVideoData size:3799 dts:5.754 pts:5.754 dur:20.000ms, clock:1.691 level:56
2024-09-07 11:35:43.510 T:4291 debug : CVideoPlayer::ProcessVideoData size:2566 dts:5.774 pts:5.774 dur:20.000ms, clock:1.691 level:57
2024-09-07 11:35:43.528 T:4292 debug : CVideoPlayerVideo::OutputPicture - ttd:-625ms pts:1.084 Clock:1.709 Level:0
2024-09-07 11:35:43.535 T:4291 debug : CVideoPlayer::ProcessVideoData size:3566 dts:5.794 pts:5.834 dur:20.000ms, clock:1.716 level:56
2024-09-07 11:35:43.568 T:4292 debug : CVideoPlayerVideo::OutputPicture - ttd:-635ms pts:1.114 Clock:1.749 Level:0
2024-09-07 11:35:43.596 T:4292 debug : CVideoPlayerVideo::OutputPicture - ttd:-652ms pts:1.124 Clock:1.776 Level:0
2024-09-07 11:35:43.598 T:4291 debug : CVideoPlayer::ProcessVideoData size:2150 dts:5.814 pts:5.854 dur:20.000ms, clock:1.778 level:56
2024-09-07 11:35:43.610 T:4291 debug : CVideoPlayer::ProcessVideoData size:23774 dts:5.834 pts:6.034 dur:20.000ms, clock:1.791 level:56
2024-09-07 11:35:43.623 T:4291 debug : CVideoPlayer::ProcessVideoData size:6609 dts:5.854 pts:6.054 dur:20.000ms, clock:1.803 level:57
2024-09-07 11:35:43.634 T:4292 debug : CVideoPlayerVideo::OutputPicture - ttd:-661ms pts:1.154 Clock:1.815 Level:0
2024-09-07 11:35:43.636 T:4291 debug : CVideoPlayer::ProcessVideoData size:8712 dts:5.874 pts:5.954 dur:20.000ms, clock:1.816 level:57
2024-09-07 11:35:43.636 T:4291 debug : CVideoPlayer::ProcessVideoData size:2094 dts:5.894 pts:5.974 dur:20.000ms, clock:1.817 level:57
2024-09-07 11:35:43.648 T:4291 debug : CVideoPlayer::ProcessVideoData size:3200 dts:5.914 pts:5.914 dur:20.000ms, clock:1.829 level:57
2024-09-07 11:35:43.648 T:4291 debug : CVideoPlayer::ProcessVideoData size:2648 dts:5.934 pts:5.934 dur:20.000ms, clock:1.829 level:58
2024-09-07 11:35:43.661 T:4291 debug : CVideoPlayer::ProcessVideoData size:4090 dts:5.954 pts:5.994 dur:20.000ms, clock:1.841 level:58
2024-09-07 11:35:43.661 T:4292 debug : CVideoPlayerVideo::OutputPicture - ttd:-678ms pts:1.164 Clock:1.842 Level:0
2024-09-07 11:35:43.701 T:4292 debug : CVideoPlayerVideo::OutputPicture - ttd:-687ms pts:1.194 Clock:1.881 Level:0
2024-09-07 11:35:43.724 T:4291 debug : CVideoPlayer::ProcessVideoData size:2181 dts:5.974 pts:6.014 dur:20.000ms, clock:1.904 level:58
2024-09-07 11:35:43.729 T:4292 debug : CVideoPlayerVideo::OutputPicture - ttd:-706ms pts:1.204 Clock:1.910 Level:0
2024-09-07 11:35:43.737 T:4291 debug : CVideoPlayer::ProcessVideoData size:24988 dts:5.994 pts:6.194 dur:20.000ms, clock:1.917 level:57
2024-09-07 11:35:43.761 T:4291 debug : CVideoPlayer::ProcessVideoData size:4867 dts:6.014 pts:6.214 dur:20.000ms, clock:1.942 level:58
2024-09-07 11:35:43.762 T:4291 debug : CVideoPlayer::ProcessVideoData size:11001 dts:6.034 pts:6.114 dur:20.000ms, clock:1.942 level:58
2024-09-07 11:35:43.773 T:4292 debug : CVideoPlayerVideo::OutputPicture - ttd:-719ms pts:1.234 Clock:1.953 Level:0
2024-09-07 11:35:43.774 T:4291 debug : CVideoPlayer::ProcessVideoData size:2452 dts:6.054 pts:6.134 dur:20.000ms, clock:1.954 level:58
2024-09-07 11:35:43.774 T:4291 debug : CVideoPlayer::ProcessVideoData size:4656 dts:6.074 pts:6.074 dur:20.000ms, clock:1.954 level:58
2024-09-07 11:35:43.787 T:4291 debug : CVideoPlayer::ProcessVideoData size:2069 dts:6.094 pts:6.094 dur:20.000ms, clock:1.967 level:59
2024-09-07 11:35:43.799 T:4291 debug : CVideoPlayer::ProcessVideoData size:6282 dts:6.114 pts:6.154 dur:20.000ms, clock:1.980 level:59
2024-09-07 11:35:43.802 T:4292 debug : CVideoPlayerVideo::OutputPicture - ttd:-738ms pts:1.244 Clock:1.982 Level:0
2024-09-07 11:35:43.841 T:4292 debug : CVideoPlayerVideo::OutputPicture - ttd:-747ms pts:1.274 Clock:2.022 Level:0
2024-09-07 11:35:43.867 T:4292 debug : CVideoPlayerVideo::OutputPicture - ttd:-763ms pts:1.284 Clock:2.048 Level:0
2024-09-07 11:35:43.887 T:4291 debug : CVideoPlayer::ProcessVideoData size:2028 dts:6.134 pts:6.174 dur:20.000ms, clock:2.068 level:58
2024-09-07 11:35:43.899 T:4291 debug : CVideoPlayer::ProcessVideoData size:40334 dts:6.154 pts:6.354 dur:20.000ms, clock:2.080 level:58
2024-09-07 11:35:43.907 T:4292 debug : CVideoPlayerVideo::OutputPicture - ttd:-774ms pts:1.314 Clock:2.088 Level:0
2024-09-07 11:35:43.933 T:4292 debug : CVideoPlayerVideo::OutputPicture - ttd:-789ms pts:1.324 Clock:2.113 Level:0
2024-09-07 11:35:43.938 T:4291 debug : CVideoPlayer::ProcessVideoData size:4616 dts:6.174 pts:6.374 dur:20.000ms, clock:2.118 level:58
2024-09-07 11:35:43.938 T:4291 debug : CVideoPlayer::ProcessVideoData size:18185 dts:6.194 pts:6.274 dur:20.000ms, clock:2.119 level:58
2024-09-07 11:35:43.950 T:4291 debug : CVideoPlayer::ProcessVideoData size:1976 dts:6.214 pts:6.294 dur:20.000ms, clock:2.131 level:59
2024-09-07 11:35:43.962 T:4291 debug : CVideoPlayer::ProcessVideoData size:6402 dts:6.234 pts:6.234 dur:20.000ms, clock:2.143 level:59
2024-09-07 11:35:43.971 T:4292 debug : CVideoPlayerVideo::OutputPicture - ttd:-797ms pts:1.354 Clock:2.151 Level:0
2024-09-07 11:35:43.988 T:4291 debug : CVideoPlayer::ProcessVideoData size:2895 dts:6.254 pts:6.254 dur:20.000ms, clock:2.169 level:59
2024-09-07 11:35:43.989 T:4291 debug : CVideoPlayer::ProcessVideoData size:8308 dts:6.274 pts:6.314 dur:20.000ms, clock:2.169 level:60
2024-09-07 11:35:44.004 T:4292 debug : CVideoPlayerVideo::OutputPicture - ttd:-820ms pts:1.364 Clock:2.184 Level:0
2024-09-07 11:35:44.043 T:4292 debug : CVideoPlayerVideo::OutputPicture - ttd:-829ms pts:1.394 Clock:2.223 Level:0
2024-09-07 11:35:44.073 T:4292 debug : CVideoPlayerVideo::OutputPicture - ttd:-849ms pts:1.404 Clock:2.253 Level:0
2024-09-07 11:35:44.075 T:4291 debug : CVideoPlayer::ProcessVideoData size:2034 dts:6.294 pts:6.334 dur:20.000ms, clock:2.256 level:59
2024-09-07 11:35:44.096 T:4291 debug : CVideoPlayer::ProcessVideoData size:39599 dts:6.314 pts:6.514 dur:20.000ms, clock:2.276 level:59
2024-09-07 11:35:44.111 T:4292 debug : CVideoPlayerVideo::OutputPicture - ttd:-857ms pts:1.434 Clock:2.291 Level:0
2024-09-07 11:35:44.139 T:4291 debug : CVideoPlayer::ProcessVideoData size:6365 dts:6.334 pts:6.534 dur:20.000ms, clock:2.319 level:59
2024-09-07 11:35:44.143 T:4292 debug : CVideoPlayerVideo::OutputPicture - ttd:-879ms pts:1.444 Clock:2.324 Level:0
2024-09-07 11:35:44.151 T:4291 debug : CVideoPlayer::ProcessVideoData size:24753 dts:6.354 pts:6.434 dur:20.000ms, clock:2.332 level:59
2024-09-07 11:35:44.176 T:4291 debug : CVideoPlayer::ProcessVideoData size:2954 dts:6.374 pts:6.454 dur:20.000ms, clock:2.357 level:59
2024-09-07 11:35:44.181 T:4292 debug : CVideoPlayerVideo::OutputPicture - ttd:-887ms pts:1.474 Clock:2.361 Level:0
2024-09-07 11:35:44.201 T:4291 debug : CVideoPlayer::ProcessVideoData size:15536 dts:6.394 pts:6.394 dur:20.000ms, clock:2.382 level:60
2024-09-07 11:35:44.209 T:4292 debug : CVideoPlayerVideo::OutputPicture - ttd:-906ms pts:1.484 Clock:2.390 Level:0
2024-09-07 11:35:44.214 T:4291 debug : CVideoPlayer::ProcessVideoData size:2315 dts:6.414 pts:6.414 dur:20.000ms, clock:2.394 level:59
2024-09-07 11:35:44.226 T:4291 debug : CVideoPlayer::ProcessVideoData size:10230 dts:6.434 pts:6.474 dur:20.000ms, clock:2.407 level:60
2024-09-07 11:35:44.251 T:4292 debug : CVideoPlayerVideo::OutputPicture - ttd:-917ms pts:1.514 Clock:2.431 Level:0
2024-09-07 11:35:44.277 T:4291 debug : CVideoPlayer::ProcessVideoData size:1959 dts:6.454 pts:6.494 dur:20.000ms, clock:2.457 level:60
2024-09-07 11:35:44.277 T:4291 debug : CVideoPlayer::ProcessVideoData size:26419 dts:6.474 pts:6.674 dur:20.000ms, clock:2.458 level:60
2024-09-07 11:35:44.281 T:4292 debug : CVideoPlayerVideo::OutputPicture - ttd:-937ms pts:1.524 Clock:2.461 Level:0
2024-09-07 11:35:44.315 T:4291 debug : CVideoPlayer::ProcessVideoData size:3768 dts:6.494 pts:6.694 dur:20.000ms, clock:2.495 level:60
2024-09-07 11:35:44.320 T:4292 debug : CVideoPlayerVideo::OutputPicture - ttd:-947ms pts:1.554 Clock:2.501 Level:0
2024-09-07 11:35:44.327 T:4291 debug : CVideoPlayer::ProcessVideoData size:16030 dts:6.514 pts:6.594 dur:20.000ms, clock:2.508 level:60
2024-09-07 11:35:44.340 T:4291 debug : CVideoPlayer::ProcessVideoData size:2249 dts:6.534 pts:6.614 dur:20.000ms, clock:2.520 level:60
2024-09-07 11:35:44.341 T:4019 info : AddOnLog: pvr.dvbviewer: Triggering EPG update on current channel!
2024-09-07 11:35:44.341 T:4019 info : AddOnLog: pvr.dvbviewer: Running timer + recording updates!
2024-09-07 11:35:44.341 T:4019 debug : CurlFile::Open -
2024-09-07 11:35:44.341 T:4019 debug : easy_acquire - Created session to http://192.168.100.6
2024-09-07 11:35:44.346 T:4019 debug : AddOnLog: pvr.dvbviewer: EPG auto timers list update: removed=0, unchanged=7, updated=0, added=0
2024-09-07 11:35:44.347 T:4019 debug : CurlFile::Open -
2024-09-07 11:35:44.352 T:4291 debug : CVideoPlayer::ProcessVideoData size:8971 dts:6.554 pts:6.554 dur:20.000ms, clock:2.533 level:61
2024-09-07 11:35:44.352 T:4019 debug : AddOnLog: pvr.dvbviewer: timers list update: removed=0, unchanged=4, updated=0, added=0
2024-09-07 11:35:44.353 T:4026 debug : CurlFile::Open -
2024-09-07 11:35:44.354 T:4292 debug : CVideoPlayerVideo::OutputPicture - ttd:-970ms pts:1.564 Clock:2.535 Level:0
2024-09-07 11:35:44.365 T:4291 debug : CVideoPlayer::ProcessVideoData size:1853 dts:6.574 pts:6.574 dur:20.000ms, clock:2.545 level:60
2024-09-07 11:35:44.377 T:4291 debug : CVideoPlayer::ProcessVideoData size:9155 dts:6.594 pts:6.634 dur:20.000ms, clock:2.558 level:61
2024-09-07 11:35:44.391 T:4292 debug : CVideoPlayerVideo::OutputPicture - ttd:-977ms pts:1.594 Clock:2.571 Level:0
2024-09-07 11:35:44.418 T:4292 debug : CVideoPlayerVideo::OutputPicture - ttd:-995ms pts:1.604 Clock:2.599 Level:0
2024-09-07 11:35:44.464 T:4292 debug : CVideoPlayerVideo::OutputPicture - ttd:-1010ms pts:1.634 Clock:2.644 Level:0
2024-09-07 11:35:44.465 T:4291 debug : CVideoPlayer::ProcessVideoData size:1871 dts:6.614 pts:6.654 dur:20.000ms, clock:2.646 level:60
