2024-09-07 11:35:45.422 T:4026 debug : AddOnLog: pvr.dvbviewer: GetRecordings: Loaded recording entry '2017-10-20_13-00-03_Al-Qurain_Al-Qurain': start=1508504400, length=39300
2024-09-07 11:35:45.422 T:4026 warning : Unable to determine channel type. Defaulting to TV.
2024-09-07 11:35:45.422 T:4026 debug : AddOnLog: pvr.dvbviewer: GetRecordings: Loaded recording entry '2017-10-19_13-00-02_Al-Qurain_Al-Qurain': start=1508418000, length=39300
2024-09-07 11:35:45.422 T:4026 warning : Unable to determine channel type. Defaulting to TV.
2024-09-07 11:35:45.422 T:4026 debug : AddOnLog: pvr.dvbviewer: GetRecordings: Loaded recording entry '2017-10-14_20-20-04_Al-Qurain_Al-Qurain': start=1507986000, length=39300
2024-09-07 11:35:45.422 T:4026 info : AddOnLog: pvr.dvbviewer: Loaded 1066 recording entries
2024-09-07 11:35:45.427 T:4292 debug : CVideoPlayerVideo::OutputPicture - ttd:-1493ms pts:2.114 Clock:3.607 Level:0
2024-09-07 11:35:45.459 T:4292 debug : CVideoPlayerVideo::OutputPicture - ttd:-1515ms pts:2.124 Clock:3.640 Level:0
2024-09-07 11:35:45.483 T:4291 debug : CVideoPlayer::ProcessVideoData size:1432 dts:7.534 pts:7.574 dur:20.000ms, clock:3.664 level:65
2024-09-07 11:35:45.484 T:4291 debug : CVideoPlayer::ProcessVideoData size:45858 dts:7.554 pts:7.754 dur:20.000ms, clock:3.664 level:65
2024-09-07 11:35:45.506 T:4292 debug : CVideoPlayerVideo::OutputPicture - ttd:-1532ms pts:2.154 Clock:3.686 Level:0
2024-09-07 11:35:45.508 T:4291 debug : CVideoPlayer::ProcessVideoData size:3660 dts:7.574 pts:7.774 dur:20.000ms, clock:3.689 level:66
2024-09-07 11:35:45.509 T:4291 debug : CVideoPlayer::ProcessVideoData size:16577 dts:7.594 pts:7.674 dur:20.000ms, clock:3.689 level:66
2024-09-07 11:35:45.522 T:4291 debug : CVideoPlayer::ProcessVideoData size:2254 dts:7.614 pts:7.694 dur:20.000ms, clock:3.702 level:66
2024-09-07 11:35:45.522 T:4291 debug : CVideoPlayer::ProcessVideoData size:6906 dts:7.634 pts:7.634 dur:20.000ms, clock:3.703 level:66
2024-09-07 11:35:45.533 T:4291 debug : CVideoPlayer::ProcessVideoData size:1547 dts:7.654 pts:7.654 dur:20.000ms, clock:3.714 level:67
2024-09-07 11:35:45.534 T:4291 debug : CVideoPlayer::ProcessVideoData size:8287 dts:7.674 pts:7.714 dur:20.000ms, clock:3.715 level:67
2024-09-07 11:35:45.535 T:4292 debug : CVideoPlayerVideo::OutputPicture - ttd:-1552ms pts:2.164 Clock:3.716 Level:0
2024-09-07 11:35:45.585 T:4292 debug : CVideoPlayerVideo::OutputPicture - ttd:-1571ms pts:2.194 Clock:3.765 Level:0
2024-09-07 11:35:45.609 T:4291 debug : CVideoPlayer::ProcessVideoData size:1814 dts:7.694 pts:7.734 dur:20.000ms, clock:3.789 level:67
2024-09-07 11:35:45.614 T:4292 debug : CVideoPlayerVideo::OutputPicture - ttd:-1590ms pts:2.204 Clock:3.794 Level:0
2024-09-07 11:35:45.633 T:4291 debug : CVideoPlayer::ProcessVideoData size:59406 dts:7.714 pts:7.914 dur:20.000ms, clock:3.813 level:66
2024-09-07 11:35:45.646 T:4291 debug : CVideoPlayer::ProcessVideoData size:5824 dts:7.734 pts:7.934 dur:20.000ms, clock:3.827 level:67
2024-09-07 11:35:45.653 T:4292 debug : CVideoPlayerVideo::OutputPicture - ttd:-1599ms pts:2.234 Clock:3.834 Level:0
2024-09-07 11:35:45.659 T:4291 debug : CVideoPlayer::ProcessVideoData size:21379 dts:7.754 pts:7.834 dur:20.000ms, clock:3.840 level:67
2024-09-07 11:35:45.672 T:4291 debug : CVideoPlayer::ProcessVideoData size:2451 dts:7.774 pts:7.854 dur:20.000ms, clock:3.852 level:67
2024-09-07 11:35:45.672 T:4291 debug : CVideoPlayer::ProcessVideoData size:8632 dts:7.794 pts:7.794 dur:20.000ms, clock:3.852 level:67
2024-09-07 11:35:45.681 T:4292 debug : CVideoPlayerVideo::OutputPicture - ttd:-1617ms pts:2.244 Clock:3.861 Level:0
2024-09-07 11:35:45.684 T:4291 debug : CVideoPlayer::ProcessVideoData size:1998 dts:7.814 pts:7.814 dur:20.000ms, clock:3.865 level:67
2024-09-07 11:35:45.685 T:4291 debug : CVideoPlayer::ProcessVideoData size:9641 dts:7.834 pts:7.874 dur:20.000ms, clock:3.866 level:68
2024-09-07 11:35:45.719 T:4292 debug : CVideoPlayerVideo::OutputPicture - ttd:-1626ms pts:2.274 Clock:3.900 Level:0
2024-09-07 11:35:45.745 T:4292 debug : CVideoPlayerVideo::OutputPicture - ttd:-1642ms pts:2.284 Clock:3.926 Level:0
2024-09-07 11:35:45.760 T:4291 debug : CVideoPlayer::ProcessVideoData size:2111 dts:7.854 pts:7.894 dur:20.000ms, clock:3.941 level:67
2024-09-07 11:35:45.773 T:4291 debug : CVideoPlayer::ProcessVideoData size:53515 dts:7.874 pts:8.074 dur:20.000ms, clock:3.953 level:68
2024-09-07 11:35:45.786 T:4292 debug : CVideoPlayerVideo::OutputPicture - ttd:-1652ms pts:2.314 Clock:3.966 Level:0
2024-09-07 11:35:45.810 T:4291 debug : CVideoPlayer::ProcessVideoData size:5476 dts:7.894 pts:8.094 dur:20.000ms, clock:3.990 level:68
2024-09-07 11:35:45.810 T:4291 debug : CVideoPlayer::ProcessVideoData size:18577 dts:7.914 pts:7.994 dur:20.000ms, clock:3.991 level:68
2024-09-07 11:35:45.811 T:4291 debug : CVideoPlayer::ProcessVideoData size:2936 dts:7.934 pts:8.014 dur:20.000ms, clock:3.991 level:68
2024-09-07 11:35:45.815 T:4292 debug : CVideoPlayerVideo::OutputPicture - ttd:-1671ms pts:2.324 Clock:3.995 Level:0
2024-09-07 11:35:45.823 T:4291 debug : CVideoPlayer::ProcessVideoData size:7457 dts:7.954 pts:7.954 dur:20.000ms, clock:4.004 level:68
2024-09-07 11:35:45.835 T:4291 debug : CVideoPlayer::ProcessVideoData size:2283 dts:7.974 pts:7.974 dur:20.000ms, clock:4.016 level:68
2024-09-07 11:35:45.836 T:4291 debug : CVideoPlayer::ProcessVideoData size:7208 dts:7.994 pts:8.034 dur:20.000ms, clock:4.016 level:69
2024-09-07 11:35:45.858 T:4292 debug : CVideoPlayerVideo::OutputPicture - ttd:-1684ms pts:2.354 Clock:4.038 Level:0
2024-09-07 11:35:45.886 T:4292 debug : CVideoPlayerVideo::OutputPicture - ttd:-1702ms pts:2.364 Clock:4.066 Level:0
2024-09-07 11:35:45.922 T:4292 debug : CVideoPlayerVideo::OutputPicture - ttd:-1709ms pts:2.394 Clock:4.103 Level:0
2024-09-07 11:35:45.923 T:4291 debug : CVideoPlayer::ProcessVideoData size:2140 dts:8.014 pts:8.054 dur:20.000ms, clock:4.104 level:68
2024-09-07 11:35:45.924 T:4291 debug : CVideoPlayer::ProcessVideoData size:46892 dts:8.034 pts:8.194 dur:20.000ms, clock:4.104 level:69
2024-09-07 11:35:45.936 T:4291 debug : CVideoPlayer::ProcessVideoData size:5261 dts:8.054 pts:8.214 dur:20.000ms, clock:4.116 level:69
2024-09-07 11:35:45.937 T:4291 debug : CVideoPlayer::ProcessVideoData size:11801 dts:8.074 pts:8.114 dur:20.000ms, clock:4.117 level:69
2024-09-07 11:35:45.952 T:4292 debug : CVideoPlayerVideo::OutputPicture - ttd:-1728ms pts:2.404 Clock:4.132 Level:0
2024-09-07 11:35:45.961 T:4291 debug : CVideoPlayer::ProcessVideoData size:2567 dts:8.094 pts:8.134 dur:20.000ms, clock:4.141 level:69
2024-09-07 11:35:45.961 T:4291 debug : CVideoPlayer::ProcessVideoData size:10770 dts:8.114 pts:8.154 dur:20.000ms, clock:4.142 level:69
2024-09-07 11:35:45.991 T:4292 debug : CVideoPlayerVideo::OutputPicture - ttd:-1738ms pts:2.434 Clock:4.172 Level:0
2024-09-07 11:35:46.019 T:4292 debug : CPtsTracker: detected pattern of length 2: 10000.00 30000.00, frameduration: 20000.000000
2024-09-07 11:35:46.019 T:4292 debug : CVideoPlayerVideo::OutputPicture - ttd:-1755ms pts:2.444 Clock:4.200 Level:0
2024-09-07 11:35:46.058 T:4292 debug : CVideoPlayerVideo::OutputPicture - ttd:-1764ms pts:2.474 Clock:4.238 Level:0
2024-09-07 11:35:46.061 T:4291 debug : CVideoPlayer::ProcessVideoData size:2388 dts:8.134 pts:8.174 dur:20.000ms, clock:4.242 level:69
2024-09-07 11:35:46.074 T:4291 debug : CVideoPlayer::ProcessVideoData size:68557 dts:8.154 pts:8.354 dur:20.000ms, clock:4.255 level:69
2024-09-07 11:35:46.085 T:4292 debug : CVideoPlayerVideo::OutputPicture - ttd:-1782ms pts:2.484 Clock:4.266 Level:0
2024-09-07 11:35:46.099 T:4291 debug : CVideoPlayer::ProcessVideoData size:4191 dts:8.174 pts:8.374 dur:20.000ms, clock:4.280 level:69
2024-09-07 11:35:46.100 T:4291 debug : CVideoPlayer::ProcessVideoData size:18922 dts:8.194 pts:8.274 dur:20.000ms, clock:4.280 level:69
2024-09-07 11:35:46.112 T:4291 debug : CVideoPlayer::ProcessVideoData size:2457 dts:8.214 pts:8.294 dur:20.000ms, clock:4.292 level:69
2024-09-07 11:35:46.121 T:4292 debug : CVideoPlayerVideo::OutputPicture - ttd:-1787ms pts:2.514 Clock:4.301 Level:0
2024-09-07 11:35:46.124 T:4291 debug : CVideoPlayer::ProcessVideoData size:8947 dts:8.234 pts:8.234 dur:20.000ms, clock:4.305 level:69
2024-09-07 11:35:46.137 T:4291 debug : CVideoPlayer::ProcessVideoData size:2090 dts:8.254 pts:8.254 dur:20.000ms, clock:4.318 level:70
2024-09-07 11:35:46.149 T:4292 debug : CVideoPlayerVideo::OutputPicture - ttd:-1805ms pts:2.524 Clock:4.329 Level:0
2024-09-07 11:35:46.149 T:4291 debug : CVideoPlayer::ProcessVideoData size:9963 dts:8.274 pts:8.314 dur:20.000ms, clock:4.330 level:70
2024-09-07 11:35:46.192 T:4292 debug : CVideoPlayerVideo::OutputPicture - ttd:-1818ms pts:2.554 Clock:4.372 Level:0
2024-09-07 11:35:46.213 T:4291 debug : CVideoPlayer::ProcessVideoData size:1990 dts:8.294 pts:8.334 dur:20.000ms, clock:4.394 level:70
2024-09-07 11:35:46.219 T:4292 debug : CVideoPlayerVideo::OutputPicture - ttd:-1836ms pts:2.564 Clock:4.400 Level:0
2024-09-07 11:35:46.226 T:4291 debug : CVideoPlayer::ProcessVideoData size:34815 dts:8.314 pts:8.514 dur:20.000ms, clock:4.406 level:70
2024-09-07 11:35:46.258 T:4292 debug : CVideoPlayerVideo::OutputPicture - ttd:-1844ms pts:2.594 Clock:4.438 Level:0
2024-09-07 11:35:46.262 T:4291 debug : CVideoPlayer::ProcessVideoData size:3562 dts:8.334 pts:8.534 dur:20.000ms, clock:4.443 level:70
2024-09-07 11:35:46.284 T:4292 debug : CVideoPlayerVideo::OutputPicture - ttd:-1860ms pts:2.604 Clock:4.464 Level:0
2024-09-07 11:35:46.288 T:4291 debug : CVideoPlayer::ProcessVideoData size:20707 dts:8.354 pts:8.434 dur:20.000ms, clock:4.469 level:70
2024-09-07 11:35:46.312 T:4291 debug : CVideoPlayer::ProcessVideoData size:2234 dts:8.374 pts:8.454 dur:20.000ms, clock:4.493 level:70
2024-09-07 11:35:46.313 T:4291 debug : CVideoPlayer::ProcessVideoData size:9807 dts:8.394 pts:8.394 dur:20.000ms, clock:4.493 level:70
2024-09-07 11:35:46.325 T:4292 debug : CVideoPlayerVideo::OutputPicture - ttd:-1871ms pts:2.634 Clock:4.505 Level:0
2024-09-07 11:35:46.338 T:4291 debug : CVideoPlayer::ProcessVideoData size:1845 dts:8.414 pts:8.414 dur:20.000ms, clock:4.519 level:70
2024-09-07 11:35:46.339 T:4291 debug : CVideoPlayer::ProcessVideoData size:10429 dts:8.434 pts:8.474 dur:20.000ms, clock:4.520 level:71
2024-09-07 11:35:46.355 T:4292 debug : CVideoPlayerVideo::OutputPicture - ttd:-1892ms pts:2.644 Clock:4.536 Level:0
2024-09-07 11:35:46.397 T:4292 debug : CVideoPlayerVideo::OutputPicture - ttd:-1904ms pts:2.674 Clock:4.578 Level:0
2024-09-07 11:35:46.413 T:4291 debug : CVideoPlayer::ProcessVideoData size:2024 dts:8.454 pts:8.494 dur:20.000ms, clock:4.594 level:70
2024-09-07 11:35:46.426 T:4291 debug : CVideoPlayer::ProcessVideoData size:30099 dts:8.474 pts:8.674 dur:20.000ms, clock:4.606 level:71
2024-09-07 11:35:46.427 T:4292 debug : CVideoPlayerVideo::OutputPicture - ttd:-1923ms pts:2.684 Clock:4.607 Level:0
2024-09-07 11:35:46.463 T:4291 debug : CVideoPlayer::ProcessVideoData size:3706 dts:8.494 pts:8.694 dur:20.000ms, clock:4.644 level:70
2024-09-07 11:35:46.464 T:4291 debug : CVideoPlayer::ProcessVideoData size:17429 dts:8.514 pts:8.594 dur:20.000ms, clock:4.644 level:70
2024-09-07 11:35:46.464 T:4292 debug : CVideoPlayerVideo::OutputPicture - ttd:-1931ms pts:2.714 Clock:4.645 Level:0
2024-09-07 11:35:46.489 T:4291 debug : CVideoPlayer::ProcessVideoData size:2124 dts:8.534 pts:8.614 dur:20.000ms, clock:4.669 level:71
2024-09-07 11:35:46.489 T:4291 debug : CVideoPlayer::ProcessVideoData size:8536 dts:8.554 pts:8.554 dur:20.000ms, clock:4.669 level:71
2024-09-07 11:35:46.496 T:4292 debug : CVideoPlayerVideo::OutputPicture - ttd:-1952ms pts:2.724 Clock:4.676 Level:0
2024-09-07 11:35:46.526 T:4291 debug : CVideoPlayer::ProcessVideoData size:1996 dts:8.574 pts:8.574 dur:20.000ms, clock:4.707 level:71
2024-09-07 11:35:46.527 T:4291 debug : CVideoPlayer::ProcessVideoData size:8839 dts:8.594 pts:8.634 dur:20.000ms, clock:4.707 level:71
2024-09-07 11:35:46.532 T:4292 debug : CVideoPlayerVideo::OutputPicture - ttd:-1959ms pts:2.754 Clock:4.713 Level:0
2024-09-07 11:35:46.560 T:4292 debug : CVideoPlayerVideo::OutputPicture - ttd:-1977ms pts:2.764 Clock:4.741 Level:0
2024-09-07 11:35:46.599 T:4292 debug : CVideoPlayerVideo::OutputPicture - ttd:-1986ms pts:2.794 Clock:4.780 Level:0
2024-09-07 11:35:46.607 T:4291 debug : CVideoPlayer::ProcessVideoData size:1976 dts:8.614 pts:8.654 dur:20.000ms, clock:4.787 level:71
2024-09-07 11:35:46.607 T:4291 debug : CVideoPlayer::ProcessVideoData size:31821 dts:8.634 pts:8.834 dur:20.000ms, clock:4.788 level:71
2024-09-07 11:35:46.630 T:4292 debug : CVideoPlayerVideo::OutputPicture - ttd:-2006ms pts:2.804 Clock:4.811 Level:0
2024-09-07 11:35:46.640 T:4291 debug : CVideoPlayer::ProcessVideoData size:3076 dts:8.654 pts:8.854 dur:20.000ms, clock:4.820 level:71
2024-09-07 11:35:46.640 T:4291 debug : CVideoPlayer::ProcessVideoData size:15967 dts:8.674 pts:8.754 dur:20.000ms, clock:4.821 level:71
2024-09-07 11:35:46.665 T:4291 debug : CVideoPlayer::ProcessVideoData size:2464 dts:8.694 pts:8.774 dur:20.000ms, clock:4.845 level:71
2024-09-07 11:35:46.665 T:4291 debug : CVideoPlayer::ProcessVideoData size:8313 dts:8.714 pts:8.714 dur:20.000ms, clock:4.846 level:72
2024-09-07 11:35:46.668 T:4292 debug : CVideoPlayerVideo::OutputPicture - ttd:-2015ms pts:2.834 Clock:4.849 Level:0
2024-09-07 11:35:46.690 T:4291 debug : CVideoPlayer::ProcessVideoData size:2271 dts:8.734 pts:8.734 dur:20.000ms, clock:4.870 level:72
2024-09-07 11:35:46.690 T:4291 debug : CVideoPlayer::ProcessVideoData size:7891 dts:8.754 pts:8.794 dur:20.000ms, clock:4.871 level:72
2024-09-07 11:35:46.702 T:4292 debug : CVideoPlayerVideo::OutputPicture - ttd:-2038ms pts:2.844 Clock:4.882 Level:0
2024-09-07 11:35:46.741 T:4292 debug : CVideoPlayerVideo::OutputPicture - ttd:-2048ms pts:2.874 Clock:4.922 Level:0
2024-09-07 11:35:46.768 T:4292 debug : CVideoPlayerVideo::OutputPicture - ttd:-2064ms pts:2.884 Clock:4.948 Level:0
2024-09-07 11:35:46.803 T:4291 debug : CVideoPlayer::ProcessVideoData size:2072 dts:8.774 pts:8.814 dur:20.000ms, clock:4.984 level:71
2024-09-07 11:35:46.805 T:4292 debug : CVideoPlayerVideo::OutputPicture - ttd:-2072ms pts:2.914 Clock:4.986 Level:0
2024-09-07 11:35:46.816 T:4291 debug : CVideoPlayer::ProcessVideoData size:41396 dts:8.794 pts:8.994 dur:20.000ms, clock:4.996 level:71
2024-09-07 11:35:46.833 T:4292 debug : CVideoPlayerVideo::OutputPicture - ttd:-2090ms pts:2.924 Clock:5.014 Level:0
2024-09-07 11:35:46.865 T:4291 debug : CVideoPlayer::ProcessVideoData size:3295 dts:8.814 pts:9.014 dur:20.000ms, clock:5.046 level:71
2024-09-07 11:35:46.866 T:4291 debug : CVideoPlayer::ProcessVideoData size:17005 dts:8.834 pts:8.914 dur:20.000ms, clock:5.046 level:72
2024-09-07 11:35:46.874 T:4292 debug : CVideoPlayerVideo::OutputPicture - ttd:-2100ms pts:2.954 Clock:5.054 Level:0
2024-09-07 11:35:46.891 T:4291 debug : CVideoPlayer::ProcessVideoData size:2453 dts:8.854 pts:8.934 dur:20.000ms, clock:5.071 level:72
2024-09-07 11:35:46.891 T:4291 debug : CVideoPlayer::ProcessVideoData size:8142 dts:8.874 pts:8.874 dur:20.000ms, clock:5.072 level:72
2024-09-07 11:35:46.901 T:4292 debug : CVideoPlayerVideo::OutputPicture - ttd:-2118ms pts:2.964 Clock:5.082 Level:0
2024-09-07 11:35:46.904 T:4291 debug : CVideoPlayer::ProcessVideoData size:2135 dts:8.894 pts:8.894 dur:20.000ms, clock:5.084 level:72
2024-09-07 11:35:46.916 T:4291 debug : CVideoPlayer::ProcessVideoData size:8231 dts:8.914 pts:8.954 dur:20.000ms, clock:5.096 level:72
2024-09-07 11:35:46.940 T:4292 debug : CVideoPlayerVideo::OutputPicture - ttd:-2127ms pts:2.994 Clock:5.121 Level:0
2024-09-07 11:35:46.972 T:4292 debug : CVideoPlayerVideo::OutputPicture - ttd:-2148ms pts:3.004 Clock:5.152 Level:0
2024-09-07 11:35:47.004 T:4291 debug : CVideoPlayer::ProcessVideoData size:2358 dts:8.934 pts:8.974 dur:20.000ms, clock:5.185 level:72
2024-09-07 11:35:47.011 T:4292 debug : CVideoPlayerVideo::OutputPicture - ttd:-2158ms pts:3.034 Clock:5.192 Level:0
2024-09-07 11:35:47.017 T:4291 debug : CVideoPlayer::ProcessVideoData size:30425 dts:8.954 pts:9.154 dur:20.000ms, clock:5.197 level:72
2024-09-07 11:35:47.041 T:4292 debug : CVideoPlayerVideo::OutputPicture - ttd:-2177ms pts:3.044 Clock:5.221 Level:0
2024-09-07 11:35:47.067 T:4291 debug : CVideoPlayer::ProcessVideoData size:3061 dts:8.974 pts:9.174 dur:20.000ms, clock:5.248 level:72
2024-09-07 11:35:47.068 T:4291 debug : CVideoPlayer::ProcessVideoData size:13576 dts:8.994 pts:9.074 dur:20.000ms, clock:5.249 level:72
2024-09-07 11:35:47.079 T:4292 debug : CVideoPlayerVideo::OutputPicture - ttd:-2185ms pts:3.074 Clock:5.260 Level:0
2024-09-07 11:35:47.079 T:4291 debug : CVideoPlayer::ProcessVideoData size:2597 dts:9.014 pts:9.094 dur:20.000ms, clock:5.260 level:72
2024-09-07 11:35:47.092 T:4291 debug : CVideoPlayer::ProcessVideoData size:6469 dts:9.034 pts:9.034 dur:20.000ms, clock:5.273 level:72
2024-09-07 11:35:47.105 T:4291 debug : CVideoPlayer::ProcessVideoData size:2381 dts:9.054 pts:9.054 dur:20.000ms, clock:5.285 level:73
2024-09-07 11:35:47.107 T:4292 debug : CVideoPlayerVideo::OutputPicture - ttd:-2204ms pts:3.084 Clock:5.288 Level:0
2024-09-07 11:35:47.129 T:4291 debug : CVideoPlayer::ProcessVideoData size:6634 dts:9.074 pts:9.114 dur:20.000ms, clock:5.310 level:73
2024-09-07 11:35:47.149 T:4292 debug : CVideoPlayerVideo::OutputPicture - ttd:-2215ms pts:3.114 Clock:5.329 Level:0
2024-09-07 11:35:47.177 T:4292 debug : CVideoPlayerVideo::OutputPicture - ttd:-2233ms pts:3.124 Clock:5.357 Level:0
2024-09-07 11:35:47.231 T:4292 debug : CVideoPlayerVideo::OutputPicture - ttd:-2257ms pts:3.154 Clock:5.411 Level:0
2024-09-07 11:35:47.268 T:4291 debug : CVideoPlayer::ProcessVideoData size:2287 dts:9.094 pts:9.134 dur:20.000ms, clock:5.448 level:72
2024-09-07 11:35:47.271 T:4292 debug : CVideoPlayerVideo::OutputPicture - ttd:-2288ms pts:3.164 Clock:5.452 Level:0
2024-09-07 11:35:47.281 T:4291 debug : CVideoPlayer::ProcessVideoData size:49475 dts:9.114 pts:9.314 dur:20.000ms, clock:5.461 level:72
2024-09-07 11:35:47.306 T:4291 debug : CVideoPlayer::ProcessVideoData size:3172 dts:9.134 pts:9.334 dur:20.000ms, clock:5.486 level:72
2024-09-07 11:35:47.315 T:4292 debug : CVideoPlayerVideo::OutputPicture - ttd:-2301ms pts:3.194 Clock:5.496 Level:0
2024-09-07 11:35:47.330 T:4291 debug : CVideoPlayer::ProcessVideoData size:12297 dts:9.154 pts:9.234 dur:20.000ms, clock:5.511 level:72
2024-09-07 11:35:47.343 T:4291 debug : CVideoPlayer::ProcessVideoData size:1974 dts:9.174 pts:9.254 dur:20.000ms, clock:5.524 level:73
2024-09-07 11:35:47.343 T:4291 debug : CVideoPlayer::ProcessVideoData size:5759 dts:9.194 pts:9.194 dur:20.000ms, clock:5.524 level:73
2024-09-07 11:35:47.357 T:4292 debug : CVideoPlayerVideo::OutputPicture - ttd:-2333ms pts:3.204 Clock:5.537 Level:0
2024-09-07 11:35:47.368 T:4291 debug : CVideoPlayer::ProcessVideoData size:1953 dts:9.214 pts:9.214 dur:20.000ms, clock:5.548 level:73
2024-09-07 11:35:47.370 T:4291 debug : CVideoPlayer::ProcessVideoData size:5896 dts:9.234 pts:9.274 dur:20.000ms, clock:5.550 level:73
2024-09-07 11:35:47.405 T:4292 debug : CVideoPlayerVideo::OutputPicture - ttd:-2351ms pts:3.234 Clock:5.585 Level:0
2024-09-07 11:35:47.431 T:4291 debug : CVideoPlayer::ProcessVideoData size:1969 dts:9.254 pts:9.294 dur:20.000ms, clock:5.612 level:73
2024-09-07 11:35:47.441 T:4292 debug : CVideoPlayerVideo::OutputPicture - ttd:-2377ms pts:3.244 Clock:5.621 Level:0
2024-09-07 11:35:47.444 T:4291 debug : CVideoPlayer::ProcessVideoData size:22635 dts:9.274 pts:9.474 dur:20.000ms, clock:5.624 level:73
2024-09-07 11:35:47.482 T:4291 debug : CVideoPlayer::ProcessVideoData size:2883 dts:9.294 pts:9.494 dur:20.000ms, clock:5.662 level:73
2024-09-07 11:35:47.491 T:4292 debug : CVideoPlayerVideo::OutputPicture - ttd:-2397ms pts:3.274 Clock:5.671 Level:0
2024-09-07 11:35:47.494 T:4291 debug : CVideoPlayer::ProcessVideoData size:12349 dts:9.314 pts:9.394 dur:20.000ms, clock:5.675 level:73
2024-09-07 11:35:47.507 T:4291 debug : CVideoPlayer::ProcessVideoData size:1755 dts:9.334 pts:9.414 dur:20.000ms, clock:5.687 level:74
2024-09-07 11:35:47.507 T:4291 debug : CVideoPlayer::ProcessVideoData size:5651 dts:9.354 pts:9.354 dur:20.000ms, clock:5.688 level:74
2024-09-07 11:35:47.528 T:4292 debug : CVideoPlayerVideo::OutputPicture - ttd:-2424ms pts:3.284 Clock:5.708 Level:0
2024-09-07 11:35:47.543 T:4291 debug : CVideoPlayer::ProcessVideoData size:1757 dts:9.374 pts:9.374 dur:20.000ms, clock:5.724 level:74
2024-09-07 11:35:47.546 T:4291 debug : CVideoPlayer::ProcessVideoData size:6637 dts:9.394 pts:9.434 dur:20.000ms, clock:5.726 level:74
2024-09-07 11:35:47.575 T:4292 debug : CVideoPlayerVideo::OutputPicture - ttd:-2441ms pts:3.314 Clock:5.756 Level:0
2024-09-07 11:35:47.612 T:4292 debug : CVideoPlayerVideo::OutputPicture - ttd:-2468ms pts:3.324 Clock:5.792 Level:0
2024-09-07 11:35:47.621 T:4291 debug : CVideoPlayer::ProcessVideoData size:1705 dts:9.414 pts:9.454 dur:20.000ms, clock:5.801 level:74
2024-09-07 11:35:47.623 T:4291 debug : CVideoPlayer::ProcessVideoData size:25751 dts:9.434 pts:9.634 dur:20.000ms, clock:5.803 level:74
2024-09-07 11:35:47.659 T:4292 debug : CVideoPlayerVideo::OutputPicture - ttd:-2485ms pts:3.354 Clock:5.840 Level:0
2024-09-07 11:35:47.671 T:4291 debug : CVideoPlayer::ProcessVideoData size:2758 dts:9.454 pts:9.654 dur:20.000ms, clock:5.851 level:74
2024-09-07 11:35:47.683 T:4291 debug : CVideoPlayer::ProcessVideoData size:14949 dts:9.474 pts:9.554 dur:20.000ms, clock:5.863 level:74
2024-09-07 11:35:47.696 T:4291 debug : CVideoPlayer::ProcessVideoData size:1504 dts:9.494 pts:9.574 dur:20.000ms, clock:5.876 level:75
2024-09-07 11:35:47.698 T:4292 debug : CVideoPlayerVideo::OutputPicture - ttd:-2514ms pts:3.364 Clock:5.878 Level:0
2024-09-07 11:35:47.720 T:4291 debug : CVideoPlayer::ProcessVideoData size:8538 dts:9.514 pts:9.514 dur:20.000ms, clock:5.901 level:74
2024-09-07 11:35:47.733 T:4291 debug : CVideoPlayer::ProcessVideoData size:1616 dts:9.534 pts:9.534 dur:20.000ms, clock:5.913 level:75
2024-09-07 11:35:47.746 T:4291 debug : CVideoPlayer::ProcessVideoData size:9265 dts:9.554 pts:9.594 dur:20.000ms, clock:5.926 level:75
2024-09-07 11:35:47.747 T:4292 debug : CVideoPlayerVideo::OutputPicture - ttd:-2533ms pts:3.394 Clock:5.927 Level:0
2024-09-07 11:35:47.784 T:4292 debug : CVideoPlayerVideo::OutputPicture - ttd:-2561ms pts:3.404 Clock:5.965 Level:0
2024-09-07 11:35:47.822 T:4291 debug : CVideoPlayer::ProcessVideoData size:1492 dts:9.574 pts:9.614 dur:20.000ms, clock:6.003 level:75
2024-09-07 11:35:47.829 T:4292 debug : CVideoPlayerVideo::OutputPicture - ttd:-2576ms pts:3.434 Clock:6.010 Level:0
2024-09-07 11:35:47.833 T:4291 debug : CVideoPlayer::ProcessVideoData size:27434 dts:9.594 pts:9.794 dur:20.000ms, clock:6.013 level:75
2024-09-07 11:35:47.864 T:4292 debug : CVideoPlayerVideo::OutputPicture - ttd:-2600ms pts:3.444 Clock:6.044 Level:0
2024-09-07 11:35:47.872 T:4291 debug : CVideoPlayer::ProcessVideoData size:2978 dts:9.614 pts:9.814 dur:20.000ms, clock:6.052 level:75
2024-09-07 11:35:47.873 T:4291 debug : CVideoPlayer::ProcessVideoData size:15081 dts:9.634 pts:9.714 dur:20.000ms, clock:6.054 level:75
2024-09-07 11:35:47.910 T:4291 debug : CVideoPlayer::ProcessVideoData size:1509 dts:9.654 pts:9.734 dur:20.000ms, clock:6.090 level:75
2024-09-07 11:35:47.910 T:4291 debug : CVideoPlayer::ProcessVideoData size:11238 dts:9.674 pts:9.674 dur:20.000ms, clock:6.091 level:75
2024-09-07 11:35:47.912 T:4292 debug : CVideoPlayerVideo::OutputPicture - ttd:-2618ms pts:3.474 Clock:6.092 Level:0
2024-09-07 11:35:47.935 T:4291 debug : CVideoPlayer::ProcessVideoData size:1752 dts:9.694 pts:9.694 dur:20.000ms, clock:6.115 level:76
2024-09-07 11:35:47.935 T:4291 debug : CVideoPlayer::ProcessVideoData size:9404 dts:9.714 pts:9.754 dur:20.000ms, clock:6.116 level:76
2024-09-07 11:35:47.948 T:4292 debug : CVideoPlayerVideo::OutputPicture - ttd:-2644ms pts:3.484 Clock:6.128 Level:0
2024-09-07 11:35:47.997 T:4292 debug : CVideoPlayerVideo::OutputPicture - ttd:-2663ms pts:3.514 Clock:6.177 Level:0
2024-09-07 11:35:48.032 T:4292 debug : CVideoPlayerVideo::OutputPicture - ttd:-2689ms pts:3.524 Clock:6.213 Level:0
2024-09-07 11:35:48.035 T:4291 debug : CVideoPlayer::ProcessVideoData size:1807 dts:9.734 pts:9.774 dur:20.000ms, clock:6.215 level:75
2024-09-07 11:35:48.036 T:4291 debug : CVideoPlayer::ProcessVideoData size:37262 dts:9.754 pts:9.954 dur:20.000ms, clock:6.216 level:75
2024-09-07 11:35:48.080 T:4292 debug : CVideoPlayerVideo::OutputPicture - ttd:-2706ms pts:3.554 Clock:6.260 Level:0
2024-09-07 11:35:48.085 T:4291 debug : CVideoPlayer::ProcessVideoData size:2535 dts:9.774 pts:9.974 dur:20.000ms, clock:6.265 level:76
2024-09-07 11:35:48.086 T:4291 debug : CVideoPlayer::ProcessVideoData size:14893 dts:9.794 pts:9.874 dur:20.000ms, clock:6.266 level:76
2024-09-07 11:35:48.110 T:4291 debug : CVideoPlayer::ProcessVideoData size:1661 dts:9.814 pts:9.894 dur:20.000ms, clock:6.290 level:76
2024-09-07 11:35:48.110 T:4291 debug : CVideoPlayer::ProcessVideoData size:9139 dts:9.834 pts:9.834 dur:20.000ms, clock:6.291 level:77
2024-09-07 11:35:48.116 T:4292 debug : CVideoPlayerVideo::OutputPicture - ttd:-2732ms pts:3.564 Clock:6.296 Level:0
2024-09-07 11:35:48.135 T:4291 debug : CVideoPlayer::ProcessVideoData size:1877 dts:9.854 pts:9.854 dur:20.000ms, clock:6.315 level:76
2024-09-07 11:35:48.148 T:4291 debug : CVideoPlayer::ProcessVideoData size:8909 dts:9.874 pts:9.914 dur:20.000ms, clock:6.328 level:77
2024-09-07 11:35:48.160 T:4292 debug : CVideoPlayerVideo::OutputPicture - ttd:-2747ms pts:3.594 Clock:6.341 Level:0
2024-09-07 11:35:48.194 T:4292 debug : CVideoPlayerVideo::OutputPicture - ttd:-2771ms pts:3.604 Clock:6.375 Level:0
2024-09-07 11:35:48.223 T:4291 debug : CVideoPlayer::ProcessVideoData size:1772 dts:9.894 pts:9.934 dur:20.000ms, clock:6.403 level:76
2024-09-07 11:35:48.223 T:4291 debug : CVideoPlayer::ProcessVideoData size:28115 dts:9.914 pts:10.114 dur:20.000ms, clock:6.404 level:77
2024-09-07 11:35:48.239 T:4292 debug : CVideoPlayerVideo::OutputPicture - ttd:-2785ms pts:3.634 Clock:6.419 Level:0
2024-09-07 11:35:48.248 T:4291 debug : CVideoPlayer::ProcessVideoData size:2110 dts:9.934 pts:10.134 dur:20.000ms, clock:6.428 level:77
2024-09-07 11:35:48.261 T:4291 debug : CVideoPlayer::ProcessVideoData size:12393 dts:9.954 pts:10.034 dur:20.000ms, clock:6.441 level:77
2024-09-07 11:35:48.273 T:4291 debug : CVideoPlayer::ProcessVideoData size:1744 dts:9.974 pts:10.054 dur:20.000ms, clock:6.454 level:77
2024-09-07 11:35:48.273 T:4292 debug : CVideoPlayerVideo::OutputPicture - ttd:-2810ms pts:3.644 Clock:6.454 Level:0
2024-09-07 11:35:48.274 T:4291 debug : CVideoPlayer::ProcessVideoData size:8000 dts:9.994 pts:9.994 dur:20.000ms, clock:6.454 level:78
2024-09-07 11:35:48.287 T:4291 debug : CVideoPlayer::ProcessVideoData size:2288 dts:10.014 pts:10.014 dur:20.000ms, clock:6.467 level:77
2024-09-07 11:35:48.298 T:4291 debug : CVideoPlayer::ProcessVideoData size:5901 dts:10.034 pts:10.074 dur:20.000ms, clock:6.479 level:78
2024-09-07 11:35:48.320 T:4292 debug : CVideoPlayerVideo::OutputPicture - ttd:-2826ms pts:3.674 Clock:6.500 Level:0
2024-09-07 11:35:48.348 T:4291 debug : CVideoPlayer::ProcessVideoData size:1904 dts:10.054 pts:10.094 dur:20.000ms, clock:6.529 level:78
2024-09-07 11:35:48.355 T:4292 debug : CVideoPlayerVideo::OutputPicture - ttd:-2851ms pts:3.684 Clock:6.536 Level:0
2024-09-07 11:35:48.361 T:4291 debug : CVideoPlayer::ProcessVideoData size:28818 dts:10.074 pts:10.234 dur:20.000ms, clock:6.542 level:78
2024-09-07 11:35:48.374 T:4291 debug : CVideoPlayer::ProcessVideoData size:1732 dts:10.094 pts:10.254 dur:20.000ms, clock:6.554 level:78
2024-09-07 11:35:48.374 T:4291 debug : CVideoPlayer::ProcessVideoData size:9313 dts:10.114 pts:10.154 dur:20.000ms, clock:6.555 level:78
2024-09-07 11:35:48.386 T:4291 debug : CVideoPlayer::ProcessVideoData size:1343 dts:10.134 pts:10.174 dur:20.000ms, clock:6.567 level:78
2024-09-07 11:35:48.387 T:4291 debug : CVideoPlayer::ProcessVideoData size:5867 dts:10.154 pts:10.194 dur:20.000ms, clock:6.568 level:78
2024-09-07 11:35:48.398 T:4292 debug : CVideoPlayerVideo::OutputPicture - ttd:-2864ms pts:3.714 Clock:6.579 Level:0
2024-09-07 11:35:48.431 T:4292 debug : CVideoPlayerVideo::OutputPicture - ttd:-2887ms pts:3.724 Clock:6.611 Level:0
2024-09-07 11:35:48.478 T:4292 debug : CVideoPlayerVideo::OutputPicture - ttd:-2904ms pts:3.754 Clock:6.658 Level:0
2024-09-07 11:35:48.499 T:4291 debug : CVideoPlayer::ProcessVideoData size:1727 dts:10.174 pts:10.214 dur:20.000ms, clock:6.680 level:78
2024-09-07 11:35:48.501 T:4291 debug : CVideoPlayer::ProcessVideoData size:36920 dts:10.194 pts:10.274 dur:20.000ms, clock:6.681 level:79
2024-09-07 11:35:48.510 T:4292 debug : CVideoPlayerVideo::OutputPicture - ttd:-2927ms pts:3.764 Clock:6.691 Level:0
2024-09-07 11:35:48.524 T:4291 debug : CVideoPlayer::ProcessVideoData size:1921 dts:10.214 pts:10.294 dur:20.000ms, clock:6.704 level:78
2024-09-07 11:35:48.525 T:4291 debug : CVideoPlayer::ProcessVideoData size:8423 dts:10.234 pts:10.434 dur:20.000ms, clock:6.706 level:78
2024-09-07 11:35:48.525 T:4291 debug : CVideoPlayer::ProcessVideoData size:1732 dts:10.254 pts:10.454 dur:20.000ms, clock:6.706 level:79
2024-09-07 11:35:48.538 T:4291 debug : CVideoPlayer::ProcessVideoData size:3886 dts:10.274 pts:10.354 dur:20.000ms, clock:6.718 level:79
2024-09-07 11:35:48.539 T:4291 debug : CVideoPlayer::ProcessVideoData size:1134 dts:10.294 pts:10.374 dur:20.000ms, clock:6.719 level:79
2024-09-07 11:35:48.539 T:4291 debug : CVideoPlayer::ProcessVideoData size:2666 dts:10.314 pts:10.314 dur:20.000ms, clock:6.719 level:79
2024-09-07 11:35:48.553 T:4292 debug : CVideoPlayerVideo::OutputPicture - ttd:-2940ms pts:3.794 Clock:6.734 Level:0
2024-09-07 11:35:48.562 T:4291 debug : CVideoPlayer::ProcessVideoData size:1146 dts:10.334 pts:10.334 dur:20.000ms, clock:6.743 level:80
2024-09-07 11:35:48.562 T:4291 debug : CVideoPlayer::ProcessVideoData size:2950 dts:10.354 pts:10.394 dur:20.000ms, clock:6.743 level:80
2024-09-07 11:35:48.587 T:4291 debug : CVideoPlayer::ProcessVideoData size:923 dts:10.374 pts:10.414 dur:20.000ms, clock:6.768 level:80
2024-09-07 11:35:48.587 T:4292 debug : CVideoPlayerVideo::OutputPicture - ttd:-2964ms pts:3.804 Clock:6.768 Level:0
2024-09-07 11:35:48.588 T:4291 debug : CVideoPlayer::ProcessVideoData size:10556 dts:10.394 pts:10.594 dur:20.000ms, clock:6.768 level:80
2024-09-07 11:35:48.600 T:4291 debug : CVideoPlayer::ProcessVideoData size:1486 dts:10.414 pts:10.614 dur:20.000ms, clock:6.781 level:80
2024-09-07 11:35:48.625 T:4291 debug : CVideoPlayer::ProcessVideoData size:6217 dts:10.434 pts:10.514 dur:20.000ms, clock:6.805 level:81
2024-09-07 11:35:48.625 T:4291 debug : CVideoPlayer::ProcessVideoData size:1340 dts:10.454 pts:10.534 dur:20.000ms, clock:6.806 level:81
2024-09-07 11:35:48.631 T:4292 debug : CVideoPlayerVideo::OutputPicture - ttd:-2977ms pts:3.834 Clock:6.811 Level:0
2024-09-07 11:35:48.638 T:4291 debug : CVideoPlayer::ProcessVideoData size:3889 dts:10.474 pts:10.474 dur:20.000ms, clock:6.819 level:81
2024-09-07 11:35:48.639 T:4291 debug : CVideoPlayer::ProcessVideoData size:1106 dts:10.494 pts:10.494 dur:20.000ms, clock:6.819 level:81
2024-09-07 11:35:48.639 T:4291 debug : CVideoPlayer::ProcessVideoData size:3601 dts:10.514 pts:10.554 dur:20.000ms, clock:6.820 level:81
2024-09-07 11:35:48.663 T:4291 debug : CVideoPlayer::ProcessVideoData size:1157 dts:10.534 pts:10.574 dur:20.000ms, clock:6.843 level:82
2024-09-07 11:35:48.663 T:4291 debug : CVideoPlayer::ProcessVideoData size:8616 dts:10.554 pts:10.714 dur:20.000ms, clock:6.844 level:82
2024-09-07 11:35:48.668 T:4292 debug : CVideoPlayerVideo::OutputPicture - ttd:-3004ms pts:3.844 Clock:6.848 Level:0
2024-09-07 11:35:48.676 T:4291 debug : CVideoPlayer::ProcessVideoData size:2303 dts:10.574 pts:10.734 dur:20.000ms, clock:6.856 level:82
2024-09-07 11:35:48.689 T:4291 debug : CVideoPlayer::ProcessVideoData size:5523 dts:10.594 pts:10.634 dur:20.000ms, clock:6.869 level:82
2024-09-07 11:35:48.690 T:4291 debug : CVideoPlayer::ProcessVideoData size:1121 dts:10.614 pts:10.654 dur:20.000ms, clock:6.870 level:82
2024-09-07 11:35:48.690 T:4291 debug : CVideoPlayer::ProcessVideoData size:4108 dts:10.634 pts:10.674 dur:20.000ms, clock:6.871 level:82
2024-09-07 11:35:48.710 T:4292 debug : CVideoPlayerVideo::OutputPicture - ttd:-3017ms pts:3.874 Clock:6.891 Level:0
2024-09-07 11:35:48.748 T:4292 debug : CVideoPlayerVideo::OutputPicture - ttd:-3044ms pts:3.884 Clock:6.928 Level:0
2024-09-07 11:35:48.776 T:4291 debug : CVideoPlayer::ProcessVideoData size:1081 dts:10.654 pts:10.694 dur:20.000ms, clock:6.957 level:82
2024-09-07 11:35:48.777 T:4291 debug : CVideoPlayer::ProcessVideoData size:40781 dts:10.674 pts:10.754 dur:20.000ms, clock:6.957 level:82
2024-09-07 11:35:48.795 T:4292 debug : CVideoPlayerVideo::OutputPicture - ttd:-3061ms pts:3.914 Clock:6.975 Level:0
2024-09-07 11:35:48.830 T:4292 debug : CVideoPlayerVideo::OutputPicture - ttd:-3086ms pts:3.924 Clock:7.011 Level:0
2024-09-07 11:35:48.864 T:4291 debug : CVideoPlayer::ProcessVideoData size:3491 dts:10.694 pts:10.774 dur:20.000ms, clock:7.044 level:82
2024-09-07 11:35:48.864 T:4291 debug : CVideoPlayer::ProcessVideoData size:37940 dts:10.714 pts:10.914 dur:20.000ms, clock:7.045 level:83
2024-09-07 11:35:48.875 T:4292 debug : CVideoPlayerVideo::OutputPicture - ttd:-3101ms pts:3.954 Clock:7.055 Level:0
2024-09-07 11:35:48.889 T:4291 debug : CVideoPlayer::ProcessVideoData size:3209 dts:10.734 pts:10.934 dur:20.000ms, clock:7.070 level:83
2024-09-07 11:35:48.902 T:4291 debug : CVideoPlayer::ProcessVideoData size:17137 dts:10.754 pts:10.834 dur:20.000ms, clock:7.082 level:83
2024-09-07 11:35:48.909 T:4292 debug : CVideoPlayerVideo::OutputPicture - ttd:-3125ms pts:3.964 Clock:7.089 Level:0
2024-09-07 11:35:48.914 T:4291 debug : CVideoPlayer::ProcessVideoData size:2042 dts:10.774 pts:10.854 dur:20.000ms, clock:7.095 level:83
2024-09-07 11:35:48.915 T:4291 debug : CVideoPlayer::ProcessVideoData size:10007 dts:10.794 pts:10.794 dur:20.000ms, clock:7.095 level:83
2024-09-07 11:35:48.927 T:4291 debug : CVideoPlayer::ProcessVideoData size:1887 dts:10.814 pts:10.814 dur:20.000ms, clock:7.107 level:83
2024-09-07 11:35:48.927 T:4291 debug : CVideoPlayer::ProcessVideoData size:5885 dts:10.834 pts:10.874 dur:20.000ms, clock:7.108 level:83
2024-09-07 11:35:48.951 T:4292 debug : CVideoPlayerVideo::OutputPicture - ttd:-3138ms pts:3.994 Clock:7.132 Level:0
2024-09-07 11:35:48.977 T:4291 debug : CVideoPlayer::ProcessVideoData size:1596 dts:10.854 pts:10.894 dur:20.000ms, clock:7.158 level:84
2024-09-07 11:35:48.987 T:4292 debug : CVideoPlayerVideo::OutputPicture - ttd:-3163ms pts:4.004 Clock:7.168 Level:0
2024-09-07 11:35:48.989 T:4291 debug : CVideoPlayer::ProcessVideoData size:27118 dts:10.874 pts:11.074 dur:20.000ms, clock:7.170 level:83
2024-09-07 11:35:49.002 T:4291 debug : CVideoPlayer::ProcessVideoData size:2723 dts:10.894 pts:11.094 dur:20.000ms, clock:7.183 level:84
2024-09-07 11:35:49.003 T:4291 debug : CVideoPlayer::ProcessVideoData size:9088 dts:10.914 pts:10.994 dur:20.000ms, clock:7.184 level:84
2024-09-07 11:35:49.015 T:4291 debug : CVideoPlayer::ProcessVideoData size:1417 dts:10.934 pts:11.014 dur:20.000ms, clock:7.195 level:84
2024-09-07 11:35:49.015 T:4291 debug : CVideoPlayer::ProcessVideoData size:4355 dts:10.954 pts:10.954 dur:20.000ms, clock:7.195 level:85
2024-09-07 11:35:49.027 T:4291 debug : CVideoPlayer::ProcessVideoData size:1515 dts:10.974 pts:10.974 dur:20.000ms, clock:7.208 level:85
2024-09-07 11:35:49.028 T:4291 debug : CVideoPlayer::ProcessVideoData size:4690 dts:10.994 pts:11.034 dur:20.000ms, clock:7.208 level:85
2024-09-07 11:35:49.034 T:4292 debug : CVideoPlayerVideo::OutputPicture - ttd:-3181ms pts:4.034 Clock:7.215 Level:0
2024-09-07 11:35:49.038 T:3963 debug : CLibInputKeyboard::ProcessKey - using delay: 400ms repeat: 80ms
2024-09-07 11:35:49.050 T:4336 debug : Thread Timer start, auto delete: false
2024-09-07 11:35:49.051 T:3951 debug : Keyboard: scancode: 0x1c, sym: 0x0d (enter), unicode: 0x0d, modifier: 0x0
2024-09-07 11:35:49.068 T:4292 debug : CVideoPlayerVideo::OutputPicture - ttd:-3205ms pts:4.044 Clock:7.249 Level:0
2024-09-07 11:35:49.078 T:4291 debug : CVideoPlayer::ProcessVideoData size:1626 dts:11.014 pts:11.054 dur:20.000ms, clock:7.258 level:85
2024-09-07 11:35:49.078 T:4291 debug : CVideoPlayer::ProcessVideoData size:30595 dts:11.034 pts:11.234 dur:20.000ms, clock:7.259 level:85
2024-09-07 11:35:49.105 T:4291 debug : CVideoPlayer::ProcessVideoData size:3177 dts:11.054 pts:11.254 dur:20.000ms, clock:7.286 level:85
2024-09-07 11:35:49.106 T:4291 debug : CVideoPlayer::ProcessVideoData size:7778 dts:11.074 pts:11.154 dur:20.000ms, clock:7.286 level:86
2024-09-07 11:35:49.111 T:4292 debug : CVideoPlayerVideo::OutputPicture - ttd:-3217ms pts:4.074 Clock:7.291 Level:0
2024-09-07 11:35:49.115 T:4291 debug : CVideoPlayer::ProcessVideoData size:1792 dts:11.094 pts:11.174 dur:20.000ms, clock:7.295 level:86
2024-09-07 11:35:49.115 T:4291 debug : CVideoPlayer::ProcessVideoData size:4782 dts:11.114 pts:11.114 dur:20.000ms, clock:7.296 level:86
2024-09-07 11:35:49.127 T:4291 debug : CVideoPlayer::ProcessVideoData size:1704 dts:11.134 pts:11.134 dur:20.000ms, clock:7.308 level:86
2024-09-07 11:35:49.128 T:4291 debug : CVideoPlayer::ProcessVideoData size:4077 dts:11.154 pts:11.194 dur:20.000ms, clock:7.308 level:86
2024-09-07 11:35:49.146 T:4292 debug : CVideoPlayerVideo::OutputPicture - ttd:-3243ms pts:4.084 Clock:7.327 Level:0
2024-09-07 11:35:49.154 T:4291 debug : CVideoPlayer::ProcessVideoData size:1508 dts:11.174 pts:11.214 dur:20.000ms, clock:7.334 level:86
2024-09-07 11:35:49.165 T:4291 debug : CVideoPlayer::ProcessVideoData size:18613 dts:11.194 pts:11.394 dur:20.000ms, clock:7.346 level:87
2024-09-07 11:35:49.178 T:4291 debug : CVideoPlayer::ProcessVideoData size:3486 dts:11.214 pts:11.414 dur:20.000ms, clock:7.358 level:87
2024-09-07 11:35:49.178 T:4291 debug : CVideoPlayer::ProcessVideoData size:6787 dts:11.234 pts:11.314 dur:20.000ms, clock:7.359 level:87
2024-09-07 11:35:49.190 T:4291 debug : CVideoPlayer::ProcessVideoData size:1997 dts:11.254 pts:11.334 dur:20.000ms, clock:7.371 level:87
2024-09-07 11:35:49.190 T:4291 debug : CVideoPlayer::ProcessVideoData size:3095 dts:11.274 pts:11.274 dur:20.000ms, clock:7.371 level:88
2024-09-07 11:35:49.190 T:4291 debug : CVideoPlayer::ProcessVideoData size:1601 dts:11.294 pts:11.294 dur:20.000ms, clock:7.371 level:88
2024-09-07 11:35:49.191 T:4291 debug : CVideoPlayer::ProcessVideoData size:4757 dts:11.314 pts:11.354 dur:20.000ms, clock:7.371 level:88
2024-09-07 11:35:49.191 T:4292 debug : CVideoPlayerVideo::OutputPicture - ttd:-3257ms pts:4.114 Clock:7.371 Level:0
2024-09-07 11:35:49.201 T:4336 debug : Thread Timer 3622826560 terminating
2024-09-07 11:35:49.217 T:3951 debug : Keyboard: scancode: 0x1c, sym: 0x0d (enter), unicode: 0x0d, modifier: 0x0
2024-09-07 11:35:49.218 T:3951 debug : HandleKey: return (0xf00d) pressed, window 12005, action is OSD
2024-09-07 11:35:49.218 T:3951 debug : ------ Window Init (VideoOSD.xml) ------
2024-09-07 11:35:49.223 T:3951 debug : ------ Window Init (DialogSeekBar.xml) ------
2024-09-07 11:35:49.228 T:4292 debug : CVideoPlayerVideo::OutputPicture - ttd:-3284ms pts:4.124 Clock:7.408 Level:0
2024-09-07 11:35:49.234 T:3951 debug : ------ Window Init (Custom_1109_TopBarOverlay.xml) ------
2024-09-07 11:35:49.241 T:4291 debug : CVideoPlayer::ProcessVideoData size:1656 dts:11.334 pts:11.374 dur:20.000ms, clock:7.421 level:88
2024-09-07 11:35:49.242 T:4291 debug : CVideoPlayer::ProcessVideoData size:26147 dts:11.354 pts:11.554 dur:20.000ms, clock:7.422 level:88
2024-09-07 11:35:49.265 T:4291 debug : CVideoPlayer::ProcessVideoData size:3453 dts:11.374 pts:11.574 dur:20.000ms, clock:7.446 level:88
2024-09-07 11:35:49.266 T:4291 debug : CVideoPlayer::ProcessVideoData size:10770 dts:11.394 pts:11.474 dur:20.000ms, clock:7.446 level:88
2024-09-07 11:35:49.266 T:4291 debug : CVideoPlayer::ProcessVideoData size:1790 dts:11.414 pts:11.494 dur:20.000ms, clock:7.447 level:89
2024-09-07 11:35:49.266 T:4291 debug : CVideoPlayer::ProcessVideoData size:5313 dts:11.434 pts:11.434 dur:20.000ms, clock:7.447 level:89
2024-09-07 11:35:49.277 T:4292 debug : CVideoPlayerVideo::OutputPicture - ttd:-3303ms pts:4.154 Clock:7.457 Level:0
2024-09-07 11:35:49.279 T:4291 debug : CVideoPlayer::ProcessVideoData size:1737 dts:11.454 pts:11.454 dur:20.000ms, clock:7.459 level:89
2024-09-07 11:35:49.279 T:4291 debug : CVideoPlayer::ProcessVideoData size:5144 dts:11.474 pts:11.514 dur:20.000ms, clock:7.460 level:89
2024-09-07 11:35:49.311 T:4292 debug : CVideoPlayerVideo::OutputPicture - ttd:-3328ms pts:4.164 Clock:7.492 Level:0
2024-09-07 11:35:49.329 T:4291 debug : CVideoPlayer::ProcessVideoData size:1494 dts:11.494 pts:11.534 dur:20.000ms, clock:7.509 level:89
2024-09-07 11:35:49.342 T:4291 debug : CVideoPlayer::ProcessVideoData size:23901 dts:11.514 pts:11.674 dur:20.000ms, clock:7.522 level:89
2024-09-07 11:35:49.354 T:4291 debug : CVideoPlayer::ProcessVideoData size:3736 dts:11.534 pts:11.694 dur:20.000ms, clock:7.534 level:90
2024-09-07 11:35:49.357 T:4292 debug : CVideoPlayerVideo::OutputPicture - ttd:-3344ms pts:4.194 Clock:7.538 Level:0
2024-09-07 11:35:49.366 T:4291 debug : CVideoPlayer::ProcessVideoData size:8509 dts:11.554 pts:11.594 dur:20.000ms, clock:7.547 level:90
2024-09-07 11:35:49.367 T:4291 debug : CVideoPlayer::ProcessVideoData size:2198 dts:11.574 pts:11.614 dur:20.000ms, clock:7.547 level:90
2024-09-07 11:35:49.379 T:4291 debug : CVideoPlayer::ProcessVideoData size:4781 dts:11.594 pts:11.634 dur:20.000ms, clock:7.559 level:90
2024-09-07 11:35:49.391 T:4292 debug : CVideoPlayerVideo::OutputPicture - ttd:-3367ms pts:4.204 Clock:7.572 Level:0
2024-09-07 11:35:49.440 T:4292 debug : CVideoPlayerVideo::OutputPicture - ttd:-3386ms pts:4.234 Clock:7.620 Level:0
2024-09-07 11:35:49.477 T:4292 debug : CVideoPlayerVideo::OutputPicture - ttd:-3414ms pts:4.244 Clock:7.658 Level:0
2024-09-07 11:35:49.489 T:4291 debug : CVideoPlayer::ProcessVideoData size:1684 dts:11.614 pts:11.654 dur:20.000ms, clock:7.670 level:90
2024-09-07 11:35:49.493 T:4291 debug : CVideoPlayer::ProcessVideoData size:46235 dts:11.634 pts:11.834 dur:20.000ms, clock:7.673 level:90
2024-09-07 11:35:49.515 T:4292 debug : CVideoPlayerVideo::OutputPicture - ttd:-3421ms pts:4.274 Clock:7.695 Level:1
2024-09-07 11:35:49.517 T:4291 debug : CVideoPlayer::ProcessVideoData size:3566 dts:11.654 pts:11.854 dur:20.000ms, clock:7.698 level:90
2024-09-07 11:35:49.530 T:4291 debug : CVideoPlayer::ProcessVideoData size:9406 dts:11.674 pts:11.754 dur:20.000ms, clock:7.711 level:90
2024-09-07 11:35:49.531 T:4291 debug : CVideoPlayer::ProcessVideoData size:2017 dts:11.694 pts:11.774 dur:20.000ms, clock:7.711 level:91
2024-09-07 11:35:49.543 T:4291 debug : CVideoPlayer::ProcessVideoData size:5597 dts:11.714 pts:11.714 dur:20.000ms, clock:7.723 level:91
2024-09-07 11:35:49.554 T:4292 debug : CVideoPlayerVideo::OutputPicture - ttd:-3450ms pts:4.284 Clock:7.734 Level:0
2024-09-07 11:35:49.555 T:4291 debug : CVideoPlayer::ProcessVideoData size:1949 dts:11.734 pts:11.734 dur:20.000ms, clock:7.736 level:91
2024-09-07 11:35:49.556 T:4291 debug : CVideoPlayer::ProcessVideoData size:7228 dts:11.754 pts:11.794 dur:20.000ms, clock:7.736 level:91
2024-09-07 11:35:49.598 T:4292 debug : CVideoPlayerVideo::OutputPicture - ttd:-3465ms pts:4.314 Clock:7.779 Level:0
2024-09-07 11:35:49.634 T:4292 debug : CVideoPlayerVideo::OutputPicture - ttd:-3490ms pts:4.324 Clock:7.814 Level:0
2024-09-07 11:35:49.643 T:4291 debug : CVideoPlayer::ProcessVideoData size:1503 dts:11.774 pts:11.814 dur:20.000ms, clock:7.824 level:91
2024-09-07 11:35:50.195 T:4291 debug : CVideoPlayer::ProcessVideoData size:33392 dts:11.794 pts:11.994 dur:20.000ms, clock:8.376 level:91
2024-09-07 11:35:50.196 T:4291 debug : CVideoPlayer::ProcessVideoData size:3063 dts:11.814 pts:12.014 dur:20.000ms, clock:8.376 level:92
2024-09-07 11:35:50.196 T:4291 debug : CVideoPlayer::ProcessVideoData size:13617 dts:11.834 pts:11.914 dur:20.000ms, clock:8.377 level:92
2024-09-07 11:35:50.196 T:4291 debug : CVideoPlayer::ProcessVideoData size:1822 dts:11.854 pts:11.934 dur:20.000ms, clock:8.377 level:92
2024-09-07 11:35:50.196 T:4291 debug : CVideoPlayer::ProcessVideoData size:8209 dts:11.874 pts:11.874 dur:20.000ms, clock:8.377 level:93
2024-09-07 11:35:50.197 T:4291 debug : CVideoPlayer::ProcessVideoData size:1454 dts:11.894 pts:11.894 dur:20.000ms, clock:8.377 level:93
2024-09-07 11:35:50.197 T:4291 debug : CVideoPlayer::ProcessVideoData size:9719 dts:11.914 pts:11.954 dur:20.000ms, clock:8.378 level:93
2024-09-07 11:35:50.197 T:4291 debug : CVideoPlayer::ProcessVideoData size:1705 dts:11.934 pts:11.974 dur:20.000ms, clock:8.378 level:93
2024-09-07 11:35:50.198 T:4291 debug : CVideoPlayer::ProcessVideoData size:27754 dts:11.954 pts:12.154 dur:20.000ms, clock:8.378 level:94
2024-09-07 11:35:50.198 T:4291 debug : CVideoPlayer::ProcessVideoData size:2809 dts:11.974 pts:12.174 dur:20.000ms, clock:8.378 level:94
2024-09-07 11:35:50.198 T:4291 debug : CVideoPlayer::ProcessVideoData size:11615 dts:11.994 pts:12.074 dur:20.000ms, clock:8.379 level:94
2024-09-07 11:35:50.198 T:4291 debug : CVideoPlayer::ProcessVideoData size:2601 dts:12.014 pts:12.094 dur:20.000ms, clock:8.379 level:94
2024-09-07 11:35:50.198 T:4291 debug : CVideoPlayer::ProcessVideoData size:6711 dts:12.034 pts:12.034 dur:20.000ms, clock:8.379 level:95
2024-09-07 11:35:50.199 T:4291 debug : CVideoPlayer::ProcessVideoData size:2306 dts:12.054 pts:12.054 dur:20.000ms, clock:8.379 level:95
2024-09-07 11:35:50.199 T:4291 debug : CVideoPlayer::ProcessVideoData size:5361 dts:12.074 pts:12.114 dur:20.000ms, clock:8.379 level:95
2024-09-07 11:35:50.015 T:3963 debug : CLibInputKeyboard::ProcessKey - using delay: 400ms repeat: 80ms
2024-09-07 11:35:50.017 T:3951 debug : Keyboard: scancode: 0x1c, sym: 0x0d (enter), unicode: 0x0d, modifier: 0x0
2024-09-07 11:35:50.199 T:4337 debug : Thread Timer start, auto delete: false
2024-09-07 11:35:50.199 T:4337 debug : Thread Timer 3622826560 terminating
2024-09-07 11:35:50.208 T:4291 debug : CVideoPlayer::ProcessVideoData size:1766 dts:12.094 pts:12.134 dur:20.000ms, clock:8.389 level:95
2024-09-07 11:35:50.209 T:4291 debug : CVideoPlayer::ProcessVideoData size:19425 dts:12.114 pts:12.314 dur:20.000ms, clock:8.389 level:95
2024-09-07 11:35:50.209 T:4291 debug : CVideoPlayer::ProcessVideoData size:3795 dts:12.134 pts:12.334 dur:20.000ms, clock:8.390 level:95
2024-09-07 11:35:50.210 T:4291 debug : CVideoPlayer::ProcessVideoData size:13506 dts:12.154 pts:12.234 dur:20.000ms, clock:8.390 level:95
2024-09-07 11:35:50.210 T:4291 debug : CVideoPlayer::ProcessVideoData size:1854 dts:12.174 pts:12.254 dur:20.000ms, clock:8.390 level:96
2024-09-07 11:35:50.210 T:4291 debug : CVideoPlayer::ProcessVideoData size:5978 dts:12.194 pts:12.194 dur:20.000ms, clock:8.391 level:96
2024-09-07 11:35:50.210 T:4291 debug : CVideoPlayer::ProcessVideoData size:1701 dts:12.214 pts:12.214 dur:20.000ms, clock:8.391 level:96
2024-09-07 11:35:50.210 T:4291 debug : CVideoPlayer::ProcessVideoData size:5447 dts:12.234 pts:12.274 dur:20.000ms, clock:8.391 level:96
2024-09-07 11:35:50.221 T:3951 debug : Keyboard: scancode: 0x1c, sym: 0x0d (enter), unicode: 0x0d, modifier: 0x0
2024-09-07 11:35:50.221 T:3951 debug : HandleKey: return (0xf00d) pressed, window 12901, action is Select
2024-09-07 11:35:50.221 T:3951 info : CVideoPlayer::CloseFile()
2024-09-07 11:35:50.221 T:3951 debug : DeleteRenderer - deleting renderer
2024-09-07 11:35:50.221 T:3951 debug : LinuxRendererGLES: Cleaning up GLES resources
2024-09-07 11:35:50.228 T:3951 info : VideoPlayer: waiting for threads to exit
2024-09-07 11:35:50.233 T:4291 debug : ffmpeg[0x2b7b518]: [mpegts] PES packet size mismatch
2024-09-07 11:35:50.233 T:4291 debug : ffmpeg[0x2b7b518]: [mpegts] Packet corrupt (stream = 1, dts = 7991442142).
2024-09-07 11:35:50.233 T:4291 info : CVideoPlayer::OnExit()
2024-09-07 11:35:50.233 T:4291 info : Closing stream player 1
2024-09-07 11:35:50.233 T:4291 info : Waiting for audio thread to exit
2024-09-07 11:35:50.243 T:4293 info : thread end: CVideoPlayerAudio::OnExit()
2024-09-07 11:35:50.243 T:4293 debug : Thread VideoPlayerAudio 3479319104 terminating
2024-09-07 11:35:50.244 T:4291 info : Closing audio device
2024-09-07 11:35:50.261 T:4292 debug : CVideoPlayerVideo::OutputPicture - ttd:-4068ms pts:4.354 Clock:8.422 Level:0
2024-09-07 11:35:50.292 T:4291 debug : CDVDAudio::Flush - flush audio stream
2024-09-07 11:35:50.293 T:3990 debug : CActiveAE::DiscardStream - audio stream deleted
2024-09-07 11:35:50.293 T:3990 debug : CActiveAE::ClearDiscardedBuffers - buffer pool deleted
2024-09-07 11:35:50.294 T:4291 info : Skipped 2 duplicate messages..
2024-09-07 11:35:50.294 T:4291 info : Deleting audio codec
2024-09-07 11:35:50.294 T:3991 info : CActiveAESink::OpenSink - initialize sink
2024-09-07 11:35:50.294 T:4291 info : Closing stream player 2
2024-09-07 11:35:50.294 T:4291 info : waiting for video thread to exit
2024-09-07 11:35:50.311 T:4292 debug : CVideoPlayerVideo::OutputPicture - ttd:-4109ms pts:4.364 Clock:8.473 Level:0
2024-09-07 11:35:50.311 T:4292 info : thread end: video_thread
2024-09-07 11:35:50.311 T:4292 debug : Thread VideoPlayerVideo 3487711808 terminating
2024-09-07 11:35:50.314 T:4291 info : deleting video codec
2024-09-07 11:35:50.328 T:4291 info : Closing stream player 3
2024-09-07 11:35:50.329 T:4291 debug : AddOnLog: pvr.dvbviewer: StreamReader: Stopped
2024-09-07 11:35:50.329 T:4291 debug : CInputStreamPVRChannel - ClosePVRStream - closed channel stream pvr://channels/tv/Favourites%204K@1/0@pvr.dvbviewer_2845.pvr
2024-09-07 11:35:50.329 T:4291 debug : Thread VideoPlayer 3509531200 terminating
2024-09-07 11:35:50.330 T:3951 info : VideoPlayer: finished waiting
2024-09-07 11:35:50.330 T:3951 info : CVideoPlayer::CloseFile()
