2024-07-17 18:41:01.202 T:4040 debug : CAESinkALSA::InitializeHW - Setting timeout to 86 ms
2024-07-17 18:41:01.202 T:4040 debug : CAESinkALSA::GetChannelLayout - Input Channel Count: 8 Output Channel Count: 8
2024-07-17 18:41:01.202 T:4040 debug : CAESinkALSA::GetChannelLayout - Requested Layout: RAW, RAW, RAW, RAW, RAW, RAW, RAW, RAW
2024-07-17 18:41:01.202 T:4040 debug : CAESinkALSA::GetChannelLayout - Got Layout: RAW, RAW, RAW, RAW, RAW, RAW, RAW, RAW (ALSA: none)
2024-07-17 18:41:01.202 T:4040 debug : CActiveAESink::OpenSink - ALSA Initialized:
2024-07-17 18:41:01.202 T:4040 debug : Output Device : AML-AUGESOUND
2024-07-17 18:41:01.202 T:4040 debug : Sample Rate : 192000
2024-07-17 18:41:01.202 T:4040 debug : Sample Format : AE_FMT_S16NE
2024-07-17 18:41:01.202 T:4040 debug : Channel Count : 8
2024-07-17 18:41:01.202 T:4040 debug : Channel Layout: RAW, RAW, RAW, RAW, RAW, RAW, RAW, RAW
2024-07-17 18:41:01.202 T:4040 debug : Frames : 4096
2024-07-17 18:41:01.202 T:4040 debug : Frame Size : 16
2024-07-17 18:41:01.205 T:4039 debug : CActiveAE::ClearDiscardedBuffers - buffer pool deleted
2024-07-17 18:41:01.209 T:4323 info : Skipped 1 duplicate messages..
2024-07-17 18:41:01.209 T:4323 debug : CVideoPlayer::ProcessVideoData size:359708 dts:5.756 pts:5.881 dur:41.000ms, clock:-0.500 level:52
2024-07-17 18:41:01.209 T:4323 debug : CVideoPlayer::HandleMessages - player started 1
2024-07-17 18:41:01.209 T:4323 debug : VideoPlayer::Sync - Audio - pts: 0.300, cache: 0.394, totalcache: 0.685, packets:7057 level:70
2024-07-17 18:41:01.209 T:4323 debug : VideoPlayer::Sync - Video - pts: 0.000, cache: 0.050, totalcache: 0.100, packets:140 level:53
2024-07-17 18:41:01.209 T:4275 debug : OnAVChange: CApplication::OnAVChange
2024-07-17 18:41:01.209 T:4323 debug : CDVDClock::SetSpeedAdjust - adjusted:0.000000
2024-07-17 18:41:01.210 T:4327 debug : CDVDAudio::Resume - resume audio stream
2024-07-17 18:41:01.210 T:4326 debug : CVideoPlayerVideo - CDVDMsg::GENERAL_RESYNC(-100000.000000)
2024-07-17 18:41:01.210 T:4326 debug : CVideoPlayerVideo - OUTPUT_AGAIN - vfmt, interlace should be checked.
2024-07-17 18:41:01.210 T:4274 debug : OnAVStarted: CApplication::OnAVStarted
2024-07-17 18:41:01.210 T:4323 debug : CVideoPlayer::ProcessVideoData size:95079 dts:5.797 pts:5.797 dur:41.000ms, clock:-0.100 level:52
2024-07-17 18:41:01.210 T:4326 debug : CVideoPlayerVideo::OutputPicture - ttd:141ms pts:0.042 Clock:-0.100 Level:0
2024-07-17 18:41:01.210 T:4326 debug : CVideoPlayerVideo - CDVDMsg::DEMUXER_PACKET - checking interlace vfmt: null
2024-07-17 18:41:01.210 T:4039 debug : ActiveAE - start sync of audio stream
2024-07-17 18:41:01.211 T:4326 debug : CVideoPlayerVideo::OutputPicture - ttd:181ms pts:0.083 Clock:-0.098 Level:1
2024-07-17 18:41:01.211 T:4008 info : CAMLCodec::Enable_vadj1 - vadj1 brightness/contrast control got enabled
2024-07-17 18:41:01.211 T:4008 debug : CAMLCodec::SetVideoRect:display(0,0,3840,2160)
2024-07-17 18:41:01.211 T:4008 debug : CAMLCodec::SetVideoRect:gui(0,0,1920,1080)
2024-07-17 18:41:01.211 T:4008 debug : CAMLCodec::SetVideoRect:m_dst_rect(0,0,1920,1080)
2024-07-17 18:41:01.212 T:4008 debug : CAMLCodec::SetVideoRect:dst_rect(0,0,3840,2160)
2024-07-17 18:41:01.212 T:4008 debug : CAMLCodec::SetVideoRect:m_guiStereoMode(0)
2024-07-17 18:41:01.212 T:4008 debug : CAMLCodec::SetVideoRect:m_guiStereoView(0)
2024-07-17 18:41:01.212 T:4323 debug : CVideoPlayer::ProcessVideoData size:110712 dts:5.839 pts:5.839 dur:41.000ms, clock:-0.097 level:53
2024-07-17 18:41:01.212 T:4326 debug : CVideoPlayerVideo::OutputPicture - ttd:222ms pts:0.125 Clock:-0.097 Level:2
2024-07-17 18:41:01.214 T:4326 debug : CVideoPlayerVideo::OutputPicture - ttd:262ms pts:0.167 Clock:-0.096 Level:3
2024-07-17 18:41:01.215 T:4326 debug : CVideoPlayerVideo::OutputPicture - ttd:303ms pts:0.209 Clock:-0.094 Level:4
2024-07-17 18:41:01.217 T:4008 debug : Activating window ID: 12005
2024-07-17 18:41:01.217 T:4326 debug : CVideoPlayerVideo::OutputPicture - ttd:342ms pts:0.250 Clock:-0.093 Level:5
2024-07-17 18:41:01.218 T:4326 debug : CVideoPlayerVideo::OutputPicture - ttd:383ms pts:0.292 Clock:-0.091 Level:6
2024-07-17 18:41:01.219 T:4008 debug : ------ Window Deinit (MyVideoNav.xml) ------
2024-07-17 18:41:01.219 T:4008 debug : FreeVisualisation() done
2024-07-17 18:41:01.220 T:4008 debug : ------ Window Init (VideoFullScreen.xml) ------
2024-07-17 18:41:01.220 T:4008 info : Loading skin file: VideoFullScreen.xml, load type: KEEP_IN_MEMORY
2024-07-17 18:41:01.223 T:4323 debug : CVideoPlayer::ProcessVideoData size:355902 dts:5.881 pts:6.006 dur:41.000ms, clock:-0.086 level:53
2024-07-17 18:41:01.227 T:4323 debug : CVideoPlayer::ProcessVideoData size:95837 dts:5.923 pts:5.923 dur:41.000ms, clock:-0.083 level:54
2024-07-17 18:41:01.231 T:4323 debug : CVideoPlayer::ProcessVideoData size:112258 dts:5.964 pts:5.964 dur:41.000ms, clock:-0.079 level:54
2024-07-17 18:41:01.231 T:4276 debug : OnAVChange: CApplication::OnAVChange
2024-07-17 18:41:01.234 T:4008 debug : ------ Window Deinit (DialogBusy.xml) ------
2024-07-17 18:41:01.247 T:4323 debug : CVideoPlayer::ProcessVideoData size:454273 dts:6.006 pts:6.131 dur:41.000ms, clock:-0.063 level:55
2024-07-17 18:41:01.251 T:4323 debug : CVideoPlayer::ProcessVideoData size:98371 dts:6.048 pts:6.048 dur:41.000ms, clock:-0.059 level:55
2024-07-17 18:41:01.252 T:4323 debug : CVideoPlayer::ProcessVideoData size:96249 dts:6.089 pts:6.089 dur:41.000ms, clock:-0.058 level:56
2024-07-17 18:41:01.262 T:4323 debug : CVideoPlayer::ProcessVideoData size:312736 dts:6.131 pts:6.256 dur:41.000ms, clock:-0.048 level:56
2024-07-17 18:41:01.265 T:4323 debug : CVideoPlayer::ProcessVideoData size:101770 dts:6.173 pts:6.173 dur:41.000ms, clock:-0.045 level:57
2024-07-17 18:41:01.269 T:4323 debug : CVideoPlayer::ProcessVideoData size:119215 dts:6.215 pts:6.215 dur:41.000ms, clock:-0.040 level:57
2024-07-17 18:41:01.277 T:4323 debug : CVideoPlayer::ProcessVideoData size:286618 dts:6.256 pts:6.381 dur:41.000ms, clock:-0.033 level:58
2024-07-17 18:41:01.280 T:4323 debug : CVideoPlayer::ProcessVideoData size:85766 dts:6.298 pts:6.298 dur:41.000ms, clock:-0.029 level:58
2024-07-17 18:41:01.284 T:4323 debug : CVideoPlayer::ProcessVideoData size:101271 dts:6.340 pts:6.340 dur:41.000ms, clock:-0.026 level:59
2024-07-17 18:41:01.293 T:4323 debug : CVideoPlayer::ProcessVideoData size:264019 dts:6.381 pts:6.507 dur:41.000ms, clock:-0.017 level:59
2024-07-17 18:41:01.296 T:4323 debug : CVideoPlayer::ProcessVideoData size:70592 dts:6.423 pts:6.423 dur:41.000ms, clock:-0.013 level:60
2024-07-17 18:41:01.297 T:4323 debug : CVideoPlayer::ProcessVideoData size:69245 dts:6.465 pts:6.465 dur:41.000ms, clock:-0.013 level:60
2024-07-17 18:41:01.301 T:4326 debug : CVideoPlayerVideo::OutputPicture - ttd:423ms pts:0.334 Clock:-0.090 Level:6
2024-07-17 18:41:01.304 T:4323 debug : CVideoPlayer::ProcessVideoData size:224861 dts:6.507 pts:6.632 dur:41.000ms, clock:-0.006 level:60
2024-07-17 18:41:01.305 T:4326 debug : CVideoPlayerVideo - CDVDMsg::DEMUXER_PACKET - checking interlace vfmt: null
2024-07-17 18:41:01.307 T:4323 debug : CVideoPlayer::ProcessVideoData size:80297 dts:6.548 pts:6.548 dur:41.000ms, clock:-0.002 level:58
2024-07-17 18:41:01.307 T:4323 debug : CVideoPlayer::ProcessVideoData size:59150 dts:6.590 pts:6.590 dur:41.000ms, clock:-0.002 level:59
2024-07-17 18:41:01.310 T:4039 debug : ActiveAE::SyncStream - average error of 10.626961, start adjusting
2024-07-17 18:41:01.310 T:4039 debug : ActiveAE::SyncStream - average error 0.626961 below threshold of 30.000000
2024-07-17 18:41:01.315 T:4323 debug : CVideoPlayer::ProcessVideoData size:177889 dts:6.632 pts:6.757 dur:41.000ms, clock:0.006 level:59
2024-07-17 18:41:01.319 T:4323 debug : CVideoPlayer::ProcessVideoData size:49806 dts:6.673 pts:6.673 dur:41.000ms, clock:0.010 level:60
2024-07-17 18:41:01.320 T:4323 debug : CVideoPlayer::ProcessVideoData size:66965 dts:6.715 pts:6.715 dur:41.000ms, clock:0.010 level:60
2024-07-17 18:41:01.325 T:4323 debug : CVideoPlayer::ProcessVideoData size:135657 dts:6.757 pts:6.882 dur:41.000ms, clock:0.016 level:61
2024-07-17 18:41:01.328 T:4323 debug : CVideoPlayer::ProcessVideoData size:34423 dts:6.798 pts:6.798 dur:41.000ms, clock:0.019 level:61
2024-07-17 18:41:01.328 T:4323 debug : CVideoPlayer::ProcessVideoData size:33341 dts:6.840 pts:6.840 dur:41.000ms, clock:0.019 level:62
2024-07-17 18:41:01.334 T:4323 debug : CVideoPlayer::ProcessVideoData size:71671 dts:6.882 pts:7.007 dur:41.000ms, clock:0.024 level:63
2024-07-17 18:41:01.334 T:4323 debug : CVideoPlayer::ProcessVideoData size:44619 dts:6.924 pts:6.924 dur:41.000ms, clock:0.025 level:63
2024-07-17 18:41:01.334 T:4323 debug : CVideoPlayer::ProcessVideoData size:24754 dts:6.965 pts:6.965 dur:41.000ms, clock:0.025 level:64
2024-07-17 18:41:01.336 T:4326 debug : CVideoPlayerVideo::OutputPicture - ttd:366ms pts:0.375 Clock:0.008 Level:6
2024-07-17 18:41:01.342 T:4323 debug : CVideoPlayer::ProcessVideoData size:46422 dts:7.007 pts:7.132 dur:41.000ms, clock:0.032 level:64
2024-07-17 18:41:01.342 T:4323 debug : CVideoPlayer::ProcessVideoData size:21746 dts:7.049 pts:7.049 dur:41.000ms, clock:0.032 level:64
2024-07-17 18:41:01.342 T:4323 debug : CVideoPlayer::ProcessVideoData size:43119 dts:7.090 pts:7.090 dur:41.000ms, clock:0.033 level:65
2024-07-17 18:41:01.346 T:4323 debug : CVideoPlayer::ProcessVideoData size:46498 dts:7.132 pts:7.257 dur:41.000ms, clock:0.037 level:65
2024-07-17 18:41:01.346 T:4323 debug : CVideoPlayer::ProcessVideoData size:17063 dts:7.174 pts:7.174 dur:41.000ms, clock:0.037 level:66
2024-07-17 18:41:01.347 T:4323 debug : CVideoPlayer::ProcessVideoData size:19031 dts:7.216 pts:7.216 dur:41.000ms, clock:0.037 level:66
2024-07-17 18:41:01.350 T:4323 debug : CVideoPlayer::ProcessVideoData size:45561 dts:7.257 pts:7.382 dur:41.000ms, clock:0.040 level:67
2024-07-17 18:41:01.350 T:4323 debug : CVideoPlayer::ProcessVideoData size:38024 dts:7.299 pts:7.299 dur:41.000ms, clock:0.040 level:67
2024-07-17 18:41:01.350 T:4323 debug : CVideoPlayer::ProcessVideoData size:18225 dts:7.341 pts:7.341 dur:41.000ms, clock:0.040 level:68
2024-07-17 18:41:01.354 T:4323 debug : CVideoPlayer::ProcessVideoData size:43561 dts:7.382 pts:7.508 dur:41.000ms, clock:0.044 level:68
2024-07-17 18:41:01.354 T:4323 debug : CVideoPlayer::ProcessVideoData size:14427 dts:7.424 pts:7.424 dur:41.000ms, clock:0.044 level:69
2024-07-17 18:41:01.354 T:4323 debug : CVideoPlayer::ProcessVideoData size:35114 dts:7.466 pts:7.466 dur:41.000ms, clock:0.044 level:69
2024-07-17 18:41:01.358 T:4323 debug : CVideoPlayer::ProcessVideoData size:37250 dts:7.508 pts:7.633 dur:41.000ms, clock:0.049 level:70
2024-07-17 18:41:01.358 T:4323 debug : CVideoPlayer::ProcessVideoData size:16825 dts:7.549 pts:7.549 dur:41.000ms, clock:0.049 level:70
2024-07-17 18:41:01.361 T:4323 debug : CVideoPlayer::ProcessVideoData size:36317 dts:7.591 pts:7.591 dur:41.000ms, clock:0.051 level:71
2024-07-17 18:41:01.362 T:4323 debug : CVideoPlayer::ProcessVideoData size:33920 dts:7.633 pts:7.758 dur:41.000ms, clock:0.052 level:71
2024-07-17 18:41:01.362 T:4323 debug : CVideoPlayer::ProcessVideoData size:15341 dts:7.674 pts:7.674 dur:41.000ms, clock:0.052 level:72
2024-07-17 18:41:01.362 T:4323 debug : CVideoPlayer::ProcessVideoData size:15247 dts:7.716 pts:7.716 dur:41.000ms, clock:0.053 level:72
2024-07-17 18:41:01.366 T:4323 debug : CVideoPlayer::ProcessVideoData size:36376 dts:7.758 pts:7.883 dur:41.000ms, clock:0.056 level:73
2024-07-17 18:41:01.368 T:4323 debug : CVideoPlayer::ProcessVideoData size:38062 dts:7.799 pts:7.799 dur:41.000ms, clock:0.058 level:73
2024-07-17 18:41:01.368 T:4323 debug : CVideoPlayer::ProcessVideoData size:16660 dts:7.841 pts:7.841 dur:41.000ms, clock:0.058 level:74
2024-07-17 18:41:01.370 T:4326 debug : CVideoPlayerVideo::OutputPicture - ttd:375ms pts:0.417 Clock:0.042 Level:6
2024-07-17 18:41:01.372 T:4323 debug : CVideoPlayer::ProcessVideoData size:15210 dts:7.883 pts:8.008 dur:41.000ms, clock:0.062 level:74
2024-07-17 18:41:01.372 T:4323 debug : CVideoPlayer::ProcessVideoData size:15018 dts:7.925 pts:7.925 dur:41.000ms, clock:0.063 level:75
2024-07-17 18:41:01.372 T:4323 debug : CVideoPlayer::ProcessVideoData size:32858 dts:7.966 pts:7.966 dur:41.000ms, clock:0.063 level:75
2024-07-17 18:41:01.373 T:4323 debug : CVideoPlayer::ProcessVideoData size:14858 dts:8.008 pts:8.133 dur:41.000ms, clock:0.064 level:76
2024-07-17 18:41:01.376 T:4323 debug : CVideoPlayer::ProcessVideoData size:13708 dts:8.050 pts:8.050 dur:41.000ms, clock:0.066 level:76
2024-07-17 18:41:01.376 T:4323 debug : CVideoPlayer::ProcessVideoData size:31408 dts:8.091 pts:8.091 dur:41.000ms, clock:0.066 level:77
2024-07-17 18:41:01.379 T:4323 debug : CVideoPlayer::ProcessVideoData size:15317 dts:8.133 pts:8.258 dur:41.000ms, clock:0.070 level:77
2024-07-17 18:41:01.379 T:4323 debug : CVideoPlayer::ProcessVideoData size:13483 dts:8.175 pts:8.175 dur:41.000ms, clock:0.070 level:78
2024-07-17 18:41:01.379 T:4323 debug : CVideoPlayer::ProcessVideoData size:31656 dts:8.217 pts:8.217 dur:41.000ms, clock:0.070 level:78
2024-07-17 18:41:01.381 T:4323 debug : CVideoPlayer::ProcessVideoData size:14236 dts:8.258 pts:8.383 dur:41.000ms, clock:0.071 level:79
2024-07-17 18:41:01.383 T:4323 debug : CVideoPlayer::ProcessVideoData size:15663 dts:8.300 pts:8.300 dur:41.000ms, clock:0.074 level:79
2024-07-17 18:41:01.383 T:4323 debug : CVideoPlayer::ProcessVideoData size:13974 dts:8.342 pts:8.342 dur:41.000ms, clock:0.074 level:80
2024-07-17 18:41:01.387 T:4323 debug : CVideoPlayer::ProcessVideoData size:13907 dts:8.383 pts:8.509 dur:41.000ms, clock:0.077 level:80
2024-07-17 18:41:01.387 T:4323 debug : CVideoPlayer::ProcessVideoData size:32128 dts:8.425 pts:8.425 dur:41.000ms, clock:0.077 level:81
2024-07-17 18:41:01.387 T:4323 debug : CVideoPlayer::ProcessVideoData size:12685 dts:8.467 pts:8.467 dur:41.000ms, clock:0.077 level:81
2024-07-17 18:41:01.388 T:4323 debug : CVideoPlayer::ProcessVideoData size:13611 dts:8.509 pts:8.634 dur:41.000ms, clock:0.079 level:82
2024-07-17 18:41:01.391 T:4323 debug : CVideoPlayer::ProcessVideoData size:15765 dts:8.550 pts:8.550 dur:41.000ms, clock:0.081 level:82
2024-07-17 18:41:01.391 T:4323 debug : CVideoPlayer::ProcessVideoData size:32814 dts:8.592 pts:8.592 dur:41.000ms, clock:0.081 level:83
2024-07-17 18:41:01.394 T:4323 debug : CVideoPlayer::ProcessVideoData size:49282 dts:8.634 pts:8.759 dur:41.000ms, clock:0.085 level:83
2024-07-17 18:41:01.394 T:4323 debug : CVideoPlayer::ProcessVideoData size:14681 dts:8.675 pts:8.675 dur:41.000ms, clock:0.085 level:84
2024-07-17 18:41:01.394 T:4323 debug : CVideoPlayer::ProcessVideoData size:17423 dts:8.717 pts:8.717 dur:41.000ms, clock:0.085 level:84
2024-07-17 18:41:01.398 T:4323 debug : CVideoPlayer::ProcessVideoData size:13318 dts:8.759 pts:8.884 dur:41.000ms, clock:0.089 level:85
2024-07-17 18:41:01.398 T:4323 debug : CVideoPlayer::ProcessVideoData size:34533 dts:8.800 pts:8.800 dur:41.000ms, clock:0.089 level:85
2024-07-17 18:41:01.398 T:4323 debug : CVideoPlayer::ProcessVideoData size:15998 dts:8.842 pts:8.842 dur:41.000ms, clock:0.089 level:86
2024-07-17 18:41:01.402 T:4323 debug : CVideoPlayer::ProcessVideoData size:14723 dts:8.884 pts:9.009 dur:41.000ms, clock:0.092 level:87
2024-07-17 18:41:01.402 T:4323 debug : CVideoPlayer::ProcessVideoData size:15161 dts:8.926 pts:8.926 dur:41.000ms, clock:0.092 level:87
2024-07-17 18:41:01.402 T:4323 debug : CVideoPlayer::ProcessVideoData size:35519 dts:8.967 pts:8.967 dur:41.000ms, clock:0.092 level:88
2024-07-17 18:41:01.406 T:4323 debug : CVideoPlayer::ProcessVideoData size:14502 dts:9.009 pts:9.134 dur:41.000ms, clock:0.097 level:88
2024-07-17 18:41:01.406 T:4323 debug : CVideoPlayer::ProcessVideoData size:15699 dts:9.051 pts:9.051 dur:41.000ms, clock:0.097 level:89
2024-07-17 18:41:01.406 T:4323 debug : CVideoPlayer::ProcessVideoData size:17180 dts:9.092 pts:9.092 dur:41.000ms, clock:0.097 level:89
2024-07-17 18:41:01.409 T:4323 debug : CVideoPlayer::ProcessVideoData size:15176 dts:9.134 pts:9.259 dur:41.000ms, clock:0.100 level:90
2024-07-17 18:41:01.409 T:4323 debug : CVideoPlayer::ProcessVideoData size:34311 dts:9.176 pts:9.176 dur:41.000ms, clock:0.100 level:90
2024-07-17 18:41:01.409 T:4323 debug : CVideoPlayer::ProcessVideoData size:14907 dts:9.218 pts:9.218 dur:41.000ms, clock:0.100 level:91
2024-07-17 18:41:01.413 T:4323 debug : CVideoPlayer::ProcessVideoData size:14601 dts:9.259 pts:9.384 dur:41.000ms, clock:0.104 level:91
2024-07-17 18:41:01.414 T:4323 debug : CVideoPlayer::ProcessVideoData size:15769 dts:9.301 pts:9.301 dur:41.000ms, clock:0.104 level:92
2024-07-17 18:41:01.414 T:4323 debug : CVideoPlayer::ProcessVideoData size:34566 dts:9.343 pts:9.343 dur:41.000ms, clock:0.104 level:92
2024-07-17 18:41:01.418 T:4323 debug : CVideoPlayer::ProcessVideoData size:16157 dts:9.384 pts:9.510 dur:41.000ms, clock:0.108 level:93
2024-07-17 18:41:01.418 T:4323 debug : CVideoPlayer::ProcessVideoData size:17438 dts:9.426 pts:9.426 dur:41.000ms, clock:0.108 level:93
2024-07-17 18:41:01.418 T:4323 debug : CVideoPlayer::ProcessVideoData size:15766 dts:9.468 pts:9.468 dur:41.000ms, clock:0.108 level:94
2024-07-17 18:41:01.421 T:4326 debug : CVideoPlayerVideo::OutputPicture - ttd:384ms pts:0.459 Clock:0.075 Level:6
2024-07-17 18:41:01.421 T:4323 debug : CVideoPlayer::ProcessVideoData size:32562 dts:9.510 pts:9.635 dur:41.000ms, clock:0.112 level:94
2024-07-17 18:41:01.421 T:4323 debug : CVideoPlayer::ProcessVideoData size:36783 dts:9.551 pts:9.551 dur:41.000ms, clock:0.112 level:95
2024-07-17 18:41:01.424 T:4323 debug : CVideoPlayer::ProcessVideoData size:16906 dts:9.593 pts:9.593 dur:41.000ms, clock:0.114 level:95
2024-07-17 18:41:01.425 T:4323 debug : CVideoPlayer::ProcessVideoData size:16053 dts:9.635 pts:9.760 dur:41.000ms, clock:0.116 level:96
2024-07-17 18:41:01.427 T:4323 debug : CVideoPlayer::ProcessVideoData size:16791 dts:9.676 pts:9.676 dur:41.000ms, clock:0.117 level:96
2024-07-17 18:41:01.427 T:4323 debug : CVideoPlayer::ProcessVideoData size:38430 dts:9.718 pts:9.718 dur:41.000ms, clock:0.117 level:97
2024-07-17 18:41:01.430 T:4323 debug : CVideoPlayer::ProcessVideoData size:16252 dts:9.760 pts:9.885 dur:41.000ms, clock:0.121 level:97
2024-07-17 18:41:01.430 T:4323 debug : CVideoPlayer::ProcessVideoData size:16038 dts:9.801 pts:9.801 dur:41.000ms, clock:0.121 level:98
2024-07-17 18:41:01.430 T:4323 debug : CVideoPlayer::ProcessVideoData size:34254 dts:9.843 pts:9.843 dur:41.000ms, clock:0.121 level:99
2024-07-17 18:41:01.434 T:4323 debug : CVideoPlayer::ProcessVideoData size:16573 dts:9.885 pts:10.010 dur:41.000ms, clock:0.125 level:99
2024-07-17 18:41:01.434 T:4323 debug : CVideoPlayer::ProcessVideoData size:15065 dts:9.927 pts:9.927 dur:41.000ms, clock:0.125 level:100
2024-07-17 18:41:01.434 T:4323 debug : CVideoPlayer::ProcessVideoData size:15231 dts:9.968 pts:9.968 dur:41.000ms, clock:0.125 level:100
2024-07-17 18:41:01.439 T:4323 debug : CVideoPlayer::ProcessVideoData size:17990 dts:10.010 pts:10.135 dur:41.000ms, clock:0.129 level:100
2024-07-17 18:41:01.439 T:4323 debug : CVideoPlayer::ProcessVideoData size:35420 dts:10.052 pts:10.052 dur:41.000ms, clock:0.129 level:100
2024-07-17 18:41:01.439 T:4323 debug : CVideoPlayer::ProcessVideoData size:16025 dts:10.093 pts:10.093 dur:41.000ms, clock:0.129 level:100
2024-07-17 18:41:01.442 T:4323 debug : CVideoPlayer::ProcessVideoData size:18014 dts:10.135 pts:10.260 dur:41.000ms, clock:0.133 level:100
2024-07-17 18:41:01.442 T:4323 debug : CVideoPlayer::ProcessVideoData size:17937 dts:10.177 pts:10.177 dur:41.000ms, clock:0.133 level:100
2024-07-17 18:41:01.445 T:4323 debug : CVideoPlayer::ProcessVideoData size:37734 dts:10.219 pts:10.219 dur:41.000ms, clock:0.135 level:100
2024-07-17 18:41:01.446 T:4323 debug : CVideoPlayer::ProcessVideoData size:18958 dts:10.260 pts:10.385 dur:41.000ms, clock:0.137 level:100
2024-07-17 18:41:01.446 T:4323 debug : CVideoPlayer::ProcessVideoData size:17004 dts:10.302 pts:10.302 dur:41.000ms, clock:0.137 level:100
2024-07-17 18:41:01.448 T:4323 debug : CVideoPlayer::ProcessVideoData size:36518 dts:10.344 pts:10.344 dur:41.000ms, clock:0.138 level:100
2024-07-17 18:41:01.451 T:4323 debug : CVideoPlayer::ProcessVideoData size:55701 dts:10.385 pts:10.511 dur:41.000ms, clock:0.142 level:100
2024-07-17 18:41:01.451 T:4323 debug : CVideoPlayer::ProcessVideoData size:17818 dts:10.427 pts:10.427 dur:41.000ms, clock:0.142 level:100
2024-07-17 18:41:01.451 T:4323 debug : CVideoPlayer::ProcessVideoData size:19461 dts:10.469 pts:10.469 dur:41.000ms, clock:0.142 level:100
2024-07-17 18:41:01.453 T:4326 debug : CVideoPlayerVideo::OutputPicture - ttd:376ms pts:0.501 Clock:0.124 Level:6
2024-07-17 18:41:01.456 T:4323 debug : CVideoPlayer::ProcessVideoData size:20142 dts:10.511 pts:10.636 dur:41.000ms, clock:0.146 level:100
2024-07-17 18:41:01.456 T:4323 debug : CVideoPlayer::ProcessVideoData size:35700 dts:10.552 pts:10.552 dur:41.000ms, clock:0.146 level:100
2024-07-17 18:41:01.456 T:4323 debug : CVideoPlayer::ProcessVideoData size:17126 dts:10.594 pts:10.594 dur:41.000ms, clock:0.146 level:100
2024-07-17 18:41:01.459 T:4323 debug : CVideoPlayer::ProcessVideoData size:21559 dts:10.636 pts:10.761 dur:41.000ms, clock:0.150 level:100
2024-07-17 18:41:01.459 T:4323 debug : CVideoPlayer::ProcessVideoData size:18407 dts:10.677 pts:10.677 dur:41.000ms, clock:0.150 level:100
2024-07-17 18:41:01.459 T:4323 debug : CVideoPlayer::ProcessVideoData size:19787 dts:10.719 pts:10.719 dur:41.000ms, clock:0.150 level:100
2024-07-17 18:41:01.463 T:4323 debug : CVideoPlayer::ProcessVideoData size:22333 dts:10.761 pts:10.886 dur:41.000ms, clock:0.153 level:100
2024-07-17 18:41:01.465 T:4323 debug : CVideoPlayer::ProcessVideoData size:39190 dts:10.802 pts:10.802 dur:41.000ms, clock:0.155 level:100
2024-07-17 18:41:01.465 T:4323 debug : CVideoPlayer::ProcessVideoData size:18468 dts:10.844 pts:10.844 dur:41.000ms, clock:0.155 level:100
2024-07-17 18:41:01.468 T:4323 debug : CVideoPlayer::ProcessVideoData size:25950 dts:10.886 pts:11.011 dur:41.000ms, clock:0.159 level:100
2024-07-17 18:41:01.468 T:4323 debug : CVideoPlayer::ProcessVideoData size:19255 dts:10.928 pts:10.928 dur:41.000ms, clock:0.159 level:100
2024-07-17 18:41:01.468 T:4323 debug : CVideoPlayer::ProcessVideoData size:39287 dts:10.969 pts:10.969 dur:41.000ms, clock:0.159 level:100
2024-07-17 18:41:01.473 T:4323 debug : CVideoPlayer::ProcessVideoData size:24315 dts:11.011 pts:11.136 dur:41.000ms, clock:0.163 level:100
2024-07-17 18:41:01.473 T:4323 debug : CVideoPlayer::ProcessVideoData size:20052 dts:11.053 pts:11.053 dur:41.000ms, clock:0.163 level:100
2024-07-17 18:41:01.473 T:4323 debug : CVideoPlayer::ProcessVideoData size:19959 dts:11.094 pts:11.094 dur:41.000ms, clock:0.164 level:100
2024-07-17 18:41:01.476 T:4323 debug : CVideoPlayer::ProcessVideoData size:26605 dts:11.136 pts:11.261 dur:41.000ms, clock:0.167 level:100
2024-07-17 18:41:01.477 T:4323 debug : CVideoPlayer::ProcessVideoData size:38899 dts:11.178 pts:11.178 dur:41.000ms, clock:0.167 level:100
2024-07-17 18:41:01.479 T:4323 debug : CVideoPlayer::ProcessVideoData size:20240 dts:11.220 pts:11.220 dur:41.000ms, clock:0.169 level:100
2024-07-17 18:41:01.483 T:4323 debug : CVideoPlayer::ProcessVideoData size:67206 dts:11.261 pts:11.386 dur:41.000ms, clock:0.173 level:100
2024-07-17 18:41:01.483 T:4323 debug : CVideoPlayer::ProcessVideoData size:23572 dts:11.303 pts:11.303 dur:41.000ms, clock:0.173 level:100
2024-07-17 18:41:01.483 T:4323 debug : CVideoPlayer::ProcessVideoData size:40819 dts:11.345 pts:11.345 dur:41.000ms, clock:0.173 level:100
2024-07-17 18:41:01.487 T:4323 debug : CVideoPlayer::ProcessVideoData size:28712 dts:11.386 pts:11.512 dur:41.000ms, clock:0.178 level:100
2024-07-17 18:41:01.487 T:4323 debug : CVideoPlayer::ProcessVideoData size:23525 dts:11.428 pts:11.428 dur:41.000ms, clock:0.178 level:100
2024-07-17 18:41:01.490 T:4323 debug : CVideoPlayer::ProcessVideoData size:21596 dts:11.470 pts:11.470 dur:41.000ms, clock:0.180 level:100
2024-07-17 18:41:01.491 T:4323 debug : CVideoPlayer::ProcessVideoData size:35233 dts:11.512 pts:11.637 dur:41.000ms, clock:0.182 level:100
2024-07-17 18:41:01.493 T:4323 debug : CVideoPlayer::ProcessVideoData size:43826 dts:11.553 pts:11.553 dur:41.000ms, clock:0.184 level:100
2024-07-17 18:41:01.493 T:4323 debug : CVideoPlayer::ProcessVideoData size:25058 dts:11.595 pts:11.595 dur:41.000ms, clock:0.184 level:100
2024-07-17 18:41:01.497 T:4323 debug : CVideoPlayer::ProcessVideoData size:35604 dts:11.637 pts:11.762 dur:41.000ms, clock:0.188 level:100
2024-07-17 18:41:01.497 T:4323 debug : CVideoPlayer::ProcessVideoData size:26172 dts:11.678 pts:11.678 dur:41.000ms, clock:0.188 level:100
2024-07-17 18:41:01.497 T:4323 debug : CVideoPlayer::ProcessVideoData size:27252 dts:11.720 pts:11.720 dur:41.000ms, clock:0.188 level:100
2024-07-17 18:41:01.501 T:4323 debug : CVideoPlayer::ProcessVideoData size:39370 dts:11.762 pts:11.887 dur:41.000ms, clock:0.192 level:100
2024-07-17 18:41:01.503 T:4326 debug : CVideoPlayerVideo::OutputPicture - ttd:381ms pts:0.542 Clock:0.160 Level:6
2024-07-17 18:41:01.504 T:4323 debug : CVideoPlayer::ProcessVideoData size:44658 dts:11.803 pts:11.803 dur:41.000ms, clock:0.194 level:100
2024-07-17 18:41:01.504 T:4323 debug : CVideoPlayer::ProcessVideoData size:29488 dts:11.845 pts:11.845 dur:41.000ms, clock:0.194 level:100
2024-07-17 18:41:01.508 T:4323 debug : CVideoPlayer::ProcessVideoData size:50598 dts:11.887 pts:12.012 dur:41.000ms, clock:0.198 level:100
2024-07-17 18:41:01.508 T:4323 debug : CVideoPlayer::ProcessVideoData size:34547 dts:11.929 pts:11.929 dur:41.000ms, clock:0.198 level:100
2024-07-17 18:41:01.511 T:4323 debug : CVideoPlayer::ProcessVideoData size:51070 dts:11.970 pts:11.970 dur:41.000ms, clock:0.201 level:100
2024-07-17 18:41:01.515 T:4323 debug : CVideoPlayer::ProcessVideoData size:60697 dts:12.012 pts:12.137 dur:41.000ms, clock:0.205 level:100
2024-07-17 18:41:01.515 T:4323 debug : CVideoPlayer::ProcessVideoData size:34735 dts:12.054 pts:12.054 dur:41.000ms, clock:0.205 level:100
2024-07-17 18:41:01.515 T:4323 debug : CVideoPlayer::ProcessVideoData size:35545 dts:12.095 pts:12.095 dur:41.000ms, clock:0.206 level:100
2024-07-17 18:41:01.522 T:4323 debug : CVideoPlayer::ProcessVideoData size:72141 dts:12.137 pts:12.262 dur:41.000ms, clock:0.213 level:100
2024-07-17 18:41:01.522 T:4323 debug : CVideoPlayer::ProcessVideoData size:60997 dts:12.179 pts:12.179 dur:41.000ms, clock:0.213 level:100
2024-07-17 18:41:01.523 T:4323 debug : CVideoPlayer::ProcessVideoData size:35661 dts:12.221 pts:12.221 dur:41.000ms, clock:0.213 level:100
2024-07-17 18:41:01.530 T:4323 debug : CVideoPlayer::ProcessVideoData size:69171 dts:12.262 pts:12.387 dur:41.000ms, clock:0.220 level:100
2024-07-17 18:41:01.530 T:4323 debug : CVideoPlayer::ProcessVideoData size:35883 dts:12.304 pts:12.304 dur:41.000ms, clock:0.220 level:100
2024-07-17 18:41:01.530 T:4323 debug : CVideoPlayer::ProcessVideoData size:55779 dts:12.346 pts:12.346 dur:41.000ms, clock:0.221 level:100
2024-07-17 18:41:01.536 T:4323 debug : CVideoPlayer::ProcessVideoData size:77181 dts:12.387 pts:12.513 dur:41.000ms, clock:0.226 level:100
2024-07-17 18:41:01.537 T:4323 debug : CVideoPlayer::ProcessVideoData size:36698 dts:12.429 pts:12.429 dur:41.000ms, clock:0.227 level:100
2024-07-17 18:41:01.537 T:4323 debug : CVideoPlayer::ProcessVideoData size:55838 dts:12.471 pts:12.471 dur:41.000ms, clock:0.228 level:100
2024-07-17 18:41:01.538 T:4326 debug : CVideoPlayerVideo::OutputPicture - ttd:377ms pts:0.584 Clock:0.207 Level:6
2024-07-17 18:41:01.544 T:4323 debug : CVideoPlayer::ProcessVideoData size:91529 dts:12.513 pts:12.638 dur:41.000ms, clock:0.234 level:100
2024-07-17 18:41:01.544 T:4323 debug : CVideoPlayer::ProcessVideoData size:39640 dts:12.554 pts:12.554 dur:41.000ms, clock:0.235 level:100
2024-07-17 18:41:01.544 T:4323 debug : CVideoPlayer::ProcessVideoData size:39763 dts:12.596 pts:12.596 dur:41.000ms, clock:0.235 level:100
2024-07-17 18:41:01.554 T:4323 debug : CVideoPlayer::ProcessVideoData size:101514 dts:12.638 pts:12.763 dur:41.000ms, clock:0.244 level:100
2024-07-17 18:41:01.554 T:4323 debug : CVideoPlayer::ProcessVideoData size:63370 dts:12.679 pts:12.679 dur:41.000ms, clock:0.244 level:100
2024-07-17 18:41:01.557 T:4323 debug : CVideoPlayer::ProcessVideoData size:44473 dts:12.721 pts:12.721 dur:41.000ms, clock:0.248 level:100
2024-07-17 18:41:01.561 T:4323 debug : CVideoPlayer::ProcessVideoData size:99507 dts:12.763 pts:12.888 dur:41.000ms, clock:0.252 level:100
2024-07-17 18:41:01.562 T:4323 debug : CVideoPlayer::ProcessVideoData size:45479 dts:12.804 pts:12.804 dur:41.000ms, clock:0.252 level:100
2024-07-17 18:41:01.565 T:4323 debug : CVideoPlayer::ProcessVideoData size:64623 dts:12.846 pts:12.846 dur:41.000ms, clock:0.255 level:100
2024-07-17 18:41:01.570 T:4323 debug : CVideoPlayer::ProcessVideoData size:98354 dts:12.888 pts:13.013 dur:41.000ms, clock:0.261 level:100
2024-07-17 18:41:01.572 T:4323 debug : CVideoPlayer::ProcessVideoData size:48853 dts:12.930 pts:12.930 dur:41.000ms, clock:0.263 level:100
2024-07-17 18:41:01.573 T:4323 debug : CVideoPlayer::ProcessVideoData size:63883 dts:12.971 pts:12.971 dur:41.000ms, clock:0.263 level:100
2024-07-17 18:41:01.580 T:4323 debug : CVideoPlayer::ProcessVideoData size:108849 dts:13.013 pts:13.138 dur:41.000ms, clock:0.270 level:100
2024-07-17 18:41:01.580 T:4323 debug : CVideoPlayer::ProcessVideoData size:43132 dts:13.055 pts:13.055 dur:41.000ms, clock:0.270 level:100
2024-07-17 18:41:01.580 T:4323 debug : CVideoPlayer::ProcessVideoData size:41093 dts:13.096 pts:13.096 dur:41.000ms, clock:0.271 level:100
2024-07-17 18:41:01.586 T:4326 debug : CVideoPlayerVideo::OutputPicture - ttd:383ms pts:0.626 Clock:0.242 Level:6
2024-07-17 18:41:01.587 T:4323 debug : CVideoPlayer::ProcessVideoData size:91994 dts:13.138 pts:13.263 dur:41.000ms, clock:0.278 level:100
2024-07-17 18:41:01.587 T:4323 debug : CVideoPlayer::ProcessVideoData size:41866 dts:13.180 pts:13.180 dur:41.000ms, clock:0.278 level:100
2024-07-17 18:41:01.589 T:4326 debug : CVideoPlayerVideo - CDVDMsg::DEMUXER_PACKET - checking interlace vfmt: null
2024-07-17 18:41:01.591 T:4323 debug : CVideoPlayer::ProcessVideoData size:60814 dts:13.222 pts:13.222 dur:41.000ms, clock:0.282 level:100
2024-07-17 18:41:01.595 T:4323 debug : CVideoPlayer::ProcessVideoData size:80802 dts:13.263 pts:13.388 dur:41.000ms, clock:0.286 level:100
2024-07-17 18:41:01.596 T:4323 debug : CVideoPlayer::ProcessVideoData size:42512 dts:13.305 pts:13.305 dur:41.000ms, clock:0.286 level:100
2024-07-17 18:41:01.599 T:4323 debug : CVideoPlayer::ProcessVideoData size:61905 dts:13.347 pts:13.347 dur:41.000ms, clock:0.290 level:100
2024-07-17 18:41:01.605 T:4323 debug : CVideoPlayer::ProcessVideoData size:96154 dts:13.388 pts:13.514 dur:41.000ms, clock:0.295 level:100
2024-07-17 18:41:01.605 T:4323 debug : CVideoPlayer::ProcessVideoData size:39923 dts:13.430 pts:13.430 dur:41.000ms, clock:0.295 level:100
2024-07-17 18:41:01.608 T:4323 debug : CVideoPlayer::ProcessVideoData size:40793 dts:13.472 pts:13.472 dur:41.000ms, clock:0.299 level:100
2024-07-17 18:41:01.613 T:4323 debug : CVideoPlayer::ProcessVideoData size:133848 dts:13.514 pts:13.639 dur:41.000ms, clock:0.304 level:100
2024-07-17 18:41:01.618 T:4323 debug : CVideoPlayer::ProcessVideoData size:69166 dts:13.555 pts:13.555 dur:41.000ms, clock:0.308 level:100
2024-07-17 18:41:01.618 T:4323 debug : CVideoPlayer::ProcessVideoData size:52889 dts:13.597 pts:13.597 dur:41.000ms, clock:0.309 level:100
2024-07-17 18:41:01.621 T:4326 debug : CVideoPlayerVideo::OutputPicture - ttd:376ms pts:0.667 Clock:0.291 Level:6
2024-07-17 18:41:01.626 T:4323 debug : CVideoPlayer::ProcessVideoData size:174601 dts:13.639 pts:13.764 dur:41.000ms, clock:0.316 level:100
2024-07-17 18:41:01.629 T:4323 debug : CVideoPlayer::ProcessVideoData size:62202 dts:13.680 pts:13.680 dur:41.000ms, clock:0.319 level:100
2024-07-17 18:41:01.629 T:4323 debug : CVideoPlayer::ProcessVideoData size:84831 dts:13.722 pts:13.722 dur:41.000ms, clock:0.320 level:100
2024-07-17 18:41:01.643 T:4323 debug : CVideoPlayer::ProcessVideoData size:213201 dts:13.764 pts:13.889 dur:41.000ms, clock:0.333 level:100
2024-07-17 18:41:01.643 T:4323 debug : CVideoPlayer::ProcessVideoData size:67332 dts:13.805 pts:13.805 dur:41.000ms, clock:0.334 level:100
2024-07-17 18:41:01.646 T:4323 debug : CVideoPlayer::ProcessVideoData size:74914 dts:13.847 pts:13.847 dur:41.000ms, clock:0.337 level:100
2024-07-17 18:41:01.657 T:4323 debug : CVideoPlayer::ProcessVideoData size:215703 dts:13.889 pts:14.014 dur:41.000ms, clock:0.347 level:100
2024-07-17 18:41:01.660 T:4323 debug : CVideoPlayer::ProcessVideoData size:96900 dts:13.931 pts:13.931 dur:41.000ms, clock:0.351 level:100
2024-07-17 18:41:01.661 T:4323 debug : CVideoPlayer::ProcessVideoData size:76900 dts:13.972 pts:13.972 dur:41.000ms, clock:0.351 level:100
2024-07-17 18:41:01.670 T:4326 debug : CVideoPlayerVideo::OutputPicture - ttd:383ms pts:0.709 Clock:0.326 Level:6
2024-07-17 18:41:01.674 T:4323 debug : CVideoPlayer::ProcessVideoData size:225718 dts:14.014 pts:14.139 dur:41.000ms, clock:0.365 level:100
2024-07-17 18:41:01.678 T:4323 debug : CVideoPlayer::ProcessVideoData size:77560 dts:14.056 pts:14.056 dur:41.000ms, clock:0.368 level:100
2024-07-17 18:41:01.678 T:4323 debug : CVideoPlayer::ProcessVideoData size:103439 dts:14.097 pts:14.097 dur:41.000ms, clock:0.369 level:100
2024-07-17 18:41:01.691 T:4323 debug : CVideoPlayer::ProcessVideoData size:244710 dts:14.139 pts:14.264 dur:41.000ms, clock:0.381 level:100
2024-07-17 18:41:01.695 T:4323 debug : CVideoPlayer::ProcessVideoData size:81131 dts:14.181 pts:14.181 dur:41.000ms, clock:0.386 level:100
2024-07-17 18:41:01.696 T:4323 debug : CVideoPlayer::ProcessVideoData size:103591 dts:14.223 pts:14.223 dur:41.000ms, clock:0.386 level:100
2024-07-17 18:41:01.703 T:4326 debug : CVideoPlayerVideo::OutputPicture - ttd:376ms pts:0.751 Clock:0.375 Level:6
2024-07-17 18:41:01.708 T:4323 debug : CVideoPlayer::ProcessVideoData size:243885 dts:14.264 pts:14.389 dur:41.000ms, clock:0.399 level:100
2024-07-17 18:41:01.709 T:4323 debug : CVideoPlayer::ProcessVideoData size:79857 dts:14.306 pts:14.306 dur:41.000ms, clock:0.399 level:100
2024-07-17 18:41:01.712 T:4323 debug : CVideoPlayer::ProcessVideoData size:80365 dts:14.348 pts:14.348 dur:41.000ms, clock:0.402 level:100
2024-07-17 18:41:01.725 T:4323 debug : CVideoPlayer::ProcessVideoData size:255667 dts:14.389 pts:14.515 dur:41.000ms, clock:0.415 level:100
2024-07-17 18:41:01.728 T:4323 debug : CVideoPlayer::ProcessVideoData size:100868 dts:14.431 pts:14.431 dur:41.000ms, clock:0.419 level:100
2024-07-17 18:41:01.729 T:4323 debug : CVideoPlayer::ProcessVideoData size:81576 dts:14.473 pts:14.473 dur:41.000ms, clock:0.419 level:100
2024-07-17 18:41:01.743 T:4323 debug : CVideoPlayer::ProcessVideoData size:264684 dts:14.515 pts:14.640 dur:41.000ms, clock:0.433 level:100
2024-07-17 18:41:01.746 T:4323 debug : CVideoPlayer::ProcessVideoData size:82346 dts:14.556 pts:14.556 dur:41.000ms, clock:0.437 level:100
2024-07-17 18:41:01.747 T:4323 debug : CVideoPlayer::ProcessVideoData size:101825 dts:14.598 pts:14.598 dur:41.000ms, clock:0.437 level:100
2024-07-17 18:41:01.754 T:4326 debug : CVideoPlayerVideo::OutputPicture - ttd:382ms pts:0.792 Clock:0.409 Level:6
2024-07-17 18:41:01.760 T:4323 debug : CVideoPlayer::ProcessVideoData size:272989 dts:14.640 pts:14.765 dur:41.000ms, clock:0.450 level:100
2024-07-17 18:41:01.763 T:4323 debug : CVideoPlayer::ProcessVideoData size:91793 dts:14.681 pts:14.681 dur:41.000ms, clock:0.454 level:100
2024-07-17 18:41:01.768 T:4323 debug : CVideoPlayer::ProcessVideoData size:91088 dts:14.723 pts:14.723 dur:41.000ms, clock:0.459 level:100
2024-07-17 18:41:01.778 T:4323 debug : CVideoPlayer::ProcessVideoData size:197078 dts:14.765 pts:14.890 dur:41.000ms, clock:0.468 level:100
2024-07-17 18:41:01.781 T:4323 debug : CVideoPlayer::ProcessVideoData size:101806 dts:14.806 pts:14.806 dur:41.000ms, clock:0.471 level:100
2024-07-17 18:41:01.781 T:4323 debug : CVideoPlayer::ProcessVideoData size:73716 dts:14.848 pts:14.848 dur:41.000ms, clock:0.472 level:100
2024-07-17 18:41:01.786 T:4326 debug : CVideoPlayerVideo::OutputPicture - ttd:376ms pts:0.834 Clock:0.457 Level:6
2024-07-17 18:41:01.790 T:4323 debug : CVideoPlayer::ProcessVideoData size:185831 dts:14.890 pts:15.015 dur:41.000ms, clock:0.480 level:100
2024-07-17 18:41:01.793 T:4323 debug : CVideoPlayer::ProcessVideoData size:72680 dts:14.932 pts:14.932 dur:41.000ms, clock:0.483 level:100
2024-07-17 18:41:01.797 T:4323 debug : CVideoPlayer::ProcessVideoData size:93647 dts:14.973 pts:14.973 dur:41.000ms, clock:0.487 level:100
2024-07-17 18:41:01.808 T:4323 debug : CVideoPlayer::ProcessVideoData size:191596 dts:15.015 pts:15.140 dur:41.000ms, clock:0.498 level:100
2024-07-17 18:41:01.808 T:4323 debug : CVideoPlayer::ProcessVideoData size:70947 dts:15.057 pts:15.057 dur:41.000ms, clock:0.499 level:100
2024-07-17 18:41:01.811 T:4323 debug : CVideoPlayer::ProcessVideoData size:90287 dts:15.098 pts:15.098 dur:41.000ms, clock:0.502 level:100
2024-07-17 18:41:01.819 T:4323 debug : CVideoPlayer::ProcessVideoData size:190571 dts:15.140 pts:15.265 dur:41.000ms, clock:0.510 level:100
2024-07-17 18:41:01.823 T:4323 debug : CVideoPlayer::ProcessVideoData size:66142 dts:15.182 pts:15.182 dur:41.000ms, clock:0.513 level:100
2024-07-17 18:41:01.823 T:4323 debug : CVideoPlayer::ProcessVideoData size:86038 dts:15.224 pts:15.224 dur:41.000ms, clock:0.514 level:100
2024-07-17 18:41:01.835 T:4323 debug : CVideoPlayer::ProcessVideoData size:192958 dts:15.265 pts:15.390 dur:41.000ms, clock:0.525 level:100
2024-07-17 18:41:01.835 T:4323 debug : CVideoPlayer::ProcessVideoData size:63916 dts:15.307 pts:15.307 dur:41.000ms, clock:0.526 level:100
2024-07-17 18:41:01.837 T:4326 debug : CVideoPlayerVideo::OutputPicture - ttd:384ms pts:0.876 Clock:0.492 Level:6
2024-07-17 18:41:01.838 T:4323 debug : CVideoPlayer::ProcessVideoData size:64370 dts:15.349 pts:15.349 dur:41.000ms, clock:0.528 level:100
2024-07-17 18:41:01.846 T:4323 debug : CVideoPlayer::ProcessVideoData size:213895 dts:15.390 pts:15.516 dur:41.000ms, clock:0.537 level:100
2024-07-17 18:41:01.847 T:4323 debug : CVideoPlayer::ProcessVideoData size:90867 dts:15.432 pts:15.432 dur:41.000ms, clock:0.537 level:100
2024-07-17 18:41:01.850 T:4323 debug : CVideoPlayer::ProcessVideoData size:70196 dts:15.474 pts:15.474 dur:41.000ms, clock:0.540 level:100
2024-07-17 18:41:01.859 T:4323 debug : CVideoPlayer::ProcessVideoData size:197631 dts:15.516 pts:15.641 dur:41.000ms, clock:0.549 level:100
2024-07-17 18:41:01.862 T:4323 debug : CVideoPlayer::ProcessVideoData size:62236 dts:15.557 pts:15.557 dur:41.000ms, clock:0.553 level:100
2024-07-17 18:41:01.863 T:4323 debug : CVideoPlayer::ProcessVideoData size:76987 dts:15.599 pts:15.599 dur:41.000ms, clock:0.553 level:100
2024-07-17 18:41:01.870 T:4326 debug : CVideoPlayerVideo::OutputPicture - ttd:377ms pts:0.918 Clock:0.540 Level:6
2024-07-17 18:41:01.871 T:4323 debug : CVideoPlayer::ProcessVideoData size:90437 dts:15.641 pts:15.766 dur:41.000ms, clock:0.561 level:100
2024-07-17 18:41:01.871 T:4323 debug : CVideoPlayer::ProcessVideoData size:43227 dts:15.682 pts:15.682 dur:41.000ms, clock:0.562 level:100
2024-07-17 18:41:01.871 T:4323 debug : CVideoPlayer::ProcessVideoData size:35485 dts:15.724 pts:15.724 dur:41.000ms, clock:0.562 level:100
2024-07-17 18:41:01.873 T:4326 debug : CVideoPlayerVideo - CDVDMsg::DEMUXER_PACKET - checking interlace vfmt: null
2024-07-17 18:41:01.878 T:4323 debug : CVideoPlayer::ProcessVideoData size:68717 dts:15.766 pts:15.891 dur:41.000ms, clock:0.569 level:100
2024-07-17 18:41:01.879 T:4323 debug : CVideoPlayer::ProcessVideoData size:49155 dts:15.807 pts:15.807 dur:41.000ms, clock:0.569 level:100
2024-07-17 18:41:01.879 T:4323 debug : CVideoPlayer::ProcessVideoData size:31548 dts:15.849 pts:15.849 dur:41.000ms, clock:0.569 level:100
2024-07-17 18:41:01.886 T:4323 debug : CVideoPlayer::ProcessVideoData size:79905 dts:15.891 pts:16.016 dur:41.000ms, clock:0.576 level:100
2024-07-17 18:41:01.887 T:4323 debug : CVideoPlayer::ProcessVideoData size:33266 dts:15.933 pts:15.933 dur:41.000ms, clock:0.577 level:100
2024-07-17 18:41:01.887 T:4323 debug : CVideoPlayer::ProcessVideoData size:52575 dts:15.974 pts:15.974 dur:41.000ms, clock:0.578 level:100
2024-07-17 18:41:01.893 T:4323 debug : CVideoPlayer::ProcessVideoData size:96630 dts:16.016 pts:16.141 dur:41.000ms, clock:0.584 level:100
2024-07-17 18:41:01.894 T:4323 debug : CVideoPlayer::ProcessVideoData size:37320 dts:16.058 pts:16.058 dur:41.000ms, clock:0.584 level:100
2024-07-17 18:41:01.894 T:4323 debug : CVideoPlayer::ProcessVideoData size:39540 dts:16.099 pts:16.099 dur:41.000ms, clock:0.584 level:100
2024-07-17 18:41:01.900 T:4323 debug : CVideoPlayer::ProcessVideoData size:115788 dts:16.141 pts:16.266 dur:41.000ms, clock:0.591 level:100
2024-07-17 18:41:01.901 T:4323 debug : CVideoPlayer::ProcessVideoData size:62466 dts:16.183 pts:16.183 dur:41.000ms, clock:0.591 level:100
2024-07-17 18:41:01.901 T:4323 debug : CVideoPlayer::ProcessVideoData size:44901 dts:16.225 pts:16.225 dur:41.000ms, clock:0.591 level:100
2024-07-17 18:41:01.908 T:4323 debug : CVideoPlayer::ProcessVideoData size:136132 dts:16.266 pts:16.391 dur:41.000ms, clock:0.599 level:100
2024-07-17 18:41:01.912 T:4323 debug : CVideoPlayer::ProcessVideoData size:50248 dts:16.308 pts:16.308 dur:41.000ms, clock:0.603 level:100
2024-07-17 18:41:01.913 T:4323 debug : CVideoPlayer::ProcessVideoData size:70219 dts:16.350 pts:16.350 dur:41.000ms, clock:0.603 level:100
2024-07-17 18:41:01.920 T:4326 debug : CVideoPlayerVideo::OutputPicture - ttd:384ms pts:0.959 Clock:0.574 Level:6
2024-07-17 18:41:01.920 T:4323 debug : CVideoPlayer::ProcessVideoData size:159130 dts:16.391 pts:16.517 dur:41.000ms, clock:0.611 level:100
2024-07-17 18:41:01.924 T:4323 debug : CVideoPlayer::ProcessVideoData size:56163 dts:16.433 pts:16.433 dur:41.000ms, clock:0.614 level:100
2024-07-17 18:41:01.924 T:4323 debug : CVideoPlayer::ProcessVideoData size:58975 dts:16.475 pts:16.475 dur:41.000ms, clock:0.615 level:100
2024-07-17 18:41:01.932 T:4323 debug : CVideoPlayer::ProcessVideoData size:174722 dts:16.517 pts:16.642 dur:41.000ms, clock:0.622 level:100
2024-07-17 18:41:01.936 T:4323 debug : CVideoPlayer::ProcessVideoData size:83334 dts:16.558 pts:16.558 dur:41.000ms, clock:0.626 level:100
2024-07-17 18:41:01.936 T:4323 debug : CVideoPlayer::ProcessVideoData size:59745 dts:16.600 pts:16.600 dur:41.000ms, clock:0.627 level:100
2024-07-17 18:41:01.944 T:4323 debug : CVideoPlayer::ProcessVideoData size:169916 dts:16.642 pts:16.767 dur:41.000ms, clock:0.634 level:100
2024-07-17 18:41:01.947 T:4323 debug : CVideoPlayer::ProcessVideoData size:66193 dts:16.683 pts:16.683 dur:41.000ms, clock:0.638 level:100
2024-07-17 18:41:01.948 T:4323 debug : CVideoPlayer::ProcessVideoData size:88050 dts:16.725 pts:16.725 dur:41.000ms, clock:0.638 level:100
2024-07-17 18:41:01.953 T:4326 debug : CVideoPlayerVideo::OutputPicture - ttd:374ms pts:1.001 Clock:0.626 Level:6
2024-07-17 18:41:01.955 T:4323 debug : CVideoPlayer::ProcessVideoData size:190989 dts:16.767 pts:16.892 dur:41.000ms, clock:0.646 level:100
2024-07-17 18:41:01.959 T:4323 debug : CVideoPlayer::ProcessVideoData size:60097 dts:16.808 pts:16.808 dur:41.000ms, clock:0.650 level:100
2024-07-17 18:41:01.960 T:4323 debug : CVideoPlayer::ProcessVideoData size:69323 dts:16.850 pts:16.850 dur:41.000ms, clock:0.650 level:100
2024-07-17 18:41:01.967 T:4323 debug : CVideoPlayer::ProcessVideoData size:196168 dts:16.892 pts:17.017 dur:41.000ms, clock:0.657 level:100
2024-07-17 18:41:01.970 T:4323 debug : CVideoPlayer::ProcessVideoData size:50675 dts:16.934 pts:16.934 dur:41.000ms, clock:0.661 level:100
2024-07-17 18:41:01.971 T:4323 debug : CVideoPlayer::ProcessVideoData size:70812 dts:16.975 pts:16.975 dur:41.000ms, clock:0.662 level:100
2024-07-17 18:41:01.982 T:4323 debug : CVideoPlayer::ProcessVideoData size:203027 dts:17.017 pts:17.142 dur:41.000ms, clock:0.673 level:100
2024-07-17 18:41:01.983 T:4323 debug : CVideoPlayer::ProcessVideoData size:47401 dts:17.059 pts:17.059 dur:41.000ms, clock:0.673 level:100
2024-07-17 18:41:01.984 T:4323 debug : CVideoPlayer::ProcessVideoData size:49028 dts:17.100 pts:17.100 dur:41.000ms, clock:0.674 level:100
2024-07-17 18:41:01.994 T:4323 debug : CVideoPlayer::ProcessVideoData size:209280 dts:17.142 pts:17.267 dur:41.000ms, clock:0.684 level:100
2024-07-17 18:41:01.994 T:4323 debug : CVideoPlayer::ProcessVideoData size:68391 dts:17.184 pts:17.184 dur:41.000ms, clock:0.685 level:100
2024-07-17 18:41:01.994 T:4323 debug : CVideoPlayer::ProcessVideoData size:50707 dts:17.226 pts:17.226 dur:41.000ms, clock:0.685 level:100
2024-07-17 18:41:02.004 T:4326 debug : CVideoPlayerVideo::OutputPicture - ttd:384ms pts:1.043 Clock:0.659 Level:6
2024-07-17 18:41:02.010 T:4323 debug : CVideoPlayer::ProcessVideoData size:221366 dts:17.267 pts:17.392 dur:41.000ms, clock:0.700 level:100
2024-07-17 18:41:02.010 T:4323 debug : CVideoPlayer::ProcessVideoData size:49940 dts:17.309 pts:17.309 dur:41.000ms, clock:0.701 level:100
2024-07-17 18:41:02.013 T:4323 debug : CVideoPlayer::ProcessVideoData size:71948 dts:17.351 pts:17.351 dur:41.000ms, clock:0.704 level:100
2024-07-17 18:41:02.022 T:4323 debug : CVideoPlayer::ProcessVideoData size:264763 dts:17.392 pts:17.518 dur:41.000ms, clock:0.713 level:100
2024-07-17 18:41:02.025 T:4323 debug : CVideoPlayer::ProcessVideoData size:53685 dts:17.434 pts:17.434 dur:41.000ms, clock:0.716 level:100
2024-07-17 18:41:02.026 T:4323 debug : CVideoPlayer::ProcessVideoData size:51471 dts:17.476 pts:17.476 dur:41.000ms, clock:0.716 level:100
2024-07-17 18:41:02.037 T:4323 debug : CVideoPlayer::ProcessVideoData size:197943 dts:17.518 pts:17.643 dur:41.000ms, clock:0.727 level:100
2024-07-17 18:41:02.037 T:4323 debug : CVideoPlayer::ProcessVideoData size:68330 dts:17.559 pts:17.559 dur:41.000ms, clock:0.727 level:100
2024-07-17 18:41:02.038 T:4326 debug : CVideoPlayerVideo::OutputPicture - ttd:374ms pts:1.084 Clock:0.709 Level:6
2024-07-17 18:41:02.040 T:4323 debug : CVideoPlayer::ProcessVideoData size:53349 dts:17.601 pts:17.601 dur:41.000ms, clock:0.731 level:100
2024-07-17 18:41:02.049 T:4323 debug : CVideoPlayer::ProcessVideoData size:220253 dts:17.643 pts:17.768 dur:41.000ms, clock:0.739 level:100
2024-07-17 18:41:02.049 T:4323 debug : CVideoPlayer::ProcessVideoData size:53840 dts:17.684 pts:17.684 dur:41.000ms, clock:0.740 level:100
2024-07-17 18:41:02.053 T:4323 debug : CVideoPlayer::ProcessVideoData size:75941 dts:17.726 pts:17.726 dur:41.000ms, clock:0.743 level:100
2024-07-17 18:41:02.062 T:4323 debug : CVideoPlayer::ProcessVideoData size:230556 dts:17.768 pts:17.893 dur:41.000ms, clock:0.753 level:100
2024-07-17 18:41:02.066 T:4323 debug : CVideoPlayer::ProcessVideoData size:53897 dts:17.809 pts:17.809 dur:41.000ms, clock:0.756 level:100
2024-07-17 18:41:02.067 T:4323 debug : CVideoPlayer::ProcessVideoData size:52814 dts:17.851 pts:17.851 dur:41.000ms, clock:0.758 level:100
2024-07-17 18:41:02.079 T:4323 debug : CVideoPlayer::ProcessVideoData size:236668 dts:17.893 pts:18.018 dur:41.000ms, clock:0.769 level:100
2024-07-17 18:41:02.079 T:4323 debug : CVideoPlayer::ProcessVideoData size:70828 dts:17.935 pts:17.935 dur:41.000ms, clock:0.770 level:100
2024-07-17 18:41:02.082 T:4323 debug : CVideoPlayer::ProcessVideoData size:53791 dts:17.976 pts:17.976 dur:41.000ms, clock:0.773 level:100
2024-07-17 18:41:02.086 T:4326 debug : CVideoPlayerVideo::OutputPicture - ttd:383ms pts:1.126 Clock:0.742 Level:6
2024-07-17 18:41:02.093 T:4323 debug : CVideoPlayer::ProcessVideoData size:244165 dts:18.018 pts:18.143 dur:41.000ms, clock:0.783 level:100
2024-07-17 18:41:02.093 T:4323 debug : CVideoPlayer::ProcessVideoData size:51085 dts:18.060 pts:18.060 dur:41.000ms, clock:0.784 level:100
2024-07-17 18:41:02.096 T:4323 debug : CVideoPlayer::ProcessVideoData size:71891 dts:18.101 pts:18.101 dur:41.000ms, clock:0.787 level:100
2024-07-17 18:41:02.109 T:4323 debug : CVideoPlayer::ProcessVideoData size:247611 dts:18.143 pts:18.268 dur:41.000ms, clock:0.800 level:100
2024-07-17 18:41:02.110 T:4323 debug : CVideoPlayer::ProcessVideoData size:53555 dts:18.185 pts:18.185 dur:41.000ms, clock:0.800 level:100
2024-07-17 18:41:02.110 T:4323 debug : CVideoPlayer::ProcessVideoData size:54952 dts:18.227 pts:18.227 dur:41.000ms, clock:0.801 level:100
2024-07-17 18:41:02.119 T:4326 debug : CVideoPlayerVideo::OutputPicture - ttd:376ms pts:1.168 Clock:0.791 Level:6
2024-07-17 18:41:02.122 T:4323 debug : CVideoPlayer::ProcessVideoData size:300689 dts:18.268 pts:18.393 dur:41.000ms, clock:0.813 level:100
2024-07-17 18:41:02.125 T:4323 debug : CVideoPlayer::ProcessVideoData size:69866 dts:18.310 pts:18.310 dur:41.000ms, clock:0.816 level:100
2024-07-17 18:41:02.126 T:4323 debug : CVideoPlayer::ProcessVideoData size:48335 dts:18.352 pts:18.352 dur:41.000ms, clock:0.816 level:100
2024-07-17 18:41:02.137 T:4323 debug : CVideoPlayer::ProcessVideoData size:216998 dts:18.393 pts:18.519 dur:41.000ms, clock:0.827 level:100
2024-07-17 18:41:02.137 T:4323 debug : CVideoPlayer::ProcessVideoData size:51606 dts:18.435 pts:18.435 dur:41.000ms, clock:0.828 level:100
2024-07-17 18:41:02.140 T:4323 debug : CVideoPlayer::ProcessVideoData size:73945 dts:18.477 pts:18.477 dur:41.000ms, clock:0.830 level:100
2024-07-17 18:41:02.148 T:4323 debug : CVideoPlayer::ProcessVideoData size:241143 dts:18.519 pts:18.644 dur:41.000ms, clock:0.839 level:100
2024-07-17 18:41:02.149 T:4323 debug : CVideoPlayer::ProcessVideoData size:51228 dts:18.560 pts:18.560 dur:41.000ms, clock:0.840 level:100
2024-07-17 18:41:02.152 T:4323 debug : CVideoPlayer::ProcessVideoData size:71402 dts:18.602 pts:18.602 dur:41.000ms, clock:0.843 level:100
