2024-07-17 18:41:19.485 T:4326 debug : CVideoPlayerVideo::OutputPicture - ttd:378ms pts:18.519 Clock:18.141 Level:6
2024-07-17 18:41:19.504 T:4323 debug : CVideoPlayer::ProcessVideoData size:341064 dts:34.201 pts:34.201 dur:41.000ms, clock:18.194 level:100
2024-07-17 18:41:19.519 T:4326 debug : CVideoPlayerVideo::OutputPicture - ttd:368ms pts:18.560 Clock:18.191 Level:6
2024-07-17 18:41:19.552 T:4326 debug : CVideoPlayerVideo::OutputPicture - ttd:376ms pts:18.602 Clock:18.226 Level:6
2024-07-17 18:41:19.580 T:4323 debug : CVideoPlayer::ProcessVideoData size:478221 dts:34.243 pts:34.284 dur:41.000ms, clock:18.271 level:100
2024-07-17 18:41:19.602 T:4326 debug : CVideoPlayerVideo::OutputPicture - ttd:385ms pts:18.644 Clock:18.259 Level:6
2024-07-17 18:41:19.666 T:4326 debug : CVideoPlayerVideo::OutputPicture - ttd:377ms pts:18.685 Clock:18.307 Level:6
2024-07-17 18:41:19.700 T:4326 debug : CVideoPlayerVideo::OutputPicture - ttd:369ms pts:18.727 Clock:18.357 Level:6
2024-07-17 18:41:19.749 T:4326 debug : CVideoPlayerVideo::OutputPicture - ttd:377ms pts:18.769 Clock:18.392 Level:6
2024-07-17 18:41:19.782 T:4326 debug : CVideoPlayerVideo::OutputPicture - ttd:366ms pts:18.810 Clock:18.443 Level:6
2024-07-17 18:41:19.832 T:4326 debug : CVideoPlayerVideo::OutputPicture - ttd:377ms pts:18.852 Clock:18.474 Level:6
2024-07-17 18:41:19.853 T:4326 debug : CVideoPlayerVideo::OutputPicture - ttd:363ms pts:18.894 Clock:18.530 Level:6
2024-07-17 18:41:19.856 T:4323 debug : CVideoPlayer::ProcessVideoData size:453395 dts:34.284 pts:34.326 dur:41.000ms, clock:18.547 level:100
2024-07-17 18:41:19.881 T:4323 debug : CVideoPlayer::ProcessVideoData size:516163 dts:34.326 pts:34.368 dur:41.000ms, clock:18.572 level:100
2024-07-17 18:41:19.886 T:4326 debug : CVideoPlayerVideo::OutputPicture - ttd:377ms pts:18.936 Clock:18.558 Level:6
2024-07-17 18:41:19.936 T:4326 debug : CVideoPlayerVideo::OutputPicture - ttd:385ms pts:18.977 Clock:18.591 Level:6
2024-07-17 18:41:19.999 T:4326 debug : CVideoPlayerVideo::OutputPicture - ttd:377ms pts:19.019 Clock:18.642 Level:6
2024-07-17 18:41:20.032 T:4326 debug : CVideoPlayerVideo::OutputPicture - ttd:370ms pts:19.061 Clock:18.691 Level:6
2024-07-17 18:41:20.049 T:4008 debug : CheckIdle - Closing session to http://assets.fanart.tv (easy=0xc50bc170, multi=0xbc3602c8)
2024-07-17 18:41:20.059 T:4323 debug : CVideoPlayer::ProcessVideoData size:452985 dts:34.368 pts:34.493 dur:41.000ms, clock:18.750 level:100
2024-07-17 18:41:20.069 T:4326 debug : CVideoPlayerVideo::OutputPicture - ttd:374ms pts:19.102 Clock:18.727 Level:6
2024-07-17 18:41:20.086 T:4323 debug : CVideoPlayer::ProcessVideoData size:282582 dts:34.409 pts:34.409 dur:41.000ms, clock:18.777 level:100
2024-07-17 18:41:20.103 T:4326 debug : CVideoPlayerVideo::OutputPicture - ttd:369ms pts:19.144 Clock:18.775 Level:6
2024-07-17 18:41:20.152 T:4326 debug : CVideoPlayerVideo::OutputPicture - ttd:378ms pts:19.186 Clock:18.807 Level:6
2024-07-17 18:41:20.199 T:4326 debug : CVideoPlayerVideo::OutputPicture - ttd:369ms pts:19.228 Clock:18.858 Level:6
2024-07-17 18:41:20.249 T:4326 debug : CVideoPlayerVideo::OutputPicture - ttd:378ms pts:19.269 Clock:18.891 Level:6
2024-07-17 18:41:20.282 T:4326 debug : CVideoPlayerVideo::OutputPicture - ttd:370ms pts:19.311 Clock:18.941 Level:6
2024-07-17 18:41:20.332 T:4326 debug : CVideoPlayerVideo::OutputPicture - ttd:376ms pts:19.353 Clock:18.977 Level:6
2024-07-17 18:41:20.366 T:4326 debug : CVideoPlayerVideo::OutputPicture - ttd:369ms pts:19.394 Clock:19.025 Level:6
2024-07-17 18:41:20.385 T:4323 debug : CVideoPlayer::ProcessVideoData size:272974 dts:34.451 pts:34.451 dur:41.000ms, clock:19.076 level:100
2024-07-17 18:41:20.403 T:4326 debug : CVideoPlayerVideo::OutputPicture - ttd:372ms pts:19.436 Clock:19.064 Level:6
2024-07-17 18:41:20.435 T:4323 debug : CVideoPlayer::ProcessVideoData size:452017 dts:34.493 pts:34.618 dur:41.000ms, clock:19.125 level:100
2024-07-17 18:41:20.436 T:4326 debug : CVideoPlayerVideo::OutputPicture - ttd:367ms pts:19.478 Clock:19.111 Level:6
2024-07-17 18:41:20.451 T:4323 debug : CVideoPlayer::ProcessVideoData size:265779 dts:34.535 pts:34.535 dur:41.000ms, clock:19.142 level:100
2024-07-17 18:41:20.486 T:4326 debug : CVideoPlayerVideo::OutputPicture - ttd:378ms pts:19.520 Clock:19.142 Level:6
2024-07-17 18:41:20.519 T:4326 debug : CVideoPlayerVideo::OutputPicture - ttd:370ms pts:19.561 Clock:19.191 Level:6
2024-07-17 18:41:20.550 T:4008 debug : CheckIdle - Closing session to https://assets.fanart.tv (easy=0xe19fd0f8, multi=0xb3a279a8)
2024-07-17 18:41:20.560 T:4326 debug : CVideoPlayerVideo::OutputPicture - ttd:378ms pts:19.603 Clock:19.225 Level:6
2024-07-17 18:41:20.570 T:4323 debug : CVideoPlayer::ProcessVideoData size:272216 dts:34.576 pts:34.576 dur:41.000ms, clock:19.260 level:100
2024-07-17 18:41:20.596 T:4323 debug : CVideoPlayer::ProcessVideoData size:651930 dts:34.618 pts:34.743 dur:41.000ms, clock:19.287 level:100
2024-07-17 18:41:20.603 T:4326 debug : CVideoPlayerVideo::OutputPicture - ttd:369ms pts:19.645 Clock:19.275 Level:6
2024-07-17 18:41:20.652 T:4326 debug : CVideoPlayerVideo::OutputPicture - ttd:378ms pts:19.686 Clock:19.308 Level:6
2024-07-17 18:41:20.699 T:4326 debug : CVideoPlayerVideo::OutputPicture - ttd:370ms pts:19.728 Clock:19.357 Level:6
2024-07-17 18:41:20.749 T:4326 debug : CVideoPlayerVideo::OutputPicture - ttd:379ms pts:19.770 Clock:19.391 Level:6
2024-07-17 18:41:20.784 T:4326 debug : CVideoPlayerVideo::OutputPicture - ttd:370ms pts:19.811 Clock:19.441 Level:6
2024-07-17 18:41:20.832 T:4326 debug : CVideoPlayerVideo::OutputPicture - ttd:377ms pts:19.853 Clock:19.475 Level:6
2024-07-17 18:41:20.866 T:4326 debug : CVideoPlayerVideo::OutputPicture - ttd:362ms pts:19.895 Clock:19.533 Level:6
2024-07-17 18:41:20.902 T:4326 debug : CVideoPlayerVideo::OutputPicture - ttd:379ms pts:19.937 Clock:19.558 Level:6
2024-07-17 18:41:20.917 T:4323 debug : CVideoPlayer::ProcessVideoData size:294244 dts:34.660 pts:34.660 dur:41.000ms, clock:19.608 level:100
2024-07-17 18:41:20.936 T:4326 debug : CVideoPlayerVideo::OutputPicture - ttd:368ms pts:19.978 Clock:19.609 Level:6
2024-07-17 18:41:20.947 T:4323 debug : CVideoPlayer::ProcessVideoData size:357379 dts:34.701 pts:34.701 dur:41.000ms, clock:19.637 level:100
2024-07-17 18:41:20.986 T:4326 debug : CVideoPlayerVideo::OutputPicture - ttd:378ms pts:20.020 Clock:19.641 Level:6
2024-07-17 18:41:21.020 T:4326 debug : CVideoPlayerVideo::OutputPicture - ttd:369ms pts:20.062 Clock:19.692 Level:6
2024-07-17 18:41:21.051 T:4323 debug : CVideoPlayer::ProcessVideoData size:710679 dts:34.743 pts:34.785 dur:41.000ms, clock:19.741 level:100
2024-07-17 18:41:21.051 T:4008 debug : CheckIdle - Closing session to https://assets.fanart.tv (easy=0xb46f39a0, multi=0xb3067358)
2024-07-17 18:41:21.059 T:4326 debug : CVideoPlayerVideo::OutputPicture - ttd:377ms pts:20.103 Clock:19.726 Level:6
2024-07-17 18:41:21.102 T:4326 debug : CVideoPlayerVideo::OutputPicture - ttd:385ms pts:20.145 Clock:19.759 Level:6
2024-07-17 18:41:21.166 T:4326 debug : CVideoPlayerVideo::OutputPicture - ttd:380ms pts:20.187 Clock:19.807 Level:6
2024-07-17 18:41:21.199 T:4326 debug : CVideoPlayerVideo::OutputPicture - ttd:371ms pts:20.229 Clock:19.858 Level:6
2024-07-17 18:41:21.249 T:4326 debug : CVideoPlayerVideo::OutputPicture - ttd:379ms pts:20.270 Clock:19.891 Level:6
2024-07-17 18:41:21.282 T:4326 debug : CVideoPlayerVideo::OutputPicture - ttd:371ms pts:20.312 Clock:19.941 Level:6
2024-07-17 18:41:21.332 T:4326 debug : CVideoPlayerVideo::OutputPicture - ttd:378ms pts:20.354 Clock:19.975 Level:6
2024-07-17 18:41:21.366 T:4326 debug : CVideoPlayerVideo::OutputPicture - ttd:367ms pts:20.395 Clock:20.027 Level:6
2024-07-17 18:41:21.402 T:4326 debug : CVideoPlayerVideo::OutputPicture - ttd:379ms pts:20.437 Clock:20.058 Level:6
2024-07-17 18:41:21.429 T:4323 debug : CVideoPlayer::ProcessVideoData size:729079 dts:34.785 pts:34.826 dur:41.000ms, clock:20.120 level:100
2024-07-17 18:41:21.436 T:4326 debug : CVideoPlayerVideo::OutputPicture - ttd:371ms pts:20.479 Clock:20.107 Level:6
2024-07-17 18:41:21.486 T:4326 debug : CVideoPlayerVideo::OutputPicture - ttd:380ms pts:20.521 Clock:20.141 Level:6
2024-07-17 18:41:21.520 T:4326 debug : CVideoPlayerVideo::OutputPicture - ttd:370ms pts:20.562 Clock:20.191 Level:6
2024-07-17 18:41:21.552 T:4323 debug : CVideoPlayer::ProcessVideoData size:589686 dts:34.826 pts:34.868 dur:41.000ms, clock:20.242 level:100
2024-07-17 18:41:21.554 T:4326 debug : CVideoPlayerVideo::OutputPicture - ttd:378ms pts:20.604 Clock:20.225 Level:6
2024-07-17 18:41:21.602 T:4326 debug : CVideoPlayerVideo::OutputPicture - ttd:388ms pts:20.646 Clock:20.257 Level:6
2024-07-17 18:41:21.666 T:4326 debug : CVideoPlayerVideo::OutputPicture - ttd:379ms pts:20.687 Clock:20.307 Level:6
2024-07-17 18:41:21.685 T:4326 debug : CVideoPlayerVideo::OutputPicture - ttd:371ms pts:20.729 Clock:20.358 Level:6
2024-07-17 18:41:21.708 T:4323 debug : CVideoPlayer::ProcessVideoData size:443242 dts:34.868 pts:34.993 dur:41.000ms, clock:20.398 level:100
2024-07-17 18:41:21.736 T:4326 debug : CVideoPlayerVideo::OutputPicture - ttd:380ms pts:20.771 Clock:20.391 Level:6
2024-07-17 18:41:21.770 T:4326 debug : CVideoPlayerVideo::OutputPicture - ttd:370ms pts:20.812 Clock:20.442 Level:6
2024-07-17 18:41:21.832 T:4326 debug : CVideoPlayerVideo::OutputPicture - ttd:378ms pts:20.854 Clock:20.475 Level:6
2024-07-17 18:41:21.866 T:4326 debug : CVideoPlayerVideo::OutputPicture - ttd:371ms pts:20.896 Clock:20.524 Level:6
2024-07-17 18:41:21.916 T:4326 debug : CVideoPlayerVideo::OutputPicture - ttd:377ms pts:20.938 Clock:20.560 Level:6
2024-07-17 18:41:21.934 T:4326 debug : CVideoPlayerVideo::OutputPicture - ttd:371ms pts:20.979 Clock:20.608 Level:6
2024-07-17 18:41:21.946 T:4323 debug : CVideoPlayer::ProcessVideoData size:266554 dts:34.910 pts:34.910 dur:41.000ms, clock:20.637 level:100
2024-07-17 18:41:21.958 T:4323 debug : CVideoPlayer::ProcessVideoData size:280719 dts:34.952 pts:34.952 dur:41.000ms, clock:20.649 level:100
2024-07-17 18:41:21.986 T:4326 debug : CVideoPlayerVideo::OutputPicture - ttd:380ms pts:21.021 Clock:20.641 Level:6
2024-07-17 18:41:22.019 T:4326 debug : CVideoPlayerVideo::OutputPicture - ttd:372ms pts:21.063 Clock:20.691 Level:6
2024-07-17 18:41:22.071 T:4326 debug : CVideoPlayerVideo::OutputPicture - ttd:378ms pts:21.104 Clock:20.726 Level:6
2024-07-17 18:41:22.092 T:4323 debug : CVideoPlayer::ProcessVideoData size:390425 dts:34.993 pts:35.035 dur:41.000ms, clock:20.782 level:100
2024-07-17 18:41:22.102 T:4326 debug : CVideoPlayerVideo::OutputPicture - ttd:370ms pts:21.146 Clock:20.775 Level:6
2024-07-17 18:41:22.153 T:4326 debug : CVideoPlayerVideo::OutputPicture - ttd:380ms pts:21.188 Clock:20.808 Level:6
2024-07-17 18:41:22.199 T:4326 debug : CVideoPlayerVideo::OutputPicture - ttd:372ms pts:21.230 Clock:20.857 Level:6
2024-07-17 18:41:22.249 T:4326 debug : CVideoPlayerVideo::OutputPicture - ttd:380ms pts:21.271 Clock:20.891 Level:6
2024-07-17 18:41:22.279 T:4014 debug : CLibInputKeyboard::ProcessKey - using delay: 500ms repeat: 33ms
2024-07-17 18:41:22.280 T:4354 debug : Thread Timer start, auto delete: false
2024-07-17 18:41:22.282 T:4008 debug : Keyboard: scancode: 0x1c, sym: 0x0d, unicode: 0x0d, modifier: 0x0
2024-07-17 18:41:22.286 T:4326 debug : CVideoPlayerVideo::OutputPicture - ttd:372ms pts:21.313 Clock:20.941 Level:6
2024-07-17 18:41:22.319 T:4326 debug : CVideoPlayerVideo::OutputPicture - ttd:377ms pts:21.355 Clock:20.977 Level:6
2024-07-17 18:41:22.343 T:4323 debug : CVideoPlayer::ProcessVideoData size:623459 dts:35.035 pts:35.077 dur:41.000ms, clock:21.034 level:100
2024-07-17 18:41:22.353 T:4326 debug : CVideoPlayerVideo::OutputPicture - ttd:371ms pts:21.396 Clock:21.025 Level:6
2024-07-17 18:41:22.402 T:4326 debug : CVideoPlayerVideo::OutputPicture - ttd:380ms pts:21.438 Clock:21.057 Level:6
2024-07-17 18:41:22.426 T:4354 debug : Thread Timer 3209032192 terminating
2024-07-17 18:41:22.433 T:4008 debug : Keyboard: scancode: 0x1c, sym: 0x0d, unicode: 0x0d, modifier: 0x0
2024-07-17 18:41:22.433 T:4008 debug : HandleKey: return (0xf00d) pressed, window 12005, action is OSD
2024-07-17 18:41:22.433 T:4008 debug : ------ Window Init (VideoOSD.xml) ------
2024-07-17 18:41:22.436 T:4008 debug : ------ Window Init (DialogSeekBar.xml) ------
2024-07-17 18:41:22.436 T:4008 info : Loading skin file: DialogSeekBar.xml, load type: LOAD_ON_GUI_INIT
2024-07-17 18:41:22.486 T:4008 debug : ------ Window Init (Custom_1109_TopBarOverlay.xml) ------
2024-07-17 18:41:22.488 T:4326 debug : CVideoPlayerVideo::OutputPicture - ttd:372ms pts:21.480 Clock:21.108 Level:5
2024-07-17 18:41:22.489 T:4326 debug : CVideoPlayerVideo::OutputPicture - ttd:342ms pts:21.522 Clock:21.180 Level:6
2024-07-17 18:41:22.505 T:4323 debug : CVideoPlayer::ProcessVideoData size:291985 dts:35.077 pts:35.118 dur:41.000ms, clock:21.196 level:100
2024-07-17 18:41:22.517 T:4323 debug : CVideoPlayer::ProcessVideoData size:280922 dts:35.118 pts:35.160 dur:41.000ms, clock:21.207 level:100
2024-07-17 18:41:22.519 T:4326 debug : CVideoPlayerVideo::OutputPicture - ttd:353ms pts:21.563 Clock:21.209 Level:6
2024-07-17 18:41:22.572 T:4326 debug : CVideoPlayerVideo::OutputPicture - ttd:379ms pts:21.605 Clock:21.225 Level:6
2024-07-17 18:41:22.605 T:4326 debug : CVideoPlayerVideo::OutputPicture - ttd:371ms pts:21.647 Clock:21.276 Level:6
2024-07-17 18:41:22.638 T:4326 debug : CVideoPlayerVideo::OutputPicture - ttd:380ms pts:21.688 Clock:21.307 Level:6
2024-07-17 18:41:22.664 T:4323 debug : CVideoPlayer::ProcessVideoData size:522818 dts:35.160 pts:35.202 dur:41.000ms, clock:21.354 level:100
2024-07-17 18:41:22.688 T:4326 debug : CVideoPlayerVideo::OutputPicture - ttd:388ms pts:21.730 Clock:21.342 Level:6
2024-07-17 18:41:22.720 T:4323 debug : CVideoPlayer::ProcessVideoData size:366556 dts:35.202 pts:35.327 dur:41.000ms, clock:21.411 level:100
2024-07-17 18:41:22.738 T:4326 debug : CVideoPlayerVideo::OutputPicture - ttd:380ms pts:21.772 Clock:21.391 Level:6
2024-07-17 18:41:22.774 T:4326 debug : CVideoPlayerVideo::OutputPicture - ttd:371ms pts:21.813 Clock:21.442 Level:6
2024-07-17 18:41:22.819 T:4326 debug : CVideoPlayerVideo::OutputPicture - ttd:363ms pts:21.855 Clock:21.492 Level:6
2024-07-17 18:41:22.852 T:4326 debug : CVideoPlayerVideo::OutputPicture - ttd:372ms pts:21.897 Clock:21.525 Level:6
2024-07-17 18:41:22.903 T:4326 debug : CVideoPlayerVideo::OutputPicture - ttd:382ms pts:21.939 Clock:21.557 Level:6
2024-07-17 18:41:22.914 T:4323 debug : CVideoPlayer::ProcessVideoData size:226758 dts:35.244 pts:35.244 dur:41.000ms, clock:21.604 level:100
2024-07-17 18:41:22.939 T:4326 debug : CVideoPlayerVideo::OutputPicture - ttd:372ms pts:21.980 Clock:21.608 Level:6
2024-07-17 18:41:22.989 T:4326 debug : CVideoPlayerVideo::OutputPicture - ttd:381ms pts:22.022 Clock:21.641 Level:6
2024-07-17 18:41:23.022 T:4326 debug : CVideoPlayerVideo::OutputPicture - ttd:372ms pts:22.064 Clock:21.692 Level:6
2024-07-17 18:41:23.030 T:4323 debug : CVideoPlayer::ProcessVideoData size:243967 dts:35.285 pts:35.285 dur:41.000ms, clock:21.720 level:100
2024-07-17 18:41:23.051 T:4323 debug : CVideoPlayer::ProcessVideoData size:468061 dts:35.327 pts:35.452 dur:41.000ms, clock:21.741 level:100
2024-07-17 18:41:23.072 T:4326 debug : CVideoPlayerVideo::OutputPicture - ttd:379ms pts:22.105 Clock:21.726 Level:6
2024-07-17 18:41:23.105 T:4326 debug : CVideoPlayerVideo::OutputPicture - ttd:371ms pts:22.147 Clock:21.775 Level:6
2024-07-17 18:41:23.155 T:4326 debug : CVideoPlayerVideo::OutputPicture - ttd:363ms pts:22.189 Clock:21.826 Level:6
2024-07-17 18:41:23.188 T:4326 debug : CVideoPlayerVideo::OutputPicture - ttd:374ms pts:22.231 Clock:21.857 Level:6
2024-07-17 18:41:23.238 T:4326 debug : CVideoPlayerVideo::OutputPicture - ttd:380ms pts:22.272 Clock:21.891 Level:6
2024-07-17 18:41:23.271 T:4326 debug : CVideoPlayerVideo::OutputPicture - ttd:370ms pts:22.314 Clock:21.943 Level:6
2024-07-17 18:41:23.322 T:4326 debug : CVideoPlayerVideo::OutputPicture - ttd:381ms pts:22.356 Clock:21.974 Level:6
2024-07-17 18:41:23.330 T:4323 debug : CVideoPlayer::ProcessVideoData size:291461 dts:35.369 pts:35.369 dur:41.000ms, clock:22.021 level:100
2024-07-17 18:41:23.341 T:4323 debug : CVideoPlayer::ProcessVideoData size:288586 dts:35.410 pts:35.410 dur:41.000ms, clock:22.031 level:100
2024-07-17 18:41:23.355 T:4326 debug : CVideoPlayerVideo::OutputPicture - ttd:371ms pts:22.397 Clock:22.026 Level:6
2024-07-17 18:41:23.405 T:4326 debug : CVideoPlayerVideo::OutputPicture - ttd:381ms pts:22.439 Clock:22.058 Level:6
2024-07-17 18:41:23.438 T:4326 debug : CVideoPlayerVideo::OutputPicture - ttd:373ms pts:22.481 Clock:22.108 Level:6
2024-07-17 18:41:23.486 T:4326 debug : CVideoPlayerVideo::OutputPicture - ttd:381ms pts:22.523 Clock:22.141 Level:6
2024-07-17 18:41:23.523 T:4326 debug : CVideoPlayerVideo::OutputPicture - ttd:372ms pts:22.564 Clock:22.192 Level:6
2024-07-17 18:41:23.551 T:4323 debug : CVideoPlayer::ProcessVideoData size:503105 dts:35.452 pts:35.577 dur:41.000ms, clock:22.242 level:100
2024-07-17 18:41:23.553 T:4326 debug : CVideoPlayerVideo::OutputPicture - ttd:378ms pts:22.606 Clock:22.228 Level:6
2024-07-17 18:41:23.566 T:4323 debug : CVideoPlayer::ProcessVideoData size:324970 dts:35.494 pts:35.494 dur:41.000ms, clock:22.257 level:100
2024-07-17 18:41:23.604 T:4326 debug : CVideoPlayerVideo::OutputPicture - ttd:373ms pts:22.648 Clock:22.275 Level:6
2024-07-17 18:41:23.655 T:4326 debug : CVideoPlayerVideo::OutputPicture - ttd:380ms pts:22.689 Clock:22.309 Level:6
2024-07-17 18:41:23.688 T:4326 debug : CVideoPlayerVideo::OutputPicture - ttd:373ms pts:22.731 Clock:22.358 Level:6
2024-07-17 18:41:23.738 T:4326 debug : CVideoPlayerVideo::OutputPicture - ttd:381ms pts:22.773 Clock:22.391 Level:6
2024-07-17 18:41:23.771 T:4326 debug : CVideoPlayerVideo::OutputPicture - ttd:372ms pts:22.814 Clock:22.441 Level:6
2024-07-17 18:41:23.789 T:4323 debug : CVideoPlayer::ProcessVideoData size:321691 dts:35.536 pts:35.536 dur:41.000ms, clock:22.479 level:100
2024-07-17 18:41:23.821 T:4326 debug : CVideoPlayerVideo::OutputPicture - ttd:381ms pts:22.856 Clock:22.475 Level:6
2024-07-17 18:41:23.854 T:4014 debug : CLibInputKeyboard::ProcessKey - using delay: 500ms repeat: 33ms
2024-07-17 18:41:23.855 T:4326 debug : CVideoPlayerVideo::OutputPicture - ttd:372ms pts:22.898 Clock:22.526 Level:6
2024-07-17 18:41:23.855 T:4355 debug : Thread Timer start, auto delete: false
2024-07-17 18:41:23.867 T:4008 debug : Keyboard: scancode: 0x6a, sym: 0x113, unicode: 0x00, modifier: 0x0
2024-07-17 18:41:23.867 T:4008 debug : HandleKey: right (0xf083) pressed, window 12901, action is Right
2024-07-17 18:41:23.905 T:4326 debug : CVideoPlayerVideo::OutputPicture - ttd:382ms pts:22.940 Clock:22.557 Level:6
2024-07-17 18:41:23.929 T:4323 debug : CVideoPlayer::ProcessVideoData size:492274 dts:35.577 pts:35.702 dur:41.000ms, clock:22.620 level:100
2024-07-17 18:41:23.938 T:4326 debug : CVideoPlayerVideo::OutputPicture - ttd:373ms pts:22.981 Clock:22.607 Level:6
2024-07-17 18:41:23.988 T:4326 debug : CVideoPlayerVideo::OutputPicture - ttd:382ms pts:23.023 Clock:22.641 Level:6
2024-07-17 18:41:24.012 T:4355 debug : Thread Timer 3209032192 terminating
2024-07-17 18:41:24.017 T:4008 debug : Keyboard: scancode: 0x6a, sym: 0x113, unicode: 0x00, modifier: 0x0
2024-07-17 18:41:24.022 T:4326 debug : CVideoPlayerVideo::OutputPicture - ttd:374ms pts:23.065 Clock:22.691 Level:6
2024-07-17 18:41:24.071 T:4326 debug : CVideoPlayerVideo::OutputPicture - ttd:380ms pts:23.106 Clock:22.726 Level:6
2024-07-17 18:41:24.106 T:4326 debug : CVideoPlayerVideo::OutputPicture - ttd:372ms pts:23.148 Clock:22.776 Level:6
2024-07-17 18:41:24.118 T:4323 debug : CVideoPlayer::ProcessVideoData size:291413 dts:35.619 pts:35.619 dur:41.000ms, clock:22.808 level:100
2024-07-17 18:41:24.126 T:4323 debug : CVideoPlayer::ProcessVideoData size:307429 dts:35.661 pts:35.661 dur:41.000ms, clock:22.816 level:100
2024-07-17 18:41:24.155 T:4326 debug : CVideoPlayerVideo::OutputPicture - ttd:379ms pts:23.190 Clock:22.810 Level:6
2024-07-17 18:41:24.188 T:4326 debug : CVideoPlayerVideo::OutputPicture - ttd:372ms pts:23.232 Clock:22.860 Level:6
2024-07-17 18:41:24.238 T:4326 debug : CVideoPlayerVideo::OutputPicture - ttd:382ms pts:23.273 Clock:22.891 Level:6
2024-07-17 18:41:24.271 T:4326 debug : CVideoPlayerVideo::OutputPicture - ttd:373ms pts:23.315 Clock:22.942 Level:6
2024-07-17 18:41:24.321 T:4326 debug : CVideoPlayerVideo::OutputPicture - ttd:382ms pts:23.357 Clock:22.975 Level:6
2024-07-17 18:41:24.354 T:4326 debug : CVideoPlayerVideo::OutputPicture - ttd:373ms pts:23.398 Clock:23.025 Level:6
2024-07-17 18:41:24.378 T:4323 debug : CVideoPlayer::ProcessVideoData size:494514 dts:35.702 pts:35.827 dur:41.000ms, clock:23.068 level:100
2024-07-17 18:41:24.402 T:4326 debug : CVideoPlayerVideo::OutputPicture - ttd:382ms pts:23.440 Clock:23.058 Level:6
2024-07-17 18:41:24.439 T:4326 debug : CVideoPlayerVideo::OutputPicture - ttd:373ms pts:23.482 Clock:23.109 Level:6
2024-07-17 18:41:24.459 T:4323 debug : CVideoPlayer::ProcessVideoData size:277523 dts:35.744 pts:35.744 dur:41.000ms, clock:23.149 level:100
2024-07-17 18:41:24.488 T:4326 debug : CVideoPlayerVideo::OutputPicture - ttd:382ms pts:23.524 Clock:23.141 Level:6
2024-07-17 18:41:24.522 T:4326 debug : CVideoPlayerVideo::OutputPicture - ttd:374ms pts:23.565 Clock:23.191 Level:6
2024-07-17 18:41:24.571 T:4326 debug : CVideoPlayerVideo::OutputPicture - ttd:381ms pts:23.607 Clock:23.226 Level:6
2024-07-17 18:41:24.588 T:4323 debug : CVideoPlayer::ProcessVideoData size:273174 dts:35.786 pts:35.786 dur:41.000ms, clock:23.278 level:100
2024-07-17 18:41:24.605 T:4326 debug : CVideoPlayerVideo::OutputPicture - ttd:370ms pts:23.649 Clock:23.279 Level:6
2024-07-17 18:41:24.655 T:4326 debug : CVideoPlayerVideo::OutputPicture - ttd:381ms pts:23.690 Clock:23.309 Level:6
2024-07-17 18:41:24.688 T:4326 debug : CVideoPlayerVideo::OutputPicture - ttd:372ms pts:23.732 Clock:23.360 Level:6
2024-07-17 18:41:24.719 T:4323 debug : CVideoPlayer::ProcessVideoData size:499983 dts:35.827 pts:35.953 dur:41.000ms, clock:23.410 level:100
2024-07-17 18:41:24.737 T:4326 debug : CVideoPlayerVideo::OutputPicture - ttd:377ms pts:23.774 Clock:23.396 Level:6
2024-07-17 18:41:24.771 T:4326 debug : CVideoPlayerVideo::OutputPicture - ttd:374ms pts:23.815 Clock:23.441 Level:6
2024-07-17 18:41:24.822 T:4326 debug : CVideoPlayerVideo::OutputPicture - ttd:381ms pts:23.857 Clock:23.476 Level:6
2024-07-17 18:41:24.855 T:4326 debug : CVideoPlayerVideo::OutputPicture - ttd:373ms pts:23.899 Clock:23.525 Level:6
2024-07-17 18:41:24.905 T:4326 debug : CVideoPlayerVideo::OutputPicture - ttd:383ms pts:23.941 Clock:23.558 Level:6
2024-07-17 18:41:24.938 T:4326 debug : CVideoPlayerVideo::OutputPicture - ttd:374ms pts:23.982 Clock:23.607 Level:6
2024-07-17 18:41:24.949 T:4323 debug : CVideoPlayer::ProcessVideoData size:278696 dts:35.869 pts:35.869 dur:41.000ms, clock:23.640 level:100
2024-07-17 18:41:24.988 T:4326 debug : CVideoPlayerVideo::OutputPicture - ttd:382ms pts:24.024 Clock:23.641 Level:6
2024-07-17 18:41:24.995 T:4323 debug : CVideoPlayer::ProcessVideoData size:294591 dts:35.911 pts:35.911 dur:41.000ms, clock:23.685 level:100
2024-07-17 18:41:25.023 T:4326 debug : CVideoPlayerVideo::OutputPicture - ttd:372ms pts:24.066 Clock:23.693 Level:6
2024-07-17 18:41:25.026 T:4323 debug : CVideoPlayer::ProcessVideoData size:931383 dts:35.953 pts:36.078 dur:41.000ms, clock:23.717 level:100
2024-07-17 18:41:25.072 T:4326 debug : CVideoPlayerVideo::OutputPicture - ttd:381ms pts:24.107 Clock:23.725 Level:6
2024-07-17 18:41:25.105 T:4326 debug : CVideoPlayerVideo::OutputPicture - ttd:373ms pts:24.149 Clock:23.775 Level:6
2024-07-17 18:41:25.155 T:4326 debug : CVideoPlayerVideo::OutputPicture - ttd:384ms pts:24.191 Clock:23.807 Level:6
2024-07-17 18:41:25.188 T:4326 debug : CVideoPlayerVideo::OutputPicture - ttd:375ms pts:24.233 Clock:23.858 Level:6
2024-07-17 18:41:25.238 T:4326 debug : CVideoPlayerVideo::OutputPicture - ttd:383ms pts:24.274 Clock:23.891 Level:6
2024-07-17 18:41:25.272 T:4326 debug : CVideoPlayerVideo::OutputPicture - ttd:374ms pts:24.316 Clock:23.942 Level:6
2024-07-17 18:41:25.321 T:4326 debug : CVideoPlayerVideo::OutputPicture - ttd:382ms pts:24.358 Clock:23.975 Level:6
2024-07-17 18:41:25.355 T:4326 debug : CVideoPlayerVideo::OutputPicture - ttd:373ms pts:24.399 Clock:24.025 Level:6
2024-07-17 18:41:25.405 T:4326 debug : CVideoPlayerVideo::OutputPicture - ttd:383ms pts:24.441 Clock:24.058 Level:6
2024-07-17 18:41:25.439 T:4326 debug : CVideoPlayerVideo::OutputPicture - ttd:374ms pts:24.483 Clock:24.108 Level:6
2024-07-17 18:41:25.447 T:4323 debug : CVideoPlayer::ProcessVideoData size:273203 dts:35.994 pts:35.994 dur:41.000ms, clock:24.137 level:100
2024-07-17 18:41:25.488 T:4326 debug : CVideoPlayerVideo::OutputPicture - ttd:383ms pts:24.525 Clock:24.141 Level:6
2024-07-17 18:41:25.521 T:4326 debug : CVideoPlayerVideo::OutputPicture - ttd:375ms pts:24.566 Clock:24.191 Level:6
2024-07-17 18:41:25.572 T:4326 debug : CVideoPlayerVideo::OutputPicture - ttd:382ms pts:24.608 Clock:24.226 Level:6
2024-07-17 18:41:25.605 T:4326 debug : CVideoPlayerVideo::OutputPicture - ttd:374ms pts:24.650 Clock:24.275 Level:6
2024-07-17 18:41:25.613 T:4323 debug : CVideoPlayer::ProcessVideoData size:269075 dts:36.036 pts:36.036 dur:41.000ms, clock:24.304 level:100
2024-07-17 18:41:25.657 T:4326 debug : CVideoPlayerVideo::OutputPicture - ttd:382ms pts:24.691 Clock:24.309 Level:6
2024-07-17 18:41:25.688 T:4326 debug : CVideoPlayerVideo::OutputPicture - ttd:374ms pts:24.733 Clock:24.359 Level:6
2024-07-17 18:41:25.739 T:4326 debug : CVideoPlayerVideo::OutputPicture - ttd:384ms pts:24.775 Clock:24.391 Level:6
2024-07-17 18:41:25.764 T:4323 debug : CVideoPlayer::ProcessVideoData size:498789 dts:36.078 pts:36.203 dur:41.000ms, clock:24.454 level:100
2024-07-17 18:41:25.770 T:4326 debug : CVideoPlayerVideo::OutputPicture - ttd:375ms pts:24.816 Clock:24.441 Level:6
2024-07-17 18:41:25.822 T:4326 debug : CVideoPlayerVideo::OutputPicture - ttd:382ms pts:24.858 Clock:24.476 Level:6
2024-07-17 18:41:25.855 T:4326 debug : CVideoPlayerVideo::OutputPicture - ttd:374ms pts:24.900 Clock:24.525 Level:6
2024-07-17 18:41:25.871 T:4323 debug : CVideoPlayer::ProcessVideoData size:270980 dts:36.119 pts:36.119 dur:41.000ms, clock:24.562 level:100
2024-07-17 18:41:25.879 T:4323 debug : CVideoPlayer::ProcessVideoData size:285302 dts:36.161 pts:36.161 dur:41.000ms, clock:24.570 level:100
2024-07-17 18:41:25.902 T:4326 debug : CVideoPlayerVideo::OutputPicture - ttd:382ms pts:24.942 Clock:24.559 Level:6
2024-07-17 18:41:25.938 T:4326 debug : CVideoPlayerVideo::OutputPicture - ttd:374ms pts:24.983 Clock:24.608 Level:6
2024-07-17 18:41:25.958 T:4014 debug : CLibInputKeyboard::ProcessKey - using delay: 500ms repeat: 33ms
2024-07-17 18:41:25.959 T:4356 debug : Thread Timer start, auto delete: false
2024-07-17 18:41:25.967 T:4008 debug : Keyboard: scancode: 0x1c, sym: 0x0d, unicode: 0x0d, modifier: 0x0
2024-07-17 18:41:25.988 T:4326 debug : CVideoPlayerVideo::OutputPicture - ttd:383ms pts:25.025 Clock:24.641 Level:6
2024-07-17 18:41:26.021 T:4326 debug : CVideoPlayerVideo::OutputPicture - ttd:376ms pts:25.067 Clock:24.691 Level:6
2024-07-17 18:41:26.071 T:4326 debug : CVideoPlayerVideo::OutputPicture - ttd:382ms pts:25.108 Clock:24.725 Level:6
2024-07-17 18:41:26.105 T:4326 debug : CVideoPlayerVideo::OutputPicture - ttd:374ms pts:25.150 Clock:24.776 Level:6
2024-07-17 18:41:26.155 T:4326 debug : CVideoPlayerVideo::OutputPicture - ttd:385ms pts:25.192 Clock:24.807 Level:6
2024-07-17 18:41:26.161 T:4356 debug : Thread Timer 3209032192 terminating
2024-07-17 18:41:26.167 T:4008 debug : Keyboard: scancode: 0x1c, sym: 0x0d, unicode: 0x0d, modifier: 0x0
2024-07-17 18:41:26.167 T:4008 debug : HandleKey: return (0xf00d) pressed, window 12901, action is Select
2024-07-17 18:41:26.168 T:4008 info : CVideoPlayer::CloseFile()
2024-07-17 18:41:26.168 T:4008 debug : DeleteRenderer - deleting renderer
2024-07-17 18:41:26.168 T:4008 info : VideoPlayer: waiting for threads to exit
2024-07-17 18:41:26.173 T:4323 info : CVideoPlayer::OnExit()
2024-07-17 18:41:26.174 T:4323 info : Closing stream player 1
2024-07-17 18:41:26.174 T:4323 info : Waiting for audio thread to exit
2024-07-17 18:41:26.185 T:4327 info : thread end: CVideoPlayerAudio::OnExit()
2024-07-17 18:41:26.185 T:4327 debug : Thread VideoPlayerAudio 2806186496 terminating
2024-07-17 18:41:26.185 T:4323 info : Closing audio device
2024-07-17 18:41:26.206 T:4323 debug : CDVDAudio::Flush - flush audio stream
2024-07-17 18:41:26.206 T:4039 debug : CActiveAE::DiscardStream - audio stream deleted
2024-07-17 18:41:26.206 T:4039 debug : CActiveAE::ClearDiscardedBuffers - buffer pool deleted
2024-07-17 18:41:26.206 T:4040 info : Skipped 2 duplicate messages..
2024-07-17 18:41:26.206 T:4040 info : CActiveAESink::OpenSink - initialize sink
2024-07-17 18:41:26.235 T:4323 info : Deleting audio codec
2024-07-17 18:41:26.235 T:4323 info : Closing stream player 2
2024-07-17 18:41:26.235 T:4323 info : waiting for video thread to exit
2024-07-17 18:41:26.268 T:4326 debug : CVideoPlayerVideo::OutputPicture - ttd:375ms pts:25.234 Clock:24.858 Level:-1
2024-07-17 18:41:26.268 T:4326 warning : OutputPicture - timeout waiting for buffer
2024-07-17 18:41:26.268 T:4326 info : thread end: video_thread
2024-07-17 18:41:26.268 T:4326 debug : Thread VideoPlayerVideo 2977141248 terminating
2024-07-17 18:41:26.276 T:4323 info : deleting video codec
2024-07-17 18:41:26.276 T:4323 debug : DVDVideoCodecAmlogic::Close
2024-07-17 18:41:26.276 T:4323 debug : CAMLCodec::CloseDecoder
2024-07-17 18:41:26.291 T:4040 debug : CActiveAESink::OpenSink - trying to open device ALSA:hdmi:CARD=AMLAUGESOUND,DEV=0
2024-07-17 18:41:26.291 T:4040 info : CAESinkALSA::Initialize - Configure simple control for "AUGESOUND"
2024-07-17 18:41:26.292 T:4040 info : CAESinkALSA - Use card "hw:0" and set codec format "2 CH PCM"
2024-07-17 18:41:26.292 T:4323 debug : CAMLVideoBufferPool::~CAMLVideoBufferPool: Deleting 9 buffers
2024-07-17 18:41:26.292 T:4323 info : Closing stream player 3
2024-07-17 18:41:26.300 T:4323 debug : Thread VideoPlayer 3156210176 terminating
2024-07-17 18:41:26.300 T:4008 info : VideoPlayer: finished waiting
2024-07-17 18:41:26.300 T:4008 info : CVideoPlayer::CloseFile()
2024-07-17 18:41:26.301 T:4008 info : VideoPlayer: waiting for threads to exit
2024-07-17 18:41:26.301 T:4008 info : VideoPlayer: finished waiting
2024-07-17 18:41:26.305 T:4008 debug : Radio UECP (RDS) Processor - delete ~CDVDRadioRDSData
2024-07-17 18:41:26.305 T:4008 debug : Audio ID3 tag processor - delete ~CVideoPlayerAudioID3
2024-07-17 18:41:26.316 T:4275 debug : DoWork - Saving file state for video item /var/media/Nowy/Bez litości 3. Ostatni rozdział - The Equalizer 3 (2023) Multi 4K DV HDR Dolby True HD 7.1 Atmos/The Equalizer 3 (2023).mkv
2024-07-17 18:41:26.324 T:4040 info : CAESinkALSA - Set Spdif to HDMITX to "Spdif_b"
2024-07-17 18:41:26.324 T:4040 info : CAESinkALSA - Set codec for "Audio spdif_b format"
2024-07-17 18:41:26.324 T:4040 info : CAESinkALSA - Set codec for "Audio spdif format"
2024-07-17 18:41:26.324 T:4040 info : CAESinkALSA::Initialize - Attempting to open device "hdmi:CARD=AMLAUGESOUND,DEV=0"
2024-07-17 18:41:26.330 T:4040 info : CAESinkALSA::Initialize - Opened device "hdmi:CARD=AMLAUGESOUND,DEV=0,AES0=0x04,AES1=0x82,AES2=0x00,AES3=0x00"
2024-07-17 18:41:26.331 T:4040 info : CAESinkALSA::InitializeHW - Your hardware does not support AE_FMT_FLOAT, trying other formats
2024-07-17 18:41:26.331 T:4040 info : CAESinkALSA::InitializeHW - Using data format AE_FMT_S16NE
2024-07-17 18:41:26.331 T:4040 debug : CAESinkALSA::InitializeHW - Request: periodSize 2205, bufferSize 8820
2024-07-17 18:41:26.340 T:4274 debug : OnPlayBackStopped: CApplication::OnPlayBackStopped
2024-07-17 18:41:26.346 T:4008 debug : CGUIWindowManager::PreviousWindow: Deactivate
2024-07-17 18:41:26.346 T:4008 debug : ------ Window Deinit (VideoOSD.xml) ------
2024-07-17 18:41:26.346 T:4008 debug : ------ Window Deinit (VideoFullScreen.xml) ------
2024-07-17 18:41:26.356 T:4040 debug : CAESinkALSA::InitializeHW - Got: periodSize 2205, bufferSize 8820
2024-07-17 18:41:26.356 T:4040 debug : CAESinkALSA::InitializeHW - Setting timeout to 200 ms
2024-07-17 18:41:26.356 T:4040 debug : CAESinkALSA::GetChannelLayout - Input Channel Count: 2 Output Channel Count: 2
2024-07-17 18:41:26.356 T:4040 debug : CAESinkALSA::GetChannelLayout - Requested Layout: FL, FR
2024-07-17 18:41:26.356 T:4040 debug : CAESinkALSA::GetChannelLayout - Got Layout: FL, FR (ALSA: none)
2024-07-17 18:41:26.357 T:4040 debug : CActiveAESink::OpenSink - ALSA Initialized:
2024-07-17 18:41:26.357 T:4040 debug : Output Device : AML-AUGESOUND
2024-07-17 18:41:26.357 T:4040 debug : Sample Rate : 44100
2024-07-17 18:41:26.357 T:4040 debug : Sample Format : AE_FMT_S16NE
2024-07-17 18:41:26.357 T:4040 debug : Channel Count : 2
2024-07-17 18:41:26.357 T:4040 debug : Channel Layout: FL, FR
2024-07-17 18:41:26.357 T:4040 debug : Frames : 2205
2024-07-17 18:41:26.357 T:4040 debug : Frame Size : 4
2024-07-17 18:41:26.359 T:4039 debug : CActiveAE::ClearDiscardedBuffers - buffer pool deleted
2024-07-17 18:41:26.361 T:4008 info : Skipped 1 duplicate messages..
2024-07-17 18:41:26.361 T:4008 debug : CWinSystemAmlogicGLESContext::CreateNewWindow: m_bWindowCreated: true, frac rate 0(0), hdrType: sdr(sdr), force mode switch: false
2024-07-17 18:41:26.361 T:4008 debug : CWinSystemAmlogicGLESContext::CreateNewWindow: cur: iWidth: 1920, iHeight: 1080, iScreenWidth: 3840, iScreenHeight: 2160, fRefreshRate: 60.00, dwFlags: 04
2024-07-17 18:41:26.361 T:4008 debug : CWinSystemAmlogicGLESContext::CreateNewWindow: res: iWidth: 1920, iHeight: 1080, iScreenWidth: 3840, iScreenHeight: 2160, fRefreshRate: 60.00, dwFlags: 04
2024-07-17 18:41:26.361 T:4008 debug : CWinSystemAmlogicGLESContext::CreateNewWindow: No need to create a new window
2024-07-17 18:41:26.361 T:4008 info : GLES: Maximum texture width: 8192
2024-07-17 18:41:26.365 T:4008 debug : CGUIWindowManager::PreviousWindow: Activate new
2024-07-17 18:41:26.371 T:4008 debug : ------ Window Init (MyVideoNav.xml) ------
2024-07-17 18:41:26.372 T:4008 debug : CDirectoryProvider[plugin://script.embuary.helper/?info=jumptoletter&showall=false&reload=0]: refreshing..
2024-07-17 18:41:26.372 T:4008 debug : CGUIMediaWindow::GetDirectory (/var/media/Nowy/Bez litości 3. Ostatni rozdział - The Equalizer 3 (2023) Multi 4K DV HDR Dolby True HD 7.1 Atmos/)
2024-07-17 18:41:26.372 T:4008 debug : ParentPath = [/var/media/Nowy/Bez litości 3. Ostatni rozdział - The Equalizer 3 (2023) Multi 4K DV HDR Dolby True HD 7.1 Atmos/]
2024-07-17 18:41:26.373 T:4276 debug : CScriptRunner: running add-on script Embuary Helper('plugin://script.embuary.helper/', '8', '?info=jumptoletter&showall=false&reload=0')
2024-07-17 18:41:26.373 T:4361 debug : Thread LanguageInvoker start, auto delete: false
2024-07-17 18:41:26.373 T:4276 debug : [threads] name: 'LanguageInvoker' priority: '1'
2024-07-17 18:41:26.373 T:4361 debug : initializing python engine.
2024-07-17 18:41:26.374 T:4361 debug : CPythonInvoker(25, /storage/.kodi/addons/script.embuary.helper/plugin.py): start processing
2024-07-17 18:41:26.409 T:4361 debug : -->Python Interpreter Initialized<--
2024-07-17 18:41:26.409 T:4361 debug :
2024-07-17 18:41:26.409 T:4361 debug : CPythonInvoker(25, /storage/.kodi/addons/script.embuary.helper/plugin.py): the source file to load is "/storage/.kodi/addons/script.embuary.helper/plugin.py"
2024-07-17 18:41:26.409 T:4361 debug : CPythonInvoker(25): full python path:
2024-07-17 18:41:26.409 T:4361 debug : CPythonInvoker(25): custom python path:
2024-07-17 18:41:26.409 T:4361 debug : CPythonInvoker(25): /storage/.kodi/addons/script.embuary.helper
2024-07-17 18:41:26.409 T:4361 debug : CPythonInvoker(25): /usr/share/kodi/addons/script.module.pil/lib
2024-07-17 18:41:26.409 T:4361 debug : CPythonInvoker(25): default python path:
2024-07-17 18:41:26.409 T:4361 debug : CPythonInvoker(25): /usr/lib/python311.zip
2024-07-17 18:41:26.409 T:4361 debug : CPythonInvoker(25): /usr/lib/python3.11
2024-07-17 18:41:26.409 T:4361 debug : CPythonInvoker(25): /usr/lib/python3.11/lib-dynload
2024-07-17 18:41:26.409 T:4361 debug : CPythonInvoker(25): /usr/lib/python3.11/site-packages
2024-07-17 18:41:26.409 T:4361 debug : CPythonInvoker(25): adding args:
2024-07-17 18:41:26.409 T:4361 debug : CPythonInvoker(25): plugin://script.embuary.helper/
2024-07-17 18:41:26.409 T:4361 debug : CPythonInvoker(25): 8
2024-07-17 18:41:26.409 T:4361 debug : CPythonInvoker(25): ?info=jumptoletter&showall=false&reload=0
2024-07-17 18:41:26.409 T:4361 debug : CPythonInvoker(25): resume:false
2024-07-17 18:41:26.409 T:4361 debug : CPythonInvoker(25, /storage/.kodi/addons/script.embuary.helper/plugin.py): entering source directory /storage/.kodi/addons/script.embuary.helper
2024-07-17 18:41:26.409 T:4361 debug : CPythonInvoker(25, /storage/.kodi/addons/script.embuary.helper/plugin.py): instantiating addon using automatically obtained id of "script.embuary.helper" dependent on version 3.0.0 of the xbmc.python api
2024-07-17 18:41:26.412 T:4362 debug : Thread BackgroundLoader start, auto delete: false
2024-07-17 18:41:26.412 T:4008 debug : [threads] name: 'BackgroundLoader' priority: '1'
2024-07-17 18:41:26.420 T:4362 debug : Thread BackgroundLoader 3379556864 terminating
2024-07-17 18:41:26.588 T:4361 debug : trying to load setting definitions from old format...
2024-07-17 18:41:26.607 T:4008 debug : CDirectoryProvider[plugin://script.embuary.helper/?info=jumptoletter&showall=false&reload=1]: refreshing..
2024-07-17 18:41:26.607 T:4283 debug : CScriptRunner: running add-on script Embuary Helper('plugin://script.embuary.helper/', '9', '?info=jumptoletter&showall=false&reload=1')
2024-07-17 18:41:26.607 T:4363 debug : Thread LanguageInvoker start, auto delete: false
2024-07-17 18:41:26.607 T:4283 debug : [threads] name: 'LanguageInvoker' priority: '1'
2024-07-17 18:41:26.607 T:4363 debug : initializing python engine.
2024-07-17 18:41:26.608 T:4363 debug : CPythonInvoker(26, /storage/.kodi/addons/script.embuary.helper/plugin.py): start processing
2024-07-17 18:41:26.612 T:4008 debug : ------ Window Deinit (DialogSeekBar.xml) ------
2024-07-17 18:41:26.613 T:4361 debug : CPythonInvoker(25, /storage/.kodi/addons/script.embuary.helper/plugin.py): script successfully run
2024-07-17 18:41:26.613 T:4361 debug : onExecutionDone(25, /storage/.kodi/addons/script.embuary.helper/plugin.py)
2024-07-17 18:41:26.627 T:4361 debug : .
2024-07-17 18:41:26.677 T:4361 debug : Python interpreter stopped
2024-07-17 18:41:26.677 T:4361 debug : Thread LanguageInvoker 3252535808 terminating
2024-07-17 18:41:26.693 T:4363 debug : -->Python Interpreter Initialized<--
2024-07-17 18:41:26.693 T:4363 debug :
2024-07-17 18:41:26.693 T:4363 debug : CPythonInvoker(26, /storage/.kodi/addons/script.embuary.helper/plugin.py): the source file to load is "/storage/.kodi/addons/script.embuary.helper/plugin.py"
2024-07-17 18:41:26.693 T:4363 debug : CPythonInvoker(26): full python path:
2024-07-17 18:41:26.693 T:4363 debug : CPythonInvoker(26): custom python path:
2024-07-17 18:41:26.693 T:4363 debug : CPythonInvoker(26): /storage/.kodi/addons/script.embuary.helper
2024-07-17 18:41:26.693 T:4363 debug : CPythonInvoker(26): /usr/share/kodi/addons/script.module.pil/lib
2024-07-17 18:41:26.693 T:4363 debug : CPythonInvoker(26): default python path:
2024-07-17 18:41:26.693 T:4363 debug : CPythonInvoker(26): /usr/lib/python311.zip
2024-07-17 18:41:26.693 T:4363 debug : CPythonInvoker(26): /usr/lib/python3.11
2024-07-17 18:41:26.693 T:4363 debug : CPythonInvoker(26): /usr/lib/python3.11/lib-dynload
2024-07-17 18:41:26.693 T:4363 debug : CPythonInvoker(26): /usr/lib/python3.11/site-packages
2024-07-17 18:41:26.693 T:4363 debug : CPythonInvoker(26): adding args:
2024-07-17 18:41:26.693 T:4363 debug : CPythonInvoker(26): plugin://script.embuary.helper/
2024-07-17 18:41:26.693 T:4363 debug : CPythonInvoker(26): 9
2024-07-17 18:41:26.693 T:4363 debug : CPythonInvoker(26): ?info=jumptoletter&showall=false&reload=1
2024-07-17 18:41:26.693 T:4363 debug : CPythonInvoker(26): resume:false
2024-07-17 18:41:26.693 T:4363 debug : CPythonInvoker(26, /storage/.kodi/addons/script.embuary.helper/plugin.py): entering source directory /storage/.kodi/addons/script.embuary.helper
2024-07-17 18:41:26.694 T:4363 debug : CPythonInvoker(26, /storage/.kodi/addons/script.embuary.helper/plugin.py): instantiating addon using automatically obtained id of "script.embuary.helper" dependent on version 3.0.0 of the xbmc.python api
2024-07-17 18:41:26.878 T:4008 debug : ------ Window Deinit (Custom_1109_TopBarOverlay.xml) ------
2024-07-17 18:41:26.879 T:4363 debug : trying to load setting definitions from old format...
2024-07-17 18:41:26.879 T:4008 debug : CWinSystemAmlogicGLESContext::CreateNewWindow: m_bWindowCreated: true, frac rate 0(0), hdrType: sdr(sdr), force mode switch: false
2024-07-17 18:41:26.879 T:4008 debug : CWinSystemAmlogicGLESContext::CreateNewWindow: cur: iWidth: 1920, iHeight: 1080, iScreenWidth: 3840, iScreenHeight: 2160, fRefreshRate: 60.00, dwFlags: 04
2024-07-17 18:41:26.879 T:4008 debug : CWinSystemAmlogicGLESContext::CreateNewWindow: res: iWidth: 1920, iHeight: 1080, iScreenWidth: 3840, iScreenHeight: 2160, fRefreshRate: 60.00, dwFlags: 04
2024-07-17 18:41:26.879 T:4008 debug : CWinSystemAmlogicGLESContext::CreateNewWindow: No need to create a new window
2024-07-17 18:41:26.879 T:4008 info : GLES: Maximum texture width: 8192
2024-07-17 18:41:26.884 T:4363 debug : CPythonInvoker(26, /storage/.kodi/addons/script.embuary.helper/plugin.py): script successfully run
2024-07-17 18:41:26.884 T:4363 debug : onExecutionDone(26, /storage/.kodi/addons/script.embuary.helper/plugin.py)
2024-07-17 18:41:26.884 T:4008 debug : CWinSystemAmlogicGLESContext::CreateNewWindow: m_bWindowCreated: true, frac rate 0(0), hdrType: sdr(sdr), force mode switch: false
2024-07-17 18:41:26.884 T:4008 debug : CWinSystemAmlogicGLESContext::CreateNewWindow: cur: iWidth: 1920, iHeight: 1080, iScreenWidth: 3840, iScreenHeight: 2160, fRefreshRate: 60.00, dwFlags: 04
2024-07-17 18:41:26.884 T:4008 debug : CWinSystemAmlogicGLESContext::CreateNewWindow: res: iWidth: 1920, iHeight: 1080, iScreenWidth: 3840, iScreenHeight: 2160, fRefreshRate: 60.00, dwFlags: 04
2024-07-17 18:41:26.884 T:4008 debug : CWinSystemAmlogicGLESContext::CreateNewWindow: No need to create a new window
2024-07-17 18:41:26.884 T:4008 info : GLES: Maximum texture width: 8192
2024-07-17 18:41:26.889 T:4008 debug : CDirectoryProvider[plugin://script.embuary.helper/?info=jumptoletter&showall=false&reload=1]: refreshing..
2024-07-17 18:41:26.890 T:4274 debug : CScriptRunner: running add-on script Embuary Helper('plugin://script.embuary.helper/', '10', '?info=jumptoletter&showall=false&reload=1')
2024-07-17 18:41:26.890 T:4376 debug : Thread LanguageInvoker start, auto delete: false
2024-07-17 18:41:26.890 T:4274 debug : [threads] name: 'LanguageInvoker' priority: '1'
2024-07-17 18:41:26.890 T:4376 debug : initializing python engine.
2024-07-17 18:41:26.890 T:4376 debug : CPythonInvoker(27, /storage/.kodi/addons/script.embuary.helper/plugin.py): start processing
2024-07-17 18:41:26.900 T:4363 debug : .
2024-07-17 18:41:26.942 T:4363 debug : Python interpreter stopped
2024-07-17 18:41:26.942 T:4363 debug : Thread LanguageInvoker 3156210176 terminating
2024-07-17 18:41:26.956 T:4376 debug : -->Python Interpreter Initialized<--
2024-07-17 18:41:26.956 T:4376 debug :
2024-07-17 18:41:26.956 T:4376 debug : CPythonInvoker(27, /storage/.kodi/addons/script.embuary.helper/plugin.py): the source file to load is "/storage/.kodi/addons/script.embuary.helper/plugin.py"
2024-07-17 18:41:26.956 T:4376 debug : CPythonInvoker(27): full python path:
2024-07-17 18:41:26.956 T:4376 debug : CPythonInvoker(27): custom python path:
2024-07-17 18:41:26.956 T:4376 debug : CPythonInvoker(27): /storage/.kodi/addons/script.embuary.helper
2024-07-17 18:41:26.956 T:4376 debug : CPythonInvoker(27): /usr/share/kodi/addons/script.module.pil/lib
2024-07-17 18:41:26.956 T:4376 debug : CPythonInvoker(27): default python path:
2024-07-17 18:41:26.956 T:4376 debug : CPythonInvoker(27): /usr/lib/python311.zip
2024-07-17 18:41:26.956 T:4376 debug : CPythonInvoker(27): /usr/lib/python3.11
2024-07-17 18:41:26.956 T:4376 debug : CPythonInvoker(27): /usr/lib/python3.11/lib-dynload
2024-07-17 18:41:26.956 T:4376 debug : CPythonInvoker(27): /usr/lib/python3.11/site-packages
2024-07-17 18:41:26.956 T:4376 debug : CPythonInvoker(27): adding args:
2024-07-17 18:41:26.956 T:4376 debug : CPythonInvoker(27): plugin://script.embuary.helper/
2024-07-17 18:41:26.956 T:4376 debug : CPythonInvoker(27): 10
2024-07-17 18:41:26.956 T:4376 debug : CPythonInvoker(27): ?info=jumptoletter&showall=false&reload=1
2024-07-17 18:41:26.956 T:4376 debug : CPythonInvoker(27): resume:false
2024-07-17 18:41:26.956 T:4376 debug : CPythonInvoker(27, /storage/.kodi/addons/script.embuary.helper/plugin.py): entering source directory /storage/.kodi/addons/script.embuary.helper
2024-07-17 18:41:26.956 T:4376 debug : CPythonInvoker(27, /storage/.kodi/addons/script.embuary.helper/plugin.py): instantiating addon using automatically obtained id of "script.embuary.helper" dependent on version 3.0.0 of the xbmc.python api
2024-07-17 18:41:26.981 T:4062 debug : [plugin.video.youtube] PlayerMonitor active threads: ||
2024-07-17 18:41:27.114 T:4376 debug : trying to load setting definitions from old format...
2024-07-17 18:41:27.116 T:4376 debug : CPythonInvoker(27, /storage/.kodi/addons/script.embuary.helper/plugin.py): script successfully run
2024-07-17 18:41:27.116 T:4376 debug : onExecutionDone(27, /storage/.kodi/addons/script.embuary.helper/plugin.py)
2024-07-17 18:41:27.128 T:4376 debug : .
2024-07-17 18:41:27.180 T:4376 debug : Python interpreter stopped
2024-07-17 18:41:27.180 T:4376 debug : Thread LanguageInvoker 3252535808 terminating
2024-07-17 18:41:29.626 T:4014 debug : CLibInputKeyboard::ProcessKey - using delay: 500ms repeat: 33ms
2024-07-17 18:41:29.626 T:4379 debug : Thread Timer start, auto delete: false
2024-07-17 18:41:29.628 T:4008 debug : Keyboard: scancode: 0x67, sym: 0x111, unicode: 0x00, modifier: 0x0
2024-07-17 18:41:29.628 T:4008 debug : HandleKey: up (0xf080) pressed, window 10025, action is Up
2024-07-17 18:41:29.784 T:4379 debug : Thread Timer 3209032192 terminating
2024-07-17 18:41:29.800 T:4008 debug : Keyboard: scancode: 0x67, sym: 0x111, unicode: 0x00, modifier: 0x0
2024-07-17 18:41:30.155 T:4014 debug : CLibInputKeyboard::ProcessKey - using delay: 500ms repeat: 33ms
2024-07-17 18:41:30.155 T:4380 debug : Thread Timer start, auto delete: false
2024-07-17 18:41:30.194 T:4008 debug : Keyboard: scancode: 0x1c, sym: 0x0d, unicode: 0x0d, modifier: 0x0
2024-07-17 18:41:30.312 T:4380 debug : Thread Timer 3209032192 terminating
2024-07-17 18:41:30.317 T:4008 debug : Keyboard: scancode: 0x1c, sym: 0x0d, unicode: 0x0d, modifier: 0x0
2024-07-17 18:41:30.317 T:4008 debug : HandleKey: return (0xf00d) pressed, window 10025, action is Select
2024-07-17 18:41:30.317 T:4008 debug : CGUIMediaWindow::GetDirectory (/var/media/Nowy/)
2024-07-17 18:41:30.317 T:4008 debug : ParentPath = [sources://video/]
2024-07-17 18:41:30.318 T:4381 debug : Thread waiting start, auto delete: false
2024-07-17 18:41:30.323 T:4381 debug : Thread waiting 3156210176 terminating
2024-07-17 18:41:30.369 T:4382 debug : Thread BackgroundLoader start, auto delete: false
2024-07-17 18:41:30.369 T:4008 debug : [threads] name: 'BackgroundLoader' priority: '1'
2024-07-17 18:41:30.375 T:4008 debug : CDirectoryProvider[plugin://script.embuary.helper/?info=jumptoletter&showall=false&reload=7]: refreshing..
2024-07-17 18:41:30.375 T:4274 debug : CScriptRunner: running add-on script Embuary Helper('plugin://script.embuary.helper/', '11', '?info=jumptoletter&showall=false&reload=7')
2024-07-17 18:41:30.375 T:4383 debug : Thread LanguageInvoker start, auto delete: false
2024-07-17 18:41:30.375 T:4274 debug : [threads] name: 'LanguageInvoker' priority: '1'
2024-07-17 18:41:30.375 T:4383 debug : initializing python engine.
2024-07-17 18:41:30.375 T:4383 debug : CPythonInvoker(28, /storage/.kodi/addons/script.embuary.helper/plugin.py): start processing
2024-07-17 18:41:30.382 T:4382 debug : Thread BackgroundLoader 3379556864 terminating
2024-07-17 18:41:30.394 T:4383 debug : -->Python Interpreter Initialized<--
2024-07-17 18:41:30.394 T:4383 debug :
2024-07-17 18:41:30.394 T:4383 debug : CPythonInvoker(28, /storage/.kodi/addons/script.embuary.helper/plugin.py): the source file to load is "/storage/.kodi/addons/script.embuary.helper/plugin.py"
2024-07-17 18:41:30.394 T:4383 debug : CPythonInvoker(28): full python path:
2024-07-17 18:41:30.394 T:4383 debug : CPythonInvoker(28): custom python path:
2024-07-17 18:41:30.394 T:4383 debug : CPythonInvoker(28): /storage/.kodi/addons/script.embuary.helper
2024-07-17 18:41:30.394 T:4383 debug : CPythonInvoker(28): /usr/share/kodi/addons/script.module.pil/lib
2024-07-17 18:41:30.394 T:4383 debug : CPythonInvoker(28): default python path:
2024-07-17 18:41:30.394 T:4383 debug : CPythonInvoker(28): /usr/lib/python311.zip
2024-07-17 18:41:30.394 T:4383 debug : CPythonInvoker(28): /usr/lib/python3.11
2024-07-17 18:41:30.394 T:4383 debug : CPythonInvoker(28): /usr/lib/python3.11/lib-dynload
2024-07-17 18:41:30.394 T:4383 debug : CPythonInvoker(28): /usr/lib/python3.11/site-packages
2024-07-17 18:41:30.394 T:4383 debug : CPythonInvoker(28): adding args:
2024-07-17 18:41:30.394 T:4383 debug : CPythonInvoker(28): plugin://script.embuary.helper/
2024-07-17 18:41:30.394 T:4383 debug : CPythonInvoker(28): 11
2024-07-17 18:41:30.394 T:4383 debug : CPythonInvoker(28): ?info=jumptoletter&showall=false&reload=7
