2024-07-17 18:41:55.186 T:4403 debug : CVideoPlayerVideo::OutputPicture - ttd:373ms pts:11.687 Clock:11.314 Level:6
2024-07-17 18:41:55.214 T:4400 debug : CVideoPlayer::ProcessVideoData size:482231 dts:16.359 pts:16.484 dur:41.700ms, clock:11.361 level:56
2024-07-17 18:41:55.224 T:4400 debug : CVideoPlayer::ProcessVideoData size:250492 dts:16.400 pts:16.400 dur:41.700ms, clock:11.372 level:56
2024-07-17 18:41:55.235 T:4403 debug : CVideoPlayerVideo::OutputPicture - ttd:380ms pts:11.729 Clock:11.348 Level:6
2024-07-17 18:41:55.268 T:4403 debug : CVideoPlayerVideo::OutputPicture - ttd:372ms pts:11.771 Clock:11.398 Level:6
2024-07-17 18:41:55.289 T:4400 debug : CVideoPlayer::ProcessVideoData size:251021 dts:16.442 pts:16.442 dur:41.700ms, clock:11.436 level:56
2024-07-17 18:41:55.318 T:4403 debug : CVideoPlayerVideo::OutputPicture - ttd:380ms pts:11.812 Clock:11.432 Level:6
2024-07-17 18:41:55.354 T:4403 debug : CVideoPlayerVideo::OutputPicture - ttd:372ms pts:11.854 Clock:11.481 Level:6
2024-07-17 18:41:55.357 T:4400 debug : CVideoPlayer::ProcessVideoData size:674697 dts:16.484 pts:16.609 dur:41.700ms, clock:11.504 level:56
2024-07-17 18:41:55.365 T:4400 debug : CVideoPlayer::ProcessVideoData size:260065 dts:16.525 pts:16.525 dur:41.700ms, clock:11.512 level:56
2024-07-17 18:41:55.402 T:4403 debug : CVideoPlayerVideo::OutputPicture - ttd:382ms pts:11.896 Clock:11.513 Level:6
2024-07-17 18:41:55.419 T:4400 debug : CVideoPlayer::ProcessVideoData size:323293 dts:16.567 pts:16.567 dur:41.700ms, clock:11.566 level:56
2024-07-17 18:41:55.435 T:4403 debug : CVideoPlayerVideo::OutputPicture - ttd:372ms pts:11.938 Clock:11.565 Level:6
2024-07-17 18:41:55.463 T:4400 debug : CVideoPlayer::ProcessVideoData size:583384 dts:16.609 pts:16.734 dur:41.700ms, clock:11.611 level:56
2024-07-17 18:41:55.474 T:4400 debug : CVideoPlayer::ProcessVideoData size:281977 dts:16.651 pts:16.651 dur:41.700ms, clock:11.621 level:56
2024-07-17 18:41:55.486 T:4403 debug : CVideoPlayerVideo::OutputPicture - ttd:381ms pts:11.979 Clock:11.598 Level:6
2024-07-17 18:41:55.518 T:4403 debug : CVideoPlayerVideo::OutputPicture - ttd:372ms pts:12.021 Clock:11.648 Level:6
2024-07-17 18:41:55.568 T:4403 debug : CVideoPlayerVideo::OutputPicture - ttd:380ms pts:12.063 Clock:11.682 Level:6
2024-07-17 18:41:55.588 T:4400 debug : CVideoPlayer::ProcessVideoData size:258667 dts:16.692 pts:16.692 dur:41.700ms, clock:11.735 level:56
2024-07-17 18:41:55.603 T:4403 debug : CVideoPlayerVideo::OutputPicture - ttd:372ms pts:12.104 Clock:11.732 Level:6
2024-07-17 18:41:55.605 T:4400 debug : CVideoPlayer::ProcessVideoData size:352339 dts:16.734 pts:16.859 dur:41.700ms, clock:11.753 level:56
2024-07-17 18:41:55.613 T:4400 debug : CVideoPlayer::ProcessVideoData size:180665 dts:16.776 pts:16.776 dur:41.700ms, clock:11.760 level:56
2024-07-17 18:41:55.620 T:4400 debug : CVideoPlayer::ProcessVideoData size:151320 dts:16.817 pts:16.817 dur:41.700ms, clock:11.767 level:57
2024-07-17 18:41:55.634 T:4400 debug : CVideoPlayer::ProcessVideoData size:253275 dts:16.859 pts:16.901 dur:41.700ms, clock:11.782 level:57
2024-07-17 18:41:55.652 T:4403 debug : CVideoPlayerVideo::OutputPicture - ttd:380ms pts:12.146 Clock:11.766 Level:6
2024-07-17 18:41:55.686 T:4403 debug : CVideoPlayerVideo::OutputPicture - ttd:373ms pts:12.188 Clock:11.814 Level:6
2024-07-17 18:41:55.697 T:4400 debug : CVideoPlayer::ProcessVideoData size:186449 dts:16.901 pts:16.943 dur:41.700ms, clock:11.844 level:57
2024-07-17 18:41:55.702 T:4400 debug : CVideoPlayer::ProcessVideoData size:31425 dts:16.943 pts:16.984 dur:41.700ms, clock:11.849 level:57
2024-07-17 18:41:55.706 T:4400 debug : CVideoPlayer::ProcessVideoData size:7551 dts:16.984 pts:17.109 dur:41.700ms, clock:11.853 level:58
2024-07-17 18:41:55.709 T:4400 debug : CVideoPlayer::ProcessVideoData size:2744 dts:17.026 pts:17.026 dur:41.700ms, clock:11.856 level:58
2024-07-17 18:41:55.714 T:4400 debug : CVideoPlayer::ProcessVideoData size:2860 dts:17.068 pts:17.068 dur:41.700ms, clock:11.861 level:59
2024-07-17 18:41:55.717 T:4400 debug : CVideoPlayer::ProcessVideoData size:52348 dts:17.109 pts:17.235 dur:41.700ms, clock:11.864 level:59
2024-07-17 18:41:55.720 T:4400 debug : CVideoPlayer::ProcessVideoData size:13840 dts:17.151 pts:17.151 dur:41.700ms, clock:11.867 level:60
2024-07-17 18:41:55.730 T:4400 debug : CVideoPlayer::ProcessVideoData size:8585 dts:17.193 pts:17.193 dur:41.700ms, clock:11.877 level:60
2024-07-17 18:41:55.731 T:4400 debug : CVideoPlayer::ProcessVideoData size:116376 dts:17.235 pts:17.360 dur:41.700ms, clock:11.878 level:61
2024-07-17 18:41:55.733 T:4400 debug : CVideoPlayer::ProcessVideoData size:30135 dts:17.276 pts:17.276 dur:41.700ms, clock:11.881 level:61
2024-07-17 18:41:55.738 T:4403 debug : CVideoPlayerVideo::OutputPicture - ttd:381ms pts:12.230 Clock:11.848 Level:6
2024-07-17 18:41:55.746 T:4400 debug : CVideoPlayer::ProcessVideoData size:40137 dts:17.318 pts:17.318 dur:41.700ms, clock:11.893 level:61
2024-07-17 18:41:55.754 T:4400 debug : CVideoPlayer::ProcessVideoData size:185716 dts:17.360 pts:17.401 dur:41.700ms, clock:11.901 level:62
2024-07-17 18:41:55.769 T:4400 debug : CVideoPlayer::ProcessVideoData size:275281 dts:17.401 pts:17.443 dur:41.700ms, clock:11.917 level:63
2024-07-17 18:41:55.770 T:4403 debug : CVideoPlayerVideo::OutputPicture - ttd:373ms pts:12.271 Clock:11.898 Level:6
2024-07-17 18:41:55.781 T:4400 debug : CVideoPlayer::ProcessVideoData size:287396 dts:17.443 pts:17.568 dur:41.700ms, clock:11.928 level:63
2024-07-17 18:41:55.819 T:4403 debug : CVideoPlayerVideo::OutputPicture - ttd:381ms pts:12.313 Clock:11.932 Level:6
2024-07-17 18:41:55.831 T:4400 debug : CVideoPlayer::ProcessVideoData size:133723 dts:17.485 pts:17.485 dur:41.700ms, clock:11.978 level:62
2024-07-17 18:41:55.838 T:4400 debug : CVideoPlayer::ProcessVideoData size:146943 dts:17.526 pts:17.526 dur:41.700ms, clock:11.986 level:63
2024-07-17 18:41:55.852 T:4400 debug : CVideoPlayer::ProcessVideoData size:364153 dts:17.568 pts:17.693 dur:41.700ms, clock:11.999 level:63
2024-07-17 18:41:55.853 T:4403 debug : CVideoPlayerVideo::OutputPicture - ttd:372ms pts:12.355 Clock:11.982 Level:6
2024-07-17 18:41:55.862 T:4400 debug : CVideoPlayer::ProcessVideoData size:184043 dts:17.610 pts:17.610 dur:41.700ms, clock:12.009 level:64
2024-07-17 18:41:55.869 T:4400 debug : CVideoPlayer::ProcessVideoData size:193331 dts:17.652 pts:17.652 dur:41.700ms, clock:12.016 level:64
2024-07-17 18:41:55.887 T:4400 debug : CVideoPlayer::ProcessVideoData size:431567 dts:17.693 pts:17.818 dur:41.700ms, clock:12.034 level:65
2024-07-17 18:41:55.893 T:4400 debug : CVideoPlayer::ProcessVideoData size:231608 dts:17.735 pts:17.735 dur:41.700ms, clock:12.041 level:65
2024-07-17 18:41:55.902 T:4403 debug : CVideoPlayerVideo::OutputPicture - ttd:381ms pts:12.396 Clock:12.015 Level:6
2024-07-17 18:41:55.936 T:4403 debug : CVideoPlayerVideo::OutputPicture - ttd:372ms pts:12.438 Clock:12.065 Level:6
2024-07-17 18:41:55.957 T:4400 debug : CVideoPlayer::ProcessVideoData size:244487 dts:17.777 pts:17.777 dur:41.700ms, clock:12.105 level:64
2024-07-17 18:41:55.978 T:4400 debug : CVideoPlayer::ProcessVideoData size:474464 dts:17.818 pts:17.944 dur:41.700ms, clock:12.125 level:65
2024-07-17 18:41:55.986 T:4403 debug : CVideoPlayerVideo::OutputPicture - ttd:382ms pts:12.480 Clock:12.098 Level:6
2024-07-17 18:41:55.987 T:4400 debug : CVideoPlayer::ProcessVideoData size:273001 dts:17.860 pts:17.860 dur:41.700ms, clock:12.134 level:65
2024-07-17 18:41:56.019 T:4403 debug : CVideoPlayerVideo::OutputPicture - ttd:374ms pts:12.521 Clock:12.147 Level:6
2024-07-17 18:41:56.041 T:4400 debug : CVideoPlayer::ProcessVideoData size:288858 dts:17.902 pts:17.902 dur:41.700ms, clock:12.188 level:65
2024-07-17 18:41:56.068 T:4403 debug : CVideoPlayerVideo::OutputPicture - ttd:381ms pts:12.563 Clock:12.182 Level:6
2024-07-17 18:41:56.096 T:4400 debug : CVideoPlayer::ProcessVideoData size:547245 dts:17.944 pts:18.069 dur:41.700ms, clock:12.243 level:65
2024-07-17 18:41:56.105 T:4403 debug : CVideoPlayerVideo::OutputPicture - ttd:372ms pts:12.605 Clock:12.232 Level:6
2024-07-17 18:41:56.108 T:4400 debug : CVideoPlayer::ProcessVideoData size:309257 dts:17.985 pts:17.985 dur:41.700ms, clock:12.256 level:65
2024-07-17 18:41:56.152 T:4403 debug : CVideoPlayerVideo::OutputPicture - ttd:381ms pts:12.647 Clock:12.265 Level:6
2024-07-17 18:41:56.173 T:4400 debug : CVideoPlayer::ProcessVideoData size:317829 dts:18.027 pts:18.027 dur:41.700ms, clock:12.320 level:65
2024-07-17 18:41:56.185 T:4403 debug : CVideoPlayerVideo::OutputPicture - ttd:373ms pts:12.688 Clock:12.315 Level:6
2024-07-17 18:41:56.218 T:4400 debug : CVideoPlayer::ProcessVideoData size:541401 dts:18.069 pts:18.194 dur:41.700ms, clock:12.366 level:65
2024-07-17 18:41:56.230 T:4400 debug : CVideoPlayer::ProcessVideoData size:322617 dts:18.110 pts:18.110 dur:41.700ms, clock:12.377 level:65
2024-07-17 18:41:56.236 T:4403 debug : CVideoPlayerVideo::OutputPicture - ttd:381ms pts:12.730 Clock:12.348 Level:6
2024-07-17 18:41:56.269 T:4403 debug : CVideoPlayerVideo::OutputPicture - ttd:373ms pts:12.772 Clock:12.398 Level:6
2024-07-17 18:41:56.285 T:4400 debug : CVideoPlayer::ProcessVideoData size:306684 dts:18.152 pts:18.152 dur:41.700ms, clock:12.432 level:65
2024-07-17 18:41:56.319 T:4403 debug : CVideoPlayerVideo::OutputPicture - ttd:381ms pts:12.813 Clock:12.432 Level:6
2024-07-17 18:41:56.352 T:4403 debug : CVideoPlayerVideo::OutputPicture - ttd:372ms pts:12.855 Clock:12.482 Level:6
2024-07-17 18:41:56.358 T:4400 debug : CVideoPlayer::ProcessVideoData size:797907 dts:18.194 pts:18.319 dur:41.700ms, clock:12.506 level:65
2024-07-17 18:41:56.402 T:4403 debug : CVideoPlayerVideo::OutputPicture - ttd:382ms pts:12.897 Clock:12.515 Level:6
2024-07-17 18:41:56.423 T:4400 debug : CVideoPlayer::ProcessVideoData size:307563 dts:18.236 pts:18.236 dur:41.700ms, clock:12.570 level:65
2024-07-17 18:41:56.436 T:4403 debug : CVideoPlayerVideo::OutputPicture - ttd:374ms pts:12.939 Clock:12.564 Level:6
2024-07-17 18:41:56.455 T:4400 debug : CVideoPlayer::ProcessVideoData size:306296 dts:18.277 pts:18.277 dur:41.700ms, clock:12.602 level:64
2024-07-17 18:41:56.475 T:4400 debug : CVideoPlayer::ProcessVideoData size:473984 dts:18.319 pts:18.444 dur:41.700ms, clock:12.622 level:65
2024-07-17 18:41:56.487 T:4403 debug : CVideoPlayerVideo::OutputPicture - ttd:382ms pts:12.980 Clock:12.598 Level:6
2024-07-17 18:41:56.519 T:4403 debug : CVideoPlayerVideo::OutputPicture - ttd:374ms pts:13.022 Clock:12.647 Level:6
2024-07-17 18:41:56.539 T:4400 debug : CVideoPlayer::ProcessVideoData size:310374 dts:18.361 pts:18.361 dur:41.700ms, clock:12.686 level:65
2024-07-17 18:41:56.569 T:4403 debug : CVideoPlayerVideo::OutputPicture - ttd:381ms pts:13.064 Clock:12.682 Level:6
2024-07-17 18:41:56.594 T:4400 debug : CVideoPlayer::ProcessVideoData size:308131 dts:18.402 pts:18.402 dur:41.700ms, clock:12.741 level:64
2024-07-17 18:41:56.603 T:4403 debug : CVideoPlayerVideo::OutputPicture - ttd:373ms pts:13.105 Clock:12.732 Level:6
2024-07-17 18:41:56.610 T:4400 debug : CVideoPlayer::ProcessVideoData size:497685 dts:18.444 pts:18.569 dur:41.700ms, clock:12.758 level:65
2024-07-17 18:41:56.652 T:4403 debug : CVideoPlayerVideo::OutputPicture - ttd:382ms pts:13.147 Clock:12.765 Level:6
2024-07-17 18:41:56.675 T:4400 debug : CVideoPlayer::ProcessVideoData size:314030 dts:18.486 pts:18.486 dur:41.700ms, clock:12.822 level:65
2024-07-17 18:41:56.686 T:4403 debug : CVideoPlayerVideo::OutputPicture - ttd:373ms pts:13.189 Clock:12.816 Level:6
2024-07-17 18:41:56.710 T:4400 debug : CVideoPlayer::ProcessVideoData size:312998 dts:18.527 pts:18.527 dur:41.700ms, clock:12.857 level:64
2024-07-17 18:41:56.729 T:4400 debug : CVideoPlayer::ProcessVideoData size:472410 dts:18.569 pts:18.694 dur:41.700ms, clock:12.877 level:65
2024-07-17 18:41:56.736 T:4403 debug : CVideoPlayerVideo::OutputPicture - ttd:382ms pts:13.231 Clock:12.848 Level:6
2024-07-17 18:41:56.740 T:4400 debug : CVideoPlayer::ProcessVideoData size:308440 dts:18.611 pts:18.611 dur:41.700ms, clock:12.887 level:65
2024-07-17 18:41:56.769 T:4403 debug : CVideoPlayerVideo::OutputPicture - ttd:373ms pts:13.272 Clock:12.898 Level:6
2024-07-17 18:41:56.832 T:4403 debug : CVideoPlayerVideo::OutputPicture - ttd:381ms pts:13.314 Clock:12.932 Level:6
2024-07-17 18:41:56.853 T:4403 debug : CVideoPlayerVideo::OutputPicture - ttd:369ms pts:13.356 Clock:12.986 Level:6
2024-07-17 18:41:56.856 T:4400 debug : CVideoPlayer::ProcessVideoData size:289593 dts:18.653 pts:18.653 dur:41.700ms, clock:13.003 level:64
2024-07-17 18:41:56.874 T:4400 debug : CVideoPlayer::ProcessVideoData size:432936 dts:18.694 pts:18.736 dur:41.700ms, clock:13.021 level:65
2024-07-17 18:41:56.884 T:4400 debug : CVideoPlayer::ProcessVideoData size:234855 dts:18.736 pts:18.778 dur:41.700ms, clock:13.032 level:65
2024-07-17 18:41:56.891 T:4400 debug : CVideoPlayer::ProcessVideoData size:117802 dts:18.778 pts:18.819 dur:41.700ms, clock:13.039 level:66
2024-07-17 18:41:56.902 T:4403 debug : CVideoPlayerVideo::OutputPicture - ttd:382ms pts:13.397 Clock:13.015 Level:6
2024-07-17 18:41:56.935 T:4400 debug : CVideoPlayer::ProcessVideoData size:500867 dts:18.819 pts:18.861 dur:41.700ms, clock:13.082 level:66
2024-07-17 18:41:56.937 T:4403 debug : CVideoPlayerVideo::OutputPicture - ttd:373ms pts:13.439 Clock:13.065 Level:6
2024-07-17 18:41:56.961 T:4400 debug : CVideoPlayer::ProcessVideoData size:367713 dts:18.861 pts:18.903 dur:41.700ms, clock:13.108 level:65
2024-07-17 18:41:56.985 T:4400 debug : CVideoPlayer::ProcessVideoData size:517578 dts:18.903 pts:18.945 dur:41.700ms, clock:13.132 level:66
2024-07-17 18:41:56.987 T:4403 debug : CVideoPlayerVideo::OutputPicture - ttd:382ms pts:13.481 Clock:13.098 Level:6
2024-07-17 18:41:57.020 T:4403 debug : CVideoPlayerVideo::OutputPicture - ttd:375ms pts:13.522 Clock:13.147 Level:6
2024-07-17 18:41:57.069 T:4403 debug : CVideoPlayerVideo::OutputPicture - ttd:381ms pts:13.564 Clock:13.182 Level:6
2024-07-17 18:41:57.093 T:4400 debug : CVideoPlayer::ProcessVideoData size:463588 dts:18.945 pts:18.986 dur:41.700ms, clock:13.241 level:65
2024-07-17 18:41:57.103 T:4403 debug : CVideoPlayerVideo::OutputPicture - ttd:373ms pts:13.606 Clock:13.232 Level:6
2024-07-17 18:41:57.106 T:4400 debug : CVideoPlayer::ProcessVideoData size:284911 dts:18.986 pts:19.111 dur:41.700ms, clock:13.253 level:65
2024-07-17 18:41:57.116 T:4400 debug : CVideoPlayer::ProcessVideoData size:247179 dts:19.028 pts:19.028 dur:41.700ms, clock:13.263 level:66
2024-07-17 18:41:57.152 T:4403 debug : CVideoPlayerVideo::OutputPicture - ttd:381ms pts:13.648 Clock:13.266 Level:6
2024-07-17 18:41:57.163 T:4400 debug : CVideoPlayer::ProcessVideoData size:193694 dts:19.070 pts:19.070 dur:41.700ms, clock:13.310 level:66
2024-07-17 18:41:57.185 T:4403 debug : CVideoPlayerVideo::OutputPicture - ttd:375ms pts:13.689 Clock:13.314 Level:6
2024-07-17 18:41:57.210 T:4400 debug : CVideoPlayer::ProcessVideoData size:296705 dts:19.111 pts:19.237 dur:41.700ms, clock:13.357 level:65
2024-07-17 18:41:57.219 T:4400 debug : CVideoPlayer::ProcessVideoData size:189271 dts:19.153 pts:19.153 dur:41.700ms, clock:13.366 level:66
2024-07-17 18:41:57.227 T:4400 debug : CVideoPlayer::ProcessVideoData size:189106 dts:19.195 pts:19.195 dur:41.700ms, clock:13.374 level:66
2024-07-17 18:41:57.237 T:4403 debug : CVideoPlayerVideo::OutputPicture - ttd:383ms pts:13.731 Clock:13.348 Level:6
2024-07-17 18:41:57.243 T:4400 debug : CVideoPlayer::ProcessVideoData size:383549 dts:19.237 pts:19.362 dur:41.700ms, clock:13.390 level:67
2024-07-17 18:41:57.269 T:4403 debug : CVideoPlayerVideo::OutputPicture - ttd:374ms pts:13.773 Clock:13.398 Level:6
2024-07-17 18:41:57.320 T:4403 debug : CVideoPlayerVideo::OutputPicture - ttd:381ms pts:13.814 Clock:13.432 Level:6
2024-07-17 18:41:57.335 T:4400 debug : CVideoPlayer::ProcessVideoData size:246409 dts:19.278 pts:19.278 dur:41.700ms, clock:13.482 level:66
2024-07-17 18:41:57.351 T:4400 debug : CVideoPlayer::ProcessVideoData size:256481 dts:19.320 pts:19.320 dur:41.700ms, clock:13.498 level:66
2024-07-17 18:41:57.354 T:4403 debug : CVideoPlayerVideo::OutputPicture - ttd:374ms pts:13.856 Clock:13.482 Level:6
2024-07-17 18:41:57.368 T:4400 debug : CVideoPlayer::ProcessVideoData size:378898 dts:19.362 pts:19.487 dur:41.700ms, clock:13.515 level:67
2024-07-17 18:41:57.402 T:4403 debug : CVideoPlayerVideo::OutputPicture - ttd:381ms pts:13.898 Clock:13.516 Level:6
2024-07-17 18:41:57.419 T:4400 debug : CVideoPlayer::ProcessVideoData size:269194 dts:19.403 pts:19.403 dur:41.700ms, clock:13.566 level:67
2024-07-17 18:41:57.435 T:4403 debug : CVideoPlayerVideo::OutputPicture - ttd:375ms pts:13.940 Clock:13.564 Level:6
2024-07-17 18:41:57.447 T:4400 debug : CVideoPlayer::ProcessVideoData size:243482 dts:19.445 pts:19.445 dur:41.700ms, clock:13.595 level:66
2024-07-17 18:41:57.465 T:4400 debug : CVideoPlayer::ProcessVideoData size:395424 dts:19.487 pts:19.528 dur:41.700ms, clock:13.612 level:67
2024-07-17 18:41:57.480 T:4014 debug : CLibInputKeyboard::ProcessKey - using delay: 500ms repeat: 33ms
2024-07-17 18:41:57.481 T:4427 debug : Thread Timer start, auto delete: false
2024-07-17 18:41:57.484 T:4008 debug : Keyboard: scancode: 0x1c, sym: 0x0d, unicode: 0x0d, modifier: 0x0
2024-07-17 18:41:57.485 T:4400 debug : CVideoPlayer::ProcessVideoData size:494725 dts:19.528 pts:19.570 dur:41.700ms, clock:13.633 level:67
2024-07-17 18:41:57.487 T:4403 debug : CVideoPlayerVideo::OutputPicture - ttd:381ms pts:13.981 Clock:13.599 Level:6
2024-07-17 18:41:57.519 T:4403 debug : CVideoPlayerVideo::OutputPicture - ttd:375ms pts:14.023 Clock:13.647 Level:6
2024-07-17 18:41:57.569 T:4403 debug : CVideoPlayerVideo::OutputPicture - ttd:383ms pts:14.065 Clock:13.682 Level:6
2024-07-17 18:41:57.594 T:4400 debug : CVideoPlayer::ProcessVideoData size:255615 dts:19.570 pts:19.695 dur:41.700ms, clock:13.741 level:66
2024-07-17 18:41:57.603 T:4403 debug : CVideoPlayerVideo::OutputPicture - ttd:373ms pts:14.106 Clock:13.733 Level:6
2024-07-17 18:41:57.605 T:4400 debug : CVideoPlayer::ProcessVideoData size:172364 dts:19.612 pts:19.612 dur:41.700ms, clock:13.753 level:67
2024-07-17 18:41:57.611 T:4400 debug : CVideoPlayer::ProcessVideoData size:188578 dts:19.654 pts:19.654 dur:41.700ms, clock:13.758 level:67
2024-07-17 18:41:57.627 T:4400 debug : CVideoPlayer::ProcessVideoData size:256802 dts:19.695 pts:19.820 dur:41.700ms, clock:13.775 level:68
2024-07-17 18:41:57.638 T:4400 debug : CVideoPlayer::ProcessVideoData size:181293 dts:19.737 pts:19.737 dur:41.700ms, clock:13.785 level:68
2024-07-17 18:41:57.651 T:4400 debug : CVideoPlayer::ProcessVideoData size:166536 dts:19.779 pts:19.779 dur:41.700ms, clock:13.799 level:69
2024-07-17 18:41:57.653 T:4403 debug : CVideoPlayerVideo::OutputPicture - ttd:382ms pts:14.148 Clock:13.765 Level:6
2024-07-17 18:41:57.685 T:4403 debug : CVideoPlayerVideo::OutputPicture - ttd:375ms pts:14.190 Clock:13.815 Level:6
2024-07-17 18:41:57.694 T:4427 debug : Thread Timer 3209032192 terminating
2024-07-17 18:41:57.701 T:4008 debug : Keyboard: scancode: 0x1c, sym: 0x0d, unicode: 0x0d, modifier: 0x0
2024-07-17 18:41:57.703 T:4008 debug : HandleKey: return (0xf00d) pressed, window 12005, action is OSD
2024-07-17 18:41:57.703 T:4008 debug : ------ Window Init (VideoOSD.xml) ------
2024-07-17 18:41:57.705 T:4400 debug : CVideoPlayer::ProcessVideoData size:223779 dts:19.820 pts:19.946 dur:41.700ms, clock:13.852 level:68
2024-07-17 18:41:57.711 T:4400 debug : CVideoPlayer::ProcessVideoData size:150918 dts:19.862 pts:19.862 dur:41.700ms, clock:13.859 level:68
2024-07-17 18:41:57.716 T:4008 debug : ------ Window Init (DialogSeekBar.xml) ------
2024-07-17 18:41:57.719 T:4400 debug : CVideoPlayer::ProcessVideoData size:154758 dts:19.904 pts:19.904 dur:41.700ms, clock:13.866 level:69
2024-07-17 18:41:57.726 T:4400 debug : CVideoPlayer::ProcessVideoData size:221431 dts:19.946 pts:20.071 dur:41.700ms, clock:13.874 level:69
2024-07-17 18:41:57.730 T:4403 debug : CVideoPlayerVideo::OutputPicture - ttd:383ms pts:14.232 Clock:13.848 Level:6
2024-07-17 18:41:57.733 T:4008 debug : ------ Window Init (Custom_1109_TopBarOverlay.xml) ------
2024-07-17 18:41:57.734 T:4400 debug : CVideoPlayer::ProcessVideoData size:163463 dts:19.987 pts:19.987 dur:41.700ms, clock:13.881 level:70
2024-07-17 18:41:57.739 T:4400 debug : CVideoPlayer::ProcessVideoData size:128339 dts:20.029 pts:20.029 dur:41.700ms, clock:13.886 level:70
2024-07-17 18:41:57.768 T:4403 debug : CVideoPlayerVideo::OutputPicture - ttd:375ms pts:14.273 Clock:13.897 Level:6
2024-07-17 18:41:57.791 T:4400 debug : CVideoPlayer::ProcessVideoData size:171441 dts:20.071 pts:20.196 dur:41.700ms, clock:13.938 level:70
2024-07-17 18:41:57.796 T:4400 debug : CVideoPlayer::ProcessVideoData size:128978 dts:20.112 pts:20.112 dur:41.700ms, clock:13.943 level:71
2024-07-17 18:41:57.821 T:4403 debug : CVideoPlayerVideo::OutputPicture - ttd:383ms pts:14.315 Clock:13.932 Level:6
2024-07-17 18:41:57.838 T:4400 debug : CVideoPlayer::ProcessVideoData size:122061 dts:20.154 pts:20.154 dur:41.700ms, clock:13.985 level:70
2024-07-17 18:41:57.846 T:4400 debug : CVideoPlayer::ProcessVideoData size:149157 dts:20.196 pts:20.321 dur:41.700ms, clock:13.993 level:71
2024-07-17 18:41:57.849 T:4400 debug : CVideoPlayer::ProcessVideoData size:93040 dts:20.238 pts:20.238 dur:41.700ms, clock:13.996 level:71
2024-07-17 18:41:57.855 T:4403 debug : CVideoPlayerVideo::OutputPicture - ttd:373ms pts:14.357 Clock:13.983 Level:6
2024-07-17 18:41:57.857 T:4400 debug : CVideoPlayer::ProcessVideoData size:93713 dts:20.279 pts:20.279 dur:41.700ms, clock:14.004 level:72
2024-07-17 18:41:57.869 T:4400 debug : CVideoPlayer::ProcessVideoData size:284469 dts:20.321 pts:20.446 dur:41.700ms, clock:14.016 level:72
2024-07-17 18:41:57.905 T:4403 debug : CVideoPlayerVideo::OutputPicture - ttd:383ms pts:14.398 Clock:14.015 Level:6
2024-07-17 18:41:57.919 T:4400 debug : CVideoPlayer::ProcessVideoData size:78685 dts:20.363 pts:20.363 dur:41.700ms, clock:14.066 level:72
2024-07-17 18:41:57.925 T:4400 debug : CVideoPlayer::ProcessVideoData size:84544 dts:20.404 pts:20.404 dur:41.700ms, clock:14.073 level:73
2024-07-17 18:41:57.930 T:4400 debug : CVideoPlayer::ProcessVideoData size:143617 dts:20.446 pts:20.571 dur:41.700ms, clock:14.077 level:73
2024-07-17 18:41:57.938 T:4403 debug : CVideoPlayerVideo::OutputPicture - ttd:375ms pts:14.440 Clock:14.064 Level:6
2024-07-17 18:41:57.959 T:4400 debug : CVideoPlayer::ProcessVideoData size:87258 dts:20.488 pts:20.488 dur:41.700ms, clock:14.106 level:73
2024-07-17 18:41:57.969 T:4400 debug : CVideoPlayer::ProcessVideoData size:91792 dts:20.529 pts:20.529 dur:41.700ms, clock:14.116 level:73
2024-07-17 18:41:57.975 T:4400 debug : CVideoPlayer::ProcessVideoData size:168666 dts:20.571 pts:20.696 dur:41.700ms, clock:14.122 level:74
2024-07-17 18:41:57.981 T:4400 debug : CVideoPlayer::ProcessVideoData size:95758 dts:20.613 pts:20.613 dur:41.700ms, clock:14.128 level:75
2024-07-17 18:41:57.985 T:4400 debug : CVideoPlayer::ProcessVideoData size:94681 dts:20.655 pts:20.655 dur:41.700ms, clock:14.132 level:75
2024-07-17 18:41:57.989 T:4403 debug : CVideoPlayerVideo::OutputPicture - ttd:384ms pts:14.482 Clock:14.098 Level:6
2024-07-17 18:41:57.993 T:4400 debug : CVideoPlayer::ProcessVideoData size:214663 dts:20.696 pts:20.821 dur:41.700ms, clock:14.140 level:76
2024-07-17 18:41:57.996 T:4400 debug : CVideoPlayer::ProcessVideoData size:92526 dts:20.738 pts:20.738 dur:41.700ms, clock:14.144 level:76
2024-07-17 18:41:58.022 T:4403 debug : CVideoPlayerVideo::OutputPicture - ttd:375ms pts:14.523 Clock:14.148 Level:6
2024-07-17 18:41:58.036 T:4400 debug : CVideoPlayer::ProcessVideoData size:97116 dts:20.780 pts:20.780 dur:41.700ms, clock:14.184 level:76
2024-07-17 18:41:58.049 T:4400 debug : CVideoPlayer::ProcessVideoData size:216895 dts:20.821 pts:20.947 dur:41.700ms, clock:14.196 level:77
2024-07-17 18:41:58.055 T:4403 debug : CVideoPlayerVideo::OutputPicture - ttd:382ms pts:14.565 Clock:14.183 Level:6
2024-07-17 18:41:58.064 T:4400 debug : CVideoPlayer::ProcessVideoData size:103427 dts:20.863 pts:20.863 dur:41.700ms, clock:14.211 level:76
2024-07-17 18:41:58.069 T:4400 debug : CVideoPlayer::ProcessVideoData size:104210 dts:20.905 pts:20.905 dur:41.700ms, clock:14.216 level:77
2024-07-17 18:41:58.081 T:4400 debug : CVideoPlayer::ProcessVideoData size:242411 dts:20.947 pts:21.072 dur:41.700ms, clock:14.228 level:77
2024-07-17 18:41:58.088 T:4400 debug : CVideoPlayer::ProcessVideoData size:104983 dts:20.988 pts:20.988 dur:41.700ms, clock:14.236 level:78
2024-07-17 18:41:58.094 T:4400 debug : CVideoPlayer::ProcessVideoData size:104622 dts:21.030 pts:21.030 dur:41.700ms, clock:14.241 level:78
2024-07-17 18:41:58.102 T:4400 debug : CVideoPlayer::ProcessVideoData size:238811 dts:21.072 pts:21.197 dur:41.700ms, clock:14.250 level:79
2024-07-17 18:41:58.103 T:4403 debug : CVideoPlayerVideo::OutputPicture - ttd:374ms pts:14.607 Clock:14.232 Level:6
2024-07-17 18:41:58.154 T:4403 debug : CVideoPlayerVideo::OutputPicture - ttd:383ms pts:14.649 Clock:14.265 Level:6
2024-07-17 18:41:58.171 T:4400 debug : CVideoPlayer::ProcessVideoData size:104593 dts:21.113 pts:21.113 dur:41.700ms, clock:14.319 level:79
2024-07-17 18:41:58.180 T:4400 debug : CVideoPlayer::ProcessVideoData size:104393 dts:21.155 pts:21.155 dur:41.700ms, clock:14.327 level:79
2024-07-17 18:41:58.188 T:4403 debug : CVideoPlayerVideo::OutputPicture - ttd:375ms pts:14.690 Clock:14.315 Level:6
2024-07-17 18:41:58.208 T:4400 debug : CVideoPlayer::ProcessVideoData size:362419 dts:21.197 pts:21.322 dur:41.700ms, clock:14.355 level:79
2024-07-17 18:41:58.213 T:4400 debug : CVideoPlayer::ProcessVideoData size:102801 dts:21.239 pts:21.239 dur:41.700ms, clock:14.360 level:79
2024-07-17 18:41:58.222 T:4400 debug : CVideoPlayer::ProcessVideoData size:102684 dts:21.280 pts:21.280 dur:41.700ms, clock:14.369 level:80
2024-07-17 18:41:58.229 T:4400 debug : CVideoPlayer::ProcessVideoData size:234342 dts:21.322 pts:21.447 dur:41.700ms, clock:14.377 level:80
2024-07-17 18:41:58.232 T:4400 debug : CVideoPlayer::ProcessVideoData size:103913 dts:21.364 pts:21.364 dur:41.700ms, clock:14.379 level:81
2024-07-17 18:41:58.239 T:4403 debug : CVideoPlayerVideo::OutputPicture - ttd:381ms pts:14.732 Clock:14.350 Level:6
2024-07-17 18:41:58.270 T:4403 debug : CVideoPlayerVideo::OutputPicture - ttd:375ms pts:14.774 Clock:14.398 Level:6
2024-07-17 18:41:58.284 T:4400 debug : CVideoPlayer::ProcessVideoData size:103246 dts:21.405 pts:21.405 dur:41.700ms, clock:14.431 level:81
2024-07-17 18:41:58.294 T:4400 debug : CVideoPlayer::ProcessVideoData size:234345 dts:21.447 pts:21.572 dur:41.700ms, clock:14.441 level:81
2024-07-17 18:41:58.319 T:4403 debug : CVideoPlayerVideo::OutputPicture - ttd:382ms pts:14.815 Clock:14.433 Level:6
2024-07-17 18:41:58.333 T:4400 debug : CVideoPlayer::ProcessVideoData size:102328 dts:21.489 pts:21.489 dur:41.700ms, clock:14.480 level:81
2024-07-17 18:41:58.344 T:4400 debug : CVideoPlayer::ProcessVideoData size:101928 dts:21.530 pts:21.530 dur:41.700ms, clock:14.491 level:81
2024-07-17 18:41:58.353 T:4400 debug : CVideoPlayer::ProcessVideoData size:235901 dts:21.572 pts:21.697 dur:41.700ms, clock:14.500 level:82
2024-07-17 18:41:58.353 T:4403 debug : CVideoPlayerVideo::OutputPicture - ttd:375ms pts:14.857 Clock:14.482 Level:6
2024-07-17 18:41:58.356 T:4400 debug : CVideoPlayer::ProcessVideoData size:102215 dts:21.614 pts:21.614 dur:41.700ms, clock:14.503 level:82
2024-07-17 18:41:58.363 T:4400 debug : CVideoPlayer::ProcessVideoData size:101509 dts:21.656 pts:21.656 dur:41.700ms, clock:14.510 level:83
2024-07-17 18:41:58.372 T:4400 debug : CVideoPlayer::ProcessVideoData size:235356 dts:21.697 pts:21.822 dur:41.700ms, clock:14.519 level:83
2024-07-17 18:41:58.402 T:4403 debug : CVideoPlayerVideo::OutputPicture - ttd:383ms pts:14.899 Clock:14.515 Level:6
2024-07-17 18:41:58.423 T:4400 debug : CVideoPlayer::ProcessVideoData size:101781 dts:21.739 pts:21.739 dur:41.700ms, clock:14.570 level:83
2024-07-17 18:41:58.430 T:4400 debug : CVideoPlayer::ProcessVideoData size:101542 dts:21.781 pts:21.781 dur:41.700ms, clock:14.577 level:84
2024-07-17 18:41:58.437 T:4403 debug : CVideoPlayerVideo::OutputPicture - ttd:375ms pts:14.941 Clock:14.565 Level:6
2024-07-17 18:41:58.455 T:4400 debug : CVideoPlayer::ProcessVideoData size:236003 dts:21.822 pts:21.948 dur:41.700ms, clock:14.602 level:83
2024-07-17 18:41:58.464 T:4400 debug : CVideoPlayer::ProcessVideoData size:101043 dts:21.864 pts:21.864 dur:41.700ms, clock:14.611 level:84
2024-07-17 18:41:58.470 T:4400 debug : CVideoPlayer::ProcessVideoData size:100428 dts:21.906 pts:21.906 dur:41.700ms, clock:14.617 level:84
2024-07-17 18:41:58.478 T:4400 debug : CVideoPlayer::ProcessVideoData size:234600 dts:21.948 pts:22.073 dur:41.700ms, clock:14.625 level:85
2024-07-17 18:41:58.482 T:4400 debug : CVideoPlayer::ProcessVideoData size:100170 dts:21.989 pts:21.989 dur:41.700ms, clock:14.629 level:85
2024-07-17 18:41:58.486 T:4403 debug : CVideoPlayerVideo::OutputPicture - ttd:384ms pts:14.982 Clock:14.598 Level:6
2024-07-17 18:41:58.489 T:4400 debug : CVideoPlayer::ProcessVideoData size:99746 dts:22.031 pts:22.031 dur:41.700ms, clock:14.636 level:86
2024-07-17 18:41:58.506 T:4400 debug : CVideoPlayer::ProcessVideoData size:354614 dts:22.073 pts:22.198 dur:41.700ms, clock:14.654 level:87
2024-07-17 18:41:58.512 T:4400 debug : CVideoPlayer::ProcessVideoData size:97990 dts:22.114 pts:22.114 dur:41.700ms, clock:14.659 level:87
2024-07-17 18:41:58.519 T:4403 debug : CVideoPlayerVideo::OutputPicture - ttd:375ms pts:15.024 Clock:14.649 Level:6
2024-07-17 18:41:58.571 T:4403 debug : CVideoPlayerVideo::OutputPicture - ttd:383ms pts:15.066 Clock:14.682 Level:6
2024-07-17 18:41:58.585 T:4400 debug : CVideoPlayer::ProcessVideoData size:97759 dts:22.156 pts:22.156 dur:41.700ms, clock:14.732 level:86
2024-07-17 18:41:58.596 T:4400 debug : CVideoPlayer::ProcessVideoData size:230573 dts:22.198 pts:22.323 dur:41.700ms, clock:14.744 level:87
2024-07-17 18:41:58.604 T:4400 debug : CVideoPlayer::ProcessVideoData size:100169 dts:22.240 pts:22.240 dur:41.700ms, clock:14.751 level:87
2024-07-17 18:41:58.606 T:4403 debug : CVideoPlayerVideo::OutputPicture - ttd:375ms pts:15.107 Clock:14.732 Level:6
2024-07-17 18:41:58.610 T:4400 debug : CVideoPlayer::ProcessVideoData size:99946 dts:22.281 pts:22.281 dur:41.700ms, clock:14.757 level:88
2024-07-17 18:41:58.619 T:4400 debug : CVideoPlayer::ProcessVideoData size:229369 dts:22.323 pts:22.448 dur:41.700ms, clock:14.766 level:88
2024-07-17 18:41:58.626 T:4400 debug : CVideoPlayer::ProcessVideoData size:91567 dts:22.365 pts:22.365 dur:41.700ms, clock:14.773 level:89
2024-07-17 18:41:58.630 T:4400 debug : CVideoPlayer::ProcessVideoData size:91811 dts:22.406 pts:22.406 dur:41.700ms, clock:14.778 level:89
2024-07-17 18:41:58.639 T:4400 debug : CVideoPlayer::ProcessVideoData size:204807 dts:22.448 pts:22.573 dur:41.700ms, clock:14.786 level:90
2024-07-17 18:41:58.652 T:4403 debug : CVideoPlayerVideo::OutputPicture - ttd:384ms pts:15.149 Clock:14.765 Level:6
2024-07-17 18:41:58.665 T:4400 debug : CVideoPlayer::ProcessVideoData size:90449 dts:22.490 pts:22.490 dur:41.700ms, clock:14.812 level:90
2024-07-17 18:41:58.677 T:4400 debug : CVideoPlayer::ProcessVideoData size:90291 dts:22.531 pts:22.531 dur:41.700ms, clock:14.824 level:90
2024-07-17 18:41:58.686 T:4403 debug : CVideoPlayerVideo::OutputPicture - ttd:374ms pts:15.191 Clock:14.816 Level:6
2024-07-17 18:41:58.694 T:4400 debug : CVideoPlayer::ProcessVideoData size:203560 dts:22.573 pts:22.698 dur:41.700ms, clock:14.841 level:90
2024-07-17 18:41:58.698 T:4400 debug : CVideoPlayer::ProcessVideoData size:90069 dts:22.615 pts:22.615 dur:41.700ms, clock:14.845 level:90
2024-07-17 18:41:58.709 T:4400 debug : CVideoPlayer::ProcessVideoData size:90117 dts:22.657 pts:22.657 dur:41.700ms, clock:14.856 level:91
2024-07-17 18:41:58.712 T:4400 debug : CVideoPlayer::ProcessVideoData size:204423 dts:22.698 pts:22.823 dur:41.700ms, clock:14.859 level:91
2024-07-17 18:41:58.715 T:4400 debug : CVideoPlayer::ProcessVideoData size:91027 dts:22.740 pts:22.740 dur:41.700ms, clock:14.863 level:92
2024-07-17 18:41:58.723 T:4400 debug : CVideoPlayer::ProcessVideoData size:91263 dts:22.782 pts:22.782 dur:41.700ms, clock:14.871 level:92
2024-07-17 18:41:58.739 T:4403 debug : CVideoPlayerVideo::OutputPicture - ttd:384ms pts:15.233 Clock:14.848 Level:6
2024-07-17 18:41:58.772 T:4403 debug : CVideoPlayerVideo::OutputPicture - ttd:375ms pts:15.274 Clock:14.898 Level:6
2024-07-17 18:41:58.788 T:4400 debug : CVideoPlayer::ProcessVideoData size:206553 dts:22.823 pts:22.949 dur:41.700ms, clock:14.936 level:92
2024-07-17 18:41:58.795 T:4400 debug : CVideoPlayer::ProcessVideoData size:92394 dts:22.865 pts:22.865 dur:41.700ms, clock:14.943 level:93
2024-07-17 18:41:58.818 T:4403 debug : CVideoPlayerVideo::OutputPicture - ttd:385ms pts:15.316 Clock:14.931 Level:6
2024-07-17 18:41:58.837 T:4400 debug : CVideoPlayer::ProcessVideoData size:92112 dts:22.907 pts:22.907 dur:41.700ms, clock:14.985 level:92
2024-07-17 18:41:58.852 T:4400 debug : CVideoPlayer::ProcessVideoData size:364363 dts:22.949 pts:23.074 dur:41.700ms, clock:15.000 level:93
2024-07-17 18:41:58.856 T:4403 debug : CVideoPlayerVideo::OutputPicture - ttd:375ms pts:15.358 Clock:14.982 Level:6
2024-07-17 18:41:58.856 T:4400 debug : CVideoPlayer::ProcessVideoData size:92258 dts:22.990 pts:22.990 dur:41.700ms, clock:15.004 level:93
2024-07-17 18:41:58.868 T:4400 debug : CVideoPlayer::ProcessVideoData size:92674 dts:23.032 pts:23.032 dur:41.700ms, clock:15.015 level:94
2024-07-17 18:41:58.874 T:4400 debug : CVideoPlayer::ProcessVideoData size:204109 dts:23.074 pts:23.199 dur:41.700ms, clock:15.021 level:94
2024-07-17 18:41:58.902 T:4403 debug : CVideoPlayerVideo::OutputPicture - ttd:385ms pts:15.399 Clock:15.014 Level:6
2024-07-17 18:41:58.911 T:4400 debug : CVideoPlayer::ProcessVideoData size:94827 dts:23.115 pts:23.115 dur:41.700ms, clock:15.058 level:94
2024-07-17 18:41:58.922 T:4400 debug : CVideoPlayer::ProcessVideoData size:94606 dts:23.157 pts:23.157 dur:41.700ms, clock:15.069 level:95
2024-07-17 18:41:58.937 T:4403 debug : CVideoPlayerVideo::OutputPicture - ttd:377ms pts:15.441 Clock:15.064 Level:6
2024-07-17 18:41:58.955 T:4400 debug : CVideoPlayer::ProcessVideoData size:205589 dts:23.199 pts:23.324 dur:41.700ms, clock:15.102 level:94
2024-07-17 18:41:58.966 T:4400 debug : CVideoPlayer::ProcessVideoData size:94569 dts:23.241 pts:23.241 dur:41.700ms, clock:15.113 level:95
2024-07-17 18:41:58.971 T:4400 debug : CVideoPlayer::ProcessVideoData size:94488 dts:23.282 pts:23.282 dur:41.700ms, clock:15.119 level:95
2024-07-17 18:41:58.979 T:4400 debug : CVideoPlayer::ProcessVideoData size:263253 dts:23.324 pts:23.449 dur:41.700ms, clock:15.127 level:96
2024-07-17 18:41:58.988 T:4400 debug : CVideoPlayer::ProcessVideoData size:100063 dts:23.366 pts:23.366 dur:41.700ms, clock:15.135 level:96
2024-07-17 18:41:58.988 T:4403 debug : CVideoPlayerVideo::OutputPicture - ttd:384ms pts:15.483 Clock:15.098 Level:6
2024-07-17 18:41:59.018 T:4403 debug : CVideoPlayerVideo::OutputPicture - ttd:376ms pts:15.524 Clock:15.148 Level:6
2024-07-17 18:41:59.034 T:4400 debug : CVideoPlayer::ProcessVideoData size:103411 dts:23.407 pts:23.407 dur:41.700ms, clock:15.181 level:96
2024-07-17 18:41:59.044 T:4014 debug : CLibInputKeyboard::ProcessKey - using delay: 500ms repeat: 33ms
2024-07-17 18:41:59.045 T:4428 debug : Thread Timer start, auto delete: false
2024-07-17 18:41:59.049 T:4400 debug : CVideoPlayer::ProcessVideoData size:252122 dts:23.449 pts:23.574 dur:41.700ms, clock:15.196 level:97
2024-07-17 18:41:59.050 T:4008 debug : Keyboard: scancode: 0x6a, sym: 0x113, unicode: 0x00, modifier: 0x0
2024-07-17 18:41:59.050 T:4008 debug : HandleKey: right (0xf083) pressed, window 12901, action is Right
2024-07-17 18:41:59.072 T:4403 debug : CVideoPlayerVideo::OutputPicture - ttd:384ms pts:15.566 Clock:15.182 Level:6
2024-07-17 18:41:59.087 T:4400 debug : CVideoPlayer::ProcessVideoData size:87766 dts:23.491 pts:23.491 dur:41.700ms, clock:15.234 level:96
2024-07-17 18:41:59.096 T:4400 debug : CVideoPlayer::ProcessVideoData size:83891 dts:23.532 pts:23.532 dur:41.700ms, clock:15.243 level:97
2024-07-17 18:41:59.105 T:4403 debug : CVideoPlayerVideo::OutputPicture - ttd:374ms pts:15.608 Clock:15.233 Level:6
2024-07-17 18:41:59.108 T:4400 debug : CVideoPlayer::ProcessVideoData size:281059 dts:23.574 pts:23.699 dur:41.700ms, clock:15.255 level:97
2024-07-17 18:41:59.109 T:4400 debug : CVideoPlayer::ProcessVideoData size:66550 dts:23.616 pts:23.616 dur:41.700ms, clock:15.257 level:98
2024-07-17 18:41:59.117 T:4400 debug : CVideoPlayer::ProcessVideoData size:65229 dts:23.658 pts:23.658 dur:41.700ms, clock:15.264 level:99
2024-07-17 18:41:59.120 T:4400 debug : CVideoPlayer::ProcessVideoData size:161230 dts:23.699 pts:23.824 dur:41.700ms, clock:15.267 level:99
2024-07-17 18:41:59.152 T:4403 debug : CVideoPlayerVideo::OutputPicture - ttd:384ms pts:15.650 Clock:15.265 Level:6
2024-07-17 18:41:59.163 T:4400 debug : CVideoPlayer::ProcessVideoData size:41424 dts:23.741 pts:23.741 dur:41.700ms, clock:15.311 level:99
2024-07-17 18:41:59.167 T:4400 debug : CVideoPlayer::ProcessVideoData size:31289 dts:23.783 pts:23.783 dur:41.700ms, clock:15.315 level:100
2024-07-17 18:41:59.170 T:4400 debug : CVideoPlayer::ProcessVideoData size:10648 dts:23.824 pts:23.866 dur:41.700ms, clock:15.317 level:100
2024-07-17 18:41:59.171 T:4400 debug : CVideoPlayer::ProcessVideoData size:8083 dts:23.866 pts:23.991 dur:41.700ms, clock:15.318 level:100
2024-07-17 18:41:59.175 T:4400 debug : CVideoPlayer::ProcessVideoData size:2604 dts:23.908 pts:23.908 dur:41.700ms, clock:15.322 level:100
2024-07-17 18:41:59.180 T:4400 debug : CVideoPlayer::ProcessVideoData size:2633 dts:23.950 pts:23.950 dur:41.700ms, clock:15.327 level:100
2024-07-17 18:41:59.182 T:4400 debug : CVideoPlayer::ProcessVideoData size:2667 dts:23.991 pts:24.116 dur:41.700ms, clock:15.329 level:100
2024-07-17 18:41:59.187 T:4400 debug : CVideoPlayer::ProcessVideoData size:406 dts:24.033 pts:24.033 dur:41.700ms, clock:15.334 level:100
2024-07-17 18:41:59.189 T:4400 debug : CVideoPlayer::ProcessVideoData size:408 dts:24.075 pts:24.075 dur:41.700ms, clock:15.336 level:100
2024-07-17 18:41:59.191 T:4400 debug : CVideoPlayer::ProcessVideoData size:1560 dts:24.116 pts:24.242 dur:41.700ms, clock:15.338 level:100
2024-07-17 18:41:59.191 T:4403 debug : CVideoPlayerVideo::OutputPicture - ttd:376ms pts:15.691 Clock:15.314 Level:6
2024-07-17 18:41:59.192 T:4400 debug : CVideoPlayer::ProcessVideoData size:359 dts:24.158 pts:24.158 dur:41.700ms, clock:15.339 level:100
2024-07-17 18:41:59.194 T:4400 debug : CVideoPlayer::ProcessVideoData size:366 dts:24.200 pts:24.200 dur:41.700ms, clock:15.341 level:100
2024-07-17 18:41:59.196 T:4400 debug : CVideoPlayer::ProcessVideoData size:1008 dts:24.242 pts:24.367 dur:41.700ms, clock:15.344 level:100
2024-07-17 18:41:59.197 T:4400 debug : CVideoPlayer::ProcessVideoData size:354 dts:24.283 pts:24.283 dur:41.700ms, clock:15.345 level:100
2024-07-17 18:41:59.199 T:4400 debug : CVideoPlayer::ProcessVideoData size:359 dts:24.325 pts:24.325 dur:41.700ms, clock:15.346 level:100
2024-07-17 18:41:59.200 T:4400 debug : CVideoPlayer::ProcessVideoData size:823 dts:24.367 pts:24.492 dur:41.700ms, clock:15.348 level:100
2024-07-17 18:41:59.203 T:4400 debug : CVideoPlayer::ProcessVideoData size:338 dts:24.408 pts:24.408 dur:41.700ms, clock:15.350 level:100
2024-07-17 18:41:59.204 T:4400 debug : CVideoPlayer::ProcessVideoData size:352 dts:24.450 pts:24.450 dur:41.700ms, clock:15.351 level:100
2024-07-17 18:41:59.207 T:4400 debug : CVideoPlayer::ProcessVideoData size:704 dts:24.492 pts:24.617 dur:41.700ms, clock:15.354 level:100
2024-07-17 18:41:59.209 T:4400 debug : CVideoPlayer::ProcessVideoData size:299 dts:24.533 pts:24.533 dur:41.700ms, clock:15.356 level:100
2024-07-17 18:41:59.211 T:4400 debug : CVideoPlayer::ProcessVideoData size:314 dts:24.575 pts:24.575 dur:41.700ms, clock:15.358 level:100
2024-07-17 18:41:59.215 T:4400 debug : CVideoPlayer::ProcessVideoData size:626 dts:24.617 pts:24.659 dur:41.700ms, clock:15.362 level:100
2024-07-17 18:41:59.216 T:4400 debug : CVideoPlayer::ProcessVideoData size:60694 dts:24.659 pts:24.700 dur:41.700ms, clock:15.363 level:100
2024-07-17 18:41:59.218 T:4400 debug : CVideoPlayer::ProcessVideoData size:7786 dts:24.700 pts:24.825 dur:41.700ms, clock:15.365 level:100
2024-07-17 18:41:59.220 T:4400 debug : CVideoPlayer::ProcessVideoData size:1270 dts:24.742 pts:24.742 dur:41.700ms, clock:15.367 level:100
2024-07-17 18:41:59.223 T:4400 debug : CVideoPlayer::ProcessVideoData size:1280 dts:24.784 pts:24.784 dur:41.700ms, clock:15.370 level:100
2024-07-17 18:41:59.224 T:4400 debug : CVideoPlayer::ProcessVideoData size:7896 dts:24.825 pts:24.951 dur:41.700ms, clock:15.371 level:100
2024-07-17 18:41:59.226 T:4400 debug : CVideoPlayer::ProcessVideoData size:1321 dts:24.867 pts:24.867 dur:41.700ms, clock:15.374 level:100
2024-07-17 18:41:59.228 T:4400 debug : CVideoPlayer::ProcessVideoData size:1336 dts:24.909 pts:24.909 dur:41.700ms, clock:15.375 level:100
2024-07-17 18:41:59.231 T:4400 debug : CVideoPlayer::ProcessVideoData size:7913 dts:24.951 pts:25.076 dur:41.700ms, clock:15.378 level:100
2024-07-17 18:41:59.232 T:4400 debug : CVideoPlayer::ProcessVideoData size:1322 dts:24.992 pts:24.992 dur:41.700ms, clock:15.379 level:100
2024-07-17 18:41:59.234 T:4400 debug : CVideoPlayer::ProcessVideoData size:1357 dts:25.034 pts:25.034 dur:41.700ms, clock:15.381 level:100
2024-07-17 18:41:59.236 T:4400 debug : CVideoPlayer::ProcessVideoData size:7709 dts:25.076 pts:25.201 dur:41.700ms, clock:15.383 level:100
2024-07-17 18:41:59.236 T:4403 debug : CVideoPlayerVideo::OutputPicture - ttd:385ms pts:15.733 Clock:15.347 Level:6
2024-07-17 18:41:59.239 T:4400 debug : CVideoPlayer::ProcessVideoData size:1320 dts:25.117 pts:25.117 dur:41.700ms, clock:15.386 level:100
2024-07-17 18:41:59.240 T:4400 debug : CVideoPlayer::ProcessVideoData size:1379 dts:25.159 pts:25.159 dur:41.700ms, clock:15.388 level:100
2024-07-17 18:41:59.243 T:4400 debug : CVideoPlayer::ProcessVideoData size:7631 dts:25.201 pts:25.326 dur:41.700ms, clock:15.390 level:100
2024-07-17 18:41:59.244 T:4400 debug : CVideoPlayer::ProcessVideoData size:1371 dts:25.243 pts:25.243 dur:41.700ms, clock:15.391 level:100
2024-07-17 18:41:59.246 T:4400 debug : CVideoPlayer::ProcessVideoData size:1345 dts:25.284 pts:25.284 dur:41.700ms, clock:15.393 level:100
2024-07-17 18:41:59.246 T:4428 debug : Thread Timer 3209032192 terminating
2024-07-17 18:41:59.247 T:4400 debug : CVideoPlayer::ProcessVideoData size:7842 dts:25.326 pts:25.451 dur:41.700ms, clock:15.395 level:100
2024-07-17 18:41:59.250 T:4400 debug : CVideoPlayer::ProcessVideoData size:1333 dts:25.368 pts:25.368 dur:41.700ms, clock:15.397 level:100
2024-07-17 18:41:59.251 T:4008 debug : Keyboard: scancode: 0x6a, sym: 0x113, unicode: 0x00, modifier: 0x0
2024-07-17 18:41:59.253 T:4400 debug : CVideoPlayer::ProcessVideoData size:1340 dts:25.409 pts:25.409 dur:41.700ms, clock:15.401 level:100
2024-07-17 18:41:59.255 T:4400 debug : CVideoPlayer::ProcessVideoData size:60618 dts:25.451 pts:25.576 dur:41.700ms, clock:15.402 level:100
2024-07-17 18:41:59.258 T:4400 debug : CVideoPlayer::ProcessVideoData size:1296 dts:25.493 pts:25.493 dur:41.700ms, clock:15.405 level:100
2024-07-17 18:41:59.259 T:4400 debug : CVideoPlayer::ProcessVideoData size:1284 dts:25.534 pts:25.534 dur:41.700ms, clock:15.406 level:100
2024-07-17 18:41:59.261 T:4400 debug : CVideoPlayer::ProcessVideoData size:7912 dts:25.576 pts:25.701 dur:41.700ms, clock:15.409 level:100
2024-07-17 18:41:59.263 T:4400 debug : CVideoPlayer::ProcessVideoData size:1279 dts:25.618 pts:25.618 dur:41.700ms, clock:15.410 level:100
2024-07-17 18:41:59.265 T:4400 debug : CVideoPlayer::ProcessVideoData size:1232 dts:25.660 pts:25.660 dur:41.700ms, clock:15.413 level:100
2024-07-17 18:41:59.267 T:4400 debug : CVideoPlayer::ProcessVideoData size:7969 dts:25.701 pts:25.826 dur:41.700ms, clock:15.415 level:100
2024-07-17 18:41:59.269 T:4400 debug : CVideoPlayer::ProcessVideoData size:1357 dts:25.743 pts:25.743 dur:41.700ms, clock:15.417 level:100
2024-07-17 18:41:59.270 T:4403 debug : CVideoPlayerVideo::OutputPicture - ttd:376ms pts:15.775 Clock:15.398 Level:6
2024-07-17 18:41:59.271 T:4400 debug : CVideoPlayer::ProcessVideoData size:1310 dts:25.785 pts:25.785 dur:41.700ms, clock:15.418 level:100
2024-07-17 18:41:59.273 T:4400 debug : CVideoPlayer::ProcessVideoData size:7931 dts:25.826 pts:25.952 dur:41.700ms, clock:15.420 level:100
2024-07-17 18:41:59.275 T:4400 debug : CVideoPlayer::ProcessVideoData size:1309 dts:25.868 pts:25.868 dur:41.700ms, clock:15.422 level:100
2024-07-17 18:41:59.277 T:4400 debug : CVideoPlayer::ProcessVideoData size:1348 dts:25.910 pts:25.910 dur:41.700ms, clock:15.424 level:100
2024-07-17 18:41:59.278 T:4400 debug : CVideoPlayer::ProcessVideoData size:8066 dts:25.952 pts:26.077 dur:41.700ms, clock:15.425 level:100
2024-07-17 18:41:59.280 T:4400 debug : CVideoPlayer::ProcessVideoData size:1322 dts:25.993 pts:25.993 dur:41.700ms, clock:15.427 level:100
2024-07-17 18:41:59.282 T:4400 debug : CVideoPlayer::ProcessVideoData size:1368 dts:26.035 pts:26.035 dur:41.700ms, clock:15.430 level:100
2024-07-17 18:41:59.287 T:4400 debug : CVideoPlayer::ProcessVideoData size:7604 dts:26.077 pts:26.202 dur:41.700ms, clock:15.435 level:100
2024-07-17 18:41:59.289 T:4400 debug : CVideoPlayer::ProcessVideoData size:1327 dts:26.118 pts:26.118 dur:41.700ms, clock:15.436 level:100
2024-07-17 18:41:59.291 T:4400 debug : CVideoPlayer::ProcessVideoData size:1365 dts:26.160 pts:26.160 dur:41.700ms, clock:15.438 level:100
2024-07-17 18:41:59.292 T:4400 debug : CVideoPlayer::ProcessVideoData size:7979 dts:26.202 pts:26.327 dur:41.700ms, clock:15.439 level:100
2024-07-17 18:41:59.294 T:4400 debug : CVideoPlayer::ProcessVideoData size:1290 dts:26.244 pts:26.244 dur:41.700ms, clock:15.441 level:100
2024-07-17 18:41:59.297 T:4400 debug : CVideoPlayer::ProcessVideoData size:1308 dts:26.285 pts:26.285 dur:41.700ms, clock:15.445 level:100
2024-07-17 18:41:59.299 T:4400 debug : CVideoPlayer::ProcessVideoData size:60396 dts:26.327 pts:26.452 dur:41.700ms, clock:15.446 level:100
2024-07-17 18:41:59.302 T:4400 debug : CVideoPlayer::ProcessVideoData size:1240 dts:26.369 pts:26.369 dur:41.700ms, clock:15.449 level:100
2024-07-17 18:41:59.304 T:4400 debug : CVideoPlayer::ProcessVideoData size:1294 dts:26.410 pts:26.410 dur:41.700ms, clock:15.451 level:100
2024-07-17 18:41:59.306 T:4400 debug : CVideoPlayer::ProcessVideoData size:8062 dts:26.452 pts:26.577 dur:41.700ms, clock:15.453 level:100
2024-07-17 18:41:59.307 T:4400 debug : CVideoPlayer::ProcessVideoData size:1276 dts:26.494 pts:26.494 dur:41.700ms, clock:15.454 level:100
2024-07-17 18:41:59.309 T:4400 debug : CVideoPlayer::ProcessVideoData size:1316 dts:26.535 pts:26.535 dur:41.700ms, clock:15.456 level:100
2024-07-17 18:41:59.311 T:4400 debug : CVideoPlayer::ProcessVideoData size:7945 dts:26.577 pts:26.702 dur:41.700ms, clock:15.458 level:100
2024-07-17 18:41:59.313 T:4400 debug : CVideoPlayer::ProcessVideoData size:1342 dts:26.619 pts:26.619 dur:41.700ms, clock:15.460 level:100
2024-07-17 18:41:59.314 T:4400 debug : CVideoPlayer::ProcessVideoData size:1345 dts:26.661 pts:26.661 dur:41.700ms, clock:15.461 level:100
2024-07-17 18:41:59.317 T:4400 debug : CVideoPlayer::ProcessVideoData size:7939 dts:26.702 pts:26.827 dur:41.700ms, clock:15.464 level:100
2024-07-17 18:41:59.318 T:4400 debug : CVideoPlayer::ProcessVideoData size:1333 dts:26.744 pts:26.744 dur:41.700ms, clock:15.465 level:100
2024-07-17 18:41:59.319 T:4403 debug : CVideoPlayerVideo::OutputPicture - ttd:385ms pts:15.816 Clock:15.431 Level:6
2024-07-17 18:41:59.321 T:4400 debug : CVideoPlayer::ProcessVideoData size:1323 dts:26.786 pts:26.786 dur:41.700ms, clock:15.468 level:100
2024-07-17 18:41:59.325 T:4400 debug : CVideoPlayer::ProcessVideoData size:7950 dts:26.827 pts:26.953 dur:41.700ms, clock:15.472 level:100
2024-07-17 18:41:59.327 T:4400 debug : CVideoPlayer::ProcessVideoData size:1351 dts:26.869 pts:26.869 dur:41.700ms, clock:15.474 level:100
2024-07-17 18:41:59.328 T:4400 debug : CVideoPlayer::ProcessVideoData size:1340 dts:26.911 pts:26.911 dur:41.700ms, clock:15.476 level:100
2024-07-17 18:41:59.329 T:4400 debug : CVideoPlayer::ProcessVideoData size:7852 dts:26.953 pts:27.078 dur:41.700ms, clock:15.477 level:100
2024-07-17 18:41:59.332 T:4400 debug : CVideoPlayer::ProcessVideoData size:1373 dts:26.994 pts:26.994 dur:41.700ms, clock:15.480 level:100
2024-07-17 18:41:59.334 T:4400 debug : CVideoPlayer::ProcessVideoData size:1340 dts:27.036 pts:27.036 dur:41.700ms, clock:15.481 level:100
2024-07-17 18:41:59.337 T:4400 debug : CVideoPlayer::ProcessVideoData size:7739 dts:27.078 pts:27.203 dur:41.700ms, clock:15.484 level:100
2024-07-17 18:41:59.339 T:4400 debug : CVideoPlayer::ProcessVideoData size:1368 dts:27.119 pts:27.119 dur:41.700ms, clock:15.486 level:100
2024-07-17 18:41:59.342 T:4400 debug : CVideoPlayer::ProcessVideoData size:1307 dts:27.161 pts:27.161 dur:41.700ms, clock:15.489 level:100
2024-07-17 18:41:59.346 T:4400 debug : CVideoPlayer::ProcessVideoData size:60358 dts:27.203 pts:27.328 dur:41.700ms, clock:15.493 level:100
2024-07-17 18:41:59.347 T:4400 debug : CVideoPlayer::ProcessVideoData size:1292 dts:27.245 pts:27.245 dur:41.700ms, clock:15.495 level:100
2024-07-17 18:41:59.349 T:4400 debug : CVideoPlayer::ProcessVideoData size:1270 dts:27.286 pts:27.286 dur:41.700ms, clock:15.496 level:100
2024-07-17 18:41:59.350 T:4400 debug : CVideoPlayer::ProcessVideoData size:8074 dts:27.328 pts:27.453 dur:41.700ms, clock:15.498 level:100
2024-07-17 18:41:59.353 T:4403 debug : CVideoPlayerVideo::OutputPicture - ttd:374ms pts:15.858 Clock:15.483 Level:6
