2024-07-17 18:41:43.457 T:4400 debug : CDVDDemuxFFmpeg::AddStream ID: 5
2024-07-17 18:41:43.457 T:4400 debug : CDVDDemuxFFmpeg::AddStream ID: 6
2024-07-17 18:41:43.457 T:4400 debug : CDVDDemuxFFmpeg::AddStream ID: 7
2024-07-17 18:41:43.457 T:4400 debug : CDVDDemuxFFmpeg::AddStream ID: 8
2024-07-17 18:41:43.457 T:4400 debug : CDVDDemuxFFmpeg::AddStream ID: 9
2024-07-17 18:41:43.457 T:4400 debug : CDVDDemuxFFmpeg::AddStream ID: 10
2024-07-17 18:41:43.457 T:4400 debug : CDVDDemuxFFmpeg::AddStream ID: 11
2024-07-17 18:41:43.457 T:4400 debug : CDVDDemuxFFmpeg::AddStream ID: 12
2024-07-17 18:41:43.457 T:4400 debug : CDVDDemuxFFmpeg::AddStream ID: 13
2024-07-17 18:41:43.457 T:4400 debug : CDVDDemuxFFmpeg::AddStream ID: 14
2024-07-17 18:41:43.457 T:4400 debug : CDVDDemuxFFmpeg::AddStream ID: 15
2024-07-17 18:41:43.457 T:4400 debug : CDVDDemuxFFmpeg::AddStream ID: 16
2024-07-17 18:41:43.457 T:4400 debug : CDVDDemuxFFmpeg::AddStream ID: 17
2024-07-17 18:41:43.457 T:4400 debug : CDVDDemuxFFmpeg::AddStream ID: 18
2024-07-17 18:41:43.457 T:4400 debug : CDVDDemuxFFmpeg::AddStream ID: 19
2024-07-17 18:41:43.457 T:4400 debug : CDVDDemuxFFmpeg::AddStream ID: 20
2024-07-17 18:41:43.457 T:4400 debug : CDVDDemuxFFmpeg::AddStream ID: 21
2024-07-17 18:41:43.457 T:4400 debug : CDVDDemuxFFmpeg::AddStream ID: 22
2024-07-17 18:41:43.457 T:4400 debug : CDVDDemuxFFmpeg::AddStream ID: 23
2024-07-17 18:41:43.457 T:4400 debug : CDVDDemuxFFmpeg::AddStream ID: 24
2024-07-17 18:41:43.457 T:4400 debug : CDVDDemuxFFmpeg::AddStream ID: 25
2024-07-17 18:41:43.457 T:4400 debug : CDVDDemuxFFmpeg::AddStream ID: 26
2024-07-17 18:41:43.457 T:4400 debug : CDVDDemuxFFmpeg::AddStream ID: 27
2024-07-17 18:41:43.457 T:4400 debug : CDVDDemuxFFmpeg::AddStream ID: 28
2024-07-17 18:41:43.457 T:4400 debug : CDVDDemuxFFmpeg::AddStream ID: 29
2024-07-17 18:41:43.457 T:4400 debug : CDVDDemuxFFmpeg::AddStream ID: 30
2024-07-17 18:41:43.457 T:4400 debug : CDVDDemuxFFmpeg::AddStream ID: 31
2024-07-17 18:41:43.457 T:4400 debug : CDVDDemuxFFmpeg::AddStream ID: 32
2024-07-17 18:41:43.458 T:4400 info : Opening stream: 0 source: 256
2024-07-17 18:41:43.458 T:4400 info : Creating video codec with codec id: 173
2024-07-17 18:41:43.458 T:4400 debug : DVDVideoCodecAmlogic::Open - codec 173 profile:2 extra_size:726 fps:24000/1001
2024-07-17 18:41:43.458 T:4400 info : CBitstreamConverter::Open Invalid hvcC
2024-07-17 18:41:43.458 T:4400 info : DVDVideoCodecAmlogic: Opened Amlogic Codec
2024-07-17 18:41:43.458 T:4400 debug : CVideoPlayerVideo::OpenStream - open stream with codec id: 173 fps:24000/1001 options:02
2024-07-17 18:41:43.458 T:4400 info : Creating video thread
2024-07-17 18:41:43.458 T:4403 debug : Thread VideoPlayerVideo start, auto delete: false
2024-07-17 18:41:43.458 T:4403 info : running thread: video_thread
2024-07-17 18:41:43.458 T:4403 debug : CVideoPlayerVideo - CDVDMsg::GENERAL_PAUSE: false
2024-07-17 18:41:43.458 T:4400 debug : ReadEditDecisionLists - Checking for edit decision lists (EDL) on local drive or remote share for: bluray://udf%3a%2f%2f%252fvar%252fmedia%252fNowy%252fTop%2520Gun%2520Maverick%2520(2022)%2520Multi%25204K%2520IMAX%2520Dolby%2520Vision%2520Dolby%2520True%2520HD%25207.1%2520Atmos%2520BLU-RAY%252fTop%2520Gun%2520Maverick%2520(2022).iso%2f/BDMV/PLAYLIST/00040.mpls
2024-07-17 18:41:43.459 T:4400 info : Opening stream: 2 source: 256
2024-07-17 18:41:43.459 T:4400 info : Finding audio codec for: 86060
2024-07-17 18:41:43.459 T:4400 debug : CDVDAudioCodecPassthrough::Open - passthrough output device is IEC
2024-07-17 18:41:43.459 T:4400 info : OpenStream: Allowing max Out-Of-Sync Value of 50 ms
2024-07-17 18:41:43.459 T:4400 info : Creating audio thread
2024-07-17 18:41:43.459 T:4404 debug : Thread VideoPlayerAudio start, auto delete: false
2024-07-17 18:41:43.459 T:4404 info : running thread: CVideoPlayerAudio::Process()
2024-07-17 18:41:43.460 T:4404 debug : CVideoPlayerAudio - CDVDMsg::GENERAL_PAUSE: false
2024-07-17 18:41:43.460 T:4400 info : Opening stream: 25 source: 256
2024-07-17 18:41:43.460 T:4400 debug : Created subtitles overlay codec: FFmpeg Subtitle Decoder
2024-07-17 18:41:43.460 T:4400 debug : CDVDClock::SetSpeedAdjust - adjusted:0.000000
2024-07-17 18:41:43.460 T:4403 debug : CAMLCodec::SetSpeed, speed(0)
2024-07-17 18:41:43.460 T:4400 debug : CVideoPlayer::HandleMessages - player 2 reported state: 0
2024-07-17 18:41:43.460 T:4403 debug : CAMLCodec::SetSpeed, speed(1000)
2024-07-17 18:41:43.460 T:4400 debug : CVideoPlayer::HandleMessages - player 1 reported state: 0
2024-07-17 18:41:43.460 T:4274 debug : OnAVChange: CApplication::OnAVChange
2024-07-17 18:41:43.460 T:4400 debug : CVideoPlayer::ProcessVideoData size:3057 dts:0.000 pts:0.009 dur:41.700ms, clock:-0.491 level:0
2024-07-17 18:41:43.460 T:4400 debug : CDVDClock::SetSpeedAdjust - adjusted:0.000000
2024-07-17 18:41:43.460 T:4403 debug : CVideoPlayerVideo - Stillframe left, switching to normal playback
2024-07-17 18:41:43.460 T:4403 info : CDVDVideoCodecAmlogic::AddData: Open decoder: fps:24000/1001
2024-07-17 18:41:43.460 T:4403 debug : codecid_to_vformat, id(173) -> vformat(11)
2024-07-17 18:41:43.461 T:4403 debug : codec_tag_to_vdec_type, codec_tag(1447904328) -> vdec_type(0)
2024-07-17 18:41:43.461 T:4403 debug : codec_tag_to_vdec_type, codec_tag(173) -> vdec_type(15)
2024-07-17 18:41:43.461 T:4403 debug : CAMLCodec::OpenDecoder hints.width(3840), hints.height(2160), hints.codec(173), hints.codec_tag(1447904328)
2024-07-17 18:41:43.461 T:4403 debug : CAMLCodec::OpenDecoder hints.fpsrate(24000), hints.fpsscale(1001), video_rate(4004)
2024-07-17 18:41:43.461 T:4403 debug : CAMLCodec::OpenDecoder hints.aspect(1.777778), video_ratio.num(1), video_ratio.den(1)
2024-07-17 18:41:43.461 T:4403 debug : CAMLCodec::OpenDecoder hints.orientation(0), hints.forced_aspect(0), hints.extrasize(0)
2024-07-17 18:41:43.461 T:4403 debug : CAMLCodec::OpenDecoder hdr type: hdr10
2024-07-17 18:41:43.461 T:4403 debug : CAMLCodec::OpenDecoder decoder timeout: 5s
2024-07-17 18:41:43.461 T:4403 debug : CAMLCodec::OpenDecoder DV support, enabled, DV system is disabled
2024-07-17 18:41:43.461 T:4400 debug : CVideoPlayer::ProcessVideoData size:336 dts:0.009 pts:0.134 dur:41.700ms, clock:-0.491 level:0
2024-07-17 18:41:43.462 T:4400 debug : CVideoPlayer::ProcessVideoData size:261 dts:0.051 pts:0.051 dur:41.700ms, clock:-0.491 level:0
2024-07-17 18:41:43.463 T:4400 debug : CVideoPlayer::ProcessVideoData size:277 dts:0.092 pts:0.092 dur:41.700ms, clock:-0.491 level:1
2024-07-17 18:41:43.464 T:4400 debug : CVideoPlayer::ProcessVideoData size:335 dts:0.134 pts:0.259 dur:41.700ms, clock:-0.491 level:2
2024-07-17 18:41:43.465 T:4400 debug : CVideoPlayer::ProcessVideoData size:268 dts:0.176 pts:0.176 dur:41.700ms, clock:-0.491 level:2
2024-07-17 18:41:43.465 T:4400 debug : CVideoPlayer::ProcessVideoData size:277 dts:0.218 pts:0.218 dur:41.700ms, clock:-0.491 level:3
2024-07-17 18:41:43.465 T:4400 debug : CVideoPlayer::ProcessVideoData size:335 dts:0.259 pts:0.384 dur:41.700ms, clock:-0.491 level:3
2024-07-17 18:41:43.465 T:4400 debug : CVideoPlayer::ProcessVideoData size:268 dts:0.301 pts:0.301 dur:41.700ms, clock:-0.491 level:4
2024-07-17 18:41:43.465 T:4400 debug : CVideoPlayer::ProcessVideoData size:277 dts:0.343 pts:0.343 dur:41.700ms, clock:-0.491 level:4
2024-07-17 18:41:43.465 T:4400 debug : CVideoPlayer::ProcessVideoData size:335 dts:0.384 pts:0.509 dur:41.700ms, clock:-0.491 level:5
2024-07-17 18:41:43.465 T:4400 debug : CVideoPlayer::ProcessVideoData size:268 dts:0.426 pts:0.426 dur:41.700ms, clock:-0.491 level:5
2024-07-17 18:41:43.465 T:4400 debug : CVideoPlayer::ProcessVideoData size:277 dts:0.468 pts:0.468 dur:41.700ms, clock:-0.491 level:6
2024-07-17 18:41:43.465 T:4400 debug : CVideoPlayer::ProcessVideoData size:335 dts:0.509 pts:0.635 dur:41.700ms, clock:-0.491 level:6
2024-07-17 18:41:43.465 T:4400 debug : CVideoPlayer::ProcessVideoData size:268 dts:0.551 pts:0.551 dur:41.700ms, clock:-0.491 level:7
2024-07-17 18:41:43.465 T:4400 debug : CVideoPlayer::ProcessVideoData size:277 dts:0.593 pts:0.593 dur:41.700ms, clock:-0.491 level:7
2024-07-17 18:41:43.465 T:4400 debug : CVideoPlayer::ProcessVideoData size:335 dts:0.635 pts:0.760 dur:41.700ms, clock:-0.491 level:8
2024-07-17 18:41:43.465 T:4400 debug : CVideoPlayer::ProcessVideoData size:268 dts:0.676 pts:0.676 dur:41.700ms, clock:-0.491 level:8
2024-07-17 18:41:43.465 T:4400 debug : CVideoPlayer::ProcessVideoData size:277 dts:0.718 pts:0.718 dur:41.700ms, clock:-0.491 level:9
2024-07-17 18:41:43.466 T:4400 debug : CVideoPlayer::ProcessVideoData size:3081 dts:0.760 pts:0.885 dur:41.700ms, clock:-0.491 level:9
2024-07-17 18:41:43.466 T:4400 debug : CVideoPlayer::ProcessVideoData size:261 dts:0.801 pts:0.801 dur:41.700ms, clock:-0.491 level:10
2024-07-17 18:41:43.466 T:4400 debug : CVideoPlayer::ProcessVideoData size:270 dts:0.843 pts:0.843 dur:41.700ms, clock:-0.491 level:10
2024-07-17 18:41:43.466 T:4400 debug : CVideoPlayer::ProcessVideoData size:344 dts:0.885 pts:0.968 dur:41.700ms, clock:-0.491 level:11
2024-07-17 18:41:43.466 T:4403 debug : CAMLCodec::SetSpeed, speed(0)
2024-07-17 18:41:43.467 T:4402 debug : trying to load setting definitions from old format...
2024-07-17 18:41:43.467 T:4400 debug : CVideoPlayer::ProcessVideoData size:269 dts:0.927 pts:0.927 dur:41.700ms, clock:-0.491 level:0
2024-07-17 18:41:43.468 T:4400 debug : CVideoPlayer::ProcessVideoData size:3056 dts:0.968 pts:1.010 dur:41.700ms, clock:-0.491 level:0
2024-07-17 18:41:43.470 T:4404 debug : CDVDAudio::Pause - pausing audio stream
2024-07-17 18:41:43.470 T:4404 info : Skipped 1 duplicate messages..
2024-07-17 18:41:43.470 T:4404 info : CAEStreamParser::SyncTrueHD - TrueHD stream detected (8 channels, 48000Hz)
2024-07-17 18:41:43.471 T:4404 info : Creating audio stream (codec id: 86060, channels: 8, sample rate: 48000, pass-through)
2024-07-17 18:41:43.471 T:4402 debug : CPythonInvoker(30, /storage/.kodi/addons/script.embuary.helper/plugin.py): script successfully run
2024-07-17 18:41:43.471 T:4402 debug : onExecutionDone(30, /storage/.kodi/addons/script.embuary.helper/plugin.py)
2024-07-17 18:41:43.472 T:4400 debug : CVideoPlayer::ProcessVideoData size:16559 dts:1.010 pts:1.135 dur:41.700ms, clock:-0.491 level:0
2024-07-17 18:41:43.472 T:4404 debug : CVideoPlayerAudio:: synctype set to 0: clock feedback
2024-07-17 18:41:43.474 T:4400 debug : CVideoPlayer::ProcessVideoData size:1771 dts:1.052 pts:1.052 dur:41.700ms, clock:-0.491 level:0
2024-07-17 18:41:43.475 T:4400 debug : CVideoPlayer::ProcessVideoData size:4853 dts:1.093 pts:1.093 dur:41.700ms, clock:-0.491 level:0
2024-07-17 18:41:43.476 T:4400 debug : CVideoPlayer::ProcessVideoData size:49842 dts:1.135 pts:1.260 dur:41.700ms, clock:-0.491 level:0
2024-07-17 18:41:43.477 T:4400 debug : CVideoPlayer::ProcessVideoData size:17137 dts:1.177 pts:1.177 dur:41.700ms, clock:-0.491 level:0
2024-07-17 18:41:43.479 T:4400 debug : CVideoPlayer::ProcessVideoData size:22006 dts:1.219 pts:1.219 dur:41.700ms, clock:-0.491 level:0
2024-07-17 18:41:43.480 T:4400 debug : CVideoPlayer::ProcessVideoData size:90881 dts:1.260 pts:1.385 dur:41.700ms, clock:-0.491 level:0
2024-07-17 18:41:43.481 T:4400 debug : CVideoPlayer::ProcessVideoData size:32524 dts:1.302 pts:1.302 dur:41.700ms, clock:-0.491 level:0
2024-07-17 18:41:43.482 T:4403 debug : CRenderManager::Configure - change configuration. 3840x2160. display: 3840x2160. framerate: 23.98 hdrType: hdr10.
2024-07-17 18:41:43.483 T:4400 debug : CVideoPlayer::ProcessVideoData size:38473 dts:1.344 pts:1.344 dur:41.700ms, clock:-0.491 level:0
2024-07-17 18:41:43.485 T:4400 debug : CVideoPlayer::ProcessVideoData size:220459 dts:1.385 pts:1.510 dur:41.700ms, clock:-0.491 level:0
2024-07-17 18:41:43.486 T:4400 debug : CVideoPlayer::ProcessVideoData size:48356 dts:1.427 pts:1.427 dur:41.700ms, clock:-0.491 level:1
2024-07-17 18:41:43.489 T:4400 debug : CVideoPlayer::ProcessVideoData size:52402 dts:1.469 pts:1.469 dur:41.700ms, clock:-0.491 level:2
2024-07-17 18:41:43.490 T:4008 debug : DeleteRenderer - deleting renderer
2024-07-17 18:41:43.490 T:4008 debug : LinuxRendererGLES: Cleaning up GLES resources
2024-07-17 18:41:43.490 T:4008 info : Constructing CRendererAML
2024-07-17 18:41:43.490 T:4008 debug : CRendererAML::Configure DV support, enabled, DV system is disabled, HDR is used
2024-07-17 18:41:43.490 T:4008 debug : CRenderManager::Configure - 8
2024-07-17 18:41:43.490 T:4403 debug : CVideoPlayerVideo::OutputPicture - ttd:499ms pts:0.009 Clock:-0.491 Level:0
2024-07-17 18:41:43.490 T:4400 debug : CVideoPlayer::HandleMessages - player started 2
2024-07-17 18:41:43.490 T:4274 debug : OnAVChange: CApplication::OnAVChange
2024-07-17 18:41:43.492 T:4400 debug : CVideoPlayer::ProcessVideoData size:258737 dts:1.510 pts:1.636 dur:41.700ms, clock:-0.491 level:2
2024-07-17 18:41:43.492 T:4400 debug : CVideoPlayer::ProcessVideoData size:77539 dts:1.552 pts:1.552 dur:41.700ms, clock:-0.491 level:3
2024-07-17 18:41:43.492 T:4402 debug : .
2024-07-17 18:41:43.493 T:4400 debug : CVideoPlayer::ProcessVideoData size:87320 dts:1.594 pts:1.594 dur:41.700ms, clock:-0.491 level:3
2024-07-17 18:41:43.495 T:4400 debug : CVideoPlayer::ProcessVideoData size:393807 dts:1.636 pts:1.761 dur:41.700ms, clock:-0.491 level:4
2024-07-17 18:41:43.495 T:4400 debug : CVideoPlayer::ProcessVideoData size:121973 dts:1.677 pts:1.677 dur:41.700ms, clock:-0.491 level:4
2024-07-17 18:41:43.496 T:4400 debug : CVideoPlayer::ProcessVideoData size:147205 dts:1.719 pts:1.719 dur:41.700ms, clock:-0.491 level:5
2024-07-17 18:41:43.497 T:4400 debug : CVideoPlayer::ProcessVideoData size:535919 dts:1.761 pts:1.802 dur:41.700ms, clock:-0.491 level:5
2024-07-17 18:41:43.499 T:4400 debug : CVideoPlayer::ProcessVideoData size:366619 dts:1.802 pts:1.928 dur:41.700ms, clock:-0.491 level:6
2024-07-17 18:41:43.500 T:4400 debug : CVideoPlayer::ProcessVideoData size:164776 dts:1.844 pts:1.844 dur:41.700ms, clock:-0.491 level:6
2024-07-17 18:41:43.501 T:4400 debug : CVideoPlayer::ProcessVideoData size:178339 dts:1.886 pts:1.886 dur:41.700ms, clock:-0.491 level:7
2024-07-17 18:41:43.504 T:4040 info : CActiveAESink::OpenSink - initialize sink
2024-07-17 18:41:43.516 T:4400 debug : CVideoPlayer::ProcessVideoData size:462450 dts:1.928 pts:2.053 dur:41.700ms, clock:-0.491 level:7
2024-07-17 18:41:43.523 T:4400 debug : CVideoPlayer::ProcessVideoData size:188003 dts:1.969 pts:1.969 dur:41.700ms, clock:-0.491 level:8
2024-07-17 18:41:43.530 T:4400 debug : CVideoPlayer::ProcessVideoData size:196237 dts:2.011 pts:2.011 dur:41.700ms, clock:-0.491 level:8
2024-07-17 18:41:43.548 T:4400 debug : CVideoPlayer::ProcessVideoData size:447527 dts:2.053 pts:2.178 dur:41.700ms, clock:-0.491 level:9
2024-07-17 18:41:43.555 T:4400 debug : CVideoPlayer::ProcessVideoData size:198385 dts:2.094 pts:2.094 dur:41.700ms, clock:-0.491 level:9
2024-07-17 18:41:43.559 T:4402 debug : Python interpreter stopped
2024-07-17 18:41:43.559 T:4402 debug : Thread LanguageInvoker 3252535808 terminating
2024-07-17 18:41:43.561 T:4400 debug : CVideoPlayer::ProcessVideoData size:194413 dts:2.136 pts:2.136 dur:41.700ms, clock:-0.491 level:10
2024-07-17 18:41:43.572 T:4400 debug : CVideoPlayer::ProcessVideoData size:341765 dts:2.178 pts:2.303 dur:41.700ms, clock:-0.491 level:10
2024-07-17 18:41:43.578 T:4400 debug : CVideoPlayer::ProcessVideoData size:193143 dts:2.220 pts:2.220 dur:41.700ms, clock:-0.491 level:11
2024-07-17 18:41:43.584 T:4400 debug : CVideoPlayer::ProcessVideoData size:191839 dts:2.261 pts:2.261 dur:41.700ms, clock:-0.491 level:11
2024-07-17 18:41:43.598 T:4400 debug : CVideoPlayer::ProcessVideoData size:333254 dts:2.303 pts:2.428 dur:41.700ms, clock:-0.491 level:12
2024-07-17 18:41:43.604 T:4400 debug : CVideoPlayer::ProcessVideoData size:181814 dts:2.345 pts:2.345 dur:41.700ms, clock:-0.491 level:12
2024-07-17 18:41:43.608 T:4400 debug : CVideoPlayer::ProcessVideoData size:177524 dts:2.386 pts:2.386 dur:41.700ms, clock:-0.491 level:13
2024-07-17 18:41:43.622 T:4400 debug : CVideoPlayer::ProcessVideoData size:359836 dts:2.428 pts:2.553 dur:41.700ms, clock:-0.491 level:14
2024-07-17 18:41:43.628 T:4400 debug : CVideoPlayer::ProcessVideoData size:177749 dts:2.470 pts:2.470 dur:41.700ms, clock:-0.491 level:14
2024-07-17 18:41:43.633 T:4400 debug : CVideoPlayer::ProcessVideoData size:180645 dts:2.511 pts:2.511 dur:41.700ms, clock:-0.491 level:15
2024-07-17 18:41:43.658 T:4400 debug : CVideoPlayer::ProcessVideoData size:735147 dts:2.553 pts:2.678 dur:41.700ms, clock:-0.491 level:15
2024-07-17 18:41:43.665 T:4400 debug : CVideoPlayer::ProcessVideoData size:181964 dts:2.595 pts:2.595 dur:41.700ms, clock:-0.491 level:16
2024-07-17 18:41:43.671 T:4400 debug : CVideoPlayer::ProcessVideoData size:180321 dts:2.637 pts:2.637 dur:41.700ms, clock:-0.491 level:16
2024-07-17 18:41:43.685 T:4400 debug : CVideoPlayer::ProcessVideoData size:381342 dts:2.678 pts:2.803 dur:41.700ms, clock:-0.491 level:17
2024-07-17 18:41:43.691 T:4400 debug : CVideoPlayer::ProcessVideoData size:179915 dts:2.720 pts:2.720 dur:41.700ms, clock:-0.491 level:17
2024-07-17 18:41:43.694 T:4400 debug : CVideoPlayer::ProcessVideoData size:196585 dts:2.762 pts:2.762 dur:41.700ms, clock:-0.491 level:18
2024-07-17 18:41:43.702 T:4040 debug : CActiveAESink::OpenSink - trying to open device ALSA:hdmi:CARD=AMLAUGESOUND,DEV=0
2024-07-17 18:41:43.702 T:4040 info : CAESinkALSA::Initialize - Configure simple control for "AUGESOUND"
2024-07-17 18:41:43.702 T:4040 info : CAESinkALSA - Use card "hw:0" and set codec format "TrueHD"
2024-07-17 18:41:43.713 T:4400 debug : CVideoPlayer::ProcessVideoData size:434445 dts:2.803 pts:2.929 dur:41.700ms, clock:-0.491 level:18
2024-07-17 18:41:43.719 T:4400 debug : CVideoPlayer::ProcessVideoData size:197146 dts:2.845 pts:2.845 dur:41.700ms, clock:-0.491 level:19
2024-07-17 18:41:43.727 T:4400 debug : CVideoPlayer::ProcessVideoData size:202444 dts:2.887 pts:2.887 dur:41.700ms, clock:-0.491 level:19
2024-07-17 18:41:43.738 T:4040 info : CAESinkALSA - Set Spdif to HDMITX to "Spdif_b"
2024-07-17 18:41:43.738 T:4040 info : CAESinkALSA - Set codec for "Audio spdif_b format"
2024-07-17 18:41:43.738 T:4040 info : CAESinkALSA - Set codec for "Audio spdif format"
2024-07-17 18:41:43.738 T:4040 info : CAESinkALSA::Initialize - Attempting to open device "hdmi:CARD=AMLAUGESOUND,DEV=0"
2024-07-17 18:41:43.744 T:4400 debug : CVideoPlayer::ProcessVideoData size:441056 dts:2.929 pts:3.054 dur:41.700ms, clock:-0.491 level:20
2024-07-17 18:41:43.744 T:4040 info : CAESinkALSA::Initialize - Opened device "hdmi:CARD=AMLAUGESOUND,DEV=0,AES0=0x06,AES1=0x82,AES2=0x00,AES3=0x09"
2024-07-17 18:41:43.744 T:4040 debug : CAESinkALSA::InitializeHW - Request: periodSize 4096, bufferSize 16384
2024-07-17 18:41:43.744 T:4040 debug : CAESinkALSA::InitializeHW - Got: periodSize 4096, bufferSize 16384
2024-07-17 18:41:43.744 T:4040 debug : CAESinkALSA::InitializeHW - Setting timeout to 86 ms
2024-07-17 18:41:43.744 T:4040 debug : CAESinkALSA::GetChannelLayout - Input Channel Count: 8 Output Channel Count: 8
2024-07-17 18:41:43.744 T:4040 debug : CAESinkALSA::GetChannelLayout - Requested Layout: RAW, RAW, RAW, RAW, RAW, RAW, RAW, RAW
2024-07-17 18:41:43.744 T:4040 debug : CAESinkALSA::GetChannelLayout - Got Layout: RAW, RAW, RAW, RAW, RAW, RAW, RAW, RAW (ALSA: none)
2024-07-17 18:41:43.745 T:4040 debug : CActiveAESink::OpenSink - ALSA Initialized:
2024-07-17 18:41:43.745 T:4040 debug : Output Device : AML-AUGESOUND
2024-07-17 18:41:43.745 T:4040 debug : Sample Rate : 192000
2024-07-17 18:41:43.745 T:4040 debug : Sample Format : AE_FMT_S16NE
2024-07-17 18:41:43.745 T:4040 debug : Channel Count : 8
2024-07-17 18:41:43.745 T:4040 debug : Channel Layout: RAW, RAW, RAW, RAW, RAW, RAW, RAW, RAW
2024-07-17 18:41:43.745 T:4040 debug : Frames : 4096
2024-07-17 18:41:43.745 T:4040 debug : Frame Size : 16
2024-07-17 18:41:43.748 T:4039 debug : CActiveAE::ClearDiscardedBuffers - buffer pool deleted
2024-07-17 18:41:43.751 T:4400 info : Skipped 1 duplicate messages..
2024-07-17 18:41:43.751 T:4400 debug : CVideoPlayer::ProcessVideoData size:207565 dts:2.970 pts:2.970 dur:41.700ms, clock:-0.491 level:20
2024-07-17 18:41:43.762 T:4400 debug : CVideoPlayer::ProcessVideoData size:208559 dts:3.012 pts:3.012 dur:41.700ms, clock:-0.491 level:21
2024-07-17 18:41:43.762 T:4400 debug : CVideoPlayer::HandleMessages - player started 1
2024-07-17 18:41:43.762 T:4400 debug : VideoPlayer::Sync - Audio - pts: 0.318, cache: 0.390, totalcache: 0.685, packets:2870 level:26
2024-07-17 18:41:43.762 T:4400 debug : VideoPlayer::Sync - Video - pts: 0.009, cache: 0.050, totalcache: 0.100, packets:74 level:21
2024-07-17 18:41:43.762 T:4283 debug : OnAVChange: CApplication::OnAVChange
2024-07-17 18:41:43.762 T:4400 debug : CDVDClock::SetSpeedAdjust - adjusted:0.000000
2024-07-17 18:41:43.762 T:4403 debug : CVideoPlayerVideo - CDVDMsg::GENERAL_RESYNC(-91001.000000)
2024-07-17 18:41:43.762 T:4403 debug : CVideoPlayerVideo - OUTPUT_AGAIN - vfmt, interlace should be checked.
2024-07-17 18:41:43.762 T:4403 debug : CAMLCodec::SetSpeed, speed(1000)
2024-07-17 18:41:43.762 T:4403 debug : CVideoPlayerVideo::OutputPicture - ttd:141ms pts:0.051 Clock:-0.091 Level:0
2024-07-17 18:41:43.762 T:4283 debug : OnAVStarted: CApplication::OnAVStarted
2024-07-17 18:41:43.762 T:4403 debug : CVideoPlayerVideo - CDVDMsg::DEMUXER_PACKET - checking interlace vfmt: null
2024-07-17 18:41:43.763 T:4008 debug : CAMLCodec::SetVideoRect:display(0,0,3840,2160)
2024-07-17 18:41:43.763 T:4008 debug : CAMLCodec::SetVideoRect:gui(0,0,1920,1080)
2024-07-17 18:41:43.763 T:4008 debug : CAMLCodec::SetVideoRect:m_dst_rect(0,0,1920,1080)
2024-07-17 18:41:43.763 T:4008 debug : CAMLCodec::SetVideoRect:dst_rect(0,0,3840,2160)
2024-07-17 18:41:43.763 T:4008 debug : CAMLCodec::SetVideoRect:m_guiStereoMode(0)
2024-07-17 18:41:43.763 T:4008 debug : CAMLCodec::SetVideoRect:m_guiStereoView(0)
2024-07-17 18:41:43.764 T:4403 debug : CVideoPlayerVideo::OutputPicture - ttd:181ms pts:0.092 Clock:-0.089 Level:1
2024-07-17 18:41:43.765 T:4404 debug : CDVDAudio::Resume - resume audio stream
2024-07-17 18:41:43.765 T:4039 debug : ActiveAE - start sync of audio stream
2024-07-17 18:41:43.765 T:4403 debug : CVideoPlayerVideo::OutputPicture - ttd:222ms pts:0.134 Clock:-0.088 Level:2
2024-07-17 18:41:43.766 T:4403 debug : CVideoPlayerVideo::OutputPicture - ttd:262ms pts:0.176 Clock:-0.087 Level:3
2024-07-17 18:41:43.768 T:4403 debug : CVideoPlayerVideo::OutputPicture - ttd:302ms pts:0.218 Clock:-0.085 Level:4
2024-07-17 18:41:43.769 T:4403 debug : CVideoPlayerVideo::OutputPicture - ttd:342ms pts:0.259 Clock:-0.083 Level:5
2024-07-17 18:41:43.773 T:4403 debug : CVideoPlayerVideo::OutputPicture - ttd:382ms pts:0.301 Clock:-0.081 Level:6
2024-07-17 18:41:43.773 T:4008 debug : Activating window ID: 12005
2024-07-17 18:41:43.775 T:4008 debug : ------ Window Deinit (MyVideoNav.xml) ------
2024-07-17 18:41:43.776 T:4008 debug : FreeVisualisation() done
2024-07-17 18:41:43.777 T:4008 debug : ------ Window Init (VideoFullScreen.xml) ------
2024-07-17 18:41:43.782 T:4400 debug : CVideoPlayer::ProcessVideoData size:419182 dts:3.054 pts:3.179 dur:41.700ms, clock:-0.071 level:21
2024-07-17 18:41:43.782 T:4275 debug : OnAVChange: CApplication::OnAVChange
2024-07-17 18:41:43.784 T:4008 debug : ------ Window Deinit (DialogBusy.xml) ------
2024-07-17 18:41:43.791 T:4400 debug : CVideoPlayer::ProcessVideoData size:202070 dts:3.095 pts:3.095 dur:41.700ms, clock:-0.062 level:21
2024-07-17 18:41:43.796 T:4400 debug : CVideoPlayer::ProcessVideoData size:198454 dts:3.137 pts:3.137 dur:41.700ms, clock:-0.057 level:22
2024-07-17 18:41:43.811 T:4400 debug : CVideoPlayer::ProcessVideoData size:411710 dts:3.179 pts:3.304 dur:41.700ms, clock:-0.042 level:22
2024-07-17 18:41:43.818 T:4400 debug : CVideoPlayer::ProcessVideoData size:190488 dts:3.221 pts:3.221 dur:41.700ms, clock:-0.035 level:23
2024-07-17 18:41:43.824 T:4400 debug : CVideoPlayer::ProcessVideoData size:190545 dts:3.262 pts:3.262 dur:41.700ms, clock:-0.028 level:23
2024-07-17 18:41:43.841 T:4400 debug : CVideoPlayer::ProcessVideoData size:403619 dts:3.304 pts:3.429 dur:41.700ms, clock:-0.012 level:24
2024-07-17 18:41:43.847 T:4400 debug : CVideoPlayer::ProcessVideoData size:185054 dts:3.346 pts:3.346 dur:41.700ms, clock:-0.006 level:24
2024-07-17 18:41:43.851 T:4403 debug : CVideoPlayerVideo::OutputPicture - ttd:421ms pts:0.343 Clock:-0.078 Level:6
2024-07-17 18:41:43.854 T:4400 debug : CVideoPlayer::ProcessVideoData size:186741 dts:3.387 pts:3.387 dur:41.700ms, clock:0.002 level:24
2024-07-17 18:41:43.856 T:4064 error : [ script.embuary.helper ] Image error: Could not get image for image://video@%2fvar%2fmedia%2fNowy%2fTop%20Gun%20Maverick%20(2022)%20Multi%204K%20IMAX%20Dolby%20Vision%20Dolby%20True%20HD%207.1%20Atmos%20BLU-RAY%2fTop%20Gun%20Maverick%20(2022).iso/ (try 2) -> [Errno 2] No such file or directory: '/storage/.kodi/userdata/addon_data/script.embuary.helper/img/tmp/0afd2d0840dafb9150a8aa31f0b042ea.jpg'
2024-07-17 18:41:43.878 T:4039 debug : ActiveAE::SyncStream - average error of 16.285538, start adjusting
2024-07-17 18:41:43.878 T:4039 debug : ActiveAE::SyncStream - average error 0.285538 below threshold of 30.000000
2024-07-17 18:41:43.882 T:4400 debug : CVideoPlayer::ProcessVideoData size:775828 dts:3.429 pts:3.554 dur:41.700ms, clock:0.029 level:24
2024-07-17 18:41:43.886 T:4403 debug : CVideoPlayerVideo::OutputPicture - ttd:369ms pts:0.384 Clock:0.015 Level:6
2024-07-17 18:41:43.892 T:4400 debug : CVideoPlayer::ProcessVideoData size:183352 dts:3.471 pts:3.471 dur:41.700ms, clock:0.039 level:24
2024-07-17 18:41:43.896 T:4400 debug : CVideoPlayer::ProcessVideoData size:184383 dts:3.512 pts:3.512 dur:41.700ms, clock:0.043 level:25
2024-07-17 18:41:43.915 T:4400 debug : CVideoPlayer::ProcessVideoData size:426945 dts:3.554 pts:3.679 dur:41.700ms, clock:0.062 level:26
2024-07-17 18:41:43.929 T:4400 debug : CVideoPlayer::ProcessVideoData size:201457 dts:3.596 pts:3.596 dur:41.700ms, clock:0.077 level:26
2024-07-17 18:41:43.936 T:4403 debug : CVideoPlayerVideo::OutputPicture - ttd:378ms pts:0.426 Clock:0.048 Level:6
2024-07-17 18:41:43.939 T:4400 debug : CVideoPlayer::ProcessVideoData size:200192 dts:3.638 pts:3.638 dur:41.700ms, clock:0.086 level:27
2024-07-17 18:41:43.960 T:4400 debug : CVideoPlayer::ProcessVideoData size:473138 dts:3.679 pts:3.804 dur:41.700ms, clock:0.108 level:27
2024-07-17 18:41:43.968 T:4400 debug : CVideoPlayer::ProcessVideoData size:203156 dts:3.721 pts:3.721 dur:41.700ms, clock:0.115 level:28
2024-07-17 18:41:43.971 T:4403 debug : CVideoPlayerVideo::OutputPicture - ttd:369ms pts:0.468 Clock:0.098 Level:6
2024-07-17 18:41:43.976 T:4400 debug : CVideoPlayer::ProcessVideoData size:205781 dts:3.763 pts:3.763 dur:41.700ms, clock:0.123 level:28
2024-07-17 18:41:43.996 T:4400 debug : CVideoPlayer::ProcessVideoData size:484264 dts:3.804 pts:3.930 dur:41.700ms, clock:0.143 level:29
2024-07-17 18:41:44.002 T:4403 debug : CVideoPlayerVideo::OutputPicture - ttd:377ms pts:0.509 Clock:0.132 Level:6
2024-07-17 18:41:44.003 T:4400 debug : CVideoPlayer::ProcessVideoData size:207959 dts:3.846 pts:3.846 dur:41.700ms, clock:0.150 level:29
2024-07-17 18:41:44.012 T:4400 debug : CVideoPlayer::ProcessVideoData size:209835 dts:3.888 pts:3.888 dur:41.700ms, clock:0.159 level:30
2024-07-17 18:41:44.032 T:4400 debug : CVideoPlayer::ProcessVideoData size:485126 dts:3.930 pts:4.055 dur:41.700ms, clock:0.179 level:30
2024-07-17 18:41:44.043 T:4400 debug : CVideoPlayer::ProcessVideoData size:208429 dts:3.971 pts:3.971 dur:41.700ms, clock:0.191 level:31
2024-07-17 18:41:44.052 T:4400 debug : CVideoPlayer::ProcessVideoData size:211126 dts:4.013 pts:4.013 dur:41.700ms, clock:0.199 level:31
2024-07-17 18:41:44.053 T:4403 debug : CVideoPlayerVideo::OutputPicture - ttd:387ms pts:0.551 Clock:0.164 Level:6
2024-07-17 18:41:44.071 T:4400 debug : CVideoPlayer::ProcessVideoData size:489100 dts:4.055 pts:4.180 dur:41.700ms, clock:0.219 level:32
2024-07-17 18:41:44.079 T:4400 debug : CVideoPlayer::ProcessVideoData size:212449 dts:4.096 pts:4.096 dur:41.700ms, clock:0.226 level:32
2024-07-17 18:41:44.086 T:4400 debug : CVideoPlayer::ProcessVideoData size:217079 dts:4.138 pts:4.138 dur:41.700ms, clock:0.233 level:33
2024-07-17 18:41:44.102 T:4403 debug : CVideoPlayerVideo::OutputPicture - ttd:377ms pts:0.593 Clock:0.215 Level:6
2024-07-17 18:41:44.105 T:4400 debug : CVideoPlayer::ProcessVideoData size:492589 dts:4.180 pts:4.305 dur:41.700ms, clock:0.252 level:33
2024-07-17 18:41:44.114 T:4400 debug : CVideoPlayer::ProcessVideoData size:215657 dts:4.222 pts:4.222 dur:41.700ms, clock:0.261 level:34
2024-07-17 18:41:44.121 T:4400 debug : CVideoPlayer::ProcessVideoData size:215452 dts:4.263 pts:4.263 dur:41.700ms, clock:0.268 level:34
2024-07-17 18:41:44.136 T:4403 debug : CVideoPlayerVideo::OutputPicture - ttd:368ms pts:0.635 Clock:0.266 Level:6
2024-07-17 18:41:44.156 T:4400 debug : CVideoPlayer::ProcessVideoData size:854884 dts:4.305 pts:4.430 dur:41.700ms, clock:0.303 level:35
2024-07-17 18:41:44.162 T:4400 debug : CVideoPlayer::ProcessVideoData size:215476 dts:4.347 pts:4.347 dur:41.700ms, clock:0.310 level:35
2024-07-17 18:41:44.169 T:4400 debug : CVideoPlayer::ProcessVideoData size:213953 dts:4.388 pts:4.388 dur:41.700ms, clock:0.316 level:36
2024-07-17 18:41:44.184 T:4400 debug : CVideoPlayer::ProcessVideoData size:481516 dts:4.430 pts:4.555 dur:41.700ms, clock:0.331 level:36
2024-07-17 18:41:44.186 T:4403 debug : CVideoPlayerVideo::OutputPicture - ttd:377ms pts:0.676 Clock:0.298 Level:6
2024-07-17 18:41:44.194 T:4400 debug : CVideoPlayer::ProcessVideoData size:215122 dts:4.472 pts:4.472 dur:41.700ms, clock:0.341 level:37
2024-07-17 18:41:44.201 T:4400 debug : CVideoPlayer::ProcessVideoData size:215440 dts:4.513 pts:4.513 dur:41.700ms, clock:0.348 level:38
2024-07-17 18:41:44.219 T:4400 debug : CVideoPlayer::ProcessVideoData size:495032 dts:4.555 pts:4.680 dur:41.700ms, clock:0.366 level:38
2024-07-17 18:41:44.219 T:4403 debug : CVideoPlayerVideo::OutputPicture - ttd:370ms pts:0.718 Clock:0.348 Level:6
2024-07-17 18:41:44.225 T:4400 debug : CVideoPlayer::ProcessVideoData size:217067 dts:4.597 pts:4.597 dur:41.700ms, clock:0.373 level:39
2024-07-17 18:41:44.236 T:4400 debug : CVideoPlayer::ProcessVideoData size:215726 dts:4.639 pts:4.639 dur:41.700ms, clock:0.383 level:39
2024-07-17 18:41:44.254 T:4403 debug : CVideoPlayerVideo::OutputPicture - ttd:377ms pts:0.760 Clock:0.382 Level:6
2024-07-17 18:41:44.254 T:4400 debug : CVideoPlayer::ProcessVideoData size:532913 dts:4.680 pts:4.805 dur:41.700ms, clock:0.401 level:40
2024-07-17 18:41:44.262 T:4400 debug : CVideoPlayer::ProcessVideoData size:209587 dts:4.722 pts:4.722 dur:41.700ms, clock:0.409 level:40
2024-07-17 18:41:44.273 T:4400 debug : CVideoPlayer::ProcessVideoData size:210052 dts:4.764 pts:4.764 dur:41.700ms, clock:0.420 level:41
2024-07-17 18:41:44.289 T:4400 debug : CVideoPlayer::ProcessVideoData size:494019 dts:4.805 pts:4.931 dur:41.700ms, clock:0.437 level:41
2024-07-17 18:41:44.296 T:4400 debug : CVideoPlayer::ProcessVideoData size:211474 dts:4.847 pts:4.847 dur:41.700ms, clock:0.444 level:42
2024-07-17 18:41:44.302 T:4403 debug : CVideoPlayerVideo::OutputPicture - ttd:387ms pts:0.801 Clock:0.414 Level:6
2024-07-17 18:41:44.306 T:4400 debug : CVideoPlayer::ProcessVideoData size:206101 dts:4.889 pts:4.889 dur:41.700ms, clock:0.453 level:42
2024-07-17 18:41:44.326 T:4400 debug : CVideoPlayer::ProcessVideoData size:502875 dts:4.931 pts:5.056 dur:41.700ms, clock:0.474 level:43
2024-07-17 18:41:44.335 T:4400 debug : CVideoPlayer::ProcessVideoData size:199628 dts:4.972 pts:4.972 dur:41.700ms, clock:0.483 level:43
2024-07-17 18:41:44.342 T:4400 debug : CVideoPlayer::ProcessVideoData size:201758 dts:5.014 pts:5.014 dur:41.700ms, clock:0.489 level:44
2024-07-17 18:41:44.353 T:4403 debug : CVideoPlayerVideo::OutputPicture - ttd:378ms pts:0.843 Clock:0.465 Level:6
2024-07-17 18:41:44.360 T:4064 error : [ script.embuary.helper ] Image error: Could not get image for image://video@%2fvar%2fmedia%2fNowy%2fTop%20Gun%20Maverick%20(2022)%20Multi%204K%20IMAX%20Dolby%20Vision%20Dolby%20True%20HD%207.1%20Atmos%20BLU-RAY%2fTop%20Gun%20Maverick%20(2022).iso/ (try 3) -> [Errno 2] No such file or directory: '/storage/.kodi/userdata/addon_data/script.embuary.helper/img/tmp/0afd2d0840dafb9150a8aa31f0b042ea.jpg'
2024-07-17 18:41:44.361 T:4400 debug : CVideoPlayer::ProcessVideoData size:506830 dts:5.056 pts:5.181 dur:41.700ms, clock:0.508 level:44
2024-07-17 18:41:44.368 T:4400 debug : CVideoPlayer::ProcessVideoData size:210395 dts:5.097 pts:5.097 dur:41.700ms, clock:0.515 level:44
2024-07-17 18:41:44.380 T:4400 debug : CVideoPlayer::ProcessVideoData size:217738 dts:5.139 pts:5.139 dur:41.700ms, clock:0.527 level:45
2024-07-17 18:41:44.386 T:4403 debug : CVideoPlayerVideo::OutputPicture - ttd:370ms pts:0.885 Clock:0.515 Level:6
2024-07-17 18:41:44.416 T:4400 debug : CVideoPlayer::ProcessVideoData size:897510 dts:5.181 pts:5.306 dur:41.700ms, clock:0.564 level:45
2024-07-17 18:41:44.426 T:4400 debug : CVideoPlayer::ProcessVideoData size:211419 dts:5.223 pts:5.223 dur:41.700ms, clock:0.573 level:46
2024-07-17 18:41:44.435 T:4400 debug : CVideoPlayer::ProcessVideoData size:217923 dts:5.264 pts:5.264 dur:41.700ms, clock:0.582 level:46
2024-07-17 18:41:44.437 T:4403 debug : CVideoPlayerVideo::OutputPicture - ttd:377ms pts:0.927 Clock:0.549 Level:6
2024-07-17 18:41:44.456 T:4400 debug : CVideoPlayer::ProcessVideoData size:571736 dts:5.306 pts:5.431 dur:41.700ms, clock:0.604 level:47
2024-07-17 18:41:44.463 T:4400 debug : CVideoPlayer::ProcessVideoData size:215597 dts:5.348 pts:5.348 dur:41.700ms, clock:0.610 level:47
2024-07-17 18:41:44.469 T:4403 debug : CVideoPlayerVideo::OutputPicture - ttd:382ms pts:0.968 Clock:0.586 Level:6
2024-07-17 18:41:44.470 T:4400 debug : CVideoPlayer::ProcessVideoData size:214622 dts:5.389 pts:5.389 dur:41.700ms, clock:0.617 level:48
2024-07-17 18:41:44.497 T:4400 debug : CVideoPlayer::ProcessVideoData size:598843 dts:5.431 pts:5.556 dur:41.700ms, clock:0.644 level:48
2024-07-17 18:41:44.503 T:4400 debug : CVideoPlayer::ProcessVideoData size:213772 dts:5.473 pts:5.473 dur:41.700ms, clock:0.650 level:49
2024-07-17 18:41:44.511 T:4400 debug : CVideoPlayer::ProcessVideoData size:214282 dts:5.514 pts:5.514 dur:41.700ms, clock:0.658 level:50
2024-07-17 18:41:44.519 T:4403 debug : CVideoPlayerVideo::OutputPicture - ttd:377ms pts:1.010 Clock:0.632 Level:6
2024-07-17 18:41:44.537 T:4400 debug : CVideoPlayer::ProcessVideoData size:586897 dts:5.556 pts:5.681 dur:41.700ms, clock:0.685 level:50
2024-07-17 18:41:44.548 T:4400 debug : CVideoPlayer::ProcessVideoData size:210703 dts:5.598 pts:5.598 dur:41.700ms, clock:0.695 level:51
2024-07-17 18:41:44.553 T:4403 debug : CVideoPlayerVideo::OutputPicture - ttd:368ms pts:1.052 Clock:0.683 Level:6
2024-07-17 18:41:44.554 T:4400 debug : CVideoPlayer::ProcessVideoData size:211955 dts:5.640 pts:5.640 dur:41.700ms, clock:0.701 level:51
2024-07-17 18:41:44.580 T:4400 debug : CVideoPlayer::ProcessVideoData size:587580 dts:5.681 pts:5.806 dur:41.700ms, clock:0.728 level:52
2024-07-17 18:41:44.589 T:4400 debug : CVideoPlayer::ProcessVideoData size:210698 dts:5.723 pts:5.723 dur:41.700ms, clock:0.736 level:52
2024-07-17 18:41:44.596 T:4400 debug : CVideoPlayer::ProcessVideoData size:210754 dts:5.765 pts:5.765 dur:41.700ms, clock:0.744 level:53
2024-07-17 18:41:44.604 T:4403 debug : CVideoPlayerVideo::OutputPicture - ttd:379ms pts:1.093 Clock:0.714 Level:6
2024-07-17 18:41:44.621 T:4400 debug : CVideoPlayer::ProcessVideoData size:581917 dts:5.806 pts:5.932 dur:41.700ms, clock:0.768 level:53
2024-07-17 18:41:44.629 T:4400 debug : CVideoPlayer::ProcessVideoData size:207680 dts:5.848 pts:5.848 dur:41.700ms, clock:0.776 level:54
2024-07-17 18:41:44.636 T:4400 debug : CVideoPlayer::ProcessVideoData size:206433 dts:5.890 pts:5.890 dur:41.700ms, clock:0.783 level:54
2024-07-17 18:41:44.636 T:4403 debug : CVideoPlayerVideo::OutputPicture - ttd:371ms pts:1.135 Clock:0.764 Level:6
2024-07-17 18:41:44.658 T:4400 debug : CVideoPlayer::ProcessVideoData size:580092 dts:5.932 pts:6.057 dur:41.700ms, clock:0.806 level:55
2024-07-17 18:41:44.668 T:4400 debug : CVideoPlayer::ProcessVideoData size:208705 dts:5.973 pts:5.973 dur:41.700ms, clock:0.816 level:55
2024-07-17 18:41:44.671 T:4403 debug : CVideoPlayerVideo::OutputPicture - ttd:378ms pts:1.177 Clock:0.798 Level:6
2024-07-17 18:41:44.679 T:4400 debug : CVideoPlayer::ProcessVideoData size:210675 dts:6.015 pts:6.015 dur:41.700ms, clock:0.826 level:56
2024-07-17 18:41:44.715 T:4400 debug : CVideoPlayer::ProcessVideoData size:930854 dts:6.057 pts:6.182 dur:41.700ms, clock:0.862 level:56
2024-07-17 18:41:44.719 T:4403 debug : CVideoPlayerVideo::OutputPicture - ttd:386ms pts:1.219 Clock:0.832 Level:6
2024-07-17 18:41:44.727 T:4400 debug : CVideoPlayer::ProcessVideoData size:205173 dts:6.098 pts:6.098 dur:41.700ms, clock:0.874 level:57
2024-07-17 18:41:44.736 T:4400 debug : CVideoPlayer::ProcessVideoData size:204910 dts:6.140 pts:6.140 dur:41.700ms, clock:0.884 level:57
2024-07-17 18:41:44.758 T:4400 debug : CVideoPlayer::ProcessVideoData size:578704 dts:6.182 pts:6.307 dur:41.700ms, clock:0.906 level:58
2024-07-17 18:41:44.767 T:4400 debug : CVideoPlayer::ProcessVideoData size:205037 dts:6.224 pts:6.224 dur:41.700ms, clock:0.914 level:58
2024-07-17 18:41:44.770 T:4403 debug : CVideoPlayerVideo::OutputPicture - ttd:378ms pts:1.260 Clock:0.882 Level:6
2024-07-17 18:41:44.777 T:4400 debug : CVideoPlayer::ProcessVideoData size:208101 dts:6.265 pts:6.265 dur:41.700ms, clock:0.924 level:59
2024-07-17 18:41:44.803 T:4400 debug : CVideoPlayer::ProcessVideoData size:581208 dts:6.307 pts:6.432 dur:41.700ms, clock:0.951 level:59
2024-07-17 18:41:44.804 T:4403 debug : CVideoPlayerVideo::OutputPicture - ttd:370ms pts:1.302 Clock:0.931 Level:6
2024-07-17 18:41:44.807 T:4403 debug : CVideoPlayerVideo - CDVDMsg::DEMUXER_PACKET - checking interlace vfmt: null
2024-07-17 18:41:44.808 T:4400 debug : CVideoPlayer::ProcessVideoData size:203522 dts:6.349 pts:6.349 dur:41.700ms, clock:0.955 level:59
2024-07-17 18:41:44.819 T:4400 debug : CVideoPlayer::ProcessVideoData size:206167 dts:6.390 pts:6.390 dur:41.700ms, clock:0.966 level:60
2024-07-17 18:41:44.836 T:4403 debug : CVideoPlayerVideo::OutputPicture - ttd:378ms pts:1.344 Clock:0.965 Level:6
2024-07-17 18:41:44.839 T:4400 debug : CVideoPlayer::ProcessVideoData size:599881 dts:6.432 pts:6.557 dur:41.700ms, clock:0.987 level:60
2024-07-17 18:41:44.847 T:4400 debug : CVideoPlayer::ProcessVideoData size:202599 dts:6.474 pts:6.474 dur:41.700ms, clock:0.994 level:60
2024-07-17 18:41:44.854 T:4400 debug : CVideoPlayer::ProcessVideoData size:207422 dts:6.515 pts:6.515 dur:41.700ms, clock:1.001 level:60
2024-07-17 18:41:44.882 T:4400 debug : CVideoPlayer::ProcessVideoData size:585259 dts:6.557 pts:6.682 dur:41.700ms, clock:1.029 level:61
2024-07-17 18:41:44.888 T:4403 debug : CVideoPlayerVideo::OutputPicture - ttd:387ms pts:1.385 Clock:0.998 Level:6
2024-07-17 18:41:44.889 T:4400 debug : CVideoPlayer::ProcessVideoData size:204694 dts:6.599 pts:6.599 dur:41.700ms, clock:1.036 level:61
2024-07-17 18:41:44.898 T:4400 debug : CVideoPlayer::ProcessVideoData size:207603 dts:6.641 pts:6.641 dur:41.700ms, clock:1.045 level:62
2024-07-17 18:41:44.919 T:4400 debug : CVideoPlayer::ProcessVideoData size:577232 dts:6.682 pts:6.807 dur:41.700ms, clock:1.067 level:63
2024-07-17 18:41:44.928 T:4400 debug : CVideoPlayer::ProcessVideoData size:200779 dts:6.724 pts:6.724 dur:41.700ms, clock:1.075 level:63
2024-07-17 18:41:44.934 T:4400 debug : CVideoPlayer::ProcessVideoData size:203346 dts:6.766 pts:6.766 dur:41.700ms, clock:1.082 level:64
2024-07-17 18:41:44.936 T:4403 debug : CVideoPlayerVideo::OutputPicture - ttd:378ms pts:1.427 Clock:1.048 Level:6
2024-07-17 18:41:44.959 T:4400 debug : CVideoPlayer::ProcessVideoData size:577816 dts:6.807 pts:6.933 dur:41.700ms, clock:1.107 level:64
2024-07-17 18:41:44.969 T:4400 debug : CVideoPlayer::ProcessVideoData size:199067 dts:6.849 pts:6.849 dur:41.700ms, clock:1.116 level:65
2024-07-17 18:41:44.970 T:4403 debug : CVideoPlayerVideo::OutputPicture - ttd:370ms pts:1.469 Clock:1.098 Level:6
2024-07-17 18:41:44.976 T:4400 debug : CVideoPlayer::ProcessVideoData size:202236 dts:6.891 pts:6.891 dur:41.700ms, clock:1.124 level:65
2024-07-17 18:41:45.014 T:4400 debug : CVideoPlayer::ProcessVideoData size:998599 dts:6.933 pts:7.058 dur:41.700ms, clock:1.161 level:65
2024-07-17 18:41:45.019 T:4403 debug : CVideoPlayerVideo::OutputPicture - ttd:378ms pts:1.510 Clock:1.132 Level:6
2024-07-17 18:41:45.019 T:4400 debug : CVideoPlayer::ProcessVideoData size:195508 dts:6.974 pts:6.974 dur:41.700ms, clock:1.167 level:66
2024-07-17 18:41:45.031 T:4400 debug : CVideoPlayer::ProcessVideoData size:197480 dts:7.016 pts:7.016 dur:41.700ms, clock:1.179 level:66
2024-07-17 18:41:45.053 T:4403 debug : CVideoPlayerVideo::OutputPicture - ttd:369ms pts:1.552 Clock:1.182 Level:6
2024-07-17 18:41:45.055 T:4400 debug : CVideoPlayer::ProcessVideoData size:543807 dts:7.058 pts:7.183 dur:41.700ms, clock:1.202 level:66
2024-07-17 18:41:45.064 T:4400 debug : CVideoPlayer::ProcessVideoData size:194361 dts:7.099 pts:7.099 dur:41.700ms, clock:1.212 level:67
2024-07-17 18:41:45.070 T:4400 debug : CVideoPlayer::ProcessVideoData size:196224 dts:7.141 pts:7.141 dur:41.700ms, clock:1.218 level:67
2024-07-17 18:41:45.090 T:4400 debug : CVideoPlayer::ProcessVideoData size:553112 dts:7.183 pts:7.308 dur:41.700ms, clock:1.237 level:68
2024-07-17 18:41:45.098 T:4400 debug : CVideoPlayer::ProcessVideoData size:190830 dts:7.225 pts:7.225 dur:41.700ms, clock:1.245 level:68
2024-07-17 18:41:45.102 T:4403 debug : CVideoPlayerVideo::OutputPicture - ttd:379ms pts:1.594 Clock:1.214 Level:6
2024-07-17 18:41:45.106 T:4403 debug : CVideoPlayerVideo - CDVDMsg::DEMUXER_PACKET - checking interlace vfmt: null
2024-07-17 18:41:45.115 T:4400 debug : CVideoPlayer::ProcessVideoData size:190249 dts:7.266 pts:7.266 dur:41.700ms, clock:1.262 level:68
2024-07-17 18:41:45.137 T:4400 debug : CVideoPlayer::ProcessVideoData size:530583 dts:7.308 pts:7.433 dur:41.700ms, clock:1.284 level:69
2024-07-17 18:41:45.138 T:4403 debug : CVideoPlayerVideo::OutputPicture - ttd:371ms pts:1.636 Clock:1.264 Level:6
2024-07-17 18:41:45.185 T:4403 debug : CVideoPlayerVideo::OutputPicture - ttd:379ms pts:1.677 Clock:1.298 Level:6
2024-07-17 18:41:45.197 T:4400 debug : CVideoPlayer::ProcessVideoData size:184540 dts:7.350 pts:7.350 dur:41.700ms, clock:1.345 level:69
2024-07-17 18:41:45.219 T:4403 debug : CVideoPlayerVideo::OutputPicture - ttd:370ms pts:1.719 Clock:1.348 Level:6
2024-07-17 18:41:45.269 T:4403 debug : CVideoPlayerVideo::OutputPicture - ttd:393ms pts:1.761 Clock:1.367 Level:6
2024-07-17 18:41:45.284 T:4400 debug : CVideoPlayer::ProcessVideoData size:186010 dts:7.391 pts:7.391 dur:41.700ms, clock:1.431 level:68
2024-07-17 18:41:45.303 T:4403 debug : CVideoPlayerVideo::OutputPicture - ttd:369ms pts:1.802 Clock:1.433 Level:6
2024-07-17 18:41:45.307 T:4400 debug : CVideoPlayer::ProcessVideoData size:514662 dts:7.433 pts:7.558 dur:41.700ms, clock:1.455 level:68
2024-07-17 18:41:45.353 T:4403 debug : CVideoPlayerVideo::OutputPicture - ttd:379ms pts:1.844 Clock:1.465 Level:6
2024-07-17 18:41:45.357 T:4403 debug : CVideoPlayerVideo - CDVDMsg::DEMUXER_PACKET - checking interlace vfmt: null
2024-07-17 18:41:45.367 T:4400 debug : CVideoPlayer::ProcessVideoData size:180904 dts:7.475 pts:7.475 dur:41.700ms, clock:1.514 level:68
2024-07-17 18:41:45.386 T:4403 debug : CVideoPlayerVideo::OutputPicture - ttd:372ms pts:1.886 Clock:1.514 Level:6
2024-07-17 18:41:45.397 T:4400 debug : CVideoPlayer::ProcessVideoData size:182195 dts:7.516 pts:7.516 dur:41.700ms, clock:1.544 level:68
2024-07-17 18:41:45.420 T:4400 debug : CVideoPlayer::ProcessVideoData size:489248 dts:7.558 pts:7.683 dur:41.700ms, clock:1.567 level:68
2024-07-17 18:41:45.436 T:4403 debug : CVideoPlayerVideo::OutputPicture - ttd:379ms pts:1.928 Clock:1.548 Level:6
2024-07-17 18:41:45.469 T:4403 debug : CVideoPlayerVideo::OutputPicture - ttd:371ms pts:1.969 Clock:1.598 Level:6
2024-07-17 18:41:45.481 T:4400 debug : CVideoPlayer::ProcessVideoData size:178347 dts:7.600 pts:7.600 dur:41.700ms, clock:1.628 level:68
2024-07-17 18:41:45.519 T:4403 debug : CVideoPlayerVideo::OutputPicture - ttd:379ms pts:2.011 Clock:1.631 Level:6
2024-07-17 18:41:45.528 T:4400 debug : CVideoPlayer::ProcessVideoData size:178242 dts:7.642 pts:7.642 dur:41.700ms, clock:1.675 level:68
2024-07-17 18:41:45.553 T:4403 debug : CVideoPlayerVideo::OutputPicture - ttd:371ms pts:2.053 Clock:1.681 Level:6
2024-07-17 18:41:45.554 T:4400 debug : CVideoPlayer::ProcessVideoData size:518581 dts:7.683 pts:7.808 dur:41.700ms, clock:1.701 level:68
2024-07-17 18:41:45.573 T:4400 debug : CVideoPlayer::ProcessVideoData size:183156 dts:7.725 pts:7.725 dur:41.700ms, clock:1.720 level:68
2024-07-17 18:41:45.602 T:4403 debug : CVideoPlayerVideo::OutputPicture - ttd:379ms pts:2.094 Clock:1.714 Level:6
2024-07-17 18:41:45.612 T:4400 debug : CVideoPlayer::ProcessVideoData size:184234 dts:7.767 pts:7.767 dur:41.700ms, clock:1.759 level:68
2024-07-17 18:41:45.635 T:4403 debug : CVideoPlayerVideo::OutputPicture - ttd:370ms pts:2.136 Clock:1.765 Level:6
2024-07-17 18:41:45.670 T:4403 debug : CVideoPlayerVideo::OutputPicture - ttd:379ms pts:2.178 Clock:1.798 Level:6
2024-07-17 18:41:45.682 T:4400 debug : CVideoPlayer::ProcessVideoData size:1046601 dts:7.808 pts:7.934 dur:41.700ms, clock:1.830 level:68
2024-07-17 18:41:45.719 T:4403 debug : CVideoPlayerVideo::OutputPicture - ttd:388ms pts:2.220 Clock:1.831 Level:6
2024-07-17 18:41:45.782 T:4403 debug : CVideoPlayerVideo::OutputPicture - ttd:379ms pts:2.261 Clock:1.882 Level:6
2024-07-17 18:41:45.816 T:4403 debug : CVideoPlayerVideo::OutputPicture - ttd:369ms pts:2.303 Clock:1.933 Level:6
2024-07-17 18:41:45.835 T:4400 debug : CVideoPlayer::ProcessVideoData size:177712 dts:7.850 pts:7.850 dur:41.700ms, clock:1.982 level:67
2024-07-17 18:41:45.852 T:4403 debug : CVideoPlayerVideo::OutputPicture - ttd:377ms pts:2.345 Clock:1.967 Level:6
2024-07-17 18:41:45.870 T:4400 debug : CVideoPlayer::ProcessVideoData size:177618 dts:7.892 pts:7.892 dur:41.700ms, clock:2.018 level:67
2024-07-17 18:41:45.886 T:4403 debug : CVideoPlayerVideo::OutputPicture - ttd:371ms pts:2.386 Clock:2.014 Level:6
2024-07-17 18:41:45.911 T:4400 debug : CVideoPlayer::ProcessVideoData size:475316 dts:7.934 pts:8.059 dur:41.700ms, clock:2.058 level:67
2024-07-17 18:41:45.921 T:4400 debug : CVideoPlayer::ProcessVideoData size:183654 dts:7.975 pts:7.975 dur:41.700ms, clock:2.068 level:67
2024-07-17 18:41:45.936 T:4403 debug : CVideoPlayerVideo::OutputPicture - ttd:380ms pts:2.428 Clock:2.048 Level:6
2024-07-17 18:41:45.969 T:4403 debug : CVideoPlayerVideo::OutputPicture - ttd:372ms pts:2.470 Clock:2.098 Level:6
2024-07-17 18:41:46.033 T:4403 debug : CVideoPlayerVideo::OutputPicture - ttd:380ms pts:2.511 Clock:2.131 Level:6
2024-07-17 18:41:46.047 T:4400 debug : CVideoPlayer::ProcessVideoData size:184216 dts:8.017 pts:8.017 dur:41.700ms, clock:2.194 level:67
2024-07-17 18:41:46.051 T:4403 debug : CVideoPlayerVideo::OutputPicture - ttd:367ms pts:2.553 Clock:2.186 Level:6
2024-07-17 18:41:46.075 T:4400 debug : CVideoPlayer::ProcessVideoData size:481186 dts:8.059 pts:8.184 dur:41.700ms, clock:2.223 level:66
2024-07-17 18:41:46.085 T:4400 debug : CVideoPlayer::ProcessVideoData size:180922 dts:8.100 pts:8.100 dur:41.700ms, clock:2.232 level:67
2024-07-17 18:41:46.102 T:4403 debug : CVideoPlayerVideo::OutputPicture - ttd:380ms pts:2.595 Clock:2.215 Level:6
2024-07-17 18:41:46.113 T:4400 debug : CVideoPlayer::ProcessVideoData size:182003 dts:8.142 pts:8.142 dur:41.700ms, clock:2.260 level:67
2024-07-17 18:41:46.136 T:4403 debug : CVideoPlayerVideo::OutputPicture - ttd:372ms pts:2.637 Clock:2.264 Level:6
2024-07-17 18:41:46.137 T:4400 debug : CVideoPlayer::ProcessVideoData size:487423 dts:8.184 pts:8.309 dur:41.700ms, clock:2.284 level:67
2024-07-17 18:41:46.186 T:4403 debug : CVideoPlayerVideo::OutputPicture - ttd:380ms pts:2.678 Clock:2.298 Level:6
2024-07-17 18:41:46.232 T:4403 debug : CVideoPlayerVideo::OutputPicture - ttd:372ms pts:2.720 Clock:2.348 Level:6
2024-07-17 18:41:46.248 T:4400 debug : CVideoPlayer::ProcessVideoData size:181067 dts:8.226 pts:8.226 dur:41.700ms, clock:2.395 level:67
2024-07-17 18:41:46.269 T:4403 debug : CVideoPlayerVideo::OutputPicture - ttd:378ms pts:2.762 Clock:2.383 Level:6
2024-07-17 18:41:46.290 T:4400 debug : CVideoPlayer::ProcessVideoData size:182513 dts:8.267 pts:8.267 dur:41.700ms, clock:2.438 level:66
2024-07-17 18:41:46.302 T:4403 debug : CVideoPlayerVideo::OutputPicture - ttd:371ms pts:2.803 Clock:2.432 Level:6
2024-07-17 18:41:46.310 T:4400 debug : CVideoPlayer::ProcessVideoData size:489853 dts:8.309 pts:8.434 dur:41.700ms, clock:2.457 level:67
2024-07-17 18:41:46.353 T:4403 debug : CVideoPlayerVideo::OutputPicture - ttd:380ms pts:2.845 Clock:2.465 Level:6
2024-07-17 18:41:46.370 T:4400 debug : CVideoPlayer::ProcessVideoData size:181867 dts:8.351 pts:8.351 dur:41.700ms, clock:2.517 level:67
2024-07-17 18:41:46.386 T:4403 debug : CVideoPlayerVideo::OutputPicture - ttd:372ms pts:2.887 Clock:2.514 Level:6
2024-07-17 18:41:46.398 T:4400 debug : CVideoPlayer::ProcessVideoData size:182191 dts:8.392 pts:8.392 dur:41.700ms, clock:2.545 level:66
2024-07-17 18:41:46.420 T:4400 debug : CVideoPlayer::ProcessVideoData size:573265 dts:8.434 pts:8.559 dur:41.700ms, clock:2.568 level:67
2024-07-17 18:41:46.436 T:4403 debug : CVideoPlayerVideo::OutputPicture - ttd:380ms pts:2.929 Clock:2.549 Level:6
2024-07-17 18:41:46.469 T:4403 debug : CVideoPlayerVideo::OutputPicture - ttd:372ms pts:2.970 Clock:2.598 Level:6
2024-07-17 18:41:46.480 T:4400 debug : CVideoPlayer::ProcessVideoData size:198011 dts:8.476 pts:8.476 dur:41.700ms, clock:2.627 level:67
