2024-03-16 01:52:15.214 T:4963 info : script.plex: API: DEBUG: Skip reachability test for Connection: https://23-84-220-15.ba2de3a066d840e6980ab258d14be61c.plex.direct:32400 local: False token: ****z4u_ sources: MYPLEX state: reachable score: 5 (checked 3.2135519981384277 secs ago)
2024-03-16 01:52:15.252 T:4963 info : script.plex: API: DEBUG: Skip reachability test for Connection: https://172-31-200-1.ba2de3a066d840e6980ab258d14be61c.plex.direct:32400 local: True token: ****z4u_ sources: MYPLEX state: unreachable score: 3 (checked 1.1261415481567383 secs ago)
2024-03-16 01:52:15.302 T:4963 info : script.plex: API: DEBUG: Skip reachability test for Connection: https://192-168-1-150.ba2de3a066d840e6980ab258d14be61c.plex.direct:32400 local: True token: ****z4u_ sources: MYPLEX state: unreachable score: 3 (checked 1.0829989910125732 secs ago)
2024-03-16 01:52:15.344 T:4963 info : script.plex: API: DEBUG: Skip reachability test for Connection: https://172-18-0-1.ba2de3a066d840e6980ab258d14be61c.plex.direct:32400 local: True token: ****z4u_ sources: MYPLEX state: unreachable score: 3 (checked 0.9764792919158936 secs ago)
2024-03-16 01:52:15.380 T:4963 info : script.plex: API: Updating reachability for 'SLATEIII': conns=2, allowFallback=False
2024-03-16 01:52:15.386 T:4963 info : script.plex: API: DEBUG: Skip reachability test for Connection: https://216-49-133-98.c60bf05493c740fdb039e341ac207549.plex.direct:32400 local: False token: ****7c5t sources: MYPLEX state: reachable score: 5 (checked 3.152228355407715 secs ago)
2024-03-16 01:52:15.428 T:4963 info : script.plex: API: DEBUG: Skip reachability test for Connection: https://192-168-1-235.c60bf05493c740fdb039e341ac207549.plex.direct:32400 local: True token: ****7c5t sources: MYPLEX state: unreachable score: 3 (checked 1.143509864807129 secs ago)
2024-03-16 01:52:15.471 T:4963 info : script.plex: API: Updating reachability for 'Arbiter': conns=4, allowFallback=False
2024-03-16 01:52:15.511 T:4963 info : script.plex: API: DEBUG: Skip reachability test for Connection: https://73-133-199-236.319a2e8ff5b94765975a0e13e90ca690.plex.direct:21572 local: False token: ****DSPs sources: MYPLEX state: reachable score: 5 (checked 3.2210543155670166 secs ago)
2024-03-16 01:52:15.511 T:4963 info : script.plex: API: DEBUG: Skip reachability test for Connection: https://172-31-200-1.319a2e8ff5b94765975a0e13e90ca690.plex.direct:32400 local: True token: ****DSPs sources: MYPLEX state: unreachable score: 3 (checked 1.1500787734985352 secs ago)
2024-03-16 01:52:15.516 T:4963 info : script.plex: API: DEBUG: Skip reachability test for Connection: https://192-168-4-29.319a2e8ff5b94765975a0e13e90ca690.plex.direct:32400 local: True token: ****DSPs sources: MYPLEX state: unreachable score: 3 (checked 1.0594744682312012 secs ago)
2024-03-16 01:52:15.547 T:4963 info : script.plex: API: DEBUG: Skip reachability test for Connection: http://192.168.4.29:32400 local: True token: ****DSPs sources: DISCOVERED state: insecure_untested score: 2 (checked 3.5628774166107178 secs ago)
2024-03-16 01:52:15.552 T:4963 info : script.plex: API: DEBUG: Timer : FINISHED
2024-03-16 01:52:16.009 T:4883 debug : CurlFile::Open -
2024-03-16 01:52:16.009 T:4883 debug : easy_acquire - Created session to http://192.168.4.21
2024-03-16 01:52:16.011 T:4883 debug : CurlFile::Open -
2024-03-16 01:52:16.011 T:4883 debug : easy_acquire - Created session to http://192.168.4.61
2024-03-16 01:52:16.011 T:4883 error : CCurlFile::CReadState::FillBuffer - (0x31efe58) Failed: URL using bad/illegal format or missing URL(3)
2024-03-16 01:52:16.011 T:4883 error : CCurlFile::Open - Failed with code 0:
2024-03-16 01:52:16.590 T:4960 info : script.plex: HUB: home.movies.recent [home.movies.recent](10, None)
2024-03-16 01:52:16.631 T:4960 info : script.plex: HUB: home.television.recent [home.television.recent](10, None)
2024-03-16 01:52:16.635 T:4960 info : script.plex: HUB: home.music.recent [home.music.recent](0, None)
2024-03-16 01:52:16.635 T:4960 info : script.plex: HUB: home.photos.recent [home.photos.recent](0, None)
2024-03-16 01:52:16.635 T:4960 info : script.plex: HUB: home.videos.recent [home.videos.recent](0, None)
2024-03-16 01:52:16.636 T:4960 info : script.plex: HUB: movie.topunwatched.1 [movie.topunwatched](10, None)
2024-03-16 01:52:16.714 T:4960 info : script.plex: HUB: movie.recentlyreleased.11 [movie.recentlyreleased](10, None)
2024-03-16 01:52:16.718 T:4960 info : script.plex: HUB: movie.topunwatched.11 [movie.topunwatched](10, None)
2024-03-16 01:52:16.722 T:4960 info : script.plex: HUB: tv.startwatching.2 [tv.startwatching](10, None)
2024-03-16 01:52:16.725 T:4960 info : script.plex: HUB: tv.startwatching.3 [tv.startwatching](10, None)
2024-03-16 01:52:16.729 T:4960 info : script.plex: HUB: tv.toprated.3 [tv.toprated](10, None)
2024-03-16 01:52:16.731 T:4960 info : script.plex: HUB: tv.startwatching.6 [tv.startwatching](10, None)
2024-03-16 01:52:16.732 T:4960 info : script.plex: HUB: tv.toprated.6 [tv.toprated](10, None)
2024-03-16 01:52:16.733 T:4960 info : script.plex: HUB: tv.startwatching.10 [tv.startwatching](10, None)
2024-03-16 01:52:16.735 T:4960 info : script.plex: UNHANDLED - Hub: home.playlists [home.playlists](3)
2024-03-16 01:52:16.735 T:4960 info : script.plex: API: GET https://192-168-4-21.0ea8e66afe034a52b8064484ae0ea8b6.plex.direct:32400/hubs/sections/11?count=10&includeMarkers=1&X-Plex-Token=****
2024-03-16 01:52:16.736 T:4961 info : script.plex: API: GET https://192-168-4-21.0ea8e66afe034a52b8064484ae0ea8b6.plex.direct:32400/hubs/sections/4?count=10&includeMarkers=1&X-Plex-Token=****
2024-03-16 01:52:16.739 T:4962 info : script.plex: API: GET https://192-168-4-21.0ea8e66afe034a52b8064484ae0ea8b6.plex.direct:32400/hubs/sections/2?count=10&includeMarkers=1&X-Plex-Token=****
2024-03-16 01:52:16.746 T:4823 debug : Alignment of external buffer is not suitable for ffmpeg intrinsics - please fix your malloc
2024-03-16 01:52:16.766 T:4823 info : Skipped 9 duplicate messages..
2024-03-16 01:52:16.766 T:4823 debug : Error [-541478725] while reading frame: Unknown error 541478725
2024-03-16 01:52:16.784 T:4868 debug : ffmpeg[0x27c5570]: [image2] Custom AVIOContext makes no sense and will be ignored with AVFMT_NOFILE format.
2024-03-16 01:52:16.786 T:4869 debug : ffmpeg[0x2e1e1f0]: [image2] Custom AVIOContext makes no sense and will be ignored with AVFMT_NOFILE format.
2024-03-16 01:52:16.789 T:4867 debug : ffmpeg[0x281be88]: [image2] Custom AVIOContext makes no sense and will be ignored with AVFMT_NOFILE format.
2024-03-16 01:52:16.798 T:4975 debug : Thread JobWorker start, auto delete: true
2024-03-16 01:52:16.799 T:4975 debug : ffmpeg[0x32258b0]: [image2] Custom AVIOContext makes no sense and will be ignored with AVFMT_NOFILE format.
2024-03-16 01:52:16.800 T:4868 debug : ffmpeg[0x27c5570]: [image2] Custom AVIOContext makes no sense and will be ignored with AVFMT_NOFILE format.
2024-03-16 01:52:16.801 T:4869 debug : ffmpeg[0x2e1e1f0]: [image2] Custom AVIOContext makes no sense and will be ignored with AVFMT_NOFILE format.
2024-03-16 01:52:16.803 T:4867 debug : ffmpeg[0x281be88]: [image2] Custom AVIOContext makes no sense and will be ignored with AVFMT_NOFILE format.
2024-03-16 01:52:16.806 T:4869 debug : ffmpeg[0x2e1e1f0]: [image2] Custom AVIOContext makes no sense and will be ignored with AVFMT_NOFILE format.
2024-03-16 01:52:16.808 T:4867 debug : ffmpeg[0x281be88]: [image2] Custom AVIOContext makes no sense and will be ignored with AVFMT_NOFILE format.
2024-03-16 01:52:16.812 T:4975 debug : ffmpeg[0x32258b0]: [image2] Custom AVIOContext makes no sense and will be ignored with AVFMT_NOFILE format.
2024-03-16 01:52:16.812 T:4869 debug : ffmpeg[0x2e1e1f0]: [image2] Custom AVIOContext makes no sense and will be ignored with AVFMT_NOFILE format.
2024-03-16 01:52:16.812 T:4867 debug : ffmpeg[0x281be88]: [image2] Custom AVIOContext makes no sense and will be ignored with AVFMT_NOFILE format.
2024-03-16 01:52:16.816 T:4869 info : Skipped 1 duplicate messages..
2024-03-16 01:52:16.816 T:4869 debug : ffmpeg[0x2e1e1f0]: [image2] Custom AVIOContext makes no sense and will be ignored with AVFMT_NOFILE format.
2024-03-16 01:52:16.816 T:4868 debug : ffmpeg[0x27c5570]: [image2] Custom AVIOContext makes no sense and will be ignored with AVFMT_NOFILE format.
2024-03-16 01:52:16.819 T:4867 debug : ffmpeg[0x281be88]: [image2] Custom AVIOContext makes no sense and will be ignored with AVFMT_NOFILE format.
2024-03-16 01:52:16.820 T:4975 debug : ffmpeg[0x32258b0]: [image2] Custom AVIOContext makes no sense and will be ignored with AVFMT_NOFILE format.
2024-03-16 01:52:16.820 T:4869 debug : ffmpeg[0x2e1e1f0]: [image2] Custom AVIOContext makes no sense and will be ignored with AVFMT_NOFILE format.
2024-03-16 01:52:16.820 T:4868 debug : ffmpeg[0x27c5570]: [image2] Custom AVIOContext makes no sense and will be ignored with AVFMT_NOFILE format.
2024-03-16 01:52:16.822 T:4867 debug : ffmpeg[0x281be88]: [image2] Custom AVIOContext makes no sense and will be ignored with AVFMT_NOFILE format.
2024-03-16 01:52:16.824 T:4869 debug : ffmpeg[0x2e1e1f0]: [image2] Custom AVIOContext makes no sense and will be ignored with AVFMT_NOFILE format.
2024-03-16 01:52:16.825 T:4868 debug : ffmpeg[0x27c5570]: [image2] Custom AVIOContext makes no sense and will be ignored with AVFMT_NOFILE format.
2024-03-16 01:52:16.826 T:4867 debug : ffmpeg[0x281be88]: [image2] Custom AVIOContext makes no sense and will be ignored with AVFMT_NOFILE format.
2024-03-16 01:52:16.828 T:4975 debug : ffmpeg[0x32258b0]: [image2] Custom AVIOContext makes no sense and will be ignored with AVFMT_NOFILE format.
2024-03-16 01:52:16.828 T:4869 debug : ffmpeg[0x2e1e1f0]: [image2] Custom AVIOContext makes no sense and will be ignored with AVFMT_NOFILE format.
2024-03-16 01:52:16.828 T:4868 debug : ffmpeg[0x27c5570]: [image2] Custom AVIOContext makes no sense and will be ignored with AVFMT_NOFILE format.
2024-03-16 01:52:16.829 T:4867 debug : ffmpeg[0x281be88]: [image2] Custom AVIOContext makes no sense and will be ignored with AVFMT_NOFILE format.
2024-03-16 01:52:16.833 T:4869 debug : ffmpeg[0x2e1e1f0]: [image2] Custom AVIOContext makes no sense and will be ignored with AVFMT_NOFILE format.
2024-03-16 01:52:16.834 T:4867 debug : ffmpeg[0x281be88]: [image2] Custom AVIOContext makes no sense and will be ignored with AVFMT_NOFILE format.
2024-03-16 01:52:16.835 T:4868 debug : ffmpeg[0x27c5570]: [image2] Custom AVIOContext makes no sense and will be ignored with AVFMT_NOFILE format.
2024-03-16 01:52:16.837 T:4975 debug : ffmpeg[0x32258b0]: [image2] Custom AVIOContext makes no sense and will be ignored with AVFMT_NOFILE format.
2024-03-16 01:52:16.837 T:4869 debug : ffmpeg[0x2e1e1f0]: [image2] Custom AVIOContext makes no sense and will be ignored with AVFMT_NOFILE format.
2024-03-16 01:52:16.838 T:4867 debug : ffmpeg[0x281be88]: [image2] Custom AVIOContext makes no sense and will be ignored with AVFMT_NOFILE format.
2024-03-16 01:52:16.841 T:4868 debug : ffmpeg[0x27c5570]: [image2] Custom AVIOContext makes no sense and will be ignored with AVFMT_NOFILE format.
2024-03-16 01:52:16.841 T:4975 debug : ffmpeg[0x32258b0]: [image2] Custom AVIOContext makes no sense and will be ignored with AVFMT_NOFILE format.
2024-03-16 01:52:16.842 T:4869 debug : ffmpeg[0x2e1e1f0]: [image2] Custom AVIOContext makes no sense and will be ignored with AVFMT_NOFILE format.
2024-03-16 01:52:16.843 T:4867 debug : ffmpeg[0x281be88]: [image2] Custom AVIOContext makes no sense and will be ignored with AVFMT_NOFILE format.
2024-03-16 01:52:16.845 T:4868 debug : ffmpeg[0x27c5570]: [image2] Custom AVIOContext makes no sense and will be ignored with AVFMT_NOFILE format.
2024-03-16 01:52:16.846 T:4867 debug : ffmpeg[0x281be88]: [image2] Custom AVIOContext makes no sense and will be ignored with AVFMT_NOFILE format.
2024-03-16 01:52:16.848 T:4975 debug : ffmpeg[0x32258b0]: [image2] Custom AVIOContext makes no sense and will be ignored with AVFMT_NOFILE format.
2024-03-16 01:52:16.848 T:4869 debug : ffmpeg[0x2e1e1f0]: [image2] Custom AVIOContext makes no sense and will be ignored with AVFMT_NOFILE format.
2024-03-16 01:52:16.850 T:4868 debug : ffmpeg[0x27c5570]: [image2] Custom AVIOContext makes no sense and will be ignored with AVFMT_NOFILE format.
2024-03-16 01:52:16.850 T:4867 debug : ffmpeg[0x281be88]: [image2] Custom AVIOContext makes no sense and will be ignored with AVFMT_NOFILE format.
2024-03-16 01:52:16.853 T:4869 debug : ffmpeg[0x2e1e1f0]: [image2] Custom AVIOContext makes no sense and will be ignored with AVFMT_NOFILE format.
2024-03-16 01:52:16.854 T:4867 debug : ffmpeg[0x281be88]: [image2] Custom AVIOContext makes no sense and will be ignored with AVFMT_NOFILE format.
2024-03-16 01:52:16.856 T:4975 debug : ffmpeg[0x32258b0]: [image2] Custom AVIOContext makes no sense and will be ignored with AVFMT_NOFILE format.
2024-03-16 01:52:16.858 T:4869 debug : ffmpeg[0x2e1e1f0]: [image2] Custom AVIOContext makes no sense and will be ignored with AVFMT_NOFILE format.
2024-03-16 01:52:16.859 T:4868 debug : ffmpeg[0x27c5570]: [image2] Custom AVIOContext makes no sense and will be ignored with AVFMT_NOFILE format.
2024-03-16 01:52:16.859 T:4867 debug : ffmpeg[0x281be88]: [image2] Custom AVIOContext makes no sense and will be ignored with AVFMT_NOFILE format.
2024-03-16 01:52:16.863 T:4869 debug : ffmpeg[0x2e1e1f0]: [image2] Custom AVIOContext makes no sense and will be ignored with AVFMT_NOFILE format.
2024-03-16 01:52:16.864 T:4975 debug : ffmpeg[0x32258b0]: [image2] Custom AVIOContext makes no sense and will be ignored with AVFMT_NOFILE format.
2024-03-16 01:52:16.864 T:4867 debug : ffmpeg[0x281be88]: [image2] Custom AVIOContext makes no sense and will be ignored with AVFMT_NOFILE format.
2024-03-16 01:52:16.865 T:4868 debug : ffmpeg[0x27c5570]: [image2] Custom AVIOContext makes no sense and will be ignored with AVFMT_NOFILE format.
2024-03-16 01:52:17.348 T:4960 info : script.plex: API: GET https://192-168-4-21.0ea8e66afe034a52b8064484ae0ea8b6.plex.direct:32400/hubs/sections/6?count=10&includeMarkers=1&X-Plex-Token=****
2024-03-16 01:52:17.349 T:4961 info : script.plex: API: GET https://192-168-4-21.0ea8e66afe034a52b8064484ae0ea8b6.plex.direct:32400/hubs/sections/3?count=10&includeMarkers=1&X-Plex-Token=****
2024-03-16 01:52:17.350 T:4962 info : script.plex: API: GET https://192-168-4-21.0ea8e66afe034a52b8064484ae0ea8b6.plex.direct:32400/hubs/sections/10?count=10&includeMarkers=1&X-Plex-Token=****
2024-03-16 01:52:17.472 T:4960 info : script.plex: API: GET https://192-168-4-21.0ea8e66afe034a52b8064484ae0ea8b6.plex.direct:32400/hubs/sections/8?count=10&includeMarkers=1&X-Plex-Token=****
2024-03-16 01:52:17.479 T:4962 info : script.plex: BGThreader (queue.0:worker.2): Idle
2024-03-16 01:52:17.525 T:4961 info : script.plex: BGThreader (queue.0:worker.1): Idle
2024-03-16 01:52:17.554 T:4960 info : script.plex: BGThreader (queue.0:worker.0): Idle
2024-03-16 01:52:18.812 T:4887 debug : PushCecKeypress - received key a8 duration 0
2024-03-16 01:52:18.842 T:4823 debug : HandleKey: 168 (0xa8, obc87) pressed, window 13002, action is Right
2024-03-16 01:52:18.881 T:4887 debug : PushCecKeypress - received key a8 duration 72
2024-03-16 01:52:19.371 T:4887 debug : PushCecKeypress - received key a8 duration 0
2024-03-16 01:52:19.379 T:4979 info : script.plex: Section changed (playlists): 'Playlists'
2024-03-16 01:52:19.381 T:4979 info : script.plex: Showing hubs - Section: playlists - Update: False
2024-03-16 01:52:19.382 T:4979 info : script.plex: HUB: playlists.video [playlists.video](3, None)
2024-03-16 01:52:19.384 T:4823 debug : HandleKey: 168 (0xa8, obc87) pressed, window 13002, action is Right
2024-03-16 01:52:19.401 T:4868 debug : Caching image '/storage/.kodi/addons/script.plexmod/resources/skins/Main/media/script.plex/home/background-fallback_black.png' to '0/0042a80c.png':
2024-03-16 01:52:19.401 T:4868 debug : cached image 'special://masterprofile/Thumbnails/0/0042a80c.png' size 1920x1080
2024-03-16 01:52:19.426 T:4975 debug : easy_acquire - Created session to https://192-168-4-21.0ea8e66afe034a52b8064484ae0ea8b6.plex.direct
2024-03-16 01:52:19.440 T:4887 info : Skipped 2 duplicate messages..
2024-03-16 01:52:19.440 T:4887 debug : PushCecKeypress - received key a8 duration 70
2024-03-16 01:52:19.541 T:4869 debug : CCurlFile::GetMimeType - -> image/jpeg
2024-03-16 01:52:19.541 T:4869 debug : CurlFile::Open -
2024-03-16 01:52:19.626 T:4869 debug : ffmpeg[0x2e1e1f0]: [image2] Custom AVIOContext makes no sense and will be ignored with AVFMT_NOFILE format.
2024-03-16 01:52:19.631 T:4869 debug : Caching image 'https://192-168-4-21.0ea8e66afe034a52b8064484ae0ea8b6.plex.direct:32400/playlists/69041/composite/1710095079?width=532&height=299&media=art&X-Plex-Token=i2sf5MYcxLkx3isVZ7Sk' to '3/333963be.jpg':
2024-03-16 01:52:19.631 T:4869 debug : cached image 'special://masterprofile/Thumbnails/3/333963be.jpg' size 532x298
2024-03-16 01:52:19.746 T:4887 debug : PushCecKeypress - received key a8 duration 0
2024-03-16 01:52:19.754 T:4823 debug : HandleKey: 168 (0xa8, obc87) pressed, window 13002, action is Right
2024-03-16 01:52:19.815 T:4887 debug : PushCecKeypress - received key a8 duration 70
2024-03-16 01:52:20.101 T:4975 debug : CCurlFile::GetMimeType - -> image/jpeg
2024-03-16 01:52:20.102 T:4975 debug : CurlFile::Open -
2024-03-16 01:52:20.187 T:4975 debug : ffmpeg[0x32258b0]: [image2] Custom AVIOContext makes no sense and will be ignored with AVFMT_NOFILE format.
2024-03-16 01:52:20.191 T:4975 debug : Caching image 'https://192-168-4-21.0ea8e66afe034a52b8064484ae0ea8b6.plex.direct:32400/playlists/67436/composite/1706759138?width=532&height=299&media=art&X-Plex-Token=i2sf5MYcxLkx3isVZ7Sk' to '4/4c3231b4.jpg':
2024-03-16 01:52:20.191 T:4975 debug : cached image 'special://masterprofile/Thumbnails/4/4c3231b4.jpg' size 532x298
2024-03-16 01:52:20.238 T:4887 debug : PushCecKeypress - received key a8 duration 0
2024-03-16 01:52:20.254 T:4823 debug : HandleKey: 168 (0xa8, obc87) pressed, window 13002, action is Right
2024-03-16 01:52:20.307 T:4887 debug : PushCecKeypress - received key a8 duration 69
2024-03-16 01:52:20.784 T:4887 debug : PushCecKeypress - received key a8 duration 0
2024-03-16 01:52:20.796 T:4823 debug : HandleKey: 168 (0xa8, obc87) pressed, window 13002, action is Right
2024-03-16 01:52:20.798 T:4984 info : script.plex: Section changed (1): 'movies'
2024-03-16 01:52:20.799 T:4984 info : script.plex: Showing hubs - Section: 1 - Update: False
2024-03-16 01:52:20.840 T:4984 info : script.plex: HUB: movie.inprogress.1 [movie.inprogress](3, None)
2024-03-16 01:52:20.853 T:4887 debug : PushCecKeypress - received key a8 duration 69
2024-03-16 01:52:20.903 T:4975 debug : CCurlFile::GetMimeType - -> image/jpeg
2024-03-16 01:52:20.903 T:4975 debug : CurlFile::Open -
2024-03-16 01:52:20.916 T:4975 debug : ffmpeg[0x32258b0]: [image2] Custom AVIOContext makes no sense and will be ignored with AVFMT_NOFILE format.
2024-03-16 01:52:20.964 T:4984 info : script.plex: HUB: movie.recentlyadded.1 [movie.recentlyadded](10, None)
2024-03-16 01:52:20.965 T:4984 info : script.plex: HUB: movie.topunwatched.1 [movie.topunwatched](10, None)
2024-03-16 01:52:21.000 T:4975 debug : Caching image 'https://192-168-4-21.0ea8e66afe034a52b8064484ae0ea8b6.plex.direct:32400/photo/:/transcode?url=http%3A%2F%2F127.0.0.1%3A32400%2Flibrary%2Fmetadata%2F52503%2Fart%2F1709816821&width=1920&height=1080&minSize=1&blur=0&opacity=20&background=111111&X-Plex-Token=i2sf5MYcxLkx3isVZ7Sk' to 'f/f2b235e3.jpg':
2024-03-16 01:52:21.000 T:4975 debug : cached image 'special://masterprofile/Thumbnails/f/f2b235e3.jpg' size 1920x1080
2024-03-16 01:52:21.089 T:4984 info : script.plex: HUB: movie.recentlyviewed.1 [movie.recentlyviewed](10, None)
2024-03-16 01:52:21.091 T:4984 error : Exception in thread
2024-03-16 01:52:21.091 T:4984 error : sectionchanged
2024-03-16 01:52:21.091 T:4984 error : :
2024-03-16 01:52:21.091 T:4984 error :
2024-03-16 01:52:21.091 T:4984 error : Traceback (most recent call last):
2024-03-16 01:52:21.091 T:4984 error :
2024-03-16 01:52:21.091 T:4984 error : File "/usr/lib/python3.11/threading.py", line 1038, in _bootstrap_inner
2024-03-16 01:52:21.092 T:4984 error :
2024-03-16 01:52:21.092 T:4984 error : File "/usr/lib/python3.11/threading.py", line 975, in run
2024-03-16 01:52:21.092 T:4984 error :
2024-03-16 01:52:21.092 T:4984 error : File "/storage/.kodi/addons/script.plexmod/lib/windows/home.py", line 922, in _sectionChanged
2024-03-16 01:52:21.097 T:4984 error :
2024-03-16 01:52:21.097 T:4984 error :
2024-03-16 01:52:21.097 T:4984 error : self._sectionReallyChanged()
2024-03-16 01:52:21.097 T:4984 error :
2024-03-16 01:52:21.097 T:4984 error :
2024-03-16 01:52:21.097 T:4984 error : File "/storage/.kodi/addons/script.plexmod/lib/windows/home.py", line 934, in _sectionReallyChanged
2024-03-16 01:52:21.098 T:4984 error :
2024-03-16 01:52:21.098 T:4984 error :
2024-03-16 01:52:21.098 T:4984 error : self.checkSectionItem(force=True)
2024-03-16 01:52:21.098 T:4984 error :
2024-03-16 01:52:21.098 T:4984 error :
2024-03-16 01:52:21.098 T:4984 error : File "/storage/.kodi/addons/script.plexmod/lib/windows/home.py", line 847, in checkSectionItem
2024-03-16 01:52:21.099 T:4984 error :
2024-03-16 01:52:21.099 T:4984 error :
2024-03-16 01:52:21.099 T:4984 error : self.sectionChanged(force)
2024-03-16 01:52:21.099 T:4984 error :
2024-03-16 01:52:21.099 T:4984 error :
2024-03-16 01:52:21.099 T:4984 error : File "/storage/.kodi/addons/script.plexmod/lib/windows/home.py", line 906, in sectionChanged
2024-03-16 01:52:21.099 T:4984 error :
2024-03-16 01:52:21.099 T:4984 error :
2024-03-16 01:52:21.099 T:4984 error : self.sectionChangeThread.join()
2024-03-16 01:52:21.099 T:4984 error :
2024-03-16 01:52:21.100 T:4984 error :
2024-03-16 01:52:21.100 T:4984 error : File "/usr/lib/python3.11/threading.py", line 1109, in join
2024-03-16 01:52:21.100 T:4984 error :
2024-03-16 01:52:21.100 T:4984 error : RuntimeError
2024-03-16 01:52:21.100 T:4984 error : :
2024-03-16 01:52:21.100 T:4984 error : cannot join current thread
2024-03-16 01:52:21.100 T:4984 error :
2024-03-16 01:52:21.100 T:4984 debug : .
2024-03-16 01:52:21.110 T:4869 info : Skipped 1 duplicate messages..
2024-03-16 01:52:21.110 T:4869 debug : ffmpeg[0x2e1e1f0]: [image2] Custom AVIOContext makes no sense and will be ignored with AVFMT_NOFILE format.
2024-03-16 01:52:21.133 T:4868 debug : CCurlFile::GetMimeType - -> image/jpeg
2024-03-16 01:52:21.133 T:4868 debug : CurlFile::Open -
2024-03-16 01:52:21.135 T:4869 debug : CCurlFile::GetMimeType - -> image/jpeg
2024-03-16 01:52:21.135 T:4869 debug : CurlFile::Open -
2024-03-16 01:52:21.143 T:4868 debug : ffmpeg[0x27c5570]: [image2] Custom AVIOContext makes no sense and will be ignored with AVFMT_NOFILE format.
2024-03-16 01:52:21.146 T:4869 debug : ffmpeg[0x2e1e1f0]: [image2] Custom AVIOContext makes no sense and will be ignored with AVFMT_NOFILE format.
2024-03-16 01:52:21.155 T:4869 debug : Caching image 'https://192-168-4-21.0ea8e66afe034a52b8064484ae0ea8b6.plex.direct:32400/photo/:/transcode?url=http%3A%2F%2F127.0.0.1%3A32400%2Flibrary%2Fmetadata%2F60327%2Fart%2F1709817167&width=532&height=299&minSize=1&X-Plex-Token=i2sf5MYcxLkx3isVZ7Sk' to '4/41a9af0a.jpg':
2024-03-16 01:52:21.155 T:4869 debug : cached image 'special://masterprofile/Thumbnails/4/41a9af0a.jpg' size 532x299
2024-03-16 01:52:21.159 T:4868 debug : Caching image 'https://192-168-4-21.0ea8e66afe034a52b8064484ae0ea8b6.plex.direct:32400/photo/:/transcode?url=http%3A%2F%2F127.0.0.1%3A32400%2Flibrary%2Fmetadata%2F58852%2Fart%2F1709817167&width=532&height=299&minSize=1&X-Plex-Token=i2sf5MYcxLkx3isVZ7Sk' to '0/010358b8.jpg':
2024-03-16 01:52:21.159 T:4868 debug : cached image 'special://masterprofile/Thumbnails/0/010358b8.jpg' size 532x299
2024-03-16 01:52:21.284 T:4868 debug : easy_acquire - Created session to https://192-168-4-21.0ea8e66afe034a52b8064484ae0ea8b6.plex.direct
2024-03-16 01:52:21.301 T:4869 debug : CCurlFile::GetMimeType - -> image/jpeg
2024-03-16 01:52:21.302 T:4869 debug : CurlFile::Open -
2024-03-16 01:52:21.303 T:4975 debug : CCurlFile::GetMimeType - -> image/jpeg
2024-03-16 01:52:21.303 T:4975 debug : CurlFile::Open -
2024-03-16 01:52:21.313 T:4869 debug : ffmpeg[0x2e1e1f0]: [image2] Custom AVIOContext makes no sense and will be ignored with AVFMT_NOFILE format.
2024-03-16 01:52:21.313 T:4975 debug : ffmpeg[0x32258b0]: [image2] Custom AVIOContext makes no sense and will be ignored with AVFMT_NOFILE format.
2024-03-16 01:52:21.319 T:4975 debug : Caching image 'https://192-168-4-21.0ea8e66afe034a52b8064484ae0ea8b6.plex.direct:32400/photo/:/transcode?url=http%3A%2F%2F127.0.0.1%3A32400%2Flibrary%2Fmetadata%2F75079%2Fthumb%2F1710245326&width=244&height=361&minSize=1&X-Plex-Token=i2sf5MYcxLkx3isVZ7Sk' to '3/36cb52da.jpg':
2024-03-16 01:52:21.319 T:4975 debug : cached image 'special://masterprofile/Thumbnails/3/36cb52da.jpg' size 244x366
2024-03-16 01:52:21.331 T:4869 debug : Caching image 'https://192-168-4-21.0ea8e66afe034a52b8064484ae0ea8b6.plex.direct:32400/photo/:/transcode?url=http%3A%2F%2F127.0.0.1%3A32400%2Flibrary%2Fmetadata%2F75054%2Fthumb%2F1710245248&width=244&height=361&minSize=1&X-Plex-Token=i2sf5MYcxLkx3isVZ7Sk' to '2/2aae6a47.jpg':
2024-03-16 01:52:21.331 T:4869 debug : cached image 'special://masterprofile/Thumbnails/2/2aae6a47.jpg' size 244x366
2024-03-16 01:52:21.416 T:4869 debug : CCurlFile::GetMimeType - -> image/jpeg
2024-03-16 01:52:21.416 T:4868 debug : CCurlFile::GetMimeType - -> image/jpeg
2024-03-16 01:52:21.416 T:4975 debug : CCurlFile::GetMimeType - -> image/jpeg
2024-03-16 01:52:21.417 T:4868 debug : CurlFile::Open -
2024-03-16 01:52:21.417 T:4975 debug : CurlFile::Open -
2024-03-16 01:52:21.417 T:4869 debug : CurlFile::Open -
2024-03-16 01:52:21.428 T:4975 debug : ffmpeg[0x32258b0]: [image2] Custom AVIOContext makes no sense and will be ignored with AVFMT_NOFILE format.
2024-03-16 01:52:21.429 T:4868 debug : ffmpeg[0x27c5570]: [image2] Custom AVIOContext makes no sense and will be ignored with AVFMT_NOFILE format.
2024-03-16 01:52:21.434 T:4868 debug : Caching image 'https://192-168-4-21.0ea8e66afe034a52b8064484ae0ea8b6.plex.direct:32400/photo/:/transcode?url=http%3A%2F%2F127.0.0.1%3A32400%2Flibrary%2Fmetadata%2F75014%2Fthumb%2F1710245334&width=244&height=361&minSize=1&X-Plex-Token=i2sf5MYcxLkx3isVZ7Sk' to 'f/f3238ade.jpg':
2024-03-16 01:52:21.434 T:4868 debug : cached image 'special://masterprofile/Thumbnails/f/f3238ade.jpg' size 244x366
2024-03-16 01:52:21.434 T:4975 debug : Caching image 'https://192-168-4-21.0ea8e66afe034a52b8064484ae0ea8b6.plex.direct:32400/photo/:/transcode?url=http%3A%2F%2F127.0.0.1%3A32400%2Flibrary%2Fmetadata%2F75011%2Fthumb%2F1710245291&width=244&height=361&minSize=1&X-Plex-Token=i2sf5MYcxLkx3isVZ7Sk' to '7/75110877.jpg':
2024-03-16 01:52:21.435 T:4975 debug : cached image 'special://masterprofile/Thumbnails/7/75110877.jpg' size 244x366
2024-03-16 01:52:21.519 T:4869 debug : ffmpeg[0x2e1e1f0]: [image2] Custom AVIOContext makes no sense and will be ignored with AVFMT_NOFILE format.
2024-03-16 01:52:21.523 T:4868 debug : CCurlFile::GetMimeType - -> image/jpeg
2024-03-16 01:52:21.523 T:4868 debug : CurlFile::Open -
2024-03-16 01:52:21.524 T:4975 debug : CCurlFile::GetMimeType - -> image/jpeg
2024-03-16 01:52:21.524 T:4975 debug : CurlFile::Open -
2024-03-16 01:52:21.525 T:4869 debug : Caching image 'https://192-168-4-21.0ea8e66afe034a52b8064484ae0ea8b6.plex.direct:32400/photo/:/transcode?url=http%3A%2F%2F127.0.0.1%3A32400%2Flibrary%2Fmetadata%2F75010%2Fthumb%2F1710245281&width=244&height=361&minSize=1&X-Plex-Token=i2sf5MYcxLkx3isVZ7Sk' to '2/2c236056.jpg':
2024-03-16 01:52:21.525 T:4869 debug : cached image 'special://masterprofile/Thumbnails/2/2c236056.jpg' size 244x366
2024-03-16 01:52:21.531 T:4868 debug : ffmpeg[0x27c5570]: [image2] Custom AVIOContext makes no sense and will be ignored with AVFMT_NOFILE format.
2024-03-16 01:52:21.531 T:4975 debug : ffmpeg[0x32258b0]: [image2] Custom AVIOContext makes no sense and will be ignored with AVFMT_NOFILE format.
2024-03-16 01:52:21.549 T:4975 debug : Caching image 'https://192-168-4-21.0ea8e66afe034a52b8064484ae0ea8b6.plex.direct:32400/photo/:/transcode?url=http%3A%2F%2F127.0.0.1%3A32400%2Flibrary%2Fmetadata%2F75003%2Fthumb%2F1710245320&width=244&height=361&minSize=1&X-Plex-Token=i2sf5MYcxLkx3isVZ7Sk' to '2/276bfa31.jpg':
2024-03-16 01:52:21.580 T:4975 debug : cached image 'special://masterprofile/Thumbnails/2/276bfa31.jpg' size 244x366
2024-03-16 01:52:21.551 T:4868 debug : Caching image 'https://192-168-4-21.0ea8e66afe034a52b8064484ae0ea8b6.plex.direct:32400/photo/:/transcode?url=http%3A%2F%2F127.0.0.1%3A32400%2Flibrary%2Fmetadata%2F75007%2Fthumb%2F1710158957&width=244&height=361&minSize=1&X-Plex-Token=i2sf5MYcxLkx3isVZ7Sk' to '8/814376c9.jpg':
2024-03-16 01:52:21.588 T:4868 debug : cached image 'special://masterprofile/Thumbnails/8/814376c9.jpg' size 244x366
2024-03-16 01:52:21.781 T:4975 debug : CCurlFile::GetMimeType - -> image/jpeg
2024-03-16 01:52:21.781 T:4975 debug : CurlFile::Open -
2024-03-16 01:52:21.789 T:4975 debug : ffmpeg[0x32258b0]: [image2] Custom AVIOContext makes no sense and will be ignored with AVFMT_NOFILE format.
2024-03-16 01:52:21.794 T:4975 debug : Caching image 'https://192-168-4-21.0ea8e66afe034a52b8064484ae0ea8b6.plex.direct:32400/photo/:/transcode?url=http%3A%2F%2F127.0.0.1%3A32400%2Flibrary%2Fmetadata%2F72650%2Fthumb%2F1709816829&width=244&height=361&minSize=1&X-Plex-Token=i2sf5MYcxLkx3isVZ7Sk' to 'e/e9225569.jpg':
2024-03-16 01:52:21.794 T:4975 debug : cached image 'special://masterprofile/Thumbnails/e/e9225569.jpg' size 244x366
2024-03-16 01:52:21.802 T:4868 debug : CCurlFile::GetMimeType - -> image/jpeg
2024-03-16 01:52:21.802 T:4868 debug : CurlFile::Open -
2024-03-16 01:52:21.812 T:4868 debug : ffmpeg[0x27c5570]: [image2] Custom AVIOContext makes no sense and will be ignored with AVFMT_NOFILE format.
2024-03-16 01:52:21.817 T:4868 debug : Caching image 'https://192-168-4-21.0ea8e66afe034a52b8064484ae0ea8b6.plex.direct:32400/photo/:/transcode?url=http%3A%2F%2F127.0.0.1%3A32400%2Flibrary%2Fmetadata%2F51627%2Fthumb%2F1709817025&width=244&height=361&minSize=1&X-Plex-Token=i2sf5MYcxLkx3isVZ7Sk' to 'd/d6fb5686.jpg':
2024-03-16 01:52:21.817 T:4868 debug : cached image 'special://masterprofile/Thumbnails/d/d6fb5686.jpg' size 244x366
2024-03-16 01:52:21.833 T:4869 debug : CCurlFile::GetMimeType - -> image/jpeg
2024-03-16 01:52:21.833 T:4869 debug : CurlFile::Open -
2024-03-16 01:52:21.845 T:4869 debug : ffmpeg[0x2e1e1f0]: [image2] Custom AVIOContext makes no sense and will be ignored with AVFMT_NOFILE format.
2024-03-16 01:52:21.850 T:4869 debug : Caching image 'https://192-168-4-21.0ea8e66afe034a52b8064484ae0ea8b6.plex.direct:32400/photo/:/transcode?url=http%3A%2F%2F127.0.0.1%3A32400%2Flibrary%2Fmetadata%2F70114%2Fthumb%2F1709817179&width=244&height=361&minSize=1&X-Plex-Token=i2sf5MYcxLkx3isVZ7Sk' to 'd/db0407ee.jpg':
2024-03-16 01:52:21.850 T:4869 debug : cached image 'special://masterprofile/Thumbnails/d/db0407ee.jpg' size 244x366
2024-03-16 01:52:21.974 T:4975 debug : CCurlFile::GetMimeType - -> image/jpeg
2024-03-16 01:52:21.975 T:4975 debug : CurlFile::Open -
2024-03-16 01:52:21.981 T:4975 debug : ffmpeg[0x32258b0]: [image2] Custom AVIOContext makes no sense and will be ignored with AVFMT_NOFILE format.
2024-03-16 01:52:21.986 T:4975 debug : Caching image 'https://192-168-4-21.0ea8e66afe034a52b8064484ae0ea8b6.plex.direct:32400/photo/:/transcode?url=http%3A%2F%2F127.0.0.1%3A32400%2Flibrary%2Fmetadata%2F71538%2Fthumb%2F1709816913&width=244&height=361&minSize=1&X-Plex-Token=i2sf5MYcxLkx3isVZ7Sk' to 'b/b6d0a059.jpg':
2024-03-16 01:52:21.986 T:4975 debug : cached image 'special://masterprofile/Thumbnails/b/b6d0a059.jpg' size 244x366
2024-03-16 01:52:22.000 T:4868 debug : CCurlFile::GetMimeType - -> image/jpeg
2024-03-16 01:52:22.006 T:4868 debug : CurlFile::Open -
2024-03-16 01:52:22.009 T:4869 debug : CCurlFile::GetMimeType - -> image/jpeg
2024-03-16 01:52:22.009 T:4869 debug : CurlFile::Open -
2024-03-16 01:52:22.017 T:4868 debug : ffmpeg[0x27c5570]: [image2] Custom AVIOContext makes no sense and will be ignored with AVFMT_NOFILE format.
2024-03-16 01:52:22.022 T:4868 debug : Caching image 'https://192-168-4-21.0ea8e66afe034a52b8064484ae0ea8b6.plex.direct:32400/photo/:/transcode?url=http%3A%2F%2F127.0.0.1%3A32400%2Flibrary%2Fmetadata%2F69997%2Fthumb%2F1709816832&width=244&height=361&minSize=1&X-Plex-Token=i2sf5MYcxLkx3isVZ7Sk' to '5/5e60f4b3.jpg':
2024-03-16 01:52:22.022 T:4868 debug : cached image 'special://masterprofile/Thumbnails/5/5e60f4b3.jpg' size 244x366
2024-03-16 01:52:22.031 T:4869 debug : ffmpeg[0x2e1e1f0]: [image2] Custom AVIOContext makes no sense and will be ignored with AVFMT_NOFILE format.
2024-03-16 01:52:22.036 T:4869 debug : Caching image 'https://192-168-4-21.0ea8e66afe034a52b8064484ae0ea8b6.plex.direct:32400/photo/:/transcode?url=http%3A%2F%2F127.0.0.1%3A32400%2Flibrary%2Fmetadata%2F35549%2Fthumb%2F1709817057&width=244&height=361&minSize=1&X-Plex-Token=i2sf5MYcxLkx3isVZ7Sk' to '1/1949148a.jpg':
2024-03-16 01:52:22.036 T:4869 debug : cached image 'special://masterprofile/Thumbnails/1/1949148a.jpg' size 244x366
2024-03-16 01:52:22.124 T:4869 debug : CCurlFile::GetMimeType - -> image/jpeg
2024-03-16 01:52:22.125 T:4869 debug : CurlFile::Open -
2024-03-16 01:52:22.133 T:4869 debug : ffmpeg[0x2e1e1f0]: [image2] Custom AVIOContext makes no sense and will be ignored with AVFMT_NOFILE format.
2024-03-16 01:52:22.143 T:4869 debug : Caching image 'https://192-168-4-21.0ea8e66afe034a52b8064484ae0ea8b6.plex.direct:32400/photo/:/transcode?url=http%3A%2F%2F127.0.0.1%3A32400%2Flibrary%2Fmetadata%2F69072%2Fthumb%2F1709817033&width=244&height=361&minSize=1&X-Plex-Token=i2sf5MYcxLkx3isVZ7Sk' to '1/199d5477.jpg':
2024-03-16 01:52:22.143 T:4869 debug : cached image 'special://masterprofile/Thumbnails/1/199d5477.jpg' size 244x366
2024-03-16 01:52:22.170 T:4975 debug : CCurlFile::GetMimeType - -> image/jpeg
2024-03-16 01:52:22.171 T:4975 debug : CurlFile::Open -
2024-03-16 01:52:22.180 T:4975 debug : ffmpeg[0x32258b0]: [image2] Custom AVIOContext makes no sense and will be ignored with AVFMT_NOFILE format.
2024-03-16 01:52:22.192 T:4975 debug : Caching image 'https://192-168-4-21.0ea8e66afe034a52b8064484ae0ea8b6.plex.direct:32400/photo/:/transcode?url=http%3A%2F%2F127.0.0.1%3A32400%2Flibrary%2Fmetadata%2F50871%2Fthumb%2F1709816898&width=244&height=361&minSize=1&X-Plex-Token=i2sf5MYcxLkx3isVZ7Sk' to '3/3367972a.jpg':
2024-03-16 01:52:22.192 T:4975 debug : cached image 'special://masterprofile/Thumbnails/3/3367972a.jpg' size 244x366
2024-03-16 01:52:22.193 T:4868 debug : CCurlFile::GetMimeType - -> image/jpeg
2024-03-16 01:52:22.193 T:4868 debug : CurlFile::Open -
2024-03-16 01:52:22.200 T:4868 debug : ffmpeg[0x27c5570]: [image2] Custom AVIOContext makes no sense and will be ignored with AVFMT_NOFILE format.
2024-03-16 01:52:22.205 T:4869 debug : CCurlFile::GetMimeType - -> image/jpeg
2024-03-16 01:52:22.205 T:4869 debug : CurlFile::Open -
2024-03-16 01:52:22.206 T:4868 debug : Caching image 'https://192-168-4-21.0ea8e66afe034a52b8064484ae0ea8b6.plex.direct:32400/photo/:/transcode?url=http%3A%2F%2F127.0.0.1%3A32400%2Flibrary%2Fmetadata%2F44286%2Fthumb%2F1709817036&width=244&height=361&minSize=1&X-Plex-Token=i2sf5MYcxLkx3isVZ7Sk' to '0/0e5ac335.jpg':
2024-03-16 01:52:22.206 T:4868 debug : cached image 'special://masterprofile/Thumbnails/0/0e5ac335.jpg' size 244x366
2024-03-16 01:52:22.215 T:4869 debug : ffmpeg[0x2e1e1f0]: [image2] Custom AVIOContext makes no sense and will be ignored with AVFMT_NOFILE format.
2024-03-16 01:52:22.221 T:4869 debug : Caching image 'https://192-168-4-21.0ea8e66afe034a52b8064484ae0ea8b6.plex.direct:32400/photo/:/transcode?url=http%3A%2F%2F127.0.0.1%3A32400%2Flibrary%2Fmetadata%2F74013%2Fthumb%2F1709817128&width=244&height=361&minSize=1&X-Plex-Token=i2sf5MYcxLkx3isVZ7Sk' to 'c/c80e6f7e.jpg':
2024-03-16 01:52:22.221 T:4869 debug : cached image 'special://masterprofile/Thumbnails/c/c80e6f7e.jpg' size 244x366
2024-03-16 01:52:22.379 T:4868 debug : CCurlFile::GetMimeType - -> image/jpeg
2024-03-16 01:52:22.379 T:4868 debug : CurlFile::Open -
2024-03-16 01:52:22.379 T:4975 debug : CCurlFile::GetMimeType - -> image/jpeg
2024-03-16 01:52:22.380 T:4975 debug : CurlFile::Open -
2024-03-16 01:52:22.381 T:4869 debug : CCurlFile::GetMimeType - -> image/jpeg
2024-03-16 01:52:22.383 T:4869 debug : CurlFile::Open -
2024-03-16 01:52:22.390 T:4868 debug : ffmpeg[0x27c5570]: [image2] Custom AVIOContext makes no sense and will be ignored with AVFMT_NOFILE format.
2024-03-16 01:52:22.395 T:4868 debug : Caching image 'https://192-168-4-21.0ea8e66afe034a52b8064484ae0ea8b6.plex.direct:32400/photo/:/transcode?url=http%3A%2F%2F127.0.0.1%3A32400%2Flibrary%2Fmetadata%2F73157%2Fthumb%2F1709817135&width=244&height=361&minSize=1&X-Plex-Token=i2sf5MYcxLkx3isVZ7Sk' to 'b/b824d2a2.jpg':
2024-03-16 01:52:22.395 T:4868 debug : cached image 'special://masterprofile/Thumbnails/b/b824d2a2.jpg' size 244x366
2024-03-16 01:52:22.402 T:4975 debug : ffmpeg[0x32258b0]: [image2] Custom AVIOContext makes no sense and will be ignored with AVFMT_NOFILE format.
2024-03-16 01:52:22.407 T:4975 debug : Caching image 'https://192-168-4-21.0ea8e66afe034a52b8064484ae0ea8b6.plex.direct:32400/photo/:/transcode?url=http%3A%2F%2F127.0.0.1%3A32400%2Flibrary%2Fmetadata%2F74186%2Fthumb%2F1709817114&width=244&height=361&minSize=1&X-Plex-Token=i2sf5MYcxLkx3isVZ7Sk' to '1/1eac682c.jpg':
2024-03-16 01:52:22.407 T:4975 debug : cached image 'special://masterprofile/Thumbnails/1/1eac682c.jpg' size 244x366
2024-03-16 01:52:22.410 T:4869 debug : ffmpeg[0x2e1e1f0]: [image2] Custom AVIOContext makes no sense and will be ignored with AVFMT_NOFILE format.
2024-03-16 01:52:22.415 T:4869 debug : Caching image 'https://192-168-4-21.0ea8e66afe034a52b8064484ae0ea8b6.plex.direct:32400/photo/:/transcode?url=http%3A%2F%2F127.0.0.1%3A32400%2Flibrary%2Fmetadata%2F72295%2Fthumb%2F1709816828&width=244&height=361&minSize=1&X-Plex-Token=i2sf5MYcxLkx3isVZ7Sk' to '7/7c31b9d2.jpg':
2024-03-16 01:52:22.415 T:4869 debug : cached image 'special://masterprofile/Thumbnails/7/7c31b9d2.jpg' size 244x366
2024-03-16 01:52:22.536 T:4868 debug : CCurlFile::GetMimeType - -> image/jpeg
2024-03-16 01:52:22.536 T:4868 debug : CurlFile::Open -
2024-03-16 01:52:22.536 T:4975 debug : CCurlFile::GetMimeType - -> image/jpeg
2024-03-16 01:52:22.537 T:4975 debug : CurlFile::Open -
2024-03-16 01:52:22.537 T:4869 debug : CCurlFile::GetMimeType - -> image/jpeg
2024-03-16 01:52:22.537 T:4869 debug : CurlFile::Open -
2024-03-16 01:52:22.546 T:4868 debug : ffmpeg[0x27c5570]: [image2] Custom AVIOContext makes no sense and will be ignored with AVFMT_NOFILE format.
2024-03-16 01:52:22.550 T:4975 debug : ffmpeg[0x32258b0]: [image2] Custom AVIOContext makes no sense and will be ignored with AVFMT_NOFILE format.
2024-03-16 01:52:22.550 T:4869 debug : ffmpeg[0x2e1e1f0]: [image2] Custom AVIOContext makes no sense and will be ignored with AVFMT_NOFILE format.
2024-03-16 01:52:22.555 T:4868 debug : Caching image 'https://192-168-4-21.0ea8e66afe034a52b8064484ae0ea8b6.plex.direct:32400/photo/:/transcode?url=http%3A%2F%2F127.0.0.1%3A32400%2Flibrary%2Fmetadata%2F50194%2Fthumb%2F1709816941&width=244&height=361&minSize=1&X-Plex-Token=i2sf5MYcxLkx3isVZ7Sk' to '9/9d2b5a5e.jpg':
2024-03-16 01:52:22.555 T:4868 debug : cached image 'special://masterprofile/Thumbnails/9/9d2b5a5e.jpg' size 244x366
2024-03-16 01:52:22.560 T:4975 debug : Caching image 'https://192-168-4-21.0ea8e66afe034a52b8064484ae0ea8b6.plex.direct:32400/photo/:/transcode?url=http%3A%2F%2F127.0.0.1%3A32400%2Flibrary%2Fmetadata%2F69188%2Fthumb%2F1709816937&width=244&height=361&minSize=1&X-Plex-Token=i2sf5MYcxLkx3isVZ7Sk' to '5/55bd6dfb.jpg':
2024-03-16 01:52:22.560 T:4975 debug : cached image 'special://masterprofile/Thumbnails/5/55bd6dfb.jpg' size 244x366
2024-03-16 01:52:22.566 T:4869 debug : Caching image 'https://192-168-4-21.0ea8e66afe034a52b8064484ae0ea8b6.plex.direct:32400/photo/:/transcode?url=http%3A%2F%2F127.0.0.1%3A32400%2Flibrary%2Fmetadata%2F51685%2Fthumb%2F1709817018&width=244&height=361&minSize=1&X-Plex-Token=i2sf5MYcxLkx3isVZ7Sk' to '5/542887cc.jpg':
2024-03-16 01:52:22.566 T:4869 debug : cached image 'special://masterprofile/Thumbnails/5/542887cc.jpg' size 244x366
2024-03-16 01:52:24.702 T:4887 debug : PushCecKeypress - received key b duration 0
2024-03-16 01:52:24.716 T:4823 debug : HandleKey: 11 (0xb, obc244) pressed, window 13002, action is Select
2024-03-16 01:52:24.769 T:4887 debug : PushCecKeypress - received key b duration 70
2024-03-16 01:52:24.779 T:4895 debug : requested setting (library.settings.0b3da76a06ce499c02c40c78e730e77757ed6916) was not found.
2024-03-16 01:52:24.799 T:4823 debug : Activating window ID: 13003
2024-03-16 01:52:24.799 T:4823 debug : ------ Window Deinit (/storage/.kodi/addons/script.plexmod/resources/skins/Main/1080i/script-plex-home.xml) ------
2024-03-16 01:52:24.799 T:4823 debug : ------ Window Init (/storage/.kodi/addons/script.plexmod/resources/skins/Main/1080i/script-plex-blank.xml) ------
2024-03-16 01:52:24.799 T:4823 info : Loading skin file: /storage/.kodi/addons/script.plexmod/resources/skins/Main/1080i/script-plex-blank.xml, load type: LOAD_ON_GUI_INIT
2024-03-16 01:52:24.966 T:4823 debug : Activating window ID: 13004
2024-03-16 01:52:24.966 T:4823 debug : ------ Window Deinit (/storage/.kodi/addons/script.plexmod/resources/skins/Main/1080i/script-plex-blank.xml) ------
2024-03-16 01:52:24.966 T:4823 debug : ------ Window Init (/storage/.kodi/addons/script.plexmod/resources/skins/Main/1080i/script-plex-posters-small.xml) ------
2024-03-16 01:52:24.966 T:4823 info : Loading skin file: /storage/.kodi/addons/script.plexmod/resources/skins/Main/1080i/script-plex-posters-small.xml, load type: LOAD_ON_GUI_INIT
2024-03-16 01:52:24.997 T:4823 debug : [Warning] CGUITextureManager::GetTexturePath: could not find texture '-'
2024-03-16 01:52:25.133 T:4895 info : Skipped 11 duplicate messages..
2024-03-16 01:52:25.133 T:4895 info : script.plex: API: GET https://192-168-4-21.0ea8e66afe034a52b8064484ae0ea8b6.plex.direct:32400/library/sections/11/firstCharacter?includeCollections=1&sort=titleSort%3Aasc&X-Plex-Token=****
2024-03-16 01:52:25.330 T:5013 info : script.plex: BGThreader: (queue.0:worker.0): Active
2024-03-16 01:52:25.330 T:5013 info : script.plex: API: GET https://192-168-4-21.0ea8e66afe034a52b8064484ae0ea8b6.plex.direct:32400/library/sections/11/all?includeCollections=1&sort=titleSort%3Aasc&X-Plex-Container-Size=240&X-Plex-Container-Start=0&X-Plex-Token=****
2024-03-16 01:52:25.550 T:5011 info : script.plex: Section changed (11): 'movies-4k remux (Shield preferred)'
2024-03-16 01:52:25.552 T:5011 info : script.plex: Showing hubs - Section: 11 - Update: False
2024-03-16 01:52:25.553 T:5011 info : script.plex: HUB: movie.inprogress.11 [movie.inprogress](7, None)
2024-03-16 01:52:25.558 T:5011 info : script.plex: HUB: movie.recentlyreleased.11 [movie.recentlyreleased](10, None)
2024-03-16 01:52:25.561 T:5011 info : script.plex: HUB: movie.recentlyadded.11 [movie.recentlyadded](10, None)
2024-03-16 01:52:25.600 T:5011 info : script.plex: HUB: movie.topunwatched.11 [movie.topunwatched](10, None)
2024-03-16 01:52:25.604 T:5011 info : script.plex: HUB: movie.recentlyviewed.11 [movie.recentlyviewed](10, None)
2024-03-16 01:52:25.720 T:4869 debug : ffmpeg[0x2e1e1f0]: [image2] Custom AVIOContext makes no sense and will be ignored with AVFMT_NOFILE format.
2024-03-16 01:52:25.721 T:4975 debug : ffmpeg[0x32258b0]: [image2] Custom AVIOContext makes no sense and will be ignored with AVFMT_NOFILE format.
2024-03-16 01:52:25.800 T:5013 info : script.plex: BGThreader (queue.0:worker.0): Idle
2024-03-16 01:52:25.820 T:4975 debug : ffmpeg[0x32258b0]: [image2] Custom AVIOContext makes no sense and will be ignored with AVFMT_NOFILE format.
2024-03-16 01:52:25.821 T:4868 debug : ffmpeg[0x27c5570]: [image2] Custom AVIOContext makes no sense and will be ignored with AVFMT_NOFILE format.
2024-03-16 01:52:25.821 T:4869 debug : ffmpeg[0x2e1e1f0]: [image2] Custom AVIOContext makes no sense and will be ignored with AVFMT_NOFILE format.
2024-03-16 01:52:25.824 T:4975 debug : ffmpeg[0x32258b0]: [image2] Custom AVIOContext makes no sense and will be ignored with AVFMT_NOFILE format.
2024-03-16 01:52:25.827 T:4869 debug : ffmpeg[0x2e1e1f0]: [image2] Custom AVIOContext makes no sense and will be ignored with AVFMT_NOFILE format.
2024-03-16 01:52:25.830 T:4868 debug : ffmpeg[0x27c5570]: [image2] Custom AVIOContext makes no sense and will be ignored with AVFMT_NOFILE format.
2024-03-16 01:52:25.832 T:4975 debug : ffmpeg[0x32258b0]: [image2] Custom AVIOContext makes no sense and will be ignored with AVFMT_NOFILE format.
2024-03-16 01:52:25.832 T:4869 debug : ffmpeg[0x2e1e1f0]: [image2] Custom AVIOContext makes no sense and will be ignored with AVFMT_NOFILE format.
2024-03-16 01:52:25.836 T:4975 info : Skipped 1 duplicate messages..
2024-03-16 01:52:25.836 T:4975 debug : ffmpeg[0x32258b0]: [image2] Custom AVIOContext makes no sense and will be ignored with AVFMT_NOFILE format.
2024-03-16 01:52:25.839 T:4868 debug : ffmpeg[0x27c5570]: [image2] Custom AVIOContext makes no sense and will be ignored with AVFMT_NOFILE format.
2024-03-16 01:52:25.840 T:4869 debug : ffmpeg[0x2e1e1f0]: [image2] Custom AVIOContext makes no sense and will be ignored with AVFMT_NOFILE format.
2024-03-16 01:52:25.840 T:4975 debug : ffmpeg[0x32258b0]: [image2] Custom AVIOContext makes no sense and will be ignored with AVFMT_NOFILE format.
2024-03-16 01:52:25.843 T:4869 debug : ffmpeg[0x2e1e1f0]: [image2] Custom AVIOContext makes no sense and will be ignored with AVFMT_NOFILE format.
2024-03-16 01:52:25.844 T:4975 debug : ffmpeg[0x32258b0]: [image2] Custom AVIOContext makes no sense and will be ignored with AVFMT_NOFILE format.
2024-03-16 01:52:25.847 T:4869 debug : ffmpeg[0x2e1e1f0]: [image2] Custom AVIOContext makes no sense and will be ignored with AVFMT_NOFILE format.
2024-03-16 01:52:25.848 T:4868 debug : ffmpeg[0x27c5570]: [image2] Custom AVIOContext makes no sense and will be ignored with AVFMT_NOFILE format.
2024-03-16 01:52:25.848 T:4975 debug : ffmpeg[0x32258b0]: [image2] Custom AVIOContext makes no sense and will be ignored with AVFMT_NOFILE format.
2024-03-16 01:52:25.851 T:4869 debug : ffmpeg[0x2e1e1f0]: [image2] Custom AVIOContext makes no sense and will be ignored with AVFMT_NOFILE format.
2024-03-16 01:52:25.852 T:4975 debug : ffmpeg[0x32258b0]: [image2] Custom AVIOContext makes no sense and will be ignored with AVFMT_NOFILE format.
2024-03-16 01:52:25.853 T:4868 debug : ffmpeg[0x27c5570]: [image2] Custom AVIOContext makes no sense and will be ignored with AVFMT_NOFILE format.
2024-03-16 01:52:25.855 T:4869 debug : ffmpeg[0x2e1e1f0]: [image2] Custom AVIOContext makes no sense and will be ignored with AVFMT_NOFILE format.
2024-03-16 01:52:25.856 T:4975 debug : ffmpeg[0x32258b0]: [image2] Custom AVIOContext makes no sense and will be ignored with AVFMT_NOFILE format.
2024-03-16 01:52:25.858 T:4868 debug : ffmpeg[0x27c5570]: [image2] Custom AVIOContext makes no sense and will be ignored with AVFMT_NOFILE format.
2024-03-16 01:52:25.860 T:4869 debug : ffmpeg[0x2e1e1f0]: [image2] Custom AVIOContext makes no sense and will be ignored with AVFMT_NOFILE format.
2024-03-16 01:52:25.863 T:4975 debug : ffmpeg[0x32258b0]: [image2] Custom AVIOContext makes no sense and will be ignored with AVFMT_NOFILE format.
2024-03-16 01:52:25.864 T:4868 debug : ffmpeg[0x27c5570]: [image2] Custom AVIOContext makes no sense and will be ignored with AVFMT_NOFILE format.
2024-03-16 01:52:25.865 T:4869 debug : ffmpeg[0x2e1e1f0]: [image2] Custom AVIOContext makes no sense and will be ignored with AVFMT_NOFILE format.
2024-03-16 01:52:25.867 T:4975 debug : ffmpeg[0x32258b0]: [image2] Custom AVIOContext makes no sense and will be ignored with AVFMT_NOFILE format.
2024-03-16 01:52:25.869 T:4868 debug : ffmpeg[0x27c5570]: [image2] Custom AVIOContext makes no sense and will be ignored with AVFMT_NOFILE format.
2024-03-16 01:52:25.870 T:4869 debug : ffmpeg[0x2e1e1f0]: [image2] Custom AVIOContext makes no sense and will be ignored with AVFMT_NOFILE format.
2024-03-16 01:52:25.872 T:4975 debug : ffmpeg[0x32258b0]: [image2] Custom AVIOContext makes no sense and will be ignored with AVFMT_NOFILE format.
2024-03-16 01:52:25.873 T:4868 debug : ffmpeg[0x27c5570]: [image2] Custom AVIOContext makes no sense and will be ignored with AVFMT_NOFILE format.
2024-03-16 01:52:25.874 T:4869 debug : ffmpeg[0x2e1e1f0]: [image2] Custom AVIOContext makes no sense and will be ignored with AVFMT_NOFILE format.
2024-03-16 01:52:25.878 T:4975 debug : ffmpeg[0x32258b0]: [image2] Custom AVIOContext makes no sense and will be ignored with AVFMT_NOFILE format.
2024-03-16 01:52:25.879 T:4869 debug : ffmpeg[0x2e1e1f0]: [image2] Custom AVIOContext makes no sense and will be ignored with AVFMT_NOFILE format.
2024-03-16 01:52:25.879 T:4868 debug : ffmpeg[0x27c5570]: [image2] Custom AVIOContext makes no sense and will be ignored with AVFMT_NOFILE format.
2024-03-16 01:52:25.882 T:4975 debug : ffmpeg[0x32258b0]: [image2] Custom AVIOContext makes no sense and will be ignored with AVFMT_NOFILE format.
2024-03-16 01:52:25.884 T:4868 debug : ffmpeg[0x27c5570]: [image2] Custom AVIOContext makes no sense and will be ignored with AVFMT_NOFILE format.
2024-03-16 01:52:25.884 T:4869 debug : ffmpeg[0x2e1e1f0]: [image2] Custom AVIOContext makes no sense and will be ignored with AVFMT_NOFILE format.
2024-03-16 01:52:25.890 T:4975 debug : ffmpeg[0x32258b0]: [image2] Custom AVIOContext makes no sense and will be ignored with AVFMT_NOFILE format.
2024-03-16 01:52:25.891 T:4868 debug : ffmpeg[0x27c5570]: [image2] Custom AVIOContext makes no sense and will be ignored with AVFMT_NOFILE format.
