2024-03-16 01:52:25.891 T:4869 debug : ffmpeg[0x2e1e1f0]: [image2] Custom AVIOContext makes no sense and will be ignored with AVFMT_NOFILE format.
2024-03-16 01:52:25.894 T:4975 debug : ffmpeg[0x32258b0]: [image2] Custom AVIOContext makes no sense and will be ignored with AVFMT_NOFILE format.
2024-03-16 01:52:25.895 T:4868 debug : ffmpeg[0x27c5570]: [image2] Custom AVIOContext makes no sense and will be ignored with AVFMT_NOFILE format.
2024-03-16 01:52:25.895 T:4869 debug : ffmpeg[0x2e1e1f0]: [image2] Custom AVIOContext makes no sense and will be ignored with AVFMT_NOFILE format.
2024-03-16 01:52:25.898 T:4975 debug : ffmpeg[0x32258b0]: [image2] Custom AVIOContext makes no sense and will be ignored with AVFMT_NOFILE format.
2024-03-16 01:52:25.899 T:4869 debug : ffmpeg[0x2e1e1f0]: [image2] Custom AVIOContext makes no sense and will be ignored with AVFMT_NOFILE format.
2024-03-16 01:52:25.899 T:4868 debug : ffmpeg[0x27c5570]: [image2] Custom AVIOContext makes no sense and will be ignored with AVFMT_NOFILE format.
2024-03-16 01:52:25.903 T:4869 debug : ffmpeg[0x2e1e1f0]: [image2] Custom AVIOContext makes no sense and will be ignored with AVFMT_NOFILE format.
2024-03-16 01:52:25.903 T:4975 debug : ffmpeg[0x32258b0]: [image2] Custom AVIOContext makes no sense and will be ignored with AVFMT_NOFILE format.
2024-03-16 01:52:25.903 T:4868 debug : ffmpeg[0x27c5570]: [image2] Custom AVIOContext makes no sense and will be ignored with AVFMT_NOFILE format.
2024-03-16 01:52:25.907 T:4975 debug : ffmpeg[0x32258b0]: [image2] Custom AVIOContext makes no sense and will be ignored with AVFMT_NOFILE format.
2024-03-16 01:52:25.907 T:4869 debug : ffmpeg[0x2e1e1f0]: [image2] Custom AVIOContext makes no sense and will be ignored with AVFMT_NOFILE format.
2024-03-16 01:52:25.908 T:4868 debug : ffmpeg[0x27c5570]: [image2] Custom AVIOContext makes no sense and will be ignored with AVFMT_NOFILE format.
2024-03-16 01:52:25.911 T:4869 debug : ffmpeg[0x2e1e1f0]: [image2] Custom AVIOContext makes no sense and will be ignored with AVFMT_NOFILE format.
2024-03-16 01:52:25.911 T:4975 debug : ffmpeg[0x32258b0]: [image2] Custom AVIOContext makes no sense and will be ignored with AVFMT_NOFILE format.
2024-03-16 01:52:25.912 T:4868 debug : ffmpeg[0x27c5570]: [image2] Custom AVIOContext makes no sense and will be ignored with AVFMT_NOFILE format.
2024-03-16 01:52:25.915 T:4975 debug : ffmpeg[0x32258b0]: [image2] Custom AVIOContext makes no sense and will be ignored with AVFMT_NOFILE format.
2024-03-16 01:52:25.915 T:4869 debug : ffmpeg[0x2e1e1f0]: [image2] Custom AVIOContext makes no sense and will be ignored with AVFMT_NOFILE format.
2024-03-16 01:52:26.663 T:4887 debug : PushCecKeypress - received key a7 duration 0
2024-03-16 01:52:26.675 T:4823 debug : HandleKey: 167 (0xa7, obc88) pressed, window 13004, action is Down
2024-03-16 01:52:26.732 T:4887 debug : PushCecKeypress - received key a7 duration 70
2024-03-16 01:52:26.806 T:4975 debug : ffmpeg[0x32258b0]: [image2] Custom AVIOContext makes no sense and will be ignored with AVFMT_NOFILE format.
2024-03-16 01:52:27.244 T:4887 debug : PushCecKeypress - received key a8 duration 0
2024-03-16 01:52:27.260 T:4823 debug : HandleKey: 168 (0xa8, obc87) pressed, window 13004, action is Right
2024-03-16 01:52:27.312 T:4887 debug : PushCecKeypress - received key a8 duration 70
2024-03-16 01:52:27.389 T:4868 debug : ffmpeg[0x27c5570]: [image2] Custom AVIOContext makes no sense and will be ignored with AVFMT_NOFILE format.
2024-03-16 01:52:27.483 T:4887 debug : PushCecKeypress - received key a8 duration 0
2024-03-16 01:52:27.509 T:4823 debug : HandleKey: 168 (0xa8, obc87) pressed, window 13004, action is Right
2024-03-16 01:52:27.557 T:4887 debug : PushCecKeypress - received key a8 duration 70
2024-03-16 01:52:27.640 T:4869 debug : ffmpeg[0x2e1e1f0]: [image2] Custom AVIOContext makes no sense and will be ignored with AVFMT_NOFILE format.
2024-03-16 01:52:27.724 T:4887 debug : PushCecKeypress - received key a8 duration 0
2024-03-16 01:52:27.761 T:4823 debug : HandleKey: 168 (0xa8, obc87) pressed, window 13004, action is Right
2024-03-16 01:52:27.792 T:4887 debug : PushCecKeypress - received key a8 duration 70
2024-03-16 01:52:27.850 T:4975 debug : ffmpeg[0x32258b0]: [image2] Custom AVIOContext makes no sense and will be ignored with AVFMT_NOFILE format.
2024-03-16 01:52:28.164 T:4867 debug : CCurlFile::GetMimeType - -> image/jpeg
2024-03-16 01:52:28.164 T:4867 debug : CurlFile::Open -
2024-03-16 01:52:28.185 T:4867 debug : ffmpeg[0x281be88]: [image2] Custom AVIOContext makes no sense and will be ignored with AVFMT_NOFILE format.
2024-03-16 01:52:28.188 T:4867 debug : Caching image 'https://192-168-4-21.0ea8e66afe034a52b8064484ae0ea8b6.plex.direct:32400/playlists/69186/composite/1706759138?width=532&height=299&media=art&X-Plex-Token=i2sf5MYcxLkx3isVZ7Sk' to '7/714e8da4.jpg':
2024-03-16 01:52:28.188 T:4867 debug : cached image 'special://masterprofile/Thumbnails/7/714e8da4.jpg' size 532x298
2024-03-16 01:52:28.610 T:4887 debug : PushCecKeypress - received key a8 duration 0
2024-03-16 01:52:28.635 T:4823 debug : HandleKey: 168 (0xa8, obc87) pressed, window 13004, action is Right
2024-03-16 01:52:28.682 T:4887 debug : PushCecKeypress - received key a8 duration 74
2024-03-16 01:52:28.725 T:4868 debug : ffmpeg[0x27c5570]: [image2] Custom AVIOContext makes no sense and will be ignored with AVFMT_NOFILE format.
2024-03-16 01:52:28.774 T:4887 debug : PushCecKeypress - received key a8 duration 0
2024-03-16 01:52:28.802 T:4823 debug : HandleKey: 168 (0xa8, obc87) pressed, window 13004, action is Right
2024-03-16 01:52:28.842 T:4887 debug : PushCecKeypress - received key a8 duration 69
2024-03-16 01:52:28.891 T:4867 debug : ffmpeg[0x281be88]: [image2] Custom AVIOContext makes no sense and will be ignored with AVFMT_NOFILE format.
2024-03-16 01:52:29.121 T:4887 debug : PushCecKeypress - received key a8 duration 0
2024-03-16 01:52:29.135 T:4823 debug : HandleKey: 168 (0xa8, obc87) pressed, window 13004, action is Right
2024-03-16 01:52:29.189 T:4887 debug : PushCecKeypress - received key a8 duration 69
2024-03-16 01:52:29.351 T:4867 debug : ffmpeg[0x281be88]: [image2] Custom AVIOContext makes no sense and will be ignored with AVFMT_NOFILE format.
2024-03-16 01:52:29.484 T:4887 debug : PushCecKeypress - received key a8 duration 0
2024-03-16 01:52:29.511 T:4823 debug : HandleKey: 168 (0xa8, obc87) pressed, window 13004, action is Right
2024-03-16 01:52:29.559 T:4869 debug : ffmpeg[0x2e1e1f0]: [image2] Custom AVIOContext makes no sense and will be ignored with AVFMT_NOFILE format.
2024-03-16 01:52:29.559 T:4887 debug : PushCecKeypress - received key a8 duration 72
2024-03-16 01:52:30.111 T:4887 debug : PushCecKeypress - received key a8 duration 0
2024-03-16 01:52:30.136 T:4823 debug : HandleKey: 168 (0xa8, obc87) pressed, window 13004, action is Right
2024-03-16 01:52:30.185 T:4887 debug : PushCecKeypress - received key a8 duration 72
2024-03-16 01:52:30.270 T:4869 debug : ffmpeg[0x2e1e1f0]: [image2] Custom AVIOContext makes no sense and will be ignored with AVFMT_NOFILE format.
2024-03-16 01:52:31.401 T:4887 debug : PushCecKeypress - received key b duration 0
2024-03-16 01:52:31.429 T:4823 debug : HandleKey: 11 (0xb, obc244) pressed, window 13004, action is Select
2024-03-16 01:52:31.471 T:4887 debug : PushCecKeypress - received key b duration 70
2024-03-16 01:52:31.512 T:4823 debug : Activating window ID: 13005
2024-03-16 01:52:31.512 T:4823 debug : ------ Window Deinit (/storage/.kodi/addons/script.plexmod/resources/skins/Main/1080i/script-plex-posters-small.xml) ------
2024-03-16 01:52:31.512 T:4823 debug : ------ Window Init (/storage/.kodi/addons/script.plexmod/resources/skins/Main/1080i/script-plex-pre_play.xml) ------
2024-03-16 01:52:31.512 T:4823 info : Loading skin file: /storage/.kodi/addons/script.plexmod/resources/skins/Main/1080i/script-plex-pre_play.xml, load type: LOAD_ON_GUI_INIT
2024-03-16 01:52:31.540 T:4823 debug : [Warning] CGUITextureManager::GetTexturePath: could not find texture '-'
2024-03-16 01:52:31.721 T:4895 info : Skipped 3 duplicate messages..
2024-03-16 01:52:31.721 T:4895 info : script.plex: PrePlay: Showing video info:
2024-03-16 01:52:31.763 T:4895 info : script.plex: API: GET https://192-168-4-21.0ea8e66afe034a52b8064484ae0ea8b6.plex.direct:32400/library/metadata/75151?checkFiles=1&includeChapters=1&includeExtras=1&includeExtrasCount=10&includeMarkers=1&includeReviews=1&X-Plex-Token=****
2024-03-16 01:52:32.221 T:4823 debug : ------ Window Init (/storage/.kodi/addons/script.plexmod/resources/skins/Main/1080i/script-plex-busy.xml) ------
2024-03-16 01:52:32.221 T:4823 info : Loading skin file: /storage/.kodi/addons/script.plexmod/resources/skins/Main/1080i/script-plex-busy.xml, load type: LOAD_ON_GUI_INIT
2024-03-16 01:52:32.228 T:4823 debug : Alignment of external buffer is not suitable for ffmpeg intrinsics - please fix your malloc
2024-03-16 01:52:32.229 T:4823 info : Skipped 1 duplicate messages..
2024-03-16 01:52:32.229 T:4823 debug : Error [-541478725] while reading frame: Unknown error 541478725
2024-03-16 01:52:32.263 T:4895 info : script.plex: API: GET https://192-168-4-21.0ea8e66afe034a52b8064484ae0ea8b6.plex.direct:32400/library/metadata/75151/similar?count=36&X-Plex-Token=****&X-Plex-Container-Start=0&X-Plex-Container-Size=0
2024-03-16 01:52:33.138 T:4895 info : script.plex: API: Choice media: 4K, DV P7, TrueHD Atmos, 47.9 Mbps container=mkv videoCodec=hevc audioCodec=truehd audioChannels=8 id=95882 part:0
2024-03-16 01:52:33.138 T:4895 info : script.plex: API: Choice videoStream:
2024-03-16 01:52:33.138 T:4895 info : script.plex: API: Choice audioStream:
2024-03-16 01:52:33.139 T:4895 info : script.plex: API: Choice subtitleStream:
2024-03-16 01:52:33.140 T:4895 debug : requested setting (forced_subtitles_override) was not found.
2024-03-16 01:52:33.144 T:4869 debug : ffmpeg[0x2e1e1f0]: [image2] Custom AVIOContext makes no sense and will be ignored with AVFMT_NOFILE format.
2024-03-16 01:52:33.250 T:4867 info : Skipped 1 duplicate messages..
2024-03-16 01:52:33.250 T:4867 debug : ffmpeg[0x281be88]: [image2] Custom AVIOContext makes no sense and will be ignored with AVFMT_NOFILE format.
2024-03-16 01:52:33.254 T:4975 debug : ffmpeg[0x32258b0]: [image2] Custom AVIOContext makes no sense and will be ignored with AVFMT_NOFILE format.
2024-03-16 01:52:33.256 T:4868 debug : ffmpeg[0x27c5570]: [image2] Custom AVIOContext makes no sense and will be ignored with AVFMT_NOFILE format.
2024-03-16 01:52:33.256 T:4869 debug : ffmpeg[0x2e1e1f0]: [image2] Custom AVIOContext makes no sense and will be ignored with AVFMT_NOFILE format.
2024-03-16 01:52:33.261 T:4867 debug : ffmpeg[0x281be88]: [image2] Custom AVIOContext makes no sense and will be ignored with AVFMT_NOFILE format.
2024-03-16 01:52:33.271 T:4895 info : script.plex: API: GET https://192-168-4-21.0ea8e66afe034a52b8064484ae0ea8b6.plex.direct:32400/library/metadata/75151/similar?count=36&X-Plex-Token=****&X-Plex-Container-Start=0&X-Plex-Container-Size=8
2024-03-16 01:52:33.272 T:4869 debug : ffmpeg[0x2e1e1f0]: [image2] Custom AVIOContext makes no sense and will be ignored with AVFMT_NOFILE format.
2024-03-16 01:52:33.272 T:4868 debug : ffmpeg[0x27c5570]: [image2] Custom AVIOContext makes no sense and will be ignored with AVFMT_NOFILE format.
2024-03-16 01:52:33.335 T:4869 debug : ffmpeg[0x2e1e1f0]: [image2] Custom AVIOContext makes no sense and will be ignored with AVFMT_NOFILE format.
2024-03-16 01:52:34.640 T:4823 debug : ------ Window Deinit (/storage/.kodi/addons/script.plexmod/resources/skins/Main/1080i/script-plex-busy.xml) ------
2024-03-16 01:52:34.670 T:4823 debug : Error [-541478725] while reading frame: Unknown error 541478725
2024-03-16 01:52:34.672 T:4868 debug : ffmpeg[0x27c5570]: [image2] Custom AVIOContext makes no sense and will be ignored with AVFMT_NOFILE format.
2024-03-16 01:52:34.673 T:4867 debug : ffmpeg[0x281be88]: [image2] Custom AVIOContext makes no sense and will be ignored with AVFMT_NOFILE format.
2024-03-16 01:52:34.674 T:4869 debug : ffmpeg[0x2e1e1f0]: [image2] Custom AVIOContext makes no sense and will be ignored with AVFMT_NOFILE format.
2024-03-16 01:52:34.677 T:4975 debug : ffmpeg[0x32258b0]: [image2] Custom AVIOContext makes no sense and will be ignored with AVFMT_NOFILE format.
2024-03-16 01:52:34.686 T:4867 debug : ffmpeg[0x281be88]: [image2] Custom AVIOContext makes no sense and will be ignored with AVFMT_NOFILE format.
2024-03-16 01:52:34.691 T:4868 debug : ffmpeg[0x27c5570]: [image2] Custom AVIOContext makes no sense and will be ignored with AVFMT_NOFILE format.
2024-03-16 01:52:36.037 T:4887 debug : PushCecKeypress - received key b duration 0
2024-03-16 01:52:36.060 T:4823 debug : HandleKey: 11 (0xb, obc244) pressed, window 13005, action is Select
2024-03-16 01:52:36.102 T:4823 debug : Activating window ID: 13006
2024-03-16 01:52:36.102 T:4823 debug : ------ Window Deinit (/storage/.kodi/addons/script.plexmod/resources/skins/Main/1080i/script-plex-pre_play.xml) ------
2024-03-16 01:52:36.103 T:4823 debug : ------ Window Init (/storage/.kodi/addons/script.plexmod/resources/skins/Main/1080i/script-plex-video_player.xml) ------
2024-03-16 01:52:36.103 T:4823 info : Loading skin file: /storage/.kodi/addons/script.plexmod/resources/skins/Main/1080i/script-plex-video_player.xml, load type: LOAD_ON_GUI_INIT
2024-03-16 01:52:36.103 T:4887 debug : PushCecKeypress - received key b duration 70
2024-03-16 01:52:36.130 T:4823 debug : [Warning] CGUITextureManager::GetTexturePath: could not find texture '-'
2024-03-16 01:52:36.266 T:4895 info : Skipped 5 duplicate messages..
2024-03-16 01:52:36.266 T:4895 info : script.plex: VideoPlayerWindow: Starting session (ID: 3485331120)
2024-03-16 01:52:36.268 T:4895 debug : requested setting (local_quality) was not found.
2024-03-16 01:52:36.269 T:4895 debug : requested setting (local_mediaId) was not found.
2024-03-16 01:52:36.269 T:4895 info : script.plex: API: Choice media: 4K, DV P7, TrueHD Atmos, 47.9 Mbps container=mkv videoCodec=hevc audioCodec=truehd audioChannels=8 id=95882 part:0
2024-03-16 01:52:36.270 T:4895 info : script.plex: API: Choice videoStream:
2024-03-16 01:52:36.270 T:4895 info : script.plex: API: Choice audioStream:
2024-03-16 01:52:36.270 T:4895 info : script.plex: API: Choice subtitleStream:
2024-03-16 01:52:36.270 T:4895 debug : requested setting (local_mediaId) was not found.
2024-03-16 01:52:36.270 T:4895 debug : requested setting (allow_4k) was not found.
2024-03-16 01:52:36.270 T:4895 debug : requested setting (local_quality) was not found.
2024-03-16 01:52:36.271 T:4895 info : Skipped 1 duplicate messages..
2024-03-16 01:52:36.271 T:4895 debug : requested setting (burn_subtitles) was not found.
2024-03-16 01:52:36.271 T:4895 debug : requested setting (allow_hevc) was not found.
2024-03-16 01:52:36.271 T:4895 debug : requested setting (allow_av1) was not found.
2024-03-16 01:52:36.271 T:4895 debug : requested setting (allow_vc1) was not found.
2024-03-16 01:52:36.271 T:4895 debug : requested setting (allow_4k) was not found.
2024-03-16 01:52:36.271 T:4895 debug : requested setting (local_quality) was not found.
2024-03-16 01:52:36.271 T:4895 info : Skipped 1 duplicate messages..
2024-03-16 01:52:36.271 T:4895 debug : requested setting (allow_hevc) was not found.
2024-03-16 01:52:36.271 T:4895 debug : requested setting (audio_force_ac3_cond) was not found.
2024-03-16 01:52:36.272 T:4895 debug : requested setting (playback_directplay) was not found.
2024-03-16 01:52:36.272 T:4895 debug : requested setting (playback_directplay_force) was not found.
2024-03-16 01:52:36.272 T:4895 debug : requested setting (playback_remux) was not found.
2024-03-16 01:52:36.272 T:4895 info : script.plex: API: DEBUG: buildDirectPlay()
2024-03-16 01:52:36.273 T:4895 info : script.plex: API: Constructed video item for playback: {'duration': 10261292, 'fullHD': True, 'streamQualities': ['SD'], 'frameRate': 24, 'subtitleConfig': {'TrackName': 'mkv/4'}, 'live': False, 'partIndex': 0, 'startOffset': 0, 'partDuration': 10261292, 'path': '/data/movies-4k/The Abyss (1989)/The.Abyss.1989.Special.Edition.REPACK.UHD.BluRay.2160p.TrueHD.Atmos.7.1.DV.HEVC.REMUX-FraMeSToR.mkv', 'size': 61583986930, 'sdBifPath': '/library/parts/97794/indexes/sd', 'hdBifPath': None, 'isRequestToServer': True, 'streamUrls': ['https://192-168-4-21.0ea8e66afe034a52b8064484ae0ea8b6.plex.direct:32400/library/parts/97794/1710309227/file.mkv?X-Plex-Token=i2sf5MYcxLkx3isVZ7Sk'], 'token': 'i2sf5MYcxLkx3isVZ7Sk', 'streamFormat': 'mkv', 'streamBitrates': [47943], 'isTranscoded': False, 'audioLanguageSelected': 'eng', 'prevObj': None, 'playStart': 0}
2024-03-16 01:52:36.273 T:4895 info : script.plex: API: DEBUG: buildTranscode()
2024-03-16 01:52:36.273 T:4895 info : script.plex: API: DEBUG: buildTranscodeMkv()
2024-03-16 01:52:36.274 T:4895 debug : requested setting (audio_clamp_to_orig) was not found.
2024-03-16 01:52:36.274 T:4895 debug : requested setting (audio_channels_kodi) was not found.
2024-03-16 01:52:36.274 T:4895 debug : requested setting (audio_force_ac3_cond) was not found.
2024-03-16 01:52:36.274 T:4895 debug : requested setting (audio_ac3dts) was not found.
2024-03-16 01:52:36.274 T:4895 debug : requested setting (burn_ssa) was not found.
2024-03-16 01:52:36.275 T:4895 info : script.plex: API: MDE-prep: enabling codecs: eac3,ac3,dca,aac,mp3,mp2,pcm,flac,alac,wmav2,wmapro,wmavoice,opus,vorbis,truehd
2024-03-16 01:52:36.275 T:4895 info : script.plex: API: MDE-prep: settings: clampOrig: True, kodiAudio: False, forceAC3: False, dtsIsAC3: True
2024-03-16 01:52:36.275 T:4895 info : script.plex: API: MDE-prep: limiting TRUEHD to 4118 kbit
2024-03-16 01:52:36.275 T:4895 info : script.plex: API: MDE-prep: limiting OPUS bitrate to 334 kbit
2024-03-16 01:52:36.275 T:4895 info : script.plex: API: MDE-prep: limiting AC3 to 640 kbit
2024-03-16 01:52:36.275 T:4895 info : script.plex: API: MDE-prep: limiting audio channels to 8
2024-03-16 01:52:36.275 T:4895 debug : requested setting (allow_hevc) was not found.
2024-03-16 01:52:36.275 T:4895 debug : requested setting (allow_av1) was not found.
2024-03-16 01:52:36.275 T:4895 debug : requested setting (allow_vc1) was not found.
2024-03-16 01:52:36.276 T:4895 debug : requested setting (local_quality) was not found.
2024-03-16 01:52:36.276 T:4895 debug : requested setting (allow_4k) was not found.
2024-03-16 01:52:36.276 T:4895 debug : requested setting (h264_level) was not found.
2024-03-16 01:52:36.278 T:4868 debug : ffmpeg[0x27c5570]: [image2] Custom AVIOContext makes no sense and will be ignored with AVFMT_NOFILE format.
2024-03-16 01:52:36.283 T:4895 debug : requested setting (remotecontrol) was not found.
2024-03-16 01:52:36.308 T:4895 info : script.plex: API: Starting request: GET https://192-168-4-21.0ea8e66afe034a52b8064484ae0ea8b6.plex.direct:32400/video/:/transcode/universal/decision?X-Plex-Token=****&protocol=http©ts=1&X-Plex-Client-Profile-Name=Generic&path=%2Flibrary%2Fmetadata%2F75151&offset=0&session=a2209130-bbc8-4367-9bdf-ed7b89ef54de&directStream=1&directPlay=1&videoQuality=100&videoResolution=3840x2160&maxVideoBitrate=0&mediaIndex=0&partIndex=0&X-Plex-Client-Profile-Extra=add-transcode-target%28type%3DvideoProfile%26videoCodec%3Dh264%2Cmpeg1video%2Cmpeg2video%2Cmpeg4%2Cmsmpeg4v2%2Cmsmpeg4v3%2Cwmv3%26container%3Dmkv%26audioCodec%3Deac3%2Cac3%2Cdca%2Caac%2Cmp3%2Cmp2%2Cpcm%2Cflac%2Calac%2Cwmav2%2Cwmapro%2Cwmavoice%2Copus%2Cvorbis%2Ctruehd%26subtitleCodec%3Dsrt%2Cssa%2Cass%2Cmov_text%2Ctx3g%2Cttxt%2Ctext%2Cpgs%2Cvobsub%2Csmi%2Csubrip%2Ceia_608_embedded%2Ceia_708_embedded%2Cdvb_subtitle%2Cwebvtt%26protocol%3Dhttp%26context%3Dstreaming%29%2Badd-limitation%28scope%3DvideoAudioCodec%26scopeName%3Dtruehd%26type%3DupperBound%26name%3Daudio.bitrate%26value%3D4118%29%2Badd-limitation%28scope%3DvideoAudioCodec%26scopeName%3Dopus%26type%3DupperBound%26name%3Daudio.bitrate%26value%3D334%26isRequired%3Dfalse%29%2Badd-limitation%28scope%3DvideoAudioCodec%26scopeName%3Dac3%26type%3DupperBound%26name%3Daudio.bitrate%26value%3D640%29%2Badd-limitation%28scope%3DvideoAudioCodec%26scopeName%3D%2A%26type%3DupperBound%26name%3Daudio.channels%26value%3D8%29%2Bappend-transcode-target-codec%28type%3DvideoProfile%26context%3Dstreaming%26container%3Dmkv%26protocol%3Dhttp%26videoCodec%3Dhevc%29%2Bappend-transcode-target-codec%28type%3DvideoProfile%26context%3Dstreaming%26container%3Dmkv%26protocol%3Dhttp%26videoCodec%3Dvp9%29%2Bappend-transcode-target-codec%28type%3DvideoProfile%26context%3Dstreaming%26container%3Dmkv%26protocol%3Dhttp%26videoCodec%3Dvc1%29&location=lan&subtitles=sidecar&mediaBufferSize=20480&hasMDE=1&X-Plex-Client-Profile-Name=Generic&X-Plex-Token=**** (async=False timeout=10)
2024-03-16 01:52:36.474 T:4895 info : script.plex: API: Got a 200 from https://192-168-4-21.0ea8e66afe034a52b8064484ae0ea8b6.plex.direct:32400/video/:/transcode/universal/decision?X-Plex-Token=****&protocol=http©ts=1&X-Plex-Client-Profile-Name=Generic&path=%2Flibrary%2Fmetadata%2F75151&offset=0&session=a2209130-bbc8-4367-9bdf-ed7b89ef54de&directStream=1&directPlay=1&videoQuality=100&videoResolution=3840x2160&maxVideoBitrate=0&mediaIndex=0&partIndex=0&X-Plex-Client-Profile-Extra=add-transcode-target%28type%3DvideoProfile%26videoCodec%3Dh264%2Cmpeg1video%2Cmpeg2video%2Cmpeg4%2Cmsmpeg4v2%2Cmsmpeg4v3%2Cwmv3%26container%3Dmkv%26audioCodec%3Deac3%2Cac3%2Cdca%2Caac%2Cmp3%2Cmp2%2Cpcm%2Cflac%2Calac%2Cwmav2%2Cwmapro%2Cwmavoice%2Copus%2Cvorbis%2Ctruehd%26subtitleCodec%3Dsrt%2Cssa%2Cass%2Cmov_text%2Ctx3g%2Cttxt%2Ctext%2Cpgs%2Cvobsub%2Csmi%2Csubrip%2Ceia_608_embedded%2Ceia_708_embedded%2Cdvb_subtitle%2Cwebvtt%26protocol%3Dhttp%26context%3Dstreaming%29%2Badd-limitation%28scope%3DvideoAudioCodec%26scopeName%3Dtruehd%26type%3DupperBound%26name%3Daudio.bitrate%26value%3D4118%29%2Badd-limitation%28scope%3DvideoAudioCodec%26scopeName%3Dopus%26type%3DupperBound%26name%3Daudio.bitrate%26value%3D334%26isRequired%3Dfalse%29%2Badd-limitation%28scope%3DvideoAudioCodec%26scopeName%3Dac3%26type%3DupperBound%26name%3Daudio.bitrate%26value%3D640%29%2Badd-limitation%28scope%3DvideoAudioCodec%26scopeName%3D%2A%26type%3DupperBound%26name%3Daudio.channels%26value%3D8%29%2Bappend-transcode-target-codec%28type%3DvideoProfile%26context%3Dstreaming%26container%3Dmkv%26protocol%3Dhttp%26videoCodec%3Dhevc%29%2Bappend-transcode-target-codec%28type%3DvideoProfile%26context%3Dstreaming%26container%3Dmkv%26protocol%3Dhttp%26videoCodec%3Dvp9%29%2Bappend-transcode-target-codec%28type%3DvideoProfile%26context%3Dstreaming%26container%3Dmkv%26protocol%3Dhttp%26videoCodec%3Dvc1%29&location=lan&subtitles=sidecar&mediaBufferSize=20480&hasMDE=1&X-Plex-Client-Profile-Name=Generic&X-Plex-Token=****
2024-03-16 01:52:36.516 T:4895 info : script.plex: API: Choice media: 4K, DV P7, TrueHD Atmos, 47.9 Mbps container=mkv videoCodec=hevc audioCodec=truehd audioChannels=8 id=95882 part:0
2024-03-16 01:52:36.558 T:4895 info : script.plex: API: Choice videoStream:
2024-03-16 01:52:36.600 T:4895 info : script.plex: API: Choice audioStream:
2024-03-16 01:52:36.600 T:4895 info : script.plex: API: Choice subtitleStream:
2024-03-16 01:52:36.645 T:4895 info : script.plex: API: DEBUG: Decision codes: {'directPlayDecision': -1, 'generalDecision': -1, 'mdeDecision': 1000, 'transcodeDecision': -1, 'termination': -1}
2024-03-16 01:52:36.645 T:4895 info : script.plex: API: MDE: Server was happy with client's original decision. Direct play OK.
2024-03-16 01:52:36.645 T:4895 info : script.plex: Playing URL(+0ms): https://192-168-4-21.0ea8e66afe034a52b8064484ae0ea8b6.plex.direct:32400/library/parts/97794/1710309227/?X-Plex-Token=**** - indexed
2024-03-16 01:52:36.652 T:4895 debug : requested setting (played_threshold) was not found.
2024-03-16 01:52:36.654 T:4895 debug : requested setting (player_stop_on_idle) was not found.
2024-03-16 01:52:36.683 T:4895 info : script.plex: SeekDialog: setup, keepMarkerDef=False
2024-03-16 01:52:36.684 T:4895 debug : requested setting (show_chapters.55297929) was not found.
2024-03-16 01:52:36.688 T:4895 debug : requested setting (video_show_playlist) was not found.
2024-03-16 01:52:36.689 T:4895 debug : requested setting (video_show_prevnext) was not found.
2024-03-16 01:52:36.725 T:4895 warning : Setting most video properties through ListItem.setInfo() is deprecated and might be removed in future Kodi versions. Please use the respective setter in InfoTagVideo.
2024-03-16 01:52:36.823 T:4823 debug : CCurlFile::GetMimeType - -> video/x-matroska
2024-03-16 01:52:36.828 T:4823 debug : CPlayerCoreFactory::GetPlayers(https://192-168-4-21.0ea8e66afe034a52b8064484ae0ea8b6.plex.direct:32400/library/parts/97794/1710309227/?X-Plex-Token=i2sf5MYcxLkx3isVZ7Sk&X-Plex-Client-Profile-Name=Generic&X-Plex-Client-Identifier=a2209130-bbc8-4367-9bdf-ed7b89ef54de)
2024-03-16 01:52:36.828 T:4823 debug : CPlayerSelectionRule::GetPlayers: considering rule: system rules
2024-03-16 01:52:36.828 T:4823 debug : CPlayerSelectionRule::GetPlayers: matches rule: system rules
2024-03-16 01:52:36.828 T:4823 debug : CPlayerSelectionRule::GetPlayers: considering rule: mms/udp
2024-03-16 01:52:36.828 T:4823 debug : CPlayerSelectionRule::GetPlayers: considering rule: lastfm/shout
2024-03-16 01:52:36.828 T:4823 debug : CPlayerSelectionRule::GetPlayers: considering rule: rtmp
2024-03-16 01:52:36.828 T:4823 debug : CPlayerSelectionRule::GetPlayers: considering rule: rtsp
2024-03-16 01:52:36.828 T:4823 debug : CPlayerSelectionRule::GetPlayers: considering rule: streams
2024-03-16 01:52:36.828 T:4823 debug : CPlayerSelectionRule::GetPlayers: matches rule: streams
2024-03-16 01:52:36.828 T:4823 debug : CPlayerSelectionRule::GetPlayers: considering rule: aacp/sdp
2024-03-16 01:52:36.828 T:4823 debug : CPlayerSelectionRule::GetPlayers: considering rule: mp2
2024-03-16 01:52:36.828 T:4823 debug : CPlayerSelectionRule::GetPlayers: considering rule: dvd
2024-03-16 01:52:36.828 T:4823 debug : CPlayerSelectionRule::GetPlayers: considering rule: discimage
2024-03-16 01:52:36.828 T:4823 debug : CPlayerSelectionRule::GetPlayers: considering rule: sdp/asf
2024-03-16 01:52:36.828 T:4823 debug : CPlayerSelectionRule::GetPlayers: considering rule: nsv
2024-03-16 01:52:36.828 T:4823 debug : CPlayerSelectionRule::GetPlayers: considering rule: radio
2024-03-16 01:52:36.828 T:4823 debug : CPlayerCoreFactory::GetPlayers: matched 0 rules with players
2024-03-16 01:52:36.828 T:4823 debug : CPlayerCoreFactory::GetPlayers: adding videodefaultplayer (VideoPlayer)
2024-03-16 01:52:36.828 T:4823 debug : CPlayerCoreFactory::GetPlayers: for video=true, audio=false
2024-03-16 01:52:36.828 T:4823 debug : CPlayerCoreFactory::GetPlayers: for video=true, audio=true
2024-03-16 01:52:36.828 T:4823 debug : CPlayerCoreFactory::GetPlayers: added 1 players
2024-03-16 01:52:36.829 T:4823 debug : Radio UECP (RDS) Processor - new CDVDRadioRDSData
2024-03-16 01:52:36.829 T:4823 debug : Audio ID3 tag processor - new CVideoPlayerAudioID3
2024-03-16 01:52:36.829 T:4823 info : VideoPlayer::OpenFile: https://192-168-4-21.0ea8e66afe034a52b8064484ae0ea8b6.plex.direct:32400/library/parts/97794/1710309227/?X-Plex-Token=i2sf5MYcxLkx3isVZ7Sk&X-Plex-Client-Profile-Name=Generic&X-Plex-Client-Identifier=a2209130-bbc8-4367-9bdf-ed7b89ef54de
2024-03-16 01:52:36.830 T:5072 debug : Thread VideoPlayer start, auto delete: false
2024-03-16 01:52:36.830 T:4823 debug : OnPlayBackStarted: CApplication::OnPlayBackStarted
2024-03-16 01:52:36.843 T:5072 debug : CCurlFile::GetMimeType - -> video/x-matroska
2024-03-16 01:52:36.844 T:5072 info : Creating InputStream
2024-03-16 01:52:36.844 T:5072 debug : CurlFile::Open -
2024-03-16 01:52:36.850 T:4823 debug : CVideoGUIInfo::InitCurrentItem(https://192-168-4-21.0ea8e66afe034a52b8064484ae0ea8b6.plex.direct:32400/library/parts/97794/1710309227/?X-Plex-Token=i2sf5MYcxLkx3isVZ7Sk&X-Plex-Client-Profile-Name=Generic&X-Plex-Client-Identifier=a2209130-bbc8-4367-9bdf-ed7b89ef54de)
2024-03-16 01:52:36.850 T:4823 debug : CPlayerGUIInfo::InitCurrentItem(https://192-168-4-21.0ea8e66afe034a52b8064484ae0ea8b6.plex.direct:32400/library/parts/97794/1710309227/?X-Plex-Token=i2sf5MYcxLkx3isVZ7Sk&X-Plex-Client-Profile-Name=Generic&X-Plex-Client-Identifier=a2209130-bbc8-4367-9bdf-ed7b89ef54de)
2024-03-16 01:52:36.858 T:4975 debug : Loading settings for https://192-168-4-21.0ea8e66afe034a52b8064484ae0ea8b6.plex.direct:32400/library/parts/97794/1710309227/?X-Plex-Token=i2sf5MYcxLkx3isVZ7Sk&X-Plex-Client-Profile-Name=Generic&X-Plex-Client-Identifier=a2209130-bbc8-4367-9bdf-ed7b89ef54de
2024-03-16 01:52:36.863 T:5072 debug : CFileCache::Open - opening
2024-03-16 01:52:36.863 T:5072 debug : CurlFile::Open -
2024-03-16 01:52:36.951 T:4823 debug : ------ Window Init (DialogBusy.xml) ------
2024-03-16 01:52:36.953 T:4916 info : script.plex: Monitoring pre-play...
2024-03-16 01:52:36.953 T:4895 info : script.plex: Player - STARTED
2024-03-16 01:52:36.953 T:4916 info : script.plex: Player - PRE-PLAY; handler:
2024-03-16 01:52:36.953 T:4895 info : script.plex: SeekHandler: onPlayBackStarted, DP: True
2024-03-16 01:52:36.953 T:4916 info : script.plex: SeekHandler: onPrePlayStarted, DP: True
2024-03-16 01:52:36.954 T:4916 debug : requested setting (forced_subtitles_override) was not found.
2024-03-16 01:52:36.954 T:4895 info : script.plex: UpdateNowPlaying: force: True refreshQueue: True state: None overrideChecks: False time: None
2024-03-16 01:52:36.954 T:4916 info : script.plex: Enabling embedded subtitles at: 0 (English (SDH) (PGS))
2024-03-16 01:52:36.956 T:4895 debug : requested setting (remotecontrol) was not found.
2024-03-16 01:52:36.963 T:5072 debug : CFileCache::Open - source chunk size is 0, setting cache chunk size to 131072
2024-03-16 01:52:36.963 T:5072 debug : CFileCache::Open - using double memory cache each sized 10485760 bytes
2024-03-16 01:52:36.963 T:4895 info : script.plex: SeekDialog: OnPlaybackStarted
2024-03-16 01:52:36.964 T:4895 debug : requested setting (forced_subtitles_override) was not found.
2024-03-16 01:52:36.964 T:4895 info : script.plex: Enabling embedded subtitles at: 0 (English (SDH) (PGS))
2024-03-16 01:52:36.964 T:4895 info : script.plex: Notification: xbmc Info.OnChanged null
2024-03-16 01:52:36.964 T:4895 info : script.plex: Notification: xbmc Player.OnPlay {"item":{"title":"The Abyss","type":"movie"},"player":{"playerid":-1,"speed":1}}
2024-03-16 01:52:36.964 T:5073 info : script.plex: API: Starting request: GET https://192-168-4-21.0ea8e66afe034a52b8064484ae0ea8b6.plex.direct:32400/:/timeline?duration=10261292&state=playing&guid=plex%3A//movie/5d77682c8718ba001e31296e&ratingKey=75151&key=/library/metadata/75151&containerKey=/library/sections/11/all%3FincludeCollections%3D1%26sort%3DtitleSort%253Aasc%26X-Plex-Container-Size%3D240%26X-Plex-Container-Start%3D0&X-Plex-Token=**** (async=True timeout=5.0(5.0))
2024-03-16 01:52:36.972 T:5074 debug : Thread FileCache start, auto delete: false
2024-03-16 01:52:36.973 T:5072 info : Creating Demuxer
2024-03-16 01:52:36.974 T:5072 debug : Open - probing detected format [matroska,webm]
2024-03-16 01:52:36.975 T:5074 debug : CurlFile::CReadState::Connect - (0xe25c3138) Resume from position 61583855858
2024-03-16 01:52:36.989 T:5074 debug : CDoubleCache::Reset - (0xceb1e040) Cache miss for 61583855858 with new=0-0 and old=0-32768
2024-03-16 01:52:36.990 T:5074 debug : CFileCache::Process - cache completely reset for seek to position 61583855858
2024-03-16 01:52:36.990 T:5072 debug : CFileCache::Seek - waiting for position 61583984837
2024-03-16 01:52:36.999 T:5072 debug : Open - avformat_find_stream_info starting
2024-03-16 01:52:37.079 T:5072 debug : ffmpeg[0x3adbcb0]: [matroska,webm] Could not find codec parameters for stream 3 (Subtitle: hdmv_pgs_subtitle (pgssub)): unspecified size
2024-03-16 01:52:37.079 T:5072 debug : ffmpeg[0x3adbcb0]: [matroska,webm] Consider increasing the value for the 'analyzeduration' (0) and 'probesize' (5000000) options
2024-03-16 01:52:37.079 T:5072 debug : ffmpeg[0x3adbcb0]: [matroska,webm] Could not find codec parameters for stream 4 (Subtitle: hdmv_pgs_subtitle (pgssub)): unspecified size
2024-03-16 01:52:37.079 T:5072 debug : ffmpeg[0x3adbcb0]: [matroska,webm] Consider increasing the value for the 'analyzeduration' (0) and 'probesize' (5000000) options
2024-03-16 01:52:37.080 T:5072 debug : ffmpeg[0x3adbcb0]: [matroska,webm] Could not find codec parameters for stream 5 (Subtitle: hdmv_pgs_subtitle (pgssub)): unspecified size
2024-03-16 01:52:37.080 T:5072 debug : ffmpeg[0x3adbcb0]: [matroska,webm] Consider increasing the value for the 'analyzeduration' (0) and 'probesize' (5000000) options
2024-03-16 01:52:37.080 T:5072 debug : Open - av_find_stream_info finished
2024-03-16 01:52:37.080 T:5072 info : ffmpeg[0x3adbcb0]: Input #0, matroska,webm, from 'https://192-168-4-21.0ea8e66afe034a52b8064484ae0ea8b6.plex.direct:32400/library/parts/97794/1710309227/?X-Plex-Token=i2sf5MYcxLkx3isVZ7Sk&X-Plex-Client-Profile-Name=Generic&X-Plex-Client-Identifier=a2209130-bbc8-4367-9bdf-ed7b89ef54de':
2024-03-16 01:52:37.080 T:5072 info : ffmpeg[0x3adbcb0]: Metadata:
2024-03-16 01:52:37.080 T:5072 info : ffmpeg[0x3adbcb0]: title : The Abyss (1989) Special Edition
2024-03-16 01:52:37.080 T:5072 info : ffmpeg[0x3adbcb0]: encoder : libebml v1.4.5 + libmatroska v1.7.1
2024-03-16 01:52:37.080 T:5072 info : ffmpeg[0x3adbcb0]: creation_time :
2024-03-13T03:48:40.000000Z
2024-03-16 01:52:37.080 T:5072 info : ffmpeg[0x3adbcb0]: IMDB : tt0096754
2024-03-16 01:52:37.080 T:5072 info : ffmpeg[0x3adbcb0]: TMDB : movie/2756
2024-03-16 01:52:37.080 T:5072 info : ffmpeg[0x3adbcb0]: Duration: 02:51:01.29, start: 0.000000, bitrate: 48012 kb/s
2024-03-16 01:52:37.080 T:5072 info : ffmpeg[0x3adbcb0]: Chapters:
2024-03-16 01:52:37.080 T:5072 info : ffmpeg[0x3adbcb0]: Chapter #0:0: start 0.000000, end 57.641000
2024-03-16 01:52:37.080 T:5072 info : ffmpeg[0x3adbcb0]: Metadata:
2024-03-16 01:52:37.080 T:5072 info : ffmpeg[0x3adbcb0]: title : The Abyss
2024-03-16 01:52:37.080 T:5072 info : ffmpeg[0x3adbcb0]: Chapter #0:1: start 57.641000, end 315.065000
2024-03-16 01:52:37.080 T:5072 info : ffmpeg[0x3adbcb0]: Metadata:
2024-03-16 01:52:37.080 T:5072 info : ffmpeg[0x3adbcb0]: title : Sinking of the Montana
2024-03-16 01:52:37.080 T:5072 info : ffmpeg[0x3adbcb0]: Chapter #0:2: start 315.065000, end 430.221000
2024-03-16 01:52:37.080 T:5072 info : ffmpeg[0x3adbcb0]: Metadata:
2024-03-16 01:52:37.080 T:5072 info : ffmpeg[0x3adbcb0]: title : Arrivals (Benthic Explorer)
2024-03-16 01:52:37.080 T:5072 info : ffmpeg[0x3adbcb0]: Chapter #0:3: start 430.221000, end 641.766000
2024-03-16 01:52:37.080 T:5072 info : ffmpeg[0x3adbcb0]: Metadata:
2024-03-16 01:52:37.080 T:5072 info : ffmpeg[0x3adbcb0]: title : Deepcore
2024-03-16 01:52:37.080 T:5072 info : ffmpeg[0x3adbcb0]: Chapter #0:4: start 641.766000, end 741.949000
2024-03-16 01:52:37.080 T:5072 info : ffmpeg[0x3adbcb0]: Metadata:
2024-03-16 01:52:37.080 T:5072 info : ffmpeg[0x3adbcb0]: title : Briefing
2024-03-16 01:52:37.080 T:5072 info : ffmpeg[0x3adbcb0]: Chapter #0:5: start 741.949000, end 907.365000
2024-03-16 01:52:37.080 T:5072 info : ffmpeg[0x3adbcb0]: Metadata:
2024-03-16 01:52:37.080 T:5072 info : ffmpeg[0x3adbcb0]: title : "Virgil, You Wiener"
2024-03-16 01:52:37.080 T:5072 info : ffmpeg[0x3adbcb0]: Chapter #0:6: start 907.365000, end 1023.105000
2024-03-16 01:52:37.080 T:5072 info : ffmpeg[0x3adbcb0]: Metadata:
2024-03-16 01:52:37.080 T:5072 info : ffmpeg[0x3adbcb0]: title : "Willing"
2024-03-16 01:52:37.080 T:5072 info : ffmpeg[0x3adbcb0]: Chapter #0:7: start 1023.105000, end 1184.099000
2024-03-16 01:52:37.080 T:5072 info : ffmpeg[0x3adbcb0]: Metadata:
2024-03-16 01:52:37.080 T:5072 info : ffmpeg[0x3adbcb0]: title : Blowing Down
2024-03-16 01:52:37.080 T:5072 info : ffmpeg[0x3adbcb0]: Chapter #0:8: start 1184.099000, end 1308.891000
2024-03-16 01:52:37.080 T:5072 info : ffmpeg[0x3adbcb0]: Metadata:
2024-03-16 01:52:37.080 T:5072 info : ffmpeg[0x3adbcb0]: title : "You Need Me"
2024-03-16 01:52:37.080 T:5072 info : ffmpeg[0x3adbcb0]: Chapter #0:9: start 1308.891000, end 1459.374000
2024-03-16 01:52:37.080 T:5072 info : ffmpeg[0x3adbcb0]: Metadata:
2024-03-16 01:52:37.080 T:5072 info : ffmpeg[0x3adbcb0]: title : The Ring
2024-03-16 01:52:37.080 T:5072 info : ffmpeg[0x3adbcb0]: Chapter #0:10: start 1459.374000, end 1587.711000
2024-03-16 01:52:37.080 T:5072 info : ffmpeg[0x3adbcb0]: Metadata:
2024-03-16 01:52:37.080 T:5072 info : ffmpeg[0x3adbcb0]: title : Dive Briefing
2024-03-16 01:52:37.080 T:5072 info : ffmpeg[0x3adbcb0]: Chapter #0:11: start 1587.711000, end 1699.281000
2024-03-16 01:52:37.080 T:5072 info : ffmpeg[0x3adbcb0]: Metadata:
2024-03-16 01:52:37.080 T:5072 info : ffmpeg[0x3adbcb0]: title : Fluid Breathing (Beany Dip)
2024-03-16 01:52:37.080 T:5072 info : ffmpeg[0x3adbcb0]: Chapter #0:12: start 1699.281000, end 2033.114000
2024-03-16 01:52:37.080 T:5072 info : ffmpeg[0x3adbcb0]: Metadata:
2024-03-16 01:52:37.080 T:5072 info : ffmpeg[0x3adbcb0]: title : "Two and A Half Miles"
2024-03-16 01:52:37.080 T:5072 info : ffmpeg[0x3adbcb0]: Chapter #0:13: start 2033.114000, end 2277.358000
2024-03-16 01:52:37.080 T:5072 info : ffmpeg[0x3adbcb0]: Metadata:
2024-03-16 01:52:37.080 T:5072 info : ffmpeg[0x3adbcb0]: title : Search the Montana
2024-03-16 01:52:37.080 T:5072 info : ffmpeg[0x3adbcb0]: Chapter #0:14: start 2277.358000, end 2592.798000
2024-03-16 01:52:37.080 T:5072 info : ffmpeg[0x3adbcb0]: Metadata:
2024-03-16 01:52:37.081 T:5072 info : ffmpeg[0x3adbcb0]: title : Missile Compartment
2024-03-16 01:52:37.081 T:5072 info : ffmpeg[0x3adbcb0]: Chapter #0:15: start 2592.798000, end 2758.297000
2024-03-16 01:52:37.081 T:5072 info : ffmpeg[0x3adbcb0]: Metadata:
2024-03-16 01:52:37.081 T:5072 info : ffmpeg[0x3adbcb0]: title : Seeing Things
2024-03-16 01:52:37.081 T:5072 info : ffmpeg[0x3adbcb0]: Chapter #0:16: start 2758.297000, end 2898.270000
2024-03-16 01:52:37.081 T:5072 info : ffmpeg[0x3adbcb0]: Metadata:
2024-03-16 01:52:37.081 T:5072 info : ffmpeg[0x3adbcb0]: title : Newscast
2024-03-16 01:52:37.081 T:5072 info : ffmpeg[0x3adbcb0]: Chapter #0:17: start 2898.270000, end 3084.623000
2024-03-16 01:52:37.081 T:5072 info : ffmpeg[0x3adbcb0]: Metadata:
2024-03-16 01:52:37.081 T:5072 info : ffmpeg[0x3adbcb0]: title : MIRV Recovery
2024-03-16 01:52:37.081 T:5072 info : ffmpeg[0x3adbcb0]: Chapter #0:18: start 3084.623000, end 3342.339000
2024-03-16 01:52:37.081 T:5072 info : ffmpeg[0x3adbcb0]: Metadata:
2024-03-16 01:52:37.081 T:5072 info : ffmpeg[0x3adbcb0]: title : The Crane
2024-03-16 01:52:37.081 T:5072 info : ffmpeg[0x3adbcb0]: Chapter #0:19: start 3342.339000, end 3529.818000
2024-03-16 01:52:37.081 T:5072 info : ffmpeg[0x3adbcb0]: Metadata:
2024-03-16 01:52:37.081 T:5072 info : ffmpeg[0x3adbcb0]: title : What A Drag
2024-03-16 01:52:37.081 T:5072 info : ffmpeg[0x3adbcb0]: Chapter #0:20: start 3529.818000, end 3674.003000
2024-03-16 01:52:37.081 T:5072 info : ffmpeg[0x3adbcb0]: Metadata:
2024-03-16 01:52:37.081 T:5072 info : ffmpeg[0x3adbcb0]: title : Flooding
2024-03-16 01:52:37.081 T:5072 info : ffmpeg[0x3adbcb0]: Chapter #0:21: start 3674.003000, end 3883.296000
2024-03-16 01:52:37.081 T:5072 info : ffmpeg[0x3adbcb0]: Metadata:
2024-03-16 01:52:37.081 T:5072 info : ffmpeg[0x3adbcb0]: title : Cut Off From Above
2024-03-16 01:52:37.081 T:5072 info : ffmpeg[0x3adbcb0]: Chapter #0:22: start 3883.296000, end 3958.621000
2024-03-16 01:52:37.081 T:5072 info : ffmpeg[0x3adbcb0]: Metadata:
2024-03-16 01:52:37.081 T:5072 info : ffmpeg[0x3adbcb0]: title : Surveying the Damage
2024-03-16 01:52:37.081 T:5072 info : ffmpeg[0x3adbcb0]: Chapter #0:23: start 3958.621000, end 4067.730000
2024-03-16 01:52:37.081 T:5072 info : ffmpeg[0x3adbcb0]: Metadata:
2024-03-16 01:52:37.081 T:5072 info : ffmpeg[0x3adbcb0]: title : Left Behind
2024-03-16 01:52:37.081 T:5072 info : ffmpeg[0x3adbcb0]: Chapter #0:24: start 4067.730000, end 4331.243000
2024-03-16 01:52:37.081 T:5072 info : ffmpeg[0x3adbcb0]: Metadata:
2024-03-16 01:52:37.081 T:5072 info : ffmpeg[0x3adbcb0]: title : A Dance of Light
2024-03-16 01:52:37.081 T:5072 info : ffmpeg[0x3adbcb0]: Chapter #0:25: start 4331.243000, end 4541.954000
2024-03-16 01:52:37.081 T:5072 info : ffmpeg[0x3adbcb0]: Metadata:
2024-03-16 01:52:37.081 T:5072 info : ffmpeg[0x3adbcb0]: title : "Something Not Us"
2024-03-16 01:52:37.081 T:5072 info : ffmpeg[0x3adbcb0]: Chapter #0:26: start 4541.954000, end 4659.279000
2024-03-16 01:52:37.081 T:5072 info : ffmpeg[0x3adbcb0]: Metadata:
2024-03-16 01:52:37.081 T:5072 info : ffmpeg[0x3adbcb0]: title : Coffey Grinds
2024-03-16 01:52:37.081 T:5072 info : ffmpeg[0x3adbcb0]: Chapter #0:27: start 4659.279000, end 4762.174000
2024-03-16 01:52:37.081 T:5072 info : ffmpeg[0x3adbcb0]: Metadata:
2024-03-16 01:52:37.081 T:5072 info : ffmpeg[0x3adbcb0]: title : "Heeere's MIRV"
2024-03-16 01:52:37.081 T:5072 info : ffmpeg[0x3adbcb0]: Chapter #0:28: start 4762.174000, end 4985.730000
2024-03-16 01:52:37.081 T:5072 info : ffmpeg[0x3adbcb0]: Metadata:
2024-03-16 01:52:37.081 T:5072 info : ffmpeg[0x3adbcb0]: title : Some Huevos
2024-03-16 01:52:37.081 T:5072 info : ffmpeg[0x3adbcb0]: Chapter #0:29: start 4985.730000, end 5091.336000
2024-03-16 01:52:37.081 T:5072 info : ffmpeg[0x3adbcb0]: Metadata:
2024-03-16 01:52:37.081 T:5072 info : ffmpeg[0x3adbcb0]: title : "We Could Get Lucky"
2024-03-16 01:52:37.081 T:5072 info : ffmpeg[0x3adbcb0]: Chapter #0:30: start 5091.336000, end 5433.636000
2024-03-16 01:52:37.081 T:5072 info : ffmpeg[0x3adbcb0]: Metadata:
2024-03-16 01:52:37.081 T:5072 info : ffmpeg[0x3adbcb0]: title : Pseudopod
2024-03-16 01:52:37.081 T:5072 info : ffmpeg[0x3adbcb0]: Chapter #0:31: start 5433.636000, end 5581.867000
2024-03-16 01:52:37.081 T:5072 info : ffmpeg[0x3adbcb0]: Metadata:
2024-03-16 01:52:37.081 T:5072 info : ffmpeg[0x3adbcb0]: title : "Raise Your Hand"
2024-03-16 01:52:37.081 T:5072 info : ffmpeg[0x3adbcb0]: Chapter #0:32: start 5581.867000, end 5726.846000
2024-03-16 01:52:37.081 T:5072 info : ffmpeg[0x3adbcb0]: Metadata:
2024-03-16 01:52:37.081 T:5072 info : ffmpeg[0x3adbcb0]: title : Hippy's Discovery
2024-03-16 01:52:37.081 T:5072 info : ffmpeg[0x3adbcb0]: Chapter #0:33: start 5726.846000, end 5942.895000
2024-03-16 01:52:37.081 T:5072 info : ffmpeg[0x3adbcb0]: Metadata:
2024-03-16 01:52:37.081 T:5072 info : ffmpeg[0x3adbcb0]: title : Phase Three
2024-03-16 01:52:37.081 T:5072 info : ffmpeg[0x3adbcb0]: Chapter #0:34: start 5942.895000, end 6092.169000
2024-03-16 01:52:37.081 T:5072 info : ffmpeg[0x3adbcb0]: Metadata:
2024-03-16 01:52:37.081 T:5072 info : ffmpeg[0x3adbcb0]: title : Free Swim
2024-03-16 01:52:37.081 T:5072 info : ffmpeg[0x3adbcb0]: Chapter #0:35: start 6092.169000, end 6418.036000
2024-03-16 01:52:37.081 T:5072 info : ffmpeg[0x3adbcb0]: Metadata:
2024-03-16 01:52:37.081 T:5072 info : ffmpeg[0x3adbcb0]: title : Bud vs. Coffey
2024-03-16 01:52:37.081 T:5072 info : ffmpeg[0x3adbcb0]: Chapter #0:36: start 6418.036000, end 6588.665000
2024-03-16 01:52:37.081 T:5072 info : ffmpeg[0x3adbcb0]: Metadata:
2024-03-16 01:52:37.081 T:5072 info : ffmpeg[0x3adbcb0]: title : Launching Geek
2024-03-16 01:52:37.081 T:5072 info : ffmpeg[0x3adbcb0]: Chapter #0:37: start 6588.665000, end 6860.186000
2024-03-16 01:52:37.081 T:5072 info : ffmpeg[0x3adbcb0]: Metadata:
2024-03-16 01:52:37.081 T:5072 info : ffmpeg[0x3adbcb0]: title : Sub Chase
2024-03-16 01:52:37.081 T:5072 info : ffmpeg[0x3adbcb0]: Chapter #0:38: start 6860.186000, end 7247.031000
2024-03-16 01:52:37.081 T:5072 info : ffmpeg[0x3adbcb0]: Metadata:
2024-03-16 01:52:37.081 T:5072 info : ffmpeg[0x3adbcb0]: title : Drowning
2024-03-16 01:52:37.081 T:5072 info : ffmpeg[0x3adbcb0]: Chapter #0:39: start 7247.031000, end 7634.585000
2024-03-16 01:52:37.081 T:5072 info : ffmpeg[0x3adbcb0]: Metadata:
2024-03-16 01:52:37.081 T:5072 info : ffmpeg[0x3adbcb0]: title : A Matter of Death and Life
2024-03-16 01:52:37.081 T:5072 info : ffmpeg[0x3adbcb0]: Chapter #0:40: start 7634.585000, end 7884.418000
2024-03-16 01:52:37.081 T:5072 info : ffmpeg[0x3adbcb0]: Metadata:
2024-03-16 01:52:37.081 T:5072 info : ffmpeg[0x3adbcb0]: title : Deep Suit
2024-03-16 01:52:37.081 T:5072 info : ffmpeg[0x3adbcb0]: Chapter #0:41: start 7884.418000, end 8206.656000
2024-03-16 01:52:37.081 T:5072 info : ffmpeg[0x3adbcb0]: Metadata:
2024-03-16 01:52:37.081 T:5072 info : ffmpeg[0x3adbcb0]: title : Descent
2024-03-16 01:52:37.081 T:5072 info : ffmpeg[0x3adbcb0]: Chapter #0:42: start 8206.656000, end 8402.310000
2024-03-16 01:52:37.081 T:5072 info : ffmpeg[0x3adbcb0]: Metadata:
2024-03-16 01:52:37.081 T:5072 info : ffmpeg[0x3adbcb0]: title : Candles
2024-03-16 01:52:37.081 T:5072 info : ffmpeg[0x3adbcb0]: Chapter #0:43: start 8402.310000, end 8652.727000
2024-03-16 01:52:37.081 T:5072 info : ffmpeg[0x3adbcb0]: Metadata:
2024-03-16 01:52:37.081 T:5072 info : ffmpeg[0x3adbcb0]: title : One-Way Ticket
2024-03-16 01:52:37.081 T:5072 info : ffmpeg[0x3adbcb0]: Chapter #0:44: start 8652.727000, end 8952.443000
2024-03-16 01:52:37.081 T:5072 info : ffmpeg[0x3adbcb0]: Metadata:
2024-03-16 01:52:37.081 T:5072 info : ffmpeg[0x3adbcb0]: title : Non-Terrestrial Intelligence
2024-03-16 01:52:37.081 T:5072 info : ffmpeg[0x3adbcb0]: Chapter #0:45: start 8952.443000, end 9137.878000
2024-03-16 01:52:37.081 T:5072 info : ffmpeg[0x3adbcb0]: Metadata:
2024-03-16 01:52:37.082 T:5072 info : ffmpeg[0x3adbcb0]: title : "How Do You Know?"
2024-03-16 01:52:37.082 T:5072 info : ffmpeg[0x3adbcb0]: Chapter #0:46: start 9137.878000, end 9264.505000
2024-03-16 01:52:37.082 T:5072 info : ffmpeg[0x3adbcb0]: Metadata:
2024-03-16 01:52:37.082 T:5072 info : ffmpeg[0x3adbcb0]: title : The Wave
2024-03-16 01:52:37.082 T:5072 info : ffmpeg[0x3adbcb0]: Chapter #0:47: start 9264.505000, end 9364.688000
2024-03-16 01:52:37.082 T:5072 info : ffmpeg[0x3adbcb0]: Metadata:
2024-03-16 01:52:37.082 T:5072 info : ffmpeg[0x3adbcb0]: title : "Why Didn't You?"
2024-03-16 01:52:37.082 T:5072 info : ffmpeg[0x3adbcb0]: Chapter #0:48: start 9364.688000, end 9393.800000
2024-03-16 01:52:37.082 T:5072 info : ffmpeg[0x3adbcb0]: Metadata:
2024-03-16 01:52:37.082 T:5072 info : ffmpeg[0x3adbcb0]: title : Moderately Poor Shape
2024-03-16 01:52:37.082 T:5072 info : ffmpeg[0x3adbcb0]: Chapter #0:49: start 9393.800000, end 9516.381000
2024-03-16 01:52:37.082 T:5072 info : ffmpeg[0x3adbcb0]: Metadata:
2024-03-16 01:52:37.082 T:5072 info : ffmpeg[0x3adbcb0]: title : Back On the Air
2024-03-16 01:52:37.082 T:5072 info : ffmpeg[0x3adbcb0]: Chapter #0:50: start 9516.381000, end 9672.495000
2024-03-16 01:52:37.082 T:5072 info : ffmpeg[0x3adbcb0]: Metadata:
2024-03-16 01:52:37.082 T:5072 info : ffmpeg[0x3adbcb0]: title : The Ark
2024-03-16 01:52:37.082 T:5072 info : ffmpeg[0x3adbcb0]: Chapter #0:51: start 9672.495000, end 9802.792000
2024-03-16 01:52:37.082 T:5072 info : ffmpeg[0x3adbcb0]: Metadata:
2024-03-16 01:52:37.082 T:5072 info : ffmpeg[0x3adbcb0]: title : "We Should Be Dead"
2024-03-16 01:52:37.082 T:5072 info : ffmpeg[0x3adbcb0]: Chapter #0:52: start 9802.792000, end 10261.293000
2024-03-16 01:52:37.082 T:5072 info : ffmpeg[0x3adbcb0]: Metadata:
2024-03-16 01:52:37.082 T:5072 info : ffmpeg[0x3adbcb0]: title : End Credits
2024-03-16 01:52:37.082 T:5072 info : ffmpeg[0x3adbcb0]: Stream #0:0: Video: hevc (Main 10), yuv420p10le(tv, bt2020nc/bt2020/smpte2084), 3840x2160 [SAR 1:1 DAR 16:9], 23.98 fps, 23.98 tbr, 1k tbn, 23.98 tbc (default)
2024-03-16 01:52:37.082 T:5072 info : ffmpeg[0x3adbcb0]: Metadata:
2024-03-16 01:52:37.082 T:5072 info : ffmpeg[0x3adbcb0]: BPS : 43097849
2024-03-16 01:52:37.082 T:5072 info : ffmpeg[0x3adbcb0]: DURATION : 02:51:01.293000000
2024-03-16 01:52:37.082 T:5072 info : ffmpeg[0x3adbcb0]: NUMBER_OF_FRAMES: 246025
2024-03-16 01:52:37.082 T:5072 info : ffmpeg[0x3adbcb0]: NUMBER_OF_BYTES : 55279957560
2024-03-16 01:52:37.082 T:5072 info : ffmpeg[0x3adbcb0]: _STATISTICS_WRITING_APP: mkvmerge v83.0.8 ('Circle Of Friends') 64-bit
2024-03-16 01:52:37.082 T:5072 info : ffmpeg[0x3adbcb0]: _STATISTICS_WRITING_DATE_UTC:
2024-03-13 03:48:40
2024-03-16 01:52:37.082 T:5072 info : ffmpeg[0x3adbcb0]: _STATISTICS_TAGS: BPS DURATION NUMBER_OF_FRAMES NUMBER_OF_BYTES
2024-03-16 01:52:37.082 T:5072 info : ffmpeg[0x3adbcb0]: Side data:
2024-03-16 01:52:37.082 T:5072 info : ffmpeg[0x3adbcb0]: DOVI configuration record: version: 1.0, profile: 7, level: 6, rpu flag: 1, el flag: 1, bl flag: 1, compatibility id: 6
2024-03-16 01:52:37.082 T:5072 info : ffmpeg[0x3adbcb0]: Stream #0:1(eng): Audio: truehd, 48000 Hz, 7.1, s32 (24 bit) (default) (original)
2024-03-16 01:52:37.082 T:5072 info : ffmpeg[0x3adbcb0]: Metadata:
2024-03-16 01:52:37.082 T:5072 info : ffmpeg[0x3adbcb0]: title : TrueHD Atmos 7.1
2024-03-16 01:52:37.082 T:5072 info : ffmpeg[0x3adbcb0]: BPS : 4118018
2024-03-16 01:52:37.082 T:5072 info : ffmpeg[0x3adbcb0]: DURATION : 02:51:01.252000000
2024-03-16 01:52:37.082 T:5072 info : ffmpeg[0x3adbcb0]: NUMBER_OF_FRAMES: 12313502
2024-03-16 01:52:37.082 T:5072 info : ffmpeg[0x3adbcb0]: NUMBER_OF_BYTES : 5282003014
2024-03-16 01:52:37.082 T:5072 info : ffmpeg[0x3adbcb0]: _STATISTICS_WRITING_APP: mkvmerge v83.0.8 ('Circle Of Friends') 64-bit
2024-03-16 01:52:37.082 T:5072 info : ffmpeg[0x3adbcb0]: _STATISTICS_WRITING_DATE_UTC:
2024-03-13 03:48:40
2024-03-16 01:52:37.082 T:5072 info : ffmpeg[0x3adbcb0]: _STATISTICS_TAGS: BPS DURATION NUMBER_OF_FRAMES NUMBER_OF_BYTES
2024-03-16 01:52:37.082 T:5072 info : ffmpeg[0x3adbcb0]: Stream #0:2(eng): Audio: ac3, 48000 Hz, 5.1(side), fltp, 640 kb/s (original)
2024-03-16 01:52:37.082 T:5072 info : ffmpeg[0x3adbcb0]: Metadata:
2024-03-16 01:52:37.082 T:5072 info : ffmpeg[0x3adbcb0]: title : AC-3 5.1
2024-03-16 01:52:37.082 T:5072 info : ffmpeg[0x3adbcb0]: BPS : 640000
2024-03-16 01:52:37.082 T:5072 info : ffmpeg[0x3adbcb0]: DURATION : 02:51:01.280000000
2024-03-16 01:52:37.082 T:5072 info : ffmpeg[0x3adbcb0]: NUMBER_OF_FRAMES: 320665
2024-03-16 01:52:37.082 T:5072 info : ffmpeg[0x3adbcb0]: NUMBER_OF_BYTES : 820902400
