2024-03-16 01:52:37.859 T:4895 info : Skipped 1 duplicate messages..
2024-03-16 01:52:37.859 T:4895 info : script.plex: SeekDialog: OnAVStarted: DPO: 0, offset: 0
2024-03-16 01:52:37.861 T:4895 info : script.plex: Embedded subtitle was correctly set in Kodi
2024-03-16 01:52:37.862 T:4895 info : script.plex: Notification: xbmc Player.OnAVChange {"item":{"title":"The Abyss","type":"movie"},"player":{"playerid":-1,"speed":1}}
2024-03-16 01:52:37.862 T:4916 info : script.plex: Audio track is correct index: 0
2024-03-16 01:52:37.863 T:4895 info : script.plex: SeekDialog: onFirstInit
2024-03-16 01:52:37.864 T:4895 debug : requested setting (subtitle_downloads) was not found.
2024-03-16 01:52:37.864 T:4895 debug : requested setting (video_show_repeat) was not found.
2024-03-16 01:52:37.864 T:4895 debug : requested setting (video_show_ffwdrwd) was not found.
2024-03-16 01:52:37.864 T:4895 debug : requested setting (video_show_shuffle) was not found.
2024-03-16 01:52:37.871 T:4895 debug : requested setting (virtual_chapters) was not found.
2024-03-16 01:52:37.908 T:5072 debug : CVideoPlayer::ProcessVideoData size:322699 dts:8.884 pts:9.009 dur:41.000ms, clock:0.012 level:67
2024-03-16 01:52:37.909 T:5072 debug : CVideoPlayer::ProcessVideoData size:124531 dts:8.926 pts:8.926 dur:41.000ms, clock:0.012 level:67
2024-03-16 01:52:37.909 T:5072 debug : CVideoPlayer::ProcessVideoData size:143644 dts:8.967 pts:8.967 dur:41.000ms, clock:0.012 level:68
2024-03-16 01:52:38.024 T:4895 info : script.plex: Player - AVChange
2024-03-16 01:52:38.024 T:4895 info : script.plex: SeekHandler: onAVChange
2024-03-16 01:52:38.024 T:4895 info : script.plex: SeekDialog: OnAVChange: DPO: 0, offset: 0
2024-03-16 01:52:38.024 T:4895 debug : requested setting (slow_connection) was not found.
2024-03-16 01:52:38.057 T:5072 debug : CVideoPlayer::ProcessVideoData size:319616 dts:9.009 pts:9.134 dur:41.000ms, clock:0.160 level:68
2024-03-16 01:52:38.058 T:5072 debug : CVideoPlayer::ProcessVideoData size:116333 dts:9.051 pts:9.051 dur:41.000ms, clock:0.161 level:69
2024-03-16 01:52:38.059 T:5072 debug : CVideoPlayer::ProcessVideoData size:122504 dts:9.092 pts:9.092 dur:41.000ms, clock:0.162 level:69
2024-03-16 01:52:38.167 T:5072 debug : CVideoPlayer::ProcessVideoData size:316178 dts:9.134 pts:9.259 dur:41.000ms, clock:0.270 level:70
2024-03-16 01:52:38.167 T:5072 debug : CVideoPlayer::ProcessVideoData size:134169 dts:9.176 pts:9.176 dur:41.000ms, clock:0.270 level:70
2024-03-16 01:52:38.168 T:5072 debug : CVideoPlayer::ProcessVideoData size:121562 dts:9.218 pts:9.218 dur:41.000ms, clock:0.271 level:71
2024-03-16 01:52:38.306 T:5072 debug : CVideoPlayer::ProcessVideoData size:318693 dts:9.259 pts:9.384 dur:41.000ms, clock:0.410 level:71
2024-03-16 01:52:38.307 T:5072 debug : CVideoPlayer::ProcessVideoData size:118671 dts:9.301 pts:9.301 dur:41.000ms, clock:0.410 level:72
2024-03-16 01:52:38.309 T:5072 debug : CVideoPlayer::ProcessVideoData size:142104 dts:9.343 pts:9.343 dur:41.000ms, clock:0.412 level:72
2024-03-16 01:52:38.416 T:5072 debug : CVideoPlayer::ProcessVideoData size:320998 dts:9.384 pts:9.510 dur:41.000ms, clock:0.519 level:73
2024-03-16 01:52:38.417 T:5072 debug : CVideoPlayer::ProcessVideoData size:119438 dts:9.426 pts:9.426 dur:41.000ms, clock:0.520 level:73
2024-03-16 01:52:38.418 T:5072 debug : CVideoPlayer::ProcessVideoData size:122526 dts:9.468 pts:9.468 dur:41.000ms, clock:0.521 level:74
2024-03-16 01:52:38.531 T:5075 debug : CAMLCodec::CloseDecoder
2024-03-16 01:52:38.556 T:5072 debug : CVideoPlayer::ProcessVideoData size:431589 dts:9.510 pts:9.635 dur:41.000ms, clock:0.660 level:75
2024-03-16 01:52:38.557 T:5072 debug : CVideoPlayer::ProcessVideoData size:134114 dts:9.551 pts:9.551 dur:41.000ms, clock:0.660 level:75
2024-03-16 01:52:38.558 T:5072 debug : CVideoPlayer::ProcessVideoData size:118474 dts:9.593 pts:9.593 dur:41.000ms, clock:0.661 level:76
2024-03-16 01:52:38.600 T:4853 debug : ActiveAE::SyncStream - average error 248.646961 above threshold of 100.000000
2024-03-16 01:52:38.791 T:4916 info : script.plex: UpdateNowPlaying: force: True refreshQueue: False state: None overrideChecks: False time: None
2024-03-16 01:52:38.799 T:4853 debug : ActiveAE::SyncStream - average error 0.646961, last average error: 248.646961
2024-03-16 01:52:38.825 T:5075 debug : codecid_to_vformat, id(173) -> vformat(11)
2024-03-16 01:52:38.826 T:5075 debug : CAMLCodec::OpenDecoder hints.width(3840), hints.height(2160), hints.codec(173), hints.codec_tag(0)
2024-03-16 01:52:38.826 T:5075 debug : CAMLCodec::OpenDecoder hints.fpsrate(24000), hints.fpsscale(1001), video_rate(4004)
2024-03-16 01:52:38.826 T:5075 debug : CAMLCodec::OpenDecoder hints.aspect(1.777778), video_ratio.num(1), video_ratio.den(1)
2024-03-16 01:52:38.826 T:5075 debug : CAMLCodec::OpenDecoder hints.orientation(0), hints.forced_aspect(1), hints.extrasize(728)
2024-03-16 01:52:38.826 T:5075 debug : CAMLCodec::OpenDecoder hdr type: dolbyvision
2024-03-16 01:52:38.826 T:5075 debug : CAMLCodec::OpenDecoder DOVI: version 1.0, profile 7
2024-03-16 01:52:38.826 T:5075 debug : CAMLCodec::OpenDecoder decoder timeout: 5s
2024-03-16 01:52:38.826 T:5075 debug : CAMLCodec::OpenDecoder DV support, enabled, DV system is enabled
2024-03-16 01:52:38.900 T:4853 debug : ActiveAE::SyncStream - average error of 27.259930, start adjusting
2024-03-16 01:52:38.900 T:4853 debug : ActiveAE::SyncStream - average error 0.259930 below threshold of 30.000000
2024-03-16 01:52:38.909 T:5075 debug : CVideoPlayerVideo::OutputPicture - ttd:3367ms pts:4.379 Clock:1.012 Level:0
2024-03-16 01:52:38.927 T:5075 debug : CVideoPlayerVideo::OutputPicture - ttd:3390ms pts:4.421 Clock:1.031 Level:1
2024-03-16 01:52:38.940 T:5075 debug : CVideoPlayerVideo::OutputPicture - ttd:3419ms pts:4.463 Clock:1.043 Level:2
2024-03-16 01:52:38.947 T:5075 debug : CVideoPlayerVideo::OutputPicture - ttd:3454ms pts:4.505 Clock:1.050 Level:3
2024-03-16 01:52:38.958 T:5075 debug : CVideoPlayerVideo::OutputPicture - ttd:3484ms pts:4.546 Clock:1.061 Level:4
2024-03-16 01:52:38.962 T:5072 debug : CVideoPlayer::ProcessVideoData size:303862 dts:9.635 pts:9.760 dur:41.000ms, clock:1.066 level:61
2024-03-16 01:52:38.963 T:5072 debug : CVideoPlayer::ProcessVideoData size:117546 dts:9.676 pts:9.676 dur:41.000ms, clock:1.066 level:62
2024-03-16 01:52:38.966 T:5072 debug : CVideoPlayer::ProcessVideoData size:142841 dts:9.718 pts:9.718 dur:41.000ms, clock:1.069 level:63
2024-03-16 01:52:38.969 T:5075 debug : CVideoPlayerVideo::OutputPicture - ttd:3516ms pts:4.588 Clock:1.072 Level:5
2024-03-16 01:52:38.979 T:5075 debug : CVideoPlayerVideo::OutputPicture - ttd:3548ms pts:4.630 Clock:1.082 Level:6
2024-03-16 01:52:39.114 T:5072 debug : CVideoPlayer::ProcessVideoData size:315138 dts:9.760 pts:9.885 dur:41.000ms, clock:1.217 level:61
2024-03-16 01:52:39.115 T:5072 debug : CVideoPlayer::ProcessVideoData size:115972 dts:9.801 pts:9.801 dur:41.000ms, clock:1.218 level:62
2024-03-16 01:52:39.115 T:5072 debug : CVideoPlayer::ProcessVideoData size:140976 dts:9.843 pts:9.843 dur:41.000ms, clock:1.219 level:63
2024-03-16 01:52:39.144 T:5072 debug : CVideoPlayer::ProcessVideoData size:319026 dts:9.885 pts:10.010 dur:41.000ms, clock:1.247 level:63
2024-03-16 01:52:39.145 T:5072 debug : CVideoPlayer::ProcessVideoData size:115570 dts:9.927 pts:9.927 dur:41.000ms, clock:1.248 level:64
2024-03-16 01:52:39.145 T:5072 debug : CVideoPlayer::ProcessVideoData size:121123 dts:9.968 pts:9.968 dur:41.000ms, clock:1.249 level:64
2024-03-16 01:52:39.310 T:5072 debug : CVideoPlayer::ProcessVideoData size:324348 dts:10.010 pts:10.135 dur:41.000ms, clock:1.413 level:65
2024-03-16 01:52:39.310 T:5072 debug : CVideoPlayer::ProcessVideoData size:137621 dts:10.052 pts:10.052 dur:41.000ms, clock:1.414 level:65
2024-03-16 01:52:39.311 T:5072 debug : CVideoPlayer::ProcessVideoData size:127300 dts:10.093 pts:10.093 dur:41.000ms, clock:1.414 level:66
2024-03-16 01:52:39.409 T:5072 debug : CVideoPlayer::ProcessVideoData size:334976 dts:10.135 pts:10.260 dur:41.000ms, clock:1.512 level:66
2024-03-16 01:52:39.409 T:5072 debug : CVideoPlayer::ProcessVideoData size:122796 dts:10.177 pts:10.177 dur:41.000ms, clock:1.513 level:67
2024-03-16 01:52:39.410 T:5072 debug : CVideoPlayer::ProcessVideoData size:144468 dts:10.219 pts:10.219 dur:41.000ms, clock:1.513 level:67
2024-03-16 01:52:39.523 T:5075 debug : CVideoPlayerVideo::OutputPicture - ttd:3581ms pts:4.671 Clock:1.089 Level:-1
2024-03-16 01:52:39.523 T:5075 warning : OutputPicture - timeout waiting for buffer
2024-03-16 01:52:39.559 T:5072 debug : CVideoPlayer::ProcessVideoData size:332975 dts:10.260 pts:10.385 dur:41.000ms, clock:1.662 level:68
2024-03-16 01:52:39.559 T:5072 debug : CVideoPlayer::ProcessVideoData size:120544 dts:10.302 pts:10.302 dur:41.000ms, clock:1.662 level:68
2024-03-16 01:52:39.560 T:5072 debug : CVideoPlayer::ProcessVideoData size:144674 dts:10.344 pts:10.344 dur:41.000ms, clock:1.663 level:69
2024-03-16 01:52:39.668 T:5072 debug : CVideoPlayer::ProcessVideoData size:453891 dts:10.385 pts:10.511 dur:41.000ms, clock:1.771 level:69
2024-03-16 01:52:39.668 T:5072 debug : CVideoPlayer::ProcessVideoData size:118733 dts:10.427 pts:10.427 dur:41.000ms, clock:1.772 level:70
2024-03-16 01:52:39.669 T:5072 debug : CVideoPlayer::ProcessVideoData size:121604 dts:10.469 pts:10.469 dur:41.000ms, clock:1.773 level:70
2024-03-16 01:52:39.808 T:5072 debug : CVideoPlayer::ProcessVideoData size:307014 dts:10.511 pts:10.636 dur:41.000ms, clock:1.911 level:71
2024-03-16 01:52:39.808 T:5072 debug : CVideoPlayer::ProcessVideoData size:139557 dts:10.552 pts:10.552 dur:41.000ms, clock:1.912 level:71
2024-03-16 01:52:39.809 T:5072 debug : CVideoPlayer::ProcessVideoData size:124668 dts:10.594 pts:10.594 dur:41.000ms, clock:1.913 level:72
2024-03-16 01:52:39.917 T:5072 debug : CVideoPlayer::ProcessVideoData size:318812 dts:10.636 pts:10.761 dur:41.000ms, clock:2.020 level:72
2024-03-16 01:52:39.917 T:5072 debug : CVideoPlayer::ProcessVideoData size:117933 dts:10.677 pts:10.677 dur:41.000ms, clock:2.021 level:73
2024-03-16 01:52:39.918 T:5072 debug : CVideoPlayer::ProcessVideoData size:122748 dts:10.719 pts:10.719 dur:41.000ms, clock:2.022 level:73
2024-03-16 01:52:40.027 T:5075 debug : CVideoPlayerVideo::OutputPicture - ttd:3043ms pts:4.671 Clock:1.628 Level:-1
2024-03-16 01:52:40.027 T:5075 warning : OutputPicture - timeout waiting for buffer
2024-03-16 01:52:40.027 T:5075 debug : CVideoPlayerVideo - OUTPUT_AGAIN - vfmt, interlace should be checked.
2024-03-16 01:52:40.056 T:5072 debug : CVideoPlayer::ProcessVideoData size:322253 dts:10.761 pts:10.886 dur:41.000ms, clock:2.160 level:74
2024-03-16 01:52:40.057 T:5072 debug : CVideoPlayer::ProcessVideoData size:140156 dts:10.802 pts:10.802 dur:41.000ms, clock:2.161 level:75
2024-03-16 01:52:40.058 T:5072 debug : CVideoPlayer::ProcessVideoData size:126949 dts:10.844 pts:10.844 dur:41.000ms, clock:2.161 level:75
2024-03-16 01:52:40.071 T:4916 info : script.plex: UpdateNowPlaying: force: True refreshQueue: False state: None overrideChecks: False time: None
2024-03-16 01:52:40.166 T:5072 debug : CVideoPlayer::ProcessVideoData size:325545 dts:10.886 pts:11.011 dur:41.000ms, clock:2.270 level:76
2024-03-16 01:52:40.167 T:5072 debug : CVideoPlayer::ProcessVideoData size:120121 dts:10.928 pts:10.928 dur:41.000ms, clock:2.270 level:76
2024-03-16 01:52:40.168 T:5072 debug : CVideoPlayer::ProcessVideoData size:144017 dts:10.969 pts:10.969 dur:41.000ms, clock:2.271 level:77
2024-03-16 01:52:40.306 T:5072 debug : CVideoPlayer::ProcessVideoData size:332173 dts:11.011 pts:11.136 dur:41.000ms, clock:2.410 level:77
2024-03-16 01:52:40.307 T:5072 debug : CVideoPlayer::ProcessVideoData size:118249 dts:11.053 pts:11.053 dur:41.000ms, clock:2.410 level:78
2024-03-16 01:52:40.307 T:5072 debug : CVideoPlayer::ProcessVideoData size:126428 dts:11.094 pts:11.094 dur:41.000ms, clock:2.411 level:78
2024-03-16 01:52:40.416 T:5072 debug : CVideoPlayer::ProcessVideoData size:326760 dts:11.136 pts:11.261 dur:41.000ms, clock:2.520 level:79
2024-03-16 01:52:40.417 T:5072 debug : CVideoPlayer::ProcessVideoData size:139590 dts:11.178 pts:11.178 dur:41.000ms, clock:2.521 level:79
2024-03-16 01:52:40.418 T:5072 debug : CVideoPlayer::ProcessVideoData size:123135 dts:11.220 pts:11.220 dur:41.000ms, clock:2.521 level:80
2024-03-16 01:52:40.556 T:5072 debug : CVideoPlayer::ProcessVideoData size:454221 dts:11.261 pts:11.386 dur:41.000ms, clock:2.660 level:80
2024-03-16 01:52:40.557 T:5072 debug : CVideoPlayer::ProcessVideoData size:118101 dts:11.303 pts:11.303 dur:41.000ms, clock:2.661 level:81
2024-03-16 01:52:40.558 T:5072 debug : CVideoPlayer::ProcessVideoData size:140620 dts:11.345 pts:11.345 dur:41.000ms, clock:2.662 level:81
2024-03-16 01:52:40.566 T:5075 debug : CVideoPlayerVideo::OutputPicture - ttd:2539ms pts:4.671 Clock:2.132 Level:-1
2024-03-16 01:52:40.566 T:5075 warning : OutputPicture - timeout waiting for buffer
2024-03-16 01:52:40.566 T:5075 debug : CVideoPlayerVideo - OUTPUT_AGAIN - vfmt, interlace should be checked.
2024-03-16 01:52:40.669 T:5072 debug : CVideoPlayer::ProcessVideoData size:308106 dts:11.386 pts:11.512 dur:41.000ms, clock:2.772 level:82
2024-03-16 01:52:40.669 T:5072 debug : CVideoPlayer::ProcessVideoData size:125038 dts:11.428 pts:11.428 dur:41.000ms, clock:2.773 level:82
2024-03-16 01:52:40.672 T:5072 debug : CVideoPlayer::ProcessVideoData size:127928 dts:11.470 pts:11.470 dur:41.000ms, clock:2.775 level:83
2024-03-16 01:52:40.811 T:5072 debug : CVideoPlayer::ProcessVideoData size:320164 dts:11.512 pts:11.637 dur:41.000ms, clock:2.915 level:83
2024-03-16 01:52:40.811 T:5072 debug : CVideoPlayer::ProcessVideoData size:142167 dts:11.553 pts:11.553 dur:41.000ms, clock:2.915 level:84
2024-03-16 01:52:40.812 T:5072 debug : CVideoPlayer::ProcessVideoData size:125449 dts:11.595 pts:11.595 dur:41.000ms, clock:2.916 level:84
2024-03-16 01:52:40.911 T:5072 debug : CVideoPlayer::ProcessVideoData size:322240 dts:11.637 pts:11.762 dur:41.000ms, clock:3.015 level:85
2024-03-16 01:52:40.912 T:5072 debug : CVideoPlayer::ProcessVideoData size:120558 dts:11.678 pts:11.678 dur:41.000ms, clock:3.015 level:85
2024-03-16 01:52:40.912 T:5072 debug : CVideoPlayer::ProcessVideoData size:124683 dts:11.720 pts:11.720 dur:41.000ms, clock:3.016 level:86
2024-03-16 01:52:41.064 T:5072 debug : CVideoPlayer::ProcessVideoData size:325572 dts:11.762 pts:11.887 dur:41.000ms, clock:3.167 level:87
2024-03-16 01:52:41.068 T:5072 debug : CVideoPlayer::ProcessVideoData size:138700 dts:11.803 pts:11.803 dur:41.000ms, clock:3.171 level:87
2024-03-16 01:52:41.070 T:5072 debug : CVideoPlayer::ProcessVideoData size:124461 dts:11.845 pts:11.845 dur:41.000ms, clock:3.174 level:88
2024-03-16 01:52:41.077 T:5075 debug : CVideoPlayerVideo::OutputPicture - ttd:2000ms pts:4.671 Clock:2.670 Level:-1
2024-03-16 01:52:41.077 T:5075 warning : OutputPicture - timeout waiting for buffer
2024-03-16 01:52:41.078 T:5075 debug : CVideoPlayerVideo - OUTPUT_AGAIN - vfmt, interlace should be checked.
2024-03-16 01:52:41.169 T:5072 debug : CVideoPlayer::ProcessVideoData size:326704 dts:11.887 pts:12.012 dur:41.000ms, clock:3.273 level:88
2024-03-16 01:52:41.170 T:5072 debug : CVideoPlayer::ProcessVideoData size:121164 dts:11.929 pts:11.929 dur:41.000ms, clock:3.274 level:89
2024-03-16 01:52:41.171 T:5072 debug : CVideoPlayer::ProcessVideoData size:144516 dts:11.970 pts:11.970 dur:41.000ms, clock:3.274 level:89
2024-03-16 01:52:41.306 T:5072 debug : CVideoPlayer::ProcessVideoData size:335408 dts:12.012 pts:12.137 dur:41.000ms, clock:3.409 level:90
2024-03-16 01:52:41.311 T:5072 debug : CVideoPlayer::ProcessVideoData size:121984 dts:12.054 pts:12.054 dur:41.000ms, clock:3.414 level:90
2024-03-16 01:52:41.312 T:5072 debug : CVideoPlayer::ProcessVideoData size:126425 dts:12.095 pts:12.095 dur:41.000ms, clock:3.416 level:91
2024-03-16 01:52:41.317 T:4916 info : script.plex: UpdateNowPlaying: force: True refreshQueue: False state: None overrideChecks: False time: None
2024-03-16 01:52:41.410 T:5072 debug : CVideoPlayer::ProcessVideoData size:434495 dts:12.137 pts:12.262 dur:41.000ms, clock:3.514 level:91
2024-03-16 01:52:41.411 T:5072 debug : CVideoPlayer::ProcessVideoData size:136961 dts:12.179 pts:12.179 dur:41.000ms, clock:3.515 level:92
2024-03-16 01:52:41.412 T:5072 debug : CVideoPlayer::ProcessVideoData size:121103 dts:12.221 pts:12.221 dur:41.000ms, clock:3.516 level:92
2024-03-16 01:52:41.560 T:5072 debug : CVideoPlayer::ProcessVideoData size:314166 dts:12.262 pts:12.387 dur:41.000ms, clock:3.664 level:93
2024-03-16 01:52:41.560 T:5072 debug : CVideoPlayer::ProcessVideoData size:120024 dts:12.304 pts:12.304 dur:41.000ms, clock:3.664 level:93
2024-03-16 01:52:41.561 T:5072 debug : CVideoPlayer::ProcessVideoData size:147227 dts:12.346 pts:12.346 dur:41.000ms, clock:3.665 level:94
2024-03-16 01:52:41.608 T:5075 debug : CVideoPlayerVideo::OutputPicture - ttd:1488ms pts:4.671 Clock:3.182 Level:-1
2024-03-16 01:52:41.608 T:5075 warning : OutputPicture - timeout waiting for buffer
2024-03-16 01:52:41.608 T:5075 debug : CVideoPlayerVideo - OUTPUT_AGAIN - vfmt, interlace should be checked.
2024-03-16 01:52:41.659 T:5072 debug : CVideoPlayer::ProcessVideoData size:330806 dts:12.387 pts:12.513 dur:41.000ms, clock:3.763 level:94
2024-03-16 01:52:41.660 T:5072 debug : CVideoPlayer::ProcessVideoData size:123173 dts:12.429 pts:12.429 dur:41.000ms, clock:3.764 level:95
2024-03-16 01:52:41.661 T:5072 debug : CVideoPlayer::ProcessVideoData size:146671 dts:12.471 pts:12.471 dur:41.000ms, clock:3.765 level:95
2024-03-16 01:52:41.811 T:5072 debug : CVideoPlayer::ProcessVideoData size:364087 dts:12.513 pts:12.638 dur:41.000ms, clock:3.915 level:96
2024-03-16 01:52:41.811 T:5072 debug : CVideoPlayer::ProcessVideoData size:126889 dts:12.554 pts:12.554 dur:41.000ms, clock:3.915 level:96
2024-03-16 01:52:41.812 T:5072 debug : CVideoPlayer::ProcessVideoData size:134460 dts:12.596 pts:12.596 dur:41.000ms, clock:3.916 level:97
2024-03-16 01:52:41.910 T:5072 debug : CVideoPlayer::ProcessVideoData size:421812 dts:12.638 pts:12.763 dur:41.000ms, clock:4.014 level:97
2024-03-16 01:52:41.911 T:5072 debug : CVideoPlayer::ProcessVideoData size:163613 dts:12.679 pts:12.679 dur:41.000ms, clock:4.015 level:98
2024-03-16 01:52:41.911 T:5072 debug : CVideoPlayer::ProcessVideoData size:134955 dts:12.721 pts:12.721 dur:41.000ms, clock:4.015 level:99
2024-03-16 01:52:42.030 T:4823 debug : CAMLCodec::SetVideoRect:display(0,0,3840,2160)
2024-03-16 01:52:42.030 T:4823 debug : CAMLCodec::SetVideoRect:gui(0,0,1920,1080)
2024-03-16 01:52:42.030 T:4823 debug : CAMLCodec::SetVideoRect:m_dst_rect(0,0,1920,1080)
2024-03-16 01:52:42.030 T:4823 debug : CAMLCodec::SetVideoRect:dst_rect(0,0,3840,2160)
2024-03-16 01:52:42.030 T:4823 debug : CAMLCodec::SetVideoRect:m_guiStereoMode(0)
2024-03-16 01:52:42.030 T:4823 debug : CAMLCodec::SetVideoRect:m_guiStereoView(0)
2024-03-16 01:52:42.061 T:5072 debug : CVideoPlayer::ProcessVideoData size:438906 dts:12.763 pts:12.888 dur:41.000ms, clock:4.165 level:99
2024-03-16 01:52:42.071 T:5075 debug : CVideoPlayerVideo::OutputPicture - ttd:958ms pts:4.671 Clock:3.713 Level:6
2024-03-16 01:52:42.071 T:5075 debug : CVideoPlayerVideo - OUTPUT_AGAIN - vfmt, interlace should be checked.
2024-03-16 01:52:42.074 T:5075 debug : CVideoPlayerVideo - CDVDMsg::DEMUXER_PACKET - checking interlace vfmt: null
2024-03-16 01:52:42.082 T:5072 debug : CVideoPlayer::ProcessVideoData size:147899 dts:12.804 pts:12.804 dur:41.000ms, clock:4.186 level:99
2024-03-16 01:52:42.567 T:4916 info : script.plex: UpdateNowPlaying: force: True refreshQueue: False state: None overrideChecks: False time: None
2024-03-16 01:52:42.736 T:5075 debug : CVideoPlayerVideo::OutputPicture - ttd:-127ms pts:4.713 Clock:4.840 Level:0
2024-03-16 01:52:42.750 T:5072 debug : CVideoPlayer::ProcessVideoData size:166489 dts:12.846 pts:12.846 dur:41.000ms, clock:4.854 level:99
2024-03-16 01:52:42.751 T:5075 debug : CVideoPlayerVideo::OutputPicture - ttd:-100ms pts:4.755 Clock:4.855 Level:0
2024-03-16 01:52:42.759 T:5075 debug : CVideoPlayerVideo::OutputPicture - ttd:-66ms pts:4.796 Clock:4.863 Level:1
2024-03-16 01:52:42.767 T:5075 debug : CVideoPlayerVideo::OutputPicture - ttd:-32ms pts:4.838 Clock:4.871 Level:2
2024-03-16 01:52:42.770 T:5072 debug : CVideoPlayer::ProcessVideoData size:432441 dts:12.888 pts:13.013 dur:41.000ms, clock:4.874 level:99
2024-03-16 01:52:42.771 T:5072 debug : CVideoPlayer::ProcessVideoData size:148825 dts:12.930 pts:12.930 dur:41.000ms, clock:4.875 level:99
2024-03-16 01:52:42.786 T:5075 debug : CVideoPlayerVideo::OutputPicture - ttd:-9ms pts:4.880 Clock:4.890 Level:3
2024-03-16 01:52:42.790 T:5075 debug : CVideoPlayerVideo - CDVDMsg::DEMUXER_PACKET - checking interlace vfmt: null
2024-03-16 01:52:42.792 T:5075 debug : CVideoPlayerVideo::OutputPicture - ttd:26ms pts:4.922 Clock:4.896 Level:0
2024-03-16 01:52:42.794 T:5072 debug : CVideoPlayer::ProcessVideoData size:167025 dts:12.971 pts:12.971 dur:41.000ms, clock:4.898 level:98
2024-03-16 01:52:42.804 T:5075 debug : CVideoPlayerVideo::OutputPicture - ttd:54ms pts:4.963 Clock:4.908 Level:1
2024-03-16 01:52:42.810 T:5072 debug : CVideoPlayer::ProcessVideoData size:459013 dts:13.013 pts:13.138 dur:41.000ms, clock:4.914 level:98
2024-03-16 01:52:42.810 T:5072 debug : CVideoPlayer::ProcessVideoData size:145985 dts:13.055 pts:13.055 dur:41.000ms, clock:4.914 level:99
2024-03-16 01:52:42.810 T:5072 debug : CVideoPlayer::ProcessVideoData size:144005 dts:13.096 pts:13.096 dur:41.000ms, clock:4.915 level:99
2024-03-16 01:52:42.823 T:5075 debug : CVideoPlayerVideo::OutputPicture - ttd:77ms pts:5.005 Clock:4.927 Level:2
2024-03-16 01:52:42.828 T:5075 debug : CVideoPlayerVideo::OutputPicture - ttd:114ms pts:5.047 Clock:4.932 Level:0
2024-03-16 01:52:42.838 T:5075 debug : CVideoPlayerVideo::OutputPicture - ttd:145ms pts:5.088 Clock:4.943 Level:1
2024-03-16 01:52:42.840 T:5072 debug : CVideoPlayer::ProcessVideoData size:367092 dts:13.138 pts:13.263 dur:41.000ms, clock:4.944 level:99
2024-03-16 01:52:42.841 T:5072 debug : CVideoPlayer::ProcessVideoData size:162096 dts:13.180 pts:13.180 dur:41.000ms, clock:4.945 level:99
2024-03-16 01:52:42.851 T:5075 debug : CVideoPlayerVideo::OutputPicture - ttd:174ms pts:5.130 Clock:4.955 Level:2
2024-03-16 01:52:42.851 T:5075 debug : CVideoPlayerVideo - CDVDMsg::DEMUXER_PACKET - checking interlace vfmt: null
2024-03-16 01:52:42.852 T:5072 debug : CVideoPlayer::ProcessVideoData size:136243 dts:13.222 pts:13.222 dur:41.000ms, clock:4.957 level:99
2024-03-16 01:52:42.865 T:5075 debug : CVideoPlayerVideo::OutputPicture - ttd:202ms pts:5.172 Clock:4.969 Level:3
2024-03-16 01:52:42.868 T:5072 debug : CVideoPlayer::ProcessVideoData size:361984 dts:13.263 pts:13.388 dur:41.000ms, clock:4.972 level:99
2024-03-16 01:52:42.868 T:5072 debug : CVideoPlayer::ProcessVideoData size:133867 dts:13.305 pts:13.305 dur:41.000ms, clock:4.973 level:99
2024-03-16 01:52:42.870 T:5075 debug : CVideoPlayerVideo::OutputPicture - ttd:239ms pts:5.214 Clock:4.974 Level:3
2024-03-16 01:52:42.879 T:5072 debug : CVideoPlayer::ProcessVideoData size:131475 dts:13.347 pts:13.347 dur:41.000ms, clock:4.983 level:99
2024-03-16 01:52:42.881 T:5075 debug : CVideoPlayerVideo::OutputPicture - ttd:270ms pts:5.255 Clock:4.985 Level:4
2024-03-16 01:52:42.888 T:5075 debug : CVideoPlayerVideo::OutputPicture - ttd:305ms pts:5.297 Clock:4.992 Level:5
2024-03-16 01:52:42.892 T:5075 debug : CVideoPlayerVideo - CDVDMsg::DEMUXER_PACKET - checking interlace vfmt: null
2024-03-16 01:52:42.897 T:5072 debug : CVideoPlayer::ProcessVideoData size:341183 dts:13.388 pts:13.514 dur:41.000ms, clock:5.002 level:98
2024-03-16 01:52:42.899 T:5072 debug : CVideoPlayer::ProcessVideoData size:143609 dts:13.430 pts:13.430 dur:41.000ms, clock:5.002 level:99
2024-03-16 01:52:42.900 T:5072 debug : CVideoPlayer::ProcessVideoData size:121170 dts:13.472 pts:13.472 dur:41.000ms, clock:5.004 level:99
2024-03-16 01:52:42.902 T:5075 debug : CVideoPlayerVideo::OutputPicture - ttd:332ms pts:5.339 Clock:5.006 Level:6
2024-03-16 01:52:42.927 T:5072 debug : CVideoPlayer::ProcessVideoData size:295952 dts:13.514 pts:13.639 dur:41.000ms, clock:5.031 level:99
2024-03-16 01:52:42.943 T:5075 debug : CVideoPlayerVideo::OutputPicture - ttd:332ms pts:5.380 Clock:5.048 Level:6
2024-03-16 01:52:42.958 T:5072 debug : CVideoPlayer::ProcessVideoData size:116931 dts:13.555 pts:13.555 dur:41.000ms, clock:5.062 level:99
2024-03-16 01:52:42.987 T:5075 debug : CVideoPlayerVideo::OutputPicture - ttd:330ms pts:5.422 Clock:5.091 Level:6
2024-03-16 01:52:43.001 T:5072 debug : CVideoPlayer::ProcessVideoData size:130521 dts:13.597 pts:13.597 dur:41.000ms, clock:5.105 level:99
2024-03-16 01:52:43.031 T:5075 debug : CVideoPlayerVideo::OutputPicture - ttd:328ms pts:5.464 Clock:5.136 Level:6
2024-03-16 01:52:43.053 T:5072 debug : CVideoPlayer::ProcessVideoData size:215002 dts:13.639 pts:13.764 dur:41.000ms, clock:5.157 level:99
2024-03-16 01:52:43.068 T:5075 debug : CVideoPlayerVideo::OutputPicture - ttd:333ms pts:5.506 Clock:5.173 Level:6
2024-03-16 01:52:43.084 T:5072 debug : CVideoPlayer::ProcessVideoData size:98707 dts:13.680 pts:13.680 dur:41.000ms, clock:5.188 level:99
2024-03-16 01:52:43.112 T:5075 debug : CVideoPlayerVideo::OutputPicture - ttd:330ms pts:5.547 Clock:5.216 Level:6
2024-03-16 01:52:43.126 T:5072 debug : CVideoPlayer::ProcessVideoData size:96002 dts:13.722 pts:13.722 dur:41.000ms, clock:5.231 level:99
2024-03-16 01:52:43.154 T:5075 debug : CVideoPlayerVideo::OutputPicture - ttd:330ms pts:5.589 Clock:5.258 Level:6
2024-03-16 01:52:43.173 T:5072 debug : CVideoPlayer::ProcessVideoData size:132485 dts:13.764 pts:13.889 dur:41.000ms, clock:5.278 level:99
2024-03-16 01:52:43.195 T:5075 debug : CVideoPlayerVideo::OutputPicture - ttd:331ms pts:5.631 Clock:5.299 Level:6
2024-03-16 01:52:43.207 T:5072 debug : CVideoPlayer::ProcessVideoData size:86635 dts:13.805 pts:13.805 dur:41.000ms, clock:5.312 level:99
2024-03-16 01:52:43.237 T:5075 debug : CVideoPlayerVideo::OutputPicture - ttd:331ms pts:5.672 Clock:5.341 Level:6
2024-03-16 01:52:43.249 T:5072 debug : CVideoPlayer::ProcessVideoData size:58065 dts:13.847 pts:13.847 dur:41.000ms, clock:5.353 level:99
2024-03-16 01:52:43.278 T:5075 debug : CVideoPlayerVideo::OutputPicture - ttd:331ms pts:5.714 Clock:5.383 Level:6
2024-03-16 01:52:43.292 T:5072 debug : CVideoPlayer::ProcessVideoData size:77433 dts:13.889 pts:13.931 dur:41.000ms, clock:5.397 level:99
2024-03-16 01:52:43.320 T:5075 debug : CVideoPlayerVideo::OutputPicture - ttd:331ms pts:5.756 Clock:5.424 Level:6
2024-03-16 01:52:43.335 T:5072 debug : CVideoPlayer::ProcessVideoData size:24631 dts:13.931 pts:13.972 dur:41.000ms, clock:5.439 level:99
2024-03-16 01:52:43.362 T:5075 debug : CVideoPlayerVideo::OutputPicture - ttd:330ms pts:5.797 Clock:5.467 Level:6
2024-03-16 01:52:43.382 T:5072 debug : CVideoPlayer::ProcessVideoData size:5088 dts:13.972 pts:14.097 dur:41.000ms, clock:5.486 level:99
2024-03-16 01:52:43.403 T:5075 debug : CVideoPlayerVideo::OutputPicture - ttd:332ms pts:5.839 Clock:5.507 Level:6
2024-03-16 01:52:43.444 T:5075 debug : CVideoPlayerVideo::OutputPicture - ttd:332ms pts:5.881 Clock:5.548 Level:6
2024-03-16 01:52:43.455 T:5072 debug : CVideoPlayer::ProcessVideoData size:31845 dts:14.014 pts:14.014 dur:41.000ms, clock:5.559 level:99
2024-03-16 01:52:43.486 T:5075 debug : CVideoPlayerVideo::OutputPicture - ttd:332ms pts:5.923 Clock:5.591 Level:6
2024-03-16 01:52:43.495 T:5072 debug : CVideoPlayer::ProcessVideoData size:30660 dts:14.056 pts:14.056 dur:41.000ms, clock:5.600 level:99
2024-03-16 01:52:43.530 T:5075 debug : CVideoPlayerVideo::OutputPicture - ttd:329ms pts:5.964 Clock:5.634 Level:6
2024-03-16 01:52:43.551 T:5072 debug : CVideoPlayer::ProcessVideoData size:3123 dts:14.097 pts:14.223 dur:41.000ms, clock:5.655 level:99
2024-03-16 01:52:43.551 T:5072 debug : CVideoPlayer::ProcessVideoData size:28252 dts:14.139 pts:14.139 dur:41.000ms, clock:5.656 level:99
2024-03-16 01:52:43.572 T:5075 debug : CVideoPlayerVideo::OutputPicture - ttd:329ms pts:6.006 Clock:5.676 Level:6
2024-03-16 01:52:43.586 T:5072 debug : CVideoPlayer::ProcessVideoData size:28299 dts:14.181 pts:14.181 dur:41.000ms, clock:5.690 level:99
2024-03-16 01:52:43.612 T:5075 debug : CVideoPlayerVideo::OutputPicture - ttd:331ms pts:6.048 Clock:5.717 Level:6
2024-03-16 01:52:43.633 T:5072 debug : CVideoPlayer::ProcessVideoData size:2423 dts:14.223 pts:14.348 dur:41.000ms, clock:5.738 level:99
2024-03-16 01:52:43.654 T:5075 debug : CVideoPlayerVideo::OutputPicture - ttd:330ms pts:6.089 Clock:5.758 Level:6
2024-03-16 01:52:43.664 T:5072 debug : CVideoPlayer::ProcessVideoData size:8489 dts:14.264 pts:14.264 dur:41.000ms, clock:5.769 level:99
2024-03-16 01:52:43.696 T:5075 debug : CVideoPlayerVideo::OutputPicture - ttd:330ms pts:6.131 Clock:5.800 Level:6
2024-03-16 01:52:43.705 T:5072 debug : CVideoPlayer::ProcessVideoData size:27782 dts:14.306 pts:14.306 dur:41.000ms, clock:5.809 level:99
2024-03-16 01:52:43.737 T:5075 debug : CVideoPlayerVideo::OutputPicture - ttd:331ms pts:6.173 Clock:5.842 Level:6
2024-03-16 01:52:43.757 T:5072 debug : CVideoPlayer::ProcessVideoData size:1821 dts:14.348 pts:14.473 dur:41.000ms, clock:5.861 level:99
2024-03-16 01:52:43.780 T:5075 debug : CVideoPlayerVideo::OutputPicture - ttd:330ms pts:6.215 Clock:5.885 Level:6
2024-03-16 01:52:43.791 T:5072 debug : CVideoPlayer::ProcessVideoData size:8456 dts:14.389 pts:14.389 dur:41.000ms, clock:5.895 level:99
2024-03-16 01:52:43.820 T:5075 debug : CVideoPlayerVideo::OutputPicture - ttd:331ms pts:6.256 Clock:5.924 Level:6
2024-03-16 01:52:43.836 T:5072 debug : CVideoPlayer::ProcessVideoData size:8486 dts:14.431 pts:14.431 dur:41.000ms, clock:5.940 level:99
2024-03-16 01:52:43.864 T:5075 debug : CVideoPlayerVideo::OutputPicture - ttd:329ms pts:6.298 Clock:5.968 Level:6
2024-03-16 01:52:43.881 T:5072 debug : CVideoPlayer::ProcessVideoData size:1675 dts:14.473 pts:14.598 dur:41.000ms, clock:5.986 level:99
2024-03-16 01:52:43.902 T:5075 debug : CVideoPlayerVideo::OutputPicture - ttd:333ms pts:6.340 Clock:6.007 Level:6
2024-03-16 01:52:43.915 T:5072 debug : CVideoPlayer::ProcessVideoData size:27711 dts:14.515 pts:14.515 dur:41.000ms, clock:6.019 level:99
2024-03-16 01:52:43.943 T:5075 debug : CVideoPlayerVideo::OutputPicture - ttd:333ms pts:6.381 Clock:6.048 Level:6
2024-03-16 01:52:43.948 T:4916 info : script.plex: UpdateNowPlaying: force: True refreshQueue: False state: None overrideChecks: False time: None
2024-03-16 01:52:43.955 T:5072 debug : CVideoPlayer::ProcessVideoData size:8472 dts:14.556 pts:14.556 dur:41.000ms, clock:6.060 level:99
2024-03-16 01:52:43.987 T:5075 debug : CVideoPlayerVideo::OutputPicture - ttd:331ms pts:6.423 Clock:6.092 Level:6
2024-03-16 01:52:44.004 T:5072 debug : CVideoPlayer::ProcessVideoData size:1525 dts:14.598 pts:14.723 dur:41.000ms, clock:6.109 level:99
2024-03-16 01:52:44.029 T:5075 debug : CVideoPlayerVideo::OutputPicture - ttd:331ms pts:6.465 Clock:6.133 Level:6
2024-03-16 01:52:44.045 T:5072 debug : CVideoPlayer::ProcessVideoData size:8431 dts:14.640 pts:14.640 dur:41.000ms, clock:6.150 level:99
2024-03-16 01:52:44.071 T:5075 debug : CVideoPlayerVideo::OutputPicture - ttd:331ms pts:6.507 Clock:6.175 Level:6
2024-03-16 01:52:44.086 T:5072 debug : CVideoPlayer::ProcessVideoData size:27650 dts:14.681 pts:14.681 dur:41.000ms, clock:6.191 level:99
2024-03-16 01:52:44.112 T:5075 debug : CVideoPlayerVideo::OutputPicture - ttd:331ms pts:6.548 Clock:6.217 Level:6
2024-03-16 01:52:44.132 T:5072 debug : CVideoPlayer::ProcessVideoData size:31145 dts:14.723 pts:14.848 dur:41.000ms, clock:6.236 level:99
2024-03-16 01:52:44.153 T:5075 debug : CVideoPlayerVideo::OutputPicture - ttd:332ms pts:6.590 Clock:6.257 Level:6
2024-03-16 01:52:44.165 T:5072 debug : CVideoPlayer::ProcessVideoData size:8441 dts:14.765 pts:14.765 dur:41.000ms, clock:6.270 level:99
2024-03-16 01:52:44.195 T:5075 debug : CVideoPlayerVideo::OutputPicture - ttd:332ms pts:6.632 Clock:6.299 Level:6
2024-03-16 01:52:44.206 T:5072 debug : CVideoPlayer::ProcessVideoData size:8466 dts:14.806 pts:14.806 dur:41.000ms, clock:6.311 level:99
2024-03-16 01:52:44.237 T:5075 debug : CVideoPlayerVideo::OutputPicture - ttd:331ms pts:6.673 Clock:6.341 Level:6
2024-03-16 01:52:44.254 T:5072 debug : CVideoPlayer::ProcessVideoData size:1281 dts:14.848 pts:14.973 dur:41.000ms, clock:6.359 level:99
2024-03-16 01:52:44.279 T:5075 debug : CVideoPlayerVideo::OutputPicture - ttd:331ms pts:6.715 Clock:6.383 Level:6
2024-03-16 01:52:44.320 T:5075 debug : CVideoPlayerVideo::OutputPicture - ttd:332ms pts:6.757 Clock:6.424 Level:6
2024-03-16 01:52:44.336 T:5072 debug : CVideoPlayer::ProcessVideoData size:27615 dts:14.890 pts:14.890 dur:41.000ms, clock:6.440 level:99
2024-03-16 01:52:44.362 T:5075 debug : CVideoPlayerVideo::OutputPicture - ttd:331ms pts:6.798 Clock:6.467 Level:6
2024-03-16 01:52:44.376 T:5072 debug : CVideoPlayer::ProcessVideoData size:8454 dts:14.932 pts:14.932 dur:41.000ms, clock:6.481 level:99
2024-03-16 01:52:44.404 T:5075 debug : CVideoPlayerVideo::OutputPicture - ttd:330ms pts:6.840 Clock:6.509 Level:6
2024-03-16 01:52:44.424 T:5072 debug : CVideoPlayer::ProcessVideoData size:1281 dts:14.973 pts:15.098 dur:41.000ms, clock:6.528 level:99
2024-03-16 01:52:44.424 T:5072 debug : CVideoPlayer::ProcessVideoData size:8429 dts:15.015 pts:15.015 dur:41.000ms, clock:6.528 level:99
2024-03-16 01:52:44.446 T:5075 debug : CVideoPlayerVideo::OutputPicture - ttd:331ms pts:6.882 Clock:6.551 Level:6
2024-03-16 01:52:44.454 T:5072 debug : CVideoPlayer::ProcessVideoData size:27640 dts:15.057 pts:15.057 dur:41.000ms, clock:6.559 level:99
2024-03-16 01:52:44.488 T:5075 debug : CVideoPlayerVideo::OutputPicture - ttd:331ms pts:6.924 Clock:6.592 Level:6
2024-03-16 01:52:44.504 T:5072 debug : CVideoPlayer::ProcessVideoData size:1281 dts:15.098 pts:15.224 dur:41.000ms, clock:6.609 level:99
2024-03-16 01:52:44.529 T:5075 debug : CVideoPlayerVideo::OutputPicture - ttd:330ms pts:6.965 Clock:6.634 Level:6
2024-03-16 01:52:44.545 T:5072 debug : CVideoPlayer::ProcessVideoData size:8429 dts:15.140 pts:15.140 dur:41.000ms, clock:6.650 level:99
2024-03-16 01:52:44.571 T:5075 debug : CVideoPlayerVideo::OutputPicture - ttd:331ms pts:7.007 Clock:6.676 Level:6
2024-03-16 01:52:44.586 T:5072 debug : CVideoPlayer::ProcessVideoData size:8454 dts:15.182 pts:15.182 dur:41.000ms, clock:6.691 level:99
2024-03-16 01:52:44.613 T:5075 debug : CVideoPlayerVideo::OutputPicture - ttd:331ms pts:7.049 Clock:6.717 Level:6
2024-03-16 01:52:44.632 T:5072 debug : CVideoPlayer::ProcessVideoData size:1281 dts:15.224 pts:15.349 dur:41.000ms, clock:6.736 level:99
2024-03-16 01:52:44.655 T:5075 debug : CVideoPlayerVideo::OutputPicture - ttd:330ms pts:7.090 Clock:6.759 Level:6
2024-03-16 01:52:44.675 T:5072 debug : CVideoPlayer::ProcessVideoData size:27615 dts:15.265 pts:15.265 dur:41.000ms, clock:6.780 level:99
2024-03-16 01:52:44.696 T:5075 debug : CVideoPlayerVideo::OutputPicture - ttd:331ms pts:7.132 Clock:6.801 Level:6
2024-03-16 01:52:44.707 T:5072 debug : CVideoPlayer::ProcessVideoData size:8454 dts:15.307 pts:15.307 dur:41.000ms, clock:6.811 level:99
2024-03-16 01:52:44.738 T:5075 debug : CVideoPlayerVideo::OutputPicture - ttd:331ms pts:7.174 Clock:6.843 Level:6
2024-03-16 01:52:44.752 T:5072 debug : CVideoPlayer::ProcessVideoData size:1281 dts:15.349 pts:15.474 dur:41.000ms, clock:6.857 level:99
2024-03-16 01:52:44.780 T:5075 debug : CVideoPlayerVideo::OutputPicture - ttd:331ms pts:7.216 Clock:6.884 Level:6
2024-03-16 01:52:44.793 T:5072 debug : CVideoPlayer::ProcessVideoData size:8429 dts:15.390 pts:15.390 dur:41.000ms, clock:6.898 level:99
2024-03-16 01:52:44.822 T:5075 debug : CVideoPlayerVideo::OutputPicture - ttd:330ms pts:7.257 Clock:6.926 Level:6
2024-03-16 01:52:44.834 T:5072 debug : CVideoPlayer::ProcessVideoData size:27640 dts:15.432 pts:15.432 dur:41.000ms, clock:6.939 level:99
2024-03-16 01:52:44.862 T:5075 debug : CVideoPlayerVideo::OutputPicture - ttd:332ms pts:7.299 Clock:6.966 Level:6
2024-03-16 01:52:44.879 T:5072 debug : CVideoPlayer::ProcessVideoData size:1281 dts:15.474 pts:15.599 dur:41.000ms, clock:6.984 level:99
2024-03-16 01:52:44.905 T:5075 debug : CVideoPlayerVideo::OutputPicture - ttd:331ms pts:7.341 Clock:7.010 Level:6
2024-03-16 01:52:44.920 T:5072 debug : CVideoPlayer::ProcessVideoData size:8429 dts:15.516 pts:15.516 dur:41.000ms, clock:7.025 level:99
2024-03-16 01:52:44.946 T:5075 debug : CVideoPlayerVideo::OutputPicture - ttd:330ms pts:7.382 Clock:7.051 Level:6
2024-03-16 01:52:44.961 T:5072 debug : CVideoPlayer::ProcessVideoData size:8454 dts:15.557 pts:15.557 dur:41.000ms, clock:7.065 level:99
2024-03-16 01:52:44.988 T:5075 debug : CVideoPlayerVideo::OutputPicture - ttd:331ms pts:7.424 Clock:7.093 Level:6
2024-03-16 01:52:45.007 T:5072 debug : CVideoPlayer::ProcessVideoData size:11931 dts:15.599 pts:15.724 dur:41.000ms, clock:7.112 level:99
2024-03-16 01:52:45.032 T:5075 debug : CVideoPlayerVideo::OutputPicture - ttd:329ms pts:7.466 Clock:7.137 Level:6
2024-03-16 01:52:45.049 T:5072 debug : CVideoPlayer::ProcessVideoData size:27615 dts:15.641 pts:15.641 dur:41.000ms, clock:7.154 level:99
2024-03-16 01:52:45.075 T:5075 debug : CVideoPlayerVideo::OutputPicture - ttd:328ms pts:7.508 Clock:7.180 Level:6
2024-03-16 01:52:45.080 T:5072 debug : CVideoPlayer::ProcessVideoData size:8454 dts:15.682 pts:15.682 dur:41.000ms, clock:7.185 level:99
2024-03-16 01:52:45.112 T:5075 debug : CVideoPlayerVideo::OutputPicture - ttd:332ms pts:7.549 Clock:7.217 Level:6
2024-03-16 01:52:45.131 T:5072 debug : CVideoPlayer::ProcessVideoData size:8008 dts:15.724 pts:15.849 dur:41.000ms, clock:7.236 level:99
2024-03-16 01:52:45.155 T:5075 debug : CVideoPlayerVideo::OutputPicture - ttd:331ms pts:7.591 Clock:7.260 Level:6
2024-03-16 01:52:45.196 T:5075 debug : CVideoPlayerVideo::OutputPicture - ttd:331ms pts:7.633 Clock:7.301 Level:6
2024-03-16 01:52:45.212 T:5072 debug : CVideoPlayer::ProcessVideoData size:8623 dts:15.766 pts:15.766 dur:41.000ms, clock:7.317 level:99
2024-03-16 01:52:45.240 T:4916 info : script.plex: UpdateNowPlaying: force: True refreshQueue: False state: None overrideChecks: False time: None
2024-03-16 01:52:45.244 T:5075 debug : CVideoPlayerVideo::OutputPicture - ttd:324ms pts:7.674 Clock:7.349 Level:5
2024-03-16 01:52:45.253 T:5072 debug : CVideoPlayer::ProcessVideoData size:29380 dts:15.807 pts:15.807 dur:41.000ms, clock:7.358 level:99
2024-03-16 01:52:45.283 T:5075 debug : CVideoPlayerVideo::OutputPicture - ttd:328ms pts:7.716 Clock:7.388 Level:6
2024-03-16 01:52:45.299 T:5072 debug : CVideoPlayer::ProcessVideoData size:24681 dts:15.849 pts:15.974 dur:41.000ms, clock:7.404 level:99
2024-03-16 01:52:45.299 T:5072 debug : CVideoPlayer::ProcessVideoData size:19246 dts:15.891 pts:15.891 dur:41.000ms, clock:7.404 level:99
2024-03-16 01:52:45.322 T:5075 debug : CVideoPlayerVideo::OutputPicture - ttd:331ms pts:7.758 Clock:7.427 Level:6
2024-03-16 01:52:45.333 T:5072 debug : CVideoPlayer::ProcessVideoData size:37022 dts:15.933 pts:15.933 dur:41.000ms, clock:7.438 level:99
2024-03-16 01:52:45.363 T:5075 debug : CVideoPlayerVideo::OutputPicture - ttd:331ms pts:7.799 Clock:7.468 Level:6
2024-03-16 01:52:45.380 T:5072 debug : CVideoPlayer::ProcessVideoData size:29477 dts:15.974 pts:16.099 dur:41.000ms, clock:7.485 level:99
2024-03-16 01:52:45.406 T:5075 debug : CVideoPlayerVideo::OutputPicture - ttd:330ms pts:7.841 Clock:7.510 Level:6
2024-03-16 01:52:45.421 T:5072 debug : CVideoPlayer::ProcessVideoData size:13455 dts:16.016 pts:16.016 dur:41.000ms, clock:7.526 level:99
2024-03-16 01:52:45.447 T:5075 debug : CVideoPlayerVideo::OutputPicture - ttd:331ms pts:7.883 Clock:7.552 Level:6
2024-03-16 01:52:45.462 T:5072 debug : CVideoPlayer::ProcessVideoData size:15428 dts:16.058 pts:16.058 dur:41.000ms, clock:7.567 level:99
2024-03-16 01:52:45.488 T:5075 debug : CVideoPlayerVideo::OutputPicture - ttd:331ms pts:7.925 Clock:7.593 Level:6
2024-03-16 01:52:45.510 T:5072 debug : CVideoPlayer::ProcessVideoData size:31898 dts:16.099 pts:16.225 dur:41.000ms, clock:7.615 level:99
2024-03-16 01:52:45.531 T:5075 debug : CVideoPlayerVideo::OutputPicture - ttd:330ms pts:7.966 Clock:7.635 Level:6
2024-03-16 01:52:45.541 T:5072 debug : CVideoPlayer::ProcessVideoData size:33578 dts:16.141 pts:16.141 dur:41.000ms, clock:7.646 level:99
2024-03-16 01:52:45.572 T:5075 debug : CVideoPlayerVideo::OutputPicture - ttd:331ms pts:8.008 Clock:7.677 Level:6
2024-03-16 01:52:45.582 T:5072 debug : CVideoPlayer::ProcessVideoData size:15429 dts:16.183 pts:16.183 dur:41.000ms, clock:7.687 level:99
2024-03-16 01:52:45.616 T:5075 debug : CVideoPlayerVideo::OutputPicture - ttd:329ms pts:8.050 Clock:7.721 Level:6
2024-03-16 01:52:45.632 T:5072 debug : CVideoPlayer::ProcessVideoData size:33337 dts:16.225 pts:16.350 dur:41.000ms, clock:7.736 level:99
2024-03-16 01:52:45.655 T:5075 debug : CVideoPlayerVideo::OutputPicture - ttd:331ms pts:8.091 Clock:7.759 Level:6
2024-03-16 01:52:45.673 T:5072 debug : CVideoPlayer::ProcessVideoData size:16316 dts:16.266 pts:16.266 dur:41.000ms, clock:7.778 level:99
2024-03-16 01:52:45.701 T:5075 debug : CVideoPlayerVideo::OutputPicture - ttd:327ms pts:8.133 Clock:7.806 Level:6
2024-03-16 01:52:45.704 T:5072 debug : CVideoPlayer::ProcessVideoData size:36396 dts:16.308 pts:16.308 dur:41.000ms, clock:7.809 level:99
2024-03-16 01:52:45.739 T:5075 debug : CVideoPlayerVideo::OutputPicture - ttd:331ms pts:8.175 Clock:7.844 Level:6
2024-03-16 01:52:45.760 T:5072 debug : CVideoPlayer::ProcessVideoData size:33710 dts:16.350 pts:16.475 dur:41.000ms, clock:7.865 level:99
2024-03-16 01:52:45.780 T:5075 debug : CVideoPlayerVideo::OutputPicture - ttd:331ms pts:8.217 Clock:7.885 Level:6
2024-03-16 01:52:45.801 T:5072 debug : CVideoPlayer::ProcessVideoData size:16485 dts:16.391 pts:16.391 dur:41.000ms, clock:7.906 level:99
2024-03-16 01:52:45.822 T:5075 debug : CVideoPlayerVideo::OutputPicture - ttd:330ms pts:8.258 Clock:7.927 Level:6
2024-03-16 01:52:45.833 T:5072 debug : CVideoPlayer::ProcessVideoData size:17097 dts:16.433 pts:16.433 dur:41.000ms, clock:7.938 level:99
2024-03-16 01:52:45.863 T:5075 debug : CVideoPlayerVideo::OutputPicture - ttd:331ms pts:8.300 Clock:7.968 Level:6
2024-03-16 01:52:45.879 T:5072 debug : CVideoPlayer::ProcessVideoData size:62562 dts:16.475 pts:16.600 dur:41.000ms, clock:7.983 level:99
2024-03-16 01:52:45.906 T:5075 debug : CVideoPlayerVideo::OutputPicture - ttd:331ms pts:8.342 Clock:8.011 Level:6
2024-03-16 01:52:45.919 T:5072 debug : CVideoPlayer::ProcessVideoData size:35705 dts:16.517 pts:16.517 dur:41.000ms, clock:8.024 level:99
2024-03-16 01:52:45.947 T:5075 debug : CVideoPlayerVideo::OutputPicture - ttd:330ms pts:8.383 Clock:8.052 Level:6
2024-03-16 01:52:45.960 T:5072 debug : CVideoPlayer::ProcessVideoData size:15710 dts:16.558 pts:16.558 dur:41.000ms, clock:8.065 level:99
2024-03-16 01:52:45.989 T:5075 debug : CVideoPlayerVideo::OutputPicture - ttd:331ms pts:8.425 Clock:8.094 Level:6
2024-03-16 01:52:46.006 T:5072 debug : CVideoPlayer::ProcessVideoData size:36470 dts:16.600 pts:16.725 dur:41.000ms, clock:8.111 level:99
2024-03-16 01:52:46.031 T:5075 debug : CVideoPlayerVideo::OutputPicture - ttd:331ms pts:8.467 Clock:8.136 Level:6
2024-03-16 01:52:46.070 T:5075 debug : CVideoPlayerVideo::OutputPicture - ttd:333ms pts:8.509 Clock:8.175 Level:6
2024-03-16 01:52:46.087 T:5072 debug : CVideoPlayer::ProcessVideoData size:17665 dts:16.642 pts:16.642 dur:41.000ms, clock:8.193 level:99
2024-03-16 01:52:46.113 T:5075 debug : CVideoPlayerVideo::OutputPicture - ttd:332ms pts:8.550 Clock:8.218 Level:6
2024-03-16 01:52:46.129 T:5072 debug : CVideoPlayer::ProcessVideoData size:36943 dts:16.683 pts:16.683 dur:41.000ms, clock:8.234 level:99
2024-03-16 01:52:46.154 T:5075 debug : CVideoPlayerVideo::OutputPicture - ttd:332ms pts:8.592 Clock:8.259 Level:6
2024-03-16 01:52:46.176 T:5072 debug : CVideoPlayer::ProcessVideoData size:37662 dts:16.725 pts:16.850 dur:41.000ms, clock:8.281 level:99
2024-03-16 01:52:46.176 T:5072 debug : CVideoPlayer::ProcessVideoData size:16659 dts:16.767 pts:16.767 dur:41.000ms, clock:8.281 level:99
2024-03-16 01:52:46.197 T:5075 debug : CVideoPlayerVideo::OutputPicture - ttd:331ms pts:8.634 Clock:8.302 Level:6
2024-03-16 01:52:46.207 T:5072 debug : CVideoPlayer::ProcessVideoData size:35448 dts:16.808 pts:16.808 dur:41.000ms, clock:8.312 level:99
2024-03-16 01:52:46.239 T:5075 debug : CVideoPlayerVideo::OutputPicture - ttd:330ms pts:8.675 Clock:8.344 Level:6
2024-03-16 01:52:46.253 T:5072 debug : CVideoPlayer::ProcessVideoData size:34031 dts:16.850 pts:16.975 dur:41.000ms, clock:8.358 level:99
2024-03-16 01:52:46.279 T:5075 debug : CVideoPlayerVideo::OutputPicture - ttd:332ms pts:8.717 Clock:8.384 Level:6
2024-03-16 01:52:46.295 T:5072 debug : CVideoPlayer::ProcessVideoData size:16746 dts:16.892 pts:16.892 dur:41.000ms, clock:8.400 level:99
2024-03-16 01:52:46.324 T:5075 debug : CVideoPlayerVideo::OutputPicture - ttd:330ms pts:8.759 Clock:8.429 Level:6
2024-03-16 01:52:46.336 T:5072 debug : CVideoPlayer::ProcessVideoData size:35045 dts:16.934 pts:16.934 dur:41.000ms, clock:8.441 level:99
2024-03-16 01:52:46.363 T:5075 debug : CVideoPlayerVideo::OutputPicture - ttd:332ms pts:8.800 Clock:8.468 Level:6
2024-03-16 01:52:46.383 T:5072 debug : CVideoPlayer::ProcessVideoData size:40221 dts:16.975 pts:17.100 dur:41.000ms, clock:8.488 level:99
2024-03-16 01:52:46.405 T:5075 debug : CVideoPlayerVideo::OutputPicture - ttd:331ms pts:8.842 Clock:8.510 Level:6
2024-03-16 01:52:46.424 T:5072 debug : CVideoPlayer::ProcessVideoData size:18013 dts:17.017 pts:17.017 dur:41.000ms, clock:8.529 level:99
2024-03-16 01:52:46.449 T:5075 debug : CVideoPlayerVideo::OutputPicture - ttd:330ms pts:8.884 Clock:8.553 Level:6
2024-03-16 01:52:46.455 T:5072 debug : CVideoPlayer::ProcessVideoData size:15495 dts:17.059 pts:17.059 dur:41.000ms, clock:8.560 level:99
2024-03-16 01:52:46.488 T:5075 debug : CVideoPlayerVideo::OutputPicture - ttd:332ms pts:8.926 Clock:8.594 Level:6
2024-03-16 01:52:46.491 T:4823 debug : CheckIdle - Closing session to http://192.168.4.21 (easy=0x3350f30, multi=0x3223ec8)
2024-03-16 01:52:46.492 T:4823 debug : CheckIdle - Closing session to http://192.168.4.61 (easy=0x32b50e0, multi=0x333c548)
2024-03-16 01:52:46.511 T:5072 debug : CVideoPlayer::ProcessVideoData size:34912 dts:17.100 pts:17.226 dur:41.000ms, clock:8.616 level:99
2024-03-16 01:52:46.531 T:5075 debug : CVideoPlayerVideo::OutputPicture - ttd:330ms pts:8.967 Clock:8.636 Level:6
2024-03-16 01:52:46.542 T:5072 debug : CVideoPlayer::ProcessVideoData size:35923 dts:17.142 pts:17.142 dur:41.000ms, clock:8.647 level:99
2024-03-16 01:52:46.572 T:5075 debug : CVideoPlayerVideo::OutputPicture - ttd:331ms pts:9.009 Clock:8.677 Level:6
2024-03-16 01:52:46.583 T:5072 debug : CVideoPlayer::ProcessVideoData size:16248 dts:17.184 pts:17.184 dur:41.000ms, clock:8.688 level:99
2024-03-16 01:52:46.614 T:5075 debug : CVideoPlayerVideo::OutputPicture - ttd:331ms pts:9.051 Clock:8.719 Level:6
2024-03-16 01:52:46.616 T:4916 info : script.plex: UpdateNowPlaying: force: True refreshQueue: False state: None overrideChecks: False time: None
2024-03-16 01:52:46.629 T:5072 debug : CVideoPlayer::ProcessVideoData size:43461 dts:17.226 pts:17.351 dur:41.000ms, clock:8.734 level:99
2024-03-16 01:52:46.655 T:5075 debug : CVideoPlayerVideo::OutputPicture - ttd:332ms pts:9.092 Clock:8.760 Level:6
2024-03-16 01:52:46.670 T:5072 debug : CVideoPlayer::ProcessVideoData size:18499 dts:17.267 pts:17.267 dur:41.000ms, clock:8.775 level:99
2024-03-16 01:52:46.698 T:5075 debug : CVideoPlayerVideo::OutputPicture - ttd:330ms pts:9.134 Clock:8.803 Level:6
2024-03-16 01:52:46.711 T:5072 debug : CVideoPlayer::ProcessVideoData size:37056 dts:17.309 pts:17.309 dur:41.000ms, clock:8.816 level:99
2024-03-16 01:52:46.740 T:5075 debug : CVideoPlayerVideo::OutputPicture - ttd:331ms pts:9.176 Clock:8.845 Level:6
2024-03-16 01:52:46.758 T:5072 debug : CVideoPlayer::ProcessVideoData size:92583 dts:17.351 pts:17.476 dur:41.000ms, clock:8.863 level:99
2024-03-16 01:52:46.781 T:5075 debug : CVideoPlayerVideo::OutputPicture - ttd:331ms pts:9.218 Clock:8.886 Level:6
2024-03-16 01:52:46.802 T:5072 debug : CVideoPlayer::ProcessVideoData size:17263 dts:17.392 pts:17.392 dur:41.000ms, clock:8.907 level:99
2024-03-16 01:52:46.823 T:5075 debug : CVideoPlayerVideo::OutputPicture - ttd:330ms pts:9.259 Clock:8.928 Level:6
2024-03-16 01:52:46.833 T:5072 debug : CVideoPlayer::ProcessVideoData size:17268 dts:17.434 pts:17.434 dur:41.000ms, clock:8.938 level:99
2024-03-16 01:52:46.865 T:5075 debug : CVideoPlayerVideo::OutputPicture - ttd:330ms pts:9.301 Clock:8.970 Level:6
2024-03-16 01:52:46.880 T:5072 debug : CVideoPlayer::ProcessVideoData size:39631 dts:17.476 pts:17.601 dur:41.000ms, clock:8.985 level:99
2024-03-16 01:52:46.908 T:5075 debug : CVideoPlayerVideo::OutputPicture - ttd:330ms pts:9.343 Clock:9.013 Level:6
2024-03-16 01:52:46.948 T:5075 debug : CVideoPlayerVideo::OutputPicture - ttd:330ms pts:9.384 Clock:9.054 Level:6
2024-03-16 01:52:46.961 T:5072 debug : CVideoPlayer::ProcessVideoData size:35017 dts:17.518 pts:17.518 dur:41.000ms, clock:9.066 level:99
2024-03-16 01:52:46.991 T:5075 debug : CVideoPlayerVideo::OutputPicture - ttd:329ms pts:9.426 Clock:9.096 Level:6
2024-03-16 01:52:47.002 T:5072 debug : CVideoPlayer::ProcessVideoData size:17291 dts:17.559 pts:17.559 dur:41.000ms, clock:9.107 level:99
2024-03-16 01:52:47.033 T:5075 debug : CVideoPlayerVideo::OutputPicture - ttd:329ms pts:9.468 Clock:9.138 Level:6
2024-03-16 01:52:47.060 T:5072 debug : CVideoPlayer::ProcessVideoData size:40527 dts:17.601 pts:17.726 dur:41.000ms, clock:9.165 level:99
2024-03-16 01:52:47.061 T:5072 debug : CVideoPlayer::ProcessVideoData size:17328 dts:17.643 pts:17.643 dur:41.000ms, clock:9.166 level:99
2024-03-16 01:52:47.075 T:5075 debug : CVideoPlayerVideo::OutputPicture - ttd:329ms pts:9.510 Clock:9.180 Level:6
