2024-03-16 01:52:54.912 T:5075 debug : CVideoPlayerVideo::OutputPicture - ttd:331ms pts:17.351 Clock:17.019 Level:6
2024-03-16 01:52:54.955 T:5075 debug : CVideoPlayerVideo::OutputPicture - ttd:330ms pts:17.392 Clock:17.061 Level:6
2024-03-16 01:52:54.966 T:5072 debug : CVideoPlayer::ProcessVideoData size:1282 dts:25.692 pts:25.817 dur:41.000ms, clock:17.073 level:92
2024-03-16 01:52:54.966 T:5072 debug : CVideoPlayer::ProcessVideoData size:8430 dts:25.734 pts:25.734 dur:41.000ms, clock:17.074 level:93
2024-03-16 01:52:54.967 T:5072 debug : CVideoPlayer::ProcessVideoData size:27641 dts:25.776 pts:25.776 dur:41.000ms, clock:17.074 level:93
2024-03-16 01:52:54.995 T:5075 debug : CVideoPlayerVideo::OutputPicture - ttd:331ms pts:17.434 Clock:17.102 Level:6
2024-03-16 01:52:55.037 T:5075 debug : CVideoPlayerVideo::OutputPicture - ttd:331ms pts:17.476 Clock:17.144 Level:6
2024-03-16 01:52:55.078 T:5075 debug : CVideoPlayerVideo::OutputPicture - ttd:332ms pts:17.518 Clock:17.185 Level:6
2024-03-16 01:52:55.104 T:5072 debug : CVideoPlayer::ProcessVideoData size:1282 dts:25.817 pts:25.943 dur:41.000ms, clock:17.211 level:93
2024-03-16 01:52:55.105 T:5072 debug : CVideoPlayer::ProcessVideoData size:8430 dts:25.859 pts:25.859 dur:41.000ms, clock:17.212 level:93
2024-03-16 01:52:55.105 T:5072 debug : CVideoPlayer::ProcessVideoData size:27641 dts:25.901 pts:25.901 dur:41.000ms, clock:17.212 level:94
2024-03-16 01:52:55.120 T:4916 info : script.plex: UpdateNowPlaying: force: True refreshQueue: False state: None overrideChecks: False time: None
2024-03-16 01:52:55.120 T:5075 debug : CVideoPlayerVideo::OutputPicture - ttd:331ms pts:17.559 Clock:17.227 Level:6
2024-03-16 01:52:55.153 T:4887 debug : PushCecKeypress - received key a8 duration 0
2024-03-16 01:52:55.162 T:4823 debug : HandleKey: 168 (0xa8, obc87) pressed, window 13007, action is Right
2024-03-16 01:52:55.165 T:5075 debug : CVideoPlayerVideo::OutputPicture - ttd:332ms pts:17.601 Clock:17.269 Level:5
2024-03-16 01:52:55.205 T:5075 debug : CVideoPlayerVideo::OutputPicture - ttd:331ms pts:17.643 Clock:17.312 Level:6
2024-03-16 01:52:55.206 T:5072 debug : CVideoPlayer::ProcessVideoData size:1282 dts:25.943 pts:26.068 dur:41.000ms, clock:17.314 level:93
2024-03-16 01:52:55.207 T:5072 debug : CVideoPlayer::ProcessVideoData size:8430 dts:25.984 pts:25.984 dur:41.000ms, clock:17.314 level:94
2024-03-16 01:52:55.207 T:5072 debug : CVideoPlayer::ProcessVideoData size:8455 dts:26.026 pts:26.026 dur:41.000ms, clock:17.315 level:94
2024-03-16 01:52:55.208 T:4895 info : script.plex: SeekHandler: offset=27157, settings_changed=False, seeking=2, state=playing
2024-03-16 01:52:55.208 T:4895 info : script.plex: New absolute player offset: 27157
2024-03-16 01:52:55.208 T:4895 info : script.plex: UpdateNowPlaying: force: False refreshQueue: False state: paused overrideChecks: False time: None
2024-03-16 01:52:55.210 T:4895 debug : requested setting (remotecontrol) was not found.
2024-03-16 01:52:55.222 T:4887 debug : PushCecKeypress - received key a8 duration 69
2024-03-16 01:52:55.245 T:4895 info : script.plex: SeekAbsolute: Seeking to 27157
2024-03-16 01:52:55.245 T:5075 debug : CVideoPlayerVideo::OutputPicture - ttd:331ms pts:17.684 Clock:17.352 Level:6
2024-03-16 01:52:55.248 T:5076 debug : CDVDAudio::Pause - pausing audio stream
2024-03-16 01:52:55.248 T:5072 debug : CDVDClock::SetSpeedAdjust - adjusted:0.000000
2024-03-16 01:52:55.248 T:5072 debug : demuxer seek to: 27157.000000
2024-03-16 01:52:55.249 T:5075 debug : CAMLCodec::SetSpeed, speed(0)
2024-03-16 01:52:55.252 T:5074 debug : CurlFile::CReadState::Connect - (0xe25c3138) Resume from position 61583454082
2024-03-16 01:52:55.286 T:5074 debug : CDoubleCache::Reset - (0xceb1e040) Cache miss for 61583454082 with new=61583855858-61583986930 and old=68517888-79003648
2024-03-16 01:52:55.286 T:5074 debug : CFileCache::Process - cache completely reset for seek to position 61583454082
2024-03-16 01:52:55.289 T:5075 debug : CVideoPlayerVideo::OutputPicture - ttd:370ms pts:17.726 Clock:17.355 Level:6
2024-03-16 01:52:55.302 T:5074 debug : CFileCache::Process - source read hit eof
2024-03-16 01:52:55.325 T:5072 debug : SeekTime - seek ended up on time 26.568
2024-03-16 01:52:55.325 T:5072 debug : demuxer seek to: 27157.000000, success
2024-03-16 01:52:55.325 T:5072 debug : CVideoPlayer::FlushBuffers - flushing buffers
2024-03-16 01:52:55.329 T:5075 debug : CVideoPlayerVideo::OutputPicture - ttd:412ms pts:17.768 Clock:17.355 Level:6
2024-03-16 01:52:55.337 T:5075 debug : CAMLCodec::Reset
2024-03-16 01:52:55.346 T:5076 debug : CDVDAudio::Flush - flush audio stream
2024-03-16 01:52:55.346 T:5076 debug : CDVDAudio::Pause - pausing audio stream
2024-03-16 01:52:55.397 T:5075 debug : CVideoPlayerVideo - CDVDMsg::GENERAL_SYNCHRONIZE
2024-03-16 01:52:55.397 T:5072 debug : Readrate 886000 was too low with 6601739 required
2024-03-16 01:52:55.397 T:5076 debug : CVideoPlayerAudio - CDVDMsg::GENERAL_SYNCHRONIZE
2024-03-16 01:52:55.403 T:5072 debug : CVideoPlayer - CDVDMsg::GENERAL_SYNCHRONIZE
2024-03-16 01:52:55.404 T:5072 debug : CVideoPlayer::ProcessVideoData size:31140 dts:18442240474082.180 pts:26.568 dur:41.000ms, clock:26.068 level:0
2024-03-16 01:52:55.405 T:5072 debug : CVideoPlayer::CheckContinuity - wrapback :2, prev:26568000.000000, curr:26485000.000000, diff:-83000.000000
2024-03-16 01:52:55.405 T:5072 debug : CVideoPlayer::ProcessVideoData size:8430 dts:26.485 pts:26.485 dur:41.000ms, clock:26.068 level:0
2024-03-16 01:52:55.405 T:5072 debug : CVideoPlayer::ProcessVideoData size:8455 dts:26.527 pts:26.527 dur:41.000ms, clock:26.068 level:0
2024-03-16 01:52:55.409 T:5075 debug : CVideoPlayerVideo - Stillframe left, switching to normal playback
2024-03-16 01:52:55.410 T:5072 debug : CVideoPlayer::ProcessVideoData size:1282 dts:26.568 pts:26.693 dur:41.000ms, clock:26.068 level:1
2024-03-16 01:52:55.410 T:5115 info : script.plex: API: Starting request: GET https://192-168-4-21.0ea8e66afe034a52b8064484ae0ea8b6.plex.direct:32400/:/timeline?time=27157&duration=10261292&state=paused&guid=plex%3A//movie/5d77682c8718ba001e31296e&ratingKey=75151&key=/library/metadata/75151&containerKey=/library/sections/11/all%3FincludeCollections%3D1%26sort%3DtitleSort%253Aasc%26X-Plex-Container-Size%3D240%26X-Plex-Container-Start%3D0&X-Plex-Token=**** (async=True timeout=5.0(5.0))
2024-03-16 01:52:55.410 T:5072 debug : CVideoPlayer::ProcessVideoData size:27616 dts:26.610 pts:26.610 dur:41.000ms, clock:26.068 level:1
2024-03-16 01:52:55.410 T:5072 debug : CVideoPlayer::ProcessVideoData size:8455 dts:26.652 pts:26.652 dur:41.000ms, clock:26.068 level:2
2024-03-16 01:52:55.413 T:5072 debug : CVideoPlayer::ProcessVideoData size:1282 dts:26.693 pts:26.818 dur:41.000ms, clock:26.068 level:0
2024-03-16 01:52:55.413 T:5072 debug : CVideoPlayer::ProcessVideoData size:8430 dts:26.735 pts:26.735 dur:41.000ms, clock:26.068 level:0
2024-03-16 01:52:55.413 T:5072 debug : CVideoPlayer::ProcessVideoData size:27641 dts:26.777 pts:26.777 dur:41.000ms, clock:26.068 level:0
2024-03-16 01:52:55.415 T:5072 debug : CVideoPlayer::ProcessVideoData size:1282 dts:26.818 pts:26.944 dur:41.000ms, clock:26.068 level:0
2024-03-16 01:52:55.415 T:5072 debug : CVideoPlayer::ProcessVideoData size:8430 dts:26.860 pts:26.860 dur:41.000ms, clock:26.068 level:0
2024-03-16 01:52:55.415 T:5072 debug : CVideoPlayer::ProcessVideoData size:8455 dts:26.902 pts:26.902 dur:41.000ms, clock:26.068 level:1
2024-03-16 01:52:55.417 T:4895 info : script.plex: Player - SEEK: 10000
2024-03-16 01:52:55.418 T:5072 debug : CVideoPlayer::ProcessVideoData size:1282 dts:26.944 pts:27.069 dur:41.000ms, clock:26.068 level:0
2024-03-16 01:52:55.419 T:5072 debug : CVideoPlayer::ProcessVideoData size:27616 dts:26.985 pts:26.985 dur:41.000ms, clock:26.068 level:0
2024-03-16 01:52:55.419 T:5072 debug : CVideoPlayer::ProcessVideoData size:8455 dts:27.027 pts:27.027 dur:41.000ms, clock:26.068 level:1
2024-03-16 01:52:55.427 T:5076 error : ffmpeg[0x3b604c0]: [truehd] too many audio samples in frame
2024-03-16 01:52:55.427 T:5076 error : ffmpeg[0x3b604c0]: [truehd] Invalid blocksize.
2024-03-16 01:52:55.427 T:5076 error : ffmpeg[0x3b604c0]: [truehd] too many audio samples in frame