2024-03-16 01:52:10.164 T:4895 info : script.plex: API: DEBUG: Using shortcut for hostname IP detection due to plex.direct host: 192-168-1-235.c60bf05493c740fdb039e341ac207549.plex.direct
2024-03-16 01:52:10.204 T:4895 info : script.plex: API: DEBUG: Using shortcut for hostname IP detection due to plex.direct host: 216-49-133-98.c60bf05493c740fdb039e341ac207549.plex.direct
2024-03-16 01:52:10.206 T:4895 info : script.plex: API: DEBUG: Using shortcut for hostname IP detection due to plex.direct host: 192-168-4-29.319a2e8ff5b94765975a0e13e90ca690.plex.direct
2024-03-16 01:52:10.246 T:4895 info : script.plex: API: Found IP 192.168.4.29 in local network (192.168.0.0/16) when checking https://192-168-4-29.319a2e8ff5b94765975a0e13e90ca690.plex.direct:32400. Ping: 4.641ms (max: 0.01s)
2024-03-16 01:52:10.247 T:4895 info : script.plex: API: DEBUG: Using shortcut for hostname IP detection due to plex.direct host: 172-31-200-1.319a2e8ff5b94765975a0e13e90ca690.plex.direct
2024-03-16 01:52:10.288 T:4895 info : script.plex: API: DEBUG: Using shortcut for hostname IP detection due to plex.direct host: 73-133-199-236.319a2e8ff5b94765975a0e13e90ca690.plex.direct
2024-03-16 01:52:10.289 T:4895 info : script.plex: API: DEBUG: We've already verified 192.168.4.29 (192.168.4.29) as local, skipping
2024-03-16 01:52:10.289 T:4895 info : script.plex: API: Loaded 4 servers from registry
2024-03-16 01:52:10.289 T:4895 info : script.plex: API: Updating reachability for preferred server: force=False
2024-03-16 01:52:10.289 T:4895 info : script.plex: API: Updating reachability for 'Mike TeaVee': conns=3, allowFallback=False
2024-03-16 01:52:10.290 T:4895 debug : requested setting (allow_insecure) was not found.
2024-03-16 01:52:10.290 T:4895 debug : requested setting (remotecontrol) was not found.
2024-03-16 01:52:10.292 T:4895 info : script.plex: API: DEBUG: Testing insecure connection for:
2024-03-16 01:52:10.292 T:4895 debug : requested setting (allow_insecure) was not found.
2024-03-16 01:52:10.293 T:4895 debug : requested setting (remotecontrol) was not found.
2024-03-16 01:52:10.294 T:4942 info : script.plex: API: Starting request: GET https://75-172-16-71.0ea8e66afe034a52b8064484ae0ea8b6.plex.direct:32400/ (async=True timeout=2.5(2.5))
2024-03-16 01:52:10.330 T:4942 info : script.plex: API: DEBUG: Dynamically resolving 75-172-16-71.0ea8e66afe034a52b8064484ae0ea8b6.plex.direct to 75.172.16.71
2024-03-16 01:52:10.330 T:4895 info : script.plex: API: DEBUG: Testing insecure connection for:
2024-03-16 01:52:10.330 T:4895 debug : requested setting (allow_insecure) was not found.
2024-03-16 01:52:10.331 T:4943 info : script.plex: API: Starting request: GET https://192-168-4-21.0ea8e66afe034a52b8064484ae0ea8b6.plex.direct:32400/ (async=True timeout=2.5(2.5))
2024-03-16 01:52:10.331 T:4895 info : script.plex: API: Insecure connections not allowed. Ignore insecure connection test for
2024-03-16 01:52:10.337 T:4895 debug : requested setting (gdm_discovery) was not found.
2024-03-16 01:52:10.338 T:4895 info : script.plex: API: Defer update reachability for all devices a few seconds: GDMactive=None
2024-03-16 01:52:10.343 T:4945 info : script.plex: API: DEBUG: Timer : STARTED
2024-03-16 01:52:10.371 T:4943 info : script.plex: API: DEBUG: Dynamically resolving 192-168-4-21.0ea8e66afe034a52b8064484ae0ea8b6.plex.direct to 192.168.4.21
2024-03-16 01:52:10.371 T:4895 info : script.plex: API: DEBUG: Verifying account...
2024-03-16 01:52:10.375 T:4895 debug : requested setting (remotecontrol) was not found.
2024-03-16 01:52:10.376 T:4946 info : script.plex: API: Starting request: GET https://plex.tv/users/account?X-Plex-Token=**** (async=True timeout=20)
2024-03-16 01:52:10.455 T:4944 info : script.plex: API: DEBUG: Reachability result for 'Mike TeaVee': http://192.168.4.21:32400 is insecure_untested
2024-03-16 01:52:10.496 T:4944 info : script.plex: API: DEBUG: Connection score: http://192.168.4.21:32400, 2
2024-03-16 01:52:10.496 T:4943 info : script.plex: API: DEBUG: Server information updated from reachability check:
2024-03-16 01:52:10.497 T:4944 info : script.plex: API: DEBUG: Connection score: https://192-168-4-21.0ea8e66afe034a52b8064484ae0ea8b6.plex.direct:32400, 3
2024-03-16 01:52:10.538 T:4943 info : script.plex: API: DEBUG: Reachability result for 'Mike TeaVee': https://192-168-4-21.0ea8e66afe034a52b8064484ae0ea8b6.plex.direct:32400 is reachable
2024-03-16 01:52:10.538 T:4943 info : script.plex: API: DEBUG: Connection score: http://192.168.4.21:32400, 2
2024-03-16 01:52:10.538 T:4943 info : script.plex: API: DEBUG: Connection score: https://192-168-4-21.0ea8e66afe034a52b8064484ae0ea8b6.plex.direct:32400, 7
2024-03-16 01:52:10.538 T:4943 info : script.plex: API: DEBUG: Connection score: https://75-172-16-71.0ea8e66afe034a52b8064484ae0ea8b6.plex.direct:32400, 1
2024-03-16 01:52:10.538 T:4943 info : script.plex: API: DEBUG: Using connection for 'Mike TeaVee' for now: https://192-168-4-21.0ea8e66afe034a52b8064484ae0ea8b6.plex.direct:32400
2024-03-16 01:52:10.538 T:4943 info : script.plex: API: Active connection for 'Mike TeaVee' is Connection: https://192-168-4-21.0ea8e66afe034a52b8064484ae0ea8b6.plex.direct:32400 local: True token: ****Z7Sk sources: MYPLEX state: reachable score: 7
2024-03-16 01:52:10.539 T:4943 info : script.plex: API: Setting selected server to
2024-03-16 01:52:10.539 T:4944 info : script.plex: API: DEBUG: Connection score: https://75-172-16-71.0ea8e66afe034a52b8064484ae0ea8b6.plex.direct:32400, 1
2024-03-16 01:52:10.539 T:4944 info : script.plex: API: DEBUG: Using connection for 'Mike TeaVee' for now: https://192-168-4-21.0ea8e66afe034a52b8064484ae0ea8b6.plex.direct:32400
2024-03-16 01:52:10.539 T:4944 info : script.plex: API: Active connection for 'Mike TeaVee' is Connection: https://192-168-4-21.0ea8e66afe034a52b8064484ae0ea8b6.plex.direct:32400 local: True token: ****Z7Sk sources: MYPLEX state: reachable score: 7
2024-03-16 01:52:10.543 T:4943 debug : requested setting (None.PlexServerManager) was not found.
2024-03-16 01:52:10.543 T:4943 debug : requested setting (auto_signin) was not found.
2024-03-16 01:52:10.543 T:4943 debug : requested setting (auto_skip_credits.55297929) was not found.
2024-03-16 01:52:10.543 T:4943 debug : requested setting (auto_skip_intro.55297929) was not found.
2024-03-16 01:52:10.543 T:4943 debug : requested setting (client.ID) was not found.
2024-03-16 01:52:10.543 T:4943 debug : requested setting (kiosk.mode) was not found.
2024-03-16 01:52:10.543 T:4943 debug : requested setting (lastServerId.55297929) was not found.
2024-03-16 01:52:10.543 T:4943 debug : requested setting (last_bg_url) was not found.
2024-03-16 01:52:10.543 T:4943 debug : requested setting (myplex.MyPlexAccount) was not found.
2024-03-16 01:52:10.543 T:4943 debug : requested setting (viewtype.0b3da76a06ce499c02c40c78e730e77757ed6916.11) was not found.
2024-03-16 01:52:10.543 T:4943 debug : requested setting (xml_cache.mpaResources) was not found.
2024-03-16 01:52:10.548 T:4943 debug : requested setting (None.PlexServerManager) was not found.
2024-03-16 01:52:10.548 T:4943 debug : requested setting (auto_signin) was not found.
2024-03-16 01:52:10.548 T:4943 debug : requested setting (auto_skip_credits.55297929) was not found.
2024-03-16 01:52:10.548 T:4943 debug : requested setting (auto_skip_intro.55297929) was not found.
2024-03-16 01:52:10.548 T:4943 debug : requested setting (client.ID) was not found.
2024-03-16 01:52:10.548 T:4943 debug : requested setting (kiosk.mode) was not found.
2024-03-16 01:52:10.548 T:4943 debug : requested setting (lastServerId.55297929) was not found.
2024-03-16 01:52:10.548 T:4943 debug : requested setting (last_bg_url) was not found.
2024-03-16 01:52:10.548 T:4943 debug : requested setting (myplex.MyPlexAccount) was not found.
2024-03-16 01:52:10.548 T:4943 debug : requested setting (viewtype.0b3da76a06ce499c02c40c78e730e77757ed6916.11) was not found.
2024-03-16 01:52:10.548 T:4943 debug : requested setting (xml_cache.mpaResources) was not found.
2024-03-16 01:52:11.372 T:4945 info : script.plex: API: Updating reachability for all devices: force=True
2024-03-16 01:52:11.372 T:4945 info : script.plex: API: Updating reachability for 'Mike TeaVee': conns=3, allowFallback=False
2024-03-16 01:52:11.372 T:4945 info : script.plex: API: DEBUG: Skip reachability test for Connection: https://75-172-16-71.0ea8e66afe034a52b8064484ae0ea8b6.plex.direct:32400 local: False token: ****Z7Sk sources: MYPLEX state: unknown score: 1 (has pending request)
2024-03-16 01:52:11.373 T:4945 info : script.plex: API: DEBUG: Skip reachability test for Connection: https://192-168-4-21.0ea8e66afe034a52b8064484ae0ea8b6.plex.direct:32400 local: True token: ****Z7Sk sources: MYPLEX state: reachable score: 7 (checked 0.8757219314575195 secs ago)
2024-03-16 01:52:11.373 T:4945 info : script.plex: API: DEBUG: Skip reachability test for Connection: http://192.168.4.21:32400 local: True token: ****Z7Sk sources: DISCOVERED state: insecure_untested score: 2 (checked 0.939903736114502 secs ago)
2024-03-16 01:52:11.373 T:4945 info : script.plex: API: Updating reachability for 'UnraidR5': conns=4, allowFallback=False
2024-03-16 01:52:11.373 T:4945 debug : requested setting (allow_insecure) was not found.
2024-03-16 01:52:11.374 T:4945 debug : requested setting (remotecontrol) was not found.
2024-03-16 01:52:11.414 T:4945 info : script.plex: API: DEBUG: Testing insecure connection for:
2024-03-16 01:52:11.414 T:4945 debug : requested setting (allow_insecure) was not found.
2024-03-16 01:52:11.415 T:4945 debug : requested setting (remotecontrol) was not found.
2024-03-16 01:52:11.416 T:4947 info : script.plex: API: Starting request: GET https://23-84-220-15.ba2de3a066d840e6980ab258d14be61c.plex.direct:32400/ (async=True timeout=2.5(2.5))
2024-03-16 01:52:11.455 T:4945 info : script.plex: API: DEBUG: Testing insecure connection for:
2024-03-16 01:52:11.456 T:4945 debug : requested setting (allow_insecure) was not found.
2024-03-16 01:52:11.457 T:4945 debug : requested setting (remotecontrol) was not found.
2024-03-16 01:52:11.457 T:4948 info : script.plex: API: Starting request: GET https://172-31-200-1.ba2de3a066d840e6980ab258d14be61c.plex.direct:32400/ (async=True timeout=2.5(2.5))
2024-03-16 01:52:11.458 T:4947 info : script.plex: API: DEBUG: Dynamically resolving 23-84-220-15.ba2de3a066d840e6980ab258d14be61c.plex.direct to 23.84.220.15
2024-03-16 01:52:11.498 T:4945 info : script.plex: API: DEBUG: Testing insecure connection for:
2024-03-16 01:52:11.499 T:4945 debug : requested setting (allow_insecure) was not found.
2024-03-16 01:52:11.499 T:4945 debug : requested setting (remotecontrol) was not found.
2024-03-16 01:52:11.500 T:4948 info : script.plex: API: DEBUG: Dynamically resolving 172-31-200-1.ba2de3a066d840e6980ab258d14be61c.plex.direct to 172.31.200.1
2024-03-16 01:52:11.500 T:4949 info : script.plex: API: Starting request: GET https://192-168-1-150.ba2de3a066d840e6980ab258d14be61c.plex.direct:32400/ (async=True timeout=2.5(2.5))
2024-03-16 01:52:11.542 T:4945 info : script.plex: API: DEBUG: Testing insecure connection for:
2024-03-16 01:52:11.542 T:4949 info : script.plex: API: DEBUG: Dynamically resolving 192-168-1-150.ba2de3a066d840e6980ab258d14be61c.plex.direct to 192.168.1.150
2024-03-16 01:52:11.542 T:4946 info : script.plex: API: DEBUG: Skipping home user update (updated 2081.5792903900146 seconds ago)
2024-03-16 01:52:11.542 T:4946 info : script.plex: API: Authenticated as 55297929:'MikeTeavee'
2024-03-16 01:52:11.542 T:4946 info : script.plex: API: SignedIn: True
2024-03-16 01:52:11.542 T:4946 info : script.plex: API: Offline: False
2024-03-16 01:52:11.542 T:4946 info : script.plex: API: Authenticated: True
2024-03-16 01:52:11.542 T:4946 info : script.plex: API: PlexPass: True
2024-03-16 01:52:11.542 T:4946 info : script.plex: API: Managed: False
2024-03-16 01:52:11.542 T:4946 info : script.plex: API: Protected: True
2024-03-16 01:52:11.542 T:4946 info : script.plex: API: Admin: True
2024-03-16 01:52:11.542 T:4946 info : script.plex: API: AdminPlexPass: True
2024-03-16 01:52:11.543 T:4945 info : script.plex: API: Updating reachability for 'SLATEIII': conns=2, allowFallback=False
2024-03-16 01:52:11.543 T:4950 info : script.plex: API: Starting request: GET https://172-18-0-1.ba2de3a066d840e6980ab258d14be61c.plex.direct:32400/ (async=True timeout=2.5(2.5))
2024-03-16 01:52:11.548 T:4946 debug : requested setting (None.PlexServerManager) was not found.
2024-03-16 01:52:11.548 T:4946 debug : requested setting (auto_signin) was not found.
2024-03-16 01:52:11.548 T:4946 debug : requested setting (auto_skip_credits.55297929) was not found.
2024-03-16 01:52:11.548 T:4946 debug : requested setting (auto_skip_intro.55297929) was not found.
2024-03-16 01:52:11.548 T:4946 debug : requested setting (client.ID) was not found.
2024-03-16 01:52:11.548 T:4946 debug : requested setting (kiosk.mode) was not found.
2024-03-16 01:52:11.548 T:4946 debug : requested setting (lastServerId.55297929) was not found.
2024-03-16 01:52:11.548 T:4946 debug : requested setting (last_bg_url) was not found.
2024-03-16 01:52:11.548 T:4946 debug : requested setting (myplex.MyPlexAccount) was not found.
2024-03-16 01:52:11.548 T:4946 debug : requested setting (viewtype.0b3da76a06ce499c02c40c78e730e77757ed6916.11) was not found.
2024-03-16 01:52:11.548 T:4946 debug : requested setting (xml_cache.mpaResources) was not found.
2024-03-16 01:52:11.551 T:4945 debug : requested setting (allow_insecure) was not found.
2024-03-16 01:52:11.552 T:4945 debug : requested setting (remotecontrol) was not found.
2024-03-16 01:52:11.581 T:4946 info : script.plex: API: MyPlexManager().publish() - NOT IMPLEMENTED
2024-03-16 01:52:11.581 T:4950 info : script.plex: API: DEBUG: Dynamically resolving 172-18-0-1.ba2de3a066d840e6980ab258d14be61c.plex.direct to 172.18.0.1
2024-03-16 01:52:11.581 T:4945 info : script.plex: API: DEBUG: Testing insecure connection for:
2024-03-16 01:52:11.581 T:4945 debug : requested setting (allow_insecure) was not found.
2024-03-16 01:52:11.582 T:4945 debug : requested setting (remotecontrol) was not found.
2024-03-16 01:52:11.583 T:4946 info : script.plex: API: DEBUG: User selected, refreshing resources (force=False)
2024-03-16 01:52:11.583 T:4946 debug : requested setting (gdm_discovery) was not found.
2024-03-16 01:52:11.583 T:4951 info : Skipped 1 duplicate messages..
2024-03-16 01:52:11.583 T:4951 info : script.plex: API: Starting request: GET https://216-49-133-98.c60bf05493c740fdb039e341ac207549.plex.direct:32400/ (async=True timeout=2.5(2.5))
2024-03-16 01:52:11.627 T:4946 info : script.plex: API: MyPlexManager().refreshResources() - Force: False
2024-03-16 01:52:11.628 T:4946 debug : requested setting (remotecontrol) was not found.
2024-03-16 01:52:11.628 T:4945 info : script.plex: API: DEBUG: Testing insecure connection for:
2024-03-16 01:52:11.628 T:4945 info : script.plex: API: Updating reachability for 'Arbiter': conns=4, allowFallback=False
2024-03-16 01:52:11.629 T:4945 debug : requested setting (allow_insecure) was not found.
2024-03-16 01:52:11.629 T:4945 debug : requested setting (remotecontrol) was not found.
2024-03-16 01:52:11.629 T:4952 info : script.plex: API: Starting request: GET https://192-168-1-235.c60bf05493c740fdb039e341ac207549.plex.direct:32400/ (async=True timeout=2.5(2.5))
2024-03-16 01:52:11.636 T:4951 info : script.plex: API: DEBUG: Dynamically resolving 216-49-133-98.c60bf05493c740fdb039e341ac207549.plex.direct to 216.49.133.98
2024-03-16 01:52:11.642 T:4946 debug : requested setting (manual_ip_0) was not found.
2024-03-16 01:52:11.643 T:4946 debug : requested setting (manual_ip_1) was not found.
2024-03-16 01:52:11.666 T:4945 info : script.plex: API: DEBUG: Testing insecure connection for:
2024-03-16 01:52:11.666 T:4945 debug : requested setting (allow_insecure) was not found.
2024-03-16 01:52:11.667 T:4945 debug : requested setting (remotecontrol) was not found.
2024-03-16 01:52:11.667 T:4955 info : script.plex: API: Starting request: GET https://73-133-199-236.319a2e8ff5b94765975a0e13e90ca690.plex.direct:21572/ (async=True timeout=2.5(2.5))
2024-03-16 01:52:11.668 T:4954 info : script.plex: API: Starting request: GET https://plex.tv/pms/resources?X-Plex-Token=****&includeHttps=1 (async=True timeout=20)
2024-03-16 01:52:11.675 T:4946 info : script.plex: API: DEBUG: No manual connections.
2024-03-16 01:52:11.675 T:4946 debug : requested setting (binge_mode.55297929) was not found.
2024-03-16 01:52:11.676 T:4946 debug : requested setting (show_intro_skip_early.55297929) was not found.
2024-03-16 01:52:11.676 T:4946 debug : requested setting (skip_post_play_tv.55297929) was not found.
2024-03-16 01:52:11.681 T:4952 info : script.plex: API: DEBUG: Dynamically resolving 192-168-1-235.c60bf05493c740fdb039e341ac207549.plex.direct to 192.168.1.235
2024-03-16 01:52:11.706 T:4945 info : script.plex: API: DEBUG: Testing insecure connection for:
2024-03-16 01:52:11.706 T:4945 debug : requested setting (allow_insecure) was not found.
2024-03-16 01:52:11.707 T:4945 debug : requested setting (remotecontrol) was not found.
2024-03-16 01:52:11.720 T:4956 info : script.plex: API: Starting request: GET https://172-31-200-1.319a2e8ff5b94765975a0e13e90ca690.plex.direct:32400/ (async=True timeout=2.5(2.5))
2024-03-16 01:52:11.739 T:4895 info : script.plex: Account initialized: 55297929
2024-03-16 01:52:11.751 T:4955 info : script.plex: API: DEBUG: Dynamically resolving 73-133-199-236.319a2e8ff5b94765975a0e13e90ca690.plex.direct to 73.133.199.236
2024-03-16 01:52:11.751 T:4945 info : script.plex: API: DEBUG: Testing insecure connection for:
2024-03-16 01:52:11.752 T:4945 debug : requested setting (allow_insecure) was not found.
2024-03-16 01:52:11.752 T:4945 info : script.plex: API: Insecure connections not allowed. Ignore insecure connection test for
2024-03-16 01:52:11.758 T:4957 info : script.plex: API: Starting request: GET https://192-168-4-29.319a2e8ff5b94765975a0e13e90ca690.plex.direct:32400/ (async=True timeout=2.5(2.5))
2024-03-16 01:52:11.758 T:4895 info : script.plex: Main: STARTING WITH SERVER:
2024-03-16 01:52:11.765 T:4956 info : script.plex: API: DEBUG: Dynamically resolving 172-31-200-1.319a2e8ff5b94765975a0e13e90ca690.plex.direct to 172.31.200.1
2024-03-16 01:52:11.789 T:4823 debug : Activating window ID: 13002
2024-03-16 01:52:11.789 T:4823 debug : ------ Window Deinit (/storage/.kodi/addons/script.plexmod/resources/skins/Main/1080i/script-plex-background.xml) ------
2024-03-16 01:52:11.789 T:4823 debug : ------ Window Init (/storage/.kodi/addons/script.plexmod/resources/skins/Main/1080i/script-plex-home.xml) ------
2024-03-16 01:52:11.789 T:4823 info : Loading skin file: /storage/.kodi/addons/script.plexmod/resources/skins/Main/1080i/script-plex-home.xml, load type: LOAD_ON_GUI_INIT
2024-03-16 01:52:11.876 T:4823 debug : [Warning] CGUITextureManager::GetTexturePath: could not find texture '-'
2024-03-16 01:52:11.880 T:4957 info : Skipped 8 duplicate messages..
2024-03-16 01:52:11.880 T:4957 info : script.plex: API: DEBUG: Dynamically resolving 192-168-4-29.319a2e8ff5b94765975a0e13e90ca690.plex.direct to 192.168.4.29
2024-03-16 01:52:11.881 T:4895 info : script.plex: Window opened: True
2024-03-16 01:52:11.881 T:4895 debug : requested setting (last_good_volume) was not found.
2024-03-16 01:52:11.881 T:4895 debug : requested setting (theme_music) was not found.
2024-03-16 01:52:11.882 T:4945 info : script.plex: API: DEBUG: Timer : FINISHED
2024-03-16 01:52:11.903 T:4869 debug : ffmpeg[0x2e1e1f0]: [image2] Custom AVIOContext makes no sense and will be ignored with AVFMT_NOFILE format.
2024-03-16 01:52:11.905 T:4823 debug : [Warning] CGUITextureManager::GetTexturePath: could not find texture '-'
2024-03-16 01:52:11.920 T:4958 info : script.plex: API: DEBUG: Reachability result for 'Arbiter': http://192.168.4.29:32400 is insecure_untested
2024-03-16 01:52:11.958 T:4958 info : script.plex: API: DEBUG: Connection score: http://192.168.4.29:32400, 2
2024-03-16 01:52:11.958 T:4947 info : script.plex: API: DEBUG: Server information updated from reachability check:
2024-03-16 01:52:11.964 T:4958 info : script.plex: API: DEBUG: Connection score: https://192-168-4-29.319a2e8ff5b94765975a0e13e90ca690.plex.direct:32400, 3
2024-03-16 01:52:11.964 T:4947 info : script.plex: API: DEBUG: Reachability result for 'UnraidR5': https://23-84-220-15.ba2de3a066d840e6980ab258d14be61c.plex.direct:32400 is reachable
2024-03-16 01:52:11.964 T:4947 info : script.plex: API: DEBUG: Connection score: https://172-18-0-1.ba2de3a066d840e6980ab258d14be61c.plex.direct:32400, 3
2024-03-16 01:52:11.973 T:4958 info : script.plex: API: DEBUG: Connection score: https://172-31-200-1.319a2e8ff5b94765975a0e13e90ca690.plex.direct:32400, 3
2024-03-16 01:52:11.974 T:4947 info : script.plex: API: DEBUG: Connection score: https://192-168-1-150.ba2de3a066d840e6980ab258d14be61c.plex.direct:32400, 3
2024-03-16 01:52:12.000 T:4958 info : script.plex: API: DEBUG: Connection score: https://73-133-199-236.319a2e8ff5b94765975a0e13e90ca690.plex.direct:21572, 1
2024-03-16 01:52:12.000 T:4958 info : script.plex: API: Active connection for 'Arbiter' is None
2024-03-16 01:52:12.000 T:4947 info : script.plex: API: DEBUG: Connection score: https://172-31-200-1.ba2de3a066d840e6980ab258d14be61c.plex.direct:32400, 3
2024-03-16 01:52:12.000 T:4947 info : script.plex: API: DEBUG: Connection score: https://23-84-220-15.ba2de3a066d840e6980ab258d14be61c.plex.direct:32400, 5
2024-03-16 01:52:12.000 T:4947 info : script.plex: API: DEBUG: Using connection for 'UnraidR5' for now: https://23-84-220-15.ba2de3a066d840e6980ab258d14be61c.plex.direct:32400
2024-03-16 01:52:12.000 T:4947 info : script.plex: API: Active connection for 'UnraidR5' is Connection: https://23-84-220-15.ba2de3a066d840e6980ab258d14be61c.plex.direct:32400 local: False token: ****z4u_ sources: MYPLEX state: reachable score: 5
2024-03-16 01:52:12.016 T:4868 debug : ffmpeg[0x27c5570]: [image2] Custom AVIOContext makes no sense and will be ignored with AVFMT_NOFILE format.
2024-03-16 01:52:12.082 T:4823 debug : ------ Window Deinit (Pointer.xml) ------
2024-03-16 01:52:12.126 T:4826 debug : Sink changed
2024-03-16 01:52:12.211 T:4895 info : script.plex: API: GET https://192-168-4-21.0ea8e66afe034a52b8064484ae0ea8b6.plex.direct:32400/playlists/all?X-Plex-Token=****
2024-03-16 01:52:12.228 T:4951 info : script.plex: API: DEBUG: Server information updated from reachability check:
2024-03-16 01:52:12.250 T:4951 info : script.plex: API: DEBUG: Reachability result for 'SLATEIII': https://216-49-133-98.c60bf05493c740fdb039e341ac207549.plex.direct:32400 is reachable
2024-03-16 01:52:12.250 T:4955 info : script.plex: API: DEBUG: Server information updated from reachability check:
2024-03-16 01:52:12.292 T:4955 info : script.plex: API: DEBUG: Reachability result for 'Arbiter': https://73-133-199-236.319a2e8ff5b94765975a0e13e90ca690.plex.direct:21572 is reachable
2024-03-16 01:52:12.292 T:4951 info : script.plex: API: DEBUG: Connection score: https://192-168-1-235.c60bf05493c740fdb039e341ac207549.plex.direct:32400, 3
2024-03-16 01:52:12.334 T:4955 info : script.plex: API: DEBUG: Connection score: http://192.168.4.29:32400, 2
2024-03-16 01:52:12.334 T:4951 info : script.plex: API: DEBUG: Connection score: https://216-49-133-98.c60bf05493c740fdb039e341ac207549.plex.direct:32400, 5
2024-03-16 01:52:12.386 T:4951 info : script.plex: API: DEBUG: Using connection for 'SLATEIII' for now: https://216-49-133-98.c60bf05493c740fdb039e341ac207549.plex.direct:32400
2024-03-16 01:52:12.386 T:4955 info : script.plex: API: DEBUG: Connection score: https://192-168-4-29.319a2e8ff5b94765975a0e13e90ca690.plex.direct:32400, 3
2024-03-16 01:52:12.420 T:4951 info : script.plex: API: Active connection for 'SLATEIII' is Connection: https://216-49-133-98.c60bf05493c740fdb039e341ac207549.plex.direct:32400 local: False token: ****7c5t sources: MYPLEX state: reachable score: 5
2024-03-16 01:52:12.420 T:4955 info : script.plex: API: DEBUG: Connection score: https://172-31-200-1.319a2e8ff5b94765975a0e13e90ca690.plex.direct:32400, 3
2024-03-16 01:52:12.456 T:4823 debug : ------ Window Init (/storage/.kodi/addons/script.plexmod/resources/skins/Main/1080i/script-plex-busy.xml) ------
2024-03-16 01:52:12.456 T:4823 info : Loading skin file: /storage/.kodi/addons/script.plexmod/resources/skins/Main/1080i/script-plex-busy.xml, load type: LOAD_ON_GUI_INIT
2024-03-16 01:52:12.462 T:4955 info : script.plex: API: DEBUG: Connection score: https://73-133-199-236.319a2e8ff5b94765975a0e13e90ca690.plex.direct:21572, 5
2024-03-16 01:52:12.463 T:4823 debug : Alignment of external buffer is not suitable for ffmpeg intrinsics - please fix your malloc
2024-03-16 01:52:12.463 T:4823 info : Skipped 1 duplicate messages..
2024-03-16 01:52:12.463 T:4823 debug : Error [-541478725] while reading frame: Unknown error 541478725
2024-03-16 01:52:12.509 T:4955 info : script.plex: API: DEBUG: Using connection for 'Arbiter' for now: https://73-133-199-236.319a2e8ff5b94765975a0e13e90ca690.plex.direct:21572
2024-03-16 01:52:12.543 T:4955 info : script.plex: API: Active connection for 'Arbiter' is Connection: https://73-133-199-236.319a2e8ff5b94765975a0e13e90ca690.plex.direct:21572 local: False token: ****DSPs sources: MYPLEX state: reachable score: 5
2024-03-16 01:52:12.645 T:4895 info : script.plex: API: GET https://192-168-4-21.0ea8e66afe034a52b8064484ae0ea8b6.plex.direct:32400/library/?X-Plex-Token=****
2024-03-16 01:52:12.667 T:4954 info : script.plex: API: DEBUG: Using shortcut for hostname IP detection due to plex.direct host: 192-168-4-21.0ea8e66afe034a52b8064484ae0ea8b6.plex.direct
2024-03-16 01:52:12.726 T:4954 info : script.plex: API: DEBUG: We've already verified 192-168-4-21.0ea8e66afe034a52b8064484ae0ea8b6.plex.direct (192.168.4.21) as local, skipping
2024-03-16 01:52:12.757 T:4954 info : script.plex: API: DEBUG: Using shortcut for hostname IP detection due to plex.direct host: 75-172-16-71.0ea8e66afe034a52b8064484ae0ea8b6.plex.direct
2024-03-16 01:52:12.794 T:4954 info : script.plex: API: DEBUG: We've already verified 75-172-16-71.0ea8e66afe034a52b8064484ae0ea8b6.plex.direct (75.172.16.71) as remote, skipping
2024-03-16 01:52:12.848 T:4954 info : script.plex: API: DEBUG: Secure connection https://192-168-4-21.0ea8e66afe034a52b8064484ae0ea8b6.plex.direct:32400 has a locally reachable IP, add it to the checklist
2024-03-16 01:52:12.876 T:4942 info : script.plex: API: WARNING: Request to https://75-172-16-71.0ea8e66afe034a52b8064484ae0ea8b6.plex.direct:32400/ timed out after 2.5(2.5) sec
2024-03-16 01:52:12.877 T:4954 info : script.plex: API: DEBUG: Using shortcut for hostname IP detection due to plex.direct host: 172-18-0-1.ba2de3a066d840e6980ab258d14be61c.plex.direct
2024-03-16 01:52:12.920 T:4942 info : script.plex: API: DEBUG: Reachability result for 'Mike TeaVee': https://75-172-16-71.0ea8e66afe034a52b8064484ae0ea8b6.plex.direct:32400 is unreachable
2024-03-16 01:52:12.957 T:4942 info : script.plex: API: DEBUG: Connection score: http://192.168.4.21:32400, 2
2024-03-16 01:52:12.957 T:4942 info : script.plex: API: DEBUG: Connection score: https://192-168-4-21.0ea8e66afe034a52b8064484ae0ea8b6.plex.direct:32400, 7
2024-03-16 01:52:12.958 T:4942 info : script.plex: API: DEBUG: Connection score: https://75-172-16-71.0ea8e66afe034a52b8064484ae0ea8b6.plex.direct:32400, 1
2024-03-16 01:52:12.958 T:4942 info : script.plex: API: DEBUG: Using connection for 'Mike TeaVee' for now: https://192-168-4-21.0ea8e66afe034a52b8064484ae0ea8b6.plex.direct:32400
2024-03-16 01:52:12.958 T:4942 info : script.plex: API: Active connection for 'Mike TeaVee' is Connection: https://192-168-4-21.0ea8e66afe034a52b8064484ae0ea8b6.plex.direct:32400 local: True token: ****Z7Sk sources: MYPLEX state: reachable score: 7
2024-03-16 01:52:12.964 T:4954 info : script.plex: API: DEBUG: Using shortcut for hostname IP detection due to plex.direct host: 192-168-1-150.ba2de3a066d840e6980ab258d14be61c.plex.direct
2024-03-16 01:52:12.975 T:4895 info : script.plex: API: GET https://192-168-4-21.0ea8e66afe034a52b8064484ae0ea8b6.plex.direct:32400/library/sections?X-Plex-Token=****
2024-03-16 01:52:13.042 T:4954 info : script.plex: API: DEBUG: Using shortcut for hostname IP detection due to plex.direct host: 172-31-200-1.ba2de3a066d840e6980ab258d14be61c.plex.direct
2024-03-16 01:52:13.127 T:4954 info : script.plex: API: DEBUG: Using shortcut for hostname IP detection due to plex.direct host: 23-84-220-15.ba2de3a066d840e6980ab258d14be61c.plex.direct
2024-03-16 01:52:13.127 T:4960 info : script.plex: BGThreader: (queue.0:worker.0): Active
2024-03-16 01:52:13.166 T:4954 info : script.plex: API: DEBUG: We've already verified 23-84-220-15.ba2de3a066d840e6980ab258d14be61c.plex.direct (23.84.220.15) as remote, skipping
2024-03-16 01:52:13.168 T:4954 info : script.plex: API: DEBUG: Using shortcut for hostname IP detection due to plex.direct host: 192-168-1-235.c60bf05493c740fdb039e341ac207549.plex.direct
2024-03-16 01:52:13.169 T:4962 info : script.plex: BGThreader: (queue.0:worker.2): Active
2024-03-16 01:52:13.191 T:4960 info : script.plex: API: GET https://192-168-4-21.0ea8e66afe034a52b8064484ae0ea8b6.plex.direct:32400/hubs?count=10&includeMarkers=1&X-Plex-Token=****
2024-03-16 01:52:13.213 T:4954 info : script.plex: API: DEBUG: Using shortcut for hostname IP detection due to plex.direct host: 216-49-133-98.c60bf05493c740fdb039e341ac207549.plex.direct
2024-03-16 01:52:13.213 T:4954 info : script.plex: API: DEBUG: We've already verified 216-49-133-98.c60bf05493c740fdb039e341ac207549.plex.direct (216.49.133.98) as remote, skipping
2024-03-16 01:52:13.214 T:4954 info : script.plex: API: DEBUG: Using shortcut for hostname IP detection due to plex.direct host: 192-168-4-29.319a2e8ff5b94765975a0e13e90ca690.plex.direct
2024-03-16 01:52:13.214 T:4954 info : script.plex: API: DEBUG: We've already verified 192-168-4-29.319a2e8ff5b94765975a0e13e90ca690.plex.direct (192.168.4.29) as local, skipping
2024-03-16 01:52:13.219 T:4954 info : script.plex: API: DEBUG: Using shortcut for hostname IP detection due to plex.direct host: 172-31-200-1.319a2e8ff5b94765975a0e13e90ca690.plex.direct
2024-03-16 01:52:13.219 T:4962 info : script.plex: API: GET https://192-168-4-21.0ea8e66afe034a52b8064484ae0ea8b6.plex.direct:32400/playlists/all?playlistType=audio&includeMarkers=1&X-Plex-Container-Size=10&X-Plex-Container-Start=0&X-Plex-Token=****
2024-03-16 01:52:13.233 T:4961 info : script.plex: BGThreader: (queue.0:worker.1): Active
2024-03-16 01:52:13.250 T:4961 info : script.plex: API: GET https://192-168-4-21.0ea8e66afe034a52b8064484ae0ea8b6.plex.direct:32400/hubs/sections/5?count=10&includeMarkers=1&X-Plex-Token=****
2024-03-16 01:52:13.344 T:4954 info : script.plex: API: DEBUG: Using shortcut for hostname IP detection due to plex.direct host: 73-133-199-236.319a2e8ff5b94765975a0e13e90ca690.plex.direct
2024-03-16 01:52:13.402 T:4954 info : script.plex: API: DEBUG: We've already verified 73-133-199-236.319a2e8ff5b94765975a0e13e90ca690.plex.direct (73.133.199.236) as remote, skipping
2024-03-16 01:52:13.420 T:4954 info : script.plex: API: DEBUG: Secure connection https://192-168-4-29.319a2e8ff5b94765975a0e13e90ca690.plex.direct:32400 has a locally reachable IP, add it to the checklist
2024-03-16 01:52:13.426 T:4954 debug : requested setting (None.PlexServerManager) was not found.
2024-03-16 01:52:13.426 T:4954 debug : requested setting (auto_signin) was not found.
2024-03-16 01:52:13.426 T:4954 debug : requested setting (auto_skip_credits.55297929) was not found.
2024-03-16 01:52:13.426 T:4954 debug : requested setting (auto_skip_intro.55297929) was not found.
2024-03-16 01:52:13.426 T:4954 debug : requested setting (client.ID) was not found.
2024-03-16 01:52:13.426 T:4954 debug : requested setting (kiosk.mode) was not found.
2024-03-16 01:52:13.426 T:4954 debug : requested setting (lastServerId.55297929) was not found.
2024-03-16 01:52:13.426 T:4954 debug : requested setting (last_bg_url) was not found.
2024-03-16 01:52:13.426 T:4954 debug : requested setting (myplex.MyPlexAccount) was not found.
2024-03-16 01:52:13.426 T:4954 debug : requested setting (viewtype.0b3da76a06ce499c02c40c78e730e77757ed6916.11) was not found.
2024-03-16 01:52:13.427 T:4954 debug : requested setting (xml_cache.mpaResources) was not found.
2024-03-16 01:52:13.461 T:4954 info : script.plex: API: DEBUG: Saved resources response to registry
2024-03-16 01:52:13.470 T:4954 info : script.plex: API: DEBUG: Parsed resource from plex.tv: type:None clientIdentifier:0b3da76a06ce499c02c40c78e730e77757ed6916 name:b'Mike TeaVee' product:b'Plex Media Server' provides:b'server'
2024-03-16 01:52:13.470 T:4954 info : script.plex: API: DEBUG: Connection: https://75-172-16-71.0ea8e66afe034a52b8064484ae0ea8b6.plex.direct:32400 local: False token: ****Z7Sk sources: MYPLEX state: unknown score: 1
2024-03-16 01:52:13.470 T:4954 info : script.plex: API: DEBUG: Connection: https://192-168-4-21.0ea8e66afe034a52b8064484ae0ea8b6.plex.direct:32400 local: True token: ****Z7Sk sources: MYPLEX state: unknown score: 3
2024-03-16 01:52:13.470 T:4954 info : script.plex: API: DEBUG: Connection: http://192.168.4.21:32400 local: True token: ****Z7Sk sources: DISCOVERED state: unknown score: 2
2024-03-16 01:52:13.470 T:4954 info : script.plex: API: DEBUG:
2024-03-16 01:52:13.471 T:4954 info : script.plex: API: DEBUG: Parsed resource from plex.tv: type:None clientIdentifier:91eff9fca18a9696bcc94386d1b79371b77063f5 name:b'UnraidR5' product:b'Plex Media Server' provides:b'server'
2024-03-16 01:52:13.499 T:4823 debug : ------ Window Deinit (/storage/.kodi/addons/script.plexmod/resources/skins/Main/1080i/script-plex-busy.xml) ------
2024-03-16 01:52:13.505 T:4954 info : script.plex: API: DEBUG: Connection: https://23-84-220-15.ba2de3a066d840e6980ab258d14be61c.plex.direct:32400 local: False token: ****z4u_ sources: MYPLEX state: unknown score: 1
2024-03-16 01:52:13.560 T:4954 info : script.plex: API: DEBUG: Connection: https://172-31-200-1.ba2de3a066d840e6980ab258d14be61c.plex.direct:32400 local: True token: ****z4u_ sources: MYPLEX state: unknown score: 3
2024-03-16 01:52:13.627 T:4895 info : script.plex: Cron: Receiver added:
2024-03-16 01:52:13.627 T:4895 debug : requested setting (hubs_bifurcation_lines) was not found.
2024-03-16 01:52:13.633 T:4954 info : script.plex: API: DEBUG: Connection: https://192-168-1-150.ba2de3a066d840e6980ab258d14be61c.plex.direct:32400 local: True token: ****z4u_ sources: MYPLEX state: unknown score: 3
2024-03-16 01:52:13.677 T:4954 info : script.plex: API: DEBUG: Connection: https://172-18-0-1.ba2de3a066d840e6980ab258d14be61c.plex.direct:32400 local: True token: ****z4u_ sources: MYPLEX state: unknown score: 3
2024-03-16 01:52:13.687 T:4954 info : script.plex: API: DEBUG:
2024-03-16 01:52:13.688 T:4962 info : script.plex: API: GET https://192-168-4-21.0ea8e66afe034a52b8064484ae0ea8b6.plex.direct:32400/playlists/all?playlistType=video&includeMarkers=1&X-Plex-Container-Size=10&X-Plex-Container-Start=0&X-Plex-Token=****
2024-03-16 01:52:13.713 T:4954 info : script.plex: API: DEBUG: Parsed resource from plex.tv: type:None clientIdentifier:16795b2fdba45b8e4246f757105f8e01c6382d69 name:b'SLATEIII' product:b'Plex Media Server' provides:b'server'
2024-03-16 01:52:13.714 T:4954 info : script.plex: API: DEBUG: Connection: https://216-49-133-98.c60bf05493c740fdb039e341ac207549.plex.direct:32400 local: False token: ****7c5t sources: MYPLEX state: unknown score: 1
2024-03-16 01:52:13.714 T:4954 info : script.plex: API: DEBUG: Connection: https://192-168-1-235.c60bf05493c740fdb039e341ac207549.plex.direct:32400 local: True token: ****7c5t sources: MYPLEX state: unknown score: 3
2024-03-16 01:52:13.714 T:4954 info : script.plex: API: DEBUG:
2024-03-16 01:52:13.714 T:4954 info : script.plex: API: DEBUG: Parsed resource from plex.tv: type:None clientIdentifier:3d2987218263f19c06e12e5a06cc3aa1f0980d58 name:b'Arbiter' product:b'Plex Media Server' provides:b'server'
2024-03-16 01:52:13.714 T:4954 info : script.plex: API: DEBUG: Connection: https://73-133-199-236.319a2e8ff5b94765975a0e13e90ca690.plex.direct:21572 local: False token: ****DSPs sources: MYPLEX state: unknown score: 1
2024-03-16 01:52:13.714 T:4954 info : script.plex: API: DEBUG: Connection: https://172-31-200-1.319a2e8ff5b94765975a0e13e90ca690.plex.direct:32400 local: True token: ****DSPs sources: MYPLEX state: unknown score: 3
2024-03-16 01:52:13.714 T:4954 info : script.plex: API: DEBUG: Connection: https://192-168-4-29.319a2e8ff5b94765975a0e13e90ca690.plex.direct:32400 local: True token: ****DSPs sources: MYPLEX state: unknown score: 3
2024-03-16 01:52:13.717 T:4961 info : script.plex: API: GET https://192-168-4-21.0ea8e66afe034a52b8064484ae0ea8b6.plex.direct:32400/hubs/sections/14?count=10&includeMarkers=1&X-Plex-Token=****
2024-03-16 01:52:13.759 T:4954 info : script.plex: API: DEBUG: Connection: http://192.168.4.29:32400 local: True token: ****DSPs sources: DISCOVERED state: unknown score: 2
2024-03-16 01:52:13.795 T:4962 info : script.plex: API: GET https://192-168-4-21.0ea8e66afe034a52b8064484ae0ea8b6.plex.direct:32400/hubs/sections/1?count=10&includeMarkers=1&X-Plex-Token=****
2024-03-16 01:52:13.806 T:4954 info : script.plex: API: DEBUG:
2024-03-16 01:52:13.806 T:4954 info : script.plex: API: DEBUG: Parsed resource from plex.tv: type:None clientIdentifier:934853bd3a89be9c-com-plexapp-android name:b'SHIELD Android TV' product:b'Plex for Android (TV)' provides:b'player,pubsub-player,controller'
2024-03-16 01:52:13.807 T:4954 info : script.plex: API: DEBUG: Merged 'Mike TeaVee'
2024-03-16 01:52:13.810 T:4954 info : script.plex: API: DEBUG: Merged 'UnraidR5'
2024-03-16 01:52:13.810 T:4954 info : script.plex: API: DEBUG: Merged 'SLATEIII'
2024-03-16 01:52:13.810 T:4954 info : script.plex: API: DEBUG: Merged 'Arbiter'
2024-03-16 01:52:13.810 T:4954 info : script.plex: API: Updating reachability for preferred server: force=True
2024-03-16 01:52:13.811 T:4954 info : script.plex: API: Updating reachability for 'Mike TeaVee': conns=3, allowFallback=False
2024-03-16 01:52:13.825 T:4954 info : script.plex: API: DEBUG: Skip reachability test for Connection: https://75-172-16-71.0ea8e66afe034a52b8064484ae0ea8b6.plex.direct:32400 local: False token: ****Z7Sk sources: MYPLEX state: unreachable score: 1 (checked 0.9342436790466309 secs ago)
2024-03-16 01:52:13.835 T:4954 info : script.plex: API: DEBUG: Skip reachability test for Connection: https://192-168-4-21.0ea8e66afe034a52b8064484ae0ea8b6.plex.direct:32400 local: True token: ****Z7Sk sources: MYPLEX state: reachable score: 7 (checked 3.314070224761963 secs ago)
2024-03-16 01:52:13.835 T:4954 info : script.plex: API: DEBUG: Skip reachability test for Connection: http://192.168.4.21:32400 local: True token: ****Z7Sk sources: DISCOVERED state: insecure_untested score: 2 (checked 3.3782520294189453 secs ago)
2024-03-16 01:52:13.876 T:4954 debug : requested setting (gdm_discovery) was not found.
2024-03-16 01:52:13.936 T:4963 info : script.plex: API: DEBUG: Timer : STARTED
2024-03-16 01:52:13.937 T:4954 info : script.plex: API: Defer update reachability for all devices a few seconds: GDMactive=True
2024-03-16 01:52:13.938 T:4960 info : script.plex: Showing hubs - Section: None - Update: False
2024-03-16 01:52:13.947 T:4954 debug : requested setting (None.PlexServerManager) was not found.
2024-03-16 01:52:13.947 T:4954 debug : requested setting (auto_signin) was not found.
2024-03-16 01:52:13.947 T:4954 debug : requested setting (auto_skip_credits.55297929) was not found.
2024-03-16 01:52:13.947 T:4954 debug : requested setting (auto_skip_intro.55297929) was not found.
2024-03-16 01:52:13.948 T:4954 debug : requested setting (client.ID) was not found.
2024-03-16 01:52:13.948 T:4954 debug : requested setting (kiosk.mode) was not found.
2024-03-16 01:52:13.948 T:4954 debug : requested setting (lastServerId.55297929) was not found.
2024-03-16 01:52:13.948 T:4954 debug : requested setting (last_bg_url) was not found.
2024-03-16 01:52:13.948 T:4954 debug : requested setting (myplex.MyPlexAccount) was not found.
2024-03-16 01:52:13.948 T:4954 debug : requested setting (viewtype.0b3da76a06ce499c02c40c78e730e77757ed6916.11) was not found.
2024-03-16 01:52:13.948 T:4954 debug : requested setting (xml_cache.mpaResources) was not found.
2024-03-16 01:52:13.949 T:4960 info : script.plex: HUB: home.continue [home.continue](10, None)
2024-03-16 01:52:14.046 T:4948 info : script.plex: API: WARNING: Request to https://172-31-200-1.ba2de3a066d840e6980ab258d14be61c.plex.direct:32400/ timed out after 2.5(2.5) sec
2024-03-16 01:52:14.046 T:4948 info : script.plex: API: DEBUG: Reachability result for 'UnraidR5': https://172-31-200-1.ba2de3a066d840e6980ab258d14be61c.plex.direct:32400 is unreachable
2024-03-16 01:52:14.046 T:4948 info : script.plex: API: DEBUG: Connection score: https://172-18-0-1.ba2de3a066d840e6980ab258d14be61c.plex.direct:32400, 3
2024-03-16 01:52:14.046 T:4948 info : script.plex: API: DEBUG: Connection score: https://192-168-1-150.ba2de3a066d840e6980ab258d14be61c.plex.direct:32400, 3
2024-03-16 01:52:14.046 T:4948 info : script.plex: API: DEBUG: Connection score: https://172-31-200-1.ba2de3a066d840e6980ab258d14be61c.plex.direct:32400, 3
2024-03-16 01:52:14.046 T:4948 info : script.plex: API: DEBUG: Connection score: https://23-84-220-15.ba2de3a066d840e6980ab258d14be61c.plex.direct:32400, 5
2024-03-16 01:52:14.051 T:4948 info : script.plex: API: DEBUG: Using connection for 'UnraidR5' for now: https://23-84-220-15.ba2de3a066d840e6980ab258d14be61c.plex.direct:32400
2024-03-16 01:52:14.051 T:4948 info : script.plex: API: Active connection for 'UnraidR5' is Connection: https://23-84-220-15.ba2de3a066d840e6980ab258d14be61c.plex.direct:32400 local: False token: ****z4u_ sources: MYPLEX state: reachable score: 5
2024-03-16 01:52:14.089 T:4949 info : script.plex: API: WARNING: Request to https://192-168-1-150.ba2de3a066d840e6980ab258d14be61c.plex.direct:32400/ timed out after 2.5(2.5) sec
2024-03-16 01:52:14.089 T:4949 info : script.plex: API: DEBUG: Reachability result for 'UnraidR5': https://192-168-1-150.ba2de3a066d840e6980ab258d14be61c.plex.direct:32400 is unreachable
2024-03-16 01:52:14.089 T:4949 info : script.plex: API: DEBUG: Connection score: https://172-18-0-1.ba2de3a066d840e6980ab258d14be61c.plex.direct:32400, 3
2024-03-16 01:52:14.089 T:4949 info : script.plex: API: DEBUG: Connection score: https://192-168-1-150.ba2de3a066d840e6980ab258d14be61c.plex.direct:32400, 3
2024-03-16 01:52:14.089 T:4949 info : script.plex: API: DEBUG: Connection score: https://172-31-200-1.ba2de3a066d840e6980ab258d14be61c.plex.direct:32400, 3
2024-03-16 01:52:14.089 T:4949 info : script.plex: API: DEBUG: Connection score: https://23-84-220-15.ba2de3a066d840e6980ab258d14be61c.plex.direct:32400, 5
2024-03-16 01:52:14.089 T:4949 info : script.plex: API: DEBUG: Using connection for 'UnraidR5' for now: https://23-84-220-15.ba2de3a066d840e6980ab258d14be61c.plex.direct:32400
2024-03-16 01:52:14.094 T:4949 info : script.plex: API: Active connection for 'UnraidR5' is Connection: https://23-84-220-15.ba2de3a066d840e6980ab258d14be61c.plex.direct:32400 local: False token: ****z4u_ sources: MYPLEX state: reachable score: 5
2024-03-16 01:52:14.195 T:4950 info : script.plex: API: WARNING: Request to https://172-18-0-1.ba2de3a066d840e6980ab258d14be61c.plex.direct:32400/ timed out after 2.5(2.5) sec
2024-03-16 01:52:14.195 T:4950 info : script.plex: API: DEBUG: Reachability result for 'UnraidR5': https://172-18-0-1.ba2de3a066d840e6980ab258d14be61c.plex.direct:32400 is unreachable
2024-03-16 01:52:14.209 T:4950 info : script.plex: API: DEBUG: Connection score: https://172-18-0-1.ba2de3a066d840e6980ab258d14be61c.plex.direct:32400, 3
2024-03-16 01:52:14.209 T:4950 info : script.plex: API: DEBUG: Connection score: https://192-168-1-150.ba2de3a066d840e6980ab258d14be61c.plex.direct:32400, 3
2024-03-16 01:52:14.209 T:4950 info : script.plex: API: DEBUG: Connection score: https://172-31-200-1.ba2de3a066d840e6980ab258d14be61c.plex.direct:32400, 3
2024-03-16 01:52:14.210 T:4950 info : script.plex: API: DEBUG: Connection score: https://23-84-220-15.ba2de3a066d840e6980ab258d14be61c.plex.direct:32400, 5
2024-03-16 01:52:14.210 T:4950 info : script.plex: API: DEBUG: Using connection for 'UnraidR5' for now: https://23-84-220-15.ba2de3a066d840e6980ab258d14be61c.plex.direct:32400
2024-03-16 01:52:14.231 T:4950 info : script.plex: API: Active connection for 'UnraidR5' is Connection: https://23-84-220-15.ba2de3a066d840e6980ab258d14be61c.plex.direct:32400 local: False token: ****z4u_ sources: MYPLEX state: reachable score: 5
2024-03-16 01:52:14.237 T:4952 info : script.plex: API: WARNING: Request to https://192-168-1-235.c60bf05493c740fdb039e341ac207549.plex.direct:32400/ timed out after 2.5(2.5) sec
2024-03-16 01:52:14.237 T:4952 info : script.plex: API: DEBUG: Reachability result for 'SLATEIII': https://192-168-1-235.c60bf05493c740fdb039e341ac207549.plex.direct:32400 is unreachable
2024-03-16 01:52:14.237 T:4952 info : script.plex: API: DEBUG: Connection score: https://192-168-1-235.c60bf05493c740fdb039e341ac207549.plex.direct:32400, 3
2024-03-16 01:52:14.253 T:4952 info : script.plex: API: DEBUG: Connection score: https://216-49-133-98.c60bf05493c740fdb039e341ac207549.plex.direct:32400, 5
2024-03-16 01:52:14.295 T:4952 info : script.plex: API: DEBUG: Using connection for 'SLATEIII' for now: https://216-49-133-98.c60bf05493c740fdb039e341ac207549.plex.direct:32400
2024-03-16 01:52:14.295 T:4952 info : script.plex: API: Active connection for 'SLATEIII' is Connection: https://216-49-133-98.c60bf05493c740fdb039e341ac207549.plex.direct:32400 local: False token: ****7c5t sources: MYPLEX state: reachable score: 5
2024-03-16 01:52:14.321 T:4956 info : script.plex: API: WARNING: Request to https://172-31-200-1.319a2e8ff5b94765975a0e13e90ca690.plex.direct:32400/ timed out after 2.5(2.5) sec
2024-03-16 01:52:14.333 T:4956 info : script.plex: API: DEBUG: Reachability result for 'Arbiter': https://172-31-200-1.319a2e8ff5b94765975a0e13e90ca690.plex.direct:32400 is unreachable
2024-03-16 01:52:14.380 T:4956 info : script.plex: API: DEBUG: Connection score: http://192.168.4.29:32400, 2
2024-03-16 01:52:14.380 T:4956 info : script.plex: API: DEBUG: Connection score: https://192-168-4-29.319a2e8ff5b94765975a0e13e90ca690.plex.direct:32400, 3
2024-03-16 01:52:14.380 T:4956 info : script.plex: API: DEBUG: Connection score: https://172-31-200-1.319a2e8ff5b94765975a0e13e90ca690.plex.direct:32400, 3
2024-03-16 01:52:14.385 T:4956 info : script.plex: API: DEBUG: Connection score: https://73-133-199-236.319a2e8ff5b94765975a0e13e90ca690.plex.direct:21572, 5
2024-03-16 01:52:14.386 T:4956 info : script.plex: API: DEBUG: Using connection for 'Arbiter' for now: https://73-133-199-236.319a2e8ff5b94765975a0e13e90ca690.plex.direct:21572
2024-03-16 01:52:14.386 T:4956 info : script.plex: API: Active connection for 'Arbiter' is Connection: https://73-133-199-236.319a2e8ff5b94765975a0e13e90ca690.plex.direct:21572 local: False token: ****DSPs sources: MYPLEX state: reachable score: 5
2024-03-16 01:52:14.412 T:4957 info : script.plex: API: WARNING: Request to https://192-168-4-29.319a2e8ff5b94765975a0e13e90ca690.plex.direct:32400/ timed out after 2.5(2.5) sec
2024-03-16 01:52:14.412 T:4957 info : script.plex: API: DEBUG: Reachability result for 'Arbiter': https://192-168-4-29.319a2e8ff5b94765975a0e13e90ca690.plex.direct:32400 is unreachable
2024-03-16 01:52:14.412 T:4957 info : script.plex: API: DEBUG: Connection score: http://192.168.4.29:32400, 2
2024-03-16 01:52:14.412 T:4957 info : script.plex: API: DEBUG: Connection score: https://192-168-4-29.319a2e8ff5b94765975a0e13e90ca690.plex.direct:32400, 3
2024-03-16 01:52:14.417 T:4957 info : script.plex: API: DEBUG: Connection score: https://172-31-200-1.319a2e8ff5b94765975a0e13e90ca690.plex.direct:32400, 3
2024-03-16 01:52:14.463 T:4957 info : script.plex: API: DEBUG: Connection score: https://73-133-199-236.319a2e8ff5b94765975a0e13e90ca690.plex.direct:21572, 5
2024-03-16 01:52:14.468 T:4957 info : script.plex: API: DEBUG: Using connection for 'Arbiter' for now: https://73-133-199-236.319a2e8ff5b94765975a0e13e90ca690.plex.direct:21572
2024-03-16 01:52:14.468 T:4957 info : script.plex: API: Active connection for 'Arbiter' is Connection: https://73-133-199-236.319a2e8ff5b94765975a0e13e90ca690.plex.direct:21572 local: False token: ****DSPs sources: MYPLEX state: reachable score: 5
2024-03-16 01:52:14.841 T:4960 info : script.plex: HUB: home.ondeck [home.ondeck](10, None)
2024-03-16 01:52:14.963 T:4963 info : script.plex: API: Updating reachability for all devices: force=True
2024-03-16 01:52:15.006 T:4963 info : script.plex: API: Updating reachability for 'Mike TeaVee': conns=3, allowFallback=False
2024-03-16 01:52:15.049 T:4963 info : script.plex: API: DEBUG: Skip reachability test for Connection: https://75-172-16-71.0ea8e66afe034a52b8064484ae0ea8b6.plex.direct:32400 local: False token: ****Z7Sk sources: MYPLEX state: unreachable score: 1 (checked 2.1301658153533936 secs ago)
2024-03-16 01:52:15.093 T:4963 info : script.plex: API: DEBUG: Skip reachability test for Connection: https://192-168-4-21.0ea8e66afe034a52b8064484ae0ea8b6.plex.direct:32400 local: True token: ****Z7Sk sources: MYPLEX state: reachable score: 7 (checked 4.509992361068726 secs ago)
2024-03-16 01:52:15.138 T:4963 info : script.plex: API: DEBUG: Skip reachability test for Connection: http://192.168.4.21:32400 local: True token: ****Z7Sk sources: DISCOVERED state: insecure_untested score: 2 (checked 4.574174165725708 secs ago)
2024-03-16 01:52:15.172 T:4963 info : script.plex: API: Updating reachability for 'UnraidR5': conns=4, allowFallback=False
