2024-03-16 01:53:19.137 T:5197 debug : ------ Window Deinit (/storage/.kodi/addons/script.plexmod/resources/skins/Main/1080i/script-plex-background.xml) ------
2024-03-16 01:53:19.137 T:5197 debug : ------ Window Init (/storage/.kodi/addons/script.plexmod/resources/skins/Main/1080i/script-plex-home.xml) ------
2024-03-16 01:53:19.137 T:5197 info : Loading skin file: /storage/.kodi/addons/script.plexmod/resources/skins/Main/1080i/script-plex-home.xml, load type: LOAD_ON_GUI_INIT
2024-03-16 01:53:19.146 T:5323 info : script.plex: API: DEBUG: Skip reachability test for Connection: http://192.168.4.21:32400 local: True token: ****Z7Sk sources: DISCOVERED state: insecure_untested score: 2 (checked 1.0259523391723633 secs ago)
2024-03-16 01:53:19.208 T:5197 debug : [Warning] CGUITextureManager::GetTexturePath: could not find texture '-'
2024-03-16 01:53:19.215 T:5323 info : Skipped 8 duplicate messages..
2024-03-16 01:53:19.215 T:5323 info : script.plex: API: Updating reachability for 'UnraidR5': conns=4, allowFallback=False
2024-03-16 01:53:19.215 T:5323 debug : requested setting (allow_insecure) was not found.
2024-03-16 01:53:19.215 T:5323 debug : requested setting (remotecontrol) was not found.
2024-03-16 01:53:19.228 T:5197 debug : [Warning] CGUITextureManager::GetTexturePath: could not find texture '-'
2024-03-16 01:53:19.244 T:5323 info : script.plex: API: DEBUG: Testing insecure connection for:
2024-03-16 01:53:19.244 T:5323 debug : requested setting (allow_insecure) was not found.
2024-03-16 01:53:19.245 T:5323 debug : requested setting (remotecontrol) was not found.
2024-03-16 01:53:19.245 T:5266 info : script.plex: Window opened: True
2024-03-16 01:53:19.246 T:5335 info : script.plex: API: Starting request: GET https://172-18-0-1.ba2de3a066d840e6980ab258d14be61c.plex.direct:32400/ (async=True timeout=2.5(2.5))
2024-03-16 01:53:19.307 T:5335 info : script.plex: API: DEBUG: Dynamically resolving 172-18-0-1.ba2de3a066d840e6980ab258d14be61c.plex.direct to 172.18.0.1
2024-03-16 01:53:19.308 T:5323 info : script.plex: API: DEBUG: Testing insecure connection for:
2024-03-16 01:53:19.308 T:5323 debug : requested setting (allow_insecure) was not found.
2024-03-16 01:53:19.308 T:5323 debug : requested setting (remotecontrol) was not found.
2024-03-16 01:53:19.314 T:5336 info : script.plex: API: Starting request: GET https://192-168-1-150.ba2de3a066d840e6980ab258d14be61c.plex.direct:32400/ (async=True timeout=2.5(2.5))
2024-03-16 01:53:19.351 T:5337 info : script.plex: API: Starting request: GET https://172-31-200-1.ba2de3a066d840e6980ab258d14be61c.plex.direct:32400/ (async=True timeout=2.5(2.5))
2024-03-16 01:53:19.351 T:5323 info : script.plex: API: DEBUG: Testing insecure connection for:
2024-03-16 01:53:19.351 T:5323 debug : requested setting (allow_insecure) was not found.
2024-03-16 01:53:19.351 T:5323 debug : requested setting (remotecontrol) was not found.
2024-03-16 01:53:19.352 T:5338 info : script.plex: API: Starting request: GET https://23-84-220-15.ba2de3a066d840e6980ab258d14be61c.plex.direct:32400/ (async=True timeout=2.5(2.5))
2024-03-16 01:53:19.353 T:5200 debug : Sink changed
2024-03-16 01:53:19.354 T:5241 debug : ffmpeg[0x2135780]: [image2] Custom AVIOContext makes no sense and will be ignored with AVFMT_NOFILE format.
2024-03-16 01:53:19.384 T:5266 debug : requested setting (last_good_volume) was not found.
2024-03-16 01:53:19.384 T:5266 debug : requested setting (theme_music) was not found.
2024-03-16 01:53:19.389 T:5323 info : script.plex: API: DEBUG: Testing insecure connection for:
2024-03-16 01:53:19.389 T:5323 info : script.plex: API: Updating reachability for 'SLATEIII': conns=2, allowFallback=False
2024-03-16 01:53:19.390 T:5323 debug : requested setting (allow_insecure) was not found.
2024-03-16 01:53:19.390 T:5323 debug : requested setting (remotecontrol) was not found.
2024-03-16 01:53:19.391 T:5336 info : script.plex: API: DEBUG: Dynamically resolving 192-168-1-150.ba2de3a066d840e6980ab258d14be61c.plex.direct to 192.168.1.150
2024-03-16 01:53:19.393 T:5338 info : script.plex: API: DEBUG: Dynamically resolving 23-84-220-15.ba2de3a066d840e6980ab258d14be61c.plex.direct to 23.84.220.15
2024-03-16 01:53:19.398 T:5337 info : script.plex: API: DEBUG: Dynamically resolving 172-31-200-1.ba2de3a066d840e6980ab258d14be61c.plex.direct to 172.31.200.1
2024-03-16 01:53:19.431 T:5323 info : script.plex: API: DEBUG: Testing insecure connection for:
2024-03-16 01:53:19.432 T:5323 debug : requested setting (allow_insecure) was not found.
2024-03-16 01:53:19.432 T:5323 debug : requested setting (remotecontrol) was not found.
2024-03-16 01:53:19.438 T:5339 info : script.plex: API: Starting request: GET https://192-168-1-235.c60bf05493c740fdb039e341ac207549.plex.direct:32400/ (async=True timeout=2.5(2.5))
2024-03-16 01:53:19.516 T:5339 info : script.plex: API: DEBUG: Dynamically resolving 192-168-1-235.c60bf05493c740fdb039e341ac207549.plex.direct to 192.168.1.235
2024-03-16 01:53:19.523 T:5323 info : script.plex: API: DEBUG: Testing insecure connection for:
2024-03-16 01:53:19.523 T:5340 info : script.plex: API: Starting request: GET https://216-49-133-98.c60bf05493c740fdb039e341ac207549.plex.direct:32400/ (async=True timeout=2.5(2.5))
2024-03-16 01:53:19.556 T:5242 debug : ffmpeg[0x214cac0]: [image2] Custom AVIOContext makes no sense and will be ignored with AVFMT_NOFILE format.
2024-03-16 01:53:19.558 T:5323 info : script.plex: API: Updating reachability for 'Arbiter': conns=4, allowFallback=False
2024-03-16 01:53:19.558 T:5323 debug : requested setting (allow_insecure) was not found.
2024-03-16 01:53:19.558 T:5323 debug : requested setting (remotecontrol) was not found.
2024-03-16 01:53:19.599 T:5340 info : script.plex: API: DEBUG: Dynamically resolving 216-49-133-98.c60bf05493c740fdb039e341ac207549.plex.direct to 216.49.133.98
2024-03-16 01:53:19.599 T:5342 info : script.plex: API: Starting request: GET https://192-168-4-29.319a2e8ff5b94765975a0e13e90ca690.plex.direct:32400/ (async=True timeout=2.5(2.5))
2024-03-16 01:53:19.615 T:5323 info : script.plex: API: DEBUG: Testing insecure connection for:
2024-03-16 01:53:19.615 T:5323 debug : requested setting (allow_insecure) was not found.
2024-03-16 01:53:19.615 T:5323 debug : requested setting (remotecontrol) was not found.
2024-03-16 01:53:19.643 T:5342 info : script.plex: API: DEBUG: Dynamically resolving 192-168-4-29.319a2e8ff5b94765975a0e13e90ca690.plex.direct to 192.168.4.29
2024-03-16 01:53:19.644 T:5266 info : script.plex: API: GET https://192-168-4-21.0ea8e66afe034a52b8064484ae0ea8b6.plex.direct:32400/playlists/all?X-Plex-Token=****
2024-03-16 01:53:19.684 T:5343 info : script.plex: API: Starting request: GET https://172-31-200-1.319a2e8ff5b94765975a0e13e90ca690.plex.direct:32400/ (async=True timeout=2.5(2.5))
2024-03-16 01:53:19.684 T:5323 info : script.plex: API: DEBUG: Testing insecure connection for:
2024-03-16 01:53:19.685 T:5323 debug : requested setting (allow_insecure) was not found.
2024-03-16 01:53:19.685 T:5323 debug : requested setting (remotecontrol) was not found.
2024-03-16 01:53:19.724 T:5344 info : script.plex: API: Starting request: GET https://73-133-199-236.319a2e8ff5b94765975a0e13e90ca690.plex.direct:21572/ (async=True timeout=2.5(2.5))
2024-03-16 01:53:19.725 T:5323 info : script.plex: API: DEBUG: Testing insecure connection for:
2024-03-16 01:53:19.725 T:5323 debug : requested setting (allow_insecure) was not found.
2024-03-16 01:53:19.725 T:5323 info : script.plex: API: Insecure connections not allowed. Ignore insecure connection test for
2024-03-16 01:53:19.806 T:5323 info : script.plex: API: DEBUG: Timer : FINISHED
2024-03-16 01:53:19.806 T:5343 info : script.plex: API: DEBUG: Dynamically resolving 172-31-200-1.319a2e8ff5b94765975a0e13e90ca690.plex.direct to 172.31.200.1
2024-03-16 01:53:19.812 T:5338 info : script.plex: API: DEBUG: Server information updated from reachability check:
2024-03-16 01:53:19.812 T:5338 info : script.plex: API: DEBUG: Reachability result for 'UnraidR5': https://23-84-220-15.ba2de3a066d840e6980ab258d14be61c.plex.direct:32400 is reachable
2024-03-16 01:53:19.820 T:5344 info : script.plex: API: DEBUG: Dynamically resolving 73-133-199-236.319a2e8ff5b94765975a0e13e90ca690.plex.direct to 73.133.199.236
2024-03-16 01:53:19.820 T:5338 info : script.plex: API: DEBUG: Connection score: https://23-84-220-15.ba2de3a066d840e6980ab258d14be61c.plex.direct:32400, 5
2024-03-16 01:53:19.854 T:5338 info : script.plex: API: DEBUG: Connection score: https://172-31-200-1.ba2de3a066d840e6980ab258d14be61c.plex.direct:32400, 3
2024-03-16 01:53:19.893 T:5345 info : script.plex: API: DEBUG: Reachability result for 'Arbiter': http://192.168.4.29:32400 is insecure_untested
2024-03-16 01:53:19.899 T:5338 info : script.plex: API: DEBUG: Connection score: https://192-168-1-150.ba2de3a066d840e6980ab258d14be61c.plex.direct:32400, 3
2024-03-16 01:53:19.899 T:5338 info : script.plex: API: DEBUG: Connection score: https://172-18-0-1.ba2de3a066d840e6980ab258d14be61c.plex.direct:32400, 3
2024-03-16 01:53:19.899 T:5338 info : script.plex: API: DEBUG: Using connection for 'UnraidR5' for now: https://23-84-220-15.ba2de3a066d840e6980ab258d14be61c.plex.direct:32400
2024-03-16 01:53:19.899 T:5338 info : script.plex: API: Active connection for 'UnraidR5' is Connection: https://23-84-220-15.ba2de3a066d840e6980ab258d14be61c.plex.direct:32400 local: False token: ****z4u_ sources: MYPLEX state: reachable score: 5
2024-03-16 01:53:19.911 T:5345 info : script.plex: API: DEBUG: Connection score: http://192.168.4.29:32400, 2
2024-03-16 01:53:19.931 T:5266 info : script.plex: API: GET https://192-168-4-21.0ea8e66afe034a52b8064484ae0ea8b6.plex.direct:32400/library/?X-Plex-Token=****
2024-03-16 01:53:19.933 T:5345 info : script.plex: API: DEBUG: Connection score: https://73-133-199-236.319a2e8ff5b94765975a0e13e90ca690.plex.direct:21572, 1
2024-03-16 01:53:19.959 T:5345 info : script.plex: API: DEBUG: Connection score: https://172-31-200-1.319a2e8ff5b94765975a0e13e90ca690.plex.direct:32400, 3
2024-03-16 01:53:19.973 T:5345 info : script.plex: API: DEBUG: Connection score: https://192-168-4-29.319a2e8ff5b94765975a0e13e90ca690.plex.direct:32400, 3
2024-03-16 01:53:19.973 T:5334 info : script.plex: API: DEBUG: Using shortcut for hostname IP detection due to plex.direct host: 192-168-4-21.0ea8e66afe034a52b8064484ae0ea8b6.plex.direct
2024-03-16 01:53:19.973 T:5345 info : script.plex: API: Active connection for 'Arbiter' is None
2024-03-16 01:53:19.974 T:5334 info : script.plex: API: DEBUG: We've already verified 192-168-4-21.0ea8e66afe034a52b8064484ae0ea8b6.plex.direct (192.168.4.21) as local, skipping
2024-03-16 01:53:19.974 T:5266 info : script.plex: API: GET https://192-168-4-21.0ea8e66afe034a52b8064484ae0ea8b6.plex.direct:32400/library/sections?X-Plex-Token=****
2024-03-16 01:53:19.974 T:5334 info : script.plex: API: DEBUG: Using shortcut for hostname IP detection due to plex.direct host: 75-172-16-71.0ea8e66afe034a52b8064484ae0ea8b6.plex.direct
2024-03-16 01:53:19.979 T:5334 info : script.plex: API: DEBUG: We've already verified 75-172-16-71.0ea8e66afe034a52b8064484ae0ea8b6.plex.direct (75.172.16.71) as remote, skipping
2024-03-16 01:53:19.990 T:5334 info : script.plex: API: DEBUG: Secure connection https://192-168-4-21.0ea8e66afe034a52b8064484ae0ea8b6.plex.direct:32400 has a locally reachable IP, add it to the checklist
2024-03-16 01:53:20.015 T:5334 info : script.plex: API: DEBUG: Using shortcut for hostname IP detection due to plex.direct host: 172-18-0-1.ba2de3a066d840e6980ab258d14be61c.plex.direct
2024-03-16 01:53:20.055 T:5197 debug : ------ Window Init (/storage/.kodi/addons/script.plexmod/resources/skins/Main/1080i/script-plex-busy.xml) ------
2024-03-16 01:53:20.055 T:5197 info : Loading skin file: /storage/.kodi/addons/script.plexmod/resources/skins/Main/1080i/script-plex-busy.xml, load type: LOAD_ON_GUI_INIT
2024-03-16 01:53:20.058 T:5197 debug : Alignment of external buffer is not suitable for ffmpeg intrinsics - please fix your malloc
2024-03-16 01:53:20.059 T:5197 info : Skipped 1 duplicate messages..
2024-03-16 01:53:20.059 T:5197 debug : Error [-541478725] while reading frame: Unknown error 541478725
2024-03-16 01:53:20.099 T:5340 info : script.plex: API: DEBUG: Server information updated from reachability check:
2024-03-16 01:53:20.099 T:5346 info : script.plex: BGThreader: (queue.0:worker.0): Active
2024-03-16 01:53:20.100 T:5346 info : script.plex: API: GET https://192-168-4-21.0ea8e66afe034a52b8064484ae0ea8b6.plex.direct:32400/hubs?count=10&includeMarkers=1&X-Plex-Token=****
2024-03-16 01:53:20.106 T:5334 info : script.plex: API: DEBUG: Using shortcut for hostname IP detection due to plex.direct host: 192-168-1-150.ba2de3a066d840e6980ab258d14be61c.plex.direct
2024-03-16 01:53:20.107 T:5347 info : script.plex: BGThreader: (queue.0:worker.1): Active
2024-03-16 01:53:20.111 T:5340 info : script.plex: API: DEBUG: Reachability result for 'SLATEIII': https://216-49-133-98.c60bf05493c740fdb039e341ac207549.plex.direct:32400 is reachable
2024-03-16 01:53:20.111 T:5340 info : script.plex: API: DEBUG: Connection score: https://216-49-133-98.c60bf05493c740fdb039e341ac207549.plex.direct:32400, 5
2024-03-16 01:53:20.112 T:5340 info : script.plex: API: DEBUG: Connection score: https://192-168-1-235.c60bf05493c740fdb039e341ac207549.plex.direct:32400, 3
2024-03-16 01:53:20.132 T:5340 info : script.plex: API: DEBUG: Using connection for 'SLATEIII' for now: https://216-49-133-98.c60bf05493c740fdb039e341ac207549.plex.direct:32400
2024-03-16 01:53:20.140 T:5347 info : script.plex: API: GET https://192-168-4-21.0ea8e66afe034a52b8064484ae0ea8b6.plex.direct:32400/playlists/all?playlistType=audio&includeMarkers=1&X-Plex-Container-Size=10&X-Plex-Container-Start=0&X-Plex-Token=****
2024-03-16 01:53:20.141 T:5340 info : script.plex: API: Active connection for 'SLATEIII' is Connection: https://216-49-133-98.c60bf05493c740fdb039e341ac207549.plex.direct:32400 local: False token: ****7c5t sources: MYPLEX state: reachable score: 5
2024-03-16 01:53:20.156 T:5348 info : script.plex: BGThreader: (queue.0:worker.2): Active
2024-03-16 01:53:20.182 T:5334 info : script.plex: API: DEBUG: Using shortcut for hostname IP detection due to plex.direct host: 172-31-200-1.ba2de3a066d840e6980ab258d14be61c.plex.direct
2024-03-16 01:53:20.194 T:5348 info : script.plex: API: GET https://192-168-4-21.0ea8e66afe034a52b8064484ae0ea8b6.plex.direct:32400/hubs/sections/5?count=10&includeMarkers=1&X-Plex-Token=****
2024-03-16 01:53:20.195 T:5334 info : script.plex: API: DEBUG: Using shortcut for hostname IP detection due to plex.direct host: 23-84-220-15.ba2de3a066d840e6980ab258d14be61c.plex.direct
2024-03-16 01:53:20.195 T:5334 info : script.plex: API: DEBUG: We've already verified 23-84-220-15.ba2de3a066d840e6980ab258d14be61c.plex.direct (23.84.220.15) as remote, skipping
2024-03-16 01:53:20.196 T:5334 info : script.plex: API: DEBUG: Using shortcut for hostname IP detection due to plex.direct host: 192-168-1-235.c60bf05493c740fdb039e341ac207549.plex.direct
2024-03-16 01:53:20.308 T:5334 info : script.plex: API: DEBUG: Using shortcut for hostname IP detection due to plex.direct host: 216-49-133-98.c60bf05493c740fdb039e341ac207549.plex.direct
2024-03-16 01:53:20.308 T:5334 info : script.plex: API: DEBUG: We've already verified 216-49-133-98.c60bf05493c740fdb039e341ac207549.plex.direct (216.49.133.98) as remote, skipping
2024-03-16 01:53:20.315 T:5334 info : script.plex: API: DEBUG: Using shortcut for hostname IP detection due to plex.direct host: 192-168-4-29.319a2e8ff5b94765975a0e13e90ca690.plex.direct
2024-03-16 01:53:20.320 T:5344 info : script.plex: API: DEBUG: Server information updated from reachability check:
2024-03-16 01:53:20.345 T:5344 info : script.plex: API: DEBUG: Reachability result for 'Arbiter': https://73-133-199-236.319a2e8ff5b94765975a0e13e90ca690.plex.direct:21572 is reachable
2024-03-16 01:53:20.366 T:5344 info : script.plex: API: DEBUG: Connection score: http://192.168.4.29:32400, 2
2024-03-16 01:53:20.367 T:5344 info : script.plex: API: DEBUG: Connection score: https://73-133-199-236.319a2e8ff5b94765975a0e13e90ca690.plex.direct:21572, 5
2024-03-16 01:53:20.367 T:5344 info : script.plex: API: DEBUG: Connection score: https://172-31-200-1.319a2e8ff5b94765975a0e13e90ca690.plex.direct:32400, 3
2024-03-16 01:53:20.372 T:5344 info : script.plex: API: DEBUG: Connection score: https://192-168-4-29.319a2e8ff5b94765975a0e13e90ca690.plex.direct:32400, 3
2024-03-16 01:53:20.372 T:5344 info : script.plex: API: DEBUG: Using connection for 'Arbiter' for now: https://73-133-199-236.319a2e8ff5b94765975a0e13e90ca690.plex.direct:21572
2024-03-16 01:53:20.393 T:5334 info : script.plex: API: Found IP 192.168.4.29 in local network (192.168.0.0/16) when checking https://192-168-4-29.319a2e8ff5b94765975a0e13e90ca690.plex.direct:32400. Ping: 22.987ms (max: 0.01s)
2024-03-16 01:53:20.394 T:5344 info : script.plex: API: Active connection for 'Arbiter' is Connection: https://73-133-199-236.319a2e8ff5b94765975a0e13e90ca690.plex.direct:21572 local: False token: ****DSPs sources: MYPLEX state: reachable score: 5
2024-03-16 01:53:20.430 T:5197 debug : ------ Window Deinit (/storage/.kodi/addons/script.plexmod/resources/skins/Main/1080i/script-plex-busy.xml) ------
2024-03-16 01:53:20.433 T:5334 info : script.plex: API: DEBUG: Using shortcut for hostname IP detection due to plex.direct host: 172-31-200-1.319a2e8ff5b94765975a0e13e90ca690.plex.direct
2024-03-16 01:53:20.554 T:5266 info : script.plex: Cron: Receiver added:
2024-03-16 01:53:20.554 T:5266 debug : requested setting (hubs_bifurcation_lines) was not found.
2024-03-16 01:53:20.554 T:5334 info : script.plex: API: DEBUG: Using shortcut for hostname IP detection due to plex.direct host: 73-133-199-236.319a2e8ff5b94765975a0e13e90ca690.plex.direct
2024-03-16 01:53:20.560 T:5347 info : script.plex: API: GET https://192-168-4-21.0ea8e66afe034a52b8064484ae0ea8b6.plex.direct:32400/playlists/all?playlistType=video&includeMarkers=1&X-Plex-Container-Size=10&X-Plex-Container-Start=0&X-Plex-Token=****
2024-03-16 01:53:20.569 T:5319 info : script.plex: API: WARNING: Request to https://75-172-16-71.0ea8e66afe034a52b8064484ae0ea8b6.plex.direct:32400/ timed out after 2.5(2.5) sec
2024-03-16 01:53:20.637 T:5261 debug : PushCecKeypress - received key d8 duration 0
2024-03-16 01:53:20.638 T:5197 debug : HandleKey: menu (0xd8) pressed, window 13002, action is Back
2024-03-16 01:53:20.639 T:5319 info : script.plex: API: DEBUG: Reachability result for 'Mike TeaVee': https://75-172-16-71.0ea8e66afe034a52b8064484ae0ea8b6.plex.direct:32400 is unreachable
2024-03-16 01:53:20.640 T:5319 info : script.plex: API: DEBUG: Connection score: http://192.168.4.21:32400, 2
2024-03-16 01:53:20.640 T:5319 info : script.plex: API: DEBUG: Connection score: https://75-172-16-71.0ea8e66afe034a52b8064484ae0ea8b6.plex.direct:32400, 1
2024-03-16 01:53:20.641 T:5319 info : script.plex: API: DEBUG: Connection score: https://192-168-4-21.0ea8e66afe034a52b8064484ae0ea8b6.plex.direct:32400, 7
2024-03-16 01:53:20.641 T:5319 info : script.plex: API: DEBUG: Using connection for 'Mike TeaVee' for now: https://192-168-4-21.0ea8e66afe034a52b8064484ae0ea8b6.plex.direct:32400
2024-03-16 01:53:20.641 T:5319 info : script.plex: API: Active connection for 'Mike TeaVee' is Connection: https://192-168-4-21.0ea8e66afe034a52b8064484ae0ea8b6.plex.direct:32400 local: True token: ****Z7Sk sources: MYPLEX state: reachable score: 7
2024-03-16 01:53:20.645 T:5334 info : script.plex: API: DEBUG: We've already verified 73-133-199-236.319a2e8ff5b94765975a0e13e90ca690.plex.direct (73.133.199.236) as remote, skipping
2024-03-16 01:53:20.654 T:5334 info : script.plex: API: DEBUG: Secure connection https://192-168-4-29.319a2e8ff5b94765975a0e13e90ca690.plex.direct:32400 has a locally reachable IP, add it to the checklist
2024-03-16 01:53:20.667 T:5334 debug : requested setting (None.PlexServerManager) was not found.
2024-03-16 01:53:20.667 T:5334 debug : requested setting (auto_signin) was not found.
2024-03-16 01:53:20.667 T:5334 debug : requested setting (auto_skip_credits.55297929) was not found.
2024-03-16 01:53:20.667 T:5334 debug : requested setting (auto_skip_intro.55297929) was not found.
2024-03-16 01:53:20.667 T:5334 debug : requested setting (client.ID) was not found.
2024-03-16 01:53:20.667 T:5334 debug : requested setting (kiosk.mode) was not found.
2024-03-16 01:53:20.667 T:5334 debug : requested setting (lastServerId.55297929) was not found.
2024-03-16 01:53:20.667 T:5334 debug : requested setting (last_bg_url) was not found.
2024-03-16 01:53:20.667 T:5334 debug : requested setting (myplex.MyPlexAccount) was not found.
2024-03-16 01:53:20.667 T:5334 debug : requested setting (viewtype.0b3da76a06ce499c02c40c78e730e77757ed6916.11) was not found.
2024-03-16 01:53:20.667 T:5334 debug : requested setting (xml_cache.mpaResources) was not found.
2024-03-16 01:53:20.671 T:5334 info : script.plex: API: DEBUG: Saved resources response to registry
2024-03-16 01:53:20.676 T:5334 info : script.plex: API: DEBUG: Parsed resource from plex.tv: type:None clientIdentifier:0b3da76a06ce499c02c40c78e730e77757ed6916 name:b'Mike TeaVee' product:b'Plex Media Server' provides:b'server'
2024-03-16 01:53:20.677 T:5334 info : script.plex: API: DEBUG: Connection: https://75-172-16-71.0ea8e66afe034a52b8064484ae0ea8b6.plex.direct:32400 local: False token: ****Z7Sk sources: MYPLEX state: unknown score: 1
2024-03-16 01:53:20.706 T:5261 debug : PushCecKeypress - received key d8 duration 70
2024-03-16 01:53:20.727 T:5334 info : script.plex: API: DEBUG: Connection: https://192-168-4-21.0ea8e66afe034a52b8064484ae0ea8b6.plex.direct:32400 local: True token: ****Z7Sk sources: MYPLEX state: unknown score: 3
2024-03-16 01:53:20.728 T:5334 info : script.plex: API: DEBUG: Connection: http://192.168.4.21:32400 local: True token: ****Z7Sk sources: DISCOVERED state: unknown score: 2
2024-03-16 01:53:20.728 T:5346 info : script.plex: Showing hubs - Section: None - Update: False
2024-03-16 01:53:20.729 T:5346 info : script.plex: HUB: home.continue [home.continue](10, None)
2024-03-16 01:53:20.741 T:5266 debug : requested setting (exit_default_is_quit) was not found.
2024-03-16 01:53:20.767 T:5197 debug : ------ Window Init (/storage/.kodi/addons/script.plexmod/resources/skins/Main/1080i/script-plex-options_dialog.xml) ------
2024-03-16 01:53:20.767 T:5197 info : Loading skin file: /storage/.kodi/addons/script.plexmod/resources/skins/Main/1080i/script-plex-options_dialog.xml, load type: LOAD_ON_GUI_INIT
2024-03-16 01:53:20.782 T:5334 info : script.plex: API: DEBUG:
2024-03-16 01:53:20.808 T:5334 info : script.plex: API: DEBUG: Parsed resource from plex.tv: type:None clientIdentifier:91eff9fca18a9696bcc94386d1b79371b77063f5 name:b'UnraidR5' product:b'Plex Media Server' provides:b'server'
2024-03-16 01:53:20.813 T:5334 info : script.plex: API: DEBUG: Connection: https://23-84-220-15.ba2de3a066d840e6980ab258d14be61c.plex.direct:32400 local: False token: ****z4u_ sources: MYPLEX state: unknown score: 1
2024-03-16 01:53:20.831 T:5334 info : script.plex: API: DEBUG: Connection: https://172-31-200-1.ba2de3a066d840e6980ab258d14be61c.plex.direct:32400 local: True token: ****z4u_ sources: MYPLEX state: unknown score: 3
2024-03-16 01:53:20.831 T:5334 info : script.plex: API: DEBUG: Connection: https://192-168-1-150.ba2de3a066d840e6980ab258d14be61c.plex.direct:32400 local: True token: ****z4u_ sources: MYPLEX state: unknown score: 3
2024-03-16 01:53:20.831 T:5334 info : script.plex: API: DEBUG: Connection: https://172-18-0-1.ba2de3a066d840e6980ab258d14be61c.plex.direct:32400 local: True token: ****z4u_ sources: MYPLEX state: unknown score: 3
2024-03-16 01:53:20.837 T:5334 info : script.plex: API: DEBUG:
2024-03-16 01:53:20.837 T:5334 info : script.plex: API: DEBUG: Parsed resource from plex.tv: type:None clientIdentifier:16795b2fdba45b8e4246f757105f8e01c6382d69 name:b'SLATEIII' product:b'Plex Media Server' provides:b'server'
2024-03-16 01:53:20.837 T:5334 info : script.plex: API: DEBUG: Connection: https://216-49-133-98.c60bf05493c740fdb039e341ac207549.plex.direct:32400 local: False token: ****7c5t sources: MYPLEX state: unknown score: 1
2024-03-16 01:53:20.837 T:5334 info : script.plex: API: DEBUG: Connection: https://192-168-1-235.c60bf05493c740fdb039e341ac207549.plex.direct:32400 local: True token: ****7c5t sources: MYPLEX state: unknown score: 3
2024-03-16 01:53:20.837 T:5334 info : script.plex: API: DEBUG:
2024-03-16 01:53:20.837 T:5334 info : script.plex: API: DEBUG: Parsed resource from plex.tv: type:None clientIdentifier:3d2987218263f19c06e12e5a06cc3aa1f0980d58 name:b'Arbiter' product:b'Plex Media Server' provides:b'server'
2024-03-16 01:53:20.842 T:5334 info : script.plex: API: DEBUG: Connection: https://73-133-199-236.319a2e8ff5b94765975a0e13e90ca690.plex.direct:21572 local: False token: ****DSPs sources: MYPLEX state: unknown score: 1
2024-03-16 01:53:20.842 T:5334 info : script.plex: API: DEBUG: Connection: https://172-31-200-1.319a2e8ff5b94765975a0e13e90ca690.plex.direct:32400 local: True token: ****DSPs sources: MYPLEX state: unknown score: 3
2024-03-16 01:53:20.842 T:5334 info : script.plex: API: DEBUG: Connection: https://192-168-4-29.319a2e8ff5b94765975a0e13e90ca690.plex.direct:32400 local: True token: ****DSPs sources: MYPLEX state: unknown score: 3
2024-03-16 01:53:20.842 T:5334 info : script.plex: API: DEBUG: Connection: http://192.168.4.29:32400 local: True token: ****DSPs sources: DISCOVERED state: unknown score: 2
2024-03-16 01:53:20.842 T:5334 info : script.plex: API: DEBUG:
2024-03-16 01:53:20.842 T:5334 info : script.plex: API: DEBUG: Parsed resource from plex.tv: type:None clientIdentifier:934853bd3a89be9c-com-plexapp-android name:b'SHIELD Android TV' product:b'Plex for Android (TV)' provides:b'player,pubsub-player,controller'
2024-03-16 01:53:20.843 T:5334 info : script.plex: API: DEBUG: Merged 'Mike TeaVee'
2024-03-16 01:53:20.843 T:5334 info : script.plex: API: DEBUG: Merged 'UnraidR5'
2024-03-16 01:53:20.858 T:5334 info : script.plex: API: DEBUG: Merged 'SLATEIII'
2024-03-16 01:53:20.891 T:5334 info : script.plex: API: DEBUG: Merged 'Arbiter'
2024-03-16 01:53:20.902 T:5334 info : script.plex: API: Updating reachability for preferred server: force=True
2024-03-16 01:53:20.940 T:5334 info : script.plex: API: Updating reachability for 'Mike TeaVee': conns=3, allowFallback=False
2024-03-16 01:53:20.947 T:5334 info : script.plex: API: DEBUG: Skip reachability test for Connection: https://192-168-4-21.0ea8e66afe034a52b8064484ae0ea8b6.plex.direct:32400 local: True token: ****Z7Sk sources: MYPLEX state: reachable score: 7 (checked 2.927881956100464 secs ago)
2024-03-16 01:53:20.947 T:5334 info : script.plex: API: DEBUG: Skip reachability test for Connection: https://75-172-16-71.0ea8e66afe034a52b8064484ae0ea8b6.plex.direct:32400 local: False token: ****Z7Sk sources: MYPLEX state: unreachable score: 1 (checked 0.3704338073730469 secs ago)
2024-03-16 01:53:20.947 T:5334 info : script.plex: API: DEBUG: Skip reachability test for Connection: http://192.168.4.21:32400 local: True token: ****Z7Sk sources: DISCOVERED state: insecure_untested score: 2 (checked 2.941714286804199 secs ago)
2024-03-16 01:53:20.996 T:5353 info : script.plex: API: DEBUG: Timer : STARTED
2024-03-16 01:53:21.002 T:5334 debug : requested setting (gdm_discovery) was not found.
2024-03-16 01:53:21.013 T:5334 info : script.plex: API: Defer update reachability for all devices a few seconds: GDMactive=True
2024-03-16 01:53:21.024 T:5334 debug : requested setting (None.PlexServerManager) was not found.
2024-03-16 01:53:21.024 T:5334 debug : requested setting (auto_signin) was not found.
2024-03-16 01:53:21.024 T:5334 debug : requested setting (auto_skip_credits.55297929) was not found.
2024-03-16 01:53:21.024 T:5334 debug : requested setting (auto_skip_intro.55297929) was not found.
2024-03-16 01:53:21.024 T:5334 debug : requested setting (client.ID) was not found.
2024-03-16 01:53:21.024 T:5334 debug : requested setting (kiosk.mode) was not found.
2024-03-16 01:53:21.024 T:5334 debug : requested setting (lastServerId.55297929) was not found.
2024-03-16 01:53:21.024 T:5334 debug : requested setting (last_bg_url) was not found.
2024-03-16 01:53:21.024 T:5334 debug : requested setting (myplex.MyPlexAccount) was not found.
2024-03-16 01:53:21.024 T:5334 debug : requested setting (viewtype.0b3da76a06ce499c02c40c78e730e77757ed6916.11) was not found.
2024-03-16 01:53:21.024 T:5334 debug : requested setting (xml_cache.mpaResources) was not found.
2024-03-16 01:53:21.053 T:5346 info : script.plex: HUB: home.ondeck [home.ondeck](10, None)
2024-03-16 01:53:21.858 T:5335 info : script.plex: API: WARNING: Request to https://172-18-0-1.ba2de3a066d840e6980ab258d14be61c.plex.direct:32400/ timed out after 2.5(2.5) sec
2024-03-16 01:53:21.894 T:5335 info : script.plex: API: DEBUG: Reachability result for 'UnraidR5': https://172-18-0-1.ba2de3a066d840e6980ab258d14be61c.plex.direct:32400 is unreachable
2024-03-16 01:53:21.946 T:5335 info : script.plex: API: DEBUG: Connection score: https://23-84-220-15.ba2de3a066d840e6980ab258d14be61c.plex.direct:32400, 5
2024-03-16 01:53:21.977 T:5335 info : script.plex: API: DEBUG: Connection score: https://172-31-200-1.ba2de3a066d840e6980ab258d14be61c.plex.direct:32400, 3
2024-03-16 01:53:21.977 T:5337 info : script.plex: API: WARNING: Request to https://172-31-200-1.ba2de3a066d840e6980ab258d14be61c.plex.direct:32400/ timed out after 2.5(2.5) sec
2024-03-16 01:53:21.982 T:5337 info : script.plex: API: DEBUG: Reachability result for 'UnraidR5': https://172-31-200-1.ba2de3a066d840e6980ab258d14be61c.plex.direct:32400 is unreachable
2024-03-16 01:53:21.983 T:5335 info : script.plex: API: DEBUG: Connection score: https://192-168-1-150.ba2de3a066d840e6980ab258d14be61c.plex.direct:32400, 3
2024-03-16 01:53:21.988 T:5336 info : script.plex: API: WARNING: Request to https://192-168-1-150.ba2de3a066d840e6980ab258d14be61c.plex.direct:32400/ timed out after 2.5(2.5) sec
2024-03-16 01:53:22.019 T:5335 info : script.plex: API: DEBUG: Connection score: https://172-18-0-1.ba2de3a066d840e6980ab258d14be61c.plex.direct:32400, 3
2024-03-16 01:53:22.019 T:5336 info : script.plex: API: DEBUG: Reachability result for 'UnraidR5': https://192-168-1-150.ba2de3a066d840e6980ab258d14be61c.plex.direct:32400 is unreachable
2024-03-16 01:53:22.019 T:5353 info : script.plex: API: Updating reachability for all devices: force=True
2024-03-16 01:53:22.019 T:5337 info : script.plex: API: DEBUG: Connection score: https://23-84-220-15.ba2de3a066d840e6980ab258d14be61c.plex.direct:32400, 5
2024-03-16 01:53:22.061 T:5353 info : Skipped 1 duplicate messages..
2024-03-16 01:53:22.061 T:5353 info : script.plex: API: Updating reachability for 'Mike TeaVee': conns=3, allowFallback=False
2024-03-16 01:53:22.061 T:5337 info : script.plex: API: DEBUG: Connection score: https://172-31-200-1.ba2de3a066d840e6980ab258d14be61c.plex.direct:32400, 3
2024-03-16 01:53:22.062 T:5339 info : script.plex: API: WARNING: Request to https://192-168-1-235.c60bf05493c740fdb039e341ac207549.plex.direct:32400/ timed out after 2.5(2.5) sec
2024-03-16 01:53:22.070 T:5335 info : script.plex: API: DEBUG: Using connection for 'UnraidR5' for now: https://23-84-220-15.ba2de3a066d840e6980ab258d14be61c.plex.direct:32400
2024-03-16 01:53:22.102 T:5353 info : script.plex: API: DEBUG: Skip reachability test for Connection: https://192-168-4-21.0ea8e66afe034a52b8064484ae0ea8b6.plex.direct:32400 local: True token: ****Z7Sk sources: MYPLEX state: reachable score: 7 (checked 4.049544095993042 secs ago)
2024-03-16 01:53:22.103 T:5353 info : script.plex: API: DEBUG: Skip reachability test for Connection: https://75-172-16-71.0ea8e66afe034a52b8064484ae0ea8b6.plex.direct:32400 local: False token: ****Z7Sk sources: MYPLEX state: unreachable score: 1 (checked 1.492095947265625 secs ago)
2024-03-16 01:53:22.103 T:5353 info : script.plex: API: DEBUG: Skip reachability test for Connection: http://192.168.4.21:32400 local: True token: ****Z7Sk sources: DISCOVERED state: insecure_untested score: 2 (checked 4.063376426696777 secs ago)
2024-03-16 01:53:22.103 T:5353 info : script.plex: API: Updating reachability for 'UnraidR5': conns=4, allowFallback=False
2024-03-16 01:53:22.103 T:5353 info : script.plex: API: DEBUG: Skip reachability test for Connection: https://172-18-0-1.ba2de3a066d840e6980ab258d14be61c.plex.direct:32400 local: True token: ****z4u_ sources: MYPLEX state: unreachable score: 3 (checked 0.24491357803344727 secs ago)
2024-03-16 01:53:22.103 T:5353 info : script.plex: API: DEBUG: Skip reachability test for Connection: https://192-168-1-150.ba2de3a066d840e6980ab258d14be61c.plex.direct:32400 local: True token: ****z4u_ sources: MYPLEX state: unreachable score: 3 (checked 0.1146688461303711 secs ago)
2024-03-16 01:53:22.108 T:5335 info : script.plex: API: Active connection for 'UnraidR5' is Connection: https://23-84-220-15.ba2de3a066d840e6980ab258d14be61c.plex.direct:32400 local: False token: ****z4u_ sources: MYPLEX state: reachable score: 5
2024-03-16 01:53:22.113 T:5353 info : script.plex: API: DEBUG: Skip reachability test for Connection: https://172-31-200-1.ba2de3a066d840e6980ab258d14be61c.plex.direct:32400 local: True token: ****z4u_ sources: MYPLEX state: unreachable score: 3 (checked 0.12554073333740234 secs ago)
2024-03-16 01:53:22.114 T:5339 info : script.plex: API: DEBUG: Reachability result for 'SLATEIII': https://192-168-1-235.c60bf05493c740fdb039e341ac207549.plex.direct:32400 is unreachable
2024-03-16 01:53:22.114 T:5337 info : script.plex: API: DEBUG: Connection score: https://192-168-1-150.ba2de3a066d840e6980ab258d14be61c.plex.direct:32400, 3
2024-03-16 01:53:22.114 T:5336 info : script.plex: API: DEBUG: Connection score: https://172-31-200-1.ba2de3a066d840e6980ab258d14be61c.plex.direct:32400, 3
2024-03-16 01:53:22.151 T:5337 info : script.plex: API: DEBUG: Connection score: https://172-18-0-1.ba2de3a066d840e6980ab258d14be61c.plex.direct:32400, 3
2024-03-16 01:53:22.157 T:5339 info : script.plex: API: DEBUG: Connection score: https://216-49-133-98.c60bf05493c740fdb039e341ac207549.plex.direct:32400, 5
2024-03-16 01:53:22.162 T:5336 info : script.plex: API: DEBUG: Connection score: https://192-168-1-150.ba2de3a066d840e6980ab258d14be61c.plex.direct:32400, 3
2024-03-16 01:53:22.163 T:5353 info : script.plex: API: DEBUG: Skip reachability test for Connection: https://23-84-220-15.ba2de3a066d840e6980ab258d14be61c.plex.direct:32400 local: False token: ****z4u_ sources: MYPLEX state: reachable score: 5 (checked 2.2908027172088623 secs ago)
2024-03-16 01:53:22.184 T:5337 info : script.plex: API: DEBUG: Using connection for 'UnraidR5' for now: https://23-84-220-15.ba2de3a066d840e6980ab258d14be61c.plex.direct:32400
2024-03-16 01:53:22.184 T:5337 info : script.plex: API: Active connection for 'UnraidR5' is Connection: https://23-84-220-15.ba2de3a066d840e6980ab258d14be61c.plex.direct:32400 local: False token: ****z4u_ sources: MYPLEX state: reachable score: 5
2024-03-16 01:53:22.190 T:5336 info : script.plex: API: DEBUG: Connection score: https://172-18-0-1.ba2de3a066d840e6980ab258d14be61c.plex.direct:32400, 3
2024-03-16 01:53:22.190 T:5336 info : script.plex: API: DEBUG: Using connection for 'UnraidR5' for now: https://23-84-220-15.ba2de3a066d840e6980ab258d14be61c.plex.direct:32400
2024-03-16 01:53:22.190 T:5336 info : script.plex: API: Active connection for 'UnraidR5' is Connection: https://23-84-220-15.ba2de3a066d840e6980ab258d14be61c.plex.direct:32400 local: False token: ****z4u_ sources: MYPLEX state: reachable score: 5
2024-03-16 01:53:22.195 T:5339 info : script.plex: API: DEBUG: Connection score: https://192-168-1-235.c60bf05493c740fdb039e341ac207549.plex.direct:32400, 3
2024-03-16 01:53:22.195 T:5353 info : script.plex: API: Updating reachability for 'SLATEIII': conns=2, allowFallback=False
2024-03-16 01:53:22.195 T:5342 info : script.plex: API: WARNING: Request to https://192-168-4-29.319a2e8ff5b94765975a0e13e90ca690.plex.direct:32400/ timed out after 2.5(2.5) sec
2024-03-16 01:53:22.232 T:5339 info : script.plex: API: DEBUG: Using connection for 'SLATEIII' for now: https://216-49-133-98.c60bf05493c740fdb039e341ac207549.plex.direct:32400
2024-03-16 01:53:22.233 T:5353 info : script.plex: API: DEBUG: Skip reachability test for Connection: https://192-168-1-235.c60bf05493c740fdb039e341ac207549.plex.direct:32400 local: True token: ****7c5t sources: MYPLEX state: unreachable score: 3 (checked 0.13365602493286133 secs ago)
2024-03-16 01:53:22.233 T:5353 info : script.plex: API: DEBUG: Skip reachability test for Connection: https://216-49-133-98.c60bf05493c740fdb039e341ac207549.plex.direct:32400 local: False token: ****7c5t sources: MYPLEX state: reachable score: 5 (checked 2.0962533950805664 secs ago)
2024-03-16 01:53:22.233 T:5353 info : script.plex: API: Updating reachability for 'Arbiter': conns=4, allowFallback=False
2024-03-16 01:53:22.233 T:5353 info : script.plex: API: DEBUG: Skip reachability test for Connection: https://192-168-4-29.319a2e8ff5b94765975a0e13e90ca690.plex.direct:32400 local: True token: ****DSPs sources: MYPLEX state: unreachable score: 3 (checked 0.03729557991027832 secs ago)
2024-03-16 01:53:22.233 T:5353 info : script.plex: API: DEBUG: Skip reachability test for Connection: https://172-31-200-1.319a2e8ff5b94765975a0e13e90ca690.plex.direct:32400 local: True token: ****DSPs sources: MYPLEX state: unknown score: 3 (has pending request)
2024-03-16 01:53:22.233 T:5353 info : script.plex: API: DEBUG: Skip reachability test for Connection: https://73-133-199-236.319a2e8ff5b94765975a0e13e90ca690.plex.direct:21572 local: False token: ****DSPs sources: MYPLEX state: reachable score: 5 (checked 1.9125690460205078 secs ago)
2024-03-16 01:53:22.250 T:5353 info : script.plex: API: DEBUG: Skip reachability test for Connection: http://192.168.4.29:32400 local: True token: ****DSPs sources: DISCOVERED state: insecure_untested score: 2 (checked 2.373448371887207 secs ago)
2024-03-16 01:53:22.250 T:5339 info : script.plex: API: Active connection for 'SLATEIII' is Connection: https://216-49-133-98.c60bf05493c740fdb039e341ac207549.plex.direct:32400 local: False token: ****7c5t sources: MYPLEX state: reachable score: 5
2024-03-16 01:53:22.266 T:5353 info : script.plex: API: DEBUG: Timer : FINISHED
2024-03-16 01:53:22.266 T:5342 info : script.plex: API: DEBUG: Reachability result for 'Arbiter': https://192-168-4-29.319a2e8ff5b94765975a0e13e90ca690.plex.direct:32400 is unreachable
2024-03-16 01:53:22.266 T:5342 info : script.plex: API: DEBUG: Connection score: http://192.168.4.29:32400, 2
2024-03-16 01:53:22.266 T:5342 info : script.plex: API: DEBUG: Connection score: https://73-133-199-236.319a2e8ff5b94765975a0e13e90ca690.plex.direct:21572, 5
2024-03-16 01:53:22.266 T:5342 info : script.plex: API: DEBUG: Connection score: https://172-31-200-1.319a2e8ff5b94765975a0e13e90ca690.plex.direct:32400, 3
2024-03-16 01:53:22.266 T:5342 info : script.plex: API: DEBUG: Connection score: https://192-168-4-29.319a2e8ff5b94765975a0e13e90ca690.plex.direct:32400, 3
2024-03-16 01:53:22.267 T:5342 info : script.plex: API: DEBUG: Using connection for 'Arbiter' for now: https://73-133-199-236.319a2e8ff5b94765975a0e13e90ca690.plex.direct:21572
2024-03-16 01:53:22.278 T:5346 info : script.plex: HUB: home.movies.recent [home.movies.recent](10, None)
2024-03-16 01:53:22.300 T:5342 info : script.plex: API: Active connection for 'Arbiter' is Connection: https://73-133-199-236.319a2e8ff5b94765975a0e13e90ca690.plex.direct:21572 local: False token: ****DSPs sources: MYPLEX state: reachable score: 5
2024-03-16 01:53:22.364 T:5343 info : script.plex: API: WARNING: Request to https://172-31-200-1.319a2e8ff5b94765975a0e13e90ca690.plex.direct:32400/ timed out after 2.5(2.5) sec
2024-03-16 01:53:22.369 T:5343 info : script.plex: API: DEBUG: Reachability result for 'Arbiter': https://172-31-200-1.319a2e8ff5b94765975a0e13e90ca690.plex.direct:32400 is unreachable
2024-03-16 01:53:22.369 T:5343 info : script.plex: API: DEBUG: Connection score: http://192.168.4.29:32400, 2
2024-03-16 01:53:22.369 T:5343 info : script.plex: API: DEBUG: Connection score: https://73-133-199-236.319a2e8ff5b94765975a0e13e90ca690.plex.direct:21572, 5
2024-03-16 01:53:22.369 T:5343 info : script.plex: API: DEBUG: Connection score: https://172-31-200-1.319a2e8ff5b94765975a0e13e90ca690.plex.direct:32400, 3
2024-03-16 01:53:22.385 T:5343 info : script.plex: API: DEBUG: Connection score: https://192-168-4-29.319a2e8ff5b94765975a0e13e90ca690.plex.direct:32400, 3
2024-03-16 01:53:22.411 T:5261 debug : PushCecKeypress - received key b duration 0
2024-03-16 01:53:22.421 T:5343 info : script.plex: API: DEBUG: Using connection for 'Arbiter' for now: https://73-133-199-236.319a2e8ff5b94765975a0e13e90ca690.plex.direct:21572
2024-03-16 01:53:22.432 T:5197 debug : HandleKey: 11 (0xb, obc244) pressed, window 13003, action is Select
2024-03-16 01:53:22.442 T:5343 info : script.plex: API: Active connection for 'Arbiter' is Connection: https://73-133-199-236.319a2e8ff5b94765975a0e13e90ca690.plex.direct:21572 local: False token: ****DSPs sources: MYPLEX state: reachable score: 5
2024-03-16 01:53:22.473 T:5197 debug : ------ Window Deinit (/storage/.kodi/addons/script.plexmod/resources/skins/Main/1080i/script-plex-options_dialog.xml) ------
2024-03-16 01:53:22.480 T:5261 debug : PushCecKeypress - received key b duration 69
2024-03-16 01:53:22.557 T:5197 debug : CGUIWindowManager::PreviousWindow: Deactivate
2024-03-16 01:53:22.557 T:5197 debug : ------ Window Deinit (/storage/.kodi/addons/script.plexmod/resources/skins/Main/1080i/script-plex-home.xml) ------
2024-03-16 01:53:22.557 T:5197 debug : CGUIWindowManager::PreviousWindow: Activate new
2024-03-16 01:53:22.557 T:5197 debug : ------ Window Init (/storage/.kodi/addons/script.plexmod/resources/skins/Main/1080i/script-plex-background.xml) ------
2024-03-16 01:53:22.646 T:5266 info : script.plex: Cron: Receiver canceled:
2024-03-16 01:53:22.728 T:5266 info : script.plex: Main: SHUTTING DOWN...
2024-03-16 01:53:22.760 T:5266 info : script.plex: API: DEBUG: Closing server...
2024-03-16 01:53:22.765 T:5266 info : script.plex: BGThreader: thread (queue.0:worker.0): Waiting...
2024-03-16 01:53:22.817 T:5293 info : script.plex: Cron stopped
2024-03-16 01:53:22.828 T:5346 info : script.plex: HUB: home.television.recent [home.television.recent](10, None)
2024-03-16 01:53:22.900 T:5292 info : script.plex: Player: Closed
2024-03-16 01:53:23.233 T:5258 debug : CurlFile::Open -
2024-03-16 01:53:23.233 T:5258 debug : easy_acquire - Created session to http://192.168.4.21
2024-03-16 01:53:23.235 T:5258 debug : CurlFile::Open -
2024-03-16 01:53:23.235 T:5258 debug : easy_acquire - Created session to http://192.168.4.61
2024-03-16 01:53:23.235 T:5258 error : CCurlFile::CReadState::FillBuffer - (0x2bc7650) Failed: URL using bad/illegal format or missing URL(3)
2024-03-16 01:53:23.235 T:5258 error : CCurlFile::Open - Failed with code 0:
2024-03-16 01:53:23.933 T:5346 info : script.plex: HUB: home.music.recent [home.music.recent](0, None)
2024-03-16 01:53:23.933 T:5346 info : script.plex: HUB: home.photos.recent [home.photos.recent](0, None)
2024-03-16 01:53:23.933 T:5346 info : script.plex: HUB: home.videos.recent [home.videos.recent](0, None)
2024-03-16 01:53:23.933 T:5346 info : script.plex: HUB: movie.topunwatched.1 [movie.topunwatched](10, None)
2024-03-16 01:53:23.935 T:5346 info : script.plex: HUB: movie.recentlyreleased.11 [movie.recentlyreleased](10, None)
2024-03-16 01:53:23.937 T:5346 info : script.plex: HUB: movie.topunwatched.11 [movie.topunwatched](10, None)
2024-03-16 01:53:23.938 T:5346 info : script.plex: HUB: tv.startwatching.2 [tv.startwatching](10, None)
2024-03-16 01:53:23.940 T:5346 info : script.plex: HUB: tv.startwatching.3 [tv.startwatching](10, None)
2024-03-16 01:53:23.941 T:5346 info : script.plex: HUB: tv.toprated.3 [tv.toprated](10, None)
2024-03-16 01:53:23.942 T:5346 info : script.plex: HUB: tv.startwatching.6 [tv.startwatching](10, None)
2024-03-16 01:53:23.943 T:5346 info : script.plex: HUB: tv.toprated.6 [tv.toprated](10, None)
2024-03-16 01:53:23.945 T:5346 info : script.plex: HUB: tv.startwatching.10 [tv.startwatching](10, None)
2024-03-16 01:53:23.946 T:5346 info : script.plex: UNHANDLED - Hub: home.playlists [home.playlists](3)
2024-03-16 01:53:23.946 T:5266 info : script.plex: BGThreader: thread (queue.0:worker.0): Done
2024-03-16 01:53:23.964 T:5266 info : script.plex: BGThreader: thread (queue.0:worker.2): Waiting...
2024-03-16 01:53:23.964 T:5266 info : script.plex: BGThreader: thread (queue.0:worker.2): Done
2024-03-16 01:53:23.964 T:5266 info : script.plex: Main: Checking for any remaining threads
2024-03-16 01:53:23.965 T:5266 info : script.plex: Main: Waiting on: HTTP-ASYNC:https://192-168-1-235.c60bf05493c740fdb039e341ac207549.plex.direct:32400/...
2024-03-16 01:53:23.966 T:5266 info : script.plex: Main: Waiting on: HTTP-ASYNC:https://192-168-4-29.319a2e8ff5b94765975a0e13e90ca690.plex.direct:32400/...
2024-03-16 01:53:23.972 T:5266 info : script.plex: FINISHED
2024-03-16 01:53:24.025 T:5197 debug : CGUIWindowManager::PreviousWindow: Deactivate
2024-03-16 01:53:24.025 T:5197 debug : ------ Window Deinit (/storage/.kodi/addons/script.plexmod/resources/skins/Main/1080i/script-plex-background.xml) ------
2024-03-16 01:53:24.025 T:5197 debug : CGUIWindowManager::PreviousWindow: Activate new
2024-03-16 01:53:24.025 T:5197 debug : ------ Window Init (Home.xml) ------
2024-03-16 01:53:24.027 T:5197 debug : ffmpeg[0x0]: [image2] Custom AVIOContext makes no sense and will be ignored with AVFMT_NOFILE format.
2024-03-16 01:53:24.145 T:5266 info : Skipped 1 duplicate messages..
2024-03-16 01:53:24.145 T:5266 debug : CPythonInvoker(2, /storage/.kodi/addons/script.plexmod/default.py): script successfully run
2024-03-16 01:53:24.145 T:5266 debug : onExecutionDone(2, /storage/.kodi/addons/script.plexmod/default.py)
2024-03-16 01:53:24.202 T:5266 info : Main: script.plex: REALLY FINISHED
2024-03-16 01:53:24.202 T:5266 debug : .
2024-03-16 01:53:24.350 T:5266 debug : Python interpreter stopped
2024-03-16 01:53:24.350 T:5266 debug : Thread LanguageInvoker 3717182016 terminating
2024-03-16 01:53:25.123 T:5261 debug : PushCecKeypress - received key a6 duration 0
2024-03-16 01:53:25.142 T:5197 debug : HandleKey: 166 (0xa6, obc89) pressed, window 10000, action is Up
2024-03-16 01:53:25.193 T:5261 debug : PushCecKeypress - received key a6 duration 70
2024-03-16 01:53:25.791 T:5261 debug : PushCecKeypress - received key a8 duration 0
2024-03-16 01:53:25.809 T:5197 debug : HandleKey: 168 (0xa8, obc87) pressed, window 10000, action is Right
2024-03-16 01:53:25.860 T:5261 debug : PushCecKeypress - received key a8 duration 70
2024-03-16 01:53:26.405 T:5261 debug : PushCecKeypress - received key b duration 0
2024-03-16 01:53:26.435 T:5197 debug : HandleKey: 11 (0xb, obc244) pressed, window 10000, action is Select
2024-03-16 01:53:26.435 T:5197 debug : Activating window ID: 10004
2024-03-16 01:53:26.475 T:5261 debug : PushCecKeypress - received key b duration 70
2024-03-16 01:53:26.771 T:5197 debug : ------ Window Deinit (Home.xml) ------
2024-03-16 01:53:26.771 T:5197 debug : FreeVisualisation() done
2024-03-16 01:53:26.810 T:5197 debug : ------ Window Init (Settings.xml) ------
2024-03-16 01:53:26.810 T:5197 info : Loading skin file: Settings.xml, load type: KEEP_IN_MEMORY
2024-03-16 01:53:27.630 T:5261 debug : PushCecKeypress - received key a6 duration 0
2024-03-16 01:53:27.643 T:5197 debug : HandleKey: 166 (0xa6, obc89) pressed, window 10004, action is Up
2024-03-16 01:53:27.702 T:5261 debug : PushCecKeypress - received key a6 duration 72
2024-03-16 01:53:28.643 T:5261 debug : PushCecKeypress - received key a7 duration 0
2024-03-16 01:53:28.644 T:5197 debug : HandleKey: 167 (0xa7, obc88) pressed, window 10004, action is Down
2024-03-16 01:53:28.712 T:5261 debug : PushCecKeypress - received key a7 duration 69
2024-03-16 01:53:28.889 T:5261 debug : PushCecKeypress - received key a7 duration 0
2024-03-16 01:53:28.895 T:5197 debug : HandleKey: 167 (0xa7, obc88) pressed, window 10004, action is Down
2024-03-16 01:53:28.959 T:5261 debug : PushCecKeypress - received key a7 duration 70
2024-03-16 01:53:29.184 T:5261 debug : PushCecKeypress - received key a7 duration 0
2024-03-16 01:53:29.187 T:5197 debug : HandleKey: 167 (0xa7, obc88) pressed, window 10004, action is Down
2024-03-16 01:53:29.253 T:5261 debug : PushCecKeypress - received key a7 duration 70
2024-03-16 01:53:30.363 T:5261 debug : PushCecKeypress - received key b duration 0
2024-03-16 01:53:30.396 T:5197 debug : HandleKey: 11 (0xb, obc244) pressed, window 10004, action is Select
2024-03-16 01:53:30.397 T:5398 debug : Thread LanguageInvoker start, auto delete: false
2024-03-16 01:53:30.401 T:5398 debug : initializing python engine.
2024-03-16 01:53:30.401 T:5398 debug : CPythonInvoker(3, /usr/share/kodi/addons/service.coreelec.settings/default.py): start processing
2024-03-16 01:53:30.432 T:5261 debug : PushCecKeypress - received key b duration 69
2024-03-16 01:53:30.434 T:5398 debug : -->Python Interpreter Initialized<--
2024-03-16 01:53:30.435 T:5398 debug :
2024-03-16 01:53:30.435 T:5398 debug : CPythonInvoker(3, /usr/share/kodi/addons/service.coreelec.settings/default.py): the source file to load is "/usr/share/kodi/addons/service.coreelec.settings/default.py"
2024-03-16 01:53:30.435 T:5398 debug : CPythonInvoker(3): full python path:
2024-03-16 01:53:30.435 T:5398 debug : CPythonInvoker(3): custom python path:
2024-03-16 01:53:30.435 T:5398 debug : CPythonInvoker(3): /usr/share/kodi/addons/service.coreelec.settings
2024-03-16 01:53:30.435 T:5398 debug : CPythonInvoker(3): default python path:
2024-03-16 01:53:30.435 T:5398 debug : CPythonInvoker(3): /usr/lib/python311.zip
