2021-02-27 11:02:52.795 T:4066410512 DEBUG: LocalizeStrings: loaded 4040 strings from file resource://resource.language.en_gb/strings.po
2021-02-27 11:02:52.808 T:4066410512 WARNING: Repository add-on repository.lunatixz uses plain HTTP for add-on downloads in path http://raw.github.com/Lunatixz/KODI_Addons/master/zips - this is insecure and will make your Kodi installation vulnerable to attacks if enabled!
2021-02-27 11:02:52.811 T:4066410512 WARNING: Repository add-on repository.yt.unofficial uses plain HTTP for add-on downloads in path http://panicked.xyz/repository/youtube/python2/unofficial/zips - this is insecure and will make your Kodi installation vulnerable to attacks if enabled!
2021-02-27 11:02:52.812 T:4066410512 WARNING: Repository add-on repository.anxdpanic uses plain HTTP for add-on downloads in path http://panicked.xyz/repository/anxdpanic/python2/zips/ - this is insecure and will make your Kodi installation vulnerable to attacks if enabled!
2021-02-27 11:02:52.812 T:4066410512 WARNING: Repository add-on repository.yt.testing_unofficial uses plain HTTP for add-on downloads in path http://panicked.xyz/repository/youtube/python2/unofficial_testing/zips - this is insecure and will make your Kodi installation vulnerable to attacks if enabled!
2021-02-27 11:02:52.814 T:4066410512 DEBUG: LocalizeStrings: loaded 1 strings from file /usr/share/kodi/addons/audioencoder.kodi.builtin.aac/resources/language/English/strings.po
2021-02-27 11:02:52.814 T:4066410512 DEBUG: LocalizeStrings: loaded 1 strings from file /usr/share/kodi/addons/audioencoder.kodi.builtin.wma/resources/language/English/strings.po
2021-02-27 11:02:52.815 T:4066410512 DEBUG: LocalizeStrings: loaded 18 strings from file /usr/share/kodi/addons/game.controller.default/resources/language/resource.language.en_gb/strings.po
2021-02-27 11:02:52.816 T:4066410512 DEBUG: LocalizeStrings: loaded 13 strings from file /usr/share/kodi/addons/game.controller.snes/resources/language/resource.language.en_gb/strings.po
2021-02-27 11:02:52.823 T:4066410512 DEBUG: LocalizeStrings: loaded 17 strings from file /storage/.kodi/addons/metadata.album.universal/resources/language/resource.language.en_gb/strings.po
2021-02-27 11:02:52.826 T:4066410512 DEBUG: LocalizeStrings: loaded 32 strings from file /storage/.kodi/addons/metadata.artists.universal/resources/language/resource.language.en_gb/strings.po
2021-02-27 11:02:52.832 T:4066410512 DEBUG: LocalizeStrings: loaded 9 strings from file /storage/.kodi/addons/metadata.themoviedb.org/resources/language/resource.language.en_gb/strings.po
2021-02-27 11:02:52.835 T:4066410512 DEBUG: LocalizeStrings: loaded 13 strings from file /storage/.kodi/addons/metadata.tvshows.themoviedb.org/resources/language/resource.language.en_gb/strings.po
2021-02-27 11:02:52.836 T:4066410512 DEBUG: LocalizeStrings: loaded 9 strings from file /usr/share/kodi/addons/peripheral.joystick/resources/language/resource.language.en_gb/strings.po
2021-02-27 11:02:52.839 T:4066410512 DEBUG: LocalizeStrings: loaded 1 strings from file /usr/share/kodi/addons/screensaver.xbmc.builtin.dim/resources/language/resource.language.en_gb/strings.po
2021-02-27 11:02:52.841 T:4066410512 DEBUG: LocalizeStrings: loaded 18 strings from file /usr/share/kodi/addons/script.program.driverselect/resources/language/resource.language.en_gb/strings.po
2021-02-27 11:02:52.843 T:4066410512 DEBUG: LocalizeStrings: loaded 316 strings from file /usr/share/kodi/addons/service.coreelec.settings/resources/language/resource.language.en_gb/strings.po
2021-02-27 11:02:52.858 T:4066410512 DEBUG: POParser: PO file has Win Style Line Endings. Converted in memory to Linux LF for file: /storage/.kodi/addons/plugin.video.emby/resources/language/resource.language.en_gb/strings.po
2021-02-27 11:02:52.859 T:4066410512 DEBUG: LocalizeStrings: loaded 261 strings from file /storage/.kodi/addons/plugin.video.emby/resources/language/resource.language.en_gb/strings.po
2021-02-27 11:02:52.863 T:4066410512 DEBUG: LocalizeStrings: loaded 297 strings from file /storage/.kodi/addons/plugin.video.youtube/resources/language/resource.language.en_gb/strings.po
2021-02-27 11:02:52.867 T:4066410512 DEBUG: LocalizeStrings: loaded 83 strings from file /storage/.kodi/addons/script.module.inputstreamhelper/resources/language/resource.language.en_gb/strings.po
2021-02-27 11:02:52.871 T:4066410512 DEBUG: LocalizeStrings: loaded 307 strings from file /storage/.kodi/addons/script.keymap/resources/language/resource.language.en_gb/strings.po
2021-02-27 11:02:52.878 T:4066410512 DEBUG: LocalizeStrings: loaded 120 strings from file /storage/.kodi/addons/script.skinshortcuts/resources/language/English/strings.po
2021-02-27 11:02:52.883 T:4066410512 DEBUG: LocalizeStrings: loaded 61 strings from file /storage/.kodi/addons/script.module.metadatautils/resources/language/resource.language.en_gb/strings.po
2021-02-27 11:02:52.886 T:4066410512 DEBUG: POParser: PO file has Win Style Line Endings. Converted in memory to Linux LF for file: /storage/.kodi/addons/script.skin.helper.service/resources/language/resource.language.en_gb/strings.po
2021-02-27 11:02:52.886 T:4066410512 DEBUG: LocalizeStrings: loaded 27 strings from file /storage/.kodi/addons/script.skin.helper.service/resources/language/resource.language.en_gb/strings.po
2021-02-27 11:02:52.889 T:4066410512 DEBUG: LocalizeStrings: loaded 76 strings from file /storage/.kodi/addons/script.skin.helper.widgets/resources/language/resource.language.en_gb/strings.po
2021-02-27 11:02:52.899 T:4066410512 DEBUG: LocalizeStrings: loaded 7 strings from file /storage/.kodi/addons/script.common.plugin.cache/resources/language/resource.language.en_gb/strings.po
2021-02-27 11:02:52.902 T:4066410512 DEBUG: LocalizeStrings: loaded 181 strings from file /storage/.kodi/addons/script.artwork.beef/resources/language/English/strings.po
2021-02-27 11:02:52.905 T:4066410512 DEBUG: LocalizeStrings: loaded 2 strings from file /storage/.kodi/addons/script.artwork.helper/resources/language/English/strings.po
2021-02-27 11:02:52.909 T:4066410512 DEBUG: LocalizeStrings: loaded 45 strings from file /storage/.kodi/addons/script.module.youtube.dl/resources/language/resource.language.en_gb/strings.po
2021-02-27 11:02:52.917 T:4066410512 DEBUG: LocalizeStrings: loaded 167 strings from file /storage/.kodi/addons/script.extendedinfo/resources/language/resource.language.en_gb/strings.po
2021-02-27 11:02:52.921 T:4066410512 DEBUG: LocalizeStrings: loaded 6 strings from file /storage/.kodi/addons/script.skin.helper.colorpicker/resources/language/resource.language.en_gb/strings.po
2021-02-27 11:02:52.924 T:4066410512 DEBUG: LocalizeStrings: loaded 39 strings from file /storage/.kodi/addons/script.skin.helper.skinbackup/resources/language/resource.language.en_gb/strings.po
2021-02-27 11:02:52.930 T:4066410512 DEBUG: LocalizeStrings: loaded 26 strings from file /storage/.kodi/addons/script.globalsearch/resources/language/resource.language.en_GB/strings.po
2021-02-27 11:02:52.933 T:4066410512 DEBUG: LocalizeStrings: loaded 2 strings from file /storage/.kodi/addons/script.libraryeditor/resources/language/English/strings.xml
2021-02-27 11:02:52.939 T:4066410512 DEBUG: LocalizeStrings: loaded 24 strings from file /storage/.kodi/addons/inputstream.adaptive/resources/language/resource.language.en_gb/strings.po
2021-02-27 11:02:52.943 T:4066410512 DEBUG: LocalizeStrings: loaded 147 strings from file /storage/.kodi/addons/screensaver.digitalclock/resources/language/resource.language.en_gb/strings.po
2021-02-27 11:02:52.946 T:4066410512 DEBUG: LocalizeStrings: loaded 9 strings from file /storage/.kodi/addons/screensaver.unaryclock/resources/language/English/strings.xml
2021-02-27 11:02:52.950 T:4066410512 DEBUG: LocalizeStrings: loaded 24 strings from file /storage/.kodi/addons/script.kodi.loguploader/resources/language/resource.language.en_gb/strings.po
2021-02-27 11:02:52.954 T:4066410512 DEBUG: LocalizeStrings: loaded 18 strings from file /storage/.kodi/addons/service.subtitles.rvm.addic7ed/resources/language/resource.language.en_gb/strings.po
2021-02-27 11:02:52.957 T:4066410512 DEBUG: LocalizeStrings: loaded 5 strings from file /storage/.kodi/addons/service.subtitles.opensubtitles/resources/language/English/strings.po
2021-02-27 11:02:52.960 T:4066410512 DEBUG: LocalizeStrings: loaded 4 strings from file /storage/.kodi/addons/service.subtitles.subscene/resources/language/English/strings.po
2021-02-27 11:02:52.963 T:4066410512 DEBUG: LocalizeStrings: loaded 47 strings from file /storage/.kodi/addons/screensaver.turnoff/resources/language/resource.language.en_gb/strings.po
2021-02-27 11:02:52.972 T:4066410512 DEBUG: LocalizeStrings: loaded 74 strings from file /storage/.kodi/addons/plugin.library.node.editor/resources/language/resource.language.en_GB/strings.po
2021-02-27 11:02:52.978 T:4066410512 DEBUG: LocalizeStrings: loaded 10 strings from file /storage/.kodi/addons/metadata.tvdb.com/resources/language/resource.language.en_gb/strings.po
2021-02-27 11:02:52.981 T:4066410512 DEBUG: LocalizeStrings: loaded 28 strings from file /storage/.kodi/addons/script.tagoverview/resources/language/resource.language.en_gb/strings.po
2021-02-27 11:02:52.986 T:4066410512 DEBUG: LocalizeStrings: loaded 3 strings from file /storage/.kodi/addons/plugin.program.autocompletion/resources/language/English/strings.po
2021-02-27 11:02:52.996 T:4066410512 DEBUG: LocalizeStrings: loaded 93 strings from file /storage/.kodi/addons/script.service.janitor/resources/language/resource.language.en_gb/strings.po
2021-02-27 11:02:53.004 T:4066410512 DEBUG: LocalizeStrings: loaded 97 strings from file /storage/.kodi/addons/script.xbmcbackup/resources/language/resource.language.en_gb/strings.po
2021-02-27 11:02:53.009 T:4066410512 DEBUG: LocalizeStrings: loaded 44 strings from file /storage/.kodi/addons/service.watchdog/resources/language/English/strings.xml
2021-02-27 11:02:53.012 T:4066410512 DEBUG: LocalizeStrings: loaded 21 strings from file /storage/.kodi/addons/script.xbmc.unpausejumpback/resources/language/English/strings.xml
2021-02-27 11:02:53.018 T:4066410512 DEBUG: LocalizeStrings: loaded 256 strings from file /storage/.kodi/addons/plugin.video.netflix/resources/language/resource.language.en_gb/strings.po
2021-02-27 11:02:53.022 T:4066410512 DEBUG: LocalizeStrings: loaded 46 strings from file /storage/.kodi/addons/service.libraryautoupdate/resources/language/resource.language.en_gb/strings.po
2021-02-27 11:02:53.028 T:4066410512 DEBUG: LocalizeStrings: loaded 229 strings from file /storage/.kodi/addons/plugin.video.jellyfin/resources/language/resource.language.en_gb/strings.po
2021-02-27 11:02:53.031 T:4066410512 DEBUG: POParser: PO file has Win Style Line Endings. Converted in memory to Linux LF for file: /storage/.kodi/addons/service.subtitles.localsubtitle/resources/language/English/strings.po
2021-02-27 11:02:53.031 T:4066410512 DEBUG: LocalizeStrings: loaded 11 strings from file /storage/.kodi/addons/service.subtitles.localsubtitle/resources/language/English/strings.po
2021-02-27 11:02:53.036 T:4066410512 DEBUG: LocalizeStrings: loaded 3 strings from file /storage/.kodi/addons/script.favourites/resources/language/resource.language.en_GB/strings.po
2021-02-27 11:02:53.040 T:4066410512 DEBUG: LocalizeStrings: loaded 13 strings from file /storage/.kodi/addons/service.skin.widgets/resources/language/English/strings.po
2021-02-27 11:02:53.044 T:4066410512 DEBUG: LocalizeStrings: loaded 24 strings from file /storage/.kodi/addons/service.library.data.provider/resources/language/resource.language.en_gb/strings.po
2021-02-27 11:02:53.059 T:4066410512 DEBUG: POParser: PO file has Win Style Line Endings. Converted in memory to Linux LF for file: /storage/.kodi/addons/script.yatse.kodi/resources/language/English/strings.po
2021-02-27 11:02:53.059 T:4066410512 DEBUG: LocalizeStrings: loaded 11 strings from file /storage/.kodi/addons/script.yatse.kodi/resources/language/English/strings.po
2021-02-27 11:02:53.068 T:4066410512 DEBUG: LocalizeStrings: loaded 35 strings from file /storage/.kodi/addons/script.embuary.helper/resources/language/resource.language.en_GB/strings.po
2021-02-27 11:02:53.071 T:3912201088 DEBUG: Thread JobWorker start, auto delete: true
2021-02-27 11:02:53.071 T:3912201088 DEBUG: Initialize, updating databases...
2021-02-27 11:02:53.073 T:3912201088 NOTICE: Running database version Addons27
2021-02-27 11:02:53.078 T:3912201088 NOTICE: Running database version ViewModes6
2021-02-27 11:02:53.356 T:3912201088 NOTICE: Running database version Textures13
2021-02-27 11:02:53.370 T:3912201088 NOTICE: Running database version MyMusic72
2021-02-27 11:02:53.593 T:3912201088 NOTICE: Running database version MyVideos116
2021-02-27 11:02:53.598 T:3912201088 NOTICE: Running database version TV32
2021-02-27 11:02:53.601 T:3912201088 NOTICE: Running database version Epg12
2021-02-27 11:02:53.601 T:3912201088 DEBUG: Initialize, updating databases... DONE
2021-02-27 11:02:53.601 T:4066410512 NOTICE: start dvd mediatype detection
2021-02-27 11:02:53.601 T:4066410512 INFO: DPMS: not supported on this platform
2021-02-27 11:02:53.621 T:4025312128 DEBUG: Thread DetectDVDMedia start, auto delete: false
2021-02-27 11:02:53.621 T:4025312128 DEBUG: Compiled with libcdio Version 0.94
2021-02-27 11:02:53.622 T:4025312128 DEBUG: Thread DetectDVDMedia 4025312128 terminating
2021-02-27 11:02:53.656 T:3912201088 WARNING: Repository add-on repository.lunatixz uses plain HTTP for add-on downloads in path http://raw.github.com/Lunatixz/KODI_Addons/master/zips - this is insecure and will make your Kodi installation vulnerable to attacks if enabled!
2021-02-27 11:02:53.661 T:3912201088 WARNING: Repository add-on repository.yt.unofficial uses plain HTTP for add-on downloads in path http://panicked.xyz/repository/youtube/python2/unofficial/zips - this is insecure and will make your Kodi installation vulnerable to attacks if enabled!
2021-02-27 11:02:53.662 T:3912201088 WARNING: Repository add-on repository.anxdpanic uses plain HTTP for add-on downloads in path http://panicked.xyz/repository/anxdpanic/python2/zips/ - this is insecure and will make your Kodi installation vulnerable to attacks if enabled!
2021-02-27 11:02:53.662 T:3912201088 WARNING: Repository add-on repository.yt.testing_unofficial uses plain HTTP for add-on downloads in path http://panicked.xyz/repository/youtube/python2/unofficial_testing/zips - this is insecure and will make your Kodi installation vulnerable to attacks if enabled!
2021-02-27 11:02:53.671 T:4066410512 INFO: Unloading old skin ...
2021-02-27 11:02:53.681 T:4066410512 NOTICE: load skin from: /storage/.kodi/addons/skin.estuary.modv2 (version: 3.0.5)
2021-02-27 11:02:53.682 T:4066410512 INFO: load fonts for skin...
2021-02-27 11:02:53.693 T:4066410512 INFO: Loading skin includes from /storage/.kodi/addons/skin.estuary.modv2/xml/Includes.xml
2021-02-27 11:02:54.567 T:4066410512 INFO: Loading fonts from /storage/.kodi/addons/skin.estuary.modv2/xml/Font.xml
2021-02-27 11:02:54.801 T:4066410512 DEBUG: LocalizeStrings: loaded 453 strings from file /storage/.kodi/addons/skin.estuary.modv2/language/resource.language.en_gb/strings.po
2021-02-27 11:02:54.801 T:4066410512 INFO: load new skin...
2021-02-27 11:02:54.801 T:4066410512 INFO: Loading custom window XMLs from skin path /storage/.kodi/addons/skin.estuary.modv2/xml
2021-02-27 11:02:54.869 T:4066410512 DEBUG: Load Skin XML: 68.38ms
2021-02-27 11:02:54.869 T:4066410512 INFO: initialize new skin...
2021-02-27 11:02:54.869 T:4066410512 DEBUG: guilib: Fill viewport on change for solving rendering passes
2021-02-27 11:02:54.869 T:4066410512 INFO: Loading skin file: Custom_1121_MusicFullscreenEnabler.xml, load type: LOAD_ON_GUI_INIT
2021-02-27 11:02:54.870 T:4066410512 INFO: Loading skin file: VideoOSD.xml, load type: LOAD_ON_GUI_INIT
2021-02-27 11:02:54.922 T:4066410512 DEBUG: OpenBundle - Opened bundle /storage/.kodi/addons/skin.estuary.modv2/media/Textures.xbt
2021-02-27 11:02:54.948 T:4066410512 INFO: Loading skin file: DialogPVRChannelGuide.xml, load type: LOAD_ON_GUI_INIT
2021-02-27 11:02:54.958 T:4066410512 INFO: Loading skin file: Custom_1109_TopBarOverlay.xml, load type: LOAD_ON_GUI_INIT
2021-02-27 11:02:54.964 T:4066410512 INFO: Loading skin file: DialogPVRChannelsOSD.xml, load type: LOAD_ON_GUI_INIT
2021-02-27 11:02:54.971 T:4066410512 INFO: Loading skin file: DialogNotification.xml, load type: LOAD_ON_GUI_INIT
2021-02-27 11:02:54.973 T:4066410512 INFO: Loading skin file: DialogSeekBar.xml, load type: LOAD_ON_GUI_INIT
2021-02-27 11:02:54.992 T:4066410512 INFO: Loading skin file: DialogExtendedProgressBar.xml, load type: LOAD_ON_GUI_INIT
2021-02-27 11:02:54.995 T:4066410512 INFO: Loading skin file: DialogBusy.xml, load type: LOAD_ON_GUI_INIT
2021-02-27 11:02:54.997 T:4066410512 INFO: Loading skin file: DialogVolumeBar.xml, load type: LOAD_ON_GUI_INIT
2021-02-27 11:02:54.999 T:4066410512 INFO: Loading skin file: Pointer.xml, load type: LOAD_ON_GUI_INIT
2021-02-27 11:02:55.001 T:4066410512 INFO: Loading skin file: DialogSettings.xml, load type: LOAD_ON_GUI_INIT
2021-02-27 11:02:55.013 T:4066410512 INFO: Previous line repeats 1 times.
2021-02-27 11:02:55.013 T:4066410512 INFO: Loading skin file: Custom_1140_MusicVideoInfo.xml, load type: LOAD_ON_GUI_INIT
2021-02-27 11:02:55.016 T:4066410512 INFO: Loading skin file: DialogBusy.xml, load type: LOAD_ON_GUI_INIT
2021-02-27 11:02:55.017 T:4066410512 INFO: Loading skin file: Custom_1142_Themes.xml, load type: LOAD_ON_GUI_INIT
2021-02-27 11:02:55.047 T:4066410512 INFO: Loading skin file: Custom_1134_PVRNextUp.xml, load type: LOAD_ON_GUI_INIT
2021-02-27 11:02:55.049 T:4066410512 INFO: Loading skin file: Custom_1135_PVROverlay.xml, load type: LOAD_ON_GUI_INIT
2021-02-27 11:02:55.054 T:4066410512 INFO: Loading skin file: DialogSubtitles.xml, load type: LOAD_ON_GUI_INIT
2021-02-27 11:02:55.062 T:4066410512 INFO: Loading resource://resource.uisounds.kodi/sounds.xml
2021-02-27 11:02:55.268 T:4066410512 INFO: skin loaded...
2021-02-27 11:02:55.268 T:4066410512 DEBUG: Activating window ID: 12997
2021-02-27 11:02:55.268 T:4066410512 DEBUG: ------ Window Init () ------
2021-02-27 11:02:55.268 T:4066410512 DEBUG: Activating window ID: 12999
2021-02-27 11:02:55.268 T:4066410512 DEBUG: ------ Window Init (Startup.xml) ------
2021-02-27 11:02:55.268 T:4066410512 INFO: Loading skin file: Startup.xml, load type: LOAD_EVERY_TIME
2021-02-27 11:02:55.272 T:4066410512 WARNING: CApplication::Initialize - startup.xml taints init process
2021-02-27 11:02:55.285 T:4066410512 DEBUG: JSONRPC: JSON schema type definition references an unknown type Setting.Details.Setting
2021-02-27 11:02:55.285 T:4066410512 WARNING: JSONRPC: Could not parse type "Setting.Details.SettingList"
2021-02-27 11:02:55.285 T:4066410512 INFO: JSONRPC: Adding type "Setting.Details.SettingList" to list of incomplete definitions (waiting for "Setting.Details.Setting")
2021-02-27 11:02:55.285 T:4066410512 INFO: JSONRPC: Resolving incomplete types/methods referencing Setting.Details.Setting
2021-02-27 11:02:55.306 T:4066410512 INFO: JSONRPC v10.3.0: Successfully initialized
2021-02-27 11:02:55.308 T:4066410512 DEBUG: LoadMappings - loaded node "Motorola Nyxboard Hybrid"
2021-02-27 11:02:55.308 T:4066410512 DEBUG: LoadMappings - loaded node "CEC Adapter"
2021-02-27 11:02:55.308 T:4066410512 DEBUG: LoadMappings - loaded node "Pulse-Eight CEC Adapter"
2021-02-27 11:02:55.308 T:4066410512 DEBUG: LoadMappings - loaded node "iMON HID device"
2021-02-27 11:02:55.308 T:4066410512 DEBUG: LoadMappings - loaded node "WETEK Play remote"
2021-02-27 11:02:55.308 T:4066410512 DEBUG: LoadMappings - loaded node ""
2021-02-27 11:02:55.309 T:4066410512 DEBUG: Add-on bus: Registering add-on peripheral.joystick
2021-02-27 11:02:55.309 T:4066410512 DEBUG: PERIPHERAL - CreateAddon - creating peripheral add-on instance 'Joystick Support'
2021-02-27 11:02:55.309 T:4066410512 DEBUG: ADDON: Dll Initializing - Joystick Support
2021-02-27 11:02:55.309 T:4066410512 DEBUG: SECTION:LoadDLL(/usr/lib/kodi/addons/peripheral.joystick/peripheral.joystick.so.1.4.9)
2021-02-27 11:02:55.309 T:4066410512 DEBUG: Loading: /usr/lib/kodi/addons/peripheral.joystick/peripheral.joystick.so.1.4.9
2021-02-27 11:02:55.317 T:4066410512 DEBUG: AddOnLog: Joystick Support: Loaded 14 joystick families with 97 total joysticks
2021-02-27 11:02:55.317 T:4066410512 DEBUG: Calling TransferSettings for: Joystick Support
2021-02-27 11:02:55.317 T:4066410512 DEBUG: CAddonSettings[peripheral.joystick]: loading setting definitions
2021-02-27 11:02:55.317 T:4066410512 INFO: AddOnLog: Joystick Support: Enabling joystick interface "linux"
2021-02-27 11:02:55.318 T:3857113984 DEBUG: Thread PeripBusUSBUdev start, auto delete: false
2021-02-27 11:02:55.318 T:3857113984 DEBUG: Process - initialised udev monitor
2021-02-27 11:02:55.318 T:3848721280 DEBUG: Thread PeripBusCEC start, auto delete: false
2021-02-27 11:02:55.318 T:3840328576 DEBUG: Thread PeripBusAddon start, auto delete: false
2021-02-27 11:02:55.320 T:4066410512 DEBUG: Initialise - initialised peripheral on 'keyboard' with 1 features and 0 sub devices
2021-02-27 11:02:55.320 T:4066410512 NOTICE: Register - new keyboard device registered on application->keyboard: Keyboard (0000:0000)
2021-02-27 11:02:55.326 T:4066410512 DEBUG: Initialise - initialised peripheral on 'mouse' with 1 features and 0 sub devices
2021-02-27 11:02:55.326 T:4066410512 NOTICE: Register - new mouse device registered on application->mouse: Mouse (0000:0000)
2021-02-27 11:02:55.326 T:3831935872 DEBUG: Thread PeripEventScanner start, auto delete: false
2021-02-27 11:02:55.334 T:4066410512 DEBUG: ContextMenuManager: addon menus reloaded.
2021-02-27 11:02:55.335 T:4066410512 NOTICE: Loading player core factory settings from special://xbmc/system/playercorefactory.xml.
2021-02-27 11:02:55.335 T:4066410512 DEBUG: CPlayerCoreConfig::: created player VideoPlayer
2021-02-27 11:02:55.335 T:4066410512 DEBUG: CPlayerCoreConfig::: created player PAPlayer
2021-02-27 11:02:55.335 T:4066410512 DEBUG: CPlayerCoreConfig::: created player RetroPlayer
2021-02-27 11:02:55.335 T:4066410512 DEBUG: CPlayerSelectionRule::Initialize: creating rule: system rules
2021-02-27 11:02:55.335 T:4066410512 DEBUG: CPlayerSelectionRule::Initialize: creating rule: mms/udp
2021-02-27 11:02:55.335 T:4066410512 DEBUG: CPlayerSelectionRule::Initialize: creating rule: lastfm/shout
2021-02-27 11:02:55.335 T:4066410512 DEBUG: CPlayerSelectionRule::Initialize: creating rule: rtmp
2021-02-27 11:02:55.335 T:4066410512 DEBUG: CPlayerSelectionRule::Initialize: creating rule: rtsp
2021-02-27 11:02:55.335 T:4066410512 DEBUG: CPlayerSelectionRule::Initialize: creating rule: streams
2021-02-27 11:02:55.335 T:4066410512 DEBUG: CPlayerSelectionRule::Initialize: creating rule: aacp/sdp
2021-02-27 11:02:55.335 T:4066410512 DEBUG: CPlayerSelectionRule::Initialize: creating rule: mp2
2021-02-27 11:02:55.335 T:4066410512 DEBUG: CPlayerSelectionRule::Initialize: creating rule: dvd
2021-02-27 11:02:55.335 T:4066410512 DEBUG: CPlayerSelectionRule::Initialize: creating rule: dvdimage
2021-02-27 11:02:55.335 T:4066410512 DEBUG: CPlayerSelectionRule::Initialize: creating rule: sdp/asf
2021-02-27 11:02:55.335 T:4066410512 DEBUG: CPlayerSelectionRule::Initialize: creating rule: nsv
2021-02-27 11:02:55.335 T:4066410512 DEBUG: CPlayerSelectionRule::Initialize: creating rule: radio
2021-02-27 11:02:55.336 T:4066410512 NOTICE: Loaded playercorefactory configuration
2021-02-27 11:02:55.336 T:4066410512 NOTICE: Loading player core factory settings from special://masterprofile/playercorefactory.xml.
2021-02-27 11:02:55.336 T:4066410512 NOTICE: special://masterprofile/playercorefactory.xml does not exist. Skipping.
2021-02-27 11:02:55.336 T:4066410512 INFO: removing tempfiles
2021-02-27 11:02:55.337 T:4066410512 NOTICE: UpdateLibraries: Starting video library startup scan
2021-02-27 11:02:55.342 T:3823543168 DEBUG: Thread JobWorker start, auto delete: true
2021-02-27 11:02:55.351 T:4066410512 WARNING: Repository add-on repository.lunatixz uses plain HTTP for add-on downloads in path http://raw.github.com/Lunatixz/KODI_Addons/master/zips - this is insecure and will make your Kodi installation vulnerable to attacks if enabled!
2021-02-27 11:02:55.351 T:4066410512 WARNING: Repository add-on repository.yt.unofficial uses plain HTTP for add-on downloads in path http://panicked.xyz/repository/youtube/python2/unofficial/zips - this is insecure and will make your Kodi installation vulnerable to attacks if enabled!
2021-02-27 11:02:55.352 T:4066410512 WARNING: Repository add-on repository.anxdpanic uses plain HTTP for add-on downloads in path http://panicked.xyz/repository/anxdpanic/python2/zips/ - this is insecure and will make your Kodi installation vulnerable to attacks if enabled!
2021-02-27 11:02:55.352 T:4066410512 WARNING: Repository add-on repository.yt.testing_unofficial uses plain HTTP for add-on downloads in path http://panicked.xyz/repository/youtube/python2/unofficial_testing/zips - this is insecure and will make your Kodi installation vulnerable to attacks if enabled!
2021-02-27 11:02:55.360 T:4066410512 WARNING: Repository add-on repository.lunatixz uses plain HTTP for add-on downloads in path http://raw.github.com/Lunatixz/KODI_Addons/master/zips - this is insecure and will make your Kodi installation vulnerable to attacks if enabled!
2021-02-27 11:02:55.361 T:4066410512 WARNING: Repository add-on repository.yt.unofficial uses plain HTTP for add-on downloads in path http://panicked.xyz/repository/youtube/python2/unofficial/zips - this is insecure and will make your Kodi installation vulnerable to attacks if enabled!
2021-02-27 11:02:55.361 T:4066410512 WARNING: Repository add-on repository.anxdpanic uses plain HTTP for add-on downloads in path http://panicked.xyz/repository/anxdpanic/python2/zips/ - this is insecure and will make your Kodi installation vulnerable to attacks if enabled!
2021-02-27 11:02:55.361 T:4066410512 WARNING: Repository add-on repository.yt.testing_unofficial uses plain HTTP for add-on downloads in path http://panicked.xyz/repository/youtube/python2/unofficial_testing/zips - this is insecure and will make your Kodi installation vulnerable to attacks if enabled!
2021-02-27 11:02:55.365 T:4066410512 DEBUG: CRepositoryUpdater: previous update at 02/27/2021 10:00:13 AM, next at 02/28/2021 10:00:13 AM
2021-02-27 11:02:55.365 T:3810341760 DEBUG: Thread Timer start, auto delete: false
2021-02-27 11:02:55.373 T:4066410512 DEBUG: CServiceAddonManager: starting service.coreelec.settings
2021-02-27 11:02:55.373 T:3801949056 DEBUG: Thread LanguageInvoker start, auto delete: false
2021-02-27 11:02:55.373 T:4066410512 DEBUG: CServiceAddonManager: starting plugin.video.youtube
2021-02-27 11:02:55.374 T:3801949056 INFO: initializing python engine.
2021-02-27 11:02:55.375 T:3793294208 DEBUG: Thread LanguageInvoker start, auto delete: false
2021-02-27 11:02:55.375 T:4066410512 DEBUG: CServiceAddonManager: starting script.skin.helper.service
2021-02-27 11:02:55.375 T:3793294208 INFO: initializing python engine.
2021-02-27 11:02:55.375 T:3784901504 DEBUG: Thread LanguageInvoker start, auto delete: false
2021-02-27 11:02:55.375 T:4066410512 DEBUG: CServiceAddonManager: starting script.skin.helper.widgets
2021-02-27 11:02:55.375 T:3784901504 INFO: initializing python engine.
2021-02-27 11:02:55.375 T:3776508800 DEBUG: Thread LanguageInvoker start, auto delete: false
2021-02-27 11:02:55.375 T:4066410512 DEBUG: CServiceAddonManager: starting skin.estuary.modv2
2021-02-27 11:02:55.375 T:3776508800 INFO: initializing python engine.
2021-02-27 11:02:55.377 T:3768116096 DEBUG: Thread LanguageInvoker start, auto delete: false
2021-02-27 11:02:55.377 T:4066410512 DEBUG: CServiceAddonManager: starting script.common.plugin.cache
2021-02-27 11:02:55.377 T:3768116096 INFO: initializing python engine.
2021-02-27 11:02:55.378 T:3759723392 DEBUG: Thread LanguageInvoker start, auto delete: false
2021-02-27 11:02:55.378 T:4066410512 DEBUG: CServiceAddonManager: starting script.artwork.beef
2021-02-27 11:02:55.378 T:3759723392 INFO: initializing python engine.
2021-02-27 11:02:55.378 T:3751330688 DEBUG: Thread LanguageInvoker start, auto delete: false
2021-02-27 11:02:55.378 T:4066410512 DEBUG: CServiceAddonManager: starting script.skin.helper.skinbackup
2021-02-27 11:02:55.378 T:3751330688 INFO: initializing python engine.
2021-02-27 11:02:55.379 T:3742937984 DEBUG: Thread LanguageInvoker start, auto delete: false
2021-02-27 11:02:55.379 T:4066410512 DEBUG: CServiceAddonManager: starting script.service.janitor
2021-02-27 11:02:55.379 T:3742937984 INFO: initializing python engine.
2021-02-27 11:02:55.379 T:3734545280 DEBUG: Thread LanguageInvoker start, auto delete: false
2021-02-27 11:02:55.379 T:4066410512 DEBUG: CServiceAddonManager: starting plugin.video.netflix
2021-02-27 11:02:55.379 T:3734545280 INFO: initializing python engine.
2021-02-27 11:02:55.379 T:3726152576 DEBUG: Thread LanguageInvoker start, auto delete: false
2021-02-27 11:02:55.379 T:4066410512 DEBUG: CServiceAddonManager: starting service.libraryautoupdate
2021-02-27 11:02:55.379 T:3726152576 INFO: initializing python engine.
2021-02-27 11:02:55.379 T:3717497728 DEBUG: Thread LanguageInvoker start, auto delete: false
2021-02-27 11:02:55.379 T:4066410512 DEBUG: CServiceAddonManager: starting plugin.video.jellyfin
2021-02-27 11:02:55.380 T:3717497728 INFO: initializing python engine.
2021-02-27 11:02:55.380 T:3709105024 DEBUG: Thread LanguageInvoker start, auto delete: false
2021-02-27 11:02:55.380 T:4066410512 DEBUG: CServiceAddonManager: starting service.skin.widgets
2021-02-27 11:02:55.380 T:3709105024 INFO: initializing python engine.
2021-02-27 11:02:55.380 T:3700712320 DEBUG: Thread LanguageInvoker start, auto delete: false
2021-02-27 11:02:55.380 T:4066410512 DEBUG: CServiceAddonManager: starting service.library.data.provider
2021-02-27 11:02:55.380 T:3700712320 INFO: initializing python engine.
2021-02-27 11:02:55.380 T:3692319616 DEBUG: Thread LanguageInvoker start, auto delete: false
2021-02-27 11:02:55.380 T:3692319616 INFO: initializing python engine.
2021-02-27 11:02:55.380 T:4066410512 DEBUG: CServiceAddonManager: starting script.embuary.helper
2021-02-27 11:02:55.381 T:3683926912 DEBUG: Thread LanguageInvoker start, auto delete: false
2021-02-27 11:02:55.381 T:4066410512 NOTICE: initialize done
2021-02-27 11:02:55.381 T:4066410512 NOTICE: Running the application...
2021-02-27 11:02:55.381 T:3683926912 INFO: initializing python engine.
2021-02-27 11:02:55.381 T:3675534208 DEBUG: Thread AlarmClock start, auto delete: false
2021-02-27 11:02:55.381 T:4066410512 DEBUG: started alarm with name: gohome
2021-02-27 11:02:55.381 T:4066410512 DEBUG: no profile autoexec.py (/storage/.kodi/userdata/autoexec.py) found, skipping
2021-02-27 11:02:55.381 T:4066410512 DEBUG: NetworkMessage - Starting network services
2021-02-27 11:02:55.384 T:4066410512 DEBUG: CZeroconfAvahi::clientCallback: client is up and running
2021-02-27 11:02:55.384 T:4066410512 NOTICE: starting zeroconf publishing
2021-02-27 11:02:55.385 T:4066410512 NOTICE: CWebServer[8080]: Started
2021-02-27 11:02:55.385 T:3823543168 DEBUG: CZeroconfAvahi::doPublishService identifier: servers.webserver type: _http._tcp name:Kodi (CoreELEC) port:8080
2021-02-27 11:02:55.385 T:3641860992 DEBUG: Thread JobWorker start, auto delete: true
2021-02-27 11:02:55.385 T:3823543168 DEBUG: CZeroconfAvahi::addService() named: Kodi (CoreELEC) type: _http._tcp port:8080
2021-02-27 11:02:55.385 T:3633468288 DEBUG: Thread EventServer start, auto delete: false
2021-02-27 11:02:55.385 T:3633468288 NOTICE: ES: Starting UDP Event server on port 9777
2021-02-27 11:02:55.385 T:4066410512 INFO: JSONRPC Server: Successfully initialized
2021-02-27 11:02:55.385 T:3633468288 NOTICE: UDP: Listening on port 9777 (ipv6 : true)
2021-02-27 11:02:55.385 T:4066410512 DEBUG: SECTION:LoadDLL(libshairplay.so.0)
2021-02-27 11:02:55.385 T:3641860992 DEBUG: CZeroconfAvahi::doPublishService identifier: servers.jsonrpc-http type: _xbmc-jsonrpc-h._tcp name:Kodi (CoreELEC) port:8080
2021-02-27 11:02:55.386 T:3625075584 DEBUG: Thread TCPServer start, auto delete: false
2021-02-27 11:02:55.386 T:4066410512 DEBUG: Loading: libshairplay.so.0
2021-02-27 11:02:55.389 T:3823543168 DEBUG: CZeroconfAvahi::doPublishService identifier: servers.jsonrpc-tpc type: _xbmc-jsonrpc._tcp name:Kodi (CoreELEC) port:9090
2021-02-27 11:02:55.389 T:3823543168 DEBUG: CZeroconfAvahi::addService() named: Kodi (CoreELEC) type: _xbmc-jsonrpc._tcp port:9090
2021-02-27 11:02:55.393 T:3823543168 DEBUG: CZeroconfAvahi::doPublishService identifier: servers.eventserver type: _xbmc-events._udp name:Kodi (CoreELEC) port:9777
2021-02-27 11:02:55.393 T:3823543168 DEBUG: CZeroconfAvahi::addService() named: Kodi (CoreELEC) type: _xbmc-events._udp port:9777
2021-02-27 11:02:55.397 T:3641860992 DEBUG: CZeroconfAvahi::addService() named: Kodi (CoreELEC) type: _xbmc-jsonrpc-h._tcp port:8080
2021-02-27 11:02:55.404 T:4066410512 DEBUG: ------ Window Init (DialogExtendedProgressBar.xml) ------
2021-02-27 11:02:55.404 T:3641860992 DEBUG: CZeroconfAvahi::doPublishService identifier: servers.airtunes type: _raop._tcp name:001E06420B9A@Kodi (CoreELEC) port:36666
2021-02-27 11:02:55.404 T:3641860992 DEBUG: CZeroconfAvahi::addService() named: 001E06420B9A@Kodi (CoreELEC) type: _raop._tcp port:36666
2021-02-27 11:02:55.411 T:3912201088 NOTICE: VideoInfoScanner: Starting scan ..
2021-02-27 11:02:55.415 T:3801949056 DEBUG: CPythonInvoker(0, /usr/share/kodi/addons/service.coreelec.settings/service.py): start processing
2021-02-27 11:02:55.416 T:3692319616 DEBUG: CPythonInvoker(13, /storage/.kodi/addons/service.library.data.provider/service.py): start processing
2021-02-27 11:02:55.416 T:3793294208 DEBUG: CPythonInvoker(1, /storage/.kodi/addons/plugin.video.youtube/resources/lib/startup.py): start processing
2021-02-27 11:02:55.416 T:3784901504 DEBUG: CPythonInvoker(2, /storage/.kodi/addons/script.skin.helper.service/service.py): start processing
2021-02-27 11:02:55.416 T:3776508800 DEBUG: CPythonInvoker(3, /storage/.kodi/addons/script.skin.helper.widgets/service.py): start processing
2021-02-27 11:02:55.416 T:3768116096 DEBUG: CPythonInvoker(4, /storage/.kodi/addons/skin.estuary.modv2/scripts/viewswitcher.py): start processing
2021-02-27 11:02:55.416 T:3759723392 DEBUG: CPythonInvoker(5, /storage/.kodi/addons/script.common.plugin.cache/resources/lib/entry_point.py): start processing
2021-02-27 11:02:55.416 T:3751330688 DEBUG: CPythonInvoker(6, /storage/.kodi/addons/script.artwork.beef/service.py): start processing
2021-02-27 11:02:55.416 T:3742937984 DEBUG: CPythonInvoker(7, /storage/.kodi/addons/script.skin.helper.skinbackup/service.py): start processing
2021-02-27 11:02:55.416 T:3734545280 DEBUG: CPythonInvoker(8, /storage/.kodi/addons/script.service.janitor/service.py): start processing
2021-02-27 11:02:55.416 T:3726152576 DEBUG: CPythonInvoker(9, /storage/.kodi/addons/plugin.video.netflix/service.py): start processing
2021-02-27 11:02:55.416 T:3717497728 DEBUG: CPythonInvoker(10, /storage/.kodi/addons/service.libraryautoupdate/default.py): start processing
2021-02-27 11:02:55.417 T:3709105024 DEBUG: CPythonInvoker(11, /storage/.kodi/addons/plugin.video.jellyfin/service.py): start processing
2021-02-27 11:02:55.417 T:3700712320 DEBUG: CPythonInvoker(12, /storage/.kodi/addons/service.skin.widgets/default.py): start processing
2021-02-27 11:02:55.417 T:3683926912 DEBUG: CPythonInvoker(14, /storage/.kodi/addons/script.embuary.helper/service.py): start processing
2021-02-27 11:02:55.484 T:3848721280 DEBUG: GetMappingForDevice - device (0000:0000) mapped to CEC Adapter (type = cec)
2021-02-27 11:02:55.487 T:3848721280 DEBUG: InitialiseFeature - using libCEC v4.0.4
2021-02-27 11:02:55.487 T:3848721280 DEBUG: Initialise - initialised peripheral on 'AOCEC' with 2 features and 0 sub devices
2021-02-27 11:02:55.487 T:3848721280 NOTICE: Register - new cec device registered on cec->AOCEC: CEC Adapter (0000:0000)
2021-02-27 11:02:55.487 T:3584127872 DEBUG: Thread CECAdapter start, auto delete: false
2021-02-27 11:02:55.487 T:3584127872 DEBUG: OpenConnection - opening a connection to the CEC adapter: AOCEC
2021-02-27 11:02:55.511 T:3801949056 DEBUG: -->Python Interpreter Initialized<--
2021-02-27 11:02:55.511 T:3801949056 DEBUG: CPythonInvoker(0, /usr/share/kodi/addons/service.coreelec.settings/service.py): the source file to load is "/usr/share/kodi/addons/service.coreelec.settings/service.py"
2021-02-27 11:02:55.573 T:3784901504 DEBUG: -->Python Interpreter Initialized<--
2021-02-27 11:02:55.573 T:3784901504 DEBUG: CPythonInvoker(2, /storage/.kodi/addons/script.skin.helper.service/service.py): the source file to load is "/storage/.kodi/addons/script.skin.helper.service/service.py"
2021-02-27 11:02:55.577 T:3768116096 DEBUG: -->Python Interpreter Initialized<--
2021-02-27 11:02:55.577 T:3768116096 DEBUG: CPythonInvoker(4, /storage/.kodi/addons/skin.estuary.modv2/scripts/viewswitcher.py): the source file to load is "/storage/.kodi/addons/skin.estuary.modv2/scripts/viewswitcher.py"
2021-02-27 11:02:55.577 T:3801949056 DEBUG: CPythonInvoker(0, /usr/share/kodi/addons/service.coreelec.settings/service.py): setting the Python path to /usr/share/kodi/addons/service.coreelec.settings:/usr/lib/python27.zip:/usr/lib/python2.7:/usr/lib/python2.7/plat-linux2:/usr/lib/python2.7/lib-tk:/usr/lib/python2.7/lib-old:/usr/lib/python2.7/lib-dynload:/usr/lib/python2.7/site-packages:/usr/lib/python2.7/site-packages/gtk-2.0
2021-02-27 11:02:55.577 T:3801949056 DEBUG: CPythonInvoker(0, /usr/share/kodi/addons/service.coreelec.settings/service.py): entering source directory /usr/share/kodi/addons/service.coreelec.settings
2021-02-27 11:02:55.577 T:3801949056 DEBUG: CPythonInvoker(0, /usr/share/kodi/addons/service.coreelec.settings/service.py): instantiating addon using automatically obtained id of "service.coreelec.settings" dependent on version 2.1.0 of the xbmc.python api
2021-02-27 11:02:55.581 T:3683926912 DEBUG: -->Python Interpreter Initialized<--
2021-02-27 11:02:55.581 T:3683926912 DEBUG: CPythonInvoker(14, /storage/.kodi/addons/script.embuary.helper/service.py): the source file to load is "/storage/.kodi/addons/script.embuary.helper/service.py"
2021-02-27 11:02:55.581 T:3742937984 DEBUG: -->Python Interpreter Initialized<--
2021-02-27 11:02:55.581 T:3742937984 DEBUG: CPythonInvoker(7, /storage/.kodi/addons/script.skin.helper.skinbackup/service.py): the source file to load is "/storage/.kodi/addons/script.skin.helper.skinbackup/service.py"
2021-02-27 11:02:55.581 T:3726152576 DEBUG: -->Python Interpreter Initialized<--
2021-02-27 11:02:55.581 T:3726152576 DEBUG: CPythonInvoker(9, /storage/.kodi/addons/plugin.video.netflix/service.py): the source file to load is "/storage/.kodi/addons/plugin.video.netflix/service.py"
2021-02-27 11:02:55.583 T:3692319616 DEBUG: -->Python Interpreter Initialized<--
2021-02-27 11:02:55.583 T:3692319616 DEBUG: CPythonInvoker(13, /storage/.kodi/addons/service.library.data.provider/service.py): the source file to load is "/storage/.kodi/addons/service.library.data.provider/service.py"
2021-02-27 11:02:55.706 T:4066410512 DEBUG: ------ Window Init () ------
2021-02-27 11:02:55.710 T:4066410512 DEBUG: ------ Window Init (Pointer.xml) ------
2021-02-27 11:02:55.743 T:4066410512 INFO: GLES: Enabling VSYNC
2021-02-27 11:02:55.847 T:4066410512 DEBUG: LogindUPowerSyscall - Received unknown signal NameAcquired
2021-02-27 11:02:55.861 T:3801949056 DEBUG: ## CoreELEC Addon ## 9.0.0
2021-02-27 11:02:55.866 T:3759723392 DEBUG: -->Python Interpreter Initialized<--
2021-02-27 11:02:55.866 T:3759723392 DEBUG: CPythonInvoker(5, /storage/.kodi/addons/script.common.plugin.cache/resources/lib/entry_point.py): the source file to load is "/storage/.kodi/addons/script.common.plugin.cache/resources/lib/entry_point.py"
2021-02-27 11:02:55.866 T:3759723392 DEBUG: CPythonInvoker(5, /storage/.kodi/addons/script.common.plugin.cache/resources/lib/entry_point.py): setting the Python path to /storage/.kodi/addons/script.common.plugin.cache/resources/lib:/usr/lib/python27.zip:/usr/lib/python2.7:/usr/lib/python2.7/plat-linux2:/usr/lib/python2.7/lib-tk:/usr/lib/python2.7/lib-old:/usr/lib/python2.7/lib-dynload:/usr/lib/python2.7/site-packages:/usr/lib/python2.7/site-packages/gtk-2.0
2021-02-27 11:02:55.866 T:3759723392 DEBUG: CPythonInvoker(5, /storage/.kodi/addons/script.common.plugin.cache/resources/lib/entry_point.py): entering source directory /storage/.kodi/addons/script.common.plugin.cache/resources/lib
2021-02-27 11:02:55.866 T:3759723392 DEBUG: CPythonInvoker(5, /storage/.kodi/addons/script.common.plugin.cache/resources/lib/entry_point.py): instantiating addon using automatically obtained id of "script.common.plugin.cache" dependent on version 2.24.0 of the xbmc.python api
2021-02-27 11:02:55.868 T:3776508800 DEBUG: -->Python Interpreter Initialized<--
2021-02-27 11:02:55.868 T:3776508800 DEBUG: CPythonInvoker(3, /storage/.kodi/addons/script.skin.helper.widgets/service.py): the source file to load is "/storage/.kodi/addons/script.skin.helper.widgets/service.py"
2021-02-27 11:02:55.871 T:3776508800 DEBUG: CPythonInvoker(3, /storage/.kodi/addons/script.skin.helper.widgets/service.py): setting the Python path to /storage/.kodi/addons/script.skin.helper.widgets:/storage/.kodi/addons/script.module.arrow/lib:/storage/.kodi/addons/script.module.backports.functools_lru_cache/lib:/storage/.kodi/addons/script.module.beautifulsoup/lib:/storage/.kodi/addons/script.module.beautifulsoup4/lib:/storage/.kodi/addons/script.module.certifi/lib:/storage/.kodi/addons/script.module.chardet/lib:/storage/.kodi/addons/script.module.dateutil/lib:/storage/.kodi/addons/script.module.idna/lib:/storage/.kodi/addons/script.module.metadatautils/lib:/storage/.kodi/addons/script.module.musicbrainz/lib:/storage/.kodi/addons/script.module.requests/lib:/storage/.kodi/addons/script.module.simplecache/lib:/storage/.kodi/addons/script.module.simplejson/lib:/storage/.kodi/addons/script.module.six/lib:/storage/.kodi/addons/script.module.thetvdb/lib:/storage/.kodi/addons/script.module.urllib3/lib:/usr/lib/python27.zip:/usr/lib/python2.7:/usr/lib/python2.7/plat-linux2:/usr/lib/python2.7/lib-tk:/usr/lib/python2.7/lib-old:/usr/lib/python2.7/lib-dynload:/usr/lib/python2.7/site-packages:/usr/lib/python2.7/site-packages/gtk-2.0
2021-02-27 11:02:55.871 T:3776508800 DEBUG: CPythonInvoker(3, /storage/.kodi/addons/script.skin.helper.widgets/service.py): entering source directory /storage/.kodi/addons/script.skin.helper.widgets
2021-02-27 11:02:55.871 T:3776508800 DEBUG: CPythonInvoker(3, /storage/.kodi/addons/script.skin.helper.widgets/service.py): instantiating addon using automatically obtained id of "script.skin.helper.widgets" dependent on version 2.24.0 of the xbmc.python api
2021-02-27 11:02:55.873 T:3683926912 DEBUG: CPythonInvoker(14, /storage/.kodi/addons/script.embuary.helper/service.py): setting the Python path to /storage/.kodi/addons/script.embuary.helper:/usr/share/kodi/addons/script.module.pil/lib:/usr/lib/python27.zip:/usr/lib/python2.7:/usr/lib/python2.7/plat-linux2:/usr/lib/python2.7/lib-tk:/usr/lib/python2.7/lib-old:/usr/lib/python2.7/lib-dynload:/usr/lib/python2.7/site-packages:/usr/lib/python2.7/site-packages/gtk-2.0
2021-02-27 11:02:55.873 T:3683926912 DEBUG: CPythonInvoker(14, /storage/.kodi/addons/script.embuary.helper/service.py): entering source directory /storage/.kodi/addons/script.embuary.helper
2021-02-27 11:02:55.896 T:3683926912 DEBUG: CPythonInvoker(14, /storage/.kodi/addons/script.embuary.helper/service.py): instantiating addon using automatically obtained id of "script.embuary.helper" dependent on version 2.26.0 of the xbmc.python api
2021-02-27 11:02:55.909 T:3726152576 DEBUG: CPythonInvoker(9, /storage/.kodi/addons/plugin.video.netflix/service.py): setting the Python path to /storage/.kodi/addons/plugin.video.netflix:/storage/.kodi/addons/script.module.addon.signals/lib:/storage/.kodi/addons/script.module.certifi/lib:/storage/.kodi/addons/script.module.chardet/lib:/storage/.kodi/addons/script.module.future/libs:/storage/.kodi/addons/script.module.idna/lib:/storage/.kodi/addons/script.module.inputstreamhelper/lib:/storage/.kodi/addons/script.module.requests/lib:/storage/.kodi/addons/script.module.urllib3/lib:/usr/share/kodi/addons/script.module.pycryptodome/lib:/usr/lib/python27.zip:/usr/lib/python2.7:/usr/lib/python2.7/plat-linux2:/usr/lib/python2.7/lib-tk:/usr/lib/python2.7/lib-old:/usr/lib/python2.7/lib-dynload:/usr/lib/python2.7/site-packages:/usr/lib/python2.7/site-packages/gtk-2.0
2021-02-27 11:02:55.909 T:3726152576 DEBUG: CPythonInvoker(9, /storage/.kodi/addons/plugin.video.netflix/service.py): entering source directory /storage/.kodi/addons/plugin.video.netflix
2021-02-27 11:02:55.909 T:3726152576 DEBUG: CPythonInvoker(9, /storage/.kodi/addons/plugin.video.netflix/service.py): instantiating addon using automatically obtained id of "plugin.video.netflix" dependent on version 2.26.0 of the xbmc.python api
2021-02-27 11:02:55.911 T:3692319616 DEBUG: CPythonInvoker(13, /storage/.kodi/addons/service.library.data.provider/service.py): setting the Python path to /storage/.kodi/addons/service.library.data.provider:/storage/.kodi/addons/script.module.routing/lib:/storage/.kodi/addons/script.module.simplejson/lib:/usr/lib/python27.zip:/usr/lib/python2.7:/usr/lib/python2.7/plat-linux2:/usr/lib/python2.7/lib-tk:/usr/lib/python2.7/lib-old:/usr/lib/python2.7/lib-dynload:/usr/lib/python2.7/site-packages:/usr/lib/python2.7/site-packages/gtk-2.0
2021-02-27 11:02:55.911 T:3692319616 DEBUG: CPythonInvoker(13, /storage/.kodi/addons/service.library.data.provider/service.py): entering source directory /storage/.kodi/addons/service.library.data.provider
2021-02-27 11:02:55.911 T:3692319616 DEBUG: CPythonInvoker(13, /storage/.kodi/addons/service.library.data.provider/service.py): instantiating addon using automatically obtained id of "service.library.data.provider" dependent on version 2.25.0 of the xbmc.python api
2021-02-27 11:02:55.957 T:3759723392 DEBUG: CAddonSettings[script.common.plugin.cache]: loading setting definitions
2021-02-27 11:02:55.957 T:3759723392 DEBUG: CAddonSettings[script.common.plugin.cache]: trying to load setting definitions from old format...
2021-02-27 11:02:56.162 T:3768116096 DEBUG: CPythonInvoker(4, /storage/.kodi/addons/skin.estuary.modv2/scripts/viewswitcher.py): setting the Python path to /storage/.kodi/addons/skin.estuary.modv2/scripts:/usr/lib/python27.zip:/usr/lib/python2.7:/usr/lib/python2.7/plat-linux2:/usr/lib/python2.7/lib-tk:/usr/lib/python2.7/lib-old:/usr/lib/python2.7/lib-dynload:/usr/lib/python2.7/site-packages:/usr/lib/python2.7/site-packages/gtk-2.0
2021-02-27 11:02:56.162 T:3768116096 DEBUG: CPythonInvoker(4, /storage/.kodi/addons/skin.estuary.modv2/scripts/viewswitcher.py): entering source directory /storage/.kodi/addons/skin.estuary.modv2/scripts
2021-02-27 11:02:56.163 T:3768116096 DEBUG: CPythonInvoker(4, /storage/.kodi/addons/skin.estuary.modv2/scripts/viewswitcher.py): instantiating addon using automatically obtained id of "skin.estuary.modv2" dependent on version 0.0.0 of the xbmc.python api
2021-02-27 11:02:56.215 T:4066410512 DEBUG: ------ Window Deinit (Pointer.xml) ------
2021-02-27 11:02:56.239 T:3667039104 DEBUG: CZeroconfAvahi::groupCallback: Service successfully established
2021-02-27 11:02:56.354 T:3742937984 DEBUG: Previous line repeats 4 times.
2021-02-27 11:02:56.354 T:3742937984 DEBUG: CPythonInvoker(7, /storage/.kodi/addons/script.skin.helper.skinbackup/service.py): setting the Python path to /storage/.kodi/addons/script.skin.helper.skinbackup:/usr/lib/python27.zip:/usr/lib/python2.7:/usr/lib/python2.7/plat-linux2:/usr/lib/python2.7/lib-tk:/usr/lib/python2.7/lib-old:/usr/lib/python2.7/lib-dynload:/usr/lib/python2.7/site-packages:/usr/lib/python2.7/site-packages/gtk-2.0
2021-02-27 11:02:56.354 T:3742937984 DEBUG: CPythonInvoker(7, /storage/.kodi/addons/script.skin.helper.skinbackup/service.py): entering source directory /storage/.kodi/addons/script.skin.helper.skinbackup
2021-02-27 11:02:56.366 T:3742937984 DEBUG: CPythonInvoker(7, /storage/.kodi/addons/script.skin.helper.skinbackup/service.py): instantiating addon using automatically obtained id of "script.skin.helper.skinbackup" dependent on version 2.13.0 of the xbmc.python api
2021-02-27 11:02:56.397 T:4066410512 DEBUG: Activating window ID: 10000
2021-02-27 11:02:56.397 T:4066410512 DEBUG: ------ Window Deinit (Startup.xml) ------
2021-02-27 11:02:56.397 T:4066410512 DEBUG: ------ Window Init (Home.xml) ------
2021-02-27 11:02:56.397 T:4066410512 INFO: Loading skin file: Home.xml, load type: KEEP_IN_MEMORY
2021-02-27 11:02:56.453 T:3683926912 DEBUG: CAddonSettings[script.embuary.helper]: loading setting definitions
2021-02-27 11:02:56.453 T:3683926912 DEBUG: CAddonSettings[script.embuary.helper]: trying to load setting definitions from old format...
2021-02-27 11:02:56.457 T:3793294208 DEBUG: -->Python Interpreter Initialized<--
2021-02-27 11:02:56.457 T:3793294208 DEBUG: CPythonInvoker(1, /storage/.kodi/addons/plugin.video.youtube/resources/lib/startup.py): the source file to load is "/storage/.kodi/addons/plugin.video.youtube/resources/lib/startup.py"
2021-02-27 11:02:56.459 T:3768116096 NOTICE: service.skin.viewswitcher - Start service
