2023-07-03 11:11:26.092 T:1149 debug : Thread PeripEventScan start, auto delete: false
2023-07-03 11:11:26.093 T:1103 debug : ContextMenuManager: addon menus reloaded.
2023-07-03 11:11:26.093 T:1103 info : Loading player core factory settings from special://xbmc/system/playercorefactory.xml.
2023-07-03 11:11:26.094 T:1103 debug : CPlayerCoreConfig::: created player VideoPlayer
2023-07-03 11:11:26.095 T:1103 debug : CPlayerCoreConfig::: created player PAPlayer
2023-07-03 11:11:26.095 T:1103 debug : CPlayerCoreConfig::: created player RetroPlayer
2023-07-03 11:11:26.095 T:1103 debug : CPlayerSelectionRule::Initialize: creating rule: system rules
2023-07-03 11:11:26.095 T:1103 debug : CPlayerSelectionRule::Initialize: creating rule: mms/udp
2023-07-03 11:11:26.095 T:1103 debug : CPlayerSelectionRule::Initialize: creating rule: lastfm/shout
2023-07-03 11:11:26.095 T:1103 debug : CPlayerSelectionRule::Initialize: creating rule: rtmp
2023-07-03 11:11:26.095 T:1103 debug : CPlayerSelectionRule::Initialize: creating rule: rtsp
2023-07-03 11:11:26.095 T:1103 debug : CPlayerSelectionRule::Initialize: creating rule: streams
2023-07-03 11:11:26.095 T:1103 debug : CPlayerSelectionRule::Initialize: creating rule: aacp/sdp
2023-07-03 11:11:26.095 T:1103 debug : CPlayerSelectionRule::Initialize: creating rule: mp2
2023-07-03 11:11:26.095 T:1103 debug : CPlayerSelectionRule::Initialize: creating rule: dvd
2023-07-03 11:11:26.095 T:1103 debug : CPlayerSelectionRule::Initialize: creating rule: discimage
2023-07-03 11:11:26.095 T:1103 debug : CPlayerSelectionRule::Initialize: creating rule: sdp/asf
2023-07-03 11:11:26.095 T:1103 debug : CPlayerSelectionRule::Initialize: creating rule: nsv
2023-07-03 11:11:26.095 T:1103 debug : CPlayerSelectionRule::Initialize: creating rule: radio
2023-07-03 11:11:26.095 T:1103 info : Loaded playercorefactory configuration
2023-07-03 11:11:26.095 T:1103 info : Loading player core factory settings from special://masterprofile/playercorefactory.xml.
2023-07-03 11:11:26.095 T:1103 info : special://masterprofile/playercorefactory.xml does not exist. Skipping.
2023-07-03 11:11:26.095 T:1103 info : removing tempfiles
2023-07-03 11:11:26.101 T:1103 debug : CRepositoryUpdater: closest next update check at 03.07.2023 19:44:10 (in 30764 s)
2023-07-03 11:11:26.106 T:1150 debug : Thread Timer start, auto delete: false
2023-07-03 11:11:26.107 T:1103 debug : CServiceAddonManager: starting inputstream.ffmpegdirect
2023-07-03 11:11:26.111 T:1142 debug : connect replacing configured host 192.168.1.6 with resolved host 192.168.1.6
2023-07-03 11:11:26.111 T:1151 debug : Thread LanguageInvoker start, auto delete: false
2023-07-03 11:11:26.111 T:1103 debug : [threads] name: 'LanguageInvoker' priority: '1'
2023-07-03 11:11:26.111 T:1103 debug : CServiceAddonManager: starting plugin.video.themoviedb.helper
2023-07-03 11:11:26.112 T:1152 debug : Thread LanguageInvoker start, auto delete: false
2023-07-03 11:11:26.112 T:1103 debug : [threads] name: 'LanguageInvoker' priority: '1'
2023-07-03 11:11:26.112 T:1103 debug : CServiceAddonManager: starting script.cu.lrclyrics
2023-07-03 11:11:26.112 T:1151 debug : initializing python engine.
2023-07-03 11:11:26.112 T:1151 debug : CPythonInvoker(2, /storage/.kodi/addons/inputstream.ffmpegdirect/resources/lib/runner.py): start processing
2023-07-03 11:11:26.113 T:1152 debug : initializing python engine.
2023-07-03 11:11:26.113 T:1152 debug : CPythonInvoker(3, /storage/.kodi/addons/plugin.video.themoviedb.helper/service.py): start processing
2023-07-03 11:11:26.113 T:1153 debug : Thread LanguageInvoker start, auto delete: false
2023-07-03 11:11:26.113 T:1103 debug : [threads] name: 'LanguageInvoker' priority: '1'
2023-07-03 11:11:26.113 T:1103 debug : CServiceAddonManager: starting script.embuary.helper
2023-07-03 11:11:26.113 T:1153 debug : initializing python engine.
2023-07-03 11:11:26.113 T:1153 debug : CPythonInvoker(4, /storage/.kodi/addons/script.cu.lrclyrics/default.py): start processing
2023-07-03 11:11:26.114 T:1154 debug : Thread LanguageInvoker start, auto delete: false
2023-07-03 11:11:26.114 T:1103 debug : [threads] name: 'LanguageInvoker' priority: '1'
2023-07-03 11:11:26.114 T:1103 debug : CServiceAddonManager: starting script.embuary.info
2023-07-03 11:11:26.114 T:1154 debug : initializing python engine.
2023-07-03 11:11:26.114 T:1154 debug : CPythonInvoker(5, /storage/.kodi/addons/script.embuary.helper/service.py): start processing
2023-07-03 11:11:26.114 T:1155 debug : Thread LanguageInvoker start, auto delete: false
2023-07-03 11:11:26.114 T:1103 debug : [threads] name: 'LanguageInvoker' priority: '1'
2023-07-03 11:11:26.114 T:1103 debug : CServiceAddonManager: starting script.metadata.editor
2023-07-03 11:11:26.115 T:1155 debug : initializing python engine.
2023-07-03 11:11:26.115 T:1155 debug : CPythonInvoker(6, /storage/.kodi/addons/script.embuary.info/service.py): start processing
2023-07-03 11:11:26.115 T:1156 debug : Thread LanguageInvoker start, auto delete: false
2023-07-03 11:11:26.115 T:1103 debug : [threads] name: 'LanguageInvoker' priority: '1'
2023-07-03 11:11:26.115 T:1103 debug : CServiceAddonManager: starting script.module.pvr.artwork
2023-07-03 11:11:26.115 T:1156 debug : initializing python engine.
2023-07-03 11:11:26.115 T:1156 debug : CPythonInvoker(7, /storage/.kodi/addons/script.metadata.editor/service.py): start processing
2023-07-03 11:11:26.116 T:1157 debug : Thread LanguageInvoker start, auto delete: false
2023-07-03 11:11:26.116 T:1103 debug : [threads] name: 'LanguageInvoker' priority: '1'
2023-07-03 11:11:26.116 T:1103 debug : CServiceAddonManager: starting script.trakt
2023-07-03 11:11:26.116 T:1157 debug : initializing python engine.
2023-07-03 11:11:26.116 T:1157 debug : CPythonInvoker(8, /storage/.kodi/addons/script.module.pvr.artwork/main.py): start processing
2023-07-03 11:11:26.117 T:1158 debug : Thread LanguageInvoker start, auto delete: false
2023-07-03 11:11:26.117 T:1103 debug : [threads] name: 'LanguageInvoker' priority: '1'
2023-07-03 11:11:26.117 T:1103 debug : CServiceAddonManager: starting script.xbmcbackup
2023-07-03 11:11:26.117 T:1158 debug : initializing python engine.
2023-07-03 11:11:26.117 T:1158 debug : CPythonInvoker(9, /storage/.kodi/addons/script.trakt/default.py): start processing
2023-07-03 11:11:26.118 T:1159 debug : Thread LanguageInvoker start, auto delete: false
2023-07-03 11:11:26.118 T:1103 debug : [threads] name: 'LanguageInvoker' priority: '1'
2023-07-03 11:11:26.118 T:1103 debug : CServiceAddonManager: starting service.coreelec.settings
2023-07-03 11:11:26.118 T:1159 debug : initializing python engine.
2023-07-03 11:11:26.118 T:1159 debug : CPythonInvoker(10, /storage/.kodi/addons/script.xbmcbackup/service.py): start processing
2023-07-03 11:11:26.118 T:1160 debug : Thread LanguageInvoker start, auto delete: false
2023-07-03 11:11:26.119 T:1103 debug : [threads] name: 'LanguageInvoker' priority: '1'
2023-07-03 11:11:26.119 T:1103 debug : CServiceAddonManager: starting service.cron.autobiblio
2023-07-03 11:11:26.120 T:1161 debug : Thread LanguageInvoker start, auto delete: false
2023-07-03 11:11:26.120 T:1103 debug : [threads] name: 'LanguageInvoker' priority: '1'
2023-07-03 11:11:26.120 T:1103 debug : CServiceAddonManager: starting service.library.data.provider
2023-07-03 11:11:26.119 T:1160 debug : initializing python engine.
2023-07-03 11:11:26.121 T:1161 info : Skipped 1 duplicate messages..
2023-07-03 11:11:26.121 T:1161 debug : CPythonInvoker(12, /storage/.kodi/addons/service.cron.autobiblio/resources/lib/service.py): start processing
2023-07-03 11:11:26.121 T:1162 debug : Thread LanguageInvoker start, auto delete: false
2023-07-03 11:11:26.122 T:1103 debug : [threads] name: 'LanguageInvoker' priority: '1'
2023-07-03 11:11:26.122 T:1162 debug : initializing python engine.
2023-07-03 11:11:26.122 T:1103 debug : CServiceAddonManager: starting skin.estuary.modv2
2023-07-03 11:11:26.122 T:1162 debug : CPythonInvoker(13, /storage/.kodi/addons/service.library.data.provider/service.py): start processing
2023-07-03 11:11:26.121 T:1160 debug : CPythonInvoker(11, /usr/share/kodi/addons/service.coreelec.settings/service.py): start processing
2023-07-03 11:11:26.125 T:1163 debug : Thread LanguageInvoker start, auto delete: false
2023-07-03 11:11:26.125 T:1103 debug : [threads] name: 'LanguageInvoker' priority: '1'
2023-07-03 11:11:26.125 T:1163 debug : initializing python engine.
2023-07-03 11:11:26.125 T:1103 info : initialize done
2023-07-03 11:11:26.125 T:1163 debug : CPythonInvoker(14, /storage/.kodi/addons/skin.estuary.modv2/scripts/services.py): start processing
2023-07-03 11:11:26.125 T:1103 info : Running the application...
2023-07-03 11:11:26.127 T:1103 debug : NetworkMessage - Starting network services
2023-07-03 11:11:26.131 T:1142 debug : CRecentlyAddedJob::UpdateMusic() - Running RecentlyAdded home screen update
2023-07-03 11:11:26.131 T:1142 debug : connect replacing configured host 192.168.1.6 with resolved host 192.168.1.6
2023-07-03 11:11:26.145 T:1103 info : Skipped 1 duplicate messages..
2023-07-03 11:11:26.145 T:1103 debug : CZeroconfAvahi::clientCallback: client is up and running
2023-07-03 11:11:26.146 T:1103 info : starting zeroconf publishing
2023-07-03 11:11:26.146 T:1165 debug : Thread EventServer start, auto delete: false
2023-07-03 11:11:26.147 T:1165 info : ES: Starting UDP Event server on port 9777
2023-07-03 11:11:26.147 T:1165 debug : CheckIPv6: IPv6 socket bound successfully
2023-07-03 11:11:26.147 T:1165 info : UDP: Listening on port 9777 (ipv6 : true)
2023-07-03 11:11:26.156 T:1147 debug : GetMappingForDevice - device (0000:0000) mapped to CEC Adapter (type = cec)
2023-07-03 11:11:26.157 T:1103 error : JSONRPC Server: Failed to connect to sdpd
2023-07-03 11:11:26.158 T:1103 info : JSONRPC Server: Successfully initialized
2023-07-03 11:11:26.159 T:1168 debug : Thread TCPServer start, auto delete: false
2023-07-03 11:11:26.162 T:1103 info : Started
2023-07-03 11:11:26.164 T:1171 debug : Thread JobWorker start, auto delete: true
2023-07-03 11:11:26.164 T:1171 debug : [threads] name: 'JobWorker' priority: '1'
2023-07-03 11:11:26.164 T:1147 debug : InitialiseFeature - using libCEC v6.0.2
2023-07-03 11:11:26.165 T:1142 debug : GetRecentlyAddedAlbumSongs() query: SELECT songview.*, songartistview.* FROM (SELECT idAlbum, dateAdded FROM album ORDER BY dateAdded DESC LIMIT 10) AS recentalbums JOIN songview ON songview.idAlbum = recentalbums.idAlbum JOIN songartistview ON songview.idSong = songartistview.idSong ORDER BY recentalbums.dateAdded DESC, songview.idAlbum DESC, songview.idSong, songartistview.idRole, songartistview.iOrder
2023-07-03 11:11:26.166 T:1173 debug : Thread CECAdapter start, auto delete: false
2023-07-03 11:11:26.166 T:1173 debug : OpenConnection - opening a connection to the CEC adapter: AOCEC
2023-07-03 11:11:26.166 T:1147 debug : Initialise - initialised peripheral on 'AOCEC' with 2 features and 0 sub devices
2023-07-03 11:11:26.166 T:1147 info : Register - new cec device registered on cec->AOCEC: CEC Adapter (0000:0000)
2023-07-03 11:11:26.202 T:1103 debug : ------ Window Init () ------
2023-07-03 11:11:26.233 T:1103 info : GLES: Enabling VSYNC
2023-07-03 11:11:26.260 T:1142 debug : GetRecentlyAddedAlbums query: SELECT albumview.*, albumartistview.* FROM (SELECT idAlbum FROM album WHERE strAlbum != '' ORDER BY dateAdded DESC LIMIT 10) AS recentalbums JOIN albumview ON albumview.idAlbum = recentalbums.idAlbum JOIN albumartistview ON albumview.idAlbum = albumartistview.idAlbum ORDER BY dateAdded DESC, albumview.idAlbum desc, albumartistview.iOrder
2023-07-03 11:11:26.305 T:1139 debug : Thread Timer 547390365440 terminating
2023-07-03 11:11:26.323 T:1142 debug : CRecentlyAddedJob::UpdateVideos() - Running RecentlyAdded home screen update
2023-07-03 11:11:26.323 T:1142 debug : connect replacing configured host 192.168.1.6 with resolved host 192.168.1.6
2023-07-03 11:11:26.332 T:1143 debug : -->Python Interpreter Initialized<--
2023-07-03 11:11:26.332 T:1143 debug :
2023-07-03 11:11:26.332 T:1143 debug : CPythonInvoker(1, /storage/.kodi/addons/script.skinshortcuts/resources/lib/entry_point.py): the source file to load is "/storage/.kodi/addons/script.skinshortcuts/resources/lib/entry_point.py"
2023-07-03 11:11:26.333 T:1143 debug : CPythonInvoker(1): full python path:
2023-07-03 11:11:26.333 T:1143 debug : CPythonInvoker(1): custom python path:
2023-07-03 11:11:26.333 T:1143 debug : CPythonInvoker(1): /storage/.kodi/addons/script.module.simpleeval/lib
2023-07-03 11:11:26.333 T:1143 debug : CPythonInvoker(1): /storage/.kodi/addons/script.module.unidecode/lib
2023-07-03 11:11:26.333 T:1143 debug : CPythonInvoker(1): /storage/.kodi/addons/script.skinshortcuts/resources/lib
2023-07-03 11:11:26.333 T:1143 debug : CPythonInvoker(1): default python path:
2023-07-03 11:11:26.333 T:1143 debug : CPythonInvoker(1): /usr/lib/python311.zip
2023-07-03 11:11:26.333 T:1143 debug : CPythonInvoker(1): /usr/lib/python3.11
2023-07-03 11:11:26.333 T:1143 debug : CPythonInvoker(1): /usr/lib/python3.11/lib-dynload
2023-07-03 11:11:26.333 T:1143 debug : CPythonInvoker(1): /usr/lib/python3.11/site-packages
2023-07-03 11:11:26.333 T:1143 debug : CPythonInvoker(1): adding args:
2023-07-03 11:11:26.333 T:1143 debug : CPythonInvoker(1): entry_point.py
2023-07-03 11:11:26.333 T:1143 debug : CPythonInvoker(1): type=buildxml&mainmenuID=9000&levels=2&options=noGroups
2023-07-03 11:11:26.333 T:1143 debug : CPythonInvoker(1, /storage/.kodi/addons/script.skinshortcuts/resources/lib/entry_point.py): entering source directory /storage/.kodi/addons/script.skinshortcuts/resources/lib
2023-07-03 11:11:26.333 T:1143 debug : CPythonInvoker(1, /storage/.kodi/addons/script.skinshortcuts/resources/lib/entry_point.py): instantiating addon using automatically obtained id of "script.skinshortcuts" dependent on version 3.0.0 of the xbmc.python api
2023-07-03 11:11:26.337 T:1142 debug : connect replacing configured host 192.168.1.6 with resolved host 192.168.1.6
2023-07-03 11:11:26.359 T:1137 info : Skipped 1 duplicate messages..
2023-07-03 11:11:26.359 T:1137 debug : requested setting (kodi_addon_instance_name) was not found.
2023-07-03 11:11:26.359 T:1137 debug : requested setting (kodi_addon_instance_enabled) was not found.
2023-07-03 11:11:26.364 T:1177 debug : Thread PVRGUIProgressHandler start, auto delete: false
2023-07-03 11:11:26.364 T:1137 debug : ADDON: Dll Initializing - Enigma2 Client
2023-07-03 11:11:26.365 T:1137 debug : SECTION:LoadDLL(/storage/.kodi/addons/pvr.vuplus/pvr.vuplus.so.21.1.1)
2023-07-03 11:11:26.365 T:1137 debug : Loading: /storage/.kodi/addons/pvr.vuplus/pvr.vuplus.so.21.1.1
2023-07-03 11:11:26.382 T:1103 debug : ------ Window Init (DialogExtendedProgressBar.xml) ------
2023-07-03 11:11:26.448 T:1137 info : AddOnLog: pvr.vuplus: pvr.vuplus - Create starting PVR client...
2023-07-03 11:11:26.456 T:1137 debug : AddOnLog: pvr.vuplus: pvr.vuplus - CopyFile Copying file: /storage/.kodi/addons/pvr.vuplus//resources/data/providers/providerMappings.xml, to special://userdata/addon_data/pvr.vuplus/providers/providerMappings.xml
2023-07-03 11:11:26.456 T:1141 debug : CZeroconfAvahi::doPublishService identifier: servers.eventserver type: _xbmc-events._udp name:Kodi (CoreELEC) port:9777
2023-07-03 11:11:26.456 T:1141 debug : CZeroconfAvahi::addService() named: Kodi (CoreELEC) type: _xbmc-events._udp port:9777
2023-07-03 11:11:26.461 T:1137 debug : AddOnLog: pvr.vuplus: pvr.vuplus - LoadProviderMappingFile Loading XML File: special://userdata/addon_data/pvr.vuplus/providers/providerMappings.xml
2023-07-03 11:11:26.461 T:1137 debug : AddOnLog: pvr.vuplus: pvr.vuplus - ReadFileToString Reading file to string: special://userdata/addon_data/pvr.vuplus/providers/providerMappings.xml
2023-07-03 11:11:26.462 T:1137 info : AddOnLog: pvr.vuplus: pvr.vuplus - Providers - Loaded '3' providers mappings
2023-07-03 11:11:26.470 T:1141 debug : CZeroconfAvahi::doPublishService identifier: servers.jsonrpc-tpc type: _xbmc-jsonrpc._tcp name:Kodi (CoreELEC) port:9090
2023-07-03 11:11:26.471 T:1141 debug : CZeroconfAvahi::addService() named: Kodi (CoreELEC) type: _xbmc-jsonrpc._tcp port:9090
2023-07-03 11:11:26.474 T:1137 debug : AddOnLog: pvr.vuplus: pvr.vuplus - CopyFile Copying file: /storage/.kodi/addons/pvr.vuplus//resources/data/genres/kodiDvbGenres.xml, to special://userdata/addon_data/pvr.vuplus/genres/kodiDvbGenres.xml
2023-07-03 11:11:26.479 T:1141 debug : CZeroconfAvahi::doPublishService identifier: servers.webserver type: _http._tcp name:Kodi (CoreELEC) port:8080
2023-07-03 11:11:26.479 T:1141 debug : CZeroconfAvahi::addService() named: Kodi (CoreELEC) type: _http._tcp port:8080
2023-07-03 11:11:26.480 T:1137 debug : AddOnLog: pvr.vuplus: pvr.vuplus - CopyFile Copying file: /storage/.kodi/addons/pvr.vuplus//resources/data/genres/genreIdMappings/Sky-NZ.xml, to special://userdata/addon_data/pvr.vuplus/genres/genreIdMappings/Sky-NZ.xml
2023-07-03 11:11:26.489 T:1137 debug : AddOnLog: pvr.vuplus: pvr.vuplus - CopyFile Copying file: /storage/.kodi/addons/pvr.vuplus//resources/data/genres/genreIdMappings/Sky-IT.xml, to special://userdata/addon_data/pvr.vuplus/genres/genreIdMappings/Sky-IT.xml
2023-07-03 11:11:26.490 T:1141 debug : CZeroconfAvahi::doPublishService identifier: servers.jsonrpc-http type: _xbmc-jsonrpc-h._tcp name:Kodi (CoreELEC) port:8080
2023-07-03 11:11:26.490 T:1141 debug : CZeroconfAvahi::addService() named: Kodi (CoreELEC) type: _xbmc-jsonrpc-h._tcp port:8080
2023-07-03 11:11:26.494 T:1137 debug : AddOnLog: pvr.vuplus: pvr.vuplus - CopyFile Copying file: /storage/.kodi/addons/pvr.vuplus//resources/data/genres/genreIdMappings/AU-SAT.xml, to special://userdata/addon_data/pvr.vuplus/genres/genreIdMappings/AU-SAT.xml
2023-07-03 11:11:26.501 T:1137 debug : AddOnLog: pvr.vuplus: pvr.vuplus - CopyFile Copying file: /storage/.kodi/addons/pvr.vuplus//resources/data/genres/genreIdMappings/Sky-UK.xml, to special://userdata/addon_data/pvr.vuplus/genres/genreIdMappings/Sky-UK.xml
2023-07-03 11:11:26.502 T:1141 info : WEATHER: Downloading weather
2023-07-03 11:11:26.506 T:1178 debug : Thread LanguageInvoker start, auto delete: false
2023-07-03 11:11:26.506 T:1141 debug : [threads] name: 'LanguageInvoker' priority: '1'
2023-07-03 11:11:26.506 T:1178 debug : initializing python engine.
2023-07-03 11:11:26.506 T:1178 debug : CPythonInvoker(15, /storage/.kodi/addons/weather.multi/default.py): start processing
2023-07-03 11:11:26.507 T:1137 debug : AddOnLog: pvr.vuplus: pvr.vuplus - CopyFile Copying file: /storage/.kodi/addons/pvr.vuplus//resources/data/genres/genreRytecTextMappings/Rytec-UK-Ireland.xml, to special://userdata/addon_data/pvr.vuplus/genres/genreRytecTextMappings/Rytec-UK-Ireland.xml
2023-07-03 11:11:26.514 T:1137 debug : AddOnLog: pvr.vuplus: pvr.vuplus - CopyFile Copying file: /storage/.kodi/addons/pvr.vuplus//resources/data/showInfo/English-ShowInfo.xml, to special://userdata/addon_data/pvr.vuplus/showInfo/English-ShowInfo.xml
2023-07-03 11:11:26.518 T:1137 debug : AddOnLog: pvr.vuplus: pvr.vuplus - connection state change (0 -> 7)
2023-07-03 11:11:26.519 T:1177 debug : Thread PVRGUIProgressHandler 545560719104 terminating
2023-07-03 11:11:26.519 T:1137 info : PVR Manager: Starting
2023-07-03 11:11:26.519 T:1180 debug : Thread PVRManager start, auto delete: false
2023-07-03 11:11:26.519 T:1137 debug : [threads] name: 'PVRManager' priority: '1'
2023-07-03 11:11:26.522 T:1179 debug : CurlFile::Open -
2023-07-03 11:11:26.523 T:1179 debug : easy_acquire - Created session to http://127.0.0.1
2023-07-03 11:11:26.524 T:1179 error : CCurlFile::CReadState::FillBuffer - (0x7f4401e400) Failed: Couldn't connect to server(7)
2023-07-03 11:11:26.524 T:1179 error : CCurlFile::Open - Failed with code 0:
2023-07-03 11:11:26.524 T:1179 debug : AddOnLog: pvr.vuplus: pvr.vuplus - CheckHttp - Could not open webAPI.
2023-07-03 11:11:26.525 T:1179 error : AddOnLog: pvr.vuplus: pvr.vuplus - Process - unable to connect to: http://127.0.0.1:80/web/currenttime
2023-07-03 11:11:26.525 T:1179 debug : AddOnLog: pvr.vuplus: pvr.vuplus - connection state change (7 -> 1)
2023-07-03 11:11:26.525 T:1179 info : AddOnLog: pvr.vuplus: pvr.vuplus - ConnectionLost Lost connection with Enigma2 device...
2023-07-03 11:11:26.525 T:1179 debug : AddOnLog: pvr.vuplus: pvr.vuplus - ConnectionLost Stopping update thread...
2023-07-03 11:11:26.633 T:1103 debug : LogindUPowerSyscall - Received unknown signal NameAcquired
2023-07-03 11:11:26.717 T:1164 info : CZeroconfAvahi::groupCallback: Service name collision. Renamed to: Kodi (CoreELEC) #2
2023-07-03 11:11:26.717 T:1164 debug : CZeroconfAvahi::addService() named: Kodi (CoreELEC) #2 type: _xbmc-jsonrpc._tcp port:9090
2023-07-03 11:11:26.722 T:1164 info : CZeroconfAvahi::groupCallback: Service name collision. Renamed to: Kodi (CoreELEC) #2
2023-07-03 11:11:26.722 T:1164 debug : CZeroconfAvahi::addService() named: Kodi (CoreELEC) #2 type: _xbmc-events._udp port:9777
2023-07-03 11:11:26.725 T:1164 info : CZeroconfAvahi::groupCallback: Service name collision. Renamed to: Kodi (CoreELEC) #2
2023-07-03 11:11:26.725 T:1164 debug : CZeroconfAvahi::addService() named: Kodi (CoreELEC) #2 type: _xbmc-jsonrpc-h._tcp port:8080
2023-07-03 11:11:26.727 T:1164 info : CZeroconfAvahi::groupCallback: Service name collision. Renamed to: Kodi (CoreELEC) #2
2023-07-03 11:11:26.727 T:1164 debug : CZeroconfAvahi::addService() named: Kodi (CoreELEC) #2 type: _http._tcp port:8080
2023-07-03 11:11:26.771 T:1159 debug : -->Python Interpreter Initialized<--
2023-07-03 11:11:26.771 T:1159 debug :
2023-07-03 11:11:26.771 T:1159 debug : CPythonInvoker(10, /storage/.kodi/addons/script.xbmcbackup/service.py): the source file to load is "/storage/.kodi/addons/script.xbmcbackup/service.py"
2023-07-03 11:11:26.771 T:1159 debug : CPythonInvoker(10): full python path:
2023-07-03 11:11:26.771 T:1159 debug : CPythonInvoker(10): custom python path:
2023-07-03 11:11:26.771 T:1159 debug : CPythonInvoker(10): /storage/.kodi/addons/script.module.certifi/lib
2023-07-03 11:11:26.771 T:1159 debug : CPythonInvoker(10): /storage/.kodi/addons/script.module.chardet/lib
2023-07-03 11:11:26.771 T:1159 debug : CPythonInvoker(10): /storage/.kodi/addons/script.module.dateutil/lib
2023-07-03 11:11:26.771 T:1159 debug : CPythonInvoker(10): /storage/.kodi/addons/script.module.dropbox/lib
2023-07-03 11:11:26.771 T:1159 debug : CPythonInvoker(10): /storage/.kodi/addons/script.module.future/lib
2023-07-03 11:11:26.771 T:1159 debug : CPythonInvoker(10): /storage/.kodi/addons/script.module.idna/lib
2023-07-03 11:11:26.771 T:1159 debug : CPythonInvoker(10): /storage/.kodi/addons/script.module.pyqrcode/lib
2023-07-03 11:11:26.771 T:1159 debug : CPythonInvoker(10): /storage/.kodi/addons/script.module.requests/lib
2023-07-03 11:11:26.771 T:1159 debug : CPythonInvoker(10): /storage/.kodi/addons/script.module.six/lib
2023-07-03 11:11:26.771 T:1159 debug : CPythonInvoker(10): /storage/.kodi/addons/script.module.urllib3/lib
2023-07-03 11:11:26.771 T:1159 debug : CPythonInvoker(10): /storage/.kodi/addons/script.xbmcbackup
2023-07-03 11:11:26.771 T:1159 debug : CPythonInvoker(10): default python path:
2023-07-03 11:11:26.771 T:1159 debug : CPythonInvoker(10): /usr/lib/python311.zip
2023-07-03 11:11:26.771 T:1159 debug : CPythonInvoker(10): /usr/lib/python3.11
2023-07-03 11:11:26.771 T:1159 debug : CPythonInvoker(10): /usr/lib/python3.11/lib-dynload
2023-07-03 11:11:26.771 T:1159 debug : CPythonInvoker(10): /usr/lib/python3.11/site-packages
2023-07-03 11:11:26.771 T:1159 debug : CPythonInvoker(10): adding args:
2023-07-03 11:11:26.771 T:1159 debug : CPythonInvoker(10):
2023-07-03 11:11:26.771 T:1159 debug : CPythonInvoker(10, /storage/.kodi/addons/script.xbmcbackup/service.py): entering source directory /storage/.kodi/addons/script.xbmcbackup
2023-07-03 11:11:26.771 T:1159 debug : CPythonInvoker(10, /storage/.kodi/addons/script.xbmcbackup/service.py): instantiating addon using automatically obtained id of "script.xbmcbackup" dependent on version 3.0.0 of the xbmc.python api
2023-07-03 11:11:26.783 T:1161 debug : -->Python Interpreter Initialized<--
2023-07-03 11:11:26.783 T:1161 debug :
2023-07-03 11:11:26.783 T:1161 debug : CPythonInvoker(12, /storage/.kodi/addons/service.cron.autobiblio/resources/lib/service.py): the source file to load is "/storage/.kodi/addons/service.cron.autobiblio/resources/lib/service.py"
2023-07-03 11:11:26.783 T:1161 debug : CPythonInvoker(12): full python path:
2023-07-03 11:11:26.783 T:1161 debug : CPythonInvoker(12): custom python path:
2023-07-03 11:11:26.783 T:1161 debug : CPythonInvoker(12): /storage/.kodi/addons/service.cron.autobiblio/resources/lib
2023-07-03 11:11:26.783 T:1161 debug : CPythonInvoker(12): default python path:
2023-07-03 11:11:26.783 T:1161 debug : CPythonInvoker(12): /usr/lib/python311.zip
2023-07-03 11:11:26.783 T:1161 debug : CPythonInvoker(12): /usr/lib/python3.11
2023-07-03 11:11:26.783 T:1161 debug : CPythonInvoker(12): /usr/lib/python3.11/lib-dynload
2023-07-03 11:11:26.783 T:1161 debug : CPythonInvoker(12): /usr/lib/python3.11/site-packages
2023-07-03 11:11:26.783 T:1161 debug : CPythonInvoker(12): adding args:
2023-07-03 11:11:26.783 T:1161 debug : CPythonInvoker(12):
2023-07-03 11:11:26.783 T:1161 debug : CPythonInvoker(12, /storage/.kodi/addons/service.cron.autobiblio/resources/lib/service.py): entering source directory /storage/.kodi/addons/service.cron.autobiblio/resources/lib
2023-07-03 11:11:26.783 T:1161 debug : CPythonInvoker(12, /storage/.kodi/addons/service.cron.autobiblio/resources/lib/service.py): instantiating addon using automatically obtained id of "service.cron.autobiblio" dependent on version 3.0.0 of the xbmc.python api
2023-07-03 11:11:26.923 T:1153 debug : -->Python Interpreter Initialized<--
2023-07-03 11:11:26.923 T:1153 debug :
2023-07-03 11:11:26.923 T:1153 debug : CPythonInvoker(4, /storage/.kodi/addons/script.cu.lrclyrics/default.py): the source file to load is "/storage/.kodi/addons/script.cu.lrclyrics/default.py"
2023-07-03 11:11:26.923 T:1153 debug : CPythonInvoker(4): full python path:
2023-07-03 11:11:26.923 T:1153 debug : CPythonInvoker(4): custom python path:
2023-07-03 11:11:26.923 T:1153 debug : CPythonInvoker(4): /storage/.kodi/addons/script.cu.lrclyrics
2023-07-03 11:11:26.923 T:1153 debug : CPythonInvoker(4): /storage/.kodi/addons/script.module.beautifulsoup4/lib
2023-07-03 11:11:26.923 T:1153 debug : CPythonInvoker(4): /storage/.kodi/addons/script.module.certifi/lib
2023-07-03 11:11:26.923 T:1153 debug : CPythonInvoker(4): /storage/.kodi/addons/script.module.chardet/lib
2023-07-03 11:11:26.924 T:1153 debug : CPythonInvoker(4): /storage/.kodi/addons/script.module.idna/lib
2023-07-03 11:11:26.924 T:1153 debug : CPythonInvoker(4): /storage/.kodi/addons/script.module.mutagen/lib
2023-07-03 11:11:26.924 T:1153 debug : CPythonInvoker(4): /storage/.kodi/addons/script.module.requests/lib
2023-07-03 11:11:26.924 T:1153 debug : CPythonInvoker(4): /storage/.kodi/addons/script.module.soupsieve/lib
2023-07-03 11:11:26.924 T:1153 debug : CPythonInvoker(4): /storage/.kodi/addons/script.module.urllib3/lib
2023-07-03 11:11:26.924 T:1153 debug : CPythonInvoker(4): default python path:
2023-07-03 11:11:26.924 T:1153 debug : CPythonInvoker(4): /usr/lib/python311.zip
2023-07-03 11:11:26.924 T:1153 debug : CPythonInvoker(4): /usr/lib/python3.11
2023-07-03 11:11:26.924 T:1153 debug : CPythonInvoker(4): /usr/lib/python3.11/lib-dynload
2023-07-03 11:11:26.924 T:1153 debug : CPythonInvoker(4): /usr/lib/python3.11/site-packages
2023-07-03 11:11:26.924 T:1153 debug : CPythonInvoker(4): adding args:
2023-07-03 11:11:26.924 T:1153 debug : CPythonInvoker(4):
2023-07-03 11:11:26.924 T:1153 debug : CPythonInvoker(4, /storage/.kodi/addons/script.cu.lrclyrics/default.py): entering source directory /storage/.kodi/addons/script.cu.lrclyrics
2023-07-03 11:11:26.924 T:1153 debug : CPythonInvoker(4, /storage/.kodi/addons/script.cu.lrclyrics/default.py): instantiating addon using automatically obtained id of "script.cu.lrclyrics" dependent on version 3.0.0 of the xbmc.python api
2023-07-03 11:11:26.935 T:1157 debug : -->Python Interpreter Initialized<--
2023-07-03 11:11:26.935 T:1157 debug :
2023-07-03 11:11:26.935 T:1157 debug : CPythonInvoker(8, /storage/.kodi/addons/script.module.pvr.artwork/main.py): the source file to load is "/storage/.kodi/addons/script.module.pvr.artwork/main.py"
2023-07-03 11:11:26.935 T:1157 debug : CPythonInvoker(8): full python path:
2023-07-03 11:11:26.935 T:1157 debug : CPythonInvoker(8): custom python path:
2023-07-03 11:11:26.935 T:1157 debug : CPythonInvoker(8): /storage/.kodi/addons/script.module.certifi/lib
2023-07-03 11:11:26.935 T:1157 debug : CPythonInvoker(8): /storage/.kodi/addons/script.module.chardet/lib
2023-07-03 11:11:26.935 T:1157 debug : CPythonInvoker(8): /storage/.kodi/addons/script.module.idna/lib
2023-07-03 11:11:26.935 T:1157 debug : CPythonInvoker(8): /storage/.kodi/addons/script.module.pvr.artwork
2023-07-03 11:11:26.935 T:1157 debug : CPythonInvoker(8): /storage/.kodi/addons/script.module.requests/lib
2023-07-03 11:11:26.935 T:1157 debug : CPythonInvoker(8): /storage/.kodi/addons/script.module.simplecache/lib
2023-07-03 11:11:26.935 T:1157 debug : CPythonInvoker(8): /storage/.kodi/addons/script.module.urllib3/lib
2023-07-03 11:11:26.935 T:1157 debug : CPythonInvoker(8): default python path:
2023-07-03 11:11:26.935 T:1157 debug : CPythonInvoker(8): /usr/lib/python311.zip
2023-07-03 11:11:26.936 T:1157 debug : CPythonInvoker(8): /usr/lib/python3.11
2023-07-03 11:11:26.936 T:1157 debug : CPythonInvoker(8): /usr/lib/python3.11/lib-dynload
2023-07-03 11:11:26.936 T:1157 debug : CPythonInvoker(8): /usr/lib/python3.11/site-packages
2023-07-03 11:11:26.936 T:1157 debug : CPythonInvoker(8): adding args:
2023-07-03 11:11:26.936 T:1157 debug : CPythonInvoker(8):
2023-07-03 11:11:26.936 T:1157 debug : CPythonInvoker(8, /storage/.kodi/addons/script.module.pvr.artwork/main.py): entering source directory /storage/.kodi/addons/script.module.pvr.artwork
2023-07-03 11:11:26.936 T:1157 debug : CPythonInvoker(8, /storage/.kodi/addons/script.module.pvr.artwork/main.py): instantiating addon using automatically obtained id of "script.module.pvr.artwork" dependent on version 3.0.0 of the xbmc.python api
2023-07-03 11:11:26.970 T:1142 debug : CRecentlyAddedJob::UpdateTotal() - Running RecentlyAdded home screen update
2023-07-03 11:11:26.970 T:1142 debug : connect replacing configured host 192.168.1.6 with resolved host 192.168.1.6
2023-07-03 11:11:26.982 T:1156 debug : -->Python Interpreter Initialized<--
2023-07-03 11:11:26.982 T:1156 debug :
2023-07-03 11:11:26.982 T:1156 debug : CPythonInvoker(7, /storage/.kodi/addons/script.metadata.editor/service.py): the source file to load is "/storage/.kodi/addons/script.metadata.editor/service.py"
2023-07-03 11:11:26.982 T:1156 debug : CPythonInvoker(7): full python path:
2023-07-03 11:11:26.982 T:1156 debug : CPythonInvoker(7): custom python path:
2023-07-03 11:11:26.982 T:1156 debug : CPythonInvoker(7): /storage/.kodi/addons/script.metadata.editor
2023-07-03 11:11:26.982 T:1156 debug : CPythonInvoker(7): /storage/.kodi/addons/script.module.certifi/lib
2023-07-03 11:11:26.982 T:1156 debug : CPythonInvoker(7): /storage/.kodi/addons/script.module.chardet/lib
2023-07-03 11:11:26.982 T:1156 debug : CPythonInvoker(7): /storage/.kodi/addons/script.module.idna/lib
2023-07-03 11:11:26.982 T:1156 debug : CPythonInvoker(7): /storage/.kodi/addons/script.module.requests/lib
2023-07-03 11:11:26.982 T:1156 debug : CPythonInvoker(7): /storage/.kodi/addons/script.module.urllib3/lib
2023-07-03 11:11:26.982 T:1156 debug : CPythonInvoker(7): default python path:
2023-07-03 11:11:26.982 T:1156 debug : CPythonInvoker(7): /usr/lib/python311.zip
2023-07-03 11:11:26.982 T:1156 debug : CPythonInvoker(7): /usr/lib/python3.11
2023-07-03 11:11:26.982 T:1156 debug : CPythonInvoker(7): /usr/lib/python3.11/lib-dynload
2023-07-03 11:11:26.982 T:1156 debug : CPythonInvoker(7): /usr/lib/python3.11/site-packages
2023-07-03 11:11:26.982 T:1156 debug : CPythonInvoker(7): adding args:
2023-07-03 11:11:26.982 T:1156 debug : CPythonInvoker(7):
2023-07-03 11:11:26.982 T:1156 debug : CPythonInvoker(7, /storage/.kodi/addons/script.metadata.editor/service.py): entering source directory /storage/.kodi/addons/script.metadata.editor
2023-07-03 11:11:26.985 T:1156 debug : CPythonInvoker(7, /storage/.kodi/addons/script.metadata.editor/service.py): instantiating addon using automatically obtained id of "script.metadata.editor" dependent on version 3.0.0 of the xbmc.python api
2023-07-03 11:11:26.991 T:1158 debug : -->Python Interpreter Initialized<--
2023-07-03 11:11:26.991 T:1158 debug :
2023-07-03 11:11:26.991 T:1158 debug : CPythonInvoker(9, /storage/.kodi/addons/script.trakt/default.py): the source file to load is "/storage/.kodi/addons/script.trakt/default.py"
2023-07-03 11:11:26.991 T:1158 debug : CPythonInvoker(9): full python path:
2023-07-03 11:11:26.991 T:1158 debug : CPythonInvoker(9): custom python path:
2023-07-03 11:11:26.991 T:1158 debug : CPythonInvoker(9): /storage/.kodi/addons/script.module.arrow/lib
2023-07-03 11:11:26.991 T:1158 debug : CPythonInvoker(9): /storage/.kodi/addons/script.module.certifi/lib
2023-07-03 11:11:26.991 T:1158 debug : CPythonInvoker(9): /storage/.kodi/addons/script.module.chardet/lib
2023-07-03 11:11:26.991 T:1158 debug : CPythonInvoker(9): /storage/.kodi/addons/script.module.dateutil/lib
2023-07-03 11:11:26.991 T:1158 debug : CPythonInvoker(9): /storage/.kodi/addons/script.module.idna/lib
2023-07-03 11:11:26.991 T:1158 debug : CPythonInvoker(9): /storage/.kodi/addons/script.module.requests/lib
2023-07-03 11:11:26.991 T:1158 debug : CPythonInvoker(9): /storage/.kodi/addons/script.module.six/lib
2023-07-03 11:11:26.991 T:1158 debug : CPythonInvoker(9): /storage/.kodi/addons/script.module.trakt/lib
2023-07-03 11:11:26.991 T:1158 debug : CPythonInvoker(9): /storage/.kodi/addons/script.module.typing_extensions/lib
2023-07-03 11:11:26.991 T:1158 debug : CPythonInvoker(9): /storage/.kodi/addons/script.module.urllib3/lib
2023-07-03 11:11:26.991 T:1158 debug : CPythonInvoker(9): /storage/.kodi/addons/script.trakt
2023-07-03 11:11:26.991 T:1158 debug : CPythonInvoker(9): default python path:
2023-07-03 11:11:26.991 T:1158 debug : CPythonInvoker(9): /usr/lib/python311.zip
2023-07-03 11:11:26.991 T:1158 debug : CPythonInvoker(9): /usr/lib/python3.11
2023-07-03 11:11:26.991 T:1158 debug : CPythonInvoker(9): /usr/lib/python3.11/lib-dynload
2023-07-03 11:11:26.991 T:1158 debug : CPythonInvoker(9): /usr/lib/python3.11/site-packages
2023-07-03 11:11:26.991 T:1158 debug : CPythonInvoker(9): adding args:
2023-07-03 11:11:26.991 T:1158 debug : CPythonInvoker(9):
2023-07-03 11:11:26.991 T:1158 debug : CPythonInvoker(9, /storage/.kodi/addons/script.trakt/default.py): entering source directory /storage/.kodi/addons/script.trakt
2023-07-03 11:11:26.991 T:1158 debug : CPythonInvoker(9, /storage/.kodi/addons/script.trakt/default.py): instantiating addon using automatically obtained id of "script.trakt" dependent on version 3.0.0 of the xbmc.python api
2023-07-03 11:11:26.994 T:1162 debug : -->Python Interpreter Initialized<--
2023-07-03 11:11:26.994 T:1162 debug :
2023-07-03 11:11:26.994 T:1162 debug : CPythonInvoker(13, /storage/.kodi/addons/service.library.data.provider/service.py): the source file to load is "/storage/.kodi/addons/service.library.data.provider/service.py"
2023-07-03 11:11:26.994 T:1162 debug : CPythonInvoker(13): full python path:
2023-07-03 11:11:26.994 T:1162 debug : CPythonInvoker(13): custom python path:
2023-07-03 11:11:26.994 T:1162 debug : CPythonInvoker(13): /storage/.kodi/addons/script.module.routing/lib
2023-07-03 11:11:26.994 T:1162 debug : CPythonInvoker(13): /storage/.kodi/addons/service.library.data.provider
2023-07-03 11:11:26.994 T:1162 debug : CPythonInvoker(13): default python path:
2023-07-03 11:11:26.994 T:1162 debug : CPythonInvoker(13): /usr/lib/python311.zip
2023-07-03 11:11:26.994 T:1162 debug : CPythonInvoker(13): /usr/lib/python3.11
2023-07-03 11:11:26.994 T:1162 debug : CPythonInvoker(13): /usr/lib/python3.11/lib-dynload
2023-07-03 11:11:26.994 T:1162 debug : CPythonInvoker(13): /usr/lib/python3.11/site-packages
2023-07-03 11:11:26.994 T:1162 debug : CPythonInvoker(13): adding args:
2023-07-03 11:11:26.994 T:1162 debug : CPythonInvoker(13):
2023-07-03 11:11:26.994 T:1162 debug : CPythonInvoker(13, /storage/.kodi/addons/service.library.data.provider/service.py): entering source directory /storage/.kodi/addons/service.library.data.provider
2023-07-03 11:11:26.994 T:1162 debug : CPythonInvoker(13, /storage/.kodi/addons/service.library.data.provider/service.py): instantiating addon using automatically obtained id of "service.library.data.provider" dependent on version 3.0.0 of the xbmc.python api
2023-07-03 11:11:27.004 T:1142 debug : connect replacing configured host 192.168.1.6 with resolved host 192.168.1.6
2023-07-03 11:11:27.036 T:1151 debug : -->Python Interpreter Initialized<--
2023-07-03 11:11:27.036 T:1151 debug :
2023-07-03 11:11:27.036 T:1151 debug : CPythonInvoker(2, /storage/.kodi/addons/inputstream.ffmpegdirect/resources/lib/runner.py): the source file to load is "/storage/.kodi/addons/inputstream.ffmpegdirect/resources/lib/runner.py"
2023-07-03 11:11:27.036 T:1151 debug : CPythonInvoker(2): full python path:
2023-07-03 11:11:27.036 T:1151 debug : CPythonInvoker(2): custom python path:
2023-07-03 11:11:27.036 T:1151 debug : CPythonInvoker(2): /storage/.kodi/addons/inputstream.ffmpegdirect/resources/lib
2023-07-03 11:11:27.036 T:1151 debug : CPythonInvoker(2): default python path:
2023-07-03 11:11:27.036 T:1151 debug : CPythonInvoker(2): /usr/lib/python311.zip
2023-07-03 11:11:27.036 T:1151 debug : CPythonInvoker(2): /usr/lib/python3.11
2023-07-03 11:11:27.036 T:1151 debug : CPythonInvoker(2): /usr/lib/python3.11/lib-dynload
2023-07-03 11:11:27.036 T:1151 debug : CPythonInvoker(2): /usr/lib/python3.11/site-packages
2023-07-03 11:11:27.036 T:1151 debug : CPythonInvoker(2): adding args:
2023-07-03 11:11:27.036 T:1151 debug : CPythonInvoker(2):
2023-07-03 11:11:27.036 T:1151 debug : CPythonInvoker(2, /storage/.kodi/addons/inputstream.ffmpegdirect/resources/lib/runner.py): entering source directory /storage/.kodi/addons/inputstream.ffmpegdirect/resources/lib
2023-07-03 11:11:27.039 T:1151 debug : CPythonInvoker(2, /storage/.kodi/addons/inputstream.ffmpegdirect/resources/lib/runner.py): instantiating addon using automatically obtained id of "inputstream.ffmpegdirect" dependent on version 0.0.0 of the xbmc.python api
2023-07-03 11:11:27.043 T:1155 debug : -->Python Interpreter Initialized<--
2023-07-03 11:11:27.043 T:1155 debug :
2023-07-03 11:11:27.043 T:1155 debug : CPythonInvoker(6, /storage/.kodi/addons/script.embuary.info/service.py): the source file to load is "/storage/.kodi/addons/script.embuary.info/service.py"
2023-07-03 11:11:27.044 T:1155 debug : CPythonInvoker(6): full python path:
2023-07-03 11:11:27.044 T:1155 debug : CPythonInvoker(6): custom python path:
2023-07-03 11:11:27.044 T:1155 debug : CPythonInvoker(6): /storage/.kodi/addons/script.embuary.info
2023-07-03 11:11:27.044 T:1155 debug : CPythonInvoker(6): /storage/.kodi/addons/script.module.arrow/lib
2023-07-03 11:11:27.044 T:1155 debug : CPythonInvoker(6): /storage/.kodi/addons/script.module.certifi/lib
2023-07-03 11:11:27.044 T:1155 debug : CPythonInvoker(6): /storage/.kodi/addons/script.module.chardet/lib
2023-07-03 11:11:27.044 T:1155 debug : CPythonInvoker(6): /storage/.kodi/addons/script.module.dateutil/lib
2023-07-03 11:11:27.044 T:1155 debug : CPythonInvoker(6): /storage/.kodi/addons/script.module.idna/lib
2023-07-03 11:11:27.044 T:1155 debug : CPythonInvoker(6): /storage/.kodi/addons/script.module.requests/lib
2023-07-03 11:11:27.044 T:1155 debug : CPythonInvoker(6): /storage/.kodi/addons/script.module.routing/lib
2023-07-03 11:11:27.044 T:1155 debug : CPythonInvoker(6): /storage/.kodi/addons/script.module.simplecache/lib
2023-07-03 11:11:27.044 T:1155 debug : CPythonInvoker(6): /storage/.kodi/addons/script.module.six/lib
2023-07-03 11:11:27.044 T:1155 debug : CPythonInvoker(6): /storage/.kodi/addons/script.module.typing_extensions/lib
2023-07-03 11:11:27.044 T:1155 debug : CPythonInvoker(6): /storage/.kodi/addons/script.module.urllib3/lib
2023-07-03 11:11:27.044 T:1155 debug : CPythonInvoker(6): default python path:
2023-07-03 11:11:27.044 T:1155 debug : CPythonInvoker(6): /usr/lib/python311.zip
2023-07-03 11:11:27.044 T:1155 debug : CPythonInvoker(6): /usr/lib/python3.11
2023-07-03 11:11:27.044 T:1155 debug : CPythonInvoker(6): /usr/lib/python3.11/lib-dynload
2023-07-03 11:11:27.044 T:1155 debug : CPythonInvoker(6): /usr/lib/python3.11/site-packages
2023-07-03 11:11:27.044 T:1155 debug : CPythonInvoker(6): adding args:
2023-07-03 11:11:27.044 T:1155 debug : CPythonInvoker(6):
2023-07-03 11:11:27.044 T:1155 debug : CPythonInvoker(6, /storage/.kodi/addons/script.embuary.info/service.py): entering source directory /storage/.kodi/addons/script.embuary.info
2023-07-03 11:11:27.044 T:1155 debug : CPythonInvoker(6, /storage/.kodi/addons/script.embuary.info/service.py): instantiating addon using automatically obtained id of "script.embuary.info" dependent on version 3.0.0 of the xbmc.python api
2023-07-03 11:11:27.053 T:1154 debug : -->Python Interpreter Initialized<--
2023-07-03 11:11:27.053 T:1154 debug :
2023-07-03 11:11:27.053 T:1154 debug : CPythonInvoker(5, /storage/.kodi/addons/script.embuary.helper/service.py): the source file to load is "/storage/.kodi/addons/script.embuary.helper/service.py"
2023-07-03 11:11:27.053 T:1154 debug : CPythonInvoker(5): full python path:
2023-07-03 11:11:27.053 T:1154 debug : CPythonInvoker(5): custom python path:
2023-07-03 11:11:27.053 T:1154 debug : CPythonInvoker(5): /storage/.kodi/addons/script.embuary.helper
2023-07-03 11:11:27.053 T:1154 debug : CPythonInvoker(5): /usr/share/kodi/addons/script.module.pil/lib
2023-07-03 11:11:27.053 T:1154 debug : CPythonInvoker(5): default python path:
2023-07-03 11:11:27.053 T:1154 debug : CPythonInvoker(5): /usr/lib/python311.zip
2023-07-03 11:11:27.053 T:1154 debug : CPythonInvoker(5): /usr/lib/python3.11
2023-07-03 11:11:27.053 T:1154 debug : CPythonInvoker(5): /usr/lib/python3.11/lib-dynload
2023-07-03 11:11:27.053 T:1154 debug : CPythonInvoker(5): /usr/lib/python3.11/site-packages
2023-07-03 11:11:27.053 T:1154 debug : CPythonInvoker(5): adding args:
2023-07-03 11:11:27.053 T:1154 debug : CPythonInvoker(5):
2023-07-03 11:11:27.053 T:1154 debug : CPythonInvoker(5, /storage/.kodi/addons/script.embuary.helper/service.py): entering source directory /storage/.kodi/addons/script.embuary.helper
2023-07-03 11:11:27.053 T:1154 debug : CPythonInvoker(5, /storage/.kodi/addons/script.embuary.helper/service.py): instantiating addon using automatically obtained id of "script.embuary.helper" dependent on version 3.0.0 of the xbmc.python api
2023-07-03 11:11:27.077 T:1151 debug : CPythonInvoker(2, /storage/.kodi/addons/inputstream.ffmpegdirect/resources/lib/runner.py): script successfully run
2023-07-03 11:11:27.077 T:1151 debug : onExecutionDone(2, /storage/.kodi/addons/inputstream.ffmpegdirect/resources/lib/runner.py)
2023-07-03 11:11:27.109 T:1160 debug : -->Python Interpreter Initialized<--
2023-07-03 11:11:27.110 T:1160 debug :
2023-07-03 11:11:27.110 T:1160 debug : CPythonInvoker(11, /usr/share/kodi/addons/service.coreelec.settings/service.py): the source file to load is "/usr/share/kodi/addons/service.coreelec.settings/service.py"
2023-07-03 11:11:27.110 T:1160 debug : CPythonInvoker(11): full python path:
2023-07-03 11:11:27.110 T:1160 debug : CPythonInvoker(11): custom python path:
2023-07-03 11:11:27.110 T:1160 debug : CPythonInvoker(11): /usr/share/kodi/addons/service.coreelec.settings
2023-07-03 11:11:27.110 T:1160 debug : CPythonInvoker(11): default python path:
2023-07-03 11:11:27.110 T:1160 debug : CPythonInvoker(11): /usr/lib/python311.zip
2023-07-03 11:11:27.110 T:1160 debug : CPythonInvoker(11): /usr/lib/python3.11
2023-07-03 11:11:27.110 T:1160 debug : CPythonInvoker(11): /usr/lib/python3.11/lib-dynload
2023-07-03 11:11:27.110 T:1160 debug : CPythonInvoker(11): /usr/lib/python3.11/site-packages
2023-07-03 11:11:27.110 T:1160 debug : CPythonInvoker(11): adding args:
2023-07-03 11:11:27.110 T:1160 debug : CPythonInvoker(11):
2023-07-03 11:11:27.110 T:1160 debug : CPythonInvoker(11, /usr/share/kodi/addons/service.coreelec.settings/service.py): entering source directory /usr/share/kodi/addons/service.coreelec.settings
2023-07-03 11:11:27.110 T:1160 debug : CPythonInvoker(11, /usr/share/kodi/addons/service.coreelec.settings/service.py): instantiating addon using automatically obtained id of "service.coreelec.settings" dependent on version 3.0.0 of the xbmc.python api
2023-07-03 11:11:27.139 T:1163 debug : -->Python Interpreter Initialized<--
2023-07-03 11:11:27.139 T:1163 debug :
2023-07-03 11:11:27.139 T:1163 debug : CPythonInvoker(14, /storage/.kodi/addons/skin.estuary.modv2/scripts/services.py): the source file to load is "/storage/.kodi/addons/skin.estuary.modv2/scripts/services.py"
2023-07-03 11:11:27.139 T:1163 debug : CPythonInvoker(14): full python path:
2023-07-03 11:11:27.139 T:1163 debug : CPythonInvoker(14): custom python path:
2023-07-03 11:11:27.139 T:1163 debug : CPythonInvoker(14): /storage/.kodi/addons/script.module.certifi/lib
2023-07-03 11:11:27.139 T:1163 debug : CPythonInvoker(14): /storage/.kodi/addons/script.module.chardet/lib
2023-07-03 11:11:27.139 T:1163 debug : CPythonInvoker(14): /storage/.kodi/addons/script.module.idna/lib
2023-07-03 11:11:27.139 T:1163 debug : CPythonInvoker(14): /storage/.kodi/addons/script.module.pvr.artwork/lib
2023-07-03 11:11:27.139 T:1163 debug : CPythonInvoker(14): /storage/.kodi/addons/script.module.requests/lib
2023-07-03 11:11:27.139 T:1163 debug : CPythonInvoker(14): /storage/.kodi/addons/script.module.simplecache/lib
2023-07-03 11:11:27.139 T:1163 debug : CPythonInvoker(14): /storage/.kodi/addons/script.module.urllib3/lib
2023-07-03 11:11:27.139 T:1163 debug : CPythonInvoker(14): /storage/.kodi/addons/skin.estuary.modv2/scripts
2023-07-03 11:11:27.139 T:1163 debug : CPythonInvoker(14): default python path:
2023-07-03 11:11:27.139 T:1163 debug : CPythonInvoker(14): /usr/lib/python311.zip
2023-07-03 11:11:27.139 T:1163 debug : CPythonInvoker(14): /usr/lib/python3.11
2023-07-03 11:11:27.139 T:1163 debug : CPythonInvoker(14): /usr/lib/python3.11/lib-dynload
2023-07-03 11:11:27.139 T:1163 debug : CPythonInvoker(14): /usr/lib/python3.11/site-packages
2023-07-03 11:11:27.140 T:1163 debug : CPythonInvoker(14): adding args:
2023-07-03 11:11:27.140 T:1163 debug : CPythonInvoker(14):
2023-07-03 11:11:27.140 T:1163 debug : CPythonInvoker(14, /storage/.kodi/addons/skin.estuary.modv2/scripts/services.py): entering source directory /storage/.kodi/addons/skin.estuary.modv2/scripts
2023-07-03 11:11:27.141 T:1163 debug : CPythonInvoker(14, /storage/.kodi/addons/skin.estuary.modv2/scripts/services.py): instantiating addon using automatically obtained id of "skin.estuary.modv2" dependent on version 3.0.1 of the xbmc.python api
2023-07-03 11:11:27.169 T:1151 debug : Python interpreter stopped
2023-07-03 11:11:27.169 T:1151 debug : Thread LanguageInvoker 546584784640 terminating
2023-07-03 11:11:27.185 T:1152 debug : -->Python Interpreter Initialized<--
2023-07-03 11:11:27.185 T:1152 debug :
2023-07-03 11:11:27.185 T:1152 debug : CPythonInvoker(3, /storage/.kodi/addons/plugin.video.themoviedb.helper/service.py): the source file to load is "/storage/.kodi/addons/plugin.video.themoviedb.helper/service.py"
2023-07-03 11:11:27.185 T:1152 debug : CPythonInvoker(3): full python path:
2023-07-03 11:11:27.185 T:1152 debug : CPythonInvoker(3): custom python path:
2023-07-03 11:11:27.185 T:1152 debug : CPythonInvoker(3): /storage/.kodi/addons/plugin.video.themoviedb.helper
2023-07-03 11:11:27.185 T:1152 debug : CPythonInvoker(3): /storage/.kodi/addons/script.module.addon.signals/lib
2023-07-03 11:11:27.185 T:1152 debug : CPythonInvoker(3): /storage/.kodi/addons/script.module.certifi/lib
2023-07-03 11:11:27.185 T:1152 debug : CPythonInvoker(3): /storage/.kodi/addons/script.module.chardet/lib
2023-07-03 11:11:27.185 T:1152 debug : CPythonInvoker(3): /storage/.kodi/addons/script.module.idna/lib
2023-07-03 11:11:27.185 T:1152 debug : CPythonInvoker(3): /storage/.kodi/addons/script.module.requests/lib
2023-07-03 11:11:27.185 T:1152 debug : CPythonInvoker(3): /storage/.kodi/addons/script.module.urllib3/lib
2023-07-03 11:11:27.185 T:1152 debug : CPythonInvoker(3): /usr/share/kodi/addons/script.module.pil/lib
2023-07-03 11:11:27.185 T:1152 debug : CPythonInvoker(3): default python path:
2023-07-03 11:11:27.185 T:1152 debug : CPythonInvoker(3): /usr/lib/python311.zip
2023-07-03 11:11:27.185 T:1152 debug : CPythonInvoker(3): /usr/lib/python3.11
2023-07-03 11:11:27.185 T:1152 debug : CPythonInvoker(3): /usr/lib/python3.11/lib-dynload
2023-07-03 11:11:27.185 T:1152 debug : CPythonInvoker(3): /usr/lib/python3.11/site-packages
2023-07-03 11:11:27.185 T:1152 debug : CPythonInvoker(3): adding args:
2023-07-03 11:11:27.185 T:1152 debug : CPythonInvoker(3):
2023-07-03 11:11:27.185 T:1152 debug : CPythonInvoker(3, /storage/.kodi/addons/plugin.video.themoviedb.helper/service.py): entering source directory /storage/.kodi/addons/plugin.video.themoviedb.helper
2023-07-03 11:11:27.185 T:1152 debug : CPythonInvoker(3, /storage/.kodi/addons/plugin.video.themoviedb.helper/service.py): instantiating addon using automatically obtained id of "plugin.video.themoviedb.helper" dependent on version 3.0.0 of the xbmc.python api
2023-07-03 11:11:27.297 T:1178 debug : -->Python Interpreter Initialized<--
2023-07-03 11:11:27.297 T:1178 debug :
