2023-07-03 11:12:44.677 T:1243 debug : CVideoPlayer::ProcessVideoData size:32568 dts:64.857 pts:65.023 dur:41.000ms, clock:56.634 level:99
2023-07-03 11:12:44.677 T:1243 debug : CVideoPlayer::ProcessVideoData size:14166 dts:64.898 pts:64.982 dur:41.000ms, clock:56.634 level:99
2023-07-03 11:12:44.717 T:1243 debug : CVideoPlayer::ProcessVideoData size:15528 dts:64.940 pts:64.940 dur:41.000ms, clock:56.675 level:99
2023-07-03 11:12:44.799 T:1246 debug : CVideoPlayerVideo::OutputPicture - ttd:175ms pts:56.932 Clock:56.756 Level:5
2023-07-03 11:12:44.799 T:1243 debug : CVideoPlayer::ProcessVideoData size:65357 dts:64.982 pts:65.149 dur:41.000ms, clock:56.757 level:99
2023-07-03 11:12:44.801 T:1246 debug : CVideoPlayerVideo::OutputPicture - ttd:215ms pts:56.974 Clock:56.758 Level:5
2023-07-03 11:12:44.802 T:1246 debug : CVideoPlayerVideo::OutputPicture - ttd:255ms pts:57.015 Clock:56.760 Level:6
2023-07-03 11:12:44.810 T:1243 debug : CVideoPlayer::ProcessVideoData size:14538 dts:65.023 pts:65.107 dur:41.000ms, clock:56.767 level:99
2023-07-03 11:12:44.850 T:1243 debug : CVideoPlayer::ProcessVideoData size:15607 dts:65.065 pts:65.065 dur:41.000ms, clock:56.808 level:99
2023-07-03 11:12:44.924 T:1246 debug : CVideoPlayerVideo::OutputPicture - ttd:175ms pts:57.057 Clock:56.881 Level:5
2023-07-03 11:12:44.925 T:1246 debug : CVideoPlayerVideo::OutputPicture - ttd:216ms pts:57.099 Clock:56.882 Level:6
2023-07-03 11:12:44.926 T:1246 debug : CVideoPlayerVideo::OutputPicture - ttd:257ms pts:57.141 Clock:56.884 Level:6
2023-07-03 11:12:44.932 T:1243 debug : CVideoPlayer::ProcessVideoData size:36565 dts:65.107 pts:65.274 dur:41.000ms, clock:56.889 level:99
2023-07-03 11:12:44.932 T:1243 debug : CVideoPlayer::ProcessVideoData size:13761 dts:65.149 pts:65.232 dur:41.000ms, clock:56.889 level:99
2023-07-03 11:12:44.972 T:1243 debug : CVideoPlayer::ProcessVideoData size:15685 dts:65.190 pts:65.190 dur:41.000ms, clock:56.930 level:99
2023-07-03 11:12:45.048 T:1246 debug : CVideoPlayerVideo::OutputPicture - ttd:176ms pts:57.182 Clock:57.005 Level:5
2023-07-03 11:12:45.049 T:1246 debug : CVideoPlayerVideo::OutputPicture - ttd:217ms pts:57.224 Clock:57.007 Level:6
2023-07-03 11:12:45.053 T:1246 debug : CVideoPlayerVideo::OutputPicture - ttd:258ms pts:57.266 Clock:57.008 Level:6
2023-07-03 11:12:45.054 T:1243 debug : CVideoPlayer::ProcessVideoData size:35223 dts:65.232 pts:65.399 dur:41.000ms, clock:57.011 level:99
2023-07-03 11:12:45.064 T:1243 debug : CVideoPlayer::ProcessVideoData size:13939 dts:65.274 pts:65.357 dur:41.000ms, clock:57.022 level:99
2023-07-03 11:12:45.095 T:1243 debug : CVideoPlayer::ProcessVideoData size:14955 dts:65.315 pts:65.315 dur:41.000ms, clock:57.052 level:99
2023-07-03 11:12:45.174 T:1246 debug : CVideoPlayerVideo::OutputPicture - ttd:175ms pts:57.307 Clock:57.131 Level:5
2023-07-03 11:12:45.175 T:1246 debug : CVideoPlayerVideo::OutputPicture - ttd:216ms pts:57.349 Clock:57.133 Level:6
2023-07-03 11:12:45.176 T:1243 debug : CVideoPlayer::ProcessVideoData size:35425 dts:65.357 pts:65.524 dur:41.000ms, clock:57.133 level:99
2023-07-03 11:12:45.177 T:1246 debug : CVideoPlayerVideo::OutputPicture - ttd:256ms pts:57.391 Clock:57.135 Level:6
2023-07-03 11:12:45.186 T:1243 debug : CVideoPlayer::ProcessVideoData size:13915 dts:65.399 pts:65.482 dur:41.000ms, clock:57.144 level:99
2023-07-03 11:12:45.227 T:1243 debug : CVideoPlayer::ProcessVideoData size:15377 dts:65.440 pts:65.440 dur:41.000ms, clock:57.184 level:99
2023-07-03 11:12:45.298 T:1246 debug : CVideoPlayerVideo::OutputPicture - ttd:176ms pts:57.432 Clock:57.256 Level:5
2023-07-03 11:12:45.300 T:1246 debug : CVideoPlayerVideo::OutputPicture - ttd:216ms pts:57.474 Clock:57.257 Level:6
2023-07-03 11:12:45.301 T:1246 debug : CVideoPlayerVideo::OutputPicture - ttd:257ms pts:57.516 Clock:57.258 Level:6
2023-07-03 11:12:45.308 T:1243 debug : CVideoPlayer::ProcessVideoData size:34443 dts:65.482 pts:65.649 dur:41.000ms, clock:57.266 level:99
2023-07-03 11:12:45.308 T:1243 debug : CVideoPlayer::ProcessVideoData size:13966 dts:65.524 pts:65.607 dur:41.000ms, clock:57.266 level:99
2023-07-03 11:12:45.349 T:1243 debug : CVideoPlayer::ProcessVideoData size:15446 dts:65.566 pts:65.566 dur:41.000ms, clock:57.306 level:99
2023-07-03 11:12:45.424 T:1246 debug : CVideoPlayerVideo::OutputPicture - ttd:176ms pts:57.558 Clock:57.382 Level:5
2023-07-03 11:12:45.425 T:1246 debug : CVideoPlayerVideo::OutputPicture - ttd:216ms pts:57.599 Clock:57.383 Level:6
2023-07-03 11:12:45.427 T:1246 debug : CVideoPlayerVideo::OutputPicture - ttd:256ms pts:57.641 Clock:57.384 Level:6
2023-07-03 11:12:45.430 T:1243 debug : CVideoPlayer::ProcessVideoData size:33894 dts:65.607 pts:65.774 dur:41.000ms, clock:57.388 level:99
2023-07-03 11:12:45.430 T:1243 debug : CVideoPlayer::ProcessVideoData size:14154 dts:65.649 pts:65.732 dur:41.000ms, clock:57.388 level:99
2023-07-03 11:12:45.471 T:1243 debug : CVideoPlayer::ProcessVideoData size:15340 dts:65.691 pts:65.691 dur:41.000ms, clock:57.428 level:99
2023-07-03 11:12:45.549 T:1246 debug : CVideoPlayerVideo::OutputPicture - ttd:176ms pts:57.683 Clock:57.507 Level:5
2023-07-03 11:12:45.551 T:1246 debug : CVideoPlayerVideo::OutputPicture - ttd:215ms pts:57.724 Clock:57.508 Level:6
2023-07-03 11:12:45.552 T:1246 debug : CVideoPlayerVideo::OutputPicture - ttd:256ms pts:57.766 Clock:57.509 Level:6
2023-07-03 11:12:45.552 T:1243 debug : CVideoPlayer::ProcessVideoData size:35023 dts:65.732 pts:65.899 dur:41.000ms, clock:57.510 level:99
2023-07-03 11:12:45.553 T:1243 debug : CVideoPlayer::ProcessVideoData size:14073 dts:65.774 pts:65.858 dur:41.000ms, clock:57.510 level:99
2023-07-03 11:12:45.593 T:1243 debug : CVideoPlayer::ProcessVideoData size:15501 dts:65.816 pts:65.816 dur:41.000ms, clock:57.551 level:99
2023-07-03 11:12:45.674 T:1246 debug : CVideoPlayerVideo::OutputPicture - ttd:176ms pts:57.808 Clock:57.631 Level:5
2023-07-03 11:12:45.675 T:1246 debug : CVideoPlayerVideo::OutputPicture - ttd:217ms pts:57.850 Clock:57.633 Level:6
2023-07-03 11:12:45.682 T:1246 debug : CVideoPlayerVideo::OutputPicture - ttd:256ms pts:57.891 Clock:57.634 Level:6
2023-07-03 11:12:45.684 T:1243 debug : CVideoPlayer::ProcessVideoData size:34005 dts:65.858 pts:66.024 dur:41.000ms, clock:57.642 level:99
2023-07-03 11:12:45.685 T:1243 debug : CVideoPlayer::ProcessVideoData size:14183 dts:65.899 pts:65.983 dur:41.000ms, clock:57.642 level:99
2023-07-03 11:12:45.725 T:1243 debug : CVideoPlayer::ProcessVideoData size:15547 dts:65.941 pts:65.941 dur:41.000ms, clock:57.683 level:99
2023-07-03 11:12:45.799 T:1246 debug : CVideoPlayerVideo::OutputPicture - ttd:176ms pts:57.933 Clock:57.756 Level:5
2023-07-03 11:12:45.800 T:1246 debug : CVideoPlayerVideo::OutputPicture - ttd:217ms pts:57.975 Clock:57.757 Level:6
2023-07-03 11:12:45.801 T:1246 debug : CVideoPlayerVideo::OutputPicture - ttd:257ms pts:58.016 Clock:57.759 Level:6
2023-07-03 11:12:45.806 T:1243 debug : CVideoPlayer::ProcessVideoData size:52464 dts:65.983 pts:66.191 dur:41.000ms, clock:57.764 level:99
2023-07-03 11:12:45.807 T:1243 debug : CVideoPlayer::ProcessVideoData size:16342 dts:66.024 pts:66.108 dur:41.000ms, clock:57.764 level:99
2023-07-03 11:12:45.847 T:1243 debug : CVideoPlayer::ProcessVideoData size:15467 dts:66.066 pts:66.066 dur:41.000ms, clock:57.805 level:99
2023-07-03 11:12:45.888 T:1243 debug : CVideoPlayer::ProcessVideoData size:18206 dts:66.108 pts:66.150 dur:41.000ms, clock:57.845 level:99
2023-07-03 11:12:45.925 T:1246 debug : CVideoPlayerVideo::OutputPicture - ttd:175ms pts:58.058 Clock:57.882 Level:5
2023-07-03 11:12:45.926 T:1246 debug : CVideoPlayerVideo::OutputPicture - ttd:216ms pts:58.100 Clock:57.883 Level:6
2023-07-03 11:12:45.966 T:1246 debug : CVideoPlayerVideo::OutputPicture - ttd:218ms pts:58.142 Clock:57.923 Level:6
2023-07-03 11:12:45.968 T:1246 debug : CVideoPlayerVideo::OutputPicture - ttd:258ms pts:58.183 Clock:57.925 Level:6
2023-07-03 11:12:45.969 T:1243 debug : CVideoPlayer::ProcessVideoData size:37383 dts:66.150 pts:66.275 dur:41.000ms, clock:57.927 level:99
2023-07-03 11:12:45.980 T:1243 debug : CVideoPlayer::ProcessVideoData size:14592 dts:66.191 pts:66.233 dur:41.000ms, clock:57.937 level:99
2023-07-03 11:12:46.049 T:1246 debug : CVideoPlayerVideo::OutputPicture - ttd:218ms pts:58.225 Clock:58.006 Level:6
2023-07-03 11:12:46.051 T:1243 debug : CVideoPlayer::ProcessVideoData size:35887 dts:66.233 pts:66.400 dur:41.000ms, clock:58.008 level:99
2023-07-03 11:12:46.052 T:1246 debug : CVideoPlayerVideo::OutputPicture - ttd:259ms pts:58.267 Clock:58.008 Level:6
2023-07-03 11:12:46.061 T:1243 debug : CVideoPlayer::ProcessVideoData size:14107 dts:66.275 pts:66.358 dur:41.000ms, clock:58.019 level:99
2023-07-03 11:12:46.102 T:1243 debug : CVideoPlayer::ProcessVideoData size:15380 dts:66.316 pts:66.316 dur:41.000ms, clock:58.059 level:99
2023-07-03 11:12:46.175 T:1246 debug : CVideoPlayerVideo::OutputPicture - ttd:175ms pts:58.308 Clock:58.132 Level:5
2023-07-03 11:12:46.176 T:1246 debug : CVideoPlayerVideo::OutputPicture - ttd:216ms pts:58.350 Clock:58.134 Level:6
2023-07-03 11:12:46.177 T:1246 debug : CVideoPlayerVideo::OutputPicture - ttd:257ms pts:58.392 Clock:58.135 Level:6
2023-07-03 11:12:46.183 T:1243 debug : CVideoPlayer::ProcessVideoData size:34264 dts:66.358 pts:66.525 dur:41.000ms, clock:58.141 level:99
2023-07-03 11:12:46.183 T:1243 debug : CVideoPlayer::ProcessVideoData size:13696 dts:66.400 pts:66.483 dur:41.000ms, clock:58.141 level:99
2023-07-03 11:12:46.224 T:1243 debug : CVideoPlayer::ProcessVideoData size:15227 dts:66.441 pts:66.441 dur:41.000ms, clock:58.181 level:99
2023-07-03 11:12:46.300 T:1246 debug : CVideoPlayerVideo::OutputPicture - ttd:175ms pts:58.433 Clock:58.257 Level:5
2023-07-03 11:12:46.301 T:1246 debug : CVideoPlayerVideo::OutputPicture - ttd:216ms pts:58.475 Clock:58.258 Level:6
2023-07-03 11:12:46.304 T:1246 debug : CVideoPlayerVideo::OutputPicture - ttd:257ms pts:58.517 Clock:58.260 Level:6
2023-07-03 11:12:46.305 T:1243 debug : CVideoPlayer::ProcessVideoData size:34909 dts:66.483 pts:66.650 dur:41.000ms, clock:58.262 level:99
2023-07-03 11:12:46.305 T:1243 debug : CVideoPlayer::ProcessVideoData size:13382 dts:66.525 pts:66.608 dur:41.000ms, clock:58.263 level:99
2023-07-03 11:12:46.346 T:1243 debug : CVideoPlayer::ProcessVideoData size:15418 dts:66.567 pts:66.567 dur:41.000ms, clock:58.303 level:99
2023-07-03 11:12:46.424 T:1246 debug : CVideoPlayerVideo::OutputPicture - ttd:177ms pts:58.559 Clock:58.381 Level:5
2023-07-03 11:12:46.425 T:1246 debug : CVideoPlayerVideo::OutputPicture - ttd:217ms pts:58.600 Clock:58.383 Level:6
2023-07-03 11:12:46.427 T:1243 debug : CVideoPlayer::ProcessVideoData size:33986 dts:66.608 pts:66.775 dur:41.000ms, clock:58.384 level:99
2023-07-03 11:12:46.427 T:1243 debug : CVideoPlayer::ProcessVideoData size:14496 dts:66.650 pts:66.733 dur:41.000ms, clock:58.385 level:99
2023-07-03 11:12:46.427 T:1246 debug : CVideoPlayerVideo::OutputPicture - ttd:257ms pts:58.642 Clock:58.384 Level:6
2023-07-03 11:12:46.468 T:1243 debug : CVideoPlayer::ProcessVideoData size:15400 dts:66.692 pts:66.692 dur:41.000ms, clock:58.425 level:99
2023-07-03 11:12:46.549 T:1246 debug : CVideoPlayerVideo::OutputPicture - ttd:177ms pts:58.684 Clock:58.507 Level:5
2023-07-03 11:12:46.551 T:1246 debug : CVideoPlayerVideo::OutputPicture - ttd:216ms pts:58.725 Clock:58.508 Level:6
2023-07-03 11:12:46.552 T:1246 debug : CVideoPlayerVideo::OutputPicture - ttd:257ms pts:58.767 Clock:58.510 Level:6
2023-07-03 11:12:46.554 T:1179 debug : CurlFile::Open -
2023-07-03 11:12:46.555 T:1179 error : CCurlFile::CReadState::FillBuffer - (0x7f4401e400) Failed: Couldn't connect to server(7)
2023-07-03 11:12:46.555 T:1179 error : CCurlFile::Open - Failed with code 0:
2023-07-03 11:12:46.555 T:1179 debug : AddOnLog: pvr.vuplus: pvr.vuplus - CheckHttp - Could not open webAPI.
2023-07-03 11:12:46.560 T:1243 debug : CVideoPlayer::ProcessVideoData size:33321 dts:66.733 pts:66.900 dur:41.000ms, clock:58.517 level:99
2023-07-03 11:12:46.560 T:1243 debug : CVideoPlayer::ProcessVideoData size:13812 dts:66.775 pts:66.859 dur:41.000ms, clock:58.517 level:99
2023-07-03 11:12:46.600 T:1243 debug : CVideoPlayer::ProcessVideoData size:15287 dts:66.817 pts:66.817 dur:41.000ms, clock:58.558 level:99
2023-07-03 11:12:46.674 T:1246 debug : CVideoPlayerVideo::OutputPicture - ttd:177ms pts:58.809 Clock:58.632 Level:5
2023-07-03 11:12:46.676 T:1246 debug : CVideoPlayerVideo::OutputPicture - ttd:217ms pts:58.851 Clock:58.633 Level:6
2023-07-03 11:12:46.677 T:1246 debug : CVideoPlayerVideo::OutputPicture - ttd:257ms pts:58.892 Clock:58.634 Level:6
2023-07-03 11:12:46.682 T:1243 debug : CVideoPlayer::ProcessVideoData size:33365 dts:66.859 pts:67.025 dur:41.000ms, clock:58.639 level:99
2023-07-03 11:12:46.682 T:1243 debug : CVideoPlayer::ProcessVideoData size:13882 dts:66.900 pts:66.984 dur:41.000ms, clock:58.639 level:99
2023-07-03 11:12:46.722 T:1243 debug : CVideoPlayer::ProcessVideoData size:15351 dts:66.942 pts:66.942 dur:41.000ms, clock:58.680 level:99
2023-07-03 11:12:46.800 T:1246 debug : CVideoPlayerVideo::OutputPicture - ttd:176ms pts:58.934 Clock:58.758 Level:5
2023-07-03 11:12:46.801 T:1246 debug : CVideoPlayerVideo::OutputPicture - ttd:217ms pts:58.976 Clock:58.759 Level:6
2023-07-03 11:12:46.803 T:1246 debug : CVideoPlayerVideo::OutputPicture - ttd:256ms pts:59.017 Clock:58.760 Level:6
2023-07-03 11:12:46.804 T:1243 debug : CVideoPlayer::ProcessVideoData size:52050 dts:66.984 pts:67.192 dur:41.000ms, clock:58.761 level:99
2023-07-03 11:12:46.814 T:1243 debug : CVideoPlayer::ProcessVideoData size:16210 dts:67.025 pts:67.109 dur:41.000ms, clock:58.772 level:99
2023-07-03 11:12:46.845 T:1243 debug : CVideoPlayer::ProcessVideoData size:15990 dts:67.067 pts:67.067 dur:41.000ms, clock:58.802 level:99
2023-07-03 11:12:46.885 T:1243 debug : CVideoPlayer::ProcessVideoData size:17833 dts:67.109 pts:67.151 dur:41.000ms, clock:58.843 level:99
2023-07-03 11:12:46.925 T:1246 debug : CVideoPlayerVideo::OutputPicture - ttd:175ms pts:59.059 Clock:58.883 Level:5
2023-07-03 11:12:46.927 T:1246 debug : CVideoPlayerVideo::OutputPicture - ttd:216ms pts:59.101 Clock:58.884 Level:6
2023-07-03 11:12:46.968 T:1246 debug : CVideoPlayerVideo::OutputPicture - ttd:217ms pts:59.143 Clock:58.926 Level:6
2023-07-03 11:12:46.973 T:1246 debug : CVideoPlayerVideo::OutputPicture - ttd:256ms pts:59.184 Clock:58.927 Level:6
2023-07-03 11:12:46.976 T:1243 debug : CVideoPlayer::ProcessVideoData size:37232 dts:67.151 pts:67.276 dur:41.000ms, clock:58.934 level:99
2023-07-03 11:12:46.977 T:1243 debug : CVideoPlayer::ProcessVideoData size:14138 dts:67.192 pts:67.234 dur:41.000ms, clock:58.934 level:99
2023-07-03 11:12:47.050 T:1246 debug : CVideoPlayerVideo::OutputPicture - ttd:218ms pts:59.226 Clock:59.007 Level:6
2023-07-03 11:12:47.053 T:1246 debug : CVideoPlayerVideo::OutputPicture - ttd:259ms pts:59.268 Clock:59.008 Level:6
2023-07-03 11:12:47.058 T:1243 debug : CVideoPlayer::ProcessVideoData size:35651 dts:67.234 pts:67.401 dur:41.000ms, clock:59.016 level:99
2023-07-03 11:12:47.058 T:1243 debug : CVideoPlayer::ProcessVideoData size:14526 dts:67.276 pts:67.359 dur:41.000ms, clock:59.016 level:99
2023-07-03 11:12:47.099 T:1243 debug : CVideoPlayer::ProcessVideoData size:15532 dts:67.317 pts:67.317 dur:41.000ms, clock:59.056 level:99
2023-07-03 11:12:47.175 T:1246 debug : CVideoPlayerVideo::OutputPicture - ttd:176ms pts:59.309 Clock:59.132 Level:5
2023-07-03 11:12:47.177 T:1246 debug : CVideoPlayerVideo::OutputPicture - ttd:216ms pts:59.351 Clock:59.134 Level:6
2023-07-03 11:12:47.180 T:1243 debug : CVideoPlayer::ProcessVideoData size:38283 dts:67.359 pts:67.526 dur:41.000ms, clock:59.138 level:99
2023-07-03 11:12:47.183 T:1246 debug : CVideoPlayerVideo::OutputPicture - ttd:257ms pts:59.393 Clock:59.135 Level:6
2023-07-03 11:12:47.190 T:1243 debug : CVideoPlayer::ProcessVideoData size:13653 dts:67.401 pts:67.484 dur:41.000ms, clock:59.148 level:99
2023-07-03 11:12:47.221 T:1243 debug : CVideoPlayer::ProcessVideoData size:15736 dts:67.442 pts:67.442 dur:41.000ms, clock:59.178 level:99
2023-07-03 11:12:47.301 T:1246 debug : CVideoPlayerVideo::OutputPicture - ttd:175ms pts:59.434 Clock:59.258 Level:5
2023-07-03 11:12:47.302 T:1243 debug : CVideoPlayer::ProcessVideoData size:39963 dts:67.484 pts:67.651 dur:41.000ms, clock:59.260 level:99
2023-07-03 11:12:47.303 T:1246 debug : CVideoPlayerVideo::OutputPicture - ttd:215ms pts:59.476 Clock:59.261 Level:5
2023-07-03 11:12:47.304 T:1246 debug : CVideoPlayerVideo::OutputPicture - ttd:255ms pts:59.518 Clock:59.262 Level:6
2023-07-03 11:12:47.312 T:1243 debug : CVideoPlayer::ProcessVideoData size:14252 dts:67.526 pts:67.609 dur:41.000ms, clock:59.270 level:99
2023-07-03 11:12:47.353 T:1243 debug : CVideoPlayer::ProcessVideoData size:14826 dts:67.568 pts:67.568 dur:41.000ms, clock:59.311 level:99
2023-07-03 11:12:47.426 T:1246 debug : CVideoPlayerVideo::OutputPicture - ttd:176ms pts:59.560 Clock:59.383 Level:5
2023-07-03 11:12:47.427 T:1246 debug : CVideoPlayerVideo::OutputPicture - ttd:216ms pts:59.601 Clock:59.385 Level:6
2023-07-03 11:12:47.429 T:1246 debug : CVideoPlayerVideo::OutputPicture - ttd:257ms pts:59.643 Clock:59.386 Level:6
2023-07-03 11:12:47.434 T:1243 debug : CVideoPlayer::ProcessVideoData size:40441 dts:67.609 pts:67.776 dur:41.000ms, clock:59.392 level:99
2023-07-03 11:12:47.435 T:1243 debug : CVideoPlayer::ProcessVideoData size:12616 dts:67.651 pts:67.734 dur:41.000ms, clock:59.392 level:99
2023-07-03 11:12:47.475 T:1243 debug : CVideoPlayer::ProcessVideoData size:15481 dts:67.693 pts:67.693 dur:41.000ms, clock:59.433 level:99
2023-07-03 11:12:47.551 T:1246 debug : CVideoPlayerVideo::OutputPicture - ttd:176ms pts:59.685 Clock:59.509 Level:5
2023-07-03 11:12:47.552 T:1246 debug : CVideoPlayerVideo::OutputPicture - ttd:216ms pts:59.726 Clock:59.510 Level:6
2023-07-03 11:12:47.554 T:1246 debug : CVideoPlayerVideo::OutputPicture - ttd:256ms pts:59.768 Clock:59.511 Level:6
2023-07-03 11:12:47.556 T:1243 debug : CVideoPlayer::ProcessVideoData size:42528 dts:67.734 pts:67.901 dur:41.000ms, clock:59.514 level:99
2023-07-03 11:12:47.556 T:1243 debug : CVideoPlayer::ProcessVideoData size:15039 dts:67.776 pts:67.860 dur:41.000ms, clock:59.514 level:99
2023-07-03 11:12:47.597 T:1243 debug : CVideoPlayer::ProcessVideoData size:15837 dts:67.818 pts:67.818 dur:41.000ms, clock:59.554 level:99
2023-07-03 11:12:47.676 T:1246 debug : CVideoPlayerVideo::OutputPicture - ttd:176ms pts:59.810 Clock:59.634 Level:5
2023-07-03 11:12:47.678 T:1246 debug : CVideoPlayerVideo::OutputPicture - ttd:216ms pts:59.852 Clock:59.635 Level:6
2023-07-03 11:12:47.678 T:1243 debug : CVideoPlayer::ProcessVideoData size:47679 dts:67.860 pts:68.068 dur:41.000ms, clock:59.636 level:99
2023-07-03 11:12:47.681 T:1246 debug : CVideoPlayerVideo::OutputPicture - ttd:254ms pts:59.893 Clock:59.638 Level:6
2023-07-03 11:12:47.689 T:1243 debug : CVideoPlayer::ProcessVideoData size:17158 dts:67.901 pts:67.985 dur:41.000ms, clock:59.646 level:99
2023-07-03 11:12:47.729 T:1243 debug : CVideoPlayer::ProcessVideoData size:16433 dts:67.943 pts:67.943 dur:41.000ms, clock:59.687 level:99
2023-07-03 11:12:47.802 T:1246 debug : CVideoPlayerVideo::OutputPicture - ttd:175ms pts:59.935 Clock:59.759 Level:5
2023-07-03 11:12:47.803 T:1246 debug : CVideoPlayerVideo::OutputPicture - ttd:216ms pts:59.977 Clock:59.761 Level:6
2023-07-03 11:12:47.806 T:1246 debug : CVideoPlayerVideo::OutputPicture - ttd:256ms pts:60.018 Clock:59.762 Level:6
2023-07-03 11:12:47.810 T:1243 debug : CVideoPlayer::ProcessVideoData size:17875 dts:67.985 pts:68.026 dur:41.000ms, clock:59.768 level:99
2023-07-03 11:12:47.811 T:1243 debug : CVideoPlayer::ProcessVideoData size:59198 dts:68.026 pts:68.235 dur:41.000ms, clock:59.769 level:99
2023-07-03 11:12:47.852 T:1243 debug : CVideoPlayer::ProcessVideoData size:19380 dts:68.068 pts:68.152 dur:41.000ms, clock:59.809 level:99
2023-07-03 11:12:47.893 T:1243 debug : CVideoPlayer::ProcessVideoData size:14948 dts:68.110 pts:68.110 dur:41.000ms, clock:59.850 level:99
2023-07-03 11:12:47.926 T:1246 debug : CVideoPlayerVideo::OutputPicture - ttd:176ms pts:60.060 Clock:59.883 Level:5
2023-07-03 11:12:47.927 T:1246 debug : CVideoPlayerVideo::OutputPicture - ttd:217ms pts:60.102 Clock:59.885 Level:6
2023-07-03 11:12:47.968 T:1246 debug : CVideoPlayerVideo::OutputPicture - ttd:218ms pts:60.144 Clock:59.926 Level:6
2023-07-03 11:12:47.970 T:1246 debug : CVideoPlayerVideo::OutputPicture - ttd:257ms pts:60.185 Clock:59.927 Level:6
2023-07-03 11:12:47.974 T:1243 debug : CVideoPlayer::ProcessVideoData size:14918 dts:68.152 pts:68.193 dur:41.000ms, clock:59.932 level:99
2023-07-03 11:12:47.975 T:1243 debug : CVideoPlayer::ProcessVideoData size:39169 dts:68.193 pts:68.360 dur:41.000ms, clock:59.932 level:99
2023-07-03 11:12:48.051 T:1246 debug : CVideoPlayerVideo::OutputPicture - ttd:218ms pts:60.227 Clock:60.009 Level:6
2023-07-03 11:12:48.054 T:1246 debug : CVideoPlayerVideo::OutputPicture - ttd:258ms pts:60.269 Clock:60.010 Level:6
2023-07-03 11:12:48.056 T:1243 debug : CVideoPlayer::ProcessVideoData size:13560 dts:68.235 pts:68.318 dur:41.000ms, clock:60.013 level:99
2023-07-03 11:12:48.056 T:1243 debug : CVideoPlayer::ProcessVideoData size:15625 dts:68.277 pts:68.277 dur:41.000ms, clock:60.013 level:99
2023-07-03 11:12:48.096 T:1243 debug : CVideoPlayer::ProcessVideoData size:35381 dts:68.318 pts:68.485 dur:41.000ms, clock:60.054 level:99
2023-07-03 11:12:48.176 T:1246 debug : CVideoPlayerVideo::OutputPicture - ttd:176ms pts:60.310 Clock:60.134 Level:5
2023-07-03 11:12:48.177 T:1246 debug : CVideoPlayerVideo::OutputPicture - ttd:217ms pts:60.352 Clock:60.135 Level:6
2023-07-03 11:12:48.179 T:1246 debug : CVideoPlayerVideo::OutputPicture - ttd:257ms pts:60.394 Clock:60.136 Level:6
2023-07-03 11:12:48.188 T:1243 debug : CVideoPlayer::ProcessVideoData size:13447 dts:68.360 pts:68.443 dur:41.000ms, clock:60.145 level:99
2023-07-03 11:12:48.188 T:1243 debug : CVideoPlayer::ProcessVideoData size:16326 dts:68.402 pts:68.402 dur:41.000ms, clock:60.145 level:99
2023-07-03 11:12:48.229 T:1243 debug : CVideoPlayer::ProcessVideoData size:39237 dts:68.443 pts:68.610 dur:41.000ms, clock:60.186 level:99
2023-07-03 11:12:48.302 T:1246 debug : CVideoPlayerVideo::OutputPicture - ttd:175ms pts:60.435 Clock:60.259 Level:5
2023-07-03 11:12:48.303 T:1246 debug : CVideoPlayerVideo::OutputPicture - ttd:216ms pts:60.477 Clock:60.261 Level:6
2023-07-03 11:12:48.304 T:1246 debug : CVideoPlayerVideo::OutputPicture - ttd:257ms pts:60.519 Clock:60.262 Level:6
2023-07-03 11:12:48.310 T:1243 debug : CVideoPlayer::ProcessVideoData size:13828 dts:68.485 pts:68.569 dur:41.000ms, clock:60.267 level:99
2023-07-03 11:12:48.310 T:1243 debug : CVideoPlayer::ProcessVideoData size:15540 dts:68.527 pts:68.527 dur:41.000ms, clock:60.267 level:99
2023-07-03 11:12:48.351 T:1243 debug : CVideoPlayer::ProcessVideoData size:46898 dts:68.569 pts:68.735 dur:41.000ms, clock:60.308 level:99
2023-07-03 11:12:48.427 T:1246 debug : CVideoPlayerVideo::OutputPicture - ttd:176ms pts:60.561 Clock:60.385 Level:5
2023-07-03 11:12:48.429 T:1246 debug : CVideoPlayerVideo::OutputPicture - ttd:215ms pts:60.602 Clock:60.386 Level:6
2023-07-03 11:12:48.432 T:1243 debug : CVideoPlayer::ProcessVideoData size:14320 dts:68.610 pts:68.694 dur:41.000ms, clock:60.390 level:99
2023-07-03 11:12:48.436 T:1246 debug : CVideoPlayerVideo::OutputPicture - ttd:256ms pts:60.644 Clock:60.387 Level:6
2023-07-03 11:12:48.442 T:1243 debug : CVideoPlayer::ProcessVideoData size:16797 dts:68.652 pts:68.652 dur:41.000ms, clock:60.400 level:99
2023-07-03 11:12:48.474 T:1243 debug : CVideoPlayer::ProcessVideoData size:47360 dts:68.694 pts:68.861 dur:41.000ms, clock:60.431 level:99
2023-07-03 11:12:48.551 T:1246 debug : CVideoPlayerVideo::OutputPicture - ttd:177ms pts:60.686 Clock:60.509 Level:5
2023-07-03 11:12:48.553 T:1246 debug : CVideoPlayerVideo::OutputPicture - ttd:216ms pts:60.727 Clock:60.510 Level:6
2023-07-03 11:12:48.554 T:1246 debug : CVideoPlayerVideo::OutputPicture - ttd:257ms pts:60.769 Clock:60.511 Level:6
2023-07-03 11:12:48.555 T:1243 debug : CVideoPlayer::ProcessVideoData size:16106 dts:68.735 pts:68.819 dur:41.000ms, clock:60.512 level:99
2023-07-03 11:12:48.565 T:1243 debug : CVideoPlayer::ProcessVideoData size:16210 dts:68.777 pts:68.777 dur:41.000ms, clock:60.522 level:99
2023-07-03 11:12:48.596 T:1243 debug : CVideoPlayer::ProcessVideoData size:45456 dts:68.819 pts:68.944 dur:41.000ms, clock:60.553 level:99
2023-07-03 11:12:48.677 T:1246 debug : CVideoPlayerVideo::OutputPicture - ttd:176ms pts:60.811 Clock:60.635 Level:5
2023-07-03 11:12:48.679 T:1246 debug : CVideoPlayerVideo::OutputPicture - ttd:216ms pts:60.853 Clock:60.636 Level:6
2023-07-03 11:12:48.680 T:1246 debug : CVideoPlayerVideo::OutputPicture - ttd:256ms pts:60.894 Clock:60.637 Level:6
2023-07-03 11:12:48.687 T:1243 debug : CVideoPlayer::ProcessVideoData size:14433 dts:68.861 pts:68.902 dur:41.000ms, clock:60.644 level:99
2023-07-03 11:12:48.707 T:1243 debug : CVideoPlayer::ProcessVideoData size:47791 dts:68.902 pts:69.111 dur:41.000ms, clock:60.665 level:99
2023-07-03 11:12:48.728 T:1243 debug : CVideoPlayer::ProcessVideoData size:19014 dts:68.944 pts:69.027 dur:41.000ms, clock:60.685 level:99
2023-07-03 11:12:48.802 T:1246 debug : CVideoPlayerVideo::OutputPicture - ttd:176ms pts:60.936 Clock:60.760 Level:5
2023-07-03 11:12:48.804 T:1246 debug : CVideoPlayerVideo::OutputPicture - ttd:216ms pts:60.978 Clock:60.761 Level:6
2023-07-03 11:12:48.805 T:1246 debug : CVideoPlayerVideo::OutputPicture - ttd:256ms pts:61.019 Clock:60.762 Level:6
2023-07-03 11:12:48.809 T:1243 debug : CVideoPlayer::ProcessVideoData size:13588 dts:68.986 pts:68.986 dur:41.000ms, clock:60.766 level:99
2023-07-03 11:12:48.809 T:1243 debug : CVideoPlayer::ProcessVideoData size:15619 dts:69.027 pts:69.069 dur:41.000ms, clock:60.766 level:99
2023-07-03 11:12:48.850 T:1243 debug : CVideoPlayer::ProcessVideoData size:62304 dts:69.069 pts:69.278 dur:41.000ms, clock:60.807 level:99
2023-07-03 11:12:48.891 T:1243 debug : CVideoPlayer::ProcessVideoData size:18229 dts:69.111 pts:69.194 dur:41.000ms, clock:60.848 level:99
2023-07-03 11:12:48.927 T:1246 debug : CVideoPlayerVideo::OutputPicture - ttd:176ms pts:61.061 Clock:60.885 Level:5
2023-07-03 11:12:48.929 T:1246 debug : CVideoPlayerVideo::OutputPicture - ttd:216ms pts:61.103 Clock:60.886 Level:6
2023-07-03 11:12:48.969 T:1246 debug : CVideoPlayerVideo::OutputPicture - ttd:218ms pts:61.145 Clock:60.926 Level:6
2023-07-03 11:12:48.972 T:1243 debug : CVideoPlayer::ProcessVideoData size:18445 dts:69.153 pts:69.153 dur:41.000ms, clock:60.929 level:99
2023-07-03 11:12:48.972 T:1246 debug : CVideoPlayerVideo::OutputPicture - ttd:258ms pts:61.186 Clock:60.927 Level:6
2023-07-03 11:12:48.982 T:1243 debug : CVideoPlayer::ProcessVideoData size:13903 dts:69.194 pts:69.236 dur:41.000ms, clock:60.939 level:99
2023-07-03 11:12:49.052 T:1246 debug : CVideoPlayerVideo::OutputPicture - ttd:218ms pts:61.228 Clock:61.009 Level:6
2023-07-03 11:12:49.058 T:1246 debug : CVideoPlayerVideo::OutputPicture - ttd:259ms pts:61.270 Clock:61.011 Level:6
2023-07-03 11:12:49.064 T:1243 debug : CVideoPlayer::ProcessVideoData size:42005 dts:69.236 pts:69.403 dur:41.000ms, clock:61.021 level:99
2023-07-03 11:12:49.064 T:1243 debug : CVideoPlayer::ProcessVideoData size:14325 dts:69.278 pts:69.361 dur:41.000ms, clock:61.021 level:99
2023-07-03 11:12:49.104 T:1243 debug : CVideoPlayer::ProcessVideoData size:15544 dts:69.319 pts:69.319 dur:41.000ms, clock:61.062 level:99
2023-07-03 11:12:49.177 T:1246 debug : CVideoPlayerVideo::OutputPicture - ttd:176ms pts:61.311 Clock:61.135 Level:5
2023-07-03 11:12:49.179 T:1246 debug : CVideoPlayerVideo::OutputPicture - ttd:216ms pts:61.353 Clock:61.136 Level:6
2023-07-03 11:12:49.180 T:1246 debug : CVideoPlayerVideo::OutputPicture - ttd:257ms pts:61.395 Clock:61.138 Level:6
2023-07-03 11:12:49.186 T:1243 debug : CVideoPlayer::ProcessVideoData size:38167 dts:69.361 pts:69.528 dur:41.000ms, clock:61.143 level:99
2023-07-03 11:12:49.186 T:1243 debug : CVideoPlayer::ProcessVideoData size:14034 dts:69.403 pts:69.486 dur:41.000ms, clock:61.143 level:99
2023-07-03 11:12:49.226 T:1243 debug : CVideoPlayer::ProcessVideoData size:15222 dts:69.444 pts:69.444 dur:41.000ms, clock:61.184 level:99
2023-07-03 11:12:49.304 T:1246 debug : CVideoPlayerVideo::OutputPicture - ttd:174ms pts:61.436 Clock:61.261 Level:5
2023-07-03 11:12:49.305 T:1246 debug : CVideoPlayerVideo::OutputPicture - ttd:215ms pts:61.478 Clock:61.262 Level:5
2023-07-03 11:12:49.306 T:1246 debug : CVideoPlayerVideo::OutputPicture - ttd:256ms pts:61.520 Clock:61.264 Level:6
2023-07-03 11:12:49.307 T:1243 debug : CVideoPlayer::ProcessVideoData size:36998 dts:69.486 pts:69.653 dur:41.000ms, clock:61.265 level:99
2023-07-03 11:12:49.307 T:1243 debug : CVideoPlayer::ProcessVideoData size:13198 dts:69.528 pts:69.611 dur:41.000ms, clock:61.265 level:99
2023-07-03 11:12:49.348 T:1243 debug : CVideoPlayer::ProcessVideoData size:15395 dts:69.570 pts:69.570 dur:41.000ms, clock:61.305 level:99
2023-07-03 11:12:49.428 T:1246 debug : CVideoPlayerVideo::OutputPicture - ttd:176ms pts:61.562 Clock:61.385 Level:5
2023-07-03 11:12:49.429 T:1246 debug : CVideoPlayerVideo::OutputPicture - ttd:216ms pts:61.603 Clock:61.387 Level:6
2023-07-03 11:12:49.430 T:1246 debug : CVideoPlayerVideo::OutputPicture - ttd:257ms pts:61.645 Clock:61.388 Level:6
2023-07-03 11:12:49.439 T:1243 debug : CVideoPlayer::ProcessVideoData size:36375 dts:69.611 pts:69.778 dur:41.000ms, clock:61.397 level:99
2023-07-03 11:12:49.439 T:1243 debug : CVideoPlayer::ProcessVideoData size:13607 dts:69.653 pts:69.736 dur:41.000ms, clock:61.397 level:99
2023-07-03 11:12:49.480 T:1243 debug : CVideoPlayer::ProcessVideoData size:15378 dts:69.695 pts:69.695 dur:41.000ms, clock:61.437 level:99
2023-07-03 11:12:49.539 T:1172 debug : PushCecKeypress - received key d8 duration 0
2023-07-03 11:12:49.552 T:1103 debug : HandleKey: menu (0xd8) pressed, window 10025, action is Back
2023-07-03 11:12:49.553 T:1246 debug : CVideoPlayerVideo::OutputPicture - ttd:176ms pts:61.687 Clock:61.510 Level:5
2023-07-03 11:12:49.553 T:1103 debug : CGUIMediaWindow::GetDirectory (nfs://192.168.1.6/volume1/Musik/Testfiles/)
2023-07-03 11:12:49.553 T:1103 debug : ParentPath = [nfs://192.168.1.6/volume1/Musik/]
2023-07-03 11:12:49.553 T:1265 debug : Thread waiting start, auto delete: false
2023-07-03 11:12:49.554 T:1246 debug : CVideoPlayerVideo::OutputPicture - ttd:216ms pts:61.728 Clock:61.511 Level:6
2023-07-03 11:12:49.555 T:1265 debug : Thread waiting 545552264960 terminating
2023-07-03 11:12:49.561 T:1243 debug : CVideoPlayer::ProcessVideoData size:36149 dts:69.736 pts:69.903 dur:41.000ms, clock:61.519 level:99
2023-07-03 11:12:49.609 T:1172 debug : PushCecKeypress - received key d8 duration 70
2023-07-03 11:12:49.654 T:1266 debug : Thread BackgroundLoader start, auto delete: false
2023-07-03 11:12:49.654 T:1266 debug : connect replacing configured host 192.168.1.6 with resolved host 192.168.1.6
2023-07-03 11:12:49.654 T:1103 debug : [threads] name: 'BackgroundLoader' priority: '1'
2023-07-03 11:12:49.671 T:1246 debug : CVideoPlayerVideo::OutputPicture - ttd:257ms pts:61.770 Clock:61.513 Level:6
2023-07-03 11:12:49.673 T:1243 debug : CVideoPlayer::ProcessVideoData size:13911 dts:69.778 pts:69.862 dur:41.000ms, clock:61.630 level:99
2023-07-03 11:12:49.673 T:1243 debug : CVideoPlayer::ProcessVideoData size:15893 dts:69.820 pts:69.820 dur:41.000ms, clock:61.631 level:99
2023-07-03 11:12:49.674 T:1266 debug : Thread BackgroundLoader 545518448384 terminating
2023-07-03 11:12:49.761 T:1246 debug : CVideoPlayerVideo::OutputPicture - ttd:93ms pts:61.812 Clock:61.719 Level:5
2023-07-03 11:12:49.763 T:1246 debug : CVideoPlayerVideo::OutputPicture - ttd:133ms pts:61.854 Clock:61.720 Level:6
2023-07-03 11:12:49.765 T:1246 debug : CVideoPlayerVideo::OutputPicture - ttd:173ms pts:61.895 Clock:61.721 Level:6
2023-07-03 11:12:49.765 T:1243 debug : CVideoPlayer::ProcessVideoData size:34378 dts:69.862 pts:70.028 dur:41.000ms, clock:61.722 level:99
2023-07-03 11:12:49.775 T:1243 debug : CVideoPlayer::ProcessVideoData size:14400 dts:69.903 pts:69.987 dur:41.000ms, clock:61.733 level:99
2023-07-03 11:12:49.806 T:1243 debug : CVideoPlayer::ProcessVideoData size:15541 dts:69.945 pts:69.945 dur:41.000ms, clock:61.763 level:99
2023-07-03 11:12:49.886 T:1246 debug : CVideoPlayerVideo::OutputPicture - ttd:93ms pts:61.937 Clock:61.844 Level:5
2023-07-03 11:12:49.888 T:1246 debug : CVideoPlayerVideo::OutputPicture - ttd:133ms pts:61.979 Clock:61.845 Level:6
2023-07-03 11:12:49.890 T:1246 debug : CVideoPlayerVideo::OutputPicture - ttd:173ms pts:62.020 Clock:61.846 Level:6
2023-07-03 11:12:49.897 T:1243 debug : CVideoPlayer::ProcessVideoData size:54860 dts:69.987 pts:70.195 dur:41.000ms, clock:61.855 level:99
2023-07-03 11:12:49.897 T:1243 debug : CVideoPlayer::ProcessVideoData size:16651 dts:70.028 pts:70.112 dur:41.000ms, clock:61.855 level:99
2023-07-03 11:12:49.938 T:1243 debug : CVideoPlayer::ProcessVideoData size:16076 dts:70.070 pts:70.070 dur:41.000ms, clock:61.896 level:99
2023-07-03 11:12:50.012 T:1246 debug : CVideoPlayerVideo::OutputPicture - ttd:92ms pts:62.062 Clock:61.970 Level:5
2023-07-03 11:12:50.014 T:1246 debug : CVideoPlayerVideo::OutputPicture - ttd:132ms pts:62.104 Clock:61.971 Level:6
2023-07-03 11:12:50.018 T:1246 debug : CVideoPlayerVideo::OutputPicture - ttd:173ms pts:62.146 Clock:61.972 Level:6
2023-07-03 11:12:50.019 T:1243 debug : CVideoPlayer::ProcessVideoData size:18012 dts:70.112 pts:70.154 dur:41.000ms, clock:61.977 level:99
2023-07-03 11:12:50.029 T:1243 debug : CVideoPlayer::ProcessVideoData size:37521 dts:70.154 pts:70.279 dur:41.000ms, clock:61.987 level:99
2023-07-03 11:12:50.060 T:1243 debug : CVideoPlayer::ProcessVideoData size:14162 dts:70.195 pts:70.237 dur:41.000ms, clock:62.017 level:99
2023-07-03 11:12:50.136 T:1246 debug : CVideoPlayerVideo::OutputPicture - ttd:93ms pts:62.187 Clock:62.094 Level:5
2023-07-03 11:12:50.137 T:1246 debug : CVideoPlayerVideo::OutputPicture - ttd:134ms pts:62.229 Clock:62.095 Level:6
2023-07-03 11:12:50.141 T:1243 debug : CVideoPlayer::ProcessVideoData size:36697 dts:70.237 pts:70.404 dur:41.000ms, clock:62.099 level:99
2023-07-03 11:12:50.144 T:1246 debug : CVideoPlayerVideo::OutputPicture - ttd:174ms pts:62.271 Clock:62.096 Level:6
2023-07-03 11:12:50.151 T:1243 debug : CVideoPlayer::ProcessVideoData size:14327 dts:70.279 pts:70.362 dur:41.000ms, clock:62.109 level:99
2023-07-03 11:12:50.182 T:1243 debug : CVideoPlayer::ProcessVideoData size:15532 dts:70.320 pts:70.320 dur:41.000ms, clock:62.140 level:99
2023-07-03 11:12:50.262 T:1246 debug : CVideoPlayerVideo::OutputPicture - ttd:92ms pts:62.312 Clock:62.219 Level:5
2023-07-03 11:12:50.263 T:1246 debug : CVideoPlayerVideo::OutputPicture - ttd:133ms pts:62.354 Clock:62.220 Level:6
2023-07-03 11:12:50.263 T:1243 debug : CVideoPlayer::ProcessVideoData size:35152 dts:70.362 pts:70.529 dur:41.000ms, clock:62.221 level:99
2023-07-03 11:12:50.271 T:1246 debug : CVideoPlayerVideo::OutputPicture - ttd:174ms pts:62.396 Clock:62.222 Level:6
2023-07-03 11:12:50.274 T:1243 debug : CVideoPlayer::ProcessVideoData size:12737 dts:70.404 pts:70.487 dur:41.000ms, clock:62.231 level:99
2023-07-03 11:12:50.314 T:1243 debug : CVideoPlayer::ProcessVideoData size:15461 dts:70.445 pts:70.445 dur:41.000ms, clock:62.272 level:99
2023-07-03 11:12:50.390 T:1246 debug : CVideoPlayerVideo::OutputPicture - ttd:89ms pts:62.437 Clock:62.347 Level:5
2023-07-03 11:12:50.391 T:1246 debug : CVideoPlayerVideo::OutputPicture - ttd:130ms pts:62.479 Clock:62.348 Level:6
2023-07-03 11:12:50.395 T:1243 debug : CVideoPlayer::ProcessVideoData size:35250 dts:70.487 pts:70.654 dur:41.000ms, clock:62.353 level:99
2023-07-03 11:12:50.395 T:1246 debug : CVideoPlayerVideo::OutputPicture - ttd:171ms pts:62.521 Clock:62.349 Level:6
2023-07-03 11:12:50.436 T:1243 debug : CVideoPlayer::ProcessVideoData size:13622 dts:70.529 pts:70.612 dur:41.000ms, clock:62.393 level:99
2023-07-03 11:12:50.436 T:1243 debug : CVideoPlayer::ProcessVideoData size:15179 dts:70.571 pts:70.571 dur:41.000ms, clock:62.394 level:99
2023-07-03 11:12:50.517 T:1243 debug : CVideoPlayer::ProcessVideoData size:34027 dts:70.612 pts:70.779 dur:41.000ms, clock:62.475 level:99
2023-07-03 11:12:50.517 T:1243 debug : CVideoPlayer::ProcessVideoData size:12829 dts:70.654 pts:70.737 dur:41.000ms, clock:62.475 level:99
2023-07-03 11:12:50.554 T:1246 debug : CVideoPlayerVideo::OutputPicture - ttd:51ms pts:62.563 Clock:62.512 Level:0
2023-07-03 11:12:50.554 T:1172 debug : PushCecKeypress - received key d8 duration 0
2023-07-03 11:12:50.556 T:1246 debug : CVideoPlayerVideo::OutputPicture - ttd:90ms pts:62.604 Clock:62.513 Level:1
2023-07-03 11:12:50.557 T:1246 debug : CVideoPlayerVideo::OutputPicture - ttd:131ms pts:62.646 Clock:62.515 Level:2
2023-07-03 11:12:50.568 T:1243 debug : CVideoPlayer::ProcessVideoData size:15423 dts:70.696 pts:70.696 dur:41.000ms, clock:62.526 level:99
2023-07-03 11:12:50.570 T:1246 debug : CVideoPlayerVideo::OutputPicture - ttd:160ms pts:62.688 Clock:62.527 Level:2
2023-07-03 11:12:50.571 T:1246 debug : CVideoPlayerVideo::OutputPicture - ttd:200ms pts:62.729 Clock:62.528 Level:3
2023-07-03 11:12:50.572 T:1246 debug : CVideoPlayerVideo::OutputPicture - ttd:241ms pts:62.771 Clock:62.529 Level:4
2023-07-03 11:12:50.579 T:1243 debug : CVideoPlayer::ProcessVideoData size:34604 dts:70.737 pts:70.904 dur:41.000ms, clock:62.537 level:98
2023-07-03 11:12:50.580 T:1243 debug : CVideoPlayer::ProcessVideoData size:13065 dts:70.779 pts:70.863 dur:41.000ms, clock:62.537 level:99
2023-07-03 11:12:50.580 T:1243 debug : CVideoPlayer::ProcessVideoData size:15145 dts:70.821 pts:70.821 dur:41.000ms, clock:62.537 level:99
2023-07-03 11:12:50.595 T:1103 debug : HandleKey: menu (0xd8) pressed, window 10025, action is Back
2023-07-03 11:12:50.595 T:1103 debug : CGUIMediaWindow::GetDirectory (nfs://192.168.1.6/volume1/Musik/)
2023-07-03 11:12:50.595 T:1103 debug : ParentPath = [sources://videos/]
2023-07-03 11:12:50.595 T:1246 debug : CVideoPlayerVideo::OutputPicture - ttd:260ms pts:62.813 Clock:62.553 Level:5
2023-07-03 11:12:50.596 T:1269 debug : Thread waiting start, auto delete: false
2023-07-03 11:12:50.596 T:1246 debug : CVideoPlayerVideo::OutputPicture - ttd:300ms pts:62.855 Clock:62.554 Level:6
2023-07-03 11:12:50.599 T:1269 debug : Thread waiting 545552264960 terminating
2023-07-03 11:12:50.600 T:1243 debug : CVideoPlayer::ProcessVideoData size:33842 dts:70.863 pts:71.029 dur:41.000ms, clock:62.558 level:99
2023-07-03 11:12:50.605 T:1103 warning : CreateLoader - unsupported protocol(sources) in sources://videos/VIDEO_TS/VIDEO_TS.IFO
2023-07-03 11:12:50.605 T:1103 warning : CreateLoader - unsupported protocol(sources) in sources://videos/BDMV/index.bdmv
2023-07-03 11:12:50.605 T:1103 warning : CreateLoader - unsupported protocol(sources) in sources://videos/BDMV/INDEX.BDM
2023-07-03 11:12:50.624 T:1172 debug : PushCecKeypress - received key d8 duration 70
2023-07-03 11:12:50.725 T:1270 debug : Thread BackgroundLoader start, auto delete: false
2023-07-03 11:12:50.726 T:1103 debug : [threads] name: 'BackgroundLoader' priority: '1'
2023-07-03 11:12:50.726 T:1270 debug : connect replacing configured host 192.168.1.6 with resolved host 192.168.1.6
2023-07-03 11:12:50.745 T:1246 debug : CVideoPlayerVideo::OutputPicture - ttd:340ms pts:62.896 Clock:62.555 Level:6
2023-07-03 11:12:50.753 T:1243 debug : CVideoPlayer::ProcessVideoData size:13055 dts:70.904 pts:70.988 dur:41.000ms, clock:62.710 level:99
2023-07-03 11:12:50.753 T:1243 debug : CVideoPlayer::ProcessVideoData size:15332 dts:70.946 pts:70.946 dur:41.000ms, clock:62.711 level:99
2023-07-03 11:12:50.774 T:1172 debug : PushCecKeypress - received key d8 duration 0
2023-07-03 11:12:50.803 T:1103 debug : HandleKey: menu (0xd8) pressed, window 10025, action is Back
2023-07-03 11:12:50.805 T:1246 debug : CVideoPlayerVideo::OutputPicture - ttd:175ms pts:62.938 Clock:62.762 Level:6
2023-07-03 11:12:50.809 T:1270 debug : Thread BackgroundLoader 545518448384 terminating
2023-07-03 11:12:50.809 T:1103 debug : CGUIMediaWindow::GetDirectory (sources://videos/)
2023-07-03 11:12:50.809 T:1103 debug : ParentPath = []
2023-07-03 11:12:50.810 T:1272 debug : Thread waiting start, auto delete: false
2023-07-03 11:12:50.815 T:1243 debug : CVideoPlayer::ProcessVideoData size:52467 dts:70.988 pts:71.196 dur:41.000ms, clock:62.772 level:99
2023-07-03 11:12:50.844 T:1172 debug : PushCecKeypress - received key d8 duration 70
2023-07-03 11:12:50.889 T:1272 debug : Thread waiting 545518448384 terminating
2023-07-03 11:12:50.969 T:1273 debug : Thread BackgroundLoader start, auto delete: false
2023-07-03 11:12:50.969 T:1103 debug : [threads] name: 'BackgroundLoader' priority: '1'
2023-07-03 11:12:50.969 T:1273 debug : connect replacing configured host 192.168.1.6 with resolved host 192.168.1.6
2023-07-03 11:12:50.981 T:1273 debug : Thread BackgroundLoader 545518448384 terminating
2023-07-03 11:12:50.991 T:1246 debug : CVideoPlayerVideo::OutputPicture - ttd:216ms pts:62.980 Clock:62.763 Level:0
2023-07-03 11:12:50.992 T:1246 debug : CVideoPlayerVideo::OutputPicture - ttd:71ms pts:63.021 Clock:62.949 Level:1
2023-07-03 11:12:50.996 T:1243 debug : CVideoPlayer::ProcessVideoData size:16202 dts:71.029 pts:71.113 dur:41.000ms, clock:62.954 level:99
2023-07-03 11:12:50.997 T:1243 debug : CVideoPlayer::ProcessVideoData size:15703 dts:71.071 pts:71.071 dur:41.000ms, clock:62.954 level:99
2023-07-03 11:12:51.021 T:1246 debug : CVideoPlayerVideo::OutputPicture - ttd:84ms pts:63.063 Clock:62.978 Level:0
2023-07-03 11:12:51.022 T:1246 debug : CVideoPlayerVideo::OutputPicture - ttd:125ms pts:63.105 Clock:62.980 Level:1
2023-07-03 11:12:51.023 T:1246 debug : CVideoPlayerVideo::OutputPicture - ttd:165ms pts:63.147 Clock:62.981 Level:2
2023-07-03 11:12:51.027 T:1243 debug : CVideoPlayer::ProcessVideoData size:18199 dts:71.113 pts:71.155 dur:41.000ms, clock:62.985 level:99
2023-07-03 11:12:51.028 T:1243 debug : CVideoPlayer::ProcessVideoData size:37429 dts:71.155 pts:71.280 dur:41.000ms, clock:62.986 level:99
2023-07-03 11:12:51.038 T:1243 debug : CVideoPlayer::ProcessVideoData size:13874 dts:71.196 pts:71.238 dur:41.000ms, clock:62.996 level:99
2023-07-03 11:12:51.045 T:1246 debug : CVideoPlayerVideo::OutputPicture - ttd:185ms pts:63.188 Clock:63.003 Level:2
2023-07-03 11:12:51.047 T:1246 debug : CVideoPlayerVideo::OutputPicture - ttd:225ms pts:63.230 Clock:63.004 Level:3
2023-07-03 11:12:51.048 T:1246 debug : CVideoPlayerVideo::OutputPicture - ttd:266ms pts:63.272 Clock:63.005 Level:4
2023-07-03 11:12:51.050 T:1243 debug : CVideoPlayer::ProcessVideoData size:34945 dts:71.238 pts:71.405 dur:41.000ms, clock:63.007 level:99
2023-07-03 11:12:51.060 T:1243 debug : CVideoPlayer::ProcessVideoData size:12680 dts:71.280 pts:71.363 dur:41.000ms, clock:63.018 level:99
2023-07-03 11:12:51.061 T:1243 debug : CVideoPlayer::ProcessVideoData size:15470 dts:71.321 pts:71.321 dur:41.000ms, clock:63.018 level:99
2023-07-03 11:12:51.068 T:1246 debug : CVideoPlayerVideo::OutputPicture - ttd:286ms pts:63.313 Clock:63.026 Level:4
2023-07-03 11:12:51.070 T:1246 debug : CVideoPlayerVideo::OutputPicture - ttd:327ms pts:63.355 Clock:63.027 Level:5
2023-07-03 11:12:51.071 T:1246 debug : CVideoPlayerVideo::OutputPicture - ttd:368ms pts:63.397 Clock:63.028 Level:6
2023-07-03 11:12:51.071 T:1243 debug : CVideoPlayer::ProcessVideoData size:35285 dts:71.363 pts:71.530 dur:41.000ms, clock:63.029 level:99
2023-07-03 11:12:51.082 T:1243 debug : CVideoPlayer::ProcessVideoData size:13253 dts:71.405 pts:71.488 dur:41.000ms, clock:63.039 level:99
2023-07-03 11:12:51.087 T:1172 debug : PushCecKeypress - received key d8 duration 0
2023-07-03 11:12:51.097 T:1103 debug : HandleKey: menu (0xd8) pressed, window 10025, action is Back
2023-07-03 11:12:51.097 T:1103 debug : CGUIWindowManager::PreviousWindow: Deactivate
2023-07-03 11:12:51.102 T:1243 debug : CVideoPlayer::ProcessVideoData size:15055 dts:71.446 pts:71.446 dur:41.000ms, clock:63.060 level:99
2023-07-03 11:12:51.156 T:1172 debug : PushCecKeypress - received key d8 duration 70
2023-07-03 11:12:51.179 T:1246 debug : CVideoPlayerVideo::OutputPicture - ttd:301ms pts:63.438 Clock:63.137 Level:5
2023-07-03 11:12:51.181 T:1246 debug : CVideoPlayerVideo::OutputPicture - ttd:341ms pts:63.480 Clock:63.138 Level:6
2023-07-03 11:12:51.185 T:1246 debug : CVideoPlayerVideo::OutputPicture - ttd:382ms pts:63.522 Clock:63.139 Level:6
2023-07-03 11:12:51.224 T:1243 debug : CVideoPlayer::ProcessVideoData size:34814 dts:71.488 pts:71.655 dur:41.000ms, clock:63.182 level:98
2023-07-03 11:12:51.225 T:1243 debug : CVideoPlayer::ProcessVideoData size:12940 dts:71.530 pts:71.613 dur:41.000ms, clock:63.182 level:99
2023-07-03 11:12:51.225 T:1243 debug : CVideoPlayer::ProcessVideoData size:15501 dts:71.572 pts:71.572 dur:41.000ms, clock:63.182 level:99
2023-07-03 11:12:51.305 T:1246 debug : CVideoPlayerVideo::OutputPicture - ttd:301ms pts:63.564 Clock:63.262 Level:5
2023-07-03 11:12:51.306 T:1246 debug : CVideoPlayerVideo::OutputPicture - ttd:341ms pts:63.605 Clock:63.264 Level:6
2023-07-03 11:12:51.309 T:1246 debug : CVideoPlayerVideo::OutputPicture - ttd:382ms pts:63.647 Clock:63.265 Level:6
2023-07-03 11:12:51.316 T:1243 debug : CVideoPlayer::ProcessVideoData size:34864 dts:71.613 pts:71.780 dur:41.000ms, clock:63.273 level:99
2023-07-03 11:12:51.316 T:1243 debug : CVideoPlayer::ProcessVideoData size:13839 dts:71.655 pts:71.738 dur:41.000ms, clock:63.274 level:99
2023-07-03 11:12:51.356 T:1243 debug : CVideoPlayer::ProcessVideoData size:14915 dts:71.697 pts:71.697 dur:41.000ms, clock:63.314 level:99
2023-07-03 11:12:51.430 T:1246 debug : CVideoPlayerVideo::OutputPicture - ttd:301ms pts:63.689 Clock:63.387 Level:5
2023-07-03 11:12:51.431 T:1246 debug : CVideoPlayerVideo::OutputPicture - ttd:341ms pts:63.730 Clock:63.388 Level:6
2023-07-03 11:12:51.436 T:1246 debug : CVideoPlayerVideo::OutputPicture - ttd:382ms pts:63.772 Clock:63.390 Level:6
2023-07-03 11:12:51.478 T:1243 debug : CVideoPlayer::ProcessVideoData size:33923 dts:71.738 pts:71.905 dur:41.000ms, clock:63.436 level:98
2023-07-03 11:12:51.478 T:1243 debug : CVideoPlayer::ProcessVideoData size:14179 dts:71.780 pts:71.864 dur:41.000ms, clock:63.436 level:99
2023-07-03 11:12:51.479 T:1243 debug : CVideoPlayer::ProcessVideoData size:15370 dts:71.822 pts:71.822 dur:41.000ms, clock:63.436 level:99
2023-07-03 11:12:51.555 T:1246 debug : CVideoPlayerVideo::OutputPicture - ttd:301ms pts:63.814 Clock:63.512 Level:5
2023-07-03 11:12:51.556 T:1246 debug : CVideoPlayerVideo::OutputPicture - ttd:342ms pts:63.856 Clock:63.514 Level:6
2023-07-03 11:12:51.561 T:1246 debug : CVideoPlayerVideo::OutputPicture - ttd:382ms pts:63.897 Clock:63.515 Level:6
2023-07-03 11:12:51.570 T:1243 debug : CVideoPlayer::ProcessVideoData size:33803 dts:71.864 pts:72.030 dur:41.000ms, clock:63.527 level:99
2023-07-03 11:12:51.570 T:1243 debug : CVideoPlayer::ProcessVideoData size:14306 dts:71.905 pts:71.989 dur:41.000ms, clock:63.527 level:99
2023-07-03 11:12:51.600 T:1243 debug : CVideoPlayer::ProcessVideoData size:15209 dts:71.947 pts:71.947 dur:41.000ms, clock:63.558 level:99
2023-07-03 11:12:51.680 T:1246 debug : CVideoPlayerVideo::OutputPicture - ttd:301ms pts:63.939 Clock:63.637 Level:5
2023-07-03 11:12:51.681 T:1246 debug : CVideoPlayerVideo::OutputPicture - ttd:342ms pts:63.981 Clock:63.639 Level:6
2023-07-03 11:12:51.685 T:1246 debug : CVideoPlayerVideo::OutputPicture - ttd:381ms pts:64.022 Clock:63.640 Level:6
2023-07-03 11:12:51.742 T:1243 debug : CVideoPlayer::ProcessVideoData size:52317 dts:71.989 pts:72.197 dur:41.000ms, clock:63.700 level:98
2023-07-03 11:12:51.742 T:1243 debug : CVideoPlayer::ProcessVideoData size:16101 dts:72.030 pts:72.114 dur:41.000ms, clock:63.700 level:99
2023-07-03 11:12:51.742 T:1243 debug : CVideoPlayer::ProcessVideoData size:15785 dts:72.072 pts:72.072 dur:41.000ms, clock:63.700 level:99
2023-07-03 11:12:51.761 T:1103 debug : ------ Window Deinit (MyVideoNav.xml) ------
2023-07-03 11:12:51.765 T:1103 debug : FreeVisualisation() done
2023-07-03 11:12:51.770 T:1103 debug : CGUIWindowManager::PreviousWindow: Activate new
2023-07-03 11:12:51.771 T:1103 debug : ------ Window Init (Home.xml) ------
2023-07-03 11:12:51.773 T:1243 debug : CVideoPlayer::ProcessVideoData size:18067 dts:72.114 pts:72.156 dur:41.000ms, clock:63.730 level:99
2023-07-03 11:12:51.776 T:1275 debug : Thread LanguageInvoker start, auto delete: false
2023-07-03 11:12:51.776 T:1275 debug : initializing python engine.
2023-07-03 11:12:51.776 T:1103 debug : [threads] name: 'LanguageInvoker' priority: '1'
2023-07-03 11:12:51.776 T:1263 debug : CRecentlyAddedJob::UpdateMusic() - Running RecentlyAdded home screen update
2023-07-03 11:12:51.776 T:1263 debug : connect replacing configured host 192.168.1.6 with resolved host 192.168.1.6
2023-07-03 11:12:51.777 T:1275 debug : CPythonInvoker(22, /storage/.kodi/addons/script.skinshortcuts/resources/lib/entry_point.py): start processing
2023-07-03 11:12:51.783 T:1263 debug : connect replacing configured host 192.168.1.6 with resolved host 192.168.1.6
2023-07-03 11:12:51.788 T:1263 debug : GetRecentlyAddedAlbumSongs() query: SELECT songview.*, songartistview.* FROM (SELECT idAlbum, dateAdded FROM album ORDER BY dateAdded DESC LIMIT 10) AS recentalbums JOIN songview ON songview.idAlbum = recentalbums.idAlbum JOIN songartistview ON songview.idSong = songartistview.idSong ORDER BY recentalbums.dateAdded DESC, songview.idAlbum DESC, songview.idSong, songartistview.idRole, songartistview.iOrder
2023-07-03 11:12:51.808 T:1246 debug : CVideoPlayerVideo::OutputPicture - ttd:298ms pts:64.064 Clock:63.765 Level:5
2023-07-03 11:12:51.809 T:1246 debug : CVideoPlayerVideo::OutputPicture - ttd:339ms pts:64.106 Clock:63.767 Level:6
2023-07-03 11:12:51.824 T:1275 debug : -->Python Interpreter Initialized<--
