2023-07-03 11:12:29.597 T:1243 debug : CVideoPlayer::ProcessVideoData size:13928 dts:49.883 pts:49.967 dur:41.000ms, clock:41.554 level:98
2023-07-03 11:12:29.597 T:1243 debug : CVideoPlayer::ProcessVideoData size:15031 dts:49.925 pts:49.925 dur:41.000ms, clock:41.554 level:99
2023-07-03 11:12:29.611 T:1246 debug : CVideoPlayerVideo::OutputPicture - ttd:465ms pts:42.000 Clock:41.534 Level:6
2023-07-03 11:12:29.678 T:1243 debug : CVideoPlayer::ProcessVideoData size:51392 dts:49.967 pts:50.175 dur:41.000ms, clock:41.635 level:97
2023-07-03 11:12:29.678 T:1243 debug : CVideoPlayer::ProcessVideoData size:16576 dts:50.008 pts:50.092 dur:41.000ms, clock:41.636 level:98
2023-07-03 11:12:29.678 T:1243 debug : CVideoPlayer::ProcessVideoData size:15548 dts:50.050 pts:50.050 dur:41.000ms, clock:41.636 level:99
2023-07-03 11:12:29.678 T:1243 debug : CVideoPlayer::ProcessVideoData size:17734 dts:50.092 pts:50.133 dur:41.000ms, clock:41.636 level:99
2023-07-03 11:12:29.700 T:1246 debug : CVideoPlayerVideo::OutputPicture - ttd:384ms pts:42.042 Clock:41.657 Level:5
2023-07-03 11:12:29.701 T:1246 debug : CVideoPlayerVideo::OutputPicture - ttd:425ms pts:42.084 Clock:41.659 Level:6
2023-07-03 11:12:29.741 T:1246 debug : CVideoPlayerVideo::OutputPicture - ttd:426ms pts:42.125 Clock:41.698 Level:6
2023-07-03 11:12:29.769 T:1243 debug : CVideoPlayer::ProcessVideoData size:36854 dts:50.133 pts:50.259 dur:41.000ms, clock:41.727 level:99
2023-07-03 11:12:29.777 T:1246 debug : CVideoPlayerVideo::OutputPicture - ttd:467ms pts:42.167 Clock:41.699 Level:6
2023-07-03 11:12:29.780 T:1243 debug : CVideoPlayer::ProcessVideoData size:14143 dts:50.175 pts:50.217 dur:41.000ms, clock:41.737 level:99
2023-07-03 11:12:29.825 T:1246 debug : CVideoPlayerVideo::OutputPicture - ttd:426ms pts:42.209 Clock:41.783 Level:6
2023-07-03 11:12:29.861 T:1246 debug : CVideoPlayerVideo::OutputPicture - ttd:467ms pts:42.251 Clock:41.784 Level:6
2023-07-03 11:12:29.932 T:1243 debug : CVideoPlayer::ProcessVideoData size:34621 dts:50.217 pts:50.384 dur:41.000ms, clock:41.889 level:98
2023-07-03 11:12:29.932 T:1243 debug : CVideoPlayer::ProcessVideoData size:14210 dts:50.259 pts:50.342 dur:41.000ms, clock:41.889 level:99
2023-07-03 11:12:29.932 T:1243 debug : CVideoPlayer::ProcessVideoData size:15189 dts:50.300 pts:50.300 dur:41.000ms, clock:41.890 level:99
2023-07-03 11:12:29.992 T:1246 debug : CVideoPlayerVideo::OutputPicture - ttd:342ms pts:42.292 Clock:41.949 Level:4
2023-07-03 11:12:29.993 T:1246 debug : CVideoPlayerVideo::OutputPicture - ttd:383ms pts:42.334 Clock:41.951 Level:5
2023-07-03 11:12:29.994 T:1246 debug : CVideoPlayerVideo::OutputPicture - ttd:423ms pts:42.376 Clock:41.952 Level:6
2023-07-03 11:12:30.024 T:1243 debug : CVideoPlayer::ProcessVideoData size:35083 dts:50.342 pts:50.509 dur:41.000ms, clock:41.981 level:99
2023-07-03 11:12:30.024 T:1243 debug : CVideoPlayer::ProcessVideoData size:14032 dts:50.384 pts:50.467 dur:41.000ms, clock:41.981 level:99
2023-07-03 11:12:30.044 T:1243 debug : CVideoPlayer::ProcessVideoData size:15215 dts:50.425 pts:50.425 dur:41.000ms, clock:42.002 level:99
2023-07-03 11:12:30.116 T:1246 debug : CVideoPlayerVideo::OutputPicture - ttd:343ms pts:42.417 Clock:42.074 Level:4
2023-07-03 11:12:30.118 T:1246 debug : CVideoPlayerVideo::OutputPicture - ttd:383ms pts:42.459 Clock:42.075 Level:5
2023-07-03 11:12:30.119 T:1246 debug : CVideoPlayerVideo::OutputPicture - ttd:424ms pts:42.501 Clock:42.076 Level:6
2023-07-03 11:12:30.196 T:1243 debug : CVideoPlayer::ProcessVideoData size:33697 dts:50.467 pts:50.634 dur:41.000ms, clock:42.154 level:98
2023-07-03 11:12:30.197 T:1243 debug : CVideoPlayer::ProcessVideoData size:12918 dts:50.509 pts:50.592 dur:41.000ms, clock:42.155 level:99
2023-07-03 11:12:30.197 T:1243 debug : CVideoPlayer::ProcessVideoData size:15339 dts:50.551 pts:50.551 dur:41.000ms, clock:42.155 level:99
2023-07-03 11:12:30.242 T:1246 debug : CVideoPlayerVideo::OutputPicture - ttd:343ms pts:42.543 Clock:42.200 Level:4
2023-07-03 11:12:30.243 T:1246 debug : CVideoPlayerVideo::OutputPicture - ttd:383ms pts:42.584 Clock:42.201 Level:5
2023-07-03 11:12:30.244 T:1246 debug : CVideoPlayerVideo::OutputPicture - ttd:424ms pts:42.626 Clock:42.202 Level:6
2023-07-03 11:12:30.279 T:1243 debug : CVideoPlayer::ProcessVideoData size:33603 dts:50.592 pts:50.759 dur:41.000ms, clock:42.236 level:99
2023-07-03 11:12:30.279 T:1243 debug : CVideoPlayer::ProcessVideoData size:13816 dts:50.634 pts:50.717 dur:41.000ms, clock:42.237 level:99
2023-07-03 11:12:30.289 T:1243 debug : CVideoPlayer::ProcessVideoData size:15284 dts:50.676 pts:50.676 dur:41.000ms, clock:42.247 level:99
2023-07-03 11:12:30.367 T:1246 debug : CVideoPlayerVideo::OutputPicture - ttd:343ms pts:42.668 Clock:42.325 Level:4
2023-07-03 11:12:30.368 T:1246 debug : CVideoPlayerVideo::OutputPicture - ttd:383ms pts:42.709 Clock:42.326 Level:5
2023-07-03 11:12:30.370 T:1246 debug : CVideoPlayerVideo::OutputPicture - ttd:423ms pts:42.751 Clock:42.327 Level:6
2023-07-03 11:12:30.451 T:1243 debug : CVideoPlayer::ProcessVideoData size:33941 dts:50.717 pts:50.884 dur:41.000ms, clock:42.409 level:98
2023-07-03 11:12:30.452 T:1243 debug : CVideoPlayer::ProcessVideoData size:13261 dts:50.759 pts:50.843 dur:41.000ms, clock:42.409 level:99
2023-07-03 11:12:30.452 T:1243 debug : CVideoPlayer::ProcessVideoData size:15260 dts:50.801 pts:50.801 dur:41.000ms, clock:42.409 level:99
2023-07-03 11:12:30.493 T:1246 debug : CVideoPlayerVideo::OutputPicture - ttd:342ms pts:42.793 Clock:42.450 Level:4
2023-07-03 11:12:30.494 T:1246 debug : CVideoPlayerVideo::OutputPicture - ttd:383ms pts:42.835 Clock:42.451 Level:5
2023-07-03 11:12:30.495 T:1246 debug : CVideoPlayerVideo::OutputPicture - ttd:423ms pts:42.876 Clock:42.453 Level:6
2023-07-03 11:12:30.533 T:1243 debug : CVideoPlayer::ProcessVideoData size:33024 dts:50.843 pts:51.009 dur:41.000ms, clock:42.490 level:99
2023-07-03 11:12:30.533 T:1243 debug : CVideoPlayer::ProcessVideoData size:13633 dts:50.884 pts:50.968 dur:41.000ms, clock:42.491 level:99
2023-07-03 11:12:30.544 T:1243 debug : CVideoPlayer::ProcessVideoData size:15227 dts:50.926 pts:50.926 dur:41.000ms, clock:42.501 level:99
2023-07-03 11:12:30.576 T:1246 debug : CVideoPlayerVideo::OutputPicture - ttd:384ms pts:42.918 Clock:42.534 Level:5
2023-07-03 11:12:30.577 T:1246 debug : CVideoPlayerVideo::OutputPicture - ttd:425ms pts:42.960 Clock:42.535 Level:6
2023-07-03 11:12:30.612 T:1246 debug : CVideoPlayerVideo::OutputPicture - ttd:465ms pts:43.001 Clock:42.536 Level:6
2023-07-03 11:12:30.700 T:1246 debug : CVideoPlayerVideo::OutputPicture - ttd:385ms pts:43.043 Clock:42.658 Level:5
2023-07-03 11:12:30.701 T:1246 debug : CVideoPlayerVideo::OutputPicture - ttd:426ms pts:43.085 Clock:42.659 Level:6
2023-07-03 11:12:30.706 T:1243 debug : CVideoPlayer::ProcessVideoData size:51242 dts:50.968 pts:51.176 dur:41.000ms, clock:42.664 level:97
2023-07-03 11:12:30.706 T:1243 debug : CVideoPlayer::ProcessVideoData size:16445 dts:51.009 pts:51.093 dur:41.000ms, clock:42.664 level:98
2023-07-03 11:12:30.706 T:1243 debug : CVideoPlayer::ProcessVideoData size:15121 dts:51.051 pts:51.051 dur:41.000ms, clock:42.664 level:99
2023-07-03 11:12:30.706 T:1243 debug : CVideoPlayer::ProcessVideoData size:17528 dts:51.093 pts:51.134 dur:41.000ms, clock:42.664 level:99
2023-07-03 11:12:30.742 T:1246 debug : CVideoPlayerVideo::OutputPicture - ttd:426ms pts:43.126 Clock:42.699 Level:6
2023-07-03 11:12:30.782 T:1246 debug : CVideoPlayerVideo::OutputPicture - ttd:467ms pts:43.168 Clock:42.701 Level:6
2023-07-03 11:12:30.787 T:1243 debug : CVideoPlayer::ProcessVideoData size:37004 dts:51.134 pts:51.260 dur:41.000ms, clock:42.745 level:98
2023-07-03 11:12:30.788 T:1243 debug : CVideoPlayer::ProcessVideoData size:14140 dts:51.176 pts:51.218 dur:41.000ms, clock:42.745 level:99
2023-07-03 11:12:30.868 T:1246 debug : CVideoPlayerVideo::OutputPicture - ttd:384ms pts:43.210 Clock:42.826 Level:5
2023-07-03 11:12:30.870 T:1246 debug : CVideoPlayerVideo::OutputPicture - ttd:424ms pts:43.252 Clock:42.827 Level:6
2023-07-03 11:12:30.951 T:1246 debug : CVideoPlayerVideo::OutputPicture - ttd:384ms pts:43.293 Clock:42.908 Level:5
2023-07-03 11:12:30.952 T:1246 debug : CVideoPlayerVideo::OutputPicture - ttd:425ms pts:43.335 Clock:42.910 Level:6
2023-07-03 11:12:30.960 T:1243 debug : CVideoPlayer::ProcessVideoData size:34969 dts:51.218 pts:51.385 dur:41.000ms, clock:42.917 level:97
2023-07-03 11:12:30.960 T:1243 debug : CVideoPlayer::ProcessVideoData size:14184 dts:51.260 pts:51.343 dur:41.000ms, clock:42.917 level:98
2023-07-03 11:12:30.960 T:1243 debug : CVideoPlayer::ProcessVideoData size:15222 dts:51.301 pts:51.301 dur:41.000ms, clock:42.917 level:99
2023-07-03 11:12:31.041 T:1243 debug : CVideoPlayer::ProcessVideoData size:34363 dts:51.343 pts:51.510 dur:41.000ms, clock:42.998 level:99
2023-07-03 11:12:31.041 T:1243 debug : CVideoPlayer::ProcessVideoData size:13679 dts:51.385 pts:51.468 dur:41.000ms, clock:42.999 level:99
2023-07-03 11:12:31.076 T:1246 debug : CVideoPlayerVideo::OutputPicture - ttd:343ms pts:43.377 Clock:43.033 Level:4
2023-07-03 11:12:31.077 T:1246 debug : CVideoPlayerVideo::OutputPicture - ttd:383ms pts:43.418 Clock:43.035 Level:5
2023-07-03 11:12:31.078 T:1246 debug : CVideoPlayerVideo::OutputPicture - ttd:424ms pts:43.460 Clock:43.036 Level:6
2023-07-03 11:12:31.082 T:1243 debug : CVideoPlayer::ProcessVideoData size:15321 dts:51.426 pts:51.426 dur:41.000ms, clock:43.039 level:99
2023-07-03 11:12:31.159 T:1246 debug : CVideoPlayerVideo::OutputPicture - ttd:385ms pts:43.502 Clock:43.116 Level:5
2023-07-03 11:12:31.160 T:1246 debug : CVideoPlayerVideo::OutputPicture - ttd:426ms pts:43.544 Clock:43.118 Level:6
2023-07-03 11:12:31.213 T:1243 debug : CVideoPlayer::ProcessVideoData size:34249 dts:51.468 pts:51.635 dur:41.000ms, clock:43.171 level:97
2023-07-03 11:12:31.214 T:1243 debug : CVideoPlayer::ProcessVideoData size:12802 dts:51.510 pts:51.593 dur:41.000ms, clock:43.171 level:98
2023-07-03 11:12:31.214 T:1243 debug : CVideoPlayer::ProcessVideoData size:15107 dts:51.552 pts:51.552 dur:41.000ms, clock:43.171 level:99
2023-07-03 11:12:31.243 T:1246 debug : CVideoPlayerVideo::OutputPicture - ttd:384ms pts:43.585 Clock:43.201 Level:5
2023-07-03 11:12:31.244 T:1246 debug : CVideoPlayerVideo::OutputPicture - ttd:425ms pts:43.627 Clock:43.202 Level:6
2023-07-03 11:12:31.279 T:1246 debug : CVideoPlayerVideo::OutputPicture - ttd:466ms pts:43.669 Clock:43.203 Level:6
2023-07-03 11:12:31.305 T:1243 debug : CVideoPlayer::ProcessVideoData size:34019 dts:51.593 pts:51.760 dur:41.000ms, clock:43.262 level:97
2023-07-03 11:12:31.305 T:1243 debug : CVideoPlayer::ProcessVideoData size:13554 dts:51.635 pts:51.718 dur:41.000ms, clock:43.263 level:98
2023-07-03 11:12:31.305 T:1243 debug : CVideoPlayer::ProcessVideoData size:15440 dts:51.677 pts:51.677 dur:41.000ms, clock:43.263 level:99
2023-07-03 11:12:31.368 T:1246 debug : CVideoPlayerVideo::OutputPicture - ttd:384ms pts:43.710 Clock:43.325 Level:5
2023-07-03 11:12:31.369 T:1246 debug : CVideoPlayerVideo::OutputPicture - ttd:425ms pts:43.752 Clock:43.326 Level:6
2023-07-03 11:12:31.409 T:1246 debug : CVideoPlayerVideo::OutputPicture - ttd:466ms pts:43.794 Clock:43.328 Level:6
2023-07-03 11:12:31.467 T:1243 debug : CVideoPlayer::ProcessVideoData size:34389 dts:51.718 pts:51.885 dur:41.000ms, clock:43.425 level:97
2023-07-03 11:12:31.467 T:1243 debug : CVideoPlayer::ProcessVideoData size:13762 dts:51.760 pts:51.844 dur:41.000ms, clock:43.425 level:98
2023-07-03 11:12:31.468 T:1243 debug : CVideoPlayer::ProcessVideoData size:15465 dts:51.802 pts:51.802 dur:41.000ms, clock:43.425 level:99
2023-07-03 11:12:31.536 T:1246 debug : CVideoPlayerVideo::OutputPicture - ttd:342ms pts:43.836 Clock:43.493 Level:4
2023-07-03 11:12:31.537 T:1246 debug : CVideoPlayerVideo::OutputPicture - ttd:382ms pts:43.877 Clock:43.494 Level:5
2023-07-03 11:12:31.538 T:1246 debug : CVideoPlayerVideo::OutputPicture - ttd:423ms pts:43.919 Clock:43.495 Level:6
2023-07-03 11:12:31.559 T:1243 debug : CVideoPlayer::ProcessVideoData size:33394 dts:51.844 pts:52.010 dur:41.000ms, clock:43.516 level:98
2023-07-03 11:12:31.559 T:1243 debug : CVideoPlayer::ProcessVideoData size:13516 dts:51.885 pts:51.969 dur:41.000ms, clock:43.517 level:99
2023-07-03 11:12:31.559 T:1243 debug : CVideoPlayer::ProcessVideoData size:15197 dts:51.927 pts:51.927 dur:41.000ms, clock:43.517 level:99
2023-07-03 11:12:31.640 T:1243 debug : CVideoPlayer::ProcessVideoData size:19552 dts:51.969 pts:52.094 dur:41.000ms, clock:43.598 level:99
2023-07-03 11:12:31.641 T:1243 debug : CVideoPlayer::ProcessVideoData size:15127 dts:52.010 pts:52.052 dur:41.000ms, clock:43.598 level:99
2023-07-03 11:12:31.660 T:1246 debug : CVideoPlayerVideo::OutputPicture - ttd:343ms pts:43.961 Clock:43.618 Level:4
2023-07-03 11:12:31.661 T:1246 debug : CVideoPlayerVideo::OutputPicture - ttd:383ms pts:44.002 Clock:43.619 Level:5
2023-07-03 11:12:31.668 T:1246 debug : CVideoPlayerVideo::OutputPicture - ttd:418ms pts:44.044 Clock:43.626 Level:6
2023-07-03 11:12:31.673 T:1243 debug : CVideoPlayer::ProcessVideoData size:429407 dts:52.052 pts:52.135 dur:41.000ms, clock:43.631 level:99
2023-07-03 11:12:31.697 T:1246 debug : CVideoPlayerVideo::OutputPicture - ttd:459ms pts:44.086 Clock:43.627 Level:6
2023-07-03 11:12:31.785 T:1246 debug : CVideoPlayerVideo::OutputPicture - ttd:384ms pts:44.127 Clock:43.742 Level:5
2023-07-03 11:12:31.786 T:1246 debug : CVideoPlayerVideo::OutputPicture - ttd:425ms pts:44.169 Clock:43.744 Level:6
2023-07-03 11:12:31.815 T:1243 debug : CVideoPlayer::ProcessVideoData size:36342 dts:52.094 pts:52.261 dur:41.000ms, clock:43.773 level:98
2023-07-03 11:12:31.816 T:1243 debug : CVideoPlayer::ProcessVideoData size:13179 dts:52.135 pts:52.219 dur:41.000ms, clock:43.773 level:99
2023-07-03 11:12:31.816 T:1243 debug : CVideoPlayer::ProcessVideoData size:15815 dts:52.177 pts:52.177 dur:41.000ms, clock:43.773 level:99
2023-07-03 11:12:31.868 T:1246 debug : CVideoPlayerVideo::OutputPicture - ttd:385ms pts:44.211 Clock:43.826 Level:5
2023-07-03 11:12:31.870 T:1246 debug : CVideoPlayerVideo::OutputPicture - ttd:425ms pts:44.253 Clock:43.827 Level:6
2023-07-03 11:12:31.897 T:1243 debug : CVideoPlayer::ProcessVideoData size:36063 dts:52.219 pts:52.386 dur:41.000ms, clock:43.855 level:99
2023-07-03 11:12:31.897 T:1243 debug : CVideoPlayer::ProcessVideoData size:13779 dts:52.261 pts:52.344 dur:41.000ms, clock:43.855 level:99
2023-07-03 11:12:31.918 T:1243 debug : CVideoPlayer::ProcessVideoData size:15480 dts:52.302 pts:52.302 dur:41.000ms, clock:43.875 level:99
2023-07-03 11:12:31.994 T:1246 debug : CVideoPlayerVideo::OutputPicture - ttd:342ms pts:44.294 Clock:43.952 Level:4
2023-07-03 11:12:31.995 T:1246 debug : CVideoPlayerVideo::OutputPicture - ttd:383ms pts:44.336 Clock:43.953 Level:5
2023-07-03 11:12:31.996 T:1246 debug : CVideoPlayerVideo::OutputPicture - ttd:424ms pts:44.378 Clock:43.954 Level:6
2023-07-03 11:12:32.070 T:1243 debug : CVideoPlayer::ProcessVideoData size:36014 dts:52.344 pts:52.511 dur:41.000ms, clock:44.028 level:98
2023-07-03 11:12:32.071 T:1243 debug : CVideoPlayer::ProcessVideoData size:13524 dts:52.386 pts:52.469 dur:41.000ms, clock:44.028 level:99
2023-07-03 11:12:32.071 T:1243 debug : CVideoPlayer::ProcessVideoData size:15419 dts:52.427 pts:52.427 dur:41.000ms, clock:44.028 level:99
2023-07-03 11:12:32.119 T:1246 debug : CVideoPlayerVideo::OutputPicture - ttd:342ms pts:44.419 Clock:44.077 Level:4
2023-07-03 11:12:32.120 T:1246 debug : CVideoPlayerVideo::OutputPicture - ttd:383ms pts:44.461 Clock:44.078 Level:5
2023-07-03 11:12:32.121 T:1246 debug : CVideoPlayerVideo::OutputPicture - ttd:424ms pts:44.503 Clock:44.079 Level:6
2023-07-03 11:12:32.152 T:1243 debug : CVideoPlayer::ProcessVideoData size:35116 dts:52.469 pts:52.636 dur:41.000ms, clock:44.110 level:99
2023-07-03 11:12:32.161 T:1246 debug : CVideoPlayerVideo::OutputPicture - ttd:426ms pts:44.545 Clock:44.119 Level:6
2023-07-03 11:12:32.162 T:1243 debug : CVideoPlayer::ProcessVideoData size:12669 dts:52.511 pts:52.594 dur:41.000ms, clock:44.120 level:99
2023-07-03 11:12:32.173 T:1243 debug : CVideoPlayer::ProcessVideoData size:15069 dts:52.553 pts:52.553 dur:41.000ms, clock:44.130 level:99
2023-07-03 11:12:32.286 T:1246 debug : CVideoPlayerVideo::OutputPicture - ttd:342ms pts:44.586 Clock:44.244 Level:4
2023-07-03 11:12:32.287 T:1246 debug : CVideoPlayerVideo::OutputPicture - ttd:383ms pts:44.628 Clock:44.245 Level:5
2023-07-03 11:12:32.325 T:1243 debug : CVideoPlayer::ProcessVideoData size:35181 dts:52.594 pts:52.761 dur:41.000ms, clock:44.283 level:99
2023-07-03 11:12:32.326 T:1243 debug : CVideoPlayer::ProcessVideoData size:13718 dts:52.636 pts:52.719 dur:41.000ms, clock:44.283 level:99
2023-07-03 11:12:32.327 T:1246 debug : CVideoPlayerVideo::OutputPicture - ttd:385ms pts:44.670 Clock:44.285 Level:5
2023-07-03 11:12:32.329 T:1246 debug : CVideoPlayerVideo::OutputPicture - ttd:424ms pts:44.711 Clock:44.286 Level:6
2023-07-03 11:12:32.336 T:1243 debug : CVideoPlayer::ProcessVideoData size:15747 dts:52.678 pts:52.678 dur:41.000ms, clock:44.294 level:99
2023-07-03 11:12:32.408 T:1243 debug : CVideoPlayer::ProcessVideoData size:35991 dts:52.719 pts:52.886 dur:41.000ms, clock:44.365 level:98
2023-07-03 11:12:32.408 T:1243 debug : CVideoPlayer::ProcessVideoData size:14120 dts:52.761 pts:52.845 dur:41.000ms, clock:44.365 level:99
2023-07-03 11:12:32.408 T:1243 debug : CVideoPlayer::ProcessVideoData size:15654 dts:52.803 pts:52.803 dur:41.000ms, clock:44.366 level:99
2023-07-03 11:12:32.411 T:1246 debug : CVideoPlayerVideo::OutputPicture - ttd:384ms pts:44.753 Clock:44.369 Level:5
2023-07-03 11:12:32.413 T:1246 debug : CVideoPlayerVideo::OutputPicture - ttd:424ms pts:44.795 Clock:44.370 Level:6
2023-07-03 11:12:32.452 T:1246 debug : CVideoPlayerVideo::OutputPicture - ttd:427ms pts:44.837 Clock:44.410 Level:6
2023-07-03 11:12:32.489 T:1246 debug : CVideoPlayerVideo::OutputPicture - ttd:466ms pts:44.878 Clock:44.411 Level:6
2023-07-03 11:12:32.580 T:1243 debug : CVideoPlayer::ProcessVideoData size:34174 dts:52.845 pts:53.011 dur:41.000ms, clock:44.538 level:98
2023-07-03 11:12:32.581 T:1243 debug : CVideoPlayer::ProcessVideoData size:13918 dts:52.886 pts:52.970 dur:41.000ms, clock:44.538 level:99
2023-07-03 11:12:32.581 T:1243 debug : CVideoPlayer::ProcessVideoData size:15106 dts:52.928 pts:52.928 dur:41.000ms, clock:44.538 level:99
2023-07-03 11:12:32.619 T:1246 debug : CVideoPlayerVideo::OutputPicture - ttd:342ms pts:44.920 Clock:44.577 Level:4
2023-07-03 11:12:32.621 T:1246 debug : CVideoPlayerVideo::OutputPicture - ttd:383ms pts:44.962 Clock:44.578 Level:5
2023-07-03 11:12:32.622 T:1246 debug : CVideoPlayerVideo::OutputPicture - ttd:423ms pts:45.003 Clock:44.580 Level:6
2023-07-03 11:12:32.703 T:1246 debug : CVideoPlayerVideo::OutputPicture - ttd:384ms pts:45.045 Clock:44.661 Level:5
2023-07-03 11:12:32.704 T:1246 debug : CVideoPlayerVideo::OutputPicture - ttd:425ms pts:45.087 Clock:44.662 Level:6
2023-07-03 11:12:32.741 T:1246 debug : CVideoPlayerVideo::OutputPicture - ttd:465ms pts:45.128 Clock:44.663 Level:6
2023-07-03 11:12:32.753 T:1243 debug : CVideoPlayer::ProcessVideoData size:58894 dts:52.970 pts:53.178 dur:41.000ms, clock:44.710 level:96
2023-07-03 11:12:32.753 T:1243 debug : CVideoPlayer::ProcessVideoData size:16430 dts:53.011 pts:53.095 dur:41.000ms, clock:44.711 level:97
2023-07-03 11:12:32.753 T:1243 debug : CVideoPlayer::ProcessVideoData size:15646 dts:53.053 pts:53.053 dur:41.000ms, clock:44.711 level:97
2023-07-03 11:12:32.753 T:1243 debug : CVideoPlayer::ProcessVideoData size:18626 dts:53.095 pts:53.136 dur:41.000ms, clock:44.711 level:98
2023-07-03 11:12:32.834 T:1243 debug : CVideoPlayer::ProcessVideoData size:39174 dts:53.136 pts:53.262 dur:41.000ms, clock:44.792 level:99
2023-07-03 11:12:32.835 T:1243 debug : CVideoPlayer::ProcessVideoData size:14001 dts:53.178 pts:53.220 dur:41.000ms, clock:44.792 level:99
2023-07-03 11:12:32.869 T:1246 debug : CVideoPlayerVideo::OutputPicture - ttd:343ms pts:45.170 Clock:44.827 Level:4
2023-07-03 11:12:32.871 T:1246 debug : CVideoPlayerVideo::OutputPicture - ttd:383ms pts:45.212 Clock:44.828 Level:5
2023-07-03 11:12:32.872 T:1246 debug : CVideoPlayerVideo::OutputPicture - ttd:424ms pts:45.254 Clock:44.829 Level:6
2023-07-03 11:12:32.926 T:1243 debug : CVideoPlayer::ProcessVideoData size:36192 dts:53.220 pts:53.387 dur:41.000ms, clock:44.884 level:98
2023-07-03 11:12:32.926 T:1243 debug : CVideoPlayer::ProcessVideoData size:14021 dts:53.262 pts:53.345 dur:41.000ms, clock:44.884 level:99
2023-07-03 11:12:32.926 T:1243 debug : CVideoPlayer::ProcessVideoData size:15468 dts:53.303 pts:53.303 dur:41.000ms, clock:44.884 level:99
2023-07-03 11:12:32.953 T:1246 debug : CVideoPlayerVideo::OutputPicture - ttd:384ms pts:45.295 Clock:44.911 Level:5
2023-07-03 11:12:32.955 T:1246 debug : CVideoPlayerVideo::OutputPicture - ttd:424ms pts:45.337 Clock:44.912 Level:6
2023-07-03 11:12:32.989 T:1246 debug : CVideoPlayerVideo::OutputPicture - ttd:465ms pts:45.379 Clock:44.913 Level:6
2023-07-03 11:12:33.048 T:1243 debug : CVideoPlayer::ProcessVideoData size:35495 dts:53.345 pts:53.512 dur:41.000ms, clock:45.005 level:98
2023-07-03 11:12:33.048 T:1243 debug : CVideoPlayer::ProcessVideoData size:13723 dts:53.387 pts:53.470 dur:41.000ms, clock:45.006 level:99
2023-07-03 11:12:33.048 T:1243 debug : CVideoPlayer::ProcessVideoData size:15174 dts:53.428 pts:53.428 dur:41.000ms, clock:45.006 level:99
2023-07-03 11:12:33.086 T:1246 debug : CVideoPlayerVideo::OutputPicture - ttd:376ms pts:45.420 Clock:45.043 Level:5
2023-07-03 11:12:33.087 T:1246 debug : CVideoPlayerVideo::OutputPicture - ttd:417ms pts:45.462 Clock:45.045 Level:6
2023-07-03 11:12:33.114 T:1246 debug : CVideoPlayerVideo::OutputPicture - ttd:457ms pts:45.504 Clock:45.047 Level:6
2023-07-03 11:12:33.203 T:1246 debug : CVideoPlayerVideo::OutputPicture - ttd:385ms pts:45.546 Clock:45.161 Level:5
2023-07-03 11:12:33.205 T:1246 debug : CVideoPlayerVideo::OutputPicture - ttd:424ms pts:45.587 Clock:45.162 Level:6
2023-07-03 11:12:33.220 T:1243 debug : CVideoPlayer::ProcessVideoData size:35458 dts:53.470 pts:53.637 dur:41.000ms, clock:45.178 level:97
2023-07-03 11:12:33.220 T:1243 debug : CVideoPlayer::ProcessVideoData size:13192 dts:53.512 pts:53.595 dur:41.000ms, clock:45.178 level:97
2023-07-03 11:12:33.221 T:1243 debug : CVideoPlayer::ProcessVideoData size:15635 dts:53.554 pts:53.554 dur:41.000ms, clock:45.178 level:98
2023-07-03 11:12:33.239 T:1246 debug : CVideoPlayerVideo::OutputPicture - ttd:465ms pts:45.629 Clock:45.163 Level:6
2023-07-03 11:12:33.302 T:1243 debug : CVideoPlayer::ProcessVideoData size:34696 dts:53.595 pts:53.762 dur:41.000ms, clock:45.259 level:98
2023-07-03 11:12:33.302 T:1243 debug : CVideoPlayer::ProcessVideoData size:13489 dts:53.637 pts:53.720 dur:41.000ms, clock:45.260 level:99
2023-07-03 11:12:33.302 T:1243 debug : CVideoPlayer::ProcessVideoData size:15065 dts:53.679 pts:53.679 dur:41.000ms, clock:45.260 level:99
2023-07-03 11:12:33.328 T:1246 debug : CVideoPlayerVideo::OutputPicture - ttd:385ms pts:45.671 Clock:45.286 Level:5
2023-07-03 11:12:33.329 T:1246 debug : CVideoPlayerVideo::OutputPicture - ttd:425ms pts:45.712 Clock:45.287 Level:6
2023-07-03 11:12:33.366 T:1246 debug : CVideoPlayerVideo::OutputPicture - ttd:466ms pts:45.754 Clock:45.288 Level:6
2023-07-03 11:12:33.454 T:1246 debug : CVideoPlayerVideo::OutputPicture - ttd:384ms pts:45.796 Clock:45.411 Level:5
2023-07-03 11:12:33.455 T:1246 debug : CVideoPlayerVideo::OutputPicture - ttd:425ms pts:45.838 Clock:45.412 Level:6
2023-07-03 11:12:33.474 T:1243 debug : CVideoPlayer::ProcessVideoData size:34270 dts:53.720 pts:53.887 dur:41.000ms, clock:45.432 level:97
2023-07-03 11:12:33.475 T:1243 debug : CVideoPlayer::ProcessVideoData size:14124 dts:53.762 pts:53.846 dur:41.000ms, clock:45.432 level:97
2023-07-03 11:12:33.475 T:1243 debug : CVideoPlayer::ProcessVideoData size:15411 dts:53.804 pts:53.804 dur:41.000ms, clock:45.432 level:98
2023-07-03 11:12:33.490 T:1246 debug : CVideoPlayerVideo::OutputPicture - ttd:465ms pts:45.879 Clock:45.414 Level:6
2023-07-03 11:12:33.566 T:1243 debug : CVideoPlayer::ProcessVideoData size:34696 dts:53.846 pts:54.012 dur:41.000ms, clock:45.523 level:98
2023-07-03 11:12:33.566 T:1243 debug : CVideoPlayer::ProcessVideoData size:13737 dts:53.887 pts:53.971 dur:41.000ms, clock:45.523 level:99
2023-07-03 11:12:33.566 T:1243 debug : CVideoPlayer::ProcessVideoData size:15271 dts:53.929 pts:53.929 dur:41.000ms, clock:45.524 level:99
2023-07-03 11:12:33.621 T:1246 debug : CVideoPlayerVideo::OutputPicture - ttd:342ms pts:45.921 Clock:45.578 Level:4
2023-07-03 11:12:33.622 T:1246 debug : CVideoPlayerVideo::OutputPicture - ttd:383ms pts:45.963 Clock:45.580 Level:5
2023-07-03 11:12:33.623 T:1246 debug : CVideoPlayerVideo::OutputPicture - ttd:423ms pts:46.004 Clock:45.581 Level:6
2023-07-03 11:12:33.704 T:1246 debug : CVideoPlayerVideo::OutputPicture - ttd:384ms pts:46.046 Clock:45.662 Level:5
2023-07-03 11:12:33.705 T:1246 debug : CVideoPlayerVideo::OutputPicture - ttd:425ms pts:46.088 Clock:45.663 Level:6
2023-07-03 11:12:33.728 T:1243 debug : CVideoPlayer::ProcessVideoData size:54882 dts:53.971 pts:54.179 dur:41.000ms, clock:45.686 level:97
2023-07-03 11:12:33.728 T:1243 debug : CVideoPlayer::ProcessVideoData size:16579 dts:54.012 pts:54.096 dur:41.000ms, clock:45.686 level:98
2023-07-03 11:12:33.728 T:1243 debug : CVideoPlayer::ProcessVideoData size:15394 dts:54.054 pts:54.054 dur:41.000ms, clock:45.686 level:99
2023-07-03 11:12:33.729 T:1243 debug : CVideoPlayer::ProcessVideoData size:18224 dts:54.096 pts:54.138 dur:41.000ms, clock:45.686 level:99
2023-07-03 11:12:33.745 T:1246 debug : CVideoPlayerVideo::OutputPicture - ttd:426ms pts:46.129 Clock:45.702 Level:6
2023-07-03 11:12:33.781 T:1246 debug : CVideoPlayerVideo::OutputPicture - ttd:467ms pts:46.171 Clock:45.704 Level:6
2023-07-03 11:12:33.820 T:1243 debug : CVideoPlayer::ProcessVideoData size:38131 dts:54.138 pts:54.263 dur:41.000ms, clock:45.777 level:99
2023-07-03 11:12:33.820 T:1243 debug : CVideoPlayer::ProcessVideoData size:13851 dts:54.179 pts:54.221 dur:41.000ms, clock:45.777 level:99
2023-07-03 11:12:33.829 T:1246 debug : CVideoPlayerVideo::OutputPicture - ttd:426ms pts:46.213 Clock:45.787 Level:6
2023-07-03 11:12:33.869 T:1246 debug : CVideoPlayerVideo::OutputPicture - ttd:467ms pts:46.255 Clock:45.788 Level:6
2023-07-03 11:12:33.993 T:1243 debug : CVideoPlayer::ProcessVideoData size:35637 dts:54.221 pts:54.388 dur:41.000ms, clock:45.951 level:98
2023-07-03 11:12:33.994 T:1243 debug : CVideoPlayer::ProcessVideoData size:14017 dts:54.263 pts:54.346 dur:41.000ms, clock:45.951 level:99
2023-07-03 11:12:33.994 T:1243 debug : CVideoPlayer::ProcessVideoData size:15594 dts:54.304 pts:54.304 dur:41.000ms, clock:45.951 level:99
2023-07-03 11:12:33.997 T:1246 debug : CVideoPlayerVideo::OutputPicture - ttd:341ms pts:46.296 Clock:45.955 Level:4
2023-07-03 11:12:33.998 T:1246 debug : CVideoPlayerVideo::OutputPicture - ttd:381ms pts:46.338 Clock:45.956 Level:5
2023-07-03 11:12:34.000 T:1246 debug : CVideoPlayerVideo::OutputPicture - ttd:422ms pts:46.380 Clock:45.957 Level:6
2023-07-03 11:12:34.076 T:1243 debug : CVideoPlayer::ProcessVideoData size:34443 dts:54.346 pts:54.513 dur:41.000ms, clock:46.034 level:98
2023-07-03 11:12:34.077 T:1243 debug : CVideoPlayer::ProcessVideoData size:13191 dts:54.388 pts:54.471 dur:41.000ms, clock:46.034 level:99
2023-07-03 11:12:34.077 T:1243 debug : CVideoPlayer::ProcessVideoData size:15441 dts:54.429 pts:54.429 dur:41.000ms, clock:46.035 level:99
2023-07-03 11:12:34.121 T:1246 debug : CVideoPlayerVideo::OutputPicture - ttd:342ms pts:46.421 Clock:46.079 Level:4
2023-07-03 11:12:34.122 T:1246 debug : CVideoPlayerVideo::OutputPicture - ttd:383ms pts:46.463 Clock:46.080 Level:5
2023-07-03 11:12:34.124 T:1246 debug : CVideoPlayerVideo::OutputPicture - ttd:423ms pts:46.505 Clock:46.081 Level:6
2023-07-03 11:12:34.205 T:1246 debug : CVideoPlayerVideo::OutputPicture - ttd:384ms pts:46.547 Clock:46.162 Level:5
2023-07-03 11:12:34.206 T:1246 debug : CVideoPlayerVideo::OutputPicture - ttd:424ms pts:46.588 Clock:46.163 Level:6
2023-07-03 11:12:34.241 T:1246 debug : CVideoPlayerVideo::OutputPicture - ttd:465ms pts:46.630 Clock:46.165 Level:6
2023-07-03 11:12:34.250 T:1243 debug : CVideoPlayer::ProcessVideoData size:34908 dts:54.471 pts:54.638 dur:41.000ms, clock:46.207 level:96
2023-07-03 11:12:34.250 T:1243 debug : CVideoPlayer::ProcessVideoData size:13978 dts:54.513 pts:54.596 dur:41.000ms, clock:46.207 level:97
2023-07-03 11:12:34.250 T:1243 debug : CVideoPlayer::ProcessVideoData size:15617 dts:54.555 pts:54.555 dur:41.000ms, clock:46.207 level:97
2023-07-03 11:12:34.329 T:1246 debug : CVideoPlayerVideo::OutputPicture - ttd:385ms pts:46.672 Clock:46.286 Level:5
2023-07-03 11:12:34.330 T:1246 debug : CVideoPlayerVideo::OutputPicture - ttd:425ms pts:46.713 Clock:46.288 Level:6
2023-07-03 11:12:34.331 T:1243 debug : CVideoPlayer::ProcessVideoData size:34435 dts:54.596 pts:54.763 dur:41.000ms, clock:46.288 level:97
2023-07-03 11:12:34.331 T:1243 debug : CVideoPlayer::ProcessVideoData size:13728 dts:54.638 pts:54.721 dur:41.000ms, clock:46.289 level:97
2023-07-03 11:12:34.331 T:1243 debug : CVideoPlayer::ProcessVideoData size:15474 dts:54.680 pts:54.680 dur:41.000ms, clock:46.289 level:98
2023-07-03 11:12:34.369 T:1246 debug : CVideoPlayerVideo::OutputPicture - ttd:465ms pts:46.755 Clock:46.290 Level:6
2023-07-03 11:12:34.455 T:1246 debug : CVideoPlayerVideo::OutputPicture - ttd:384ms pts:46.797 Clock:46.412 Level:5
2023-07-03 11:12:34.456 T:1246 debug : CVideoPlayerVideo::OutputPicture - ttd:425ms pts:46.839 Clock:46.414 Level:6
2023-07-03 11:12:34.491 T:1246 debug : CVideoPlayerVideo::OutputPicture - ttd:465ms pts:46.880 Clock:46.415 Level:6
2023-07-03 11:12:34.503 T:1243 debug : CVideoPlayer::ProcessVideoData size:33946 dts:54.721 pts:54.888 dur:41.000ms, clock:46.461 level:97
2023-07-03 11:12:34.504 T:1243 debug : CVideoPlayer::ProcessVideoData size:13919 dts:54.763 pts:54.847 dur:41.000ms, clock:46.461 level:97
2023-07-03 11:12:34.504 T:1243 debug : CVideoPlayer::ProcessVideoData size:15490 dts:54.805 pts:54.805 dur:41.000ms, clock:46.461 level:98
2023-07-03 11:12:34.585 T:1243 debug : CVideoPlayer::ProcessVideoData size:33887 dts:54.847 pts:55.013 dur:41.000ms, clock:46.543 level:98
2023-07-03 11:12:34.585 T:1243 debug : CVideoPlayer::ProcessVideoData size:13875 dts:54.888 pts:54.972 dur:41.000ms, clock:46.543 level:99
2023-07-03 11:12:34.585 T:1243 debug : CVideoPlayer::ProcessVideoData size:15292 dts:54.930 pts:54.930 dur:41.000ms, clock:46.543 level:99
2023-07-03 11:12:34.622 T:1246 debug : CVideoPlayerVideo::OutputPicture - ttd:342ms pts:46.922 Clock:46.579 Level:4
2023-07-03 11:12:34.623 T:1246 debug : CVideoPlayerVideo::OutputPicture - ttd:383ms pts:46.964 Clock:46.581 Level:5
2023-07-03 11:12:34.624 T:1246 debug : CVideoPlayerVideo::OutputPicture - ttd:423ms pts:47.005 Clock:46.582 Level:6
2023-07-03 11:12:34.747 T:1246 debug : CVideoPlayerVideo::OutputPicture - ttd:342ms pts:47.047 Clock:46.704 Level:4
2023-07-03 11:12:34.748 T:1246 debug : CVideoPlayerVideo::OutputPicture - ttd:383ms pts:47.089 Clock:46.706 Level:5
2023-07-03 11:12:34.754 T:1246 debug : CVideoPlayerVideo::OutputPicture - ttd:418ms pts:47.130 Clock:46.711 Level:6
2023-07-03 11:12:34.757 T:1243 debug : CVideoPlayer::ProcessVideoData size:52676 dts:54.972 pts:55.180 dur:41.000ms, clock:46.715 level:97
2023-07-03 11:12:34.757 T:1243 debug : CVideoPlayer::ProcessVideoData size:16458 dts:55.013 pts:55.097 dur:41.000ms, clock:46.715 level:97
2023-07-03 11:12:34.758 T:1243 debug : CVideoPlayer::ProcessVideoData size:15452 dts:55.055 pts:55.055 dur:41.000ms, clock:46.715 level:98
2023-07-03 11:12:34.758 T:1243 debug : CVideoPlayer::ProcessVideoData size:17948 dts:55.097 pts:55.139 dur:41.000ms, clock:46.715 level:99
2023-07-03 11:12:34.784 T:1246 debug : CVideoPlayerVideo::OutputPicture - ttd:459ms pts:47.172 Clock:46.713 Level:6
2023-07-03 11:12:34.830 T:1246 debug : CVideoPlayerVideo::OutputPicture - ttd:426ms pts:47.214 Clock:46.787 Level:6
2023-07-03 11:12:34.839 T:1243 debug : CVideoPlayer::ProcessVideoData size:39981 dts:55.139 pts:55.305 dur:41.000ms, clock:46.796 level:98
2023-07-03 11:12:34.839 T:1243 debug : CVideoPlayer::ProcessVideoData size:13300 dts:55.180 pts:55.264 dur:41.000ms, clock:46.796 level:99
2023-07-03 11:12:34.839 T:1243 debug : CVideoPlayer::ProcessVideoData size:16997 dts:55.222 pts:55.222 dur:41.000ms, clock:46.796 level:99
2023-07-03 11:12:34.871 T:1246 debug : CVideoPlayerVideo::OutputPicture - ttd:467ms pts:47.256 Clock:46.788 Level:6
2023-07-03 11:12:34.971 T:1243 debug : CVideoPlayer::ProcessVideoData size:38072 dts:55.264 pts:55.430 dur:41.000ms, clock:46.928 level:99
2023-07-03 11:12:34.971 T:1243 debug : CVideoPlayer::ProcessVideoData size:12794 dts:55.305 pts:55.389 dur:41.000ms, clock:46.928 level:99
2023-07-03 11:12:34.997 T:1246 debug : CVideoPlayerVideo::OutputPicture - ttd:342ms pts:47.297 Clock:46.955 Level:4
2023-07-03 11:12:34.998 T:1246 debug : CVideoPlayerVideo::OutputPicture - ttd:383ms pts:47.339 Clock:46.956 Level:5
2023-07-03 11:12:34.999 T:1246 debug : CVideoPlayerVideo::OutputPicture - ttd:424ms pts:47.381 Clock:46.957 Level:6
2023-07-03 11:12:35.001 T:1243 debug : CVideoPlayer::ProcessVideoData size:16040 dts:55.347 pts:55.347 dur:41.000ms, clock:46.959 level:99
2023-07-03 11:12:35.122 T:1246 debug : CVideoPlayerVideo::OutputPicture - ttd:342ms pts:47.422 Clock:47.080 Level:4
2023-07-03 11:12:35.124 T:1246 debug : CVideoPlayerVideo::OutputPicture - ttd:382ms pts:47.464 Clock:47.081 Level:5
2023-07-03 11:12:35.125 T:1246 debug : CVideoPlayerVideo::OutputPicture - ttd:423ms pts:47.506 Clock:47.082 Level:6
2023-07-03 11:12:35.143 T:1243 debug : CVideoPlayer::ProcessVideoData size:39472 dts:55.389 pts:55.556 dur:41.000ms, clock:47.101 level:97
2023-07-03 11:12:35.143 T:1243 debug : CVideoPlayer::ProcessVideoData size:13145 dts:55.430 pts:55.514 dur:41.000ms, clock:47.101 level:97
2023-07-03 11:12:35.143 T:1243 debug : CVideoPlayer::ProcessVideoData size:15650 dts:55.472 pts:55.472 dur:41.000ms, clock:47.101 level:98
2023-07-03 11:12:35.205 T:1246 debug : CVideoPlayerVideo::OutputPicture - ttd:385ms pts:47.548 Clock:47.162 Level:5
2023-07-03 11:12:35.206 T:1246 debug : CVideoPlayerVideo::OutputPicture - ttd:425ms pts:47.589 Clock:47.164 Level:6
2023-07-03 11:12:35.225 T:1243 debug : CVideoPlayer::ProcessVideoData size:41212 dts:55.514 pts:55.681 dur:41.000ms, clock:47.182 level:98
2023-07-03 11:12:35.225 T:1243 debug : CVideoPlayer::ProcessVideoData size:13355 dts:55.556 pts:55.639 dur:41.000ms, clock:47.182 level:99
2023-07-03 11:12:35.225 T:1243 debug : CVideoPlayer::ProcessVideoData size:15697 dts:55.597 pts:55.597 dur:41.000ms, clock:47.182 level:99
2023-07-03 11:12:35.244 T:1246 debug : CVideoPlayerVideo::OutputPicture - ttd:466ms pts:47.631 Clock:47.165 Level:6
2023-07-03 11:12:35.372 T:1246 debug : CVideoPlayerVideo::OutputPicture - ttd:343ms pts:47.673 Clock:47.329 Level:4
2023-07-03 11:12:35.373 T:1246 debug : CVideoPlayerVideo::OutputPicture - ttd:383ms pts:47.714 Clock:47.331 Level:5
2023-07-03 11:12:35.374 T:1246 debug : CVideoPlayerVideo::OutputPicture - ttd:424ms pts:47.756 Clock:47.332 Level:6
2023-07-03 11:12:35.398 T:1243 debug : CVideoPlayer::ProcessVideoData size:43017 dts:55.639 pts:55.806 dur:41.000ms, clock:47.355 level:97
2023-07-03 11:12:35.398 T:1243 debug : CVideoPlayer::ProcessVideoData size:13013 dts:55.681 pts:55.764 dur:41.000ms, clock:47.355 level:97
2023-07-03 11:12:35.398 T:1243 debug : CVideoPlayer::ProcessVideoData size:16389 dts:55.722 pts:55.722 dur:41.000ms, clock:47.356 level:98
2023-07-03 11:12:35.455 T:1246 debug : CVideoPlayerVideo::OutputPicture - ttd:385ms pts:47.798 Clock:47.413 Level:5
2023-07-03 11:12:35.456 T:1246 debug : CVideoPlayerVideo::OutputPicture - ttd:426ms pts:47.840 Clock:47.414 Level:6
2023-07-03 11:12:35.479 T:1243 debug : CVideoPlayer::ProcessVideoData size:42173 dts:55.764 pts:55.931 dur:41.000ms, clock:47.437 level:98
2023-07-03 11:12:35.480 T:1243 debug : CVideoPlayer::ProcessVideoData size:14298 dts:55.806 pts:55.889 dur:41.000ms, clock:47.437 level:99
2023-07-03 11:12:35.480 T:1243 debug : CVideoPlayer::ProcessVideoData size:16430 dts:55.848 pts:55.848 dur:41.000ms, clock:47.437 level:99
2023-07-03 11:12:35.495 T:1246 debug : CVideoPlayerVideo::OutputPicture - ttd:465ms pts:47.881 Clock:47.415 Level:6
2023-07-03 11:12:35.622 T:1246 debug : CVideoPlayerVideo::OutputPicture - ttd:343ms pts:47.923 Clock:47.580 Level:4
2023-07-03 11:12:35.623 T:1246 debug : CVideoPlayerVideo::OutputPicture - ttd:384ms pts:47.965 Clock:47.581 Level:5
2023-07-03 11:12:35.624 T:1246 debug : CVideoPlayerVideo::OutputPicture - ttd:424ms pts:48.006 Clock:47.582 Level:6
2023-07-03 11:12:35.652 T:1243 debug : CVideoPlayer::ProcessVideoData size:45353 dts:55.889 pts:56.098 dur:41.000ms, clock:47.609 level:97
2023-07-03 11:12:35.652 T:1243 debug : CVideoPlayer::ProcessVideoData size:18822 dts:55.931 pts:56.014 dur:41.000ms, clock:47.609 level:98
2023-07-03 11:12:35.652 T:1243 debug : CVideoPlayer::ProcessVideoData size:14558 dts:55.973 pts:55.973 dur:41.000ms, clock:47.610 level:99
2023-07-03 11:12:35.652 T:1243 debug : CVideoPlayer::ProcessVideoData size:15957 dts:56.014 pts:56.056 dur:41.000ms, clock:47.610 level:99
2023-07-03 11:12:35.748 T:1246 debug : CVideoPlayerVideo::OutputPicture - ttd:342ms pts:48.048 Clock:47.706 Level:4
2023-07-03 11:12:35.750 T:1246 debug : CVideoPlayerVideo::OutputPicture - ttd:382ms pts:48.090 Clock:47.707 Level:5
2023-07-03 11:12:35.790 T:1246 debug : CVideoPlayerVideo::OutputPicture - ttd:383ms pts:48.131 Clock:47.747 Level:5
2023-07-03 11:12:35.791 T:1246 debug : CVideoPlayerVideo::OutputPicture - ttd:424ms pts:48.173 Clock:47.748 Level:6
2023-07-03 11:12:35.825 T:1243 debug : CVideoPlayer::ProcessVideoData size:56056 dts:56.056 pts:56.223 dur:41.000ms, clock:47.782 level:97
2023-07-03 11:12:35.825 T:1243 debug : CVideoPlayer::ProcessVideoData size:14196 dts:56.098 pts:56.181 dur:41.000ms, clock:47.783 level:98
2023-07-03 11:12:35.826 T:1243 debug : CVideoPlayer::ProcessVideoData size:18321 dts:56.140 pts:56.140 dur:41.000ms, clock:47.783 level:99
2023-07-03 11:12:35.872 T:1246 debug : CVideoPlayerVideo::OutputPicture - ttd:384ms pts:48.215 Clock:47.830 Level:5
2023-07-03 11:12:35.874 T:1246 debug : CVideoPlayerVideo::OutputPicture - ttd:425ms pts:48.257 Clock:47.832 Level:6
2023-07-03 11:12:35.907 T:1243 debug : CVideoPlayer::ProcessVideoData size:36475 dts:56.181 pts:56.348 dur:41.000ms, clock:47.864 level:97
2023-07-03 11:12:35.908 T:1243 debug : CVideoPlayer::ProcessVideoData size:13556 dts:56.223 pts:56.306 dur:41.000ms, clock:47.865 level:98
2023-07-03 11:12:35.908 T:1243 debug : CVideoPlayer::ProcessVideoData size:15754 dts:56.265 pts:56.265 dur:41.000ms, clock:47.865 level:99
2023-07-03 11:12:35.956 T:1246 debug : CVideoPlayerVideo::OutputPicture - ttd:384ms pts:48.298 Clock:47.914 Level:5
2023-07-03 11:12:35.957 T:1246 debug : CVideoPlayerVideo::OutputPicture - ttd:425ms pts:48.340 Clock:47.915 Level:6
2023-07-03 11:12:35.995 T:1246 debug : CVideoPlayerVideo::OutputPicture - ttd:465ms pts:48.382 Clock:47.916 Level:6
2023-07-03 11:12:36.051 T:1179 debug : CurlFile::Open -
2023-07-03 11:12:36.052 T:1179 error : CCurlFile::CReadState::FillBuffer - (0x7f4401e400) Failed: Couldn't connect to server(7)
2023-07-03 11:12:36.052 T:1179 error : CCurlFile::Open - Failed with code 0:
2023-07-03 11:12:36.052 T:1179 debug : AddOnLog: pvr.vuplus: pvr.vuplus - CheckHttp - Could not open webAPI.
2023-07-03 11:12:36.080 T:1243 debug : CVideoPlayer::ProcessVideoData size:35739 dts:56.306 pts:56.473 dur:41.000ms, clock:48.038 level:97
2023-07-03 11:12:36.081 T:1243 debug : CVideoPlayer::ProcessVideoData size:13698 dts:56.348 pts:56.431 dur:41.000ms, clock:48.038 level:98
2023-07-03 11:12:36.081 T:1243 debug : CVideoPlayer::ProcessVideoData size:15321 dts:56.390 pts:56.390 dur:41.000ms, clock:48.038 level:99
2023-07-03 11:12:36.123 T:1246 debug : CVideoPlayerVideo::OutputPicture - ttd:342ms pts:48.423 Clock:48.080 Level:4
2023-07-03 11:12:36.124 T:1246 debug : CVideoPlayerVideo::OutputPicture - ttd:383ms pts:48.465 Clock:48.082 Level:5
2023-07-03 11:12:36.125 T:1246 debug : CVideoPlayerVideo::OutputPicture - ttd:424ms pts:48.507 Clock:48.083 Level:6
2023-07-03 11:12:36.162 T:1243 debug : CVideoPlayer::ProcessVideoData size:38264 dts:56.431 pts:56.557 dur:41.000ms, clock:48.120 level:98
2023-07-03 11:12:36.163 T:1243 debug : CVideoPlayer::ProcessVideoData size:14477 dts:56.473 pts:56.515 dur:41.000ms, clock:48.120 level:99
2023-07-03 11:12:36.248 T:1246 debug : CVideoPlayerVideo::OutputPicture - ttd:343ms pts:48.549 Clock:48.206 Level:4
2023-07-03 11:12:36.249 T:1246 debug : CVideoPlayerVideo::OutputPicture - ttd:383ms pts:48.590 Clock:48.207 Level:5
2023-07-03 11:12:36.250 T:1246 debug : CVideoPlayerVideo::OutputPicture - ttd:424ms pts:48.632 Clock:48.208 Level:6
2023-07-03 11:12:36.254 T:1243 debug : CVideoPlayer::ProcessVideoData size:40257 dts:56.515 pts:56.682 dur:41.000ms, clock:48.212 level:97
2023-07-03 11:12:36.254 T:1243 debug : CVideoPlayer::ProcessVideoData size:12901 dts:56.557 pts:56.640 dur:41.000ms, clock:48.212 level:98
2023-07-03 11:12:36.254 T:1243 debug : CVideoPlayer::ProcessVideoData size:15852 dts:56.598 pts:56.598 dur:41.000ms, clock:48.212 level:99
2023-07-03 11:12:36.373 T:1246 debug : CVideoPlayerVideo::OutputPicture - ttd:343ms pts:48.674 Clock:48.331 Level:4
2023-07-03 11:12:36.374 T:1246 debug : CVideoPlayerVideo::OutputPicture - ttd:383ms pts:48.715 Clock:48.332 Level:5
2023-07-03 11:12:36.376 T:1246 debug : CVideoPlayerVideo::OutputPicture - ttd:423ms pts:48.757 Clock:48.333 Level:6
2023-07-03 11:12:36.416 T:1243 debug : CVideoPlayer::ProcessVideoData size:40580 dts:56.640 pts:56.807 dur:41.000ms, clock:48.374 level:97
2023-07-03 11:12:36.417 T:1243 debug : CVideoPlayer::ProcessVideoData size:13318 dts:56.682 pts:56.765 dur:41.000ms, clock:48.374 level:97
2023-07-03 11:12:36.417 T:1243 debug : CVideoPlayer::ProcessVideoData size:16094 dts:56.723 pts:56.723 dur:41.000ms, clock:48.374 level:98
2023-07-03 11:12:36.499 T:1246 debug : CVideoPlayerVideo::OutputPicture - ttd:342ms pts:48.799 Clock:48.456 Level:4
2023-07-03 11:12:36.500 T:1246 debug : CVideoPlayerVideo::OutputPicture - ttd:383ms pts:48.841 Clock:48.457 Level:5
2023-07-03 11:12:36.501 T:1246 debug : CVideoPlayerVideo::OutputPicture - ttd:423ms pts:48.882 Clock:48.458 Level:6
2023-07-03 11:12:36.508 T:1243 debug : CVideoPlayer::ProcessVideoData size:37334 dts:56.765 pts:56.890 dur:41.000ms, clock:48.465 level:97
2023-07-03 11:12:36.508 T:1243 debug : CVideoPlayer::ProcessVideoData size:14162 dts:56.807 pts:56.849 dur:41.000ms, clock:48.465 level:98
2023-07-03 11:12:36.589 T:1243 debug : CVideoPlayer::ProcessVideoData size:37408 dts:56.849 pts:57.015 dur:41.000ms, clock:48.547 level:98
2023-07-03 11:12:36.589 T:1243 debug : CVideoPlayer::ProcessVideoData size:12781 dts:56.890 pts:56.974 dur:41.000ms, clock:48.547 level:99
2023-07-03 11:12:36.589 T:1243 debug : CVideoPlayer::ProcessVideoData size:15571 dts:56.932 pts:56.932 dur:41.000ms, clock:48.547 level:99
2023-07-03 11:12:36.624 T:1246 debug : CVideoPlayerVideo::OutputPicture - ttd:342ms pts:48.924 Clock:48.581 Level:4
2023-07-03 11:12:36.625 T:1246 debug : CVideoPlayerVideo::OutputPicture - ttd:383ms pts:48.966 Clock:48.583 Level:5
2023-07-03 11:12:36.626 T:1246 debug : CVideoPlayerVideo::OutputPicture - ttd:423ms pts:49.007 Clock:48.584 Level:6
2023-07-03 11:12:36.681 T:1243 debug : CVideoPlayer::ProcessVideoData size:72854 dts:56.974 pts:57.141 dur:41.000ms, clock:48.638 level:98
2023-07-03 11:12:36.681 T:1243 debug : CVideoPlayer::ProcessVideoData size:14551 dts:57.015 pts:57.099 dur:41.000ms, clock:48.639 level:99
2023-07-03 11:12:36.681 T:1243 debug : CVideoPlayer::ProcessVideoData size:15789 dts:57.057 pts:57.057 dur:41.000ms, clock:48.639 level:99
2023-07-03 11:12:36.715 T:1246 debug : CVideoPlayerVideo::OutputPicture - ttd:376ms pts:49.049 Clock:48.672 Level:5
2023-07-03 11:12:36.716 T:1246 debug : CVideoPlayerVideo::OutputPicture - ttd:417ms pts:49.091 Clock:48.673 Level:6
2023-07-03 11:12:36.748 T:1246 debug : CVideoPlayerVideo::OutputPicture - ttd:426ms pts:49.132 Clock:48.705 Level:6
2023-07-03 11:12:36.781 T:1172 debug : PushCecKeypress - received key d8 duration 0
2023-07-03 11:12:36.783 T:1103 debug : HandleKey: menu (0xd8) pressed, window 12005, action is Back
2023-07-03 11:12:36.783 T:1103 debug : CGUIWindowManager::PreviousWindow: Deactivate
2023-07-03 11:12:36.785 T:1246 debug : CVideoPlayerVideo::OutputPicture - ttd:467ms pts:49.174 Clock:48.707 Level:6
2023-07-03 11:12:36.787 T:1103 debug : ------ Window Deinit (VideoFullScreen.xml) ------
2023-07-03 11:12:36.825 T:1103 debug : CGUIWindowManager::PreviousWindow: Activate new
2023-07-03 11:12:36.825 T:1103 debug : connect replacing configured host 192.168.1.6 with resolved host 192.168.1.6
2023-07-03 11:12:36.835 T:1103 debug : ------ Window Init (MyVideoNav.xml) ------
2023-07-03 11:12:36.838 T:1103 debug : CDirectoryProvider[plugin://script.embuary.helper/?info=jumptoletter&reload=0]: refreshing..
2023-07-03 11:12:36.838 T:1257 debug : Thread JobWorker start, auto delete: true
2023-07-03 11:12:36.838 T:1257 debug : [threads] name: 'JobWorker' priority: '1'
2023-07-03 11:12:36.838 T:1103 debug : CDirectoryProvider[plugin://script.embuary.helper/?info=jumptoletter&reload=0]: refreshing..
2023-07-03 11:12:36.839 T:1258 debug : Thread JobWorker start, auto delete: true
2023-07-03 11:12:36.839 T:1258 debug : [threads] name: 'JobWorker' priority: '1'
2023-07-03 11:12:36.839 T:1103 debug : CGUIMediaWindow::GetDirectory (nfs://192.168.1.6/volume1/Musik/Testfiles/DTS-HD -Master Audio/)
2023-07-03 11:12:36.839 T:1103 debug : ParentPath = [nfs://192.168.1.6/volume1/Musik/Testfiles/DTS-HD -Master Audio/]
2023-07-03 11:12:36.839 T:1258 debug : CScriptRunner: running add-on script Embuary Helper('plugin://script.embuary.helper/', '5', '?info=jumptoletter&reload=0')
2023-07-03 11:12:36.839 T:1257 debug : CScriptRunner: running add-on script Embuary Helper('plugin://script.embuary.helper/', '6', '?info=jumptoletter&reload=0')
2023-07-03 11:12:36.839 T:1260 debug : Thread LanguageInvoker start, auto delete: false
2023-07-03 11:12:36.840 T:1257 info : Skipped 1 duplicate messages..
2023-07-03 11:12:36.840 T:1257 debug : [threads] name: 'LanguageInvoker' priority: '1'
2023-07-03 11:12:36.840 T:1260 info : Skipped 1 duplicate messages..
2023-07-03 11:12:36.840 T:1260 debug : initializing python engine.
2023-07-03 11:12:36.840 T:1260 info : Skipped 1 duplicate messages..
2023-07-03 11:12:36.840 T:1260 debug : CPythonInvoker(20, /storage/.kodi/addons/script.embuary.helper/plugin.py): start processing
2023-07-03 11:12:36.840 T:1259 debug : CPythonInvoker(21, /storage/.kodi/addons/script.embuary.helper/plugin.py): start processing
2023-07-03 11:12:36.843 T:1243 debug : CVideoPlayer::ProcessVideoData size:41800 dts:57.099 pts:57.266 dur:41.000ms, clock:48.801 level:97
2023-07-03 11:12:36.844 T:1243 debug : CVideoPlayer::ProcessVideoData size:13471 dts:57.141 pts:57.224 dur:41.000ms, clock:48.801 level:98
2023-07-03 11:12:36.844 T:1243 debug : CVideoPlayer::ProcessVideoData size:15689 dts:57.182 pts:57.182 dur:41.000ms, clock:48.801 level:99
2023-07-03 11:12:36.850 T:1172 debug : PushCecKeypress - received key d8 duration 70
2023-07-03 11:12:36.924 T:1260 debug : -->Python Interpreter Initialized<--
2023-07-03 11:12:36.924 T:1260 debug :
2023-07-03 11:12:36.924 T:1260 debug : CPythonInvoker(20, /storage/.kodi/addons/script.embuary.helper/plugin.py): the source file to load is "/storage/.kodi/addons/script.embuary.helper/plugin.py"
2023-07-03 11:12:36.924 T:1260 debug : CPythonInvoker(20): full python path:
2023-07-03 11:12:36.924 T:1260 debug : CPythonInvoker(20): custom python path:
2023-07-03 11:12:36.924 T:1260 debug : CPythonInvoker(20): /storage/.kodi/addons/script.embuary.helper
2023-07-03 11:12:36.924 T:1260 debug : CPythonInvoker(20): /usr/share/kodi/addons/script.module.pil/lib
2023-07-03 11:12:36.924 T:1260 debug : CPythonInvoker(20): default python path:
2023-07-03 11:12:36.924 T:1260 debug : CPythonInvoker(20): /usr/lib/python311.zip
2023-07-03 11:12:36.924 T:1260 debug : CPythonInvoker(20): /usr/lib/python3.11
2023-07-03 11:12:36.924 T:1260 debug : CPythonInvoker(20): /usr/lib/python3.11/lib-dynload
2023-07-03 11:12:36.924 T:1260 debug : CPythonInvoker(20): /usr/lib/python3.11/site-packages
2023-07-03 11:12:36.924 T:1260 debug : CPythonInvoker(20): adding args:
2023-07-03 11:12:36.924 T:1260 debug : CPythonInvoker(20): plugin://script.embuary.helper/
2023-07-03 11:12:36.924 T:1260 debug : CPythonInvoker(20): 5
2023-07-03 11:12:36.924 T:1260 debug : CPythonInvoker(20): ?info=jumptoletter&reload=0
2023-07-03 11:12:36.924 T:1260 debug : CPythonInvoker(20): resume:false
2023-07-03 11:12:36.924 T:1260 debug : CPythonInvoker(20, /storage/.kodi/addons/script.embuary.helper/plugin.py): entering source directory /storage/.kodi/addons/script.embuary.helper
2023-07-03 11:12:36.924 T:1259 debug : -->Python Interpreter Initialized<--
2023-07-03 11:12:36.924 T:1259 debug :
2023-07-03 11:12:36.924 T:1259 debug : CPythonInvoker(21, /storage/.kodi/addons/script.embuary.helper/plugin.py): the source file to load is "/storage/.kodi/addons/script.embuary.helper/plugin.py"
2023-07-03 11:12:36.925 T:1259 debug : CPythonInvoker(21): full python path:
2023-07-03 11:12:36.925 T:1259 debug : CPythonInvoker(21): custom python path:
2023-07-03 11:12:36.925 T:1259 debug : CPythonInvoker(21): /storage/.kodi/addons/script.embuary.helper
2023-07-03 11:12:36.925 T:1259 debug : CPythonInvoker(21): /usr/share/kodi/addons/script.module.pil/lib
2023-07-03 11:12:36.925 T:1259 debug : CPythonInvoker(21): default python path:
