2023-07-03 11:12:36.925 T:1259 debug : CPythonInvoker(21): /usr/lib/python311.zip
2023-07-03 11:12:36.925 T:1259 debug : CPythonInvoker(21): /usr/lib/python3.11
2023-07-03 11:12:36.925 T:1259 debug : CPythonInvoker(21): /usr/lib/python3.11/lib-dynload
2023-07-03 11:12:36.925 T:1259 debug : CPythonInvoker(21): /usr/lib/python3.11/site-packages
2023-07-03 11:12:36.925 T:1259 debug : CPythonInvoker(21): adding args:
2023-07-03 11:12:36.925 T:1259 debug : CPythonInvoker(21): plugin://script.embuary.helper/
2023-07-03 11:12:36.925 T:1259 debug : CPythonInvoker(21): 6
2023-07-03 11:12:36.925 T:1259 debug : CPythonInvoker(21): ?info=jumptoletter&reload=0
2023-07-03 11:12:36.925 T:1259 debug : CPythonInvoker(21): resume:false
2023-07-03 11:12:36.925 T:1259 debug : CPythonInvoker(21, /storage/.kodi/addons/script.embuary.helper/plugin.py): entering source directory /storage/.kodi/addons/script.embuary.helper
2023-07-03 11:12:36.925 T:1260 debug : CPythonInvoker(20, /storage/.kodi/addons/script.embuary.helper/plugin.py): instantiating addon using automatically obtained id of "script.embuary.helper" dependent on version 3.0.0 of the xbmc.python api
2023-07-03 11:12:36.929 T:1259 debug : CPythonInvoker(21, /storage/.kodi/addons/script.embuary.helper/plugin.py): instantiating addon using automatically obtained id of "script.embuary.helper" dependent on version 3.0.0 of the xbmc.python api
2023-07-03 11:12:36.935 T:1243 debug : CVideoPlayer::ProcessVideoData size:42061 dts:57.224 pts:57.391 dur:41.000ms, clock:48.893 level:99
2023-07-03 11:12:36.962 T:1261 debug : Thread BackgroundLoader start, auto delete: false
2023-07-03 11:12:36.962 T:1261 debug : connect replacing configured host 192.168.1.6 with resolved host 192.168.1.6
2023-07-03 11:12:36.963 T:1103 debug : [threads] name: 'BackgroundLoader' priority: '1'
2023-07-03 11:12:36.989 T:1262 debug : Thread JobWorker start, auto delete: true
2023-07-03 11:12:36.989 T:1262 debug : [threads] name: 'JobWorker' priority: '1'
2023-07-03 11:12:37.015 T:1246 debug : CVideoPlayerVideo::OutputPicture - ttd:426ms pts:49.216 Clock:48.790 Level:6
2023-07-03 11:12:37.017 T:1243 debug : CVideoPlayer::ProcessVideoData size:14375 dts:57.266 pts:57.349 dur:41.000ms, clock:48.974 level:99
2023-07-03 11:12:37.019 T:1261 debug : Thread BackgroundLoader 545518448384 terminating
2023-07-03 11:12:37.036 T:1263 debug : Thread JobWorker start, auto delete: true
2023-07-03 11:12:37.036 T:1263 debug : [threads] name: 'JobWorker' priority: '1'
2023-07-03 11:12:37.040 T:1246 debug : CVideoPlayerVideo::OutputPicture - ttd:284ms pts:49.258 Clock:48.974 Level:6
2023-07-03 11:12:37.047 T:1243 debug : CVideoPlayer::ProcessVideoData size:15655 dts:57.307 pts:57.307 dur:41.000ms, clock:49.005 level:99
2023-07-03 11:12:37.166 T:1246 debug : CVideoPlayerVideo::OutputPicture - ttd:175ms pts:49.299 Clock:49.123 Level:5
2023-07-03 11:12:37.167 T:1246 debug : CVideoPlayerVideo::OutputPicture - ttd:216ms pts:49.341 Clock:49.125 Level:6
2023-07-03 11:12:37.169 T:1243 debug : CVideoPlayer::ProcessVideoData size:37174 dts:57.349 pts:57.516 dur:41.000ms, clock:49.127 level:99
2023-07-03 11:12:37.170 T:1243 debug : CVideoPlayer::ProcessVideoData size:14052 dts:57.391 pts:57.474 dur:41.000ms, clock:49.127 level:99
2023-07-03 11:12:37.172 T:1246 debug : CVideoPlayerVideo::OutputPicture - ttd:256ms pts:49.383 Clock:49.126 Level:6
2023-07-03 11:12:37.210 T:1243 debug : CVideoPlayer::ProcessVideoData size:15677 dts:57.432 pts:57.432 dur:41.000ms, clock:49.168 level:99
2023-07-03 11:12:37.290 T:1246 debug : CVideoPlayerVideo::OutputPicture - ttd:176ms pts:49.424 Clock:49.248 Level:5
2023-07-03 11:12:37.292 T:1246 debug : CVideoPlayerVideo::OutputPicture - ttd:216ms pts:49.466 Clock:49.249 Level:6
2023-07-03 11:12:37.296 T:1246 debug : CVideoPlayerVideo::OutputPicture - ttd:257ms pts:49.508 Clock:49.251 Level:6
2023-07-03 11:12:37.302 T:1243 debug : CVideoPlayer::ProcessVideoData size:36818 dts:57.474 pts:57.641 dur:41.000ms, clock:49.259 level:99
2023-07-03 11:12:37.302 T:1243 debug : CVideoPlayer::ProcessVideoData size:12802 dts:57.516 pts:57.599 dur:41.000ms, clock:49.259 level:99
2023-07-03 11:12:37.342 T:1243 debug : CVideoPlayer::ProcessVideoData size:15779 dts:57.558 pts:57.558 dur:41.000ms, clock:49.300 level:99
2023-07-03 11:12:37.416 T:1246 debug : CVideoPlayerVideo::OutputPicture - ttd:176ms pts:49.550 Clock:49.373 Level:5
2023-07-03 11:12:37.417 T:1246 debug : CVideoPlayerVideo::OutputPicture - ttd:216ms pts:49.591 Clock:49.375 Level:6
2023-07-03 11:12:37.420 T:1246 debug : CVideoPlayerVideo::OutputPicture - ttd:257ms pts:49.633 Clock:49.376 Level:6
2023-07-03 11:12:37.424 T:1243 debug : CVideoPlayer::ProcessVideoData size:36237 dts:57.599 pts:57.766 dur:41.000ms, clock:49.381 level:99
2023-07-03 11:12:37.424 T:1243 debug : CVideoPlayer::ProcessVideoData size:13516 dts:57.641 pts:57.724 dur:41.000ms, clock:49.382 level:99
2023-07-03 11:12:37.465 T:1243 debug : CVideoPlayer::ProcessVideoData size:15722 dts:57.683 pts:57.683 dur:41.000ms, clock:49.422 level:99
2023-07-03 11:12:37.541 T:1246 debug : CVideoPlayerVideo::OutputPicture - ttd:176ms pts:49.675 Clock:49.499 Level:5
2023-07-03 11:12:37.543 T:1246 debug : CVideoPlayerVideo::OutputPicture - ttd:215ms pts:49.716 Clock:49.500 Level:6
2023-07-03 11:12:37.545 T:1246 debug : CVideoPlayerVideo::OutputPicture - ttd:256ms pts:49.758 Clock:49.501 Level:6
2023-07-03 11:12:37.546 T:1243 debug : CVideoPlayer::ProcessVideoData size:35742 dts:57.724 pts:57.891 dur:41.000ms, clock:49.504 level:99
2023-07-03 11:12:37.557 T:1243 debug : CVideoPlayer::ProcessVideoData size:13390 dts:57.766 pts:57.850 dur:41.000ms, clock:49.514 level:99
2023-07-03 11:12:37.588 T:1243 debug : CVideoPlayer::ProcessVideoData size:15871 dts:57.808 pts:57.808 dur:41.000ms, clock:49.545 level:99
2023-07-03 11:12:37.667 T:1246 debug : CVideoPlayerVideo::OutputPicture - ttd:175ms pts:49.800 Clock:49.624 Level:5
2023-07-03 11:12:37.668 T:1246 debug : CVideoPlayerVideo::OutputPicture - ttd:216ms pts:49.842 Clock:49.626 Level:6
2023-07-03 11:12:37.669 T:1243 debug : CVideoPlayer::ProcessVideoData size:34590 dts:57.850 pts:58.016 dur:41.000ms, clock:49.627 level:99
2023-07-03 11:12:37.671 T:1246 debug : CVideoPlayerVideo::OutputPicture - ttd:254ms pts:49.883 Clock:49.628 Level:6
2023-07-03 11:12:37.680 T:1243 debug : CVideoPlayer::ProcessVideoData size:14008 dts:57.891 pts:57.975 dur:41.000ms, clock:49.637 level:99
2023-07-03 11:12:37.710 T:1243 debug : CVideoPlayer::ProcessVideoData size:15327 dts:57.933 pts:57.933 dur:41.000ms, clock:49.668 level:99
2023-07-03 11:12:37.792 T:1246 debug : CVideoPlayerVideo::OutputPicture - ttd:175ms pts:49.925 Clock:49.750 Level:5
2023-07-03 11:12:37.793 T:1246 debug : CVideoPlayerVideo::OutputPicture - ttd:216ms pts:49.967 Clock:49.751 Level:6
2023-07-03 11:12:37.795 T:1246 debug : CVideoPlayerVideo::OutputPicture - ttd:255ms pts:50.008 Clock:49.752 Level:6
2023-07-03 11:12:37.802 T:1243 debug : CVideoPlayer::ProcessVideoData size:54480 dts:57.975 pts:58.183 dur:41.000ms, clock:49.759 level:99
2023-07-03 11:12:37.802 T:1243 debug : CVideoPlayer::ProcessVideoData size:16077 dts:58.016 pts:58.100 dur:41.000ms, clock:49.759 level:99
2023-07-03 11:12:37.838 T:1260 debug : CPythonInvoker(20, /storage/.kodi/addons/script.embuary.helper/plugin.py): script successfully run
2023-07-03 11:12:37.838 T:1260 debug : onExecutionDone(20, /storage/.kodi/addons/script.embuary.helper/plugin.py)
2023-07-03 11:12:37.842 T:1243 debug : CVideoPlayer::ProcessVideoData size:15707 dts:58.058 pts:58.058 dur:41.000ms, clock:49.800 level:99
2023-07-03 11:12:37.867 T:1260 debug : .
2023-07-03 11:12:37.883 T:1243 debug : CVideoPlayer::ProcessVideoData size:18132 dts:58.100 pts:58.142 dur:41.000ms, clock:49.841 level:99
2023-07-03 11:12:37.917 T:1246 debug : CVideoPlayerVideo::OutputPicture - ttd:175ms pts:50.050 Clock:49.874 Level:5
2023-07-03 11:12:37.918 T:1246 debug : CVideoPlayerVideo::OutputPicture - ttd:216ms pts:50.092 Clock:49.876 Level:6
2023-07-03 11:12:37.958 T:1246 debug : CVideoPlayerVideo::OutputPicture - ttd:217ms pts:50.133 Clock:49.916 Level:6
2023-07-03 11:12:37.961 T:1246 debug : CVideoPlayerVideo::OutputPicture - ttd:257ms pts:50.175 Clock:49.917 Level:6
2023-07-03 11:12:37.964 T:1243 debug : CVideoPlayer::ProcessVideoData size:38040 dts:58.142 pts:58.267 dur:41.000ms, clock:49.922 level:99
2023-07-03 11:12:37.965 T:1243 debug : CVideoPlayer::ProcessVideoData size:14216 dts:58.183 pts:58.225 dur:41.000ms, clock:49.922 level:99
2023-07-03 11:12:37.975 T:1260 debug : Python interpreter stopped
2023-07-03 11:12:37.975 T:1260 debug : Thread LanguageInvoker 545552264960 terminating
2023-07-03 11:12:37.981 T:1259 debug : CPythonInvoker(21, /storage/.kodi/addons/script.embuary.helper/plugin.py): script successfully run
2023-07-03 11:12:37.981 T:1259 debug : onExecutionDone(21, /storage/.kodi/addons/script.embuary.helper/plugin.py)
2023-07-03 11:12:38.015 T:1259 debug : .
2023-07-03 11:12:38.041 T:1246 debug : CVideoPlayerVideo::OutputPicture - ttd:218ms pts:50.217 Clock:49.999 Level:6
2023-07-03 11:12:38.045 T:1246 debug : CVideoPlayerVideo::OutputPicture - ttd:258ms pts:50.259 Clock:50.000 Level:6
2023-07-03 11:12:38.046 T:1243 debug : CVideoPlayer::ProcessVideoData size:36219 dts:58.225 pts:58.392 dur:41.000ms, clock:50.003 level:99
2023-07-03 11:12:38.056 T:1243 debug : CVideoPlayer::ProcessVideoData size:14316 dts:58.267 pts:58.350 dur:41.000ms, clock:50.014 level:99
2023-07-03 11:12:38.087 T:1243 debug : CVideoPlayer::ProcessVideoData size:15295 dts:58.308 pts:58.308 dur:41.000ms, clock:50.044 level:99
2023-07-03 11:12:38.126 T:1259 debug : Python interpreter stopped
2023-07-03 11:12:38.126 T:1259 debug : Thread LanguageInvoker 545611443968 terminating
2023-07-03 11:12:38.167 T:1246 debug : CVideoPlayerVideo::OutputPicture - ttd:175ms pts:50.300 Clock:50.125 Level:5
2023-07-03 11:12:38.168 T:1243 debug : CVideoPlayer::ProcessVideoData size:35572 dts:58.350 pts:58.517 dur:41.000ms, clock:50.126 level:99
2023-07-03 11:12:38.169 T:1246 debug : CVideoPlayerVideo::OutputPicture - ttd:214ms pts:50.342 Clock:50.127 Level:6
2023-07-03 11:12:38.171 T:1246 debug : CVideoPlayerVideo::OutputPicture - ttd:255ms pts:50.384 Clock:50.128 Level:6
2023-07-03 11:12:38.179 T:1243 debug : CVideoPlayer::ProcessVideoData size:13355 dts:58.392 pts:58.475 dur:41.000ms, clock:50.136 level:99
2023-07-03 11:12:38.209 T:1243 debug : CVideoPlayer::ProcessVideoData size:15402 dts:58.433 pts:58.433 dur:41.000ms, clock:50.167 level:99
2023-07-03 11:12:38.291 T:1246 debug : CVideoPlayerVideo::OutputPicture - ttd:176ms pts:50.425 Clock:50.249 Level:5
2023-07-03 11:12:38.293 T:1246 debug : CVideoPlayerVideo::OutputPicture - ttd:216ms pts:50.467 Clock:50.250 Level:6
2023-07-03 11:12:38.294 T:1246 debug : CVideoPlayerVideo::OutputPicture - ttd:257ms pts:50.509 Clock:50.251 Level:6
2023-07-03 11:12:38.300 T:1243 debug : CVideoPlayer::ProcessVideoData size:35188 dts:58.475 pts:58.642 dur:41.000ms, clock:50.258 level:99
2023-07-03 11:12:38.300 T:1243 debug : CVideoPlayer::ProcessVideoData size:13068 dts:58.517 pts:58.600 dur:41.000ms, clock:50.258 level:99
2023-07-03 11:12:38.341 T:1243 debug : CVideoPlayer::ProcessVideoData size:15251 dts:58.559 pts:58.559 dur:41.000ms, clock:50.298 level:99
2023-07-03 11:12:38.416 T:1246 debug : CVideoPlayerVideo::OutputPicture - ttd:177ms pts:50.551 Clock:50.374 Level:5
2023-07-03 11:12:38.418 T:1246 debug : CVideoPlayerVideo::OutputPicture - ttd:216ms pts:50.592 Clock:50.375 Level:6
2023-07-03 11:12:38.419 T:1246 debug : CVideoPlayerVideo::OutputPicture - ttd:257ms pts:50.634 Clock:50.376 Level:6
2023-07-03 11:12:38.422 T:1243 debug : CVideoPlayer::ProcessVideoData size:34595 dts:58.600 pts:58.767 dur:41.000ms, clock:50.380 level:99
2023-07-03 11:12:38.423 T:1243 debug : CVideoPlayer::ProcessVideoData size:12887 dts:58.642 pts:58.725 dur:41.000ms, clock:50.380 level:99
2023-07-03 11:12:38.463 T:1243 debug : CVideoPlayer::ProcessVideoData size:15462 dts:58.684 pts:58.684 dur:41.000ms, clock:50.421 level:99
2023-07-03 11:12:38.542 T:1246 debug : CVideoPlayerVideo::OutputPicture - ttd:176ms pts:50.676 Clock:50.499 Level:5
2023-07-03 11:12:38.543 T:1246 debug : CVideoPlayerVideo::OutputPicture - ttd:216ms pts:50.717 Clock:50.501 Level:6
2023-07-03 11:12:38.544 T:1243 debug : CVideoPlayer::ProcessVideoData size:34538 dts:58.725 pts:58.892 dur:41.000ms, clock:50.502 level:99
2023-07-03 11:12:38.544 T:1243 debug : CVideoPlayer::ProcessVideoData size:13171 dts:58.767 pts:58.851 dur:41.000ms, clock:50.502 level:99
2023-07-03 11:12:38.546 T:1246 debug : CVideoPlayerVideo::OutputPicture - ttd:255ms pts:50.759 Clock:50.503 Level:6
2023-07-03 11:12:38.585 T:1243 debug : CVideoPlayer::ProcessVideoData size:15260 dts:58.809 pts:58.809 dur:41.000ms, clock:50.542 level:99
2023-07-03 11:12:38.668 T:1246 debug : CVideoPlayerVideo::OutputPicture - ttd:175ms pts:50.801 Clock:50.625 Level:5
2023-07-03 11:12:38.669 T:1246 debug : CVideoPlayerVideo::OutputPicture - ttd:216ms pts:50.843 Clock:50.627 Level:6
2023-07-03 11:12:38.672 T:1246 debug : CVideoPlayerVideo::OutputPicture - ttd:256ms pts:50.884 Clock:50.628 Level:6
2023-07-03 11:12:38.676 T:1243 debug : CVideoPlayer::ProcessVideoData size:34713 dts:58.851 pts:59.017 dur:41.000ms, clock:50.634 level:99
2023-07-03 11:12:38.676 T:1243 debug : CVideoPlayer::ProcessVideoData size:14273 dts:58.892 pts:58.976 dur:41.000ms, clock:50.634 level:99
2023-07-03 11:12:38.717 T:1243 debug : CVideoPlayer::ProcessVideoData size:15377 dts:58.934 pts:58.934 dur:41.000ms, clock:50.674 level:99
2023-07-03 11:12:38.792 T:1246 debug : CVideoPlayerVideo::OutputPicture - ttd:176ms pts:50.926 Clock:50.750 Level:5
2023-07-03 11:12:38.794 T:1246 debug : CVideoPlayerVideo::OutputPicture - ttd:216ms pts:50.968 Clock:50.751 Level:6
2023-07-03 11:12:38.798 T:1246 debug : CVideoPlayerVideo::OutputPicture - ttd:256ms pts:51.009 Clock:50.753 Level:6
2023-07-03 11:12:38.798 T:1243 debug : CVideoPlayer::ProcessVideoData size:53949 dts:58.976 pts:59.184 dur:41.000ms, clock:50.756 level:99
2023-07-03 11:12:38.809 T:1243 debug : CVideoPlayer::ProcessVideoData size:16582 dts:59.017 pts:59.101 dur:41.000ms, clock:50.766 level:99
2023-07-03 11:12:38.839 T:1243 debug : CVideoPlayer::ProcessVideoData size:15621 dts:59.059 pts:59.059 dur:41.000ms, clock:50.797 level:99
2023-07-03 11:12:38.880 T:1243 debug : CVideoPlayer::ProcessVideoData size:17429 dts:59.101 pts:59.143 dur:41.000ms, clock:50.837 level:99
2023-07-03 11:12:38.918 T:1246 debug : CVideoPlayerVideo::OutputPicture - ttd:175ms pts:51.051 Clock:50.875 Level:5
2023-07-03 11:12:38.919 T:1246 debug : CVideoPlayerVideo::OutputPicture - ttd:216ms pts:51.093 Clock:50.876 Level:6
2023-07-03 11:12:38.959 T:1246 debug : CVideoPlayerVideo::OutputPicture - ttd:217ms pts:51.134 Clock:50.916 Level:6
2023-07-03 11:12:38.961 T:1243 debug : CVideoPlayer::ProcessVideoData size:36670 dts:59.143 pts:59.268 dur:41.000ms, clock:50.919 level:99
2023-07-03 11:12:38.962 T:1246 debug : CVideoPlayerVideo::OutputPicture - ttd:258ms pts:51.176 Clock:50.918 Level:6
2023-07-03 11:12:38.971 T:1243 debug : CVideoPlayer::ProcessVideoData size:13810 dts:59.184 pts:59.226 dur:41.000ms, clock:50.929 level:99
2023-07-03 11:12:39.042 T:1246 debug : CVideoPlayerVideo::OutputPicture - ttd:218ms pts:51.218 Clock:51.000 Level:6
2023-07-03 11:12:39.045 T:1246 debug : CVideoPlayerVideo::OutputPicture - ttd:258ms pts:51.260 Clock:51.001 Level:6
2023-07-03 11:12:39.053 T:1243 debug : CVideoPlayer::ProcessVideoData size:35948 dts:59.226 pts:59.393 dur:41.000ms, clock:51.010 level:99
2023-07-03 11:12:39.053 T:1243 debug : CVideoPlayer::ProcessVideoData size:14204 dts:59.268 pts:59.351 dur:41.000ms, clock:51.010 level:99
2023-07-03 11:12:39.094 T:1243 debug : CVideoPlayer::ProcessVideoData size:15791 dts:59.309 pts:59.309 dur:41.000ms, clock:51.051 level:99
2023-07-03 11:12:39.168 T:1246 debug : CVideoPlayerVideo::OutputPicture - ttd:175ms pts:51.301 Clock:51.126 Level:5
2023-07-03 11:12:39.169 T:1246 debug : CVideoPlayerVideo::OutputPicture - ttd:216ms pts:51.343 Clock:51.127 Level:6
2023-07-03 11:12:39.172 T:1246 debug : CVideoPlayerVideo::OutputPicture - ttd:256ms pts:51.385 Clock:51.128 Level:6
2023-07-03 11:12:39.175 T:1243 debug : CVideoPlayer::ProcessVideoData size:34996 dts:59.351 pts:59.518 dur:41.000ms, clock:51.132 level:99
2023-07-03 11:12:39.175 T:1243 debug : CVideoPlayer::ProcessVideoData size:13874 dts:59.393 pts:59.476 dur:41.000ms, clock:51.133 level:99
2023-07-03 11:12:39.216 T:1243 debug : CVideoPlayer::ProcessVideoData size:15375 dts:59.434 pts:59.434 dur:41.000ms, clock:51.173 level:99
2023-07-03 11:12:39.292 T:1246 debug : CVideoPlayerVideo::OutputPicture - ttd:176ms pts:51.426 Clock:51.250 Level:5
2023-07-03 11:12:39.296 T:1246 debug : CVideoPlayerVideo::OutputPicture - ttd:214ms pts:51.468 Clock:51.254 Level:5
2023-07-03 11:12:39.297 T:1243 debug : CVideoPlayer::ProcessVideoData size:34523 dts:59.476 pts:59.643 dur:41.000ms, clock:51.254 level:99
2023-07-03 11:12:39.297 T:1243 debug : CVideoPlayer::ProcessVideoData size:13824 dts:59.518 pts:59.601 dur:41.000ms, clock:51.255 level:99
2023-07-03 11:12:39.298 T:1246 debug : CVideoPlayerVideo::OutputPicture - ttd:254ms pts:51.510 Clock:51.256 Level:6
2023-07-03 11:12:39.338 T:1243 debug : CVideoPlayer::ProcessVideoData size:15123 dts:59.560 pts:59.560 dur:41.000ms, clock:51.295 level:99
2023-07-03 11:12:39.417 T:1246 debug : CVideoPlayerVideo::OutputPicture - ttd:177ms pts:51.552 Clock:51.375 Level:5
2023-07-03 11:12:39.419 T:1246 debug : CVideoPlayerVideo::OutputPicture - ttd:216ms pts:51.593 Clock:51.376 Level:6
2023-07-03 11:12:39.422 T:1246 debug : CVideoPlayerVideo::OutputPicture - ttd:257ms pts:51.635 Clock:51.377 Level:6
2023-07-03 11:12:39.429 T:1243 debug : CVideoPlayer::ProcessVideoData size:33392 dts:59.601 pts:59.768 dur:41.000ms, clock:51.386 level:99
2023-07-03 11:12:39.429 T:1243 debug : CVideoPlayer::ProcessVideoData size:13729 dts:59.643 pts:59.726 dur:41.000ms, clock:51.387 level:99
2023-07-03 11:12:39.470 T:1243 debug : CVideoPlayer::ProcessVideoData size:15320 dts:59.685 pts:59.685 dur:41.000ms, clock:51.427 level:99
2023-07-03 11:12:39.542 T:1246 debug : CVideoPlayerVideo::OutputPicture - ttd:177ms pts:51.677 Clock:51.500 Level:5
2023-07-03 11:12:39.544 T:1246 debug : CVideoPlayerVideo::OutputPicture - ttd:216ms pts:51.718 Clock:51.501 Level:6
2023-07-03 11:12:39.546 T:1246 debug : CVideoPlayerVideo::OutputPicture - ttd:257ms pts:51.760 Clock:51.502 Level:6
2023-07-03 11:12:39.551 T:1243 debug : CVideoPlayer::ProcessVideoData size:34120 dts:59.726 pts:59.893 dur:41.000ms, clock:51.508 level:99
2023-07-03 11:12:39.551 T:1243 debug : CVideoPlayer::ProcessVideoData size:14293 dts:59.768 pts:59.852 dur:41.000ms, clock:51.509 level:99
2023-07-03 11:12:39.592 T:1243 debug : CVideoPlayer::ProcessVideoData size:15562 dts:59.810 pts:59.810 dur:41.000ms, clock:51.549 level:99
2023-07-03 11:12:39.668 T:1246 debug : CVideoPlayerVideo::OutputPicture - ttd:176ms pts:51.802 Clock:51.626 Level:5
2023-07-03 11:12:39.670 T:1246 debug : CVideoPlayerVideo::OutputPicture - ttd:216ms pts:51.844 Clock:51.627 Level:6
2023-07-03 11:12:39.673 T:1243 debug : CVideoPlayer::ProcessVideoData size:33590 dts:59.852 pts:60.018 dur:41.000ms, clock:51.630 level:99
2023-07-03 11:12:39.673 T:1243 debug : CVideoPlayer::ProcessVideoData size:14054 dts:59.893 pts:59.977 dur:41.000ms, clock:51.631 level:99
2023-07-03 11:12:39.673 T:1246 debug : CVideoPlayerVideo::OutputPicture - ttd:256ms pts:51.885 Clock:51.628 Level:6
2023-07-03 11:12:39.714 T:1243 debug : CVideoPlayer::ProcessVideoData size:15349 dts:59.935 pts:59.935 dur:41.000ms, clock:51.671 level:99
2023-07-03 11:12:39.755 T:1243 debug : CVideoPlayer::ProcessVideoData size:51979 dts:59.977 pts:60.185 dur:41.000ms, clock:51.712 level:99
2023-07-03 11:12:39.793 T:1246 debug : CVideoPlayerVideo::OutputPicture - ttd:176ms pts:51.927 Clock:51.750 Level:5
2023-07-03 11:12:39.794 T:1246 debug : CVideoPlayerVideo::OutputPicture - ttd:217ms pts:51.969 Clock:51.752 Level:6
2023-07-03 11:12:39.796 T:1246 debug : CVideoPlayerVideo::OutputPicture - ttd:257ms pts:52.010 Clock:51.753 Level:6
2023-07-03 11:12:39.805 T:1243 debug : CVideoPlayer::ProcessVideoData size:16625 dts:60.018 pts:60.102 dur:41.000ms, clock:51.763 level:99
2023-07-03 11:12:39.880 T:1246 debug : CVideoPlayerVideo::OutputPicture - ttd:214ms pts:52.052 Clock:51.838 Level:5
2023-07-03 11:12:39.881 T:1246 debug : CVideoPlayerVideo::OutputPicture - ttd:255ms pts:52.094 Clock:51.839 Level:6
2023-07-03 11:12:39.886 T:1243 debug : CVideoPlayer::ProcessVideoData size:15324 dts:60.060 pts:60.060 dur:41.000ms, clock:51.844 level:99
2023-07-03 11:12:39.927 T:1243 debug : CVideoPlayer::ProcessVideoData size:17904 dts:60.102 pts:60.144 dur:41.000ms, clock:51.884 level:99
2023-07-03 11:12:39.927 T:1243 debug : CVideoPlayer::ProcessVideoData size:36739 dts:60.144 pts:60.269 dur:41.000ms, clock:51.885 level:99
2023-07-03 11:12:39.968 T:1243 debug : CVideoPlayer::ProcessVideoData size:14321 dts:60.185 pts:60.227 dur:41.000ms, clock:51.925 level:99
2023-07-03 11:12:40.044 T:1246 debug : CVideoPlayerVideo::OutputPicture - ttd:133ms pts:52.135 Clock:52.002 Level:4
2023-07-03 11:12:40.045 T:1246 debug : CVideoPlayerVideo::OutputPicture - ttd:173ms pts:52.177 Clock:52.003 Level:5
2023-07-03 11:12:40.047 T:1246 debug : CVideoPlayerVideo::OutputPicture - ttd:214ms pts:52.219 Clock:52.004 Level:6
2023-07-03 11:12:40.048 T:1246 debug : CVideoPlayerVideo::OutputPicture - ttd:255ms pts:52.261 Clock:52.005 Level:6
2023-07-03 11:12:40.049 T:1243 debug : CVideoPlayer::ProcessVideoData size:35283 dts:60.227 pts:60.394 dur:41.000ms, clock:52.007 level:99
2023-07-03 11:12:40.049 T:1243 debug : CVideoPlayer::ProcessVideoData size:13974 dts:60.269 pts:60.352 dur:41.000ms, clock:52.007 level:99
2023-07-03 11:12:40.090 T:1243 debug : CVideoPlayer::ProcessVideoData size:15769 dts:60.310 pts:60.310 dur:41.000ms, clock:52.047 level:99
2023-07-03 11:12:40.168 T:1246 debug : CVideoPlayerVideo::OutputPicture - ttd:176ms pts:52.302 Clock:52.126 Level:5
2023-07-03 11:12:40.170 T:1246 debug : CVideoPlayerVideo::OutputPicture - ttd:216ms pts:52.344 Clock:52.127 Level:6
2023-07-03 11:12:40.171 T:1243 debug : CVideoPlayer::ProcessVideoData size:34435 dts:60.352 pts:60.519 dur:41.000ms, clock:52.128 level:99
2023-07-03 11:12:40.171 T:1243 debug : CVideoPlayer::ProcessVideoData size:14566 dts:60.394 pts:60.477 dur:41.000ms, clock:52.129 level:99
2023-07-03 11:12:40.172 T:1246 debug : CVideoPlayerVideo::OutputPicture - ttd:256ms pts:52.386 Clock:52.130 Level:6
2023-07-03 11:12:40.212 T:1243 debug : CVideoPlayer::ProcessVideoData size:15492 dts:60.435 pts:60.435 dur:41.000ms, clock:52.169 level:99
2023-07-03 11:12:40.294 T:1246 debug : CVideoPlayerVideo::OutputPicture - ttd:175ms pts:52.427 Clock:52.252 Level:5
2023-07-03 11:12:40.295 T:1246 debug : CVideoPlayerVideo::OutputPicture - ttd:216ms pts:52.469 Clock:52.253 Level:6
2023-07-03 11:12:40.297 T:1246 debug : CVideoPlayerVideo::OutputPicture - ttd:256ms pts:52.511 Clock:52.254 Level:6
2023-07-03 11:12:40.303 T:1243 debug : CVideoPlayer::ProcessVideoData size:35192 dts:60.477 pts:60.644 dur:41.000ms, clock:52.261 level:99
2023-07-03 11:12:40.303 T:1243 debug : CVideoPlayer::ProcessVideoData size:13502 dts:60.519 pts:60.602 dur:41.000ms, clock:52.261 level:99
2023-07-03 11:12:40.344 T:1243 debug : CVideoPlayer::ProcessVideoData size:15390 dts:60.561 pts:60.561 dur:41.000ms, clock:52.301 level:99
2023-07-03 11:12:40.419 T:1246 debug : CVideoPlayerVideo::OutputPicture - ttd:176ms pts:52.553 Clock:52.377 Level:5
2023-07-03 11:12:40.420 T:1246 debug : CVideoPlayerVideo::OutputPicture - ttd:216ms pts:52.594 Clock:52.378 Level:6
2023-07-03 11:12:40.422 T:1246 debug : CVideoPlayerVideo::OutputPicture - ttd:256ms pts:52.636 Clock:52.379 Level:6
2023-07-03 11:12:40.425 T:1243 debug : CVideoPlayer::ProcessVideoData size:33980 dts:60.602 pts:60.769 dur:41.000ms, clock:52.382 level:99
2023-07-03 11:12:40.425 T:1243 debug : CVideoPlayer::ProcessVideoData size:14499 dts:60.644 pts:60.727 dur:41.000ms, clock:52.383 level:99
2023-07-03 11:12:40.466 T:1243 debug : CVideoPlayer::ProcessVideoData size:15355 dts:60.686 pts:60.686 dur:41.000ms, clock:52.423 level:99
2023-07-03 11:12:40.544 T:1246 debug : CVideoPlayerVideo::OutputPicture - ttd:176ms pts:52.678 Clock:52.502 Level:5
2023-07-03 11:12:40.546 T:1246 debug : CVideoPlayerVideo::OutputPicture - ttd:215ms pts:52.719 Clock:52.503 Level:6
2023-07-03 11:12:40.547 T:1243 debug : CVideoPlayer::ProcessVideoData size:34272 dts:60.727 pts:60.894 dur:41.000ms, clock:52.504 level:99
2023-07-03 11:12:40.548 T:1246 debug : CVideoPlayerVideo::OutputPicture - ttd:255ms pts:52.761 Clock:52.506 Level:6
2023-07-03 11:12:40.557 T:1243 debug : CVideoPlayer::ProcessVideoData size:14086 dts:60.769 pts:60.853 dur:41.000ms, clock:52.515 level:99
2023-07-03 11:12:40.588 T:1243 debug : CVideoPlayer::ProcessVideoData size:15042 dts:60.811 pts:60.811 dur:41.000ms, clock:52.545 level:99
2023-07-03 11:12:40.669 T:1246 debug : CVideoPlayerVideo::OutputPicture - ttd:176ms pts:52.803 Clock:52.627 Level:5
2023-07-03 11:12:40.671 T:1246 debug : CVideoPlayerVideo::OutputPicture - ttd:216ms pts:52.845 Clock:52.628 Level:6
2023-07-03 11:12:40.674 T:1246 debug : CVideoPlayerVideo::OutputPicture - ttd:256ms pts:52.886 Clock:52.629 Level:6
2023-07-03 11:12:40.679 T:1243 debug : CVideoPlayer::ProcessVideoData size:34939 dts:60.853 pts:61.019 dur:41.000ms, clock:52.637 level:99
2023-07-03 11:12:40.679 T:1243 debug : CVideoPlayer::ProcessVideoData size:14232 dts:60.894 pts:60.978 dur:41.000ms, clock:52.637 level:99
2023-07-03 11:12:40.720 T:1243 debug : CVideoPlayer::ProcessVideoData size:15472 dts:60.936 pts:60.936 dur:41.000ms, clock:52.677 level:99
2023-07-03 11:12:40.794 T:1246 debug : CVideoPlayerVideo::OutputPicture - ttd:176ms pts:52.928 Clock:52.751 Level:5
2023-07-03 11:12:40.795 T:1246 debug : CVideoPlayerVideo::OutputPicture - ttd:217ms pts:52.970 Clock:52.752 Level:6
2023-07-03 11:12:40.796 T:1246 debug : CVideoPlayerVideo::OutputPicture - ttd:257ms pts:53.011 Clock:52.754 Level:6
2023-07-03 11:12:40.801 T:1243 debug : CVideoPlayer::ProcessVideoData size:51325 dts:60.978 pts:61.186 dur:41.000ms, clock:52.759 level:99
2023-07-03 11:12:40.801 T:1243 debug : CVideoPlayer::ProcessVideoData size:16701 dts:61.019 pts:61.103 dur:41.000ms, clock:52.759 level:99
2023-07-03 11:12:40.842 T:1243 debug : CVideoPlayer::ProcessVideoData size:15021 dts:61.061 pts:61.061 dur:41.000ms, clock:52.800 level:99
2023-07-03 11:12:40.883 T:1243 debug : CVideoPlayer::ProcessVideoData size:17821 dts:61.103 pts:61.145 dur:41.000ms, clock:52.841 level:99
2023-07-03 11:12:40.920 T:1246 debug : CVideoPlayerVideo::OutputPicture - ttd:175ms pts:53.053 Clock:52.877 Level:5
2023-07-03 11:12:40.921 T:1246 debug : CVideoPlayerVideo::OutputPicture - ttd:216ms pts:53.095 Clock:52.879 Level:6
2023-07-03 11:12:40.961 T:1246 debug : CVideoPlayerVideo::OutputPicture - ttd:217ms pts:53.136 Clock:52.918 Level:6
2023-07-03 11:12:40.964 T:1246 debug : CVideoPlayerVideo::OutputPicture - ttd:258ms pts:53.178 Clock:52.920 Level:6
2023-07-03 11:12:40.965 T:1243 debug : CVideoPlayer::ProcessVideoData size:37359 dts:61.145 pts:61.270 dur:41.000ms, clock:52.922 level:99
2023-07-03 11:12:40.975 T:1243 debug : CVideoPlayer::ProcessVideoData size:13816 dts:61.186 pts:61.228 dur:41.000ms, clock:52.932 level:99
2023-07-03 11:12:41.045 T:1246 debug : CVideoPlayerVideo::OutputPicture - ttd:217ms pts:53.220 Clock:53.002 Level:6
2023-07-03 11:12:41.046 T:1243 debug : CVideoPlayer::ProcessVideoData size:35514 dts:61.228 pts:61.395 dur:41.000ms, clock:53.003 level:99
2023-07-03 11:12:41.047 T:1246 debug : CVideoPlayerVideo::OutputPicture - ttd:257ms pts:53.262 Clock:53.005 Level:6
2023-07-03 11:12:41.056 T:1243 debug : CVideoPlayer::ProcessVideoData size:13703 dts:61.270 pts:61.353 dur:41.000ms, clock:53.014 level:99
2023-07-03 11:12:41.097 T:1243 debug : CVideoPlayer::ProcessVideoData size:15326 dts:61.311 pts:61.311 dur:41.000ms, clock:53.054 level:99
2023-07-03 11:12:41.170 T:1246 debug : CVideoPlayerVideo::OutputPicture - ttd:175ms pts:53.303 Clock:53.128 Level:5
2023-07-03 11:12:41.171 T:1246 debug : CVideoPlayerVideo::OutputPicture - ttd:215ms pts:53.345 Clock:53.129 Level:6
2023-07-03 11:12:41.173 T:1246 debug : CVideoPlayerVideo::OutputPicture - ttd:256ms pts:53.387 Clock:53.130 Level:6
2023-07-03 11:12:41.178 T:1243 debug : CVideoPlayer::ProcessVideoData size:34636 dts:61.353 pts:61.520 dur:41.000ms, clock:53.136 level:99
2023-07-03 11:12:41.178 T:1243 debug : CVideoPlayer::ProcessVideoData size:13914 dts:61.395 pts:61.478 dur:41.000ms, clock:53.136 level:99
2023-07-03 11:12:41.219 T:1243 debug : CVideoPlayer::ProcessVideoData size:15446 dts:61.436 pts:61.436 dur:41.000ms, clock:53.176 level:99
2023-07-03 11:12:41.295 T:1246 debug : CVideoPlayerVideo::OutputPicture - ttd:175ms pts:53.428 Clock:53.253 Level:5
2023-07-03 11:12:41.297 T:1246 debug : CVideoPlayerVideo::OutputPicture - ttd:215ms pts:53.470 Clock:53.254 Level:6
2023-07-03 11:12:41.300 T:1246 debug : CVideoPlayerVideo::OutputPicture - ttd:256ms pts:53.512 Clock:53.255 Level:6
2023-07-03 11:12:41.300 T:1243 debug : CVideoPlayer::ProcessVideoData size:35270 dts:61.478 pts:61.645 dur:41.000ms, clock:53.258 level:99
2023-07-03 11:12:41.300 T:1243 debug : CVideoPlayer::ProcessVideoData size:13394 dts:61.520 pts:61.603 dur:41.000ms, clock:53.258 level:99
2023-07-03 11:12:41.341 T:1243 debug : CVideoPlayer::ProcessVideoData size:15613 dts:61.562 pts:61.562 dur:41.000ms, clock:53.298 level:99
2023-07-03 11:12:41.419 T:1246 debug : CVideoPlayerVideo::OutputPicture - ttd:177ms pts:53.554 Clock:53.377 Level:5
2023-07-03 11:12:41.421 T:1246 debug : CVideoPlayerVideo::OutputPicture - ttd:216ms pts:53.595 Clock:53.378 Level:6
2023-07-03 11:12:41.422 T:1246 debug : CVideoPlayerVideo::OutputPicture - ttd:257ms pts:53.637 Clock:53.380 Level:6
2023-07-03 11:12:41.422 T:1243 debug : CVideoPlayer::ProcessVideoData size:33148 dts:61.603 pts:61.770 dur:41.000ms, clock:53.380 level:99
2023-07-03 11:12:41.422 T:1243 debug : CVideoPlayer::ProcessVideoData size:14054 dts:61.645 pts:61.728 dur:41.000ms, clock:53.380 level:99
2023-07-03 11:12:41.463 T:1243 debug : CVideoPlayer::ProcessVideoData size:15594 dts:61.687 pts:61.687 dur:41.000ms, clock:53.420 level:99
2023-07-03 11:12:41.545 T:1246 debug : CVideoPlayerVideo::OutputPicture - ttd:176ms pts:53.679 Clock:53.502 Level:5
2023-07-03 11:12:41.546 T:1246 debug : CVideoPlayerVideo::OutputPicture - ttd:216ms pts:53.720 Clock:53.503 Level:6
2023-07-03 11:12:41.547 T:1246 debug : CVideoPlayerVideo::OutputPicture - ttd:257ms pts:53.762 Clock:53.505 Level:6
2023-07-03 11:12:41.554 T:1243 debug : CVideoPlayer::ProcessVideoData size:33748 dts:61.728 pts:61.895 dur:41.000ms, clock:53.512 level:99
2023-07-03 11:12:41.554 T:1243 debug : CVideoPlayer::ProcessVideoData size:14433 dts:61.770 pts:61.854 dur:41.000ms, clock:53.512 level:99
2023-07-03 11:12:41.595 T:1243 debug : CVideoPlayer::ProcessVideoData size:15254 dts:61.812 pts:61.812 dur:41.000ms, clock:53.552 level:99
2023-07-03 11:12:41.670 T:1246 debug : CVideoPlayerVideo::OutputPicture - ttd:176ms pts:53.804 Clock:53.628 Level:5
2023-07-03 11:12:41.671 T:1246 debug : CVideoPlayerVideo::OutputPicture - ttd:216ms pts:53.846 Clock:53.629 Level:6
2023-07-03 11:12:41.673 T:1246 debug : CVideoPlayerVideo::OutputPicture - ttd:256ms pts:53.887 Clock:53.630 Level:6
2023-07-03 11:12:41.676 T:1243 debug : CVideoPlayer::ProcessVideoData size:33259 dts:61.854 pts:62.020 dur:41.000ms, clock:53.634 level:99
2023-07-03 11:12:41.676 T:1243 debug : CVideoPlayer::ProcessVideoData size:14067 dts:61.895 pts:61.979 dur:41.000ms, clock:53.634 level:99
2023-07-03 11:12:41.717 T:1243 debug : CVideoPlayer::ProcessVideoData size:14961 dts:61.937 pts:61.937 dur:41.000ms, clock:53.674 level:99
2023-07-03 11:12:41.796 T:1246 debug : CVideoPlayerVideo::OutputPicture - ttd:175ms pts:53.929 Clock:53.753 Level:5
2023-07-03 11:12:41.797 T:1246 debug : CVideoPlayerVideo::OutputPicture - ttd:216ms pts:53.971 Clock:53.755 Level:6
2023-07-03 11:12:41.798 T:1243 debug : CVideoPlayer::ProcessVideoData size:63223 dts:61.979 pts:62.146 dur:41.000ms, clock:53.756 level:99
2023-07-03 11:12:41.800 T:1246 debug : CVideoPlayerVideo::OutputPicture - ttd:254ms pts:54.012 Clock:53.757 Level:6
2023-07-03 11:12:41.809 T:1243 debug : CVideoPlayer::ProcessVideoData size:14776 dts:62.020 pts:62.104 dur:41.000ms, clock:53.766 level:99
2023-07-03 11:12:41.839 T:1243 debug : CVideoPlayer::ProcessVideoData size:15186 dts:62.062 pts:62.062 dur:41.000ms, clock:53.797 level:99
2023-07-03 11:12:41.880 T:1243 debug : CVideoPlayer::ProcessVideoData size:35639 dts:62.104 pts:62.271 dur:41.000ms, clock:53.838 level:99
2023-07-03 11:12:41.922 T:1246 debug : CVideoPlayerVideo::OutputPicture - ttd:174ms pts:54.054 Clock:53.879 Level:5
2023-07-03 11:12:41.923 T:1246 debug : CVideoPlayerVideo::OutputPicture - ttd:215ms pts:54.096 Clock:53.880 Level:6
2023-07-03 11:12:41.962 T:1246 debug : CVideoPlayerVideo::OutputPicture - ttd:218ms pts:54.138 Clock:53.919 Level:6
2023-07-03 11:12:41.965 T:1246 debug : CVideoPlayerVideo::OutputPicture - ttd:258ms pts:54.179 Clock:53.921 Level:6
2023-07-03 11:12:41.971 T:1243 debug : CVideoPlayer::ProcessVideoData size:13707 dts:62.146 pts:62.229 dur:41.000ms, clock:53.929 level:99
2023-07-03 11:12:41.971 T:1243 debug : CVideoPlayer::ProcessVideoData size:15651 dts:62.187 pts:62.187 dur:41.000ms, clock:53.929 level:99
2023-07-03 11:12:42.045 T:1246 debug : CVideoPlayerVideo::OutputPicture - ttd:218ms pts:54.221 Clock:54.002 Level:6
2023-07-03 11:12:42.048 T:1246 debug : CVideoPlayerVideo::OutputPicture - ttd:259ms pts:54.263 Clock:54.004 Level:6
2023-07-03 11:12:42.052 T:1243 debug : CVideoPlayer::ProcessVideoData size:34802 dts:62.229 pts:62.396 dur:41.000ms, clock:54.010 level:99
2023-07-03 11:12:42.053 T:1243 debug : CVideoPlayer::ProcessVideoData size:13917 dts:62.271 pts:62.354 dur:41.000ms, clock:54.010 level:99
2023-07-03 11:12:42.093 T:1243 debug : CVideoPlayer::ProcessVideoData size:15264 dts:62.312 pts:62.312 dur:41.000ms, clock:54.051 level:99
2023-07-03 11:12:42.171 T:1246 debug : CVideoPlayerVideo::OutputPicture - ttd:175ms pts:54.304 Clock:54.129 Level:5
2023-07-03 11:12:42.172 T:1246 debug : CVideoPlayerVideo::OutputPicture - ttd:216ms pts:54.346 Clock:54.130 Level:6
2023-07-03 11:12:42.173 T:1246 debug : CVideoPlayerVideo::OutputPicture - ttd:256ms pts:54.388 Clock:54.131 Level:6
2023-07-03 11:12:42.174 T:1243 debug : CVideoPlayer::ProcessVideoData size:34785 dts:62.354 pts:62.521 dur:41.000ms, clock:54.132 level:99
2023-07-03 11:12:42.174 T:1243 debug : CVideoPlayer::ProcessVideoData size:13746 dts:62.396 pts:62.479 dur:41.000ms, clock:54.132 level:99
2023-07-03 11:12:42.215 T:1243 debug : CVideoPlayer::ProcessVideoData size:15459 dts:62.437 pts:62.437 dur:41.000ms, clock:54.172 level:99
2023-07-03 11:12:42.295 T:1246 debug : CVideoPlayerVideo::OutputPicture - ttd:176ms pts:54.429 Clock:54.253 Level:5
2023-07-03 11:12:42.297 T:1246 debug : CVideoPlayerVideo::OutputPicture - ttd:216ms pts:54.471 Clock:54.254 Level:6
2023-07-03 11:12:42.298 T:1246 debug : CVideoPlayerVideo::OutputPicture - ttd:257ms pts:54.513 Clock:54.256 Level:6
2023-07-03 11:12:42.308 T:1243 debug : CVideoPlayer::ProcessVideoData size:407597 dts:62.479 pts:62.563 dur:41.000ms, clock:54.265 level:99
2023-07-03 11:12:42.308 T:1243 debug : CVideoPlayer::ProcessVideoData size:30278 dts:62.521 pts:62.646 dur:41.000ms, clock:54.266 level:99
2023-07-03 11:12:42.349 T:1243 debug : CVideoPlayer::ProcessVideoData size:13963 dts:62.563 pts:62.604 dur:41.000ms, clock:54.306 level:99
2023-07-03 11:12:42.421 T:1246 debug : CVideoPlayerVideo::OutputPicture - ttd:176ms pts:54.555 Clock:54.378 Level:5
2023-07-03 11:12:42.422 T:1246 debug : CVideoPlayerVideo::OutputPicture - ttd:216ms pts:54.596 Clock:54.380 Level:6
2023-07-03 11:12:42.423 T:1246 debug : CVideoPlayerVideo::OutputPicture - ttd:257ms pts:54.638 Clock:54.381 Level:6
2023-07-03 11:12:42.430 T:1243 debug : CVideoPlayer::ProcessVideoData size:31976 dts:62.604 pts:62.771 dur:41.000ms, clock:54.387 level:99
2023-07-03 11:12:42.430 T:1243 debug : CVideoPlayer::ProcessVideoData size:13253 dts:62.646 pts:62.729 dur:41.000ms, clock:54.388 level:99
2023-07-03 11:12:42.471 T:1243 debug : CVideoPlayer::ProcessVideoData size:15426 dts:62.688 pts:62.688 dur:41.000ms, clock:54.428 level:99
2023-07-03 11:12:42.546 T:1246 debug : CVideoPlayerVideo::OutputPicture - ttd:176ms pts:54.680 Clock:54.504 Level:5
2023-07-03 11:12:42.548 T:1246 debug : CVideoPlayerVideo::OutputPicture - ttd:215ms pts:54.721 Clock:54.505 Level:6
2023-07-03 11:12:42.550 T:1246 debug : CVideoPlayerVideo::OutputPicture - ttd:256ms pts:54.763 Clock:54.506 Level:6
2023-07-03 11:12:42.552 T:1243 debug : CVideoPlayer::ProcessVideoData size:33599 dts:62.729 pts:62.896 dur:41.000ms, clock:54.510 level:99
2023-07-03 11:12:42.552 T:1243 debug : CVideoPlayer::ProcessVideoData size:14064 dts:62.771 pts:62.855 dur:41.000ms, clock:54.510 level:99
2023-07-03 11:12:42.593 T:1243 debug : CVideoPlayer::ProcessVideoData size:15390 dts:62.813 pts:62.813 dur:41.000ms, clock:54.550 level:99
2023-07-03 11:12:42.671 T:1246 debug : CVideoPlayerVideo::OutputPicture - ttd:176ms pts:54.805 Clock:54.628 Level:5
2023-07-03 11:12:42.672 T:1246 debug : CVideoPlayerVideo::OutputPicture - ttd:217ms pts:54.847 Clock:54.630 Level:6
2023-07-03 11:12:42.674 T:1246 debug : CVideoPlayerVideo::OutputPicture - ttd:257ms pts:54.888 Clock:54.631 Level:6
2023-07-03 11:12:42.675 T:1243 debug : CVideoPlayer::ProcessVideoData size:32595 dts:62.855 pts:63.021 dur:41.000ms, clock:54.632 level:99
2023-07-03 11:12:42.685 T:1243 debug : CVideoPlayer::ProcessVideoData size:14141 dts:62.896 pts:62.980 dur:41.000ms, clock:54.642 level:99
2023-07-03 11:12:42.715 T:1243 debug : CVideoPlayer::ProcessVideoData size:15520 dts:62.938 pts:62.938 dur:41.000ms, clock:54.673 level:99
2023-07-03 11:12:42.796 T:1246 debug : CVideoPlayerVideo::OutputPicture - ttd:176ms pts:54.930 Clock:54.753 Level:5
2023-07-03 11:12:42.797 T:1246 debug : CVideoPlayerVideo::OutputPicture - ttd:217ms pts:54.972 Clock:54.755 Level:6
2023-07-03 11:12:42.799 T:1246 debug : CVideoPlayerVideo::OutputPicture - ttd:256ms pts:55.013 Clock:54.756 Level:6
2023-07-03 11:12:42.807 T:1243 debug : CVideoPlayer::ProcessVideoData size:69741 dts:62.980 pts:63.147 dur:41.000ms, clock:54.764 level:99
2023-07-03 11:12:42.807 T:1243 debug : CVideoPlayer::ProcessVideoData size:14409 dts:63.021 pts:63.105 dur:41.000ms, clock:54.764 level:99
2023-07-03 11:12:42.847 T:1243 debug : CVideoPlayer::ProcessVideoData size:15739 dts:63.063 pts:63.063 dur:41.000ms, clock:54.805 level:99
2023-07-03 11:12:42.888 T:1243 debug : CVideoPlayer::ProcessVideoData size:37736 dts:63.105 pts:63.272 dur:41.000ms, clock:54.846 level:99
2023-07-03 11:12:42.921 T:1246 debug : CVideoPlayerVideo::OutputPicture - ttd:176ms pts:55.055 Clock:54.879 Level:5
2023-07-03 11:12:42.922 T:1246 debug : CVideoPlayerVideo::OutputPicture - ttd:217ms pts:55.097 Clock:54.880 Level:6
2023-07-03 11:12:42.963 T:1246 debug : CVideoPlayerVideo::OutputPicture - ttd:218ms pts:55.139 Clock:54.920 Level:6
2023-07-03 11:12:42.967 T:1246 debug : CVideoPlayerVideo::OutputPicture - ttd:258ms pts:55.180 Clock:54.922 Level:6
2023-07-03 11:12:42.969 T:1243 debug : CVideoPlayer::ProcessVideoData size:13911 dts:63.147 pts:63.230 dur:41.000ms, clock:54.927 level:99
2023-07-03 11:12:42.969 T:1243 debug : CVideoPlayer::ProcessVideoData size:15384 dts:63.188 pts:63.188 dur:41.000ms, clock:54.927 level:99
2023-07-03 11:12:43.010 T:1243 debug : CVideoPlayer::ProcessVideoData size:37118 dts:63.230 pts:63.397 dur:41.000ms, clock:54.968 level:99
2023-07-03 11:12:43.088 T:1246 debug : CVideoPlayerVideo::OutputPicture - ttd:176ms pts:55.222 Clock:55.045 Level:5
2023-07-03 11:12:43.089 T:1246 debug : CVideoPlayerVideo::OutputPicture - ttd:217ms pts:55.264 Clock:55.047 Level:6
2023-07-03 11:12:43.090 T:1246 debug : CVideoPlayerVideo::OutputPicture - ttd:257ms pts:55.305 Clock:55.048 Level:6
2023-07-03 11:12:43.091 T:1243 debug : CVideoPlayer::ProcessVideoData size:13744 dts:63.272 pts:63.355 dur:41.000ms, clock:55.048 level:99
2023-07-03 11:12:43.091 T:1243 debug : CVideoPlayer::ProcessVideoData size:15480 dts:63.313 pts:63.313 dur:41.000ms, clock:55.049 level:99
2023-07-03 11:12:43.132 T:1243 debug : CVideoPlayer::ProcessVideoData size:35599 dts:63.355 pts:63.522 dur:41.000ms, clock:55.089 level:99
2023-07-03 11:12:43.213 T:1246 debug : CVideoPlayerVideo::OutputPicture - ttd:176ms pts:55.347 Clock:55.171 Level:5
2023-07-03 11:12:43.214 T:1246 debug : CVideoPlayerVideo::OutputPicture - ttd:217ms pts:55.389 Clock:55.172 Level:6
2023-07-03 11:12:43.216 T:1246 debug : CVideoPlayerVideo::OutputPicture - ttd:256ms pts:55.430 Clock:55.173 Level:6
2023-07-03 11:12:43.223 T:1243 debug : CVideoPlayer::ProcessVideoData size:13801 dts:63.397 pts:63.480 dur:41.000ms, clock:55.181 level:99
2023-07-03 11:12:43.223 T:1243 debug : CVideoPlayer::ProcessVideoData size:15187 dts:63.438 pts:63.438 dur:41.000ms, clock:55.181 level:99
2023-07-03 11:12:43.264 T:1243 debug : CVideoPlayer::ProcessVideoData size:34916 dts:63.480 pts:63.647 dur:41.000ms, clock:55.221 level:99
2023-07-03 11:12:43.338 T:1246 debug : CVideoPlayerVideo::OutputPicture - ttd:176ms pts:55.472 Clock:55.296 Level:5
2023-07-03 11:12:43.339 T:1246 debug : CVideoPlayerVideo::OutputPicture - ttd:216ms pts:55.514 Clock:55.297 Level:6
2023-07-03 11:12:43.341 T:1246 debug : CVideoPlayerVideo::OutputPicture - ttd:257ms pts:55.556 Clock:55.298 Level:6
2023-07-03 11:12:43.345 T:1243 debug : CVideoPlayer::ProcessVideoData size:12686 dts:63.522 pts:63.605 dur:41.000ms, clock:55.302 level:99
2023-07-03 11:12:43.345 T:1243 debug : CVideoPlayer::ProcessVideoData size:15528 dts:63.564 pts:63.564 dur:41.000ms, clock:55.303 level:99
2023-07-03 11:12:43.386 T:1243 debug : CVideoPlayer::ProcessVideoData size:34585 dts:63.605 pts:63.772 dur:41.000ms, clock:55.344 level:99
2023-07-03 11:12:43.464 T:1246 debug : CVideoPlayerVideo::OutputPicture - ttd:175ms pts:55.597 Clock:55.421 Level:5
2023-07-03 11:12:43.465 T:1246 debug : CVideoPlayerVideo::OutputPicture - ttd:216ms pts:55.639 Clock:55.423 Level:6
2023-07-03 11:12:43.466 T:1246 debug : CVideoPlayerVideo::OutputPicture - ttd:257ms pts:55.681 Clock:55.424 Level:6
2023-07-03 11:12:43.467 T:1243 debug : CVideoPlayer::ProcessVideoData size:13996 dts:63.647 pts:63.730 dur:41.000ms, clock:55.425 level:99
2023-07-03 11:12:43.467 T:1243 debug : CVideoPlayer::ProcessVideoData size:15409 dts:63.689 pts:63.689 dur:41.000ms, clock:55.425 level:99
2023-07-03 11:12:43.508 T:1243 debug : CVideoPlayer::ProcessVideoData size:34335 dts:63.730 pts:63.897 dur:41.000ms, clock:55.465 level:99
2023-07-03 11:12:43.589 T:1246 debug : CVideoPlayerVideo::OutputPicture - ttd:175ms pts:55.722 Clock:55.546 Level:5
2023-07-03 11:12:43.590 T:1246 debug : CVideoPlayerVideo::OutputPicture - ttd:216ms pts:55.764 Clock:55.548 Level:6
2023-07-03 11:12:43.596 T:1246 debug : CVideoPlayerVideo::OutputPicture - ttd:257ms pts:55.806 Clock:55.549 Level:6
2023-07-03 11:12:43.599 T:1243 debug : CVideoPlayer::ProcessVideoData size:13459 dts:63.772 pts:63.856 dur:41.000ms, clock:55.556 level:99
2023-07-03 11:12:43.599 T:1243 debug : CVideoPlayer::ProcessVideoData size:15093 dts:63.814 pts:63.814 dur:41.000ms, clock:55.557 level:99
2023-07-03 11:12:43.640 T:1243 debug : CVideoPlayer::ProcessVideoData size:34672 dts:63.856 pts:64.022 dur:41.000ms, clock:55.597 level:99
2023-07-03 11:12:43.713 T:1246 debug : CVideoPlayerVideo::OutputPicture - ttd:177ms pts:55.848 Clock:55.671 Level:5
2023-07-03 11:12:43.715 T:1246 debug : CVideoPlayerVideo::OutputPicture - ttd:216ms pts:55.889 Clock:55.672 Level:6
2023-07-03 11:12:43.716 T:1246 debug : CVideoPlayerVideo::OutputPicture - ttd:257ms pts:55.931 Clock:55.673 Level:6
2023-07-03 11:12:43.721 T:1243 debug : CVideoPlayer::ProcessVideoData size:13786 dts:63.897 pts:63.981 dur:41.000ms, clock:55.678 level:99
2023-07-03 11:12:43.721 T:1243 debug : CVideoPlayer::ProcessVideoData size:15306 dts:63.939 pts:63.939 dur:41.000ms, clock:55.679 level:99
2023-07-03 11:12:43.762 T:1243 debug : CVideoPlayer::ProcessVideoData size:53803 dts:63.981 pts:64.189 dur:41.000ms, clock:55.719 level:99
2023-07-03 11:12:43.803 T:1243 debug : CVideoPlayer::ProcessVideoData size:16289 dts:64.022 pts:64.106 dur:41.000ms, clock:55.760 level:99
2023-07-03 11:12:43.839 T:1246 debug : CVideoPlayerVideo::OutputPicture - ttd:176ms pts:55.973 Clock:55.797 Level:5
2023-07-03 11:12:43.841 T:1246 debug : CVideoPlayerVideo::OutputPicture - ttd:215ms pts:56.014 Clock:55.798 Level:6
2023-07-03 11:12:43.880 T:1246 debug : CVideoPlayerVideo::OutputPicture - ttd:218ms pts:56.056 Clock:55.838 Level:6
2023-07-03 11:12:43.883 T:1243 debug : CVideoPlayer::ProcessVideoData size:15649 dts:64.064 pts:64.064 dur:41.000ms, clock:55.841 level:99
2023-07-03 11:12:43.891 T:1246 debug : CVideoPlayerVideo::OutputPicture - ttd:258ms pts:56.098 Clock:55.839 Level:6
2023-07-03 11:12:43.894 T:1243 debug : CVideoPlayer::ProcessVideoData size:18522 dts:64.106 pts:64.148 dur:41.000ms, clock:55.851 level:99
2023-07-03 11:12:43.925 T:1243 debug : CVideoPlayer::ProcessVideoData size:37865 dts:64.148 pts:64.273 dur:41.000ms, clock:55.882 level:99
2023-07-03 11:12:44.006 T:1246 debug : CVideoPlayerVideo::OutputPicture - ttd:176ms pts:56.140 Clock:55.963 Level:5
2023-07-03 11:12:44.006 T:1243 debug : CVideoPlayer::ProcessVideoData size:14444 dts:64.189 pts:64.231 dur:41.000ms, clock:55.963 level:99
2023-07-03 11:12:44.006 T:1243 debug : CVideoPlayer::ProcessVideoData size:35889 dts:64.231 pts:64.398 dur:41.000ms, clock:55.964 level:99
2023-07-03 11:12:44.008 T:1246 debug : CVideoPlayerVideo::OutputPicture - ttd:215ms pts:56.181 Clock:55.965 Level:6
2023-07-03 11:12:44.017 T:1246 debug : CVideoPlayerVideo::OutputPicture - ttd:256ms pts:56.223 Clock:55.966 Level:6
2023-07-03 11:12:44.057 T:1243 debug : CVideoPlayer::ProcessVideoData size:13638 dts:64.273 pts:64.356 dur:41.000ms, clock:56.015 level:99
2023-07-03 11:12:44.130 T:1246 debug : CVideoPlayerVideo::OutputPicture - ttd:177ms pts:56.265 Clock:56.088 Level:5
2023-07-03 11:12:44.132 T:1246 debug : CVideoPlayerVideo::OutputPicture - ttd:216ms pts:56.306 Clock:56.089 Level:6
2023-07-03 11:12:44.138 T:1243 debug : CVideoPlayer::ProcessVideoData size:15494 dts:64.314 pts:64.314 dur:41.000ms, clock:56.096 level:99
2023-07-03 11:12:44.143 T:1246 debug : CVideoPlayerVideo::OutputPicture - ttd:257ms pts:56.348 Clock:56.090 Level:6
2023-07-03 11:12:44.149 T:1243 debug : CVideoPlayer::ProcessVideoData size:34659 dts:64.356 pts:64.523 dur:41.000ms, clock:56.106 level:99
2023-07-03 11:12:44.179 T:1243 debug : CVideoPlayer::ProcessVideoData size:14147 dts:64.398 pts:64.481 dur:41.000ms, clock:56.137 level:99
2023-07-03 11:12:44.256 T:1246 debug : CVideoPlayerVideo::OutputPicture - ttd:176ms pts:56.390 Clock:56.213 Level:5
2023-07-03 11:12:44.257 T:1246 debug : CVideoPlayerVideo::OutputPicture - ttd:216ms pts:56.431 Clock:56.215 Level:6
2023-07-03 11:12:44.258 T:1246 debug : CVideoPlayerVideo::OutputPicture - ttd:257ms pts:56.473 Clock:56.216 Level:6
2023-07-03 11:12:44.260 T:1243 debug : CVideoPlayer::ProcessVideoData size:15181 dts:64.439 pts:64.439 dur:41.000ms, clock:56.218 level:99
2023-07-03 11:12:44.261 T:1243 debug : CVideoPlayer::ProcessVideoData size:34815 dts:64.481 pts:64.648 dur:41.000ms, clock:56.218 level:99
2023-07-03 11:12:44.339 T:1246 debug : CVideoPlayerVideo::OutputPicture - ttd:218ms pts:56.515 Clock:56.296 Level:6
2023-07-03 11:12:44.343 T:1246 debug : CVideoPlayerVideo::OutputPicture - ttd:256ms pts:56.557 Clock:56.300 Level:6
2023-07-03 11:12:44.352 T:1243 debug : CVideoPlayer::ProcessVideoData size:13863 dts:64.523 pts:64.606 dur:41.000ms, clock:56.309 level:99
2023-07-03 11:12:44.352 T:1243 debug : CVideoPlayer::ProcessVideoData size:15029 dts:64.565 pts:64.565 dur:41.000ms, clock:56.309 level:99
2023-07-03 11:12:44.383 T:1243 debug : CVideoPlayer::ProcessVideoData size:34804 dts:64.606 pts:64.773 dur:41.000ms, clock:56.340 level:99
2023-07-03 11:12:44.465 T:1246 debug : CVideoPlayerVideo::OutputPicture - ttd:175ms pts:56.598 Clock:56.422 Level:5
2023-07-03 11:12:44.466 T:1246 debug : CVideoPlayerVideo::OutputPicture - ttd:216ms pts:56.640 Clock:56.423 Level:6
2023-07-03 11:12:44.467 T:1246 debug : CVideoPlayerVideo::OutputPicture - ttd:257ms pts:56.682 Clock:56.425 Level:6
2023-07-03 11:12:44.474 T:1243 debug : CVideoPlayer::ProcessVideoData size:14157 dts:64.648 pts:64.731 dur:41.000ms, clock:56.431 level:99
2023-07-03 11:12:44.474 T:1243 debug : CVideoPlayer::ProcessVideoData size:15127 dts:64.690 pts:64.690 dur:41.000ms, clock:56.431 level:99
2023-07-03 11:12:44.515 T:1243 debug : CVideoPlayer::ProcessVideoData size:34083 dts:64.731 pts:64.898 dur:41.000ms, clock:56.472 level:99
2023-07-03 11:12:44.589 T:1246 debug : CVideoPlayerVideo::OutputPicture - ttd:176ms pts:56.723 Clock:56.546 Level:5
2023-07-03 11:12:44.590 T:1246 debug : CVideoPlayerVideo::OutputPicture - ttd:217ms pts:56.765 Clock:56.548 Level:6
2023-07-03 11:12:44.592 T:1246 debug : CVideoPlayerVideo::OutputPicture - ttd:258ms pts:56.807 Clock:56.549 Level:6
2023-07-03 11:12:44.596 T:1243 debug : CVideoPlayer::ProcessVideoData size:13678 dts:64.773 pts:64.857 dur:41.000ms, clock:56.553 level:99
2023-07-03 11:12:44.596 T:1243 debug : CVideoPlayer::ProcessVideoData size:15511 dts:64.815 pts:64.815 dur:41.000ms, clock:56.553 level:99
2023-07-03 11:12:44.673 T:1246 debug : CVideoPlayerVideo::OutputPicture - ttd:218ms pts:56.849 Clock:56.631 Level:6
2023-07-03 11:12:44.675 T:1246 debug : CVideoPlayerVideo::OutputPicture - ttd:257ms pts:56.890 Clock:56.632 Level:6
