2023-07-03 11:12:51.824 T:1275 debug :
2023-07-03 11:12:51.824 T:1275 debug : CPythonInvoker(22, /storage/.kodi/addons/script.skinshortcuts/resources/lib/entry_point.py): the source file to load is "/storage/.kodi/addons/script.skinshortcuts/resources/lib/entry_point.py"
2023-07-03 11:12:51.824 T:1275 debug : CPythonInvoker(22): full python path:
2023-07-03 11:12:51.824 T:1275 debug : CPythonInvoker(22): custom python path:
2023-07-03 11:12:51.824 T:1275 debug : CPythonInvoker(22): /storage/.kodi/addons/script.module.simpleeval/lib
2023-07-03 11:12:51.824 T:1275 debug : CPythonInvoker(22): /storage/.kodi/addons/script.module.unidecode/lib
2023-07-03 11:12:51.824 T:1275 debug : CPythonInvoker(22): /storage/.kodi/addons/script.skinshortcuts/resources/lib
2023-07-03 11:12:51.824 T:1275 debug : CPythonInvoker(22): default python path:
2023-07-03 11:12:51.824 T:1275 debug : CPythonInvoker(22): /usr/lib/python311.zip
2023-07-03 11:12:51.824 T:1275 debug : CPythonInvoker(22): /usr/lib/python3.11
2023-07-03 11:12:51.824 T:1275 debug : CPythonInvoker(22): /usr/lib/python3.11/lib-dynload
2023-07-03 11:12:51.825 T:1275 debug : CPythonInvoker(22): /usr/lib/python3.11/site-packages
2023-07-03 11:12:51.825 T:1275 debug : CPythonInvoker(22): adding args:
2023-07-03 11:12:51.825 T:1275 debug : CPythonInvoker(22): entry_point.py
2023-07-03 11:12:51.825 T:1275 debug : CPythonInvoker(22): type=buildxml&mainmenuID=9000&levels=2&options=noGroups
2023-07-03 11:12:51.825 T:1275 debug : CPythonInvoker(22, /storage/.kodi/addons/script.skinshortcuts/resources/lib/entry_point.py): entering source directory /storage/.kodi/addons/script.skinshortcuts/resources/lib
2023-07-03 11:12:51.825 T:1275 debug : CPythonInvoker(22, /storage/.kodi/addons/script.skinshortcuts/resources/lib/entry_point.py): instantiating addon using automatically obtained id of "script.skinshortcuts" dependent on version 3.0.0 of the xbmc.python api
2023-07-03 11:12:51.845 T:1263 debug : GetRecentlyAddedAlbums query: SELECT albumview.*, albumartistview.* FROM (SELECT idAlbum FROM album WHERE strAlbum != '' ORDER BY dateAdded DESC LIMIT 10) AS recentalbums JOIN albumview ON albumview.idAlbum = recentalbums.idAlbum JOIN albumartistview ON albumview.idAlbum = albumartistview.idAlbum ORDER BY dateAdded DESC, albumview.idAlbum desc, albumartistview.iOrder
2023-07-03 11:12:51.847 T:1246 debug : CVideoPlayerVideo::OutputPicture - ttd:343ms pts:64.148 Clock:63.805 Level:6
2023-07-03 11:12:51.857 T:1243 debug : CVideoPlayer::ProcessVideoData size:36897 dts:72.156 pts:72.281 dur:41.000ms, clock:63.814 level:99
2023-07-03 11:12:51.861 T:1246 debug : CVideoPlayerVideo::OutputPicture - ttd:382ms pts:64.189 Clock:63.806 Level:6
2023-07-03 11:12:51.867 T:1243 debug : CVideoPlayer::ProcessVideoData size:14041 dts:72.197 pts:72.239 dur:41.000ms, clock:63.825 level:99
2023-07-03 11:12:51.879 T:1263 debug : CRecentlyAddedJob::UpdateVideos() - Running RecentlyAdded home screen update
2023-07-03 11:12:51.879 T:1263 debug : connect replacing configured host 192.168.1.6 with resolved host 192.168.1.6
2023-07-03 11:12:51.930 T:1246 info : Skipped 1 duplicate messages..
2023-07-03 11:12:51.930 T:1246 debug : CVideoPlayerVideo::OutputPicture - ttd:343ms pts:64.231 Clock:63.888 Level:6
2023-07-03 11:12:51.933 T:1246 debug : CVideoPlayerVideo::OutputPicture - ttd:383ms pts:64.273 Clock:63.889 Level:6
2023-07-03 11:12:51.999 T:1243 debug : CVideoPlayer::ProcessVideoData size:35460 dts:72.239 pts:72.406 dur:41.000ms, clock:63.957 level:98
2023-07-03 11:12:52.000 T:1243 debug : CVideoPlayer::ProcessVideoData size:13801 dts:72.281 pts:72.364 dur:41.000ms, clock:63.957 level:99
2023-07-03 11:12:52.000 T:1243 debug : CVideoPlayer::ProcessVideoData size:14971 dts:72.322 pts:72.322 dur:41.000ms, clock:63.957 level:99
2023-07-03 11:12:52.056 T:1246 debug : CVideoPlayerVideo::OutputPicture - ttd:300ms pts:64.314 Clock:64.013 Level:5
2023-07-03 11:12:52.057 T:1246 debug : CVideoPlayerVideo::OutputPicture - ttd:341ms pts:64.356 Clock:64.015 Level:6
2023-07-03 11:12:52.059 T:1246 debug : CVideoPlayerVideo::OutputPicture - ttd:381ms pts:64.398 Clock:64.016 Level:6
2023-07-03 11:12:52.081 T:1243 debug : CVideoPlayer::ProcessVideoData size:34251 dts:72.364 pts:72.531 dur:41.000ms, clock:64.039 level:99
2023-07-03 11:12:52.081 T:1243 debug : CVideoPlayer::ProcessVideoData size:14140 dts:72.406 pts:72.489 dur:41.000ms, clock:64.039 level:99
2023-07-03 11:12:52.102 T:1243 debug : CVideoPlayer::ProcessVideoData size:15515 dts:72.447 pts:72.447 dur:41.000ms, clock:64.059 level:99
2023-07-03 11:12:52.180 T:1246 debug : CVideoPlayerVideo::OutputPicture - ttd:301ms pts:64.439 Clock:64.138 Level:5
2023-07-03 11:12:52.182 T:1246 debug : CVideoPlayerVideo::OutputPicture - ttd:341ms pts:64.481 Clock:64.139 Level:6
2023-07-03 11:12:52.183 T:1246 debug : CVideoPlayerVideo::OutputPicture - ttd:382ms pts:64.523 Clock:64.141 Level:6
2023-07-03 11:12:52.254 T:1243 debug : CVideoPlayer::ProcessVideoData size:34116 dts:72.489 pts:72.656 dur:41.000ms, clock:64.212 level:98
2023-07-03 11:12:52.255 T:1243 debug : CVideoPlayer::ProcessVideoData size:12981 dts:72.531 pts:72.614 dur:41.000ms, clock:64.212 level:99
2023-07-03 11:12:52.255 T:1243 debug : CVideoPlayer::ProcessVideoData size:15720 dts:72.573 pts:72.573 dur:41.000ms, clock:64.212 level:99
2023-07-03 11:12:52.305 T:1246 debug : CVideoPlayerVideo::OutputPicture - ttd:302ms pts:64.565 Clock:64.263 Level:5
2023-07-03 11:12:52.307 T:1246 debug : CVideoPlayerVideo::OutputPicture - ttd:341ms pts:64.606 Clock:64.264 Level:6
2023-07-03 11:12:52.310 T:1246 debug : CVideoPlayerVideo::OutputPicture - ttd:382ms pts:64.648 Clock:64.265 Level:6
2023-07-03 11:12:52.336 T:1243 debug : CVideoPlayer::ProcessVideoData size:34550 dts:72.614 pts:72.781 dur:41.000ms, clock:64.293 level:99
2023-07-03 11:12:52.336 T:1243 debug : CVideoPlayer::ProcessVideoData size:13838 dts:72.656 pts:72.739 dur:41.000ms, clock:64.294 level:99
2023-07-03 11:12:52.346 T:1276 debug : Thread Timer start, auto delete: false
2023-07-03 11:12:52.357 T:1243 debug : CVideoPlayer::ProcessVideoData size:15185 dts:72.698 pts:72.698 dur:41.000ms, clock:64.314 level:99
2023-07-03 11:12:52.357 T:1275 debug : CPythonInvoker(22, /storage/.kodi/addons/script.skinshortcuts/resources/lib/entry_point.py): script successfully run
2023-07-03 11:12:52.357 T:1275 debug : onExecutionDone(22, /storage/.kodi/addons/script.skinshortcuts/resources/lib/entry_point.py)
2023-07-03 11:12:52.359 T:1276 debug : Thread Timer 547390365440 terminating
2023-07-03 11:12:52.359 T:1277 debug : Thread Timer start, auto delete: false
2023-07-03 11:12:52.431 T:1246 debug : CVideoPlayerVideo::OutputPicture - ttd:301ms pts:64.690 Clock:64.388 Level:5
2023-07-03 11:12:52.433 T:1246 debug : CVideoPlayerVideo::OutputPicture - ttd:340ms pts:64.731 Clock:64.390 Level:6
2023-07-03 11:12:52.434 T:1246 debug : CVideoPlayerVideo::OutputPicture - ttd:381ms pts:64.773 Clock:64.392 Level:6
2023-07-03 11:12:52.438 T:1243 debug : CVideoPlayer::ProcessVideoData size:34600 dts:72.739 pts:72.906 dur:41.000ms, clock:64.396 level:99
2023-07-03 11:12:52.438 T:1243 debug : CVideoPlayer::ProcessVideoData size:14381 dts:72.781 pts:72.865 dur:41.000ms, clock:64.396 level:99
2023-07-03 11:12:52.463 T:1263 debug : CRecentlyAddedJob::UpdateTotal() - Running RecentlyAdded home screen update
2023-07-03 11:12:52.463 T:1263 debug : connect replacing configured host 192.168.1.6 with resolved host 192.168.1.6
2023-07-03 11:12:52.479 T:1243 debug : CVideoPlayer::ProcessVideoData size:15201 dts:72.823 pts:72.823 dur:41.000ms, clock:64.437 level:99
2023-07-03 11:12:52.499 T:1263 debug : connect replacing configured host 192.168.1.6 with resolved host 192.168.1.6
2023-07-03 11:12:52.503 T:1275 debug : Python interpreter stopped
2023-07-03 11:12:52.503 T:1275 debug : Thread LanguageInvoker 545611443968 terminating
2023-07-03 11:12:52.557 T:1246 debug : CVideoPlayerVideo::OutputPicture - ttd:300ms pts:64.815 Clock:64.514 Level:5
2023-07-03 11:12:52.558 T:1246 debug : CVideoPlayerVideo::OutputPicture - ttd:341ms pts:64.857 Clock:64.515 Level:5
2023-07-03 11:12:52.559 T:1246 debug : CVideoPlayerVideo::OutputPicture - ttd:381ms pts:64.898 Clock:64.517 Level:6
2023-07-03 11:12:52.560 T:1243 debug : CVideoPlayer::ProcessVideoData size:18934 dts:72.865 pts:72.948 dur:41.000ms, clock:64.518 level:99
2023-07-03 11:12:52.562 T:1243 debug : CVideoPlayer::ProcessVideoData size:406327 dts:72.906 pts:72.990 dur:41.000ms, clock:64.520 level:99
2023-07-03 11:12:52.675 T:1243 debug : CVideoPlayer::ProcessVideoData size:73132 dts:72.948 pts:73.157 dur:41.000ms, clock:64.633 level:99
2023-07-03 11:12:52.681 T:1246 debug : CVideoPlayerVideo::OutputPicture - ttd:301ms pts:64.940 Clock:64.639 Level:5
2023-07-03 11:12:52.683 T:1246 debug : CVideoPlayerVideo::OutputPicture - ttd:341ms pts:64.982 Clock:64.640 Level:5
2023-07-03 11:12:52.684 T:1246 debug : CVideoPlayerVideo::OutputPicture - ttd:381ms pts:65.023 Clock:64.641 Level:6
2023-07-03 11:12:52.686 T:1243 debug : CVideoPlayer::ProcessVideoData size:17777 dts:72.990 pts:73.073 dur:41.000ms, clock:64.644 level:99
2023-07-03 11:12:52.686 T:1243 debug : CVideoPlayer::ProcessVideoData size:16191 dts:73.031 pts:73.031 dur:41.000ms, clock:64.644 level:99
2023-07-03 11:12:52.727 T:1243 debug : CVideoPlayer::ProcessVideoData size:14819 dts:73.073 pts:73.115 dur:41.000ms, clock:64.684 level:99
2023-07-03 11:12:52.806 T:1246 debug : CVideoPlayerVideo::OutputPicture - ttd:301ms pts:65.065 Clock:64.764 Level:5
2023-07-03 11:12:52.808 T:1246 debug : CVideoPlayerVideo::OutputPicture - ttd:341ms pts:65.107 Clock:64.765 Level:5
2023-07-03 11:12:52.809 T:1246 debug : CVideoPlayerVideo::OutputPicture - ttd:382ms pts:65.149 Clock:64.766 Level:6
2023-07-03 11:12:52.849 T:1243 debug : CVideoPlayer::ProcessVideoData size:38046 dts:73.115 pts:73.282 dur:41.000ms, clock:64.806 level:98
2023-07-03 11:12:52.849 T:1243 debug : CVideoPlayer::ProcessVideoData size:12838 dts:73.157 pts:73.240 dur:41.000ms, clock:64.807 level:99
2023-07-03 11:12:52.849 T:1243 debug : CVideoPlayer::ProcessVideoData size:16249 dts:73.198 pts:73.198 dur:41.000ms, clock:64.807 level:99
2023-07-03 11:12:52.864 T:1277 debug : Thread Timer 547390365440 terminating
2023-07-03 11:12:52.931 T:1246 debug : CVideoPlayerVideo::OutputPicture - ttd:301ms pts:65.190 Clock:64.888 Level:5
2023-07-03 11:12:52.932 T:1246 debug : CVideoPlayerVideo::OutputPicture - ttd:342ms pts:65.232 Clock:64.890 Level:6
2023-07-03 11:12:52.933 T:1246 debug : CVideoPlayerVideo::OutputPicture - ttd:383ms pts:65.274 Clock:64.891 Level:6
2023-07-03 11:12:52.940 T:1243 debug : CVideoPlayer::ProcessVideoData size:36437 dts:73.240 pts:73.407 dur:41.000ms, clock:64.898 level:99
2023-07-03 11:12:52.940 T:1243 debug : CVideoPlayer::ProcessVideoData size:13708 dts:73.282 pts:73.365 dur:41.000ms, clock:64.898 level:99
2023-07-03 11:12:52.981 T:1243 debug : CVideoPlayer::ProcessVideoData size:15422 dts:73.323 pts:73.323 dur:41.000ms, clock:64.938 level:99
2023-07-03 11:12:53.057 T:1246 debug : CVideoPlayerVideo::OutputPicture - ttd:300ms pts:65.315 Clock:65.014 Level:5
2023-07-03 11:12:53.058 T:1246 debug : CVideoPlayerVideo::OutputPicture - ttd:341ms pts:65.357 Clock:65.016 Level:5
2023-07-03 11:12:53.059 T:1246 debug : CVideoPlayerVideo::OutputPicture - ttd:382ms pts:65.399 Clock:65.017 Level:6
2023-07-03 11:12:53.103 T:1243 debug : CVideoPlayer::ProcessVideoData size:35566 dts:73.365 pts:73.532 dur:41.000ms, clock:65.060 level:98
2023-07-03 11:12:53.103 T:1243 debug : CVideoPlayer::ProcessVideoData size:14210 dts:73.407 pts:73.490 dur:41.000ms, clock:65.060 level:99
2023-07-03 11:12:53.103 T:1243 debug : CVideoPlayer::ProcessVideoData size:15170 dts:73.448 pts:73.448 dur:41.000ms, clock:65.060 level:99
2023-07-03 11:12:53.182 T:1246 debug : CVideoPlayerVideo::OutputPicture - ttd:300ms pts:65.440 Clock:65.140 Level:5
2023-07-03 11:12:53.184 T:1246 debug : CVideoPlayerVideo::OutputPicture - ttd:340ms pts:65.482 Clock:65.141 Level:5
2023-07-03 11:12:53.184 T:1243 debug : CVideoPlayer::ProcessVideoData size:35132 dts:73.490 pts:73.657 dur:41.000ms, clock:65.141 level:99
2023-07-03 11:12:53.185 T:1246 debug : CVideoPlayerVideo::OutputPicture - ttd:381ms pts:65.524 Clock:65.143 Level:6
2023-07-03 11:12:53.194 T:1243 debug : CVideoPlayer::ProcessVideoData size:12997 dts:73.532 pts:73.615 dur:41.000ms, clock:65.152 level:99
2023-07-03 11:12:53.225 T:1243 debug : CVideoPlayer::ProcessVideoData size:15345 dts:73.574 pts:73.574 dur:41.000ms, clock:65.182 level:99
2023-07-03 11:12:53.306 T:1246 debug : CVideoPlayerVideo::OutputPicture - ttd:302ms pts:65.566 Clock:65.264 Level:5
2023-07-03 11:12:53.308 T:1246 debug : CVideoPlayerVideo::OutputPicture - ttd:341ms pts:65.607 Clock:65.265 Level:5
2023-07-03 11:12:53.309 T:1246 debug : CVideoPlayerVideo::OutputPicture - ttd:382ms pts:65.649 Clock:65.267 Level:6
2023-07-03 11:12:53.357 T:1243 debug : CVideoPlayer::ProcessVideoData size:34504 dts:73.615 pts:73.782 dur:41.000ms, clock:65.314 level:98
2023-07-03 11:12:53.357 T:1243 debug : CVideoPlayer::ProcessVideoData size:13588 dts:73.657 pts:73.740 dur:41.000ms, clock:65.314 level:99
2023-07-03 11:12:53.357 T:1243 debug : CVideoPlayer::ProcessVideoData size:15638 dts:73.699 pts:73.699 dur:41.000ms, clock:65.314 level:99
2023-07-03 11:12:53.431 T:1246 debug : CVideoPlayerVideo::OutputPicture - ttd:302ms pts:65.691 Clock:65.388 Level:4
2023-07-03 11:12:53.433 T:1246 debug : CVideoPlayerVideo::OutputPicture - ttd:341ms pts:65.732 Clock:65.390 Level:5
2023-07-03 11:12:53.434 T:1246 debug : CVideoPlayerVideo::OutputPicture - ttd:382ms pts:65.774 Clock:65.391 Level:6
2023-07-03 11:12:53.448 T:1243 debug : CVideoPlayer::ProcessVideoData size:33894 dts:73.740 pts:73.907 dur:41.000ms, clock:65.406 level:98
2023-07-03 11:12:53.448 T:1243 debug : CVideoPlayer::ProcessVideoData size:13822 dts:73.782 pts:73.866 dur:41.000ms, clock:65.406 level:99
2023-07-03 11:12:53.449 T:1243 debug : CVideoPlayer::ProcessVideoData size:15843 dts:73.824 pts:73.824 dur:41.000ms, clock:65.406 level:99
2023-07-03 11:12:53.515 T:1246 debug : CVideoPlayerVideo::OutputPicture - ttd:343ms pts:65.816 Clock:65.473 Level:5
2023-07-03 11:12:53.516 T:1246 debug : CVideoPlayerVideo::OutputPicture - ttd:384ms pts:65.858 Clock:65.474 Level:6
2023-07-03 11:12:53.558 T:1246 debug : CVideoPlayerVideo::OutputPicture - ttd:423ms pts:65.899 Clock:65.475 Level:6
2023-07-03 11:12:53.611 T:1243 debug : CVideoPlayer::ProcessVideoData size:34022 dts:73.866 pts:74.032 dur:41.000ms, clock:65.568 level:98
2023-07-03 11:12:53.611 T:1243 debug : CVideoPlayer::ProcessVideoData size:14043 dts:73.907 pts:73.991 dur:41.000ms, clock:65.568 level:99
2023-07-03 11:12:53.611 T:1243 debug : CVideoPlayer::ProcessVideoData size:15524 dts:73.949 pts:73.949 dur:41.000ms, clock:65.568 level:99
2023-07-03 11:12:53.682 T:1246 debug : CVideoPlayerVideo::OutputPicture - ttd:301ms pts:65.941 Clock:65.639 Level:5
2023-07-03 11:12:53.683 T:1246 debug : CVideoPlayerVideo::OutputPicture - ttd:342ms pts:65.983 Clock:65.641 Level:5
2023-07-03 11:12:53.684 T:1246 debug : CVideoPlayerVideo::OutputPicture - ttd:382ms pts:66.024 Clock:65.642 Level:6
2023-07-03 11:12:53.702 T:1243 debug : CVideoPlayer::ProcessVideoData size:67473 dts:73.991 pts:74.158 dur:41.000ms, clock:65.660 level:99
2023-07-03 11:12:53.702 T:1243 debug : CVideoPlayer::ProcessVideoData size:14489 dts:74.032 pts:74.116 dur:41.000ms, clock:65.660 level:99
2023-07-03 11:12:53.733 T:1243 debug : CVideoPlayer::ProcessVideoData size:15395 dts:74.074 pts:74.074 dur:41.000ms, clock:65.690 level:99
2023-07-03 11:12:53.757 T:1172 debug : PushCecKeypress - received key d8 duration 0
2023-07-03 11:12:53.763 T:1103 debug : HandleKey: menu (0xd8) pressed, window 10000, action is Back
2023-07-03 11:12:53.763 T:1103 debug : Activating window ID: 12005
2023-07-03 11:12:53.764 T:1103 debug : ------ Window Deinit (Home.xml) ------
2023-07-03 11:12:53.764 T:1103 debug : FreeVisualisation() done
2023-07-03 11:12:53.765 T:1103 debug : ------ Window Init (VideoFullScreen.xml) ------
2023-07-03 11:12:53.768 T:1103 info : [WHITELIST] Searching the whitelist for: width: 1920, height: 1080, fps: 23.976, 3D: false
2023-07-03 11:12:53.768 T:1103 debug : [WHITELIST] Using the default whitelist because the user whitelist is empty
2023-07-03 11:12:53.768 T:1103 debug : [WHITELIST] Searching for an exact resolution with an exact refresh rate
2023-07-03 11:12:53.769 T:1103 debug : [WHITELIST] No match for an exact resolution with an exact refresh rate
2023-07-03 11:12:53.769 T:1103 debug : [WHITELIST] Searching for an exact resolution with double the refresh rate
2023-07-03 11:12:53.769 T:1103 debug : [WHITELIST] No match for an exact resolution with double the refresh rate
2023-07-03 11:12:53.769 T:1103 debug : [WHITELIST] Searching for an exact resolution with a 3:2 pulldown refresh rate
2023-07-03 11:12:53.769 T:1103 debug : [WHITELIST] No match for a resolution with a 3:2 pulldown refresh rate
2023-07-03 11:12:53.769 T:1103 debug : [WHITELIST] Searching for a closest resolution with an exact refresh rate
2023-07-03 11:12:53.769 T:1103 debug : [WHITELIST] Matched a closest resolution with an exact refresh rate 3840x2160 @ 23.98 - Full Screen (16), penalty 3000
2023-07-03 11:12:53.770 T:1103 debug : [WHITELIST] Searching for a closest resolution with double refresh rate
2023-07-03 11:12:53.770 T:1103 info : Display resolution ADJUST : 3840x2160 @ 23.98 - Full Screen (16) (weight: 0.000)
2023-07-03 11:12:53.771 T:1103 debug : AMLUtils::aml_get_drmDevice - drm devices found: 1
2023-07-03 11:12:53.771 T:1103 debug : AMLUtils::aml_get_drmDevice_connector - devices have 2 connector(s)
2023-07-03 11:12:53.801 T:1103 debug : AMLUtils::aml_get_drmDevice_encoder - connector[70] is connected with 1 encoder(s)
2023-07-03 11:12:53.801 T:1103 debug : AMLUtils::aml_get_drmDevice_crtc - check 1 crtc(s)
2023-07-03 11:12:53.801 T:1103 debug : AMLUtils::aml_get_drmDevice_mode - current mode: 2160p24hz
2023-07-03 11:12:53.801 T:1103 debug : CWinSystemAmlogicGLESContext::CreateNewWindow: m_bWindowCreated: true, frac rate 1(1), cs: 2(2), cd: 2(2)
2023-07-03 11:12:53.802 T:1103 debug : CWinSystemAmlogicGLESContext::CreateNewWindow: cur: iWidth: 1920, iHeight: 1080, iScreenWidth: 3840, iScreenHeight: 2160, fRefreshRate: 23.98, dwFlags: 04
2023-07-03 11:12:53.802 T:1103 debug : CWinSystemAmlogicGLESContext::CreateNewWindow: res: iWidth: 1920, iHeight: 1080, iScreenWidth: 3840, iScreenHeight: 2160, fRefreshRate: 23.98, dwFlags: 04
2023-07-03 11:12:53.802 T:1103 debug : CWinSystemAmlogicGLESContext::CreateNewWindow: No need to create a new window
2023-07-03 11:12:53.802 T:1103 info : GLES: Maximum texture width: 8192
2023-07-03 11:12:53.808 T:1246 debug : CVideoPlayerVideo::OutputPicture - ttd:300ms pts:66.066 Clock:65.765 Level:6
2023-07-03 11:12:53.809 T:1246 debug : CVideoPlayerVideo::OutputPicture - ttd:341ms pts:66.108 Clock:65.766 Level:6
2023-07-03 11:12:53.814 T:1262 debug : OnAVChange: CApplication::OnAVChange
2023-07-03 11:12:53.814 T:1104 debug : connect replacing configured host 192.168.1.6 with resolved host 192.168.1.6
2023-07-03 11:12:53.826 T:1172 debug : PushCecKeypress - received key d8 duration 70
2023-07-03 11:12:53.849 T:1246 debug : CVideoPlayerVideo::OutputPicture - ttd:343ms pts:66.150 Clock:65.806 Level:5
2023-07-03 11:12:53.850 T:1246 debug : CVideoPlayerVideo::OutputPicture - ttd:383ms pts:66.191 Clock:65.808 Level:6
2023-07-03 11:12:53.875 T:1243 debug : CVideoPlayer::ProcessVideoData size:38154 dts:74.116 pts:74.283 dur:41.000ms, clock:65.833 level:98
2023-07-03 11:12:53.876 T:1243 debug : CVideoPlayer::ProcessVideoData size:13530 dts:74.158 pts:74.241 dur:41.000ms, clock:65.833 level:99
2023-07-03 11:12:53.876 T:1243 debug : CVideoPlayer::ProcessVideoData size:15655 dts:74.199 pts:74.199 dur:41.000ms, clock:65.833 level:99
2023-07-03 11:12:53.932 T:1246 debug : CVideoPlayerVideo::OutputPicture - ttd:343ms pts:66.233 Clock:65.889 Level:5
2023-07-03 11:12:53.933 T:1246 debug : CVideoPlayerVideo::OutputPicture - ttd:384ms pts:66.275 Clock:65.891 Level:6
2023-07-03 11:12:53.957 T:1243 debug : CVideoPlayer::ProcessVideoData size:35941 dts:74.241 pts:74.408 dur:41.000ms, clock:65.914 level:99
2023-07-03 11:12:53.957 T:1243 debug : CVideoPlayer::ProcessVideoData size:13955 dts:74.283 pts:74.366 dur:41.000ms, clock:65.915 level:99
2023-07-03 11:12:53.978 T:1243 debug : CVideoPlayer::ProcessVideoData size:15451 dts:74.324 pts:74.324 dur:41.000ms, clock:65.935 level:99
2023-07-03 11:12:54.057 T:1246 debug : CVideoPlayerVideo::OutputPicture - ttd:301ms pts:66.316 Clock:66.015 Level:4
2023-07-03 11:12:54.059 T:1246 debug : CVideoPlayerVideo::OutputPicture - ttd:341ms pts:66.358 Clock:66.016 Level:5
2023-07-03 11:12:54.060 T:1246 debug : CVideoPlayerVideo::OutputPicture - ttd:382ms pts:66.400 Clock:66.017 Level:6
2023-07-03 11:12:54.129 T:1243 debug : CVideoPlayer::ProcessVideoData size:35296 dts:74.366 pts:74.533 dur:41.000ms, clock:66.087 level:98
2023-07-03 11:12:54.130 T:1243 debug : CVideoPlayer::ProcessVideoData size:14097 dts:74.408 pts:74.491 dur:41.000ms, clock:66.087 level:99
2023-07-03 11:12:54.130 T:1243 debug : CVideoPlayer::ProcessVideoData size:15272 dts:74.449 pts:74.449 dur:41.000ms, clock:66.087 level:99
2023-07-03 11:12:54.183 T:1246 debug : CVideoPlayerVideo::OutputPicture - ttd:300ms pts:66.441 Clock:66.140 Level:4
2023-07-03 11:12:54.184 T:1246 debug : CVideoPlayerVideo::OutputPicture - ttd:341ms pts:66.483 Clock:66.142 Level:5
2023-07-03 11:12:54.185 T:1246 debug : CVideoPlayerVideo::OutputPicture - ttd:382ms pts:66.525 Clock:66.143 Level:6
2023-07-03 11:12:54.211 T:1243 debug : CVideoPlayer::ProcessVideoData size:36070 dts:74.491 pts:74.658 dur:41.000ms, clock:66.168 level:99
2023-07-03 11:12:54.211 T:1243 debug : CVideoPlayer::ProcessVideoData size:13104 dts:74.533 pts:74.616 dur:41.000ms, clock:66.169 level:99
2023-07-03 11:12:54.231 T:1243 debug : CVideoPlayer::ProcessVideoData size:14902 dts:74.575 pts:74.575 dur:41.000ms, clock:66.189 level:99
2023-07-03 11:12:54.308 T:1246 debug : CVideoPlayerVideo::OutputPicture - ttd:301ms pts:66.567 Clock:66.265 Level:4
2023-07-03 11:12:54.309 T:1246 debug : CVideoPlayerVideo::OutputPicture - ttd:341ms pts:66.608 Clock:66.267 Level:5
2023-07-03 11:12:54.310 T:1246 debug : CVideoPlayerVideo::OutputPicture - ttd:382ms pts:66.650 Clock:66.268 Level:6
2023-07-03 11:12:54.383 T:1243 debug : CVideoPlayer::ProcessVideoData size:34560 dts:74.616 pts:74.783 dur:41.000ms, clock:66.341 level:98
2023-07-03 11:12:54.384 T:1243 debug : CVideoPlayer::ProcessVideoData size:14411 dts:74.658 pts:74.741 dur:41.000ms, clock:66.341 level:99
2023-07-03 11:12:54.384 T:1243 debug : CVideoPlayer::ProcessVideoData size:15448 dts:74.700 pts:74.700 dur:41.000ms, clock:66.341 level:99
2023-07-03 11:12:54.399 T:1246 debug : CVideoPlayerVideo::OutputPicture - ttd:335ms pts:66.692 Clock:66.357 Level:5
2023-07-03 11:12:54.400 T:1246 debug : CVideoPlayerVideo::OutputPicture - ttd:375ms pts:66.733 Clock:66.358 Level:6
2023-07-03 11:12:54.429 T:1246 debug : CVideoPlayerVideo::OutputPicture - ttd:416ms pts:66.775 Clock:66.359 Level:6
2023-07-03 11:12:54.465 T:1243 debug : CVideoPlayer::ProcessVideoData size:33704 dts:74.741 pts:74.908 dur:41.000ms, clock:66.422 level:98
2023-07-03 11:12:54.465 T:1243 debug : CVideoPlayer::ProcessVideoData size:14131 dts:74.783 pts:74.867 dur:41.000ms, clock:66.423 level:99
2023-07-03 11:12:54.465 T:1243 debug : CVideoPlayer::ProcessVideoData size:14971 dts:74.825 pts:74.825 dur:41.000ms, clock:66.423 level:99
2023-07-03 11:12:54.516 T:1246 debug : CVideoPlayerVideo::OutputPicture - ttd:343ms pts:66.817 Clock:66.473 Level:5
2023-07-03 11:12:54.517 T:1246 debug : CVideoPlayerVideo::OutputPicture - ttd:384ms pts:66.859 Clock:66.474 Level:6
2023-07-03 11:12:54.552 T:1246 debug : CVideoPlayerVideo::OutputPicture - ttd:424ms pts:66.900 Clock:66.476 Level:6
2023-07-03 11:12:54.638 T:1243 debug : CVideoPlayer::ProcessVideoData size:34221 dts:74.867 pts:75.033 dur:41.000ms, clock:66.595 level:98
2023-07-03 11:12:54.638 T:1243 debug : CVideoPlayer::ProcessVideoData size:14208 dts:74.908 pts:74.992 dur:41.000ms, clock:66.596 level:99
2023-07-03 11:12:54.638 T:1243 debug : CVideoPlayer::ProcessVideoData size:15385 dts:74.950 pts:74.950 dur:41.000ms, clock:66.596 level:99
2023-07-03 11:12:54.642 T:1246 debug : CVideoPlayerVideo::OutputPicture - ttd:342ms pts:66.942 Clock:66.599 Level:5
2023-07-03 11:12:54.643 T:1246 debug : CVideoPlayerVideo::OutputPicture - ttd:383ms pts:66.984 Clock:66.600 Level:6
2023-07-03 11:12:54.678 T:1246 debug : CVideoPlayerVideo::OutputPicture - ttd:423ms pts:67.025 Clock:66.601 Level:6
2023-07-03 11:12:54.685 T:1172 debug : PushCecKeypress - received key b duration 0
2023-07-03 11:12:54.717 T:1103 debug : HandleKey: 11 (0xb, obc244) pressed, window 12005, action is OSD
2023-07-03 11:12:54.719 T:1103 debug : ------ Window Init (VideoOSD.xml) ------
2023-07-03 11:12:54.723 T:1103 debug : ------ Window Init (DialogSeekBar.xml) ------
2023-07-03 11:12:54.730 T:1243 debug : CVideoPlayer::ProcessVideoData size:52779 dts:74.992 pts:75.200 dur:41.000ms, clock:66.687 level:97
2023-07-03 11:12:54.730 T:1243 debug : CVideoPlayer::ProcessVideoData size:16500 dts:75.033 pts:75.117 dur:41.000ms, clock:66.688 level:98
2023-07-03 11:12:54.730 T:1243 debug : CVideoPlayer::ProcessVideoData size:15754 dts:75.075 pts:75.075 dur:41.000ms, clock:66.688 level:99
2023-07-03 11:12:54.730 T:1243 debug : CVideoPlayer::ProcessVideoData size:18063 dts:75.117 pts:75.159 dur:41.000ms, clock:66.688 level:99
2023-07-03 11:12:54.754 T:1172 debug : PushCecKeypress - received key b duration 70
2023-07-03 11:12:54.767 T:1246 debug : CVideoPlayerVideo::OutputPicture - ttd:342ms pts:67.067 Clock:66.724 Level:5
2023-07-03 11:12:54.768 T:1246 debug : CVideoPlayerVideo::OutputPicture - ttd:383ms pts:67.109 Clock:66.725 Level:6
2023-07-03 11:12:54.811 T:1243 debug : CVideoPlayer::ProcessVideoData size:36627 dts:75.159 pts:75.284 dur:41.000ms, clock:66.769 level:99
2023-07-03 11:12:54.811 T:1246 debug : CVideoPlayerVideo::OutputPicture - ttd:385ms pts:67.151 Clock:66.765 Level:6
2023-07-03 11:12:54.847 T:1246 debug : CVideoPlayerVideo::OutputPicture - ttd:421ms pts:67.192 Clock:66.770 Level:6
2023-07-03 11:12:54.852 T:1243 debug : CVideoPlayer::ProcessVideoData size:14002 dts:75.200 pts:75.242 dur:41.000ms, clock:66.809 level:99
2023-07-03 11:12:54.934 T:1246 debug : CVideoPlayerVideo::OutputPicture - ttd:342ms pts:67.234 Clock:66.891 Level:6
2023-07-03 11:12:54.935 T:1246 debug : CVideoPlayerVideo::OutputPicture - ttd:383ms pts:67.276 Clock:66.892 Level:6
2023-07-03 11:12:54.984 T:1243 debug : CVideoPlayer::ProcessVideoData size:35527 dts:75.242 pts:75.409 dur:41.000ms, clock:66.941 level:98
2023-07-03 11:12:54.984 T:1243 debug : CVideoPlayer::ProcessVideoData size:13943 dts:75.284 pts:75.367 dur:41.000ms, clock:66.941 level:99
2023-07-03 11:12:54.984 T:1243 debug : CVideoPlayer::ProcessVideoData size:15554 dts:75.325 pts:75.325 dur:41.000ms, clock:66.942 level:99
2023-07-03 11:12:55.059 T:1246 debug : CVideoPlayerVideo::OutputPicture - ttd:300ms pts:67.317 Clock:67.017 Level:4
2023-07-03 11:12:55.061 T:1246 debug : CVideoPlayerVideo::OutputPicture - ttd:340ms pts:67.359 Clock:67.018 Level:5
2023-07-03 11:12:55.062 T:1246 debug : CVideoPlayerVideo::OutputPicture - ttd:381ms pts:67.401 Clock:67.019 Level:6
2023-07-03 11:12:55.065 T:1243 debug : CVideoPlayer::ProcessVideoData size:35110 dts:75.367 pts:75.534 dur:41.000ms, clock:67.023 level:99
2023-07-03 11:12:55.065 T:1243 debug : CVideoPlayer::ProcessVideoData size:13957 dts:75.409 pts:75.492 dur:41.000ms, clock:67.023 level:99
2023-07-03 11:12:55.106 T:1243 debug : CVideoPlayer::ProcessVideoData size:15001 dts:75.450 pts:75.450 dur:41.000ms, clock:67.063 level:99
2023-07-03 11:12:55.183 T:1246 debug : CVideoPlayerVideo::OutputPicture - ttd:301ms pts:67.442 Clock:67.141 Level:4
2023-07-03 11:12:55.185 T:1246 debug : CVideoPlayerVideo::OutputPicture - ttd:341ms pts:67.484 Clock:67.142 Level:5
2023-07-03 11:12:55.186 T:1246 debug : CVideoPlayerVideo::OutputPicture - ttd:382ms pts:67.526 Clock:67.143 Level:6
2023-07-03 11:12:55.238 T:1243 debug : CVideoPlayer::ProcessVideoData size:34957 dts:75.492 pts:75.659 dur:41.000ms, clock:67.195 level:98
2023-07-03 11:12:55.238 T:1243 debug : CVideoPlayer::ProcessVideoData size:14503 dts:75.534 pts:75.617 dur:41.000ms, clock:67.195 level:99
2023-07-03 11:12:55.238 T:1243 debug : CVideoPlayer::ProcessVideoData size:15947 dts:75.576 pts:75.576 dur:41.000ms, clock:67.196 level:99
2023-07-03 11:12:55.309 T:1246 debug : CVideoPlayerVideo::OutputPicture - ttd:301ms pts:67.568 Clock:67.267 Level:4
2023-07-03 11:12:55.310 T:1246 debug : CVideoPlayerVideo::OutputPicture - ttd:341ms pts:67.609 Clock:67.268 Level:5
2023-07-03 11:12:55.312 T:1246 debug : CVideoPlayerVideo::OutputPicture - ttd:381ms pts:67.651 Clock:67.269 Level:6
2023-07-03 11:12:55.319 T:1243 debug : CVideoPlayer::ProcessVideoData size:34452 dts:75.617 pts:75.784 dur:41.000ms, clock:67.277 level:99
2023-07-03 11:12:55.319 T:1243 debug : CVideoPlayer::ProcessVideoData size:13784 dts:75.659 pts:75.742 dur:41.000ms, clock:67.277 level:99
2023-07-03 11:12:55.360 T:1243 debug : CVideoPlayer::ProcessVideoData size:14772 dts:75.701 pts:75.701 dur:41.000ms, clock:67.317 level:99
2023-07-03 11:12:55.434 T:1246 debug : CVideoPlayerVideo::OutputPicture - ttd:301ms pts:67.693 Clock:67.391 Level:4
2023-07-03 11:12:55.435 T:1246 debug : CVideoPlayerVideo::OutputPicture - ttd:341ms pts:67.734 Clock:67.392 Level:5
2023-07-03 11:12:55.436 T:1246 debug : CVideoPlayerVideo::OutputPicture - ttd:382ms pts:67.776 Clock:67.394 Level:6
2023-07-03 11:12:55.492 T:1243 debug : CVideoPlayer::ProcessVideoData size:33999 dts:75.742 pts:75.909 dur:41.000ms, clock:67.449 level:98
2023-07-03 11:12:55.492 T:1243 debug : CVideoPlayer::ProcessVideoData size:14471 dts:75.784 pts:75.868 dur:41.000ms, clock:67.450 level:99
2023-07-03 11:12:55.492 T:1243 debug : CVideoPlayer::ProcessVideoData size:15525 dts:75.826 pts:75.826 dur:41.000ms, clock:67.450 level:99
2023-07-03 11:12:55.559 T:1246 debug : CVideoPlayerVideo::OutputPicture - ttd:301ms pts:67.818 Clock:67.516 Level:4
2023-07-03 11:12:55.560 T:1246 debug : CVideoPlayerVideo::OutputPicture - ttd:342ms pts:67.860 Clock:67.518 Level:5
2023-07-03 11:12:55.561 T:1246 debug : CVideoPlayerVideo::OutputPicture - ttd:382ms pts:67.901 Clock:67.519 Level:6
2023-07-03 11:12:55.573 T:1243 debug : CVideoPlayer::ProcessVideoData size:33456 dts:75.868 pts:76.034 dur:41.000ms, clock:67.531 level:99
2023-07-03 11:12:55.573 T:1243 debug : CVideoPlayer::ProcessVideoData size:13512 dts:75.909 pts:75.993 dur:41.000ms, clock:67.531 level:99
2023-07-03 11:12:55.604 T:1243 debug : CVideoPlayer::ProcessVideoData size:15239 dts:75.951 pts:75.951 dur:41.000ms, clock:67.561 level:99
2023-07-03 11:12:55.684 T:1246 debug : CVideoPlayerVideo::OutputPicture - ttd:301ms pts:67.943 Clock:67.642 Level:4
2023-07-03 11:12:55.685 T:1246 debug : CVideoPlayerVideo::OutputPicture - ttd:342ms pts:67.985 Clock:67.643 Level:5
2023-07-03 11:12:55.705 T:1243 debug : CVideoPlayer::ProcessVideoData size:52342 dts:75.993 pts:76.201 dur:41.000ms, clock:67.663 level:99
2023-07-03 11:12:55.726 T:1246 debug : CVideoPlayerVideo::OutputPicture - ttd:342ms pts:68.026 Clock:67.684 Level:5
2023-07-03 11:12:55.728 T:1246 debug : CVideoPlayerVideo::OutputPicture - ttd:382ms pts:68.068 Clock:67.685 Level:6
2023-07-03 11:12:55.736 T:1243 debug : CVideoPlayer::ProcessVideoData size:16458 dts:76.034 pts:76.118 dur:41.000ms, clock:67.694 level:99
2023-07-03 11:12:55.736 T:1243 debug : CVideoPlayer::ProcessVideoData size:15379 dts:76.076 pts:76.076 dur:41.000ms, clock:67.694 level:99
2023-07-03 11:12:55.777 T:1243 debug : CVideoPlayer::ProcessVideoData size:18285 dts:76.118 pts:76.160 dur:41.000ms, clock:67.734 level:99
2023-07-03 11:12:55.818 T:1243 debug : CVideoPlayer::ProcessVideoData size:37145 dts:76.160 pts:76.285 dur:41.000ms, clock:67.775 level:99
2023-07-03 11:12:55.851 T:1246 debug : CVideoPlayerVideo::OutputPicture - ttd:301ms pts:68.110 Clock:67.809 Level:4
2023-07-03 11:12:55.852 T:1246 debug : CVideoPlayerVideo::OutputPicture - ttd:342ms pts:68.152 Clock:67.810 Level:5
2023-07-03 11:12:55.892 T:1246 debug : CVideoPlayerVideo::OutputPicture - ttd:343ms pts:68.193 Clock:67.850 Level:5
2023-07-03 11:12:55.894 T:1246 debug : CVideoPlayerVideo::OutputPicture - ttd:383ms pts:68.235 Clock:67.851 Level:6
2023-07-03 11:12:55.899 T:1243 debug : CVideoPlayer::ProcessVideoData size:14789 dts:76.201 pts:76.243 dur:41.000ms, clock:67.856 level:99
2023-07-03 11:12:55.960 T:1243 debug : CVideoPlayer::ProcessVideoData size:35253 dts:76.243 pts:76.410 dur:41.000ms, clock:67.917 level:99
2023-07-03 11:12:55.960 T:1243 debug : CVideoPlayer::ProcessVideoData size:14389 dts:76.285 pts:76.368 dur:41.000ms, clock:67.918 level:99
2023-07-03 11:12:56.017 T:1246 debug : CVideoPlayerVideo::OutputPicture - ttd:302ms pts:68.277 Clock:67.975 Level:5
2023-07-03 11:12:56.019 T:1246 debug : CVideoPlayerVideo::OutputPicture - ttd:341ms pts:68.318 Clock:67.976 Level:6
2023-07-03 11:12:56.020 T:1246 debug : CVideoPlayerVideo::OutputPicture - ttd:382ms pts:68.360 Clock:67.978 Level:6
2023-07-03 11:12:56.021 T:1243 debug : CVideoPlayer::ProcessVideoData size:15467 dts:76.326 pts:76.326 dur:41.000ms, clock:67.978 level:99
2023-07-03 11:12:56.051 T:1243 debug : CVideoPlayer::ProcessVideoData size:34302 dts:76.368 pts:76.535 dur:41.000ms, clock:68.009 level:99
2023-07-03 11:12:56.062 T:1243 debug : CVideoPlayer::ProcessVideoData size:14009 dts:76.410 pts:76.493 dur:41.000ms, clock:68.019 level:99
2023-07-03 11:12:56.143 T:1246 debug : CVideoPlayerVideo::OutputPicture - ttd:301ms pts:68.402 Clock:68.101 Level:4
2023-07-03 11:12:56.145 T:1246 debug : CVideoPlayerVideo::OutputPicture - ttd:340ms pts:68.443 Clock:68.102 Level:5
2023-07-03 11:12:56.146 T:1246 debug : CVideoPlayerVideo::OutputPicture - ttd:381ms pts:68.485 Clock:68.103 Level:6
2023-07-03 11:12:56.153 T:1243 debug : CVideoPlayer::ProcessVideoData size:15128 dts:76.451 pts:76.451 dur:41.000ms, clock:68.110 level:99
2023-07-03 11:12:56.214 T:1243 debug : CVideoPlayer::ProcessVideoData size:35176 dts:76.493 pts:76.660 dur:41.000ms, clock:68.171 level:99
2023-07-03 11:12:56.214 T:1243 debug : CVideoPlayer::ProcessVideoData size:14714 dts:76.535 pts:76.618 dur:41.000ms, clock:68.171 level:99
2023-07-03 11:12:56.245 T:1172 debug : PushCecKeypress - received key a8 duration 0
2023-07-03 11:12:56.264 T:1103 debug : HandleKey: 168 (0xa8, obc87) pressed, window 12901, action is Right
2023-07-03 11:12:56.268 T:1246 debug : CVideoPlayerVideo::OutputPicture - ttd:301ms pts:68.527 Clock:68.225 Level:5
2023-07-03 11:12:56.269 T:1246 debug : CVideoPlayerVideo::OutputPicture - ttd:342ms pts:68.569 Clock:68.227 Level:5
2023-07-03 11:12:56.270 T:1246 debug : CVideoPlayerVideo::OutputPicture - ttd:382ms pts:68.610 Clock:68.228 Level:6
2023-07-03 11:12:56.275 T:1243 debug : CVideoPlayer::ProcessVideoData size:15521 dts:76.577 pts:76.577 dur:41.000ms, clock:68.233 level:99
2023-07-03 11:12:56.306 T:1243 debug : CVideoPlayer::ProcessVideoData size:33448 dts:76.618 pts:76.785 dur:41.000ms, clock:68.264 level:99
2023-07-03 11:12:56.314 T:1172 debug : PushCecKeypress - received key a8 duration 70
2023-07-03 11:12:56.317 T:1243 debug : CVideoPlayer::ProcessVideoData size:14444 dts:76.660 pts:76.743 dur:41.000ms, clock:68.274 level:99
2023-07-03 11:12:56.394 T:1246 debug : CVideoPlayerVideo::OutputPicture - ttd:300ms pts:68.652 Clock:68.351 Level:4
2023-07-03 11:12:56.395 T:1246 debug : CVideoPlayerVideo::OutputPicture - ttd:341ms pts:68.694 Clock:68.353 Level:5
2023-07-03 11:12:56.396 T:1246 debug : CVideoPlayerVideo::OutputPicture - ttd:381ms pts:68.735 Clock:68.354 Level:6
2023-07-03 11:12:56.398 T:1243 debug : CVideoPlayer::ProcessVideoData size:15058 dts:76.702 pts:76.702 dur:41.000ms, clock:68.355 level:99
2023-07-03 11:12:56.480 T:1243 debug : CVideoPlayer::ProcessVideoData size:34564 dts:76.743 pts:76.910 dur:41.000ms, clock:68.437 level:99
2023-07-03 11:12:56.480 T:1243 debug : CVideoPlayer::ProcessVideoData size:13739 dts:76.785 pts:76.869 dur:41.000ms, clock:68.437 level:99
2023-07-03 11:12:56.518 T:1246 debug : CVideoPlayerVideo::OutputPicture - ttd:301ms pts:68.777 Clock:68.475 Level:5
2023-07-03 11:12:56.519 T:1246 debug : CVideoPlayerVideo::OutputPicture - ttd:342ms pts:68.819 Clock:68.477 Level:5
2023-07-03 11:12:56.520 T:1243 debug : CVideoPlayer::ProcessVideoData size:15812 dts:76.827 pts:76.827 dur:41.000ms, clock:68.478 level:99
2023-07-03 11:12:56.520 T:1246 debug : CVideoPlayerVideo::OutputPicture - ttd:383ms pts:68.861 Clock:68.478 Level:6
2023-07-03 11:12:56.561 T:1243 debug : CVideoPlayer::ProcessVideoData size:33753 dts:76.869 pts:77.035 dur:41.000ms, clock:68.519 level:99
2023-07-03 11:12:56.602 T:1246 debug : CVideoPlayerVideo::OutputPicture - ttd:342ms pts:68.902 Clock:68.560 Level:5
2023-07-03 11:12:56.603 T:1246 debug : CVideoPlayerVideo::OutputPicture - ttd:383ms pts:68.944 Clock:68.561 Level:6
2023-07-03 11:12:56.612 T:1243 debug : CVideoPlayer::ProcessVideoData size:14284 dts:76.910 pts:76.994 dur:41.000ms, clock:68.569 level:99
2023-07-03 11:12:56.612 T:1243 debug : CVideoPlayer::ProcessVideoData size:15429 dts:76.952 pts:76.952 dur:41.000ms, clock:68.569 level:99
2023-07-03 11:12:56.727 T:1246 debug : CVideoPlayerVideo::OutputPicture - ttd:301ms pts:68.986 Clock:68.685 Level:4
2023-07-03 11:12:56.728 T:1246 debug : CVideoPlayerVideo::OutputPicture - ttd:341ms pts:69.027 Clock:68.686 Level:5
2023-07-03 11:12:56.734 T:1243 debug : CVideoPlayer::ProcessVideoData size:51362 dts:76.994 pts:77.202 dur:41.000ms, clock:68.691 level:99
2023-07-03 11:12:56.734 T:1243 debug : CVideoPlayer::ProcessVideoData size:16439 dts:77.035 pts:77.119 dur:41.000ms, clock:68.691 level:99
2023-07-03 11:12:56.769 T:1246 debug : CVideoPlayerVideo::OutputPicture - ttd:342ms pts:69.069 Clock:68.727 Level:5
2023-07-03 11:12:56.771 T:1246 debug : CVideoPlayerVideo::OutputPicture - ttd:382ms pts:69.111 Clock:68.728 Level:6
2023-07-03 11:12:56.774 T:1243 debug : CVideoPlayer::ProcessVideoData size:15623 dts:77.077 pts:77.077 dur:41.000ms, clock:68.732 level:99
2023-07-03 11:12:56.775 T:1243 debug : CVideoPlayer::ProcessVideoData size:18139 dts:77.119 pts:77.161 dur:41.000ms, clock:68.732 level:99
2023-07-03 11:12:56.815 T:1243 debug : CVideoPlayer::ProcessVideoData size:37303 dts:77.161 pts:77.286 dur:41.000ms, clock:68.773 level:99
2023-07-03 11:12:56.856 T:1243 debug : CVideoPlayer::ProcessVideoData size:13965 dts:77.202 pts:77.244 dur:41.000ms, clock:68.813 level:99
2023-07-03 11:12:56.894 T:1246 debug : CVideoPlayerVideo::OutputPicture - ttd:301ms pts:69.153 Clock:68.851 Level:4
2023-07-03 11:12:56.895 T:1246 debug : CVideoPlayerVideo::OutputPicture - ttd:341ms pts:69.194 Clock:68.853 Level:5
2023-07-03 11:12:56.934 T:1172 debug : PushCecKeypress - received key a9 duration 0
2023-07-03 11:12:56.935 T:1246 debug : CVideoPlayerVideo::OutputPicture - ttd:343ms pts:69.236 Clock:68.893 Level:6
2023-07-03 11:12:56.937 T:1246 debug : CVideoPlayerVideo::OutputPicture - ttd:383ms pts:69.278 Clock:68.894 Level:6
2023-07-03 11:12:56.975 T:1103 debug : HandleKey: 169 (0xa9, obc86) pressed, window 12901, action is Left
2023-07-03 11:12:56.988 T:1243 debug : CVideoPlayer::ProcessVideoData size:34929 dts:77.244 pts:77.411 dur:41.000ms, clock:68.945 level:98
2023-07-03 11:12:56.988 T:1243 debug : CVideoPlayer::ProcessVideoData size:14130 dts:77.286 pts:77.369 dur:41.000ms, clock:68.946 level:99
2023-07-03 11:12:56.988 T:1243 debug : CVideoPlayer::ProcessVideoData size:15416 dts:77.327 pts:77.327 dur:41.000ms, clock:68.946 level:99
2023-07-03 11:12:57.000 T:1172 debug : PushCecKeypress - received key a9 duration 69
2023-07-03 11:12:57.058 T:1179 debug : CurlFile::Open -
2023-07-03 11:12:57.060 T:1179 error : CCurlFile::CReadState::FillBuffer - (0x7f4401e400) Failed: Couldn't connect to server(7)
2023-07-03 11:12:57.060 T:1179 error : CCurlFile::Open - Failed with code 0:
2023-07-03 11:12:57.060 T:1179 debug : AddOnLog: pvr.vuplus: pvr.vuplus - CheckHttp - Could not open webAPI.
2023-07-03 11:12:57.061 T:1246 debug : CVideoPlayerVideo::OutputPicture - ttd:301ms pts:69.319 Clock:69.018 Level:5
2023-07-03 11:12:57.062 T:1246 debug : CVideoPlayerVideo::OutputPicture - ttd:341ms pts:69.361 Clock:69.019 Level:6
2023-07-03 11:12:57.063 T:1246 debug : CVideoPlayerVideo::OutputPicture - ttd:382ms pts:69.403 Clock:69.021 Level:6
2023-07-03 11:12:57.069 T:1243 debug : CVideoPlayer::ProcessVideoData size:35353 dts:77.369 pts:77.536 dur:41.000ms, clock:69.027 level:99
2023-07-03 11:12:57.069 T:1243 debug : CVideoPlayer::ProcessVideoData size:14056 dts:77.411 pts:77.494 dur:41.000ms, clock:69.027 level:99
2023-07-03 11:12:57.110 T:1243 debug : CVideoPlayer::ProcessVideoData size:15292 dts:77.452 pts:77.452 dur:41.000ms, clock:69.067 level:99
2023-07-03 11:12:57.185 T:1246 debug : CVideoPlayerVideo::OutputPicture - ttd:301ms pts:69.444 Clock:69.142 Level:5
2023-07-03 11:12:57.186 T:1246 debug : CVideoPlayerVideo::OutputPicture - ttd:342ms pts:69.486 Clock:69.144 Level:5
2023-07-03 11:12:57.187 T:1246 debug : CVideoPlayerVideo::OutputPicture - ttd:382ms pts:69.528 Clock:69.145 Level:6
2023-07-03 11:12:57.210 T:1172 debug : PushCecKeypress - received key a9 duration 0
2023-07-03 11:12:57.224 T:1103 debug : HandleKey: 169 (0xa9, obc86) pressed, window 12901, action is Left
2023-07-03 11:12:57.242 T:1243 debug : CVideoPlayer::ProcessVideoData size:34192 dts:77.494 pts:77.661 dur:41.000ms, clock:69.199 level:98
2023-07-03 11:12:57.242 T:1243 debug : CVideoPlayer::ProcessVideoData size:13395 dts:77.536 pts:77.619 dur:41.000ms, clock:69.199 level:99
2023-07-03 11:12:57.242 T:1243 debug : CVideoPlayer::ProcessVideoData size:15596 dts:77.578 pts:77.578 dur:41.000ms, clock:69.199 level:99
2023-07-03 11:12:57.280 T:1172 debug : PushCecKeypress - received key a9 duration 70
2023-07-03 11:12:57.311 T:1246 debug : CVideoPlayerVideo::OutputPicture - ttd:301ms pts:69.570 Clock:69.269 Level:4
2023-07-03 11:12:57.312 T:1246 debug : CVideoPlayerVideo::OutputPicture - ttd:341ms pts:69.611 Clock:69.270 Level:5
2023-07-03 11:12:57.314 T:1246 debug : CVideoPlayerVideo::OutputPicture - ttd:381ms pts:69.653 Clock:69.271 Level:6
2023-07-03 11:12:57.323 T:1243 debug : CVideoPlayer::ProcessVideoData size:33865 dts:77.619 pts:77.786 dur:41.000ms, clock:69.281 level:99
2023-07-03 11:12:57.323 T:1243 debug : CVideoPlayer::ProcessVideoData size:13930 dts:77.661 pts:77.744 dur:41.000ms, clock:69.281 level:99
2023-07-03 11:12:57.354 T:1243 debug : CVideoPlayer::ProcessVideoData size:15255 dts:77.703 pts:77.703 dur:41.000ms, clock:69.311 level:99
2023-07-03 11:12:57.435 T:1246 debug : CVideoPlayerVideo::OutputPicture - ttd:302ms pts:69.695 Clock:69.393 Level:4
2023-07-03 11:12:57.437 T:1246 debug : CVideoPlayerVideo::OutputPicture - ttd:341ms pts:69.736 Clock:69.394 Level:5
2023-07-03 11:12:57.438 T:1246 debug : CVideoPlayerVideo::OutputPicture - ttd:382ms pts:69.778 Clock:69.395 Level:6
2023-07-03 11:12:57.496 T:1243 debug : CVideoPlayer::ProcessVideoData size:33904 dts:77.744 pts:77.911 dur:41.000ms, clock:69.453 level:98
2023-07-03 11:12:57.496 T:1243 debug : CVideoPlayer::ProcessVideoData size:14001 dts:77.786 pts:77.870 dur:41.000ms, clock:69.453 level:99
2023-07-03 11:12:57.496 T:1243 debug : CVideoPlayer::ProcessVideoData size:15552 dts:77.828 pts:77.828 dur:41.000ms, clock:69.453 level:99
2023-07-03 11:12:57.561 T:1246 debug : CVideoPlayerVideo::OutputPicture - ttd:301ms pts:69.820 Clock:69.518 Level:5
2023-07-03 11:12:57.562 T:1246 debug : CVideoPlayerVideo::OutputPicture - ttd:342ms pts:69.862 Clock:69.520 Level:5
2023-07-03 11:12:57.563 T:1246 debug : CVideoPlayerVideo::OutputPicture - ttd:382ms pts:69.903 Clock:69.521 Level:6
2023-07-03 11:12:57.587 T:1243 debug : CVideoPlayer::ProcessVideoData size:33315 dts:77.870 pts:78.036 dur:41.000ms, clock:69.545 level:99
2023-07-03 11:12:57.587 T:1243 debug : CVideoPlayer::ProcessVideoData size:13958 dts:77.911 pts:77.995 dur:41.000ms, clock:69.545 level:99
2023-07-03 11:12:57.608 T:1243 debug : CVideoPlayer::ProcessVideoData size:15771 dts:77.953 pts:77.953 dur:41.000ms, clock:69.565 level:99
2023-07-03 11:12:57.687 T:1246 debug : CVideoPlayerVideo::OutputPicture - ttd:300ms pts:69.945 Clock:69.644 Level:4
2023-07-03 11:12:57.688 T:1246 debug : CVideoPlayerVideo::OutputPicture - ttd:341ms pts:69.987 Clock:69.645 Level:5
2023-07-03 11:12:57.689 T:1246 debug : CVideoPlayerVideo::OutputPicture - ttd:381ms pts:70.028 Clock:69.646 Level:6
2023-07-03 11:12:57.709 T:1243 debug : CVideoPlayer::ProcessVideoData size:52018 dts:77.995 pts:78.203 dur:41.000ms, clock:69.667 level:99
2023-07-03 11:12:57.710 T:1243 debug : CVideoPlayer::ProcessVideoData size:16770 dts:78.036 pts:78.120 dur:41.000ms, clock:69.667 level:99
2023-07-03 11:12:57.730 T:1243 debug : CVideoPlayer::ProcessVideoData size:15568 dts:78.078 pts:78.078 dur:41.000ms, clock:69.687 level:99
2023-07-03 11:12:57.770 T:1243 debug : CVideoPlayer::ProcessVideoData size:18670 dts:78.120 pts:78.162 dur:41.000ms, clock:69.728 level:99
2023-07-03 11:12:57.812 T:1246 debug : CVideoPlayerVideo::OutputPicture - ttd:300ms pts:70.070 Clock:69.769 Level:4
2023-07-03 11:12:57.813 T:1246 debug : CVideoPlayerVideo::OutputPicture - ttd:341ms pts:70.112 Clock:69.770 Level:5
2023-07-03 11:12:57.830 T:1172 debug : PushCecKeypress - received key b duration 0
2023-07-03 11:12:57.851 T:1103 debug : HandleKey: 11 (0xb, obc244) pressed, window 12901, action is Select
2023-07-03 11:12:57.851 T:1103 info : CVideoPlayer::CloseFile()
2023-07-03 11:12:57.851 T:1103 debug : DeleteRenderer - deleting renderer
2023-07-03 11:12:57.852 T:1103 info : VideoPlayer: waiting for threads to exit
2023-07-03 11:12:57.861 T:1243 info : CVideoPlayer::OnExit()
2023-07-03 11:12:57.861 T:1243 info : Closing stream player 1
2023-07-03 11:12:57.861 T:1243 info : Waiting for audio thread to exit
2023-07-03 11:12:57.873 T:1246 debug : CVideoPlayerVideo::OutputPicture - ttd:343ms pts:70.154 Clock:69.810 Level:0
2023-07-03 11:12:57.877 T:1247 info : thread end: CVideoPlayerAudio::OnExit()
2023-07-03 11:12:57.877 T:1247 debug : Thread VideoPlayerAudio 545444896512 terminating
2023-07-03 11:12:57.877 T:1243 info : Closing audio device
2023-07-03 11:12:57.893 T:1246 debug : CVideoPlayerVideo::OutputPicture - ttd:363ms pts:70.195 Clock:69.832 Level:0
2023-07-03 11:12:57.901 T:1172 debug : PushCecKeypress - received key b duration 71
2023-07-03 11:12:57.919 T:1243 debug : CDVDAudio::Flush - flush audio stream
2023-07-03 11:12:57.920 T:1120 debug : CActiveAE::DiscardStream - audio stream deleted
2023-07-03 11:12:57.920 T:1120 debug : CActiveAE::ClearDiscardedBuffers - buffer pool deleted
2023-07-03 11:12:57.920 T:1246 debug : CVideoPlayerVideo::OutputPicture - ttd:378ms pts:70.237 Clock:69.859 Level:0
2023-07-03 11:12:57.921 T:1120 debug : CActiveAE::ClearDiscardedBuffers - buffer pool deleted
2023-07-03 11:12:57.923 T:1121 info : Skipped 1 duplicate messages..
2023-07-03 11:12:57.923 T:1121 info : CActiveAESink::OpenSink - initialize sink
2023-07-03 11:12:57.925 T:1243 info : Deleting audio codec
2023-07-03 11:12:57.926 T:1243 info : Closing stream player 2
2023-07-03 11:12:57.926 T:1243 info : waiting for video thread to exit
2023-07-03 11:12:57.941 T:1246 debug : CVideoPlayerVideo::OutputPicture - ttd:399ms pts:70.279 Clock:69.879 Level:0
2023-07-03 11:12:57.941 T:1246 info : thread end: video_thread
2023-07-03 11:12:57.941 T:1246 debug : Thread VideoPlayerVideo 545453350656 terminating
2023-07-03 11:12:57.942 T:1243 info : deleting video codec
2023-07-03 11:12:57.942 T:1243 debug : DVDVideoCodecAmlogic::Close
2023-07-03 11:12:57.942 T:1243 debug : CAMLCodec::CloseDecoder
2023-07-03 11:12:57.958 T:1243 debug : CAMLVideoBufferPool::~CAMLVideoBufferPool: Deleting 9 buffers
2023-07-03 11:12:57.958 T:1262 debug : connect replacing configured host 192.168.1.6 with resolved host 192.168.1.6
2023-07-03 11:12:57.960 T:1245 debug : Thread FileCache 545461804800 terminating
2023-07-03 11:12:57.963 T:1243 debug : CNFSFile::Close closing file volume1/Musik/Testfiles/DTS-HD -Master Audio/dts-hd-master-audio-sound-check-7-1-lossless-(www.demolandia.net).mkv
2023-07-03 11:12:57.963 T:1243 debug : Thread VideoPlayer 545480748800 terminating
2023-07-03 11:12:57.964 T:1103 info : VideoPlayer: finished waiting
2023-07-03 11:12:57.964 T:1103 info : CVideoPlayer::CloseFile()
2023-07-03 11:12:57.964 T:1103 info : VideoPlayer: waiting for threads to exit
2023-07-03 11:12:57.964 T:1103 info : VideoPlayer: finished waiting
2023-07-03 11:12:57.964 T:1262 info : Deleting settings information for files nfs://192.168.1.6/volume1/Musik/Testfiles/DTS-HD -Master Audio/dts-hd-master-audio-sound-check-7-1-lossless-(www.demolandia.net).mkv
2023-07-03 11:12:57.965 T:1262 debug : Mysql execute: DELETE FROM settings WHERE idFile=18406
2023-07-03 11:12:57.965 T:1103 debug : Radio UECP (RDS) Processor - delete ~CDVDRadioRDSData
2023-07-03 11:12:57.965 T:1103 debug : Audio ID3 tag processor - delete ~CVideoPlayerAudioID3
2023-07-03 11:12:57.966 T:1258 debug : DoWork - Saving file state for video item nfs://192.168.1.6/volume1/Musik/Testfiles/DTS-HD -Master Audio/dts-hd-master-audio-sound-check-7-1-lossless-(www.demolandia.net).mkv
2023-07-03 11:12:57.966 T:1258 debug : connect replacing configured host 192.168.1.6 with resolved host 192.168.1.6
2023-07-03 11:12:57.972 T:1258 debug : Mysql Start transaction
2023-07-03 11:12:57.975 T:1258 debug : Mysql execute: update files set playCount=NULL,lastPlayed='2023-07-03 11:12:57' where idFile=18406
2023-07-03 11:12:58.025 T:1258 debug : Mysql commit transaction
2023-07-03 11:12:58.034 T:1257 debug : OnPlayBackStopped: CApplication::OnPlayBackStopped
