2023-07-03 11:11:49.082 T:1246 debug : CVideoPlayerVideo::OutputPicture - ttd:378ms pts:1.418 Clock:1.040 Level:5
2023-07-03 11:11:49.086 T:1243 debug : CVideoPlayer::ProcessVideoData size:20624 dts:9.426 pts:9.510 dur:41.000ms, clock:1.043 level:99
2023-07-03 11:11:49.119 T:1246 debug : CVideoPlayerVideo::OutputPicture - ttd:383ms pts:1.460 Clock:1.076 Level:5
2023-07-03 11:11:49.122 T:1246 debug : CVideoPlayerVideo::OutputPicture - ttd:422ms pts:1.502 Clock:1.080 Level:6
2023-07-03 11:11:49.126 T:1243 debug : CVideoPlayer::ProcessVideoData size:45859 dts:9.468 pts:9.551 dur:41.000ms, clock:1.084 level:99
2023-07-03 11:11:49.167 T:1243 debug : CVideoPlayer::ProcessVideoData size:54318 dts:9.510 pts:9.593 dur:41.000ms, clock:1.124 level:99
2023-07-03 11:11:49.208 T:1243 debug : CVideoPlayer::ProcessVideoData size:55862 dts:9.551 pts:9.635 dur:41.000ms, clock:1.165 level:99
2023-07-03 11:11:49.244 T:1246 debug : CVideoPlayerVideo::OutputPicture - ttd:341ms pts:1.543 Clock:1.202 Level:4
2023-07-03 11:11:49.246 T:1246 debug : CVideoPlayerVideo::OutputPicture - ttd:381ms pts:1.585 Clock:1.203 Level:5
2023-07-03 11:11:49.247 T:1246 debug : CVideoPlayerVideo::OutputPicture - ttd:422ms pts:1.627 Clock:1.204 Level:6
2023-07-03 11:11:49.279 T:1243 debug : CVideoPlayer::ProcessVideoData size:62507 dts:9.593 pts:9.718 dur:41.000ms, clock:1.236 level:99
2023-07-03 11:11:49.289 T:1243 debug : CVideoPlayer::ProcessVideoData size:21626 dts:9.635 pts:9.676 dur:41.000ms, clock:1.247 level:99
2023-07-03 11:11:49.328 T:1246 debug : CVideoPlayerVideo::OutputPicture - ttd:382ms pts:1.668 Clock:1.285 Level:5
2023-07-03 11:11:49.329 T:1246 debug : CVideoPlayerVideo::OutputPicture - ttd:423ms pts:1.710 Clock:1.286 Level:6
2023-07-03 11:11:49.330 T:1243 debug : CVideoPlayer::ProcessVideoData size:54291 dts:9.676 pts:9.760 dur:41.000ms, clock:1.288 level:98
2023-07-03 11:11:49.361 T:1243 debug : CVideoPlayer::ProcessVideoData size:52965 dts:9.718 pts:9.801 dur:41.000ms, clock:1.318 level:99
2023-07-03 11:11:49.442 T:1243 debug : CVideoPlayer::ProcessVideoData size:67364 dts:9.760 pts:9.885 dur:41.000ms, clock:1.400 level:96
2023-07-03 11:11:49.442 T:1243 debug : CVideoPlayer::ProcessVideoData size:27013 dts:9.801 pts:9.843 dur:41.000ms, clock:1.400 level:96
2023-07-03 11:11:49.452 T:1246 debug : CVideoPlayerVideo::OutputPicture - ttd:342ms pts:1.752 Clock:1.410 Level:4
2023-07-03 11:11:49.454 T:1246 debug : CVideoPlayerVideo::OutputPicture - ttd:381ms pts:1.793 Clock:1.411 Level:5
2023-07-03 11:11:49.494 T:1246 debug : CVideoPlayerVideo::OutputPicture - ttd:383ms pts:1.835 Clock:1.452 Level:5
2023-07-03 11:11:49.496 T:1246 debug : CVideoPlayerVideo::OutputPicture - ttd:423ms pts:1.877 Clock:1.453 Level:6
2023-07-03 11:11:49.615 T:1243 debug : CVideoPlayer::ProcessVideoData size:64361 dts:9.843 pts:10.052 dur:41.000ms, clock:1.573 level:95
2023-07-03 11:11:49.615 T:1243 debug : CVideoPlayer::ProcessVideoData size:27984 dts:9.885 pts:9.968 dur:41.000ms, clock:1.573 level:95
2023-07-03 11:11:49.616 T:1243 debug : CVideoPlayer::ProcessVideoData size:21073 dts:9.927 pts:9.927 dur:41.000ms, clock:1.573 level:96
2023-07-03 11:11:49.616 T:1243 debug : CVideoPlayer::ProcessVideoData size:22718 dts:9.968 pts:10.010 dur:41.000ms, clock:1.573 level:96
2023-07-03 11:11:49.618 T:1246 debug : CVideoPlayerVideo::OutputPicture - ttd:343ms pts:1.919 Clock:1.576 Level:4
2023-07-03 11:11:49.619 T:1246 debug : CVideoPlayerVideo::OutputPicture - ttd:383ms pts:1.960 Clock:1.577 Level:5
2023-07-03 11:11:49.627 T:1246 debug : CVideoPlayerVideo::OutputPicture - ttd:417ms pts:2.002 Clock:1.585 Level:6
2023-07-03 11:11:49.656 T:1246 debug : CVideoPlayerVideo::OutputPicture - ttd:458ms pts:2.044 Clock:1.586 Level:6
2023-07-03 11:11:49.744 T:1246 debug : CVideoPlayerVideo::OutputPicture - ttd:383ms pts:2.085 Clock:1.701 Level:5
2023-07-03 11:11:49.745 T:1246 debug : CVideoPlayerVideo::OutputPicture - ttd:424ms pts:2.127 Clock:1.703 Level:6
2023-07-03 11:11:49.779 T:1246 debug : CVideoPlayerVideo::OutputPicture - ttd:465ms pts:2.169 Clock:1.704 Level:6
2023-07-03 11:11:49.788 T:1243 debug : CVideoPlayer::ProcessVideoData size:46886 dts:10.010 pts:10.219 dur:41.000ms, clock:1.746 level:95
2023-07-03 11:11:49.788 T:1243 debug : CVideoPlayer::ProcessVideoData size:24396 dts:10.052 pts:10.135 dur:41.000ms, clock:1.746 level:96
2023-07-03 11:11:49.788 T:1243 debug : CVideoPlayer::ProcessVideoData size:24870 dts:10.093 pts:10.093 dur:41.000ms, clock:1.746 level:96
2023-07-03 11:11:49.789 T:1243 debug : CVideoPlayer::ProcessVideoData size:20679 dts:10.135 pts:10.177 dur:41.000ms, clock:1.746 level:97
2023-07-03 11:11:49.870 T:1243 debug : CVideoPlayer::ProcessVideoData size:35088 dts:10.177 pts:10.344 dur:41.000ms, clock:1.827 level:97
2023-07-03 11:11:49.870 T:1243 debug : CVideoPlayer::ProcessVideoData size:20448 dts:10.219 pts:10.302 dur:41.000ms, clock:1.827 level:98
2023-07-03 11:11:49.870 T:1243 debug : CVideoPlayer::ProcessVideoData size:21075 dts:10.260 pts:10.260 dur:41.000ms, clock:1.827 level:99
2023-07-03 11:11:49.871 T:1246 debug : CVideoPlayerVideo::OutputPicture - ttd:382ms pts:2.211 Clock:1.829 Level:5
2023-07-03 11:11:49.872 T:1246 debug : CVideoPlayerVideo::OutputPicture - ttd:422ms pts:2.252 Clock:1.830 Level:6
2023-07-03 11:11:49.909 T:1246 debug : CVideoPlayerVideo::OutputPicture - ttd:463ms pts:2.294 Clock:1.831 Level:6
2023-07-03 11:11:49.954 T:1246 debug : CVideoPlayerVideo::OutputPicture - ttd:424ms pts:2.336 Clock:1.912 Level:6
2023-07-03 11:11:49.961 T:1243 debug : CVideoPlayer::ProcessVideoData size:27913 dts:10.302 pts:10.385 dur:41.000ms, clock:1.919 level:97
2023-07-03 11:11:49.961 T:1243 debug : CVideoPlayer::ProcessVideoData size:166326 dts:10.344 pts:10.427 dur:41.000ms, clock:1.919 level:98
2023-07-03 11:11:49.992 T:1246 debug : CVideoPlayerVideo::OutputPicture - ttd:463ms pts:2.377 Clock:1.913 Level:6
2023-07-03 11:11:50.013 T:1161 info : ####################################################################################################
2023-07-03 11:11:50.043 T:1243 debug : CVideoPlayer::ProcessVideoData size:35422 dts:10.385 pts:10.469 dur:41.000ms, clock:2.000 level:98
2023-07-03 11:11:50.073 T:1161 info : ########## RUNNING: service.cron.autobiblio VERSION 2.1.2+matrix.1 / ON PLATFORM: Linux ##########
2023-07-03 11:11:50.073 T:1161 info : ############# Start the Service in nearly 3 minutes - wait for other Instances to close ############
2023-07-03 11:11:50.073 T:1161 info : ####################################################################################################
2023-07-03 11:11:50.118 T:1246 debug : CVideoPlayerVideo::OutputPicture - ttd:342ms pts:2.419 Clock:2.076 Level:4
2023-07-03 11:11:50.120 T:1246 debug : CVideoPlayerVideo::OutputPicture - ttd:383ms pts:2.461 Clock:2.077 Level:5
2023-07-03 11:11:50.124 T:1243 debug : CVideoPlayer::ProcessVideoData size:46937 dts:10.427 pts:10.552 dur:41.000ms, clock:2.081 level:99
2023-07-03 11:11:50.124 T:1243 debug : CVideoPlayer::ProcessVideoData size:26415 dts:10.469 pts:10.511 dur:41.000ms, clock:2.082 level:99
2023-07-03 11:11:50.165 T:1246 debug : CVideoPlayerVideo::OutputPicture - ttd:380ms pts:2.503 Clock:2.123 Level:5
2023-07-03 11:11:50.167 T:1246 debug : CVideoPlayerVideo::OutputPicture - ttd:419ms pts:2.544 Clock:2.124 Level:6
2023-07-03 11:11:50.215 T:1243 debug : CVideoPlayer::ProcessVideoData size:47380 dts:10.511 pts:10.636 dur:41.000ms, clock:2.173 level:99
2023-07-03 11:11:50.216 T:1243 debug : CVideoPlayer::ProcessVideoData size:28121 dts:10.552 pts:10.594 dur:41.000ms, clock:2.173 level:99
2023-07-03 11:11:50.256 T:1243 debug : CVideoPlayer::ProcessVideoData size:61911 dts:10.594 pts:10.677 dur:41.000ms, clock:2.214 level:99
2023-07-03 11:11:50.288 T:1246 debug : CVideoPlayerVideo::OutputPicture - ttd:340ms pts:2.586 Clock:2.245 Level:4
2023-07-03 11:11:50.291 T:1246 debug : CVideoPlayerVideo::OutputPicture - ttd:379ms pts:2.628 Clock:2.248 Level:5
2023-07-03 11:11:50.330 T:1246 debug : CVideoPlayerVideo::OutputPicture - ttd:381ms pts:2.669 Clock:2.287 Level:5
2023-07-03 11:11:50.333 T:1246 debug : CVideoPlayerVideo::OutputPicture - ttd:420ms pts:2.711 Clock:2.291 Level:6
2023-07-03 11:11:50.372 T:1246 debug : CVideoPlayerVideo::OutputPicture - ttd:423ms pts:2.753 Clock:2.329 Level:6
2023-07-03 11:11:50.388 T:1243 debug : CVideoPlayer::ProcessVideoData size:79682 dts:10.636 pts:10.802 dur:41.000ms, clock:2.346 level:97
2023-07-03 11:11:50.388 T:1243 debug : CVideoPlayer::ProcessVideoData size:22531 dts:10.677 pts:10.761 dur:41.000ms, clock:2.346 level:98
2023-07-03 11:11:50.388 T:1243 debug : CVideoPlayer::ProcessVideoData size:28758 dts:10.719 pts:10.719 dur:41.000ms, clock:2.346 level:99
2023-07-03 11:11:50.412 T:1246 debug : CVideoPlayerVideo::OutputPicture - ttd:424ms pts:2.794 Clock:2.370 Level:6
2023-07-03 11:11:50.447 T:1246 debug : CVideoPlayerVideo::OutputPicture - ttd:464ms pts:2.836 Clock:2.371 Level:6
2023-07-03 11:11:50.551 T:1243 debug : CVideoPlayer::ProcessVideoData size:78775 dts:10.761 pts:10.969 dur:41.000ms, clock:2.508 level:97
2023-07-03 11:11:50.551 T:1243 debug : CVideoPlayer::ProcessVideoData size:28546 dts:10.802 pts:10.886 dur:41.000ms, clock:2.508 level:97
2023-07-03 11:11:50.551 T:1243 debug : CVideoPlayer::ProcessVideoData size:24060 dts:10.844 pts:10.844 dur:41.000ms, clock:2.509 level:98
2023-07-03 11:11:50.551 T:1243 debug : CVideoPlayer::ProcessVideoData size:22872 dts:10.886 pts:10.928 dur:41.000ms, clock:2.509 level:99
2023-07-03 11:11:50.578 T:1246 debug : CVideoPlayerVideo::OutputPicture - ttd:342ms pts:2.878 Clock:2.536 Level:4
2023-07-03 11:11:50.579 T:1246 debug : CVideoPlayerVideo::OutputPicture - ttd:383ms pts:2.920 Clock:2.537 Level:5
2023-07-03 11:11:50.622 T:1246 debug : CVideoPlayerVideo::OutputPicture - ttd:381ms pts:2.961 Clock:2.580 Level:5
2023-07-03 11:11:50.624 T:1246 debug : CVideoPlayerVideo::OutputPicture - ttd:421ms pts:3.003 Clock:2.581 Level:6
2023-07-03 11:11:50.642 T:1243 debug : CVideoPlayer::ProcessVideoData size:74148 dts:10.928 pts:11.053 dur:41.000ms, clock:2.600 level:99
2023-07-03 11:11:50.642 T:1243 debug : CVideoPlayer::ProcessVideoData size:18637 dts:10.969 pts:11.011 dur:41.000ms, clock:2.600 level:99
2023-07-03 11:11:50.704 T:1246 debug : CVideoPlayerVideo::OutputPicture - ttd:383ms pts:3.045 Clock:2.662 Level:5
2023-07-03 11:11:50.705 T:1246 debug : CVideoPlayerVideo::OutputPicture - ttd:423ms pts:3.086 Clock:2.663 Level:6
2023-07-03 11:11:50.746 T:1246 debug : CVideoPlayerVideo::OutputPicture - ttd:424ms pts:3.128 Clock:2.704 Level:6
2023-07-03 11:11:50.780 T:1246 debug : CVideoPlayerVideo::OutputPicture - ttd:463ms pts:3.170 Clock:2.707 Level:6
2023-07-03 11:11:50.815 T:1243 debug : CVideoPlayer::ProcessVideoData size:47578 dts:11.011 pts:11.220 dur:41.000ms, clock:2.772 level:97
2023-07-03 11:11:50.815 T:1243 debug : CVideoPlayer::ProcessVideoData size:24789 dts:11.053 pts:11.136 dur:41.000ms, clock:2.772 level:97
2023-07-03 11:11:50.815 T:1243 debug : CVideoPlayer::ProcessVideoData size:18345 dts:11.094 pts:11.094 dur:41.000ms, clock:2.772 level:98
2023-07-03 11:11:50.815 T:1243 debug : CVideoPlayer::ProcessVideoData size:19456 dts:11.136 pts:11.178 dur:41.000ms, clock:2.772 level:99
2023-07-03 11:11:50.871 T:1246 debug : CVideoPlayerVideo::OutputPicture - ttd:383ms pts:3.212 Clock:2.829 Level:5
2023-07-03 11:11:50.874 T:1246 debug : CVideoPlayerVideo::OutputPicture - ttd:421ms pts:3.253 Clock:2.832 Level:6
2023-07-03 11:11:50.896 T:1243 debug : CVideoPlayer::ProcessVideoData size:43498 dts:11.178 pts:11.345 dur:41.000ms, clock:2.853 level:98
2023-07-03 11:11:50.896 T:1243 debug : CVideoPlayer::ProcessVideoData size:16929 dts:11.220 pts:11.303 dur:41.000ms, clock:2.854 level:99
2023-07-03 11:11:50.896 T:1243 debug : CVideoPlayer::ProcessVideoData size:20807 dts:11.261 pts:11.261 dur:41.000ms, clock:2.854 level:99
2023-07-03 11:11:50.958 T:1246 debug : CVideoPlayerVideo::OutputPicture - ttd:379ms pts:3.295 Clock:2.915 Level:5
2023-07-03 11:11:50.959 T:1246 debug : CVideoPlayerVideo::OutputPicture - ttd:420ms pts:3.337 Clock:2.916 Level:6
2023-07-03 11:11:51.068 T:1243 debug : CVideoPlayer::ProcessVideoData size:32626 dts:11.303 pts:11.470 dur:41.000ms, clock:3.026 level:98
2023-07-03 11:11:51.069 T:1243 debug : CVideoPlayer::ProcessVideoData size:14732 dts:11.345 pts:11.428 dur:41.000ms, clock:3.026 level:99
2023-07-03 11:11:51.069 T:1243 debug : CVideoPlayer::ProcessVideoData size:18072 dts:11.386 pts:11.386 dur:41.000ms, clock:3.026 level:99
2023-07-03 11:11:51.083 T:1246 debug : CVideoPlayerVideo::OutputPicture - ttd:337ms pts:3.378 Clock:3.040 Level:4
2023-07-03 11:11:51.084 T:1246 debug : CVideoPlayerVideo::OutputPicture - ttd:378ms pts:3.420 Clock:3.042 Level:5
2023-07-03 11:11:51.122 T:1246 debug : CVideoPlayerVideo::OutputPicture - ttd:382ms pts:3.462 Clock:3.079 Level:5
2023-07-03 11:11:51.125 T:1246 debug : CVideoPlayerVideo::OutputPicture - ttd:421ms pts:3.504 Clock:3.083 Level:6
2023-07-03 11:11:51.150 T:1243 debug : CVideoPlayer::ProcessVideoData size:39158 dts:11.428 pts:11.595 dur:41.000ms, clock:3.107 level:99
2023-07-03 11:11:51.150 T:1243 debug : CVideoPlayer::ProcessVideoData size:16553 dts:11.470 pts:11.553 dur:41.000ms, clock:3.108 level:99
2023-07-03 11:11:51.170 T:1243 debug : CVideoPlayer::ProcessVideoData size:17881 dts:11.512 pts:11.512 dur:41.000ms, clock:3.128 level:99
2023-07-03 11:11:51.242 T:1243 debug : CVideoPlayer::ProcessVideoData size:44261 dts:11.553 pts:11.720 dur:41.000ms, clock:3.199 level:99
2023-07-03 11:11:51.247 T:1246 debug : CVideoPlayerVideo::OutputPicture - ttd:340ms pts:3.545 Clock:3.205 Level:4
2023-07-03 11:11:51.251 T:1246 debug : CVideoPlayerVideo::OutputPicture - ttd:378ms pts:3.587 Clock:3.208 Level:5
2023-07-03 11:11:51.252 T:1243 debug : CVideoPlayer::ProcessVideoData size:16816 dts:11.595 pts:11.678 dur:41.000ms, clock:3.210 level:99
2023-07-03 11:11:51.292 T:1246 debug : CVideoPlayerVideo::OutputPicture - ttd:379ms pts:3.629 Clock:3.249 Level:5
2023-07-03 11:11:51.293 T:1243 debug : CVideoPlayer::ProcessVideoData size:20124 dts:11.637 pts:11.637 dur:41.000ms, clock:3.250 level:99
2023-07-03 11:11:51.294 T:1246 debug : CVideoPlayerVideo::OutputPicture - ttd:418ms pts:3.670 Clock:3.251 Level:6
2023-07-03 11:11:51.375 T:1246 debug : CVideoPlayerVideo::OutputPicture - ttd:379ms pts:3.712 Clock:3.332 Level:5
2023-07-03 11:11:51.376 T:1246 debug : CVideoPlayerVideo::OutputPicture - ttd:420ms pts:3.754 Clock:3.333 Level:6
2023-07-03 11:11:51.405 T:1243 debug : CVideoPlayer::ProcessVideoData size:54359 dts:11.678 pts:11.845 dur:41.000ms, clock:3.362 level:98
2023-07-03 11:11:51.405 T:1243 debug : CVideoPlayer::ProcessVideoData size:15184 dts:11.720 pts:11.803 dur:41.000ms, clock:3.363 level:99
2023-07-03 11:11:51.405 T:1243 debug : CVideoPlayer::ProcessVideoData size:18104 dts:11.762 pts:11.762 dur:41.000ms, clock:3.363 level:99
2023-07-03 11:11:51.417 T:1246 debug : CVideoPlayerVideo::OutputPicture - ttd:420ms pts:3.795 Clock:3.374 Level:6
2023-07-03 11:11:51.449 T:1246 debug : CVideoPlayerVideo::OutputPicture - ttd:461ms pts:3.837 Clock:3.375 Level:6
2023-07-03 11:11:51.497 T:1243 debug : CVideoPlayer::ProcessVideoData size:60303 dts:11.803 pts:11.970 dur:41.000ms, clock:3.454 level:99
2023-07-03 11:11:51.507 T:1243 debug : CVideoPlayer::ProcessVideoData size:16107 dts:11.845 pts:11.929 dur:41.000ms, clock:3.465 level:99
2023-07-03 11:11:51.548 T:1243 debug : CVideoPlayer::ProcessVideoData size:19114 dts:11.887 pts:11.887 dur:41.000ms, clock:3.505 level:99
2023-07-03 11:11:51.583 T:1246 debug : CVideoPlayerVideo::OutputPicture - ttd:338ms pts:3.879 Clock:3.541 Level:4
2023-07-03 11:11:51.584 T:1246 debug : CVideoPlayerVideo::OutputPicture - ttd:379ms pts:3.921 Clock:3.542 Level:5
2023-07-03 11:11:51.589 T:1243 debug : CVideoPlayer::ProcessVideoData size:59871 dts:11.929 pts:12.012 dur:41.000ms, clock:3.546 level:99
2023-07-03 11:11:51.625 T:1246 debug : CVideoPlayerVideo::OutputPicture - ttd:379ms pts:3.962 Clock:3.582 Level:5
2023-07-03 11:11:51.626 T:1246 debug : CVideoPlayerVideo::OutputPicture - ttd:420ms pts:4.004 Clock:3.584 Level:6
2023-07-03 11:11:51.660 T:1243 debug : CVideoPlayer::ProcessVideoData size:96721 dts:11.970 pts:12.095 dur:41.000ms, clock:3.617 level:99
2023-07-03 11:11:51.670 T:1243 debug : CVideoPlayer::ProcessVideoData size:17197 dts:12.012 pts:12.054 dur:41.000ms, clock:3.628 level:99
2023-07-03 11:11:51.747 T:1246 debug : CVideoPlayerVideo::OutputPicture - ttd:341ms pts:4.046 Clock:3.704 Level:4
2023-07-03 11:11:51.750 T:1246 debug : CVideoPlayerVideo::OutputPicture - ttd:379ms pts:4.087 Clock:3.708 Level:5
2023-07-03 11:11:51.752 T:1243 debug : CVideoPlayer::ProcessVideoData size:80302 dts:12.054 pts:12.179 dur:41.000ms, clock:3.709 level:99
2023-07-03 11:11:51.752 T:1243 debug : CVideoPlayer::ProcessVideoData size:15986 dts:12.095 pts:12.137 dur:41.000ms, clock:3.709 level:99
2023-07-03 11:11:51.758 T:1246 debug : CVideoPlayerVideo::OutputPicture - ttd:413ms pts:4.129 Clock:3.716 Level:6
2023-07-03 11:11:51.783 T:1246 debug : CVideoPlayerVideo::OutputPicture - ttd:451ms pts:4.171 Clock:3.719 Level:6
2023-07-03 11:11:51.833 T:1243 debug : CVideoPlayer::ProcessVideoData size:85645 dts:12.137 pts:12.262 dur:41.000ms, clock:3.791 level:98
2023-07-03 11:11:51.833 T:1243 debug : CVideoPlayer::ProcessVideoData size:17424 dts:12.179 pts:12.221 dur:41.000ms, clock:3.791 level:99
2023-07-03 11:11:51.872 T:1246 debug : CVideoPlayerVideo::OutputPicture - ttd:383ms pts:4.213 Clock:3.830 Level:5
2023-07-03 11:11:51.876 T:1246 debug : CVideoPlayerVideo::OutputPicture - ttd:420ms pts:4.254 Clock:3.834 Level:6
2023-07-03 11:11:51.917 T:1246 debug : CVideoPlayerVideo::OutputPicture - ttd:421ms pts:4.296 Clock:3.874 Level:6
2023-07-03 11:11:51.924 T:1243 debug : CVideoPlayer::ProcessVideoData size:82381 dts:12.221 pts:12.346 dur:41.000ms, clock:3.882 level:98
2023-07-03 11:11:51.925 T:1243 debug : CVideoPlayer::ProcessVideoData size:16077 dts:12.262 pts:12.304 dur:41.000ms, clock:3.882 level:99
2023-07-03 11:11:51.952 T:1246 debug : CVideoPlayerVideo::OutputPicture - ttd:462ms pts:4.338 Clock:3.876 Level:6
2023-07-03 11:11:52.006 T:1243 debug : CVideoPlayer::ProcessVideoData size:87371 dts:12.304 pts:12.429 dur:41.000ms, clock:3.963 level:99
2023-07-03 11:11:52.006 T:1243 debug : CVideoPlayer::ProcessVideoData size:15813 dts:12.346 pts:12.387 dur:41.000ms, clock:3.964 level:99
2023-07-03 11:11:52.081 T:1246 debug : CVideoPlayerVideo::OutputPicture - ttd:340ms pts:4.379 Clock:4.038 Level:4
2023-07-03 11:11:52.084 T:1246 debug : CVideoPlayerVideo::OutputPicture - ttd:379ms pts:4.421 Clock:4.042 Level:5
2023-07-03 11:11:52.087 T:1243 debug : CVideoPlayer::ProcessVideoData size:81528 dts:12.387 pts:12.513 dur:41.000ms, clock:4.045 level:99
2023-07-03 11:11:52.087 T:1243 debug : CVideoPlayer::ProcessVideoData size:15815 dts:12.429 pts:12.471 dur:41.000ms, clock:4.045 level:99
2023-07-03 11:11:52.125 T:1246 debug : CVideoPlayerVideo::OutputPicture - ttd:380ms pts:4.463 Clock:4.083 Level:5
2023-07-03 11:11:52.127 T:1246 debug : CVideoPlayerVideo::OutputPicture - ttd:420ms pts:4.505 Clock:4.084 Level:6
2023-07-03 11:11:52.179 T:1243 debug : CVideoPlayer::ProcessVideoData size:77323 dts:12.471 pts:12.596 dur:41.000ms, clock:4.137 level:99
2023-07-03 11:11:52.179 T:1243 debug : CVideoPlayer::ProcessVideoData size:13986 dts:12.513 pts:12.554 dur:41.000ms, clock:4.137 level:99
2023-07-03 11:11:52.251 T:1246 debug : CVideoPlayerVideo::OutputPicture - ttd:337ms pts:4.546 Clock:4.208 Level:4
2023-07-03 11:11:52.252 T:1246 debug : CVideoPlayerVideo::OutputPicture - ttd:378ms pts:4.588 Clock:4.210 Level:5
2023-07-03 11:11:52.261 T:1243 debug : CVideoPlayer::ProcessVideoData size:75594 dts:12.554 pts:12.679 dur:41.000ms, clock:4.219 level:99
2023-07-03 11:11:52.261 T:1243 debug : CVideoPlayer::ProcessVideoData size:13488 dts:12.596 pts:12.638 dur:41.000ms, clock:4.219 level:99
2023-07-03 11:11:52.293 T:1246 debug : CVideoPlayerVideo::OutputPicture - ttd:379ms pts:4.630 Clock:4.250 Level:5
2023-07-03 11:11:52.294 T:1246 debug : CVideoPlayerVideo::OutputPicture - ttd:419ms pts:4.671 Clock:4.251 Level:6
2023-07-03 11:11:52.343 T:1243 debug : CVideoPlayer::ProcessVideoData size:72017 dts:12.638 pts:12.763 dur:41.000ms, clock:4.300 level:99
2023-07-03 11:11:52.343 T:1243 debug : CVideoPlayer::ProcessVideoData size:13474 dts:12.679 pts:12.721 dur:41.000ms, clock:4.300 level:99
2023-07-03 11:11:52.394 T:1243 debug : CVideoPlayer::ProcessVideoData size:67338 dts:12.721 pts:12.846 dur:41.000ms, clock:4.351 level:99
2023-07-03 11:11:52.414 T:1246 debug : CVideoPlayerVideo::OutputPicture - ttd:340ms pts:4.713 Clock:4.372 Level:4
2023-07-03 11:11:52.418 T:1246 debug : CVideoPlayerVideo::OutputPicture - ttd:379ms pts:4.755 Clock:4.375 Level:5
2023-07-03 11:11:52.424 T:1243 debug : CVideoPlayer::ProcessVideoData size:13724 dts:12.763 pts:12.804 dur:41.000ms, clock:4.382 level:99
2023-07-03 11:11:52.457 T:1246 debug : CVideoPlayerVideo::OutputPicture - ttd:381ms pts:4.796 Clock:4.414 Level:5
2023-07-03 11:11:52.460 T:1246 debug : CVideoPlayerVideo::OutputPicture - ttd:420ms pts:4.838 Clock:4.418 Level:6
2023-07-03 11:11:52.556 T:1243 debug : CVideoPlayer::ProcessVideoData size:69722 dts:12.804 pts:12.971 dur:41.000ms, clock:4.514 level:98
2023-07-03 11:11:52.557 T:1243 debug : CVideoPlayer::ProcessVideoData size:12639 dts:12.846 pts:12.930 dur:41.000ms, clock:4.514 level:99
2023-07-03 11:11:52.557 T:1243 debug : CVideoPlayer::ProcessVideoData size:14723 dts:12.888 pts:12.888 dur:41.000ms, clock:4.514 level:99
2023-07-03 11:11:52.585 T:1246 debug : CVideoPlayerVideo::OutputPicture - ttd:337ms pts:4.880 Clock:4.542 Level:4
2023-07-03 11:11:52.586 T:1246 debug : CVideoPlayerVideo::OutputPicture - ttd:378ms pts:4.922 Clock:4.544 Level:5
2023-07-03 11:11:52.587 T:1246 debug : CVideoPlayerVideo::OutputPicture - ttd:418ms pts:4.963 Clock:4.545 Level:6
2023-07-03 11:11:52.649 T:1243 debug : CVideoPlayer::ProcessVideoData size:106358 dts:12.930 pts:13.096 dur:41.000ms, clock:4.606 level:99
2023-07-03 11:11:52.649 T:1243 debug : CVideoPlayer::ProcessVideoData size:13385 dts:12.971 pts:13.055 dur:41.000ms, clock:4.606 level:99
2023-07-03 11:11:52.669 T:1243 debug : CVideoPlayer::ProcessVideoData size:15096 dts:13.013 pts:13.013 dur:41.000ms, clock:4.627 level:99
2023-07-03 11:11:52.707 T:1246 debug : CVideoPlayerVideo::OutputPicture - ttd:340ms pts:5.005 Clock:4.664 Level:4
2023-07-03 11:11:52.710 T:1246 debug : CPtsTracker: detected pattern of length 1: 41708.33, frameduration: 41708.333333
2023-07-03 11:11:52.710 T:1246 debug : CVideoPlayerVideo::OutputPicture - ttd:379ms pts:5.047 Clock:4.668 Level:5
2023-07-03 11:11:52.749 T:1246 debug : CVideoPlayerVideo::OutputPicture - ttd:381ms pts:5.088 Clock:4.707 Level:5
2023-07-03 11:11:52.753 T:1246 debug : CVideoPlayerVideo::OutputPicture - ttd:419ms pts:5.130 Clock:4.710 Level:6
2023-07-03 11:11:52.811 T:1243 debug : CVideoPlayer::ProcessVideoData size:50026 dts:13.055 pts:13.263 dur:41.000ms, clock:4.769 level:98
2023-07-03 11:11:52.812 T:1243 debug : CVideoPlayer::ProcessVideoData size:17066 dts:13.096 pts:13.180 dur:41.000ms, clock:4.769 level:99
2023-07-03 11:11:52.812 T:1243 debug : CVideoPlayer::ProcessVideoData size:13525 dts:13.138 pts:13.138 dur:41.000ms, clock:4.769 level:99
2023-07-03 11:11:52.842 T:1243 debug : CVideoPlayer::ProcessVideoData size:13519 dts:13.180 pts:13.222 dur:41.000ms, clock:4.800 level:99
2023-07-03 11:11:52.873 T:1246 debug : CVideoPlayerVideo::OutputPicture - ttd:341ms pts:5.172 Clock:4.831 Level:4
2023-07-03 11:11:52.877 T:1246 debug : CVideoPlayerVideo::OutputPicture - ttd:379ms pts:5.214 Clock:4.834 Level:5
2023-07-03 11:11:52.916 T:1246 debug : CVideoPlayerVideo::OutputPicture - ttd:381ms pts:5.255 Clock:4.873 Level:5
2023-07-03 11:11:52.919 T:1246 debug : CVideoPlayerVideo::OutputPicture - ttd:420ms pts:5.297 Clock:4.876 Level:6
2023-07-03 11:11:52.984 T:1243 debug : CVideoPlayer::ProcessVideoData size:44158 dts:13.222 pts:13.430 dur:41.000ms, clock:4.942 level:97
2023-07-03 11:11:52.984 T:1243 debug : CVideoPlayer::ProcessVideoData size:16751 dts:13.263 pts:13.347 dur:41.000ms, clock:4.942 level:98
2023-07-03 11:11:52.984 T:1243 debug : CVideoPlayer::ProcessVideoData size:13209 dts:13.305 pts:13.305 dur:41.000ms, clock:4.942 level:99
2023-07-03 11:11:52.984 T:1243 debug : CVideoPlayer::ProcessVideoData size:13683 dts:13.347 pts:13.388 dur:41.000ms, clock:4.942 level:99
2023-07-03 11:11:52.999 T:1246 debug : CVideoPlayerVideo::OutputPicture - ttd:382ms pts:5.339 Clock:4.956 Level:5
2023-07-03 11:11:53.002 T:1246 debug : CVideoPlayerVideo::OutputPicture - ttd:420ms pts:5.380 Clock:4.959 Level:6
2023-07-03 11:11:53.043 T:1246 debug : CVideoPlayerVideo::OutputPicture - ttd:421ms pts:5.422 Clock:5.001 Level:6
2023-07-03 11:11:53.075 T:1246 debug : CVideoPlayerVideo::OutputPicture - ttd:462ms pts:5.464 Clock:5.002 Level:6
2023-07-03 11:11:53.157 T:1243 debug : CVideoPlayer::ProcessVideoData size:42220 dts:13.388 pts:13.597 dur:41.000ms, clock:5.115 level:98
2023-07-03 11:11:53.157 T:1243 debug : CVideoPlayer::ProcessVideoData size:16764 dts:13.430 pts:13.514 dur:41.000ms, clock:5.115 level:99
2023-07-03 11:11:53.158 T:1243 debug : CVideoPlayer::ProcessVideoData size:12594 dts:13.472 pts:13.472 dur:41.000ms, clock:5.115 level:99
2023-07-03 11:11:53.168 T:1243 debug : CVideoPlayer::ProcessVideoData size:13213 dts:13.514 pts:13.555 dur:41.000ms, clock:5.125 level:99
2023-07-03 11:11:53.207 T:1246 debug : CVideoPlayerVideo::OutputPicture - ttd:341ms pts:5.506 Clock:5.164 Level:4
2023-07-03 11:11:53.210 T:1246 debug : CVideoPlayerVideo::OutputPicture - ttd:379ms pts:5.547 Clock:5.168 Level:5
2023-07-03 11:11:53.249 T:1246 debug : CVideoPlayerVideo::OutputPicture - ttd:382ms pts:5.589 Clock:5.206 Level:5
2023-07-03 11:11:53.252 T:1246 debug : CVideoPlayerVideo::OutputPicture - ttd:421ms pts:5.631 Clock:5.210 Level:6
2023-07-03 11:11:53.330 T:1243 debug : CVideoPlayer::ProcessVideoData size:35663 dts:13.555 pts:13.722 dur:41.000ms, clock:5.288 level:97
2023-07-03 11:11:53.330 T:1243 debug : CVideoPlayer::ProcessVideoData size:12832 dts:13.597 pts:13.680 dur:41.000ms, clock:5.288 level:98
2023-07-03 11:11:53.330 T:1243 debug : CVideoPlayer::ProcessVideoData size:14176 dts:13.639 pts:13.639 dur:41.000ms, clock:5.288 level:99
2023-07-03 11:11:53.332 T:1246 debug : CVideoPlayerVideo::OutputPicture - ttd:382ms pts:5.672 Clock:5.289 Level:5
2023-07-03 11:11:53.335 T:1246 debug : CVideoPlayerVideo::OutputPicture - ttd:421ms pts:5.714 Clock:5.293 Level:6
2023-07-03 11:11:53.412 T:1243 debug : CVideoPlayer::ProcessVideoData size:30931 dts:13.680 pts:13.847 dur:41.000ms, clock:5.369 level:99
2023-07-03 11:11:53.412 T:1243 debug : CVideoPlayer::ProcessVideoData size:12269 dts:13.722 pts:13.805 dur:41.000ms, clock:5.370 level:99
2023-07-03 11:11:53.416 T:1246 debug : CVideoPlayerVideo::OutputPicture - ttd:382ms pts:5.756 Clock:5.373 Level:5
2023-07-03 11:11:53.419 T:1246 debug : CVideoPlayerVideo::OutputPicture - ttd:420ms pts:5.797 Clock:5.376 Level:6
2023-07-03 11:11:53.422 T:1243 debug : CVideoPlayer::ProcessVideoData size:14402 dts:13.764 pts:13.764 dur:41.000ms, clock:5.380 level:99
2023-07-03 11:11:53.543 T:1246 debug : CVideoPlayerVideo::OutputPicture - ttd:338ms pts:5.839 Clock:5.501 Level:4
2023-07-03 11:11:53.544 T:1246 debug : CVideoPlayerVideo::OutputPicture - ttd:379ms pts:5.881 Clock:5.502 Level:5
2023-07-03 11:11:53.585 T:1243 debug : CVideoPlayer::ProcessVideoData size:30381 dts:13.805 pts:13.972 dur:41.000ms, clock:5.543 level:97
2023-07-03 11:11:53.585 T:1243 debug : CVideoPlayer::ProcessVideoData size:13072 dts:13.847 pts:13.931 dur:41.000ms, clock:5.543 level:98
2023-07-03 11:11:53.585 T:1246 debug : CVideoPlayerVideo::OutputPicture - ttd:380ms pts:5.923 Clock:5.543 Level:5
2023-07-03 11:11:53.586 T:1243 debug : CVideoPlayer::ProcessVideoData size:14731 dts:13.889 pts:13.889 dur:41.000ms, clock:5.543 level:99
2023-07-03 11:11:53.587 T:1246 debug : CVideoPlayerVideo::OutputPicture - ttd:419ms pts:5.964 Clock:5.545 Level:6
2023-07-03 11:11:53.668 T:1246 debug : CVideoPlayerVideo::OutputPicture - ttd:380ms pts:6.006 Clock:5.626 Level:5
2023-07-03 11:11:53.669 T:1246 debug : CVideoPlayerVideo::OutputPicture - ttd:420ms pts:6.048 Clock:5.627 Level:6
2023-07-03 11:11:53.752 T:1246 debug : CVideoPlayerVideo::OutputPicture - ttd:379ms pts:6.089 Clock:5.710 Level:5
2023-07-03 11:11:53.753 T:1246 debug : CVideoPlayerVideo::OutputPicture - ttd:420ms pts:6.131 Clock:5.711 Level:6
2023-07-03 11:11:53.758 T:1243 debug : CVideoPlayer::ProcessVideoData size:54131 dts:13.931 pts:14.139 dur:41.000ms, clock:5.716 level:97
2023-07-03 11:11:53.758 T:1243 debug : CVideoPlayer::ProcessVideoData size:14951 dts:13.972 pts:14.056 dur:41.000ms, clock:5.716 level:97
2023-07-03 11:11:53.759 T:1243 debug : CVideoPlayer::ProcessVideoData size:14788 dts:14.014 pts:14.014 dur:41.000ms, clock:5.716 level:98
2023-07-03 11:11:53.759 T:1243 debug : CVideoPlayer::ProcessVideoData size:17394 dts:14.056 pts:14.097 dur:41.000ms, clock:5.716 level:99
2023-07-03 11:11:53.841 T:1243 debug : CVideoPlayer::ProcessVideoData size:34280 dts:14.097 pts:14.223 dur:41.000ms, clock:5.799 level:98
2023-07-03 11:11:53.841 T:1243 debug : CVideoPlayer::ProcessVideoData size:13150 dts:14.139 pts:14.181 dur:41.000ms, clock:5.799 level:99
2023-07-03 11:11:53.875 T:1246 debug : CVideoPlayerVideo::OutputPicture - ttd:340ms pts:6.173 Clock:5.832 Level:4
2023-07-03 11:11:53.878 T:1246 debug : CVideoPlayerVideo::OutputPicture - ttd:379ms pts:6.215 Clock:5.836 Level:5
2023-07-03 11:11:53.889 T:1246 debug : CVideoPlayerVideo::OutputPicture - ttd:409ms pts:6.256 Clock:5.846 Level:6
2023-07-03 11:11:53.909 T:1246 debug : CVideoPlayerVideo::OutputPicture - ttd:450ms pts:6.298 Clock:5.848 Level:6
2023-07-03 11:11:53.923 T:1243 debug : CVideoPlayer::ProcessVideoData size:31668 dts:14.181 pts:14.348 dur:41.000ms, clock:5.880 level:97
2023-07-03 11:11:53.923 T:1243 debug : CVideoPlayer::ProcessVideoData size:12978 dts:14.223 pts:14.306 dur:41.000ms, clock:5.881 level:98
2023-07-03 11:11:53.923 T:1243 debug : CVideoPlayer::ProcessVideoData size:14486 dts:14.264 pts:14.264 dur:41.000ms, clock:5.881 level:99
2023-07-03 11:11:54.015 T:1243 debug : CVideoPlayer::ProcessVideoData size:31050 dts:14.306 pts:14.473 dur:41.000ms, clock:5.972 level:99
2023-07-03 11:11:54.015 T:1243 debug : CVideoPlayer::ProcessVideoData size:12477 dts:14.348 pts:14.431 dur:41.000ms, clock:5.973 level:99
2023-07-03 11:11:54.037 T:1179 debug : CurlFile::Open -
2023-07-03 11:11:54.039 T:1179 error : CCurlFile::CReadState::FillBuffer - (0x7f4401e400) Failed: Couldn't connect to server(7)
2023-07-03 11:11:54.039 T:1179 error : CCurlFile::Open - Failed with code 0:
2023-07-03 11:11:54.039 T:1179 debug : AddOnLog: pvr.vuplus: pvr.vuplus - CheckHttp - Could not open webAPI.
2023-07-03 11:11:54.041 T:1246 debug : CVideoPlayerVideo::OutputPicture - ttd:341ms pts:6.340 Clock:5.999 Level:4
2023-07-03 11:11:54.045 T:1246 debug : CVideoPlayerVideo::OutputPicture - ttd:378ms pts:6.381 Clock:6.002 Level:5
2023-07-03 11:11:54.045 T:1243 debug : CVideoPlayer::ProcessVideoData size:14585 dts:14.389 pts:14.389 dur:41.000ms, clock:6.003 level:99
2023-07-03 11:11:54.086 T:1246 debug : CVideoPlayerVideo::OutputPicture - ttd:379ms pts:6.423 Clock:6.043 Level:5
2023-07-03 11:11:54.087 T:1246 debug : CVideoPlayerVideo::OutputPicture - ttd:420ms pts:6.465 Clock:6.045 Level:6
2023-07-03 11:11:54.178 T:1243 debug : CVideoPlayer::ProcessVideoData size:29731 dts:14.431 pts:14.598 dur:41.000ms, clock:6.135 level:98
2023-07-03 11:11:54.178 T:1243 debug : CVideoPlayer::ProcessVideoData size:12809 dts:14.473 pts:14.556 dur:41.000ms, clock:6.135 level:99
2023-07-03 11:11:54.178 T:1243 debug : CVideoPlayer::ProcessVideoData size:14202 dts:14.515 pts:14.515 dur:41.000ms, clock:6.136 level:99
2023-07-03 11:11:54.210 T:1246 debug : CVideoPlayerVideo::OutputPicture - ttd:339ms pts:6.507 Clock:6.168 Level:4
2023-07-03 11:11:54.211 T:1246 debug : CVideoPlayerVideo::OutputPicture - ttd:379ms pts:6.548 Clock:6.169 Level:5
2023-07-03 11:11:54.250 T:1246 debug : CVideoPlayerVideo::OutputPicture - ttd:382ms pts:6.590 Clock:6.208 Level:5
2023-07-03 11:11:54.254 T:1246 debug : CVideoPlayerVideo::OutputPicture - ttd:420ms pts:6.632 Clock:6.211 Level:6
2023-07-03 11:11:54.269 T:1243 debug : CVideoPlayer::ProcessVideoData size:30298 dts:14.556 pts:14.723 dur:41.000ms, clock:6.227 level:99
2023-07-03 11:11:54.270 T:1243 debug : CVideoPlayer::ProcessVideoData size:12347 dts:14.598 pts:14.681 dur:41.000ms, clock:6.227 level:99
2023-07-03 11:11:54.300 T:1243 debug : CVideoPlayer::ProcessVideoData size:14457 dts:14.640 pts:14.640 dur:41.000ms, clock:6.258 level:99
2023-07-03 11:11:54.375 T:1246 debug : CVideoPlayerVideo::OutputPicture - ttd:340ms pts:6.673 Clock:6.332 Level:4
2023-07-03 11:11:54.378 T:1246 debug : CVideoPlayerVideo::OutputPicture - ttd:379ms pts:6.715 Clock:6.336 Level:5
2023-07-03 11:11:54.388 T:1246 debug : CVideoPlayerVideo::OutputPicture - ttd:411ms pts:6.757 Clock:6.346 Level:6
2023-07-03 11:11:54.411 T:1246 debug : CVideoPlayerVideo::OutputPicture - ttd:450ms pts:6.798 Clock:6.347 Level:6
2023-07-03 11:11:54.432 T:1243 debug : CVideoPlayer::ProcessVideoData size:29409 dts:14.681 pts:14.848 dur:41.000ms, clock:6.390 level:97
2023-07-03 11:11:54.432 T:1243 debug : CVideoPlayer::ProcessVideoData size:12775 dts:14.723 pts:14.806 dur:41.000ms, clock:6.390 level:98
2023-07-03 11:11:54.432 T:1243 debug : CVideoPlayer::ProcessVideoData size:14354 dts:14.765 pts:14.765 dur:41.000ms, clock:6.390 level:99
2023-07-03 11:11:54.500 T:1246 debug : CVideoPlayerVideo::OutputPicture - ttd:382ms pts:6.840 Clock:6.457 Level:5
2023-07-03 11:11:54.503 T:1246 debug : CVideoPlayerVideo::OutputPicture - ttd:421ms pts:6.882 Clock:6.460 Level:6
2023-07-03 11:11:54.524 T:1243 debug : CVideoPlayer::ProcessVideoData size:28900 dts:14.806 pts:14.973 dur:41.000ms, clock:6.481 level:98
2023-07-03 11:11:54.524 T:1243 debug : CVideoPlayer::ProcessVideoData size:12133 dts:14.848 pts:14.932 dur:41.000ms, clock:6.482 level:99
2023-07-03 11:11:54.524 T:1243 debug : CVideoPlayer::ProcessVideoData size:14123 dts:14.890 pts:14.890 dur:41.000ms, clock:6.482 level:99
2023-07-03 11:11:54.587 T:1246 debug : CVideoPlayerVideo::OutputPicture - ttd:379ms pts:6.924 Clock:6.544 Level:5
2023-07-03 11:11:54.588 T:1246 debug : CVideoPlayerVideo::OutputPicture - ttd:419ms pts:6.965 Clock:6.545 Level:6
2023-07-03 11:11:54.696 T:1243 debug : CVideoPlayer::ProcessVideoData size:48228 dts:14.932 pts:15.140 dur:41.000ms, clock:6.654 level:98
2023-07-03 11:11:54.696 T:1243 debug : CVideoPlayer::ProcessVideoData size:14600 dts:14.973 pts:15.057 dur:41.000ms, clock:6.654 level:99
2023-07-03 11:11:54.697 T:1243 debug : CVideoPlayer::ProcessVideoData size:14418 dts:15.015 pts:15.015 dur:41.000ms, clock:6.654 level:99
2023-07-03 11:11:54.709 T:1246 debug : CVideoPlayerVideo::OutputPicture - ttd:340ms pts:7.007 Clock:6.666 Level:4
2023-07-03 11:11:54.712 T:1246 debug : CVideoPlayerVideo::OutputPicture - ttd:379ms pts:7.049 Clock:6.670 Level:5
2023-07-03 11:11:54.717 T:1243 debug : CVideoPlayer::ProcessVideoData size:16908 dts:15.057 pts:15.098 dur:41.000ms, clock:6.675 level:99
2023-07-03 11:11:54.750 T:1246 debug : CVideoPlayerVideo::OutputPicture - ttd:382ms pts:7.090 Clock:6.708 Level:5
2023-07-03 11:11:54.754 T:1246 debug : CVideoPlayerVideo::OutputPicture - ttd:420ms pts:7.132 Clock:6.711 Level:6
2023-07-03 11:11:54.778 T:1243 debug : CVideoPlayer::ProcessVideoData size:33787 dts:15.098 pts:15.224 dur:41.000ms, clock:6.736 level:99
2023-07-03 11:11:54.799 T:1243 debug : CVideoPlayer::ProcessVideoData size:13293 dts:15.140 pts:15.182 dur:41.000ms, clock:6.756 level:99
2023-07-03 11:11:54.833 T:1246 debug : CVideoPlayerVideo::OutputPicture - ttd:382ms pts:7.174 Clock:6.791 Level:5
2023-07-03 11:11:54.837 T:1246 debug : CVideoPlayerVideo::OutputPicture - ttd:421ms pts:7.216 Clock:6.794 Level:6
2023-07-03 11:11:54.878 T:1246 debug : CVideoPlayerVideo::OutputPicture - ttd:421ms pts:7.257 Clock:6.835 Level:6
2023-07-03 11:11:54.909 T:1246 debug : CVideoPlayerVideo::OutputPicture - ttd:462ms pts:7.299 Clock:6.837 Level:6
2023-07-03 11:11:54.951 T:1243 debug : CVideoPlayer::ProcessVideoData size:30433 dts:15.182 pts:15.349 dur:41.000ms, clock:6.909 level:97
2023-07-03 11:11:54.952 T:1243 debug : CVideoPlayer::ProcessVideoData size:12556 dts:15.224 pts:15.307 dur:41.000ms, clock:6.909 level:98
2023-07-03 11:11:54.952 T:1243 debug : CVideoPlayer::ProcessVideoData size:14447 dts:15.265 pts:15.265 dur:41.000ms, clock:6.909 level:99
2023-07-03 11:11:55.034 T:1243 debug : CVideoPlayer::ProcessVideoData size:30824 dts:15.307 pts:15.474 dur:41.000ms, clock:6.991 level:99
2023-07-03 11:11:55.034 T:1243 debug : CVideoPlayer::ProcessVideoData size:12520 dts:15.349 pts:15.432 dur:41.000ms, clock:6.992 level:99
2023-07-03 11:11:55.042 T:1246 debug : CVideoPlayerVideo::OutputPicture - ttd:341ms pts:7.341 Clock:6.999 Level:4
2023-07-03 11:11:55.044 T:1243 debug : CVideoPlayer::ProcessVideoData size:14480 dts:15.390 pts:15.390 dur:41.000ms, clock:7.002 level:99
2023-07-03 11:11:55.045 T:1246 debug : CVideoPlayerVideo::OutputPicture - ttd:379ms pts:7.382 Clock:7.003 Level:5
2023-07-03 11:11:55.084 T:1246 debug : CVideoPlayerVideo::OutputPicture - ttd:382ms pts:7.424 Clock:7.042 Level:5
2023-07-03 11:11:55.085 T:1246 debug : CVideoPlayerVideo::OutputPicture - ttd:423ms pts:7.466 Clock:7.043 Level:6
2023-07-03 11:11:55.206 T:1243 debug : CVideoPlayer::ProcessVideoData size:29331 dts:15.432 pts:15.599 dur:41.000ms, clock:7.164 level:98
2023-07-03 11:11:55.207 T:1243 debug : CVideoPlayer::ProcessVideoData size:12385 dts:15.474 pts:15.557 dur:41.000ms, clock:7.164 level:99
2023-07-03 11:11:55.207 T:1243 debug : CVideoPlayer::ProcessVideoData size:14077 dts:15.516 pts:15.516 dur:41.000ms, clock:7.164 level:99
2023-07-03 11:11:55.209 T:1246 debug : CVideoPlayerVideo::OutputPicture - ttd:341ms pts:7.508 Clock:7.167 Level:4
2023-07-03 11:11:55.212 T:1246 debug : CVideoPlayerVideo::OutputPicture - ttd:378ms pts:7.549 Clock:7.170 Level:5
2023-07-03 11:11:55.214 T:1246 debug : CVideoPlayerVideo::OutputPicture - ttd:419ms pts:7.591 Clock:7.171 Level:6
2023-07-03 11:11:55.288 T:1243 debug : CVideoPlayer::ProcessVideoData size:29906 dts:15.557 pts:15.724 dur:41.000ms, clock:7.246 level:99
2023-07-03 11:11:55.289 T:1243 debug : CVideoPlayer::ProcessVideoData size:12486 dts:15.599 pts:15.682 dur:41.000ms, clock:7.246 level:99
2023-07-03 11:11:55.299 T:1243 debug : CVideoPlayer::ProcessVideoData size:14170 dts:15.641 pts:15.641 dur:41.000ms, clock:7.256 level:99
2023-07-03 11:11:55.334 T:1246 debug : CVideoPlayerVideo::OutputPicture - ttd:341ms pts:7.633 Clock:7.292 Level:4
2023-07-03 11:11:55.336 T:1246 debug : CVideoPlayerVideo::OutputPicture - ttd:380ms pts:7.674 Clock:7.293 Level:5
2023-07-03 11:11:55.337 T:1246 debug : CVideoPlayerVideo::OutputPicture - ttd:421ms pts:7.716 Clock:7.294 Level:6
2023-07-03 11:11:55.460 T:1246 debug : CVideoPlayerVideo::OutputPicture - ttd:340ms pts:7.758 Clock:7.417 Level:4
2023-07-03 11:11:55.461 T:1243 debug : CVideoPlayer::ProcessVideoData size:29187 dts:15.682 pts:15.849 dur:41.000ms, clock:7.418 level:98
2023-07-03 11:11:55.461 T:1243 debug : CVideoPlayer::ProcessVideoData size:12141 dts:15.724 pts:15.807 dur:41.000ms, clock:7.419 level:99
2023-07-03 11:11:55.461 T:1243 debug : CVideoPlayer::ProcessVideoData size:14332 dts:15.766 pts:15.766 dur:41.000ms, clock:7.419 level:99
2023-07-03 11:11:55.464 T:1246 debug : CVideoPlayerVideo::OutputPicture - ttd:377ms pts:7.799 Clock:7.422 Level:5
2023-07-03 11:11:55.466 T:1246 debug : CVideoPlayerVideo::OutputPicture - ttd:417ms pts:7.841 Clock:7.423 Level:6
2023-07-03 11:11:55.542 T:1243 debug : CVideoPlayer::ProcessVideoData size:29018 dts:15.807 pts:15.974 dur:41.000ms, clock:7.500 level:99
2023-07-03 11:11:55.543 T:1243 debug : CVideoPlayer::ProcessVideoData size:11972 dts:15.849 pts:15.933 dur:41.000ms, clock:7.500 level:99
2023-07-03 11:11:55.553 T:1243 debug : CVideoPlayer::ProcessVideoData size:14296 dts:15.891 pts:15.891 dur:41.000ms, clock:7.510 level:99
2023-07-03 11:11:55.587 T:1246 debug : CVideoPlayerVideo::OutputPicture - ttd:338ms pts:7.883 Clock:7.545 Level:4
2023-07-03 11:11:55.589 T:1246 debug : CVideoPlayerVideo::OutputPicture - ttd:378ms pts:7.925 Clock:7.546 Level:5
2023-07-03 11:11:55.629 T:1246 debug : CVideoPlayerVideo::OutputPicture - ttd:379ms pts:7.966 Clock:7.586 Level:5
2023-07-03 11:11:55.630 T:1246 debug : CVideoPlayerVideo::OutputPicture - ttd:420ms pts:8.008 Clock:7.588 Level:6
2023-07-03 11:11:55.713 T:1246 debug : CVideoPlayerVideo::OutputPicture - ttd:379ms pts:8.050 Clock:7.670 Level:5
2023-07-03 11:11:55.714 T:1246 debug : CVideoPlayerVideo::OutputPicture - ttd:419ms pts:8.091 Clock:7.672 Level:6
2023-07-03 11:11:55.715 T:1243 debug : CVideoPlayer::ProcessVideoData size:45588 dts:15.933 pts:16.141 dur:41.000ms, clock:7.673 level:97
2023-07-03 11:11:55.715 T:1243 debug : CVideoPlayer::ProcessVideoData size:14326 dts:15.974 pts:16.058 dur:41.000ms, clock:7.673 level:97
2023-07-03 11:11:55.715 T:1243 debug : CVideoPlayer::ProcessVideoData size:14497 dts:16.016 pts:16.016 dur:41.000ms, clock:7.673 level:98
2023-07-03 11:11:55.715 T:1243 debug : CVideoPlayer::ProcessVideoData size:16908 dts:16.058 pts:16.099 dur:41.000ms, clock:7.673 level:99
2023-07-03 11:11:55.751 T:1246 debug : CVideoPlayerVideo::OutputPicture - ttd:424ms pts:8.133 Clock:7.709 Level:6
2023-07-03 11:11:55.786 T:1246 debug : CVideoPlayerVideo::OutputPicture - ttd:462ms pts:8.175 Clock:7.712 Level:6
2023-07-03 11:11:55.807 T:1243 debug : CVideoPlayer::ProcessVideoData size:33728 dts:16.099 pts:16.225 dur:41.000ms, clock:7.764 level:99
2023-07-03 11:11:55.807 T:1243 debug : CVideoPlayer::ProcessVideoData size:13733 dts:16.141 pts:16.183 dur:41.000ms, clock:7.764 level:99
2023-07-03 11:11:55.888 T:1243 debug : CVideoPlayer::ProcessVideoData size:30257 dts:16.183 pts:16.350 dur:41.000ms, clock:7.845 level:99
2023-07-03 11:11:55.888 T:1243 debug : CVideoPlayer::ProcessVideoData size:12823 dts:16.225 pts:16.308 dur:41.000ms, clock:7.846 level:99
2023-07-03 11:11:55.922 T:1246 debug : CVideoPlayerVideo::OutputPicture - ttd:337ms pts:8.217 Clock:7.879 Level:4
2023-07-03 11:11:55.923 T:1246 debug : CVideoPlayerVideo::OutputPicture - ttd:377ms pts:8.258 Clock:7.881 Level:5
2023-07-03 11:11:55.929 T:1243 debug : CVideoPlayer::ProcessVideoData size:14561 dts:16.266 pts:16.266 dur:41.000ms, clock:7.886 level:99
2023-07-03 11:11:55.929 T:1246 debug : CVideoPlayerVideo::OutputPicture - ttd:413ms pts:8.300 Clock:7.886 Level:6
2023-07-03 11:11:55.953 T:1246 debug : CVideoPlayerVideo::OutputPicture - ttd:454ms pts:8.342 Clock:7.887 Level:6
2023-07-03 11:11:56.043 T:1246 debug : CVideoPlayerVideo::OutputPicture - ttd:382ms pts:8.383 Clock:8.001 Level:5
2023-07-03 11:11:56.045 T:1246 debug : CVideoPlayerVideo::OutputPicture - ttd:422ms pts:8.425 Clock:8.002 Level:6
2023-07-03 11:11:56.060 T:1243 debug : CVideoPlayer::ProcessVideoData size:30158 dts:16.308 pts:16.475 dur:41.000ms, clock:8.018 level:97
2023-07-03 11:11:56.061 T:1243 debug : CVideoPlayer::ProcessVideoData size:12892 dts:16.350 pts:16.433 dur:41.000ms, clock:8.018 level:98
2023-07-03 11:11:56.061 T:1243 debug : CVideoPlayer::ProcessVideoData size:14111 dts:16.391 pts:16.391 dur:41.000ms, clock:8.018 level:99
2023-07-03 11:11:56.126 T:1246 debug : CVideoPlayerVideo::OutputPicture - ttd:383ms pts:8.467 Clock:8.084 Level:5
2023-07-03 11:11:56.127 T:1246 debug : CVideoPlayerVideo::OutputPicture - ttd:423ms pts:8.509 Clock:8.085 Level:6
2023-07-03 11:11:56.142 T:1243 debug : CVideoPlayer::ProcessVideoData size:29576 dts:16.433 pts:16.600 dur:41.000ms, clock:8.099 level:99
2023-07-03 11:11:56.142 T:1243 debug : CVideoPlayer::ProcessVideoData size:12003 dts:16.475 pts:16.558 dur:41.000ms, clock:8.100 level:99
2023-07-03 11:11:56.172 T:1243 debug : CVideoPlayer::ProcessVideoData size:14170 dts:16.517 pts:16.517 dur:41.000ms, clock:8.130 level:99
2023-07-03 11:11:56.254 T:1246 debug : CVideoPlayerVideo::OutputPicture - ttd:338ms pts:8.550 Clock:8.212 Level:4
2023-07-03 11:11:56.256 T:1246 debug : CVideoPlayerVideo::OutputPicture - ttd:378ms pts:8.592 Clock:8.213 Level:5
2023-07-03 11:11:56.294 T:1246 debug : CVideoPlayerVideo::OutputPicture - ttd:382ms pts:8.634 Clock:8.251 Level:5
2023-07-03 11:11:56.295 T:1246 debug : CVideoPlayerVideo::OutputPicture - ttd:422ms pts:8.675 Clock:8.252 Level:6
2023-07-03 11:11:56.310 T:1243 debug : CVideoPlayer::ProcessVideoData size:29008 dts:16.558 pts:16.725 dur:41.000ms, clock:8.268 level:98
2023-07-03 11:11:56.310 T:1243 debug : CVideoPlayer::ProcessVideoData size:12637 dts:16.600 pts:16.683 dur:41.000ms, clock:8.268 level:99
2023-07-03 11:11:56.310 T:1243 debug : CVideoPlayer::ProcessVideoData size:14419 dts:16.642 pts:16.642 dur:41.000ms, clock:8.268 level:99
2023-07-03 11:11:56.402 T:1243 debug : CVideoPlayer::ProcessVideoData size:29131 dts:16.683 pts:16.850 dur:41.000ms, clock:8.359 level:98
2023-07-03 11:11:56.402 T:1243 debug : CVideoPlayer::ProcessVideoData size:13263 dts:16.725 pts:16.808 dur:41.000ms, clock:8.359 level:99
2023-07-03 11:11:56.402 T:1243 debug : CVideoPlayer::ProcessVideoData size:14208 dts:16.767 pts:16.767 dur:41.000ms, clock:8.360 level:99
2023-07-03 11:11:56.418 T:1246 debug : CVideoPlayerVideo::OutputPicture - ttd:341ms pts:8.717 Clock:8.376 Level:4
2023-07-03 11:11:56.420 T:1246 debug : CVideoPlayerVideo::OutputPicture - ttd:381ms pts:8.759 Clock:8.377 Level:5
2023-07-03 11:11:56.459 T:1246 debug : CVideoPlayerVideo::OutputPicture - ttd:383ms pts:8.800 Clock:8.417 Level:5
2023-07-03 11:11:56.463 T:1246 debug : CVideoPlayerVideo::OutputPicture - ttd:421ms pts:8.842 Clock:8.421 Level:6
2023-07-03 11:11:56.484 T:1243 debug : CVideoPlayer::ProcessVideoData size:28789 dts:16.808 pts:16.975 dur:41.000ms, clock:8.441 level:99
2023-07-03 11:11:56.484 T:1243 debug : CVideoPlayer::ProcessVideoData size:12398 dts:16.850 pts:16.934 dur:41.000ms, clock:8.441 level:99
2023-07-03 11:11:56.504 T:1243 debug : CVideoPlayer::ProcessVideoData size:13945 dts:16.892 pts:16.892 dur:41.000ms, clock:8.462 level:99
2023-07-03 11:11:56.545 T:1246 debug : CVideoPlayerVideo::OutputPicture - ttd:381ms pts:8.884 Clock:8.503 Level:5
2023-07-03 11:11:56.546 T:1246 debug : CVideoPlayerVideo::OutputPicture - ttd:422ms pts:8.926 Clock:8.504 Level:6
2023-07-03 11:11:56.628 T:1246 debug : CVideoPlayerVideo::OutputPicture - ttd:381ms pts:8.967 Clock:8.585 Level:5
2023-07-03 11:11:56.629 T:1246 debug : CVideoPlayerVideo::OutputPicture - ttd:422ms pts:9.009 Clock:8.587 Level:6
2023-07-03 11:11:56.656 T:1243 debug : CVideoPlayer::ProcessVideoData size:45410 dts:16.934 pts:17.142 dur:41.000ms, clock:8.614 level:99
2023-07-03 11:11:56.656 T:1243 debug : CVideoPlayer::ProcessVideoData size:14558 dts:16.975 pts:17.059 dur:41.000ms, clock:8.614 level:99
2023-07-03 11:11:56.670 T:1246 debug : CVideoPlayerVideo::OutputPicture - ttd:423ms pts:9.051 Clock:8.627 Level:6
2023-07-03 11:11:56.677 T:1243 debug : CVideoPlayer::ProcessVideoData size:14869 dts:17.017 pts:17.017 dur:41.000ms, clock:8.634 level:99
2023-07-03 11:11:56.677 T:1243 debug : CVideoPlayer::ProcessVideoData size:16934 dts:17.059 pts:17.100 dur:41.000ms, clock:8.634 level:99
2023-07-03 11:11:56.738 T:1243 debug : CVideoPlayer::ProcessVideoData size:31920 dts:17.100 pts:17.226 dur:41.000ms, clock:8.695 level:99
2023-07-03 11:11:56.794 T:1246 debug : CVideoPlayerVideo::OutputPicture - ttd:340ms pts:9.092 Clock:8.751 Level:4
2023-07-03 11:11:56.795 T:1246 debug : CVideoPlayerVideo::OutputPicture - ttd:381ms pts:9.134 Clock:8.753 Level:5
2023-07-03 11:11:56.796 T:1246 debug : CVideoPlayerVideo::OutputPicture - ttd:422ms pts:9.176 Clock:8.754 Level:6
2023-07-03 11:11:56.799 T:1243 debug : CVideoPlayer::ProcessVideoData size:13727 dts:17.142 pts:17.184 dur:41.000ms, clock:8.756 level:99
2023-07-03 11:11:56.911 T:1243 debug : CVideoPlayer::ProcessVideoData size:29494 dts:17.184 pts:17.351 dur:41.000ms, clock:8.868 level:99
2023-07-03 11:11:56.911 T:1243 debug : CVideoPlayer::ProcessVideoData size:12573 dts:17.226 pts:17.309 dur:41.000ms, clock:8.869 level:99
2023-07-03 11:11:56.919 T:1246 debug : CVideoPlayerVideo::OutputPicture - ttd:341ms pts:9.218 Clock:8.876 Level:4
2023-07-03 11:11:56.920 T:1246 debug : CVideoPlayerVideo::OutputPicture - ttd:381ms pts:9.259 Clock:8.878 Level:5
2023-07-03 11:11:56.921 T:1243 debug : CVideoPlayer::ProcessVideoData size:14356 dts:17.267 pts:17.267 dur:41.000ms, clock:8.879 level:99
2023-07-03 11:11:56.923 T:1246 debug : CVideoPlayerVideo::OutputPicture - ttd:420ms pts:9.301 Clock:8.880 Level:6
2023-07-03 11:11:56.992 T:1243 debug : CVideoPlayer::ProcessVideoData size:30758 dts:17.309 pts:17.476 dur:41.000ms, clock:8.950 level:99
2023-07-03 11:11:56.993 T:1243 debug : CVideoPlayer::ProcessVideoData size:12597 dts:17.351 pts:17.434 dur:41.000ms, clock:8.950 level:99
2023-07-03 11:11:57.002 T:1246 debug : CVideoPlayerVideo::OutputPicture - ttd:383ms pts:9.343 Clock:8.959 Level:5
2023-07-03 11:11:57.003 T:1246 debug : CVideoPlayerVideo::OutputPicture - ttd:423ms pts:9.384 Clock:8.960 Level:6
2023-07-03 11:11:57.043 T:1246 debug : CVideoPlayerVideo::OutputPicture - ttd:425ms pts:9.426 Clock:9.000 Level:6
2023-07-03 11:11:57.053 T:1243 debug : CVideoPlayer::ProcessVideoData size:14260 dts:17.392 pts:17.392 dur:41.000ms, clock:9.011 level:99
2023-07-03 11:11:57.078 T:1246 debug : CVideoPlayerVideo::OutputPicture - ttd:457ms pts:9.468 Clock:9.010 Level:6
2023-07-03 11:11:57.119 T:1246 debug : CVideoPlayerVideo::OutputPicture - ttd:464ms pts:9.510 Clock:9.045 Level:6
2023-07-03 11:11:57.161 T:1246 debug : CVideoPlayerVideo::OutputPicture - ttd:467ms pts:9.551 Clock:9.084 Level:6
2023-07-03 11:11:57.165 T:1243 debug : CVideoPlayer::ProcessVideoData size:28990 dts:17.434 pts:17.601 dur:41.000ms, clock:9.123 level:98
