2023-07-03 11:11:47.570 T:1243 debug : CVideoPlayer::HandleMessages - player 2 reported state: 0
2023-07-03 11:11:47.570 T:1141 debug : OnAVChange: CApplication::OnAVChange
2023-07-03 11:11:47.570 T:1243 debug : CVideoPlayer::HandleMessages - player 1 reported state: 0
2023-07-03 11:11:47.570 T:1104 debug : connect replacing configured host 192.168.1.6 with resolved host 192.168.1.6
2023-07-03 11:11:47.571 T:1243 debug : CVideoPlayer::ProcessVideoData size:139426 dts:18442240474082.180 pts:0.000 dur:41.000ms, clock:-0.500 level:0
2023-07-03 11:11:47.572 T:1243 debug : CDVDClock::SetSpeedAdjust - adjusted:0.000000
2023-07-03 11:11:47.572 T:1246 debug : CAMLCodec::SetSpeed, speed(0)
2023-07-03 11:11:47.572 T:1246 debug : CVideoPlayerVideo - Stillframe left, switching to normal playback
2023-07-03 11:11:47.572 T:1243 debug : CDVDClock::SetSpeedAdjust - adjusted:0.000000
2023-07-03 11:11:47.572 T:1246 info : DVDVideoCodecAmlogic::AddData Open decoder: fps:13978/583
2023-07-03 11:11:47.572 T:1243 debug : CVideoPlayer::ProcessVideoData size:138548 dts:18442240474082.180 pts:0.167 dur:41.000ms, clock:-0.333 level:0
2023-07-03 11:11:47.572 T:1243 debug : CVideoPlayer::CheckContinuity - wrapback :2, prev:167000.000000, curr:0.000000, diff:-167000.000000
2023-07-03 11:11:47.572 T:1243 debug : CVideoPlayer::ProcessVideoData size:100812 dts:0.000 pts:0.083 dur:41.000ms, clock:-0.333 level:0
2023-07-03 11:11:47.572 T:1243 debug : CVideoPlayer::ProcessVideoData size:58096 dts:0.042 pts:0.042 dur:41.000ms, clock:-0.333 level:0
2023-07-03 11:11:47.572 T:1243 debug : CVideoPlayer::ProcessVideoData size:61627 dts:0.083 pts:0.125 dur:41.000ms, clock:-0.333 level:0
2023-07-03 11:11:47.573 T:1246 debug : codecid_to_vformat, id(27) -> vformat(2)
2023-07-03 11:11:47.573 T:1246 debug : codec_tag_to_vdec_type, codec_tag(27) -> vdec_type(4)
2023-07-03 11:11:47.573 T:1246 debug : CAMLCodec::OpenDecoder hints.width(1920), hints.height(1080), hints.codec(27), hints.codec_tag(0)
2023-07-03 11:11:47.573 T:1246 debug : CAMLCodec::OpenDecoder hints.fpsrate(13978), hints.fpsscale(583), video_rate(4004)
2023-07-03 11:11:47.573 T:1246 debug : CAMLCodec::OpenDecoder hints.aspect(1.777778), video_ratio.num(1), video_ratio.den(1)
2023-07-03 11:11:47.573 T:1246 debug : CAMLCodec::OpenDecoder hints.orientation(0), hints.forced_aspect(1), hints.extrasize(38)
2023-07-03 11:11:47.573 T:1246 debug : CAMLCodec::OpenDecoder decoder timeout: 5s
2023-07-03 11:11:47.573 T:1246 debug : CAMLCodec::OpenDecoder DV support, enabled, DV system is disabled
2023-07-03 11:11:47.573 T:1243 debug : CVideoPlayer::ProcessVideoData size:138232 dts:0.125 pts:0.334 dur:41.000ms, clock:-0.333 level:0
2023-07-03 11:11:47.573 T:1243 debug : CVideoPlayer::ProcessVideoData size:85213 dts:0.167 pts:0.250 dur:41.000ms, clock:-0.333 level:1
2023-07-03 11:11:47.574 T:1243 debug : CVideoPlayer::ProcessVideoData size:76334 dts:0.209 pts:0.209 dur:41.000ms, clock:-0.333 level:1
2023-07-03 11:11:47.574 T:1243 debug : CVideoPlayer::ProcessVideoData size:51482 dts:0.250 pts:0.292 dur:41.000ms, clock:-0.333 level:1
2023-07-03 11:11:47.575 T:1243 debug : CVideoPlayer::ProcessVideoData size:135935 dts:0.292 pts:0.501 dur:41.000ms, clock:-0.333 level:2
2023-07-03 11:11:47.575 T:1243 debug : CVideoPlayer::ProcessVideoData size:77599 dts:0.334 pts:0.417 dur:41.000ms, clock:-0.333 level:2
2023-07-03 11:11:47.575 T:1243 debug : CVideoPlayer::ProcessVideoData size:62884 dts:0.375 pts:0.375 dur:41.000ms, clock:-0.333 level:3
2023-07-03 11:11:47.575 T:1243 debug : CVideoPlayer::ProcessVideoData size:75319 dts:0.417 pts:0.459 dur:41.000ms, clock:-0.333 level:3
2023-07-03 11:11:47.576 T:1243 debug : CVideoPlayer::ProcessVideoData size:125975 dts:0.459 pts:0.667 dur:41.000ms, clock:-0.333 level:4
2023-07-03 11:11:47.576 T:1243 debug : CVideoPlayer::ProcessVideoData size:103236 dts:0.501 pts:0.584 dur:41.000ms, clock:-0.333 level:4
2023-07-03 11:11:47.576 T:1243 debug : CVideoPlayer::ProcessVideoData size:54022 dts:0.542 pts:0.542 dur:41.000ms, clock:-0.333 level:5
2023-07-03 11:11:47.577 T:1243 debug : CVideoPlayer::ProcessVideoData size:57134 dts:0.584 pts:0.626 dur:41.000ms, clock:-0.333 level:5
2023-07-03 11:11:47.577 T:1243 debug : CVideoPlayer::ProcessVideoData size:137943 dts:0.626 pts:0.834 dur:41.000ms, clock:-0.333 level:6
2023-07-03 11:11:47.578 T:1243 debug : CVideoPlayer::ProcessVideoData size:88298 dts:0.667 pts:0.751 dur:41.000ms, clock:-0.333 level:6
2023-07-03 11:11:47.578 T:1243 debug : CVideoPlayer::ProcessVideoData size:74148 dts:0.709 pts:0.709 dur:41.000ms, clock:-0.333 level:7
2023-07-03 11:11:47.578 T:1243 debug : CVideoPlayer::ProcessVideoData size:52027 dts:0.751 pts:0.792 dur:41.000ms, clock:-0.333 level:7
2023-07-03 11:11:47.578 T:1243 debug : CVideoPlayer::ProcessVideoData size:133647 dts:0.792 pts:1.001 dur:41.000ms, clock:-0.333 level:8
2023-07-03 11:11:47.579 T:1243 debug : CVideoPlayer::ProcessVideoData size:80278 dts:0.834 pts:0.918 dur:41.000ms, clock:-0.333 level:8
2023-07-03 11:11:47.579 T:1243 debug : CVideoPlayer::ProcessVideoData size:60091 dts:0.876 pts:0.876 dur:41.000ms, clock:-0.333 level:9
2023-07-03 11:11:47.579 T:1243 debug : CVideoPlayer::ProcessVideoData size:75180 dts:0.918 pts:0.959 dur:41.000ms, clock:-0.333 level:9
2023-07-03 11:11:47.580 T:1243 debug : CVideoPlayer::ProcessVideoData size:126551 dts:0.959 pts:1.168 dur:41.000ms, clock:-0.333 level:10
2023-07-03 11:11:47.580 T:1243 debug : CVideoPlayer::ProcessVideoData size:117836 dts:1.001 pts:1.084 dur:41.000ms, clock:-0.333 level:10
2023-07-03 11:11:47.580 T:1243 debug : CVideoPlayer::ProcessVideoData size:55799 dts:1.043 pts:1.043 dur:41.000ms, clock:-0.333 level:11
2023-07-03 11:11:47.580 T:1243 debug : CVideoPlayer::ProcessVideoData size:60560 dts:1.084 pts:1.126 dur:41.000ms, clock:-0.333 level:11
2023-07-03 11:11:47.581 T:1243 debug : CVideoPlayer::ProcessVideoData size:131517 dts:1.126 pts:1.335 dur:41.000ms, clock:-0.333 level:12
2023-07-03 11:11:47.581 T:1243 debug : CVideoPlayer::ProcessVideoData size:85763 dts:1.168 pts:1.251 dur:41.000ms, clock:-0.333 level:12
2023-07-03 11:11:47.581 T:1243 debug : CVideoPlayer::ProcessVideoData size:80578 dts:1.210 pts:1.210 dur:41.000ms, clock:-0.333 level:13
2023-07-03 11:11:47.582 T:1243 debug : CVideoPlayer::ProcessVideoData size:51677 dts:1.251 pts:1.293 dur:41.000ms, clock:-0.333 level:14
2023-07-03 11:11:47.582 T:1243 debug : CVideoPlayer::ProcessVideoData size:125388 dts:1.293 pts:1.502 dur:41.000ms, clock:-0.333 level:14
2023-07-03 11:11:47.583 T:1243 debug : CVideoPlayer::ProcessVideoData size:79236 dts:1.335 pts:1.418 dur:41.000ms, clock:-0.333 level:15
2023-07-03 11:11:47.580 T:1247 debug : CDVDAudio::Pause - pausing audio stream
2023-07-03 11:11:47.583 T:1243 debug : CVideoPlayer::ProcessVideoData size:58935 dts:1.376 pts:1.376 dur:41.000ms, clock:-0.333 level:15
2023-07-03 11:11:47.583 T:1247 debug : CDVDAudio::Pause - pausing audio stream
2023-07-03 11:11:47.583 T:1247 info : Skipped 1 duplicate messages..
2023-07-03 11:11:47.583 T:1247 info : CAEStreamParser::SyncDTS - dtsHD MA stream detected (8 channels, 48000Hz, 16bit BE, period: 8192, syncword: 0x41a29547, target rate: 0x18, framesize 2128))
2023-07-03 11:11:47.583 T:1243 debug : CVideoPlayer::ProcessVideoData size:76613 dts:1.418 pts:1.460 dur:41.000ms, clock:-0.333 level:16
2023-07-03 11:11:47.583 T:1247 info : Creating audio stream (codec id: 86020, channels: 8, sample rate: 48000, pass-through)
2023-07-03 11:11:47.584 T:1243 debug : CVideoPlayer::ProcessVideoData size:123893 dts:1.460 pts:1.627 dur:41.000ms, clock:-0.333 level:16
2023-07-03 11:11:47.584 T:1243 debug : CVideoPlayer::ProcessVideoData size:73712 dts:1.502 pts:1.585 dur:41.000ms, clock:-0.333 level:17
2023-07-03 11:11:47.584 T:1243 debug : CVideoPlayer::ProcessVideoData size:49547 dts:1.543 pts:1.543 dur:41.000ms, clock:-0.333 level:17
2023-07-03 11:11:47.584 T:1247 debug : CVideoPlayerAudio:: synctype set to 0: clock feedback
2023-07-03 11:11:47.585 T:1243 debug : CVideoPlayer::ProcessVideoData size:127313 dts:1.585 pts:1.710 dur:41.000ms, clock:-0.333 level:18
2023-07-03 11:11:47.585 T:1243 debug : CVideoPlayer::ProcessVideoData size:46595 dts:1.627 pts:1.668 dur:41.000ms, clock:-0.333 level:18
2023-07-03 11:11:47.585 T:1243 debug : CVideoPlayer::ProcessVideoData size:62578 dts:1.668 pts:1.877 dur:41.000ms, clock:-0.333 level:19
2023-07-03 11:11:47.586 T:1243 debug : CVideoPlayer::ProcessVideoData size:16257 dts:1.710 pts:1.793 dur:41.000ms, clock:-0.333 level:19
2023-07-03 11:11:47.586 T:1243 debug : CVideoPlayer::ProcessVideoData size:7365 dts:1.752 pts:1.752 dur:41.000ms, clock:-0.333 level:20
2023-07-03 11:11:47.586 T:1243 debug : CVideoPlayer::ProcessVideoData size:5016 dts:1.793 pts:1.835 dur:41.000ms, clock:-0.333 level:20
2023-07-03 11:11:47.586 T:1243 debug : CVideoPlayer::ProcessVideoData size:4418 dts:1.835 pts:2.044 dur:41.000ms, clock:-0.333 level:21
2023-07-03 11:11:47.586 T:1243 debug : CVideoPlayer::ProcessVideoData size:2657 dts:1.877 pts:1.960 dur:41.000ms, clock:-0.333 level:21
2023-07-03 11:11:47.587 T:1243 debug : CVideoPlayer::ProcessVideoData size:1846 dts:1.919 pts:1.919 dur:41.000ms, clock:-0.333 level:22
2023-07-03 11:11:47.587 T:1243 debug : CVideoPlayer::ProcessVideoData size:1565 dts:1.960 pts:2.002 dur:41.000ms, clock:-0.333 level:22
2023-07-03 11:11:47.587 T:1243 debug : CVideoPlayer::ProcessVideoData size:3420 dts:2.002 pts:2.169 dur:41.000ms, clock:-0.333 level:23
2023-07-03 11:11:47.588 T:1243 debug : CVideoPlayer::ProcessVideoData size:1228 dts:2.044 pts:2.127 dur:41.000ms, clock:-0.333 level:23
2023-07-03 11:11:47.588 T:1243 debug : CVideoPlayer::ProcessVideoData size:1485 dts:2.085 pts:2.085 dur:41.000ms, clock:-0.333 level:24
2023-07-03 11:11:47.589 T:1243 debug : CVideoPlayer::ProcessVideoData size:4541 dts:2.127 pts:2.294 dur:41.000ms, clock:-0.333 level:24
2023-07-03 11:11:47.589 T:1243 debug : CVideoPlayer::ProcessVideoData size:2155 dts:2.169 pts:2.252 dur:41.000ms, clock:-0.333 level:25
2023-07-03 11:11:47.589 T:1243 debug : CVideoPlayer::ProcessVideoData size:2022 dts:2.211 pts:2.211 dur:41.000ms, clock:-0.333 level:26
2023-07-03 11:11:47.590 T:1243 debug : CVideoPlayer::ProcessVideoData size:16258 dts:2.252 pts:2.377 dur:41.000ms, clock:-0.333 level:26
2023-07-03 11:11:47.590 T:1243 debug : CVideoPlayer::ProcessVideoData size:1536 dts:2.294 pts:2.336 dur:41.000ms, clock:-0.333 level:27
2023-07-03 11:11:47.591 T:1243 debug : CVideoPlayer::ProcessVideoData size:123326 dts:2.336 pts:2.544 dur:41.000ms, clock:-0.333 level:27
2023-07-03 11:11:47.591 T:1243 debug : CVideoPlayer::ProcessVideoData size:6833 dts:2.377 pts:2.461 dur:41.000ms, clock:-0.333 level:28
2023-07-03 11:11:47.591 T:1243 debug : CVideoPlayer::ProcessVideoData size:5122 dts:2.419 pts:2.419 dur:41.000ms, clock:-0.333 level:28
2023-07-03 11:11:47.591 T:1243 debug : CVideoPlayer::ProcessVideoData size:5908 dts:2.461 pts:2.503 dur:41.000ms, clock:-0.333 level:29
2023-07-03 11:11:47.606 T:1246 debug : CAMLCodec::SetSpeed, speed(0)
2023-07-03 11:11:47.635 T:1246 debug : CRenderManager::Configure - change configuration. 1920x1080. display: 1920x1080. framerate: 23.98.
2023-07-03 11:11:47.637 T:1121 info : CActiveAESink::OpenSink - initialize sink
2023-07-03 11:11:47.643 T:1248 debug : -->Python Interpreter Initialized<--
2023-07-03 11:11:47.643 T:1248 debug :
2023-07-03 11:11:47.644 T:1248 debug : CPythonInvoker(19, /storage/.kodi/addons/script.embuary.helper/plugin.py): the source file to load is "/storage/.kodi/addons/script.embuary.helper/plugin.py"
2023-07-03 11:11:47.644 T:1248 debug : CPythonInvoker(19): full python path:
2023-07-03 11:11:47.644 T:1248 debug : CPythonInvoker(19): custom python path:
2023-07-03 11:11:47.644 T:1248 debug : CPythonInvoker(19): /storage/.kodi/addons/script.embuary.helper
2023-07-03 11:11:47.644 T:1248 debug : CPythonInvoker(19): /usr/share/kodi/addons/script.module.pil/lib
2023-07-03 11:11:47.644 T:1248 debug : CPythonInvoker(19): default python path:
2023-07-03 11:11:47.644 T:1248 debug : CPythonInvoker(19): /usr/lib/python311.zip
2023-07-03 11:11:47.644 T:1248 debug : CPythonInvoker(19): /usr/lib/python3.11
2023-07-03 11:11:47.644 T:1248 debug : CPythonInvoker(19): /usr/lib/python3.11/lib-dynload
2023-07-03 11:11:47.644 T:1248 debug : CPythonInvoker(19): /usr/lib/python3.11/site-packages
2023-07-03 11:11:47.644 T:1248 debug : CPythonInvoker(19): adding args:
2023-07-03 11:11:47.644 T:1248 debug : CPythonInvoker(19): plugin://script.embuary.helper/
2023-07-03 11:11:47.644 T:1248 debug : CPythonInvoker(19): 4
2023-07-03 11:11:47.644 T:1248 debug : CPythonInvoker(19): ?info=getbydbid&dbid=&type=movie
2023-07-03 11:11:47.644 T:1248 debug : CPythonInvoker(19): resume:false
2023-07-03 11:11:47.644 T:1248 debug : CPythonInvoker(19, /storage/.kodi/addons/script.embuary.helper/plugin.py): entering source directory /storage/.kodi/addons/script.embuary.helper
2023-07-03 11:11:47.645 T:1248 debug : CPythonInvoker(19, /storage/.kodi/addons/script.embuary.helper/plugin.py): instantiating addon using automatically obtained id of "script.embuary.helper" dependent on version 3.0.0 of the xbmc.python api
2023-07-03 11:11:47.661 T:1103 debug : DeleteRenderer - deleting renderer
2023-07-03 11:11:47.661 T:1103 debug : LinuxRendererGLES: Cleaning up GLES resources
2023-07-03 11:11:47.664 T:1103 info : Constructing CRendererAML
2023-07-03 11:11:47.664 T:1103 debug : CRenderManager::Configure - 8
2023-07-03 11:11:47.664 T:1246 debug : CVideoPlayerVideo::OutputPicture - ttd:333ms pts:0.000 Clock:-0.333 Level:0
2023-07-03 11:11:47.670 T:1243 debug : CVideoPlayer::ProcessVideoData size:120208 dts:2.503 pts:2.711 dur:41.000ms, clock:-0.333 level:31
2023-07-03 11:11:47.670 T:1243 debug : CVideoPlayer::HandleMessages - player started 2
2023-07-03 11:11:47.670 T:1141 debug : OnAVChange: CApplication::OnAVChange
2023-07-03 11:11:47.671 T:1104 debug : connect replacing configured host 192.168.1.6 with resolved host 192.168.1.6
2023-07-03 11:11:47.672 T:1243 debug : CVideoPlayer::ProcessVideoData size:87218 dts:2.544 pts:2.628 dur:41.000ms, clock:-0.333 level:32
2023-07-03 11:11:47.673 T:1243 debug : CVideoPlayer::ProcessVideoData size:42322 dts:2.586 pts:2.586 dur:41.000ms, clock:-0.333 level:32
2023-07-03 11:11:47.673 T:1243 debug : CVideoPlayer::ProcessVideoData size:41116 dts:2.628 pts:2.669 dur:41.000ms, clock:-0.333 level:33
2023-07-03 11:11:47.676 T:1243 debug : CVideoPlayer::ProcessVideoData size:94629 dts:2.669 pts:2.753 dur:41.000ms, clock:-0.333 level:33
2023-07-03 11:11:47.678 T:1243 debug : CVideoPlayer::ProcessVideoData size:113237 dts:2.711 pts:2.836 dur:41.000ms, clock:-0.333 level:34
2023-07-03 11:11:47.680 T:1243 debug : CVideoPlayer::ProcessVideoData size:36148 dts:2.753 pts:2.794 dur:41.000ms, clock:-0.333 level:34
2023-07-03 11:11:47.681 T:1243 debug : CVideoPlayer::ProcessVideoData size:62222 dts:2.794 pts:3.003 dur:41.000ms, clock:-0.333 level:35
2023-07-03 11:11:47.684 T:1243 debug : CVideoPlayer::ProcessVideoData size:30775 dts:2.836 pts:2.920 dur:41.000ms, clock:-0.333 level:35
2023-07-03 11:11:47.684 T:1243 debug : CVideoPlayer::ProcessVideoData size:19215 dts:2.878 pts:2.878 dur:41.000ms, clock:-0.333 level:36
2023-07-03 11:11:47.684 T:1243 debug : CVideoPlayer::ProcessVideoData size:22848 dts:2.920 pts:2.961 dur:41.000ms, clock:-0.333 level:36
2023-07-03 11:11:47.687 T:1243 debug : CVideoPlayer::ProcessVideoData size:81361 dts:2.961 pts:3.170 dur:41.000ms, clock:-0.333 level:37
2023-07-03 11:11:47.687 T:1243 debug : CVideoPlayer::ProcessVideoData size:43461 dts:3.003 pts:3.086 dur:41.000ms, clock:-0.333 level:38
2023-07-03 11:11:47.687 T:1243 debug : CVideoPlayer::ProcessVideoData size:16782 dts:3.045 pts:3.045 dur:41.000ms, clock:-0.333 level:38
2023-07-03 11:11:47.690 T:1243 debug : CVideoPlayer::ProcessVideoData size:20292 dts:3.086 pts:3.128 dur:41.000ms, clock:-0.333 level:39
2023-07-03 11:11:47.693 T:1243 debug : CVideoPlayer::ProcessVideoData size:110503 dts:3.128 pts:3.337 dur:41.000ms, clock:-0.333 level:39
2023-07-03 11:11:47.693 T:1243 debug : CVideoPlayer::ProcessVideoData size:63094 dts:3.170 pts:3.253 dur:41.000ms, clock:-0.333 level:40
2023-07-03 11:11:47.696 T:1243 debug : CVideoPlayer::ProcessVideoData size:65951 dts:3.212 pts:3.212 dur:41.000ms, clock:-0.333 level:40
2023-07-03 11:11:47.697 T:1243 debug : CVideoPlayer::ProcessVideoData size:41975 dts:3.253 pts:3.295 dur:41.000ms, clock:-0.333 level:41
2023-07-03 11:11:47.702 T:1243 debug : CVideoPlayer::ProcessVideoData size:110543 dts:3.295 pts:3.504 dur:41.000ms, clock:-0.333 level:41
2023-07-03 11:11:47.709 T:1243 debug : CVideoPlayer::ProcessVideoData size:85675 dts:3.337 pts:3.420 dur:41.000ms, clock:-0.333 level:42
2023-07-03 11:11:47.710 T:1243 debug : CVideoPlayer::ProcessVideoData size:44419 dts:3.378 pts:3.378 dur:41.000ms, clock:-0.333 level:42
2023-07-03 11:11:47.710 T:1243 debug : CVideoPlayer::ProcessVideoData size:44441 dts:3.420 pts:3.462 dur:41.000ms, clock:-0.333 level:43
2023-07-03 11:11:47.711 T:1103 info : CAMLCodec::Enable_vadj1 - vadj1 brightness/contrast control got enabled
2023-07-03 11:11:47.712 T:1103 debug : CAMLCodec::SetVideoRect:display(0,0,3840,2160)
2023-07-03 11:11:47.712 T:1103 debug : CAMLCodec::SetVideoRect:gui(0,0,1920,1080)
2023-07-03 11:11:47.712 T:1103 debug : CAMLCodec::SetVideoRect:m_dst_rect(18,10,1884,1060)
2023-07-03 11:11:47.712 T:1103 debug : CAMLCodec::SetVideoRect:dst_rect(36,20,3768,2120)
2023-07-03 11:11:47.712 T:1103 debug : CAMLCodec::SetVideoRect:m_guiStereoMode(0)
2023-07-03 11:11:47.712 T:1103 debug : CAMLCodec::SetVideoRect:m_guiStereoView(0)
2023-07-03 11:11:47.713 T:1243 debug : CVideoPlayer::ProcessVideoData size:86626 dts:3.462 pts:3.670 dur:41.000ms, clock:-0.333 level:43
2023-07-03 11:11:47.717 T:1243 debug : CVideoPlayer::ProcessVideoData size:80817 dts:3.504 pts:3.587 dur:41.000ms, clock:-0.333 level:44
2023-07-03 11:11:47.717 T:1243 debug : CVideoPlayer::ProcessVideoData size:38036 dts:3.545 pts:3.545 dur:41.000ms, clock:-0.333 level:44
2023-07-03 11:11:47.720 T:1243 debug : CVideoPlayer::ProcessVideoData size:44431 dts:3.587 pts:3.629 dur:41.000ms, clock:-0.333 level:45
2023-07-03 11:11:47.724 T:1243 debug : CVideoPlayer::ProcessVideoData size:112604 dts:3.629 pts:3.837 dur:41.000ms, clock:-0.333 level:45
2023-07-03 11:11:47.725 T:1243 debug : CVideoPlayer::ProcessVideoData size:65608 dts:3.670 pts:3.754 dur:41.000ms, clock:-0.333 level:46
2023-07-03 11:11:47.726 T:1243 debug : CVideoPlayer::ProcessVideoData size:60581 dts:3.712 pts:3.712 dur:41.000ms, clock:-0.333 level:46
2023-07-03 11:11:47.727 T:1243 debug : CVideoPlayer::ProcessVideoData size:42177 dts:3.754 pts:3.795 dur:41.000ms, clock:-0.333 level:47
2023-07-03 11:11:47.730 T:1243 debug : CVideoPlayer::ProcessVideoData size:98646 dts:3.795 pts:4.004 dur:41.000ms, clock:-0.333 level:47
2023-07-03 11:11:47.732 T:1243 debug : CVideoPlayer::ProcessVideoData size:60008 dts:3.837 pts:3.921 dur:41.000ms, clock:-0.333 level:48
2023-07-03 11:11:47.734 T:1243 debug : CVideoPlayer::ProcessVideoData size:47465 dts:3.879 pts:3.879 dur:41.000ms, clock:-0.333 level:48
2023-07-03 11:11:47.734 T:1243 debug : CVideoPlayer::ProcessVideoData size:64746 dts:3.921 pts:3.962 dur:41.000ms, clock:-0.333 level:49
2023-07-03 11:11:47.737 T:1243 debug : CVideoPlayer::ProcessVideoData size:122961 dts:3.962 pts:4.171 dur:41.000ms, clock:-0.333 level:50
2023-07-03 11:11:47.740 T:1243 debug : CVideoPlayer::ProcessVideoData size:90287 dts:4.004 pts:4.087 dur:41.000ms, clock:-0.333 level:50
2023-07-03 11:11:47.741 T:1243 debug : CVideoPlayer::ProcessVideoData size:41746 dts:4.046 pts:4.046 dur:41.000ms, clock:-0.333 level:51
2023-07-03 11:11:47.742 T:1243 debug : CVideoPlayer::ProcessVideoData size:48253 dts:4.087 pts:4.129 dur:41.000ms, clock:-0.333 level:51
2023-07-03 11:11:47.744 T:1243 debug : CVideoPlayer::ProcessVideoData size:100545 dts:4.129 pts:4.338 dur:41.000ms, clock:-0.333 level:52
2023-07-03 11:11:47.745 T:1243 debug : CVideoPlayer::ProcessVideoData size:60561 dts:4.171 pts:4.254 dur:41.000ms, clock:-0.333 level:52
2023-07-03 11:11:47.746 T:1243 debug : CVideoPlayer::ProcessVideoData size:49658 dts:4.213 pts:4.213 dur:41.000ms, clock:-0.333 level:53
2023-07-03 11:11:47.747 T:1243 debug : CVideoPlayer::ProcessVideoData size:63120 dts:4.254 pts:4.296 dur:41.000ms, clock:-0.333 level:53
2023-07-03 11:11:47.751 T:1243 debug : CVideoPlayer::ProcessVideoData size:113163 dts:4.296 pts:4.505 dur:41.000ms, clock:-0.333 level:54
2023-07-03 11:11:47.754 T:1243 debug : CVideoPlayer::ProcessVideoData size:82876 dts:4.338 pts:4.421 dur:41.000ms, clock:-0.333 level:54
2023-07-03 11:11:47.755 T:1243 debug : CVideoPlayer::ProcessVideoData size:39049 dts:4.379 pts:4.379 dur:41.000ms, clock:-0.333 level:55
2023-07-03 11:11:47.756 T:1243 debug : CVideoPlayer::ProcessVideoData size:42567 dts:4.421 pts:4.463 dur:41.000ms, clock:-0.333 level:55
2023-07-03 11:11:47.758 T:1243 debug : CVideoPlayer::ProcessVideoData size:87951 dts:4.463 pts:4.671 dur:41.000ms, clock:-0.333 level:56
2023-07-03 11:11:47.761 T:1243 debug : CVideoPlayer::ProcessVideoData size:57600 dts:4.505 pts:4.588 dur:41.000ms, clock:-0.333 level:56
2023-07-03 11:11:47.761 T:1243 debug : CVideoPlayer::ProcessVideoData size:46764 dts:4.546 pts:4.546 dur:41.000ms, clock:-0.333 level:57
2023-07-03 11:11:47.764 T:1243 debug : CVideoPlayer::ProcessVideoData size:60645 dts:4.588 pts:4.630 dur:41.000ms, clock:-0.333 level:57
2023-07-03 11:11:47.766 T:1243 debug : CVideoPlayer::ProcessVideoData size:113679 dts:4.630 pts:4.838 dur:41.000ms, clock:-0.333 level:58
2023-07-03 11:11:47.767 T:1243 debug : CVideoPlayer::ProcessVideoData size:62970 dts:4.671 pts:4.755 dur:41.000ms, clock:-0.333 level:58
2023-07-03 11:11:47.769 T:1243 debug : CVideoPlayer::ProcessVideoData size:61512 dts:4.713 pts:4.713 dur:41.000ms, clock:-0.333 level:59
2023-07-03 11:11:47.770 T:1243 debug : CVideoPlayer::ProcessVideoData size:40678 dts:4.755 pts:4.796 dur:41.000ms, clock:-0.333 level:59
2023-07-03 11:11:47.773 T:1243 debug : CVideoPlayer::ProcessVideoData size:112364 dts:4.796 pts:4.963 dur:41.000ms, clock:-0.333 level:60
2023-07-03 11:11:47.775 T:1243 debug : CVideoPlayer::ProcessVideoData size:51562 dts:4.838 pts:4.922 dur:41.000ms, clock:-0.333 level:60
2023-07-03 11:11:47.776 T:1243 debug : CVideoPlayer::ProcessVideoData size:43132 dts:4.880 pts:4.880 dur:41.000ms, clock:-0.333 level:61
2023-07-03 11:11:47.779 T:1243 debug : CVideoPlayer::ProcessVideoData size:127195 dts:4.922 pts:5.130 dur:41.000ms, clock:-0.333 level:61
2023-07-03 11:11:47.782 T:1243 debug : CVideoPlayer::ProcessVideoData size:98027 dts:4.963 pts:5.047 dur:41.000ms, clock:-0.333 level:62
2023-07-03 11:11:47.782 T:1243 debug : CVideoPlayer::ProcessVideoData size:42905 dts:5.005 pts:5.005 dur:41.000ms, clock:-0.333 level:63
2023-07-03 11:11:47.789 T:1243 debug : CVideoPlayer::ProcessVideoData size:42403 dts:5.047 pts:5.088 dur:41.000ms, clock:-0.333 level:63
2023-07-03 11:11:47.792 T:1243 debug : CVideoPlayer::ProcessVideoData size:106620 dts:5.088 pts:5.297 dur:41.000ms, clock:-0.333 level:64
2023-07-03 11:11:47.794 T:1243 debug : CVideoPlayer::ProcessVideoData size:55847 dts:5.130 pts:5.214 dur:41.000ms, clock:-0.333 level:64
2023-07-03 11:11:47.796 T:1243 debug : CVideoPlayer::ProcessVideoData size:45614 dts:5.172 pts:5.172 dur:41.000ms, clock:-0.333 level:65
2023-07-03 11:11:47.799 T:1243 debug : CVideoPlayer::ProcessVideoData size:59194 dts:5.214 pts:5.255 dur:41.000ms, clock:-0.333 level:65
2023-07-03 11:11:47.801 T:1243 debug : CVideoPlayer::ProcessVideoData size:93935 dts:5.255 pts:5.464 dur:41.000ms, clock:-0.333 level:66
2023-07-03 11:11:47.803 T:1243 debug : CVideoPlayer::ProcessVideoData size:73538 dts:5.297 pts:5.380 dur:41.000ms, clock:-0.333 level:66
2023-07-03 11:11:47.804 T:1243 debug : CVideoPlayer::ProcessVideoData size:37136 dts:5.339 pts:5.339 dur:41.000ms, clock:-0.333 level:67
2023-07-03 11:11:47.805 T:1243 debug : CVideoPlayer::ProcessVideoData size:44632 dts:5.380 pts:5.422 dur:41.000ms, clock:-0.333 level:67
2023-07-03 11:11:47.806 T:1243 debug : CVideoPlayer::ProcessVideoData size:113574 dts:5.422 pts:5.631 dur:41.000ms, clock:-0.333 level:68
2023-07-03 11:11:47.807 T:1243 debug : CVideoPlayer::ProcessVideoData size:61377 dts:5.464 pts:5.547 dur:41.000ms, clock:-0.333 level:68
2023-07-03 11:11:47.807 T:1243 debug : CVideoPlayer::ProcessVideoData size:59337 dts:5.506 pts:5.506 dur:41.000ms, clock:-0.333 level:69
2023-07-03 11:11:47.808 T:1243 debug : CVideoPlayer::ProcessVideoData size:36607 dts:5.547 pts:5.589 dur:41.000ms, clock:-0.333 level:69
2023-07-03 11:11:47.808 T:1243 debug : CVideoPlayer::ProcessVideoData size:105663 dts:5.589 pts:5.797 dur:41.000ms, clock:-0.333 level:70
2023-07-03 11:11:47.809 T:1243 debug : CVideoPlayer::ProcessVideoData size:53405 dts:5.631 pts:5.714 dur:41.000ms, clock:-0.333 level:70
2023-07-03 11:11:47.810 T:1243 debug : CVideoPlayer::ProcessVideoData size:45196 dts:5.672 pts:5.672 dur:41.000ms, clock:-0.333 level:71
2023-07-03 11:11:47.810 T:1243 debug : CVideoPlayer::ProcessVideoData size:52760 dts:5.714 pts:5.756 dur:41.000ms, clock:-0.333 level:71
2023-07-03 11:11:47.811 T:1243 debug : CVideoPlayer::ProcessVideoData size:119638 dts:5.756 pts:5.964 dur:41.000ms, clock:-0.333 level:72
2023-07-03 11:11:47.812 T:1243 debug : CVideoPlayer::ProcessVideoData size:76019 dts:5.797 pts:5.881 dur:41.000ms, clock:-0.333 level:72
2023-07-03 11:11:47.813 T:1243 debug : CVideoPlayer::ProcessVideoData size:35156 dts:5.839 pts:5.839 dur:41.000ms, clock:-0.333 level:73
2023-07-03 11:11:47.813 T:1243 debug : CVideoPlayer::ProcessVideoData size:37466 dts:5.881 pts:5.923 dur:41.000ms, clock:-0.333 level:73
2023-07-03 11:11:47.815 T:1243 debug : CVideoPlayer::ProcessVideoData size:116051 dts:5.923 pts:6.131 dur:41.000ms, clock:-0.333 level:74
2023-07-03 11:11:47.816 T:1243 debug : CVideoPlayer::ProcessVideoData size:55598 dts:5.964 pts:6.048 dur:41.000ms, clock:-0.333 level:75
2023-07-03 11:11:47.817 T:1243 debug : CVideoPlayer::ProcessVideoData size:46750 dts:6.006 pts:6.006 dur:41.000ms, clock:-0.333 level:75
2023-07-03 11:11:47.818 T:1243 debug : CVideoPlayer::ProcessVideoData size:57538 dts:6.048 pts:6.089 dur:41.000ms, clock:-0.333 level:76
2023-07-03 11:11:47.820 T:1243 debug : CVideoPlayer::ProcessVideoData size:91678 dts:6.089 pts:6.298 dur:41.000ms, clock:-0.333 level:76
2023-07-03 11:11:47.823 T:1243 debug : CVideoPlayer::ProcessVideoData size:76918 dts:6.131 pts:6.215 dur:41.000ms, clock:-0.333 level:77
2023-07-03 11:11:47.824 T:1243 debug : CVideoPlayer::ProcessVideoData size:36954 dts:6.173 pts:6.173 dur:41.000ms, clock:-0.333 level:77
2023-07-03 11:11:47.824 T:1243 debug : CVideoPlayer::ProcessVideoData size:45897 dts:6.215 pts:6.256 dur:41.000ms, clock:-0.333 level:78
2023-07-03 11:11:47.826 T:1243 debug : CVideoPlayer::ProcessVideoData size:118534 dts:6.256 pts:6.465 dur:41.000ms, clock:-0.333 level:78
2023-07-03 11:11:47.827 T:1243 debug : CVideoPlayer::ProcessVideoData size:59755 dts:6.298 pts:6.381 dur:41.000ms, clock:-0.333 level:79
2023-07-03 11:11:47.828 T:1243 debug : CVideoPlayer::ProcessVideoData size:52450 dts:6.340 pts:6.340 dur:41.000ms, clock:-0.333 level:79
2023-07-03 11:11:47.829 T:1243 debug : CVideoPlayer::ProcessVideoData size:35895 dts:6.381 pts:6.423 dur:41.000ms, clock:-0.333 level:80
2023-07-03 11:11:47.831 T:1243 debug : CVideoPlayer::ProcessVideoData size:102478 dts:6.423 pts:6.632 dur:41.000ms, clock:-0.333 level:80
2023-07-03 11:11:47.832 T:1243 debug : CVideoPlayer::ProcessVideoData size:52032 dts:6.465 pts:6.548 dur:41.000ms, clock:-0.333 level:81
2023-07-03 11:11:47.833 T:1243 debug : CVideoPlayer::ProcessVideoData size:45598 dts:6.507 pts:6.507 dur:41.000ms, clock:-0.333 level:81
2023-07-03 11:11:47.834 T:1121 debug : CActiveAESink::OpenSink - trying to open device ALSA:hdmi:CARD=AMLAUGESOUND,DEV=0
2023-07-03 11:11:47.834 T:1121 info : CAESinkALSA::Initialize - Configure simple control for "AUGESOUND"
2023-07-03 11:11:47.835 T:1121 info : CAESinkALSA - Use card "hw:0" and set codec format "DTS-HD MA"
2023-07-03 11:11:47.838 T:1121 info : CAESinkALSA - Set Spdif to HDMITX to "Spdif_b"
2023-07-03 11:11:47.838 T:1121 info : CAESinkALSA - Set codec for "Audio spdif_b format"
2023-07-03 11:11:47.838 T:1121 info : CAESinkALSA - Set codec for "Audio spdif format"
2023-07-03 11:11:47.839 T:1121 info : CAESinkALSA::Initialize - Attempting to open device "hdmi:CARD=AMLAUGESOUND,DEV=0"
2023-07-03 11:11:47.846 T:1243 debug : CVideoPlayer::ProcessVideoData size:46505 dts:6.548 pts:6.590 dur:41.000ms, clock:-0.333 level:82
2023-07-03 11:11:47.850 T:1243 debug : CVideoPlayer::ProcessVideoData size:89378 dts:6.590 pts:6.798 dur:41.000ms, clock:-0.333 level:82
2023-07-03 11:11:47.851 T:1243 debug : CVideoPlayer::ProcessVideoData size:77838 dts:6.632 pts:6.715 dur:41.000ms, clock:-0.333 level:83
2023-07-03 11:11:47.851 T:1243 debug : CVideoPlayer::ProcessVideoData size:34204 dts:6.673 pts:6.673 dur:41.000ms, clock:-0.333 level:83
2023-07-03 11:11:47.852 T:1243 debug : CVideoPlayer::ProcessVideoData size:43230 dts:6.715 pts:6.757 dur:41.000ms, clock:-0.333 level:84
2023-07-03 11:11:47.855 T:1121 info : CAESinkALSA::Initialize - Opened device "hdmi:CARD=AMLAUGESOUND,DEV=0,AES0=0x06,AES1=0x82,AES2=0x00,AES3=0x09"
2023-07-03 11:11:47.855 T:1121 debug : CAESinkALSA::InitializeHW - Request: periodSize 8192, bufferSize 32768
2023-07-03 11:11:47.856 T:1243 debug : CVideoPlayer::ProcessVideoData size:112287 dts:6.757 pts:6.965 dur:41.000ms, clock:-0.333 level:84
2023-07-03 11:11:47.856 T:1121 debug : CAESinkALSA::InitializeHW - Got: periodSize 8192, bufferSize 32768
2023-07-03 11:11:47.856 T:1121 debug : CAESinkALSA::InitializeHW - Setting timeout to 171 ms
2023-07-03 11:11:47.857 T:1121 debug : CAESinkALSA::GetChannelLayout - Input Channel Count: 8 Output Channel Count: 8
2023-07-03 11:11:47.857 T:1121 debug : CAESinkALSA::GetChannelLayout - Requested Layout: RAW, RAW, RAW, RAW, RAW, RAW, RAW, RAW
2023-07-03 11:11:47.857 T:1121 debug : CAESinkALSA::GetChannelLayout - Got Layout: RAW, RAW, RAW, RAW, RAW, RAW, RAW, RAW (ALSA: none)
2023-07-03 11:11:47.858 T:1243 debug : CVideoPlayer::ProcessVideoData size:60795 dts:6.798 pts:6.882 dur:41.000ms, clock:-0.333 level:85
2023-07-03 11:11:47.858 T:1243 debug : CVideoPlayer::ProcessVideoData size:47794 dts:6.840 pts:6.840 dur:41.000ms, clock:-0.333 level:85
2023-07-03 11:11:47.859 T:1121 debug : CActiveAESink::OpenSink - ALSA Initialized:
2023-07-03 11:11:47.859 T:1121 debug : Output Device : AML-AUGESOUND
2023-07-03 11:11:47.859 T:1121 debug : Sample Rate : 192000
2023-07-03 11:11:47.859 T:1121 debug : Sample Format : AE_FMT_S16NE
2023-07-03 11:11:47.859 T:1121 debug : Channel Count : 8
2023-07-03 11:11:47.859 T:1121 debug : Channel Layout: RAW, RAW, RAW, RAW, RAW, RAW, RAW, RAW
2023-07-03 11:11:47.859 T:1121 debug : Frames : 8192
2023-07-03 11:11:47.859 T:1121 debug : Frame Size : 16
2023-07-03 11:11:47.859 T:1243 debug : CVideoPlayer::ProcessVideoData size:35262 dts:6.882 pts:6.924 dur:41.000ms, clock:-0.333 level:86
2023-07-03 11:11:47.864 T:1243 debug : CVideoPlayer::ProcessVideoData size:108701 dts:6.924 pts:7.132 dur:41.000ms, clock:-0.333 level:87
2023-07-03 11:11:47.867 T:1243 debug : CVideoPlayer::ProcessVideoData size:54357 dts:6.965 pts:7.049 dur:41.000ms, clock:-0.333 level:87
2023-07-03 11:11:47.869 T:1243 debug : CVideoPlayer::ProcessVideoData size:46499 dts:7.007 pts:7.007 dur:41.000ms, clock:-0.333 level:88
2023-07-03 11:11:47.870 T:1243 debug : CVideoPlayer::ProcessVideoData size:57512 dts:7.049 pts:7.090 dur:41.000ms, clock:-0.333 level:88
2023-07-03 11:11:47.874 T:1243 debug : CVideoPlayer::ProcessVideoData size:88140 dts:7.090 pts:7.299 dur:41.000ms, clock:-0.333 level:89
2023-07-03 11:11:47.875 T:1243 debug : CVideoPlayer::ProcessVideoData size:76270 dts:7.132 pts:7.216 dur:41.000ms, clock:-0.333 level:89
2023-07-03 11:11:47.876 T:1243 debug : CVideoPlayer::ProcessVideoData size:35780 dts:7.174 pts:7.174 dur:41.000ms, clock:-0.333 level:90
2023-07-03 11:11:47.877 T:1243 debug : CVideoPlayer::ProcessVideoData size:45992 dts:7.216 pts:7.257 dur:41.000ms, clock:-0.333 level:90
2023-07-03 11:11:47.882 T:1243 debug : CVideoPlayer::ProcessVideoData size:108401 dts:7.257 pts:7.466 dur:41.000ms, clock:-0.333 level:91
2023-07-03 11:11:47.883 T:1243 debug : CVideoPlayer::ProcessVideoData size:61268 dts:7.299 pts:7.382 dur:41.000ms, clock:-0.333 level:91
2023-07-03 11:11:47.883 T:1243 debug : CVideoPlayer::ProcessVideoData size:47990 dts:7.341 pts:7.341 dur:41.000ms, clock:-0.333 level:92
2023-07-03 11:11:47.885 T:1243 debug : CVideoPlayer::ProcessVideoData size:35240 dts:7.382 pts:7.424 dur:41.000ms, clock:-0.333 level:92
2023-07-03 11:11:47.888 T:1243 debug : CVideoPlayer::ProcessVideoData size:95173 dts:7.424 pts:7.591 dur:41.000ms, clock:-0.333 level:93
2023-07-03 11:11:47.889 T:1243 debug : CVideoPlayer::ProcessVideoData size:36083 dts:7.466 pts:7.549 dur:41.000ms, clock:-0.333 level:93
2023-07-03 11:11:47.889 T:1120 debug : CActiveAE::ClearDiscardedBuffers - buffer pool deleted
2023-07-03 11:11:47.891 T:1243 debug : CVideoPlayer::ProcessVideoData size:43463 dts:7.508 pts:7.508 dur:41.000ms, clock:-0.333 level:94
2023-07-03 11:11:47.891 T:1243 debug : CVideoPlayer::HandleMessages - player started 1
2023-07-03 11:11:47.892 T:1137 debug : OnAVChange: CApplication::OnAVChange
2023-07-03 11:11:47.892 T:1246 debug : CAMLCodec::SetSpeed, speed(1000)
2023-07-03 11:11:47.892 T:1243 debug : CDVDClock::SetSpeedAdjust - adjusted:0.000000
2023-07-03 11:11:47.892 T:1104 debug : connect replacing configured host 192.168.1.6 with resolved host 192.168.1.6
2023-07-03 11:11:47.892 T:1243 debug : CDVDClock::SetSpeedAdjust - adjusted:0.000000
2023-07-03 11:11:47.892 T:1243 debug : VideoPlayer::Sync - Audio - pts: 0.298, cache: 0.448, totalcache: 0.771, packets:712 level:91
2023-07-03 11:11:47.892 T:1243 debug : VideoPlayer::Sync - Video - pts: 0.000, cache: 0.050, totalcache: 0.100, packets:183 level:94
2023-07-03 11:11:47.892 T:1246 debug : CVideoPlayerVideo - CDVDMsg::GENERAL_RESYNC(-150338.562568)
2023-07-03 11:11:47.892 T:1246 debug : CVideoPlayerVideo - OUTPUT_AGAIN - vfmt, interlace should be checked.
2023-07-03 11:11:47.892 T:1247 debug : CDVDAudio::Resume - resume audio stream
2023-07-03 11:11:47.892 T:1137 debug : OnAVStarted: CApplication::OnAVStarted
2023-07-03 11:11:47.895 T:1120 debug : CActiveAE::ClearDiscardedBuffers - buffer pool deleted
2023-07-03 11:11:47.895 T:1246 debug : CVideoPlayerVideo - CDVDMsg::DEMUXER_PACKET - checking interlace vfmt: null
2023-07-03 11:11:47.897 T:1243 debug : CVideoPlayer::ProcessVideoData size:93589 dts:7.549 pts:7.716 dur:41.000ms, clock:-0.145 level:94
2023-07-03 11:11:47.898 T:1120 debug : ActiveAE - start sync of audio stream
2023-07-03 11:11:47.900 T:1243 debug : CVideoPlayer::ProcessVideoData size:51276 dts:7.591 pts:7.674 dur:41.000ms, clock:-0.142 level:94
2023-07-03 11:11:47.901 T:1243 debug : CVideoPlayer::ProcessVideoData size:42885 dts:7.633 pts:7.633 dur:41.000ms, clock:-0.142 level:95
2023-07-03 11:11:47.902 T:1243 debug : CVideoPlayer::ProcessVideoData size:100809 dts:7.674 pts:7.841 dur:41.000ms, clock:-0.140 level:95
2023-07-03 11:11:47.903 T:1243 debug : CVideoPlayer::ProcessVideoData size:33916 dts:7.716 pts:7.799 dur:41.000ms, clock:-0.140 level:96
2023-07-03 11:11:47.903 T:1243 debug : CVideoPlayer::ProcessVideoData size:42207 dts:7.758 pts:7.758 dur:41.000ms, clock:-0.139 level:96
2023-07-03 11:11:47.912 T:1243 debug : CVideoPlayer::ProcessVideoData size:90706 dts:7.799 pts:8.008 dur:41.000ms, clock:-0.131 level:96
2023-07-03 11:11:47.915 T:1243 debug : CVideoPlayer::ProcessVideoData size:50353 dts:7.841 pts:7.925 dur:41.000ms, clock:-0.127 level:97
2023-07-03 11:11:47.916 T:1243 debug : CVideoPlayer::ProcessVideoData size:43563 dts:7.883 pts:7.883 dur:41.000ms, clock:-0.127 level:97
2023-07-03 11:11:47.916 T:1243 debug : CVideoPlayer::ProcessVideoData size:54730 dts:7.925 pts:7.966 dur:41.000ms, clock:-0.126 level:98
2023-07-03 11:11:47.918 T:1243 debug : CVideoPlayer::ProcessVideoData size:118459 dts:7.966 pts:8.175 dur:41.000ms, clock:-0.124 level:98
2023-07-03 11:11:47.920 T:1246 debug : CVideoPlayerVideo::OutputPicture - ttd:164ms pts:0.042 Clock:-0.123 Level:0
2023-07-03 11:11:47.922 T:1104 debug : connect replacing configured host 192.168.1.6 with resolved host 192.168.1.6
2023-07-03 11:11:47.923 T:1246 debug : CVideoPlayerVideo::OutputPicture - ttd:202ms pts:0.083 Clock:-0.120 Level:1
2023-07-03 11:11:47.924 T:1243 debug : CVideoPlayer::ProcessVideoData size:79746 dts:8.008 pts:8.091 dur:41.000ms, clock:-0.119 level:99
2023-07-03 11:11:47.925 T:1243 debug : CVideoPlayer::ProcessVideoData size:39851 dts:8.050 pts:8.050 dur:41.000ms, clock:-0.118 level:99
2023-07-03 11:11:47.936 T:1243 debug : CVideoPlayer::ProcessVideoData size:46802 dts:8.091 pts:8.133 dur:41.000ms, clock:-0.107 level:99
2023-07-03 11:11:47.938 T:1103 debug : Activating window ID: 12005
2023-07-03 11:11:47.938 T:1103 debug : ------ Window Deinit (MyVideoNav.xml) ------
2023-07-03 11:11:47.945 T:1246 debug : CVideoPlayerVideo::OutputPicture - ttd:222ms pts:0.125 Clock:-0.098 Level:2
2023-07-03 11:11:47.946 T:1246 debug : CVideoPlayerVideo::OutputPicture - ttd:263ms pts:0.167 Clock:-0.096 Level:3
2023-07-03 11:11:47.951 T:1243 debug : CVideoPlayer::ProcessVideoData size:87660 dts:8.133 pts:8.342 dur:41.000ms, clock:-0.092 level:99
2023-07-03 11:11:47.954 T:1103 debug : FreeVisualisation() done
2023-07-03 11:11:47.957 T:1246 debug : CVideoPlayerVideo - CDVDMsg::DEMUXER_PACKET - checking interlace vfmt: null
2023-07-03 11:11:47.960 T:1103 debug : ------ Window Init (VideoFullScreen.xml) ------
2023-07-03 11:11:47.961 T:1103 info : Loading skin file: VideoFullScreen.xml, load type: KEEP_IN_MEMORY
2023-07-03 11:11:47.961 T:1243 debug : CVideoPlayer::ProcessVideoData size:59380 dts:8.175 pts:8.258 dur:41.000ms, clock:-0.081 level:99
2023-07-03 11:11:47.967 T:1103 info : [WHITELIST] Searching the whitelist for: width: 1920, height: 1080, fps: 23.976, 3D: false
2023-07-03 11:11:47.967 T:1103 debug : [WHITELIST] Using the default whitelist because the user whitelist is empty
2023-07-03 11:11:47.968 T:1103 debug : [WHITELIST] Searching for an exact resolution with an exact refresh rate
2023-07-03 11:11:47.968 T:1103 debug : [WHITELIST] No match for an exact resolution with an exact refresh rate
2023-07-03 11:11:47.968 T:1103 debug : [WHITELIST] Searching for an exact resolution with double the refresh rate
2023-07-03 11:11:47.968 T:1103 debug : [WHITELIST] No match for an exact resolution with double the refresh rate
2023-07-03 11:11:47.968 T:1103 debug : [WHITELIST] Searching for an exact resolution with a 3:2 pulldown refresh rate
2023-07-03 11:11:47.969 T:1103 debug : [WHITELIST] No match for a resolution with a 3:2 pulldown refresh rate
2023-07-03 11:11:47.969 T:1103 debug : [WHITELIST] Searching for a closest resolution with an exact refresh rate
2023-07-03 11:11:47.969 T:1103 debug : [WHITELIST] Matched a closest resolution with an exact refresh rate 3840x2160 @ 23.98 - Full Screen (16), penalty 3000
2023-07-03 11:11:47.969 T:1103 debug : [WHITELIST] Searching for a closest resolution with double refresh rate
2023-07-03 11:11:47.969 T:1103 info : Display resolution ADJUST : 3840x2160 @ 23.98 - Full Screen (16) (weight: 0.000)
2023-07-03 11:11:47.970 T:1103 debug : AMLUtils::aml_get_drmDevice - drm devices found: 1
2023-07-03 11:11:47.971 T:1103 debug : AMLUtils::aml_get_drmDevice_connector - devices have 2 connector(s)
2023-07-03 11:11:47.971 T:1103 debug : AMLUtils::aml_get_drmDevice_encoder - connector[70] is connected with 1 encoder(s)
2023-07-03 11:11:47.971 T:1103 debug : AMLUtils::aml_get_drmDevice_crtc - check 1 crtc(s)
2023-07-03 11:11:47.972 T:1103 debug : AMLUtils::aml_get_drmDevice_mode - current mode: 2160p24hz
2023-07-03 11:11:47.972 T:1243 debug : CVideoPlayer::ProcessVideoData size:52315 dts:8.217 pts:8.217 dur:41.000ms, clock:-0.071 level:99
2023-07-03 11:11:47.972 T:1103 debug : CWinSystemAmlogicGLESContext::CreateNewWindow: m_bWindowCreated: true, frac rate 1(1), cs: 2(2), cd: 2(2)
2023-07-03 11:11:47.972 T:1103 debug : CWinSystemAmlogicGLESContext::CreateNewWindow: cur: iWidth: 1920, iHeight: 1080, iScreenWidth: 3840, iScreenHeight: 2160, fRefreshRate: 23.98, dwFlags: 04
2023-07-03 11:11:47.972 T:1103 debug : CWinSystemAmlogicGLESContext::CreateNewWindow: res: iWidth: 1920, iHeight: 1080, iScreenWidth: 3840, iScreenHeight: 2160, fRefreshRate: 23.98, dwFlags: 04
2023-07-03 11:11:47.972 T:1103 debug : CWinSystemAmlogicGLESContext::CreateNewWindow: No need to create a new window
2023-07-03 11:11:47.972 T:1103 info : GLES: Maximum texture width: 8192
2023-07-03 11:11:47.980 T:1103 debug : ------ Window Deinit (DialogBusy.xml) ------
2023-07-03 11:11:47.980 T:1246 debug : CVideoPlayerVideo::OutputPicture - ttd:271ms pts:0.209 Clock:-0.063 Level:3
2023-07-03 11:11:47.981 T:1246 debug : CVideoPlayerVideo::OutputPicture - ttd:311ms pts:0.250 Clock:-0.061 Level:4
2023-07-03 11:11:47.982 T:1141 debug : OnAVChange: CApplication::OnAVChange
2023-07-03 11:11:47.983 T:1243 debug : CVideoPlayer::ProcessVideoData size:66110 dts:8.258 pts:8.300 dur:41.000ms, clock:-0.060 level:99
2023-07-03 11:11:47.983 T:1104 debug : connect replacing configured host 192.168.1.6 with resolved host 192.168.1.6
2023-07-03 11:11:47.990 T:1246 debug : CVideoPlayerVideo::OutputPicture - ttd:344ms pts:0.292 Clock:-0.052 Level:4
2023-07-03 11:11:47.991 T:1246 debug : CVideoPlayerVideo::OutputPicture - ttd:385ms pts:0.334 Clock:-0.051 Level:5
2023-07-03 11:11:48.011 T:1246 debug : CVideoPlayerVideo - CDVDMsg::DEMUXER_PACKET - checking interlace vfmt: null
2023-07-03 11:11:48.032 T:1120 debug : ActiveAE::SyncStream - average error of 9.679460, start adjusting
2023-07-03 11:11:48.032 T:1120 debug : ActiveAE::SyncStream - average error 0.679460 below threshold of 30.000000
2023-07-03 11:11:48.035 T:1243 debug : CVideoPlayer::ProcessVideoData size:115446 dts:8.300 pts:8.509 dur:41.000ms, clock:-0.008 level:98
2023-07-03 11:11:48.035 T:1243 debug : CVideoPlayer::ProcessVideoData size:40831 dts:8.342 pts:8.425 dur:41.000ms, clock:-0.007 level:99
2023-07-03 11:11:48.035 T:1243 debug : CVideoPlayer::ProcessVideoData size:30540 dts:8.383 pts:8.383 dur:41.000ms, clock:-0.007 level:99
2023-07-03 11:11:48.037 T:1246 debug : CVideoPlayerVideo::OutputPicture - ttd:380ms pts:0.375 Clock:-0.006 Level:6
2023-07-03 11:11:48.040 T:1246 debug : CVideoPlayerVideo::OutputPicture - ttd:419ms pts:0.417 Clock:-0.002 Level:6
2023-07-03 11:11:48.046 T:1243 debug : CVideoPlayer::ProcessVideoData size:22486 dts:8.425 pts:8.467 dur:41.000ms, clock:0.003 level:99
2023-07-03 11:11:48.118 T:1246 debug : CVideoPlayerVideo::OutputPicture - ttd:383ms pts:0.459 Clock:0.076 Level:5
2023-07-03 11:11:48.122 T:1246 debug : CVideoPlayerVideo::OutputPicture - ttd:421ms pts:0.501 Clock:0.079 Level:6
2023-07-03 11:11:48.209 T:1243 debug : CVideoPlayer::ProcessVideoData size:110978 dts:8.467 pts:8.675 dur:41.000ms, clock:0.166 level:98
2023-07-03 11:11:48.209 T:1243 debug : CVideoPlayer::ProcessVideoData size:43495 dts:8.509 pts:8.592 dur:41.000ms, clock:0.166 level:99
2023-07-03 11:11:48.209 T:1243 debug : CVideoPlayer::ProcessVideoData size:28774 dts:8.550 pts:8.550 dur:41.000ms, clock:0.167 level:99
2023-07-03 11:11:48.248 T:1246 debug : CVideoPlayerVideo::OutputPicture - ttd:336ms pts:0.542 Clock:0.205 Level:4
2023-07-03 11:11:48.248 T:1246 debug : CVideoPlayerVideo - CDVDMsg::DEMUXER_PACKET - checking interlace vfmt: null
2023-07-03 11:11:48.249 T:1246 debug : CVideoPlayerVideo::OutputPicture - ttd:377ms pts:0.584 Clock:0.207 Level:5
2023-07-03 11:11:48.250 T:1243 debug : CVideoPlayer::ProcessVideoData size:33497 dts:8.592 pts:8.634 dur:41.000ms, clock:0.207 level:99
2023-07-03 11:11:48.258 T:1248 debug : trying to load setting definitions from old format...
2023-07-03 11:11:48.258 T:1248 debug : [ script.embuary.helper ] Get by DBID: No result found: invalid literal for int() with base 10: ''
2023-07-03 11:11:48.259 T:1248 debug : CPythonInvoker(19, /storage/.kodi/addons/script.embuary.helper/plugin.py): script successfully run
2023-07-03 11:11:48.259 T:1248 debug : onExecutionDone(19, /storage/.kodi/addons/script.embuary.helper/plugin.py)
2023-07-03 11:11:48.285 T:1246 debug : CVideoPlayerVideo::OutputPicture - ttd:383ms pts:0.626 Clock:0.242 Level:5
2023-07-03 11:11:48.288 T:1246 debug : CVideoPlayerVideo::OutputPicture - ttd:421ms pts:0.667 Clock:0.246 Level:6
2023-07-03 11:11:48.292 T:1248 debug : .
2023-07-03 11:11:48.383 T:1243 debug : CVideoPlayer::ProcessVideoData size:113287 dts:8.634 pts:8.842 dur:41.000ms, clock:0.340 level:98
2023-07-03 11:11:48.383 T:1243 debug : CVideoPlayer::ProcessVideoData size:32717 dts:8.675 pts:8.759 dur:41.000ms, clock:0.341 level:99
2023-07-03 11:11:48.383 T:1243 debug : CVideoPlayer::ProcessVideoData size:11487 dts:8.717 pts:8.717 dur:41.000ms, clock:0.341 level:99
2023-07-03 11:11:48.412 T:1246 debug : CVideoPlayerVideo::OutputPicture - ttd:339ms pts:0.709 Clock:0.370 Level:4
2023-07-03 11:11:48.414 T:1243 debug : CVideoPlayer::ProcessVideoData size:13961 dts:8.759 pts:8.800 dur:41.000ms, clock:0.371 level:99
2023-07-03 11:11:48.414 T:1248 debug : Python interpreter stopped
2023-07-03 11:11:48.414 T:1248 debug : Thread LanguageInvoker 545552264960 terminating
2023-07-03 11:11:48.416 T:1246 debug : CVideoPlayerVideo::OutputPicture - ttd:377ms pts:0.751 Clock:0.373 Level:5
2023-07-03 11:11:48.451 T:1246 debug : CVideoPlayerVideo::OutputPicture - ttd:383ms pts:0.792 Clock:0.409 Level:5
2023-07-03 11:11:48.455 T:1246 debug : CVideoPlayerVideo::OutputPicture - ttd:421ms pts:0.834 Clock:0.412 Level:6
2023-07-03 11:11:48.535 T:1179 debug : CurlFile::Open -
2023-07-03 11:11:48.536 T:1179 error : CCurlFile::CReadState::FillBuffer - (0x7f4401e400) Failed: Couldn't connect to server(7)
2023-07-03 11:11:48.536 T:1179 error : CCurlFile::Open - Failed with code 0:
2023-07-03 11:11:48.536 T:1179 debug : AddOnLog: pvr.vuplus: pvr.vuplus - CheckHttp - Could not open webAPI.
2023-07-03 11:11:48.546 T:1243 debug : CVideoPlayer::ProcessVideoData size:73526 dts:8.800 pts:9.009 dur:41.000ms, clock:0.503 level:98
2023-07-03 11:11:48.546 T:1243 debug : CVideoPlayer::ProcessVideoData size:62831 dts:8.842 pts:8.926 dur:41.000ms, clock:0.504 level:99
2023-07-03 11:11:48.546 T:1243 debug : CVideoPlayer::ProcessVideoData size:42324 dts:8.884 pts:8.884 dur:41.000ms, clock:0.504 level:99
2023-07-03 11:11:48.579 T:1246 debug : CVideoPlayerVideo::OutputPicture - ttd:339ms pts:0.876 Clock:0.536 Level:4
2023-07-03 11:11:48.582 T:1246 debug : CVideoPlayerVideo::OutputPicture - ttd:378ms pts:0.918 Clock:0.539 Level:5
2023-07-03 11:11:48.587 T:1243 debug : CVideoPlayer::ProcessVideoData size:54524 dts:8.926 pts:8.967 dur:41.000ms, clock:0.544 level:99
2023-07-03 11:11:48.622 T:1246 debug : CVideoPlayerVideo::OutputPicture - ttd:379ms pts:0.959 Clock:0.579 Level:5
2023-07-03 11:11:48.623 T:1246 debug : CVideoPlayerVideo::OutputPicture - ttd:420ms pts:1.001 Clock:0.580 Level:6
2023-07-03 11:11:48.638 T:1243 debug : CVideoPlayer::ProcessVideoData size:40374 dts:8.967 pts:9.051 dur:41.000ms, clock:0.595 level:99
2023-07-03 11:11:48.719 T:1243 debug : CVideoPlayer::ProcessVideoData size:30057 dts:9.009 pts:9.176 dur:41.000ms, clock:0.677 level:99
2023-07-03 11:11:48.719 T:1243 debug : CVideoPlayer::ProcessVideoData size:14251 dts:9.051 pts:9.134 dur:41.000ms, clock:0.677 level:99
2023-07-03 11:11:48.745 T:1246 debug : CVideoPlayerVideo::OutputPicture - ttd:340ms pts:1.043 Clock:0.703 Level:4
2023-07-03 11:11:48.748 T:1246 debug : CVideoPlayerVideo::OutputPicture - ttd:377ms pts:1.084 Clock:0.706 Level:5
2023-07-03 11:11:48.750 T:1243 debug : CVideoPlayer::ProcessVideoData size:18836 dts:9.092 pts:9.092 dur:41.000ms, clock:0.707 level:99
2023-07-03 11:11:48.788 T:1246 debug : CVideoPlayerVideo::OutputPicture - ttd:380ms pts:1.126 Clock:0.745 Level:5
2023-07-03 11:11:48.789 T:1246 debug : CVideoPlayerVideo::OutputPicture - ttd:421ms pts:1.168 Clock:0.747 Level:6
2023-07-03 11:11:48.892 T:1243 debug : CVideoPlayer::ProcessVideoData size:56343 dts:9.134 pts:9.301 dur:41.000ms, clock:0.849 level:98
2023-07-03 11:11:48.892 T:1243 debug : CVideoPlayer::ProcessVideoData size:30637 dts:9.176 pts:9.259 dur:41.000ms, clock:0.849 level:99
2023-07-03 11:11:48.892 T:1243 debug : CVideoPlayer::ProcessVideoData size:31986 dts:9.218 pts:9.218 dur:41.000ms, clock:0.849 level:99
2023-07-03 11:11:48.912 T:1246 debug : CVideoPlayerVideo::OutputPicture - ttd:340ms pts:1.210 Clock:0.870 Level:4
2023-07-03 11:11:48.916 T:1246 debug : CVideoPlayerVideo::OutputPicture - ttd:377ms pts:1.251 Clock:0.873 Level:5
2023-07-03 11:11:48.950 T:1158 debug : connect replacing configured host 192.168.1.6 with resolved host 192.168.1.6
2023-07-03 11:11:48.955 T:1246 debug : CVideoPlayerVideo::OutputPicture - ttd:380ms pts:1.293 Clock:0.912 Level:5
2023-07-03 11:11:48.956 T:1246 debug : CVideoPlayerVideo::OutputPicture - ttd:421ms pts:1.335 Clock:0.914 Level:6
2023-07-03 11:11:48.963 T:1158 debug : connect replacing configured host 192.168.1.6 with resolved host 192.168.1.6
2023-07-03 11:11:48.973 T:1243 debug : CVideoPlayer::ProcessVideoData size:61099 dts:9.259 pts:9.384 dur:41.000ms, clock:0.931 level:99
2023-07-03 11:11:48.973 T:1243 debug : CVideoPlayer::ProcessVideoData size:30132 dts:9.301 pts:9.343 dur:41.000ms, clock:0.931 level:99
2023-07-03 11:11:49.004 T:1243 debug : CVideoPlayer::ProcessVideoData size:26319 dts:9.343 pts:9.426 dur:41.000ms, clock:0.962 level:99
2023-07-03 11:11:49.065 T:1243 debug : CVideoPlayer::ProcessVideoData size:29636 dts:9.384 pts:9.468 dur:41.000ms, clock:1.023 level:99
2023-07-03 11:11:49.081 T:1246 debug : CVideoPlayerVideo::OutputPicture - ttd:337ms pts:1.376 Clock:1.039 Level:4
