2022-11-08 16:31:26.481 T:3786 DEBUG : CVideoPlayerVideo::OpenStream - open stream with codec id: 27 fps:24000/1001 options:02
2022-11-08 16:31:26.481 T:3786 INFO : Creating video thread
2022-11-08 16:31:26.481 T:3787 DEBUG : Thread VideoPlayerVideo start, auto delete: false
2022-11-08 16:31:26.481 T:3786 DEBUG : ReadEditDecisionLists - Checking for edit decision lists (EDL) on local drive or remote share for: /media/sda1-ata-WDC_WD30EFRX-68A/hd-filme-x264-1080p/Testmovie/Testmovie.DL.1080p.BluRay.x264.mkv
2022-11-08 16:31:26.482 T:3786 INFO : Opening stream: 1 source: 256
2022-11-08 16:31:26.482 T:3786 INFO : Finding audio codec for: 86019
2022-11-08 16:31:26.482 T:3786 INFO : CDVDAudioCodecFFmpeg::Open() Successful opened audio decoder ac3
2022-11-08 16:31:26.482 T:3786 INFO : Creating audio thread
2022-11-08 16:31:26.482 T:3787 INFO : running thread: video_thread
2022-11-08 16:31:26.482 T:3787 DEBUG : CVideoPlayerVideo - CDVDMsg::GENERAL_PAUSE: 0
2022-11-08 16:31:26.482 T:3788 DEBUG : Thread VideoPlayerAudio start, auto delete: false
2022-11-08 16:31:26.482 T:3786 INFO : Opening stream: 3 source: 256
2022-11-08 16:31:26.482 T:3786 DEBUG : Prepare - Start position set to last stopped position: 502000
2022-11-08 16:31:26.482 T:3788 INFO : running thread: CVideoPlayerAudio::Process()
2022-11-08 16:31:26.482 T:3788 DEBUG : CVideoPlayerAudio - CDVDMsg::GENERAL_PAUSE: 0
2022-11-08 16:31:26.506 T:3786 DEBUG : SeekTime - seek ended up on time 501.126
2022-11-08 16:31:26.506 T:3786 DEBUG : Prepare - starting demuxer from: 502000
2022-11-08 16:31:26.506 T:3786 DEBUG : CDVDClock::SetSpeedAdjust - adjusted:0.000000
2022-11-08 16:31:26.507 T:3786 DEBUG : CVideoPlayer::HandleMessages - player 2 reported state: 0
2022-11-08 16:31:26.507 T:3660 DEBUG : OnAVChange: CApplication::OnAVChange
2022-11-08 16:31:26.507 T:3787 DEBUG : CAMLCodec::SetSpeed, speed(0)
2022-11-08 16:31:26.507 T:3787 DEBUG : CAMLCodec::SetSpeed, speed(1000)
2022-11-08 16:31:26.507 T:3786 DEBUG : CVideoPlayer::HandleMessages - player 1 reported state: 0
2022-11-08 16:31:26.513 T:3788 DEBUG : CDVDAudio::Pause - pausing audio stream
2022-11-08 16:31:26.514 T:3580 DEBUG : ------ Window Init (DialogBusy.xml) ------
2022-11-08 16:31:26.516 T:3580 DEBUG : CDirectoryProvider[library://video/movies/]: refreshing..
2022-11-08 16:31:26.516 T:3580 DEBUG : CDirectoryProvider[special://skin/playlists/inprogress_movies.xsp]: refreshing..
2022-11-08 16:31:26.516 T:3580 DEBUG : CDirectoryProvider[special://skin/playlists/recent_unwatched_movies.xsp]: refreshing..
2022-11-08 16:31:26.516 T:3580 DEBUG : CDirectoryProvider[special://skin/playlists/unwatched_movies.xsp]: refreshing..
2022-11-08 16:31:26.516 T:3580 DEBUG : CDirectoryProvider[special://skin/playlists/random_movies.xsp]: refreshing..
2022-11-08 16:31:26.516 T:3580 DEBUG : CDirectoryProvider[videodb://movies/genres/]: refreshing..
2022-11-08 16:31:26.529 T:3786 DEBUG : CVideoPlayer::ProcessVideoData size:248128 dts:18442240474082.180 pts:501.126 dur:41.000ms, clock:500.626 level:0
2022-11-08 16:31:26.529 T:3786 DEBUG : CDVDClock::SetSpeedAdjust - adjusted:0.000000
2022-11-08 16:31:26.529 T:3787 DEBUG : CAMLCodec::SetSpeed, speed(0)
2022-11-08 16:31:26.529 T:3787 DEBUG : CVideoPlayerVideo - Stillframe left, switching to normal playback
2022-11-08 16:31:26.530 T:3786 DEBUG : CVideoPlayer::ProcessVideoData size:34645 dts:18442240474082.180 pts:501.167 dur:41.000ms, clock:500.667 level:0
2022-11-08 16:31:26.530 T:3787 INFO : DVDVideoCodecAmlogic::AddData Open decoder: fps:24000/1001
2022-11-08 16:31:26.532 T:3787 DEBUG : codecid_to_vformat, id(27) -> vformat(2)
2022-11-08 16:31:26.532 T:3787 DEBUG : codec_tag_to_vdec_type, codec_tag(27) -> vdec_type(4)
2022-11-08 16:31:26.532 T:3787 DEBUG : CAMLCodec::OpenDecoder hints.width(1920), hints.height(800), hints.codec(27), hints.codec_tag(0)
2022-11-08 16:31:26.532 T:3787 DEBUG : CAMLCodec::OpenDecoder hints.fpsrate(24000), hints.fpsscale(1001), video_rate(4004)
2022-11-08 16:31:26.532 T:3787 DEBUG : CAMLCodec::OpenDecoder hints.aspect(2.400000), video_ratio.num(1), video_ratio.den(1)
2022-11-08 16:31:26.532 T:3787 DEBUG : CAMLCodec::OpenDecoder hints.orientation(0), hints.forced_aspect(1), hints.extrasize(38)
2022-11-08 16:31:26.531 T:3786 DEBUG : CVideoPlayer::CheckContinuity - wrapback :2, prev:501167000.000000, curr:501126000.000000, diff:-41000.000000
2022-11-08 16:31:26.534 T:3786 DEBUG : CVideoPlayer::ProcessVideoData size:44490 dts:501.126 pts:501.209 dur:41.000ms, clock:500.667 level:0
2022-11-08 16:31:26.535 T:3788 DEBUG : CDVDAudio::Pause - pausing audio stream
2022-11-08 16:31:26.536 T:3786 DEBUG : CVideoPlayer::ProcessVideoData size:45403 dts:501.167 pts:501.251 dur:41.000ms, clock:500.667 level:0
2022-11-08 16:31:26.536 T:3786 DEBUG : CVideoPlayer::ProcessVideoData size:37856 dts:501.209 pts:501.292 dur:41.000ms, clock:500.667 level:0
2022-11-08 16:31:26.537 T:3788 INFO : Creating audio stream (codec id: 86019, channels: 6, sample rate: 48000, no pass-through)
2022-11-08 16:31:26.537 T:3786 DEBUG : CVideoPlayer::ProcessVideoData size:40323 dts:501.251 pts:501.334 dur:41.000ms, clock:500.667 level:1
2022-11-08 16:31:26.538 T:3788 DEBUG : CVideoPlayerAudio:: synctype set to 0: clock feedback
2022-11-08 16:31:26.538 T:3786 DEBUG : CVideoPlayer::ProcessVideoData size:41725 dts:501.292 pts:501.376 dur:41.000ms, clock:500.667 level:2
2022-11-08 16:31:26.539 T:3786 DEBUG : CVideoPlayer::ProcessVideoData size:40694 dts:501.334 pts:501.418 dur:41.000ms, clock:500.667 level:2
2022-11-08 16:31:26.539 T:3786 DEBUG : CVideoPlayer::ProcessVideoData size:40409 dts:501.376 pts:501.459 dur:41.000ms, clock:500.667 level:3
2022-11-08 16:31:26.540 T:3786 DEBUG : CVideoPlayer::ProcessVideoData size:39742 dts:501.418 pts:501.501 dur:41.000ms, clock:500.667 level:3
2022-11-08 16:31:26.541 T:3786 DEBUG : CVideoPlayer::ProcessVideoData size:41455 dts:501.459 pts:501.543 dur:41.000ms, clock:500.667 level:4
2022-11-08 16:31:26.541 T:3786 DEBUG : CVideoPlayer::ProcessVideoData size:41726 dts:501.501 pts:501.584 dur:41.000ms, clock:500.667 level:4
2022-11-08 16:31:26.542 T:3786 DEBUG : CVideoPlayer::ProcessVideoData size:38734 dts:501.543 pts:501.626 dur:41.000ms, clock:500.667 level:5
2022-11-08 16:31:26.542 T:3786 DEBUG : CVideoPlayer::ProcessVideoData size:38654 dts:501.584 pts:501.668 dur:41.000ms, clock:500.667 level:5
2022-11-08 16:31:26.542 T:3786 DEBUG : CVideoPlayer::ProcessVideoData size:38485 dts:501.626 pts:501.710 dur:41.000ms, clock:500.667 level:6
2022-11-08 16:31:26.545 T:3786 DEBUG : CVideoPlayer::ProcessVideoData size:41329 dts:501.668 pts:501.751 dur:41.000ms, clock:500.667 level:6
2022-11-08 16:31:26.547 T:3786 DEBUG : CVideoPlayer::ProcessVideoData size:42843 dts:501.710 pts:501.793 dur:41.000ms, clock:500.667 level:7
2022-11-08 16:31:26.547 T:3618 INFO : CActiveAESink::OpenSink - initialize sink
2022-11-08 16:31:26.550 T:3786 DEBUG : CVideoPlayer::ProcessVideoData size:47113 dts:501.751 pts:501.835 dur:41.000ms, clock:500.667 level:6
2022-11-08 16:31:26.551 T:3786 DEBUG : CVideoPlayer::ProcessVideoData size:49797 dts:501.793 pts:501.876 dur:41.000ms, clock:500.667 level:7
2022-11-08 16:31:26.552 T:3786 DEBUG : CVideoPlayer::ProcessVideoData size:69815 dts:501.835 pts:501.918 dur:41.000ms, clock:500.667 level:7
2022-11-08 16:31:26.554 T:3786 DEBUG : CVideoPlayer::ProcessVideoData size:67219 dts:501.876 pts:501.960 dur:41.000ms, clock:500.667 level:8
2022-11-08 16:31:26.555 T:3786 DEBUG : CVideoPlayer::ProcessVideoData size:57576 dts:501.918 pts:502.002 dur:41.000ms, clock:500.667 level:8
2022-11-08 16:31:26.555 T:3786 DEBUG : CVideoPlayer::ProcessVideoData size:49155 dts:501.960 pts:502.043 dur:41.000ms, clock:500.667 level:8
2022-11-08 16:31:26.555 T:3786 DEBUG : CVideoPlayer::ProcessVideoData size:59970 dts:502.002 pts:502.085 dur:41.000ms, clock:500.667 level:9
2022-11-08 16:31:26.557 T:3786 DEBUG : CVideoPlayer::ProcessVideoData size:46020 dts:502.043 pts:502.127 dur:41.000ms, clock:500.667 level:9
2022-11-08 16:31:26.558 T:3786 DEBUG : CVideoPlayer::ProcessVideoData size:49992 dts:502.085 pts:502.168 dur:41.000ms, clock:500.667 level:10
2022-11-08 16:31:26.558 T:3786 DEBUG : CVideoPlayer::ProcessVideoData size:44286 dts:502.127 pts:502.210 dur:41.000ms, clock:500.667 level:10
2022-11-08 16:31:26.558 T:3786 DEBUG : CVideoPlayer::ProcessVideoData size:51877 dts:502.168 pts:502.252 dur:41.000ms, clock:500.667 level:11
2022-11-08 16:31:26.559 T:3786 DEBUG : CVideoPlayer::ProcessVideoData size:47988 dts:502.210 pts:502.293 dur:41.000ms, clock:500.667 level:11
2022-11-08 16:31:26.559 T:3786 DEBUG : CVideoPlayer::ProcessVideoData size:70986 dts:502.252 pts:502.335 dur:41.000ms, clock:500.667 level:12
2022-11-08 16:31:26.560 T:3786 DEBUG : CVideoPlayer::ProcessVideoData size:67927 dts:502.293 pts:502.377 dur:41.000ms, clock:500.667 level:12
2022-11-08 16:31:26.563 T:3786 DEBUG : CVideoPlayer::ProcessVideoData size:117914 dts:502.335 pts:502.419 dur:41.000ms, clock:500.667 level:12
2022-11-08 16:31:26.565 T:3786 DEBUG : CVideoPlayer::ProcessVideoData size:73355 dts:502.377 pts:502.460 dur:41.000ms, clock:500.667 level:13
2022-11-08 16:31:26.567 T:3786 DEBUG : CVideoPlayer::ProcessVideoData size:84890 dts:502.419 pts:502.502 dur:41.000ms, clock:500.667 level:13
2022-11-08 16:31:26.568 T:3786 DEBUG : CVideoPlayer::ProcessVideoData size:63145 dts:502.460 pts:502.544 dur:41.000ms, clock:500.667 level:14
2022-11-08 16:31:26.569 T:3786 DEBUG : CVideoPlayer::ProcessVideoData size:64238 dts:502.502 pts:502.585 dur:41.000ms, clock:500.667 level:14
2022-11-08 16:31:26.571 T:3786 DEBUG : CVideoPlayer::ProcessVideoData size:50448 dts:502.544 pts:502.627 dur:41.000ms, clock:500.667 level:15
2022-11-08 16:31:26.571 T:3786 DEBUG : CVideoPlayer::ProcessVideoData size:57358 dts:502.585 pts:502.669 dur:41.000ms, clock:500.667 level:15
2022-11-08 16:31:26.572 T:3786 DEBUG : CVideoPlayer::ProcessVideoData size:54133 dts:502.627 pts:502.711 dur:41.000ms, clock:500.667 level:15
2022-11-08 16:31:26.572 T:3786 DEBUG : CVideoPlayer::ProcessVideoData size:51044 dts:502.669 pts:502.752 dur:41.000ms, clock:500.667 level:16
2022-11-08 16:31:26.574 T:3786 DEBUG : CVideoPlayer::ProcessVideoData size:68561 dts:502.711 pts:502.794 dur:41.000ms, clock:500.667 level:16
2022-11-08 16:31:26.575 T:3786 DEBUG : CVideoPlayer::ProcessVideoData size:61850 dts:502.752 pts:502.836 dur:41.000ms, clock:500.667 level:17
2022-11-08 16:31:26.577 T:3786 DEBUG : CVideoPlayer::ProcessVideoData size:62342 dts:502.794 pts:502.877 dur:41.000ms, clock:500.667 level:17
2022-11-08 16:31:26.579 T:3786 DEBUG : CVideoPlayer::ProcessVideoData size:62544 dts:502.836 pts:502.919 dur:41.000ms, clock:500.667 level:17
2022-11-08 16:31:26.580 T:3786 DEBUG : CVideoPlayer::ProcessVideoData size:55559 dts:502.877 pts:502.961 dur:41.000ms, clock:500.667 level:18
2022-11-08 16:31:26.585 T:3786 DEBUG : CVideoPlayer::ProcessVideoData size:80177 dts:502.919 pts:503.003 dur:41.000ms, clock:500.667 level:18
2022-11-08 16:31:26.586 T:3786 DEBUG : CVideoPlayer::ProcessVideoData size:70649 dts:502.961 pts:503.044 dur:41.000ms, clock:500.667 level:18
2022-11-08 16:31:26.589 T:3786 DEBUG : CVideoPlayer::ProcessVideoData size:68173 dts:503.003 pts:503.086 dur:41.000ms, clock:500.667 level:18
2022-11-08 16:31:26.589 T:3786 DEBUG : CVideoPlayer::ProcessVideoData size:57640 dts:503.044 pts:503.128 dur:41.000ms, clock:500.667 level:19
2022-11-08 16:31:26.590 T:3786 DEBUG : CVideoPlayer::ProcessVideoData size:72634 dts:503.086 pts:503.169 dur:41.000ms, clock:500.667 level:19
2022-11-08 16:31:26.590 T:3786 DEBUG : CVideoPlayer::ProcessVideoData size:72587 dts:503.128 pts:503.211 dur:41.000ms, clock:500.667 level:20
2022-11-08 16:31:26.592 T:3786 DEBUG : CVideoPlayer::ProcessVideoData size:76458 dts:503.169 pts:503.253 dur:41.000ms, clock:500.667 level:20
2022-11-08 16:31:26.592 T:3786 DEBUG : CVideoPlayer::ProcessVideoData size:81858 dts:503.211 pts:503.294 dur:41.000ms, clock:500.667 level:21
2022-11-08 16:31:26.593 T:3786 DEBUG : CVideoPlayer::ProcessVideoData size:105552 dts:503.253 pts:503.336 dur:41.000ms, clock:500.667 level:21
2022-11-08 16:31:26.594 T:3786 DEBUG : CVideoPlayer::ProcessVideoData size:75034 dts:503.294 pts:503.378 dur:41.000ms, clock:500.667 level:21
2022-11-08 16:31:26.595 T:3786 DEBUG : CVideoPlayer::ProcessVideoData size:88827 dts:503.336 pts:503.420 dur:41.000ms, clock:500.667 level:22
2022-11-08 16:31:26.597 T:3786 DEBUG : CVideoPlayer::ProcessVideoData size:117189 dts:503.378 pts:503.503 dur:41.000ms, clock:500.667 level:22
2022-11-08 16:31:26.597 T:3786 DEBUG : CVideoPlayer::ProcessVideoData size:17629 dts:503.420 pts:503.461 dur:41.000ms, clock:500.667 level:23
2022-11-08 16:31:26.598 T:3786 DEBUG : CVideoPlayer::ProcessVideoData size:138251 dts:503.461 pts:503.586 dur:41.000ms, clock:500.667 level:23
2022-11-08 16:31:26.598 T:3786 DEBUG : CVideoPlayer::ProcessVideoData size:19359 dts:503.503 pts:503.545 dur:41.000ms, clock:500.667 level:24
2022-11-08 16:31:26.600 T:3786 DEBUG : CVideoPlayer::ProcessVideoData size:109051 dts:503.545 pts:503.670 dur:41.000ms, clock:500.667 level:24
2022-11-08 16:31:26.600 T:3787 DEBUG : CRenderManager::Configure - change configuration. 1920x800. display: 1920x800. framerate: 23.98.
2022-11-08 16:31:26.600 T:3786 DEBUG : CVideoPlayer::ProcessVideoData size:22558 dts:503.586 pts:503.628 dur:41.000ms, clock:500.667 level:24
2022-11-08 16:31:26.601 T:3786 DEBUG : CVideoPlayer::ProcessVideoData size:83141 dts:503.628 pts:503.753 dur:41.000ms, clock:500.667 level:25
2022-11-08 16:31:26.602 T:3786 DEBUG : CVideoPlayer::ProcessVideoData size:20681 dts:503.670 pts:503.712 dur:41.000ms, clock:500.667 level:26
2022-11-08 16:31:26.603 T:3786 DEBUG : CVideoPlayer::ProcessVideoData size:54071 dts:503.712 pts:503.837 dur:41.000ms, clock:500.667 level:26
2022-11-08 16:31:26.603 T:3786 DEBUG : CVideoPlayer::ProcessVideoData size:23085 dts:503.753 pts:503.795 dur:41.000ms, clock:500.667 level:27
2022-11-08 16:31:26.609 T:3786 DEBUG : CVideoPlayer::ProcessVideoData size:434686 dts:503.795 pts:503.878 dur:41.000ms, clock:500.667 level:27
2022-11-08 16:31:26.610 T:3580 DEBUG : DeleteRenderer - deleting renderer
2022-11-08 16:31:26.610 T:3580 DEBUG : LinuxRendererGLES: Cleaning up GLES resources
2022-11-08 16:31:26.610 T:3580 INFO : Constructing CRendererAML
2022-11-08 16:31:26.610 T:3580 DEBUG : CRenderManager::Configure - 8
2022-11-08 16:31:26.610 T:3787 DEBUG : CVideoPlayerVideo::OutputPicture - ttd:459ms pts:501.126 Clock:500.667 Level:0
2022-11-08 16:31:26.610 T:3656 DEBUG : OnAVChange: CApplication::OnAVChange
2022-11-08 16:31:26.610 T:3786 DEBUG : CVideoPlayer::ProcessVideoData size:21909 dts:503.837 pts:503.920 dur:41.000ms, clock:500.667 level:28
2022-11-08 16:31:26.610 T:3786 DEBUG : CVideoPlayer::HandleMessages - player started 2
2022-11-08 16:31:26.610 T:3786 DEBUG : CVideoPlayer::ProcessVideoData size:27594 dts:503.878 pts:503.962 dur:41.000ms, clock:500.667 level:28
2022-11-08 16:31:26.611 T:3786 DEBUG : CVideoPlayer::ProcessVideoData size:40678 dts:503.920 pts:504.129 dur:41.000ms, clock:500.667 level:29
2022-11-08 16:31:26.611 T:3786 DEBUG : CVideoPlayer::ProcessVideoData size:5380 dts:503.962 pts:504.045 dur:41.000ms, clock:500.667 level:29
2022-11-08 16:31:26.611 T:3786 DEBUG : CVideoPlayer::ProcessVideoData size:1934 dts:504.004 pts:504.004 dur:41.000ms, clock:500.667 level:30
2022-11-08 16:31:26.611 T:3786 DEBUG : CVideoPlayer::ProcessVideoData size:1727 dts:504.045 pts:504.087 dur:41.000ms, clock:500.667 level:30
2022-11-08 16:31:26.612 T:3786 DEBUG : CVideoPlayer::ProcessVideoData size:32145 dts:504.087 pts:504.295 dur:41.000ms, clock:500.667 level:31
2022-11-08 16:31:26.612 T:3786 DEBUG : CVideoPlayer::ProcessVideoData size:2685 dts:504.129 pts:504.212 dur:41.000ms, clock:500.667 level:31
2022-11-08 16:31:26.612 T:3786 DEBUG : CVideoPlayer::ProcessVideoData size:1719 dts:504.170 pts:504.170 dur:41.000ms, clock:500.667 level:32
2022-11-08 16:31:26.612 T:3786 DEBUG : CVideoPlayer::ProcessVideoData size:1597 dts:504.212 pts:504.254 dur:41.000ms, clock:500.667 level:32
2022-11-08 16:31:26.612 T:3786 DEBUG : CVideoPlayer::ProcessVideoData size:41175 dts:504.254 pts:504.462 dur:41.000ms, clock:500.667 level:33
2022-11-08 16:31:26.613 T:3786 DEBUG : CVideoPlayer::ProcessVideoData size:3262 dts:504.295 pts:504.379 dur:41.000ms, clock:500.667 level:33
2022-11-08 16:31:26.613 T:3786 DEBUG : CVideoPlayer::ProcessVideoData size:1687 dts:504.337 pts:504.337 dur:41.000ms, clock:500.667 level:34
2022-11-08 16:31:26.613 T:3786 DEBUG : CVideoPlayer::ProcessVideoData size:1498 dts:504.379 pts:504.421 dur:41.000ms, clock:500.667 level:34
2022-11-08 16:31:26.613 T:3580 INFO : CAMLCodec::Enable_vadj1 - vadj1 brightness/contrast control got enabled
2022-11-08 16:31:26.613 T:3786 DEBUG : CVideoPlayer::ProcessVideoData size:41894 dts:504.421 pts:504.629 dur:41.000ms, clock:500.667 level:35
2022-11-08 16:31:26.613 T:3580 DEBUG : CAMLCodec::SetVideoRect:display(0,0,1920,1080)
2022-11-08 16:31:26.614 T:3580 DEBUG : CAMLCodec::SetVideoRect:gui(0,0,1920,1080)
2022-11-08 16:31:26.614 T:3580 DEBUG : CAMLCodec::SetVideoRect:m_dst_rect(0,140,1920,800)
2022-11-08 16:31:26.614 T:3786 DEBUG : CVideoPlayer::ProcessVideoData size:4056 dts:504.462 pts:504.546 dur:41.000ms, clock:500.667 level:35
2022-11-08 16:31:26.614 T:3580 DEBUG : CAMLCodec::SetVideoRect:dst_rect(0,140,1920,800)
2022-11-08 16:31:26.614 T:3580 DEBUG : CAMLCodec::SetVideoRect:m_guiStereoMode(0)
2022-11-08 16:31:26.614 T:3580 DEBUG : CAMLCodec::SetVideoRect:m_guiStereoView(0)
2022-11-08 16:31:26.614 T:3786 DEBUG : CVideoPlayer::ProcessVideoData size:1869 dts:504.504 pts:504.504 dur:41.000ms, clock:500.667 level:36
2022-11-08 16:31:26.614 T:3786 DEBUG : CVideoPlayer::ProcessVideoData size:1817 dts:504.546 pts:504.587 dur:41.000ms, clock:500.667 level:36
2022-11-08 16:31:26.614 T:3786 DEBUG : CVideoPlayer::ProcessVideoData size:34030 dts:504.587 pts:504.671 dur:41.000ms, clock:500.667 level:37
2022-11-08 16:31:26.614 T:3786 DEBUG : CVideoPlayer::ProcessVideoData size:37708 dts:504.629 pts:504.713 dur:41.000ms, clock:500.667 level:38
2022-11-08 16:31:26.615 T:3786 DEBUG : CVideoPlayer::ProcessVideoData size:36645 dts:504.671 pts:504.879 dur:41.000ms, clock:500.667 level:38
2022-11-08 16:31:26.615 T:3786 DEBUG : CVideoPlayer::ProcessVideoData size:3116 dts:504.713 pts:504.796 dur:41.000ms, clock:500.667 level:39
2022-11-08 16:31:26.615 T:3786 DEBUG : CVideoPlayer::ProcessVideoData size:1954 dts:504.754 pts:504.754 dur:41.000ms, clock:500.667 level:39
2022-11-08 16:31:26.615 T:3786 DEBUG : CVideoPlayer::ProcessVideoData size:1852 dts:504.796 pts:504.838 dur:41.000ms, clock:500.667 level:40
2022-11-08 16:31:26.616 T:3786 DEBUG : CVideoPlayer::ProcessVideoData size:42136 dts:504.838 pts:505.046 dur:41.000ms, clock:500.667 level:40
2022-11-08 16:31:26.616 T:3786 DEBUG : CVideoPlayer::ProcessVideoData size:3782 dts:504.879 pts:504.963 dur:41.000ms, clock:500.667 level:41
2022-11-08 16:31:26.616 T:3786 DEBUG : CVideoPlayer::ProcessVideoData size:2160 dts:504.921 pts:504.921 dur:41.000ms, clock:500.667 level:41
2022-11-08 16:31:26.616 T:3786 DEBUG : CVideoPlayer::ProcessVideoData size:2043 dts:504.963 pts:505.005 dur:41.000ms, clock:500.667 level:42
2022-11-08 16:31:26.618 T:3786 DEBUG : CVideoPlayer::ProcessVideoData size:34073 dts:505.005 pts:505.088 dur:41.000ms, clock:500.667 level:42
2022-11-08 16:31:26.620 T:3786 DEBUG : CVideoPlayer::ProcessVideoData size:32000 dts:505.046 pts:505.255 dur:41.000ms, clock:500.667 level:43
2022-11-08 16:31:26.620 T:3787 DEBUG : CVideoPlayerVideo::OutputPicture - ttd:500ms pts:501.167 Clock:500.667 Level:0
2022-11-08 16:31:26.622 T:3787 DEBUG : CVideoPlayerVideo::OutputPicture - ttd:542ms pts:501.209 Clock:500.667 Level:1
2022-11-08 16:31:26.622 T:3786 DEBUG : CVideoPlayer::ProcessVideoData size:5741 dts:505.088 pts:505.171 dur:41.000ms, clock:500.667 level:43
2022-11-08 16:31:26.623 T:3786 DEBUG : CVideoPlayer::ProcessVideoData size:2486 dts:505.130 pts:505.130 dur:41.000ms, clock:500.667 level:44
2022-11-08 16:31:26.623 T:3786 DEBUG : CVideoPlayer::ProcessVideoData size:2781 dts:505.171 pts:505.213 dur:41.000ms, clock:500.667 level:44
2022-11-08 16:31:26.625 T:3786 DEBUG : CVideoPlayer::ProcessVideoData size:31098 dts:505.213 pts:505.380 dur:41.000ms, clock:500.667 level:45
2022-11-08 16:31:26.626 T:3786 DEBUG : CVideoPlayer::ProcessVideoData size:3371 dts:505.255 pts:505.338 dur:41.000ms, clock:500.667 level:45
2022-11-08 16:31:26.626 T:3786 DEBUG : CVideoPlayer::ProcessVideoData size:3483 dts:505.296 pts:505.296 dur:41.000ms, clock:500.667 level:46
2022-11-08 16:31:26.627 T:3787 DEBUG : CVideoPlayerVideo::OutputPicture - ttd:584ms pts:501.251 Clock:500.667 Level:2
2022-11-08 16:31:26.627 T:3786 DEBUG : CVideoPlayer::ProcessVideoData size:29524 dts:505.338 pts:505.505 dur:41.000ms, clock:500.667 level:46
2022-11-08 16:31:26.628 T:3786 DEBUG : CVideoPlayer::ProcessVideoData size:2844 dts:505.380 pts:505.463 dur:41.000ms, clock:500.667 level:47
2022-11-08 16:31:26.628 T:3786 DEBUG : CVideoPlayer::ProcessVideoData size:2975 dts:505.422 pts:505.422 dur:41.000ms, clock:500.667 level:47
2022-11-08 16:31:26.629 T:3786 DEBUG : CVideoPlayer::ProcessVideoData size:25433 dts:505.463 pts:505.672 dur:41.000ms, clock:500.667 level:48
2022-11-08 16:31:26.629 T:3786 DEBUG : CVideoPlayer::ProcessVideoData size:4105 dts:505.505 pts:505.588 dur:41.000ms, clock:500.667 level:48
2022-11-08 16:31:26.629 T:3786 DEBUG : CVideoPlayer::ProcessVideoData size:2294 dts:505.547 pts:505.547 dur:41.000ms, clock:500.667 level:49
2022-11-08 16:31:26.629 T:3786 DEBUG : CVideoPlayer::ProcessVideoData size:1719 dts:505.588 pts:505.630 dur:41.000ms, clock:500.667 level:50
2022-11-08 16:31:26.631 T:3786 DEBUG : CVideoPlayer::ProcessVideoData size:9407 dts:505.630 pts:505.839 dur:41.000ms, clock:500.667 level:50
2022-11-08 16:31:26.631 T:3786 DEBUG : CVideoPlayer::ProcessVideoData size:5272 dts:505.672 pts:505.755 dur:41.000ms, clock:500.667 level:51
2022-11-08 16:31:26.632 T:3786 DEBUG : CVideoPlayer::ProcessVideoData size:1879 dts:505.714 pts:505.714 dur:41.000ms, clock:500.667 level:51
2022-11-08 16:31:26.632 T:3786 DEBUG : CVideoPlayer::ProcessVideoData size:2536 dts:505.755 pts:505.797 dur:41.000ms, clock:500.667 level:52
2022-11-08 16:31:26.633 T:3786 DEBUG : CVideoPlayer::ProcessVideoData size:81507 dts:505.797 pts:505.880 dur:41.000ms, clock:500.667 level:52
2022-11-08 16:31:26.635 T:3786 DEBUG : CVideoPlayer::ProcessVideoData size:11857 dts:505.839 pts:505.964 dur:41.000ms, clock:500.667 level:53
2022-11-08 16:31:26.635 T:3786 DEBUG : CVideoPlayer::ProcessVideoData size:5168 dts:505.880 pts:505.922 dur:41.000ms, clock:500.667 level:53
2022-11-08 16:31:26.635 T:3786 DEBUG : CVideoPlayer::ProcessVideoData size:12234 dts:505.922 pts:506.047 dur:41.000ms, clock:500.667 level:54
2022-11-08 16:31:26.636 T:3786 DEBUG : CVideoPlayer::ProcessVideoData size:3839 dts:505.964 pts:506.006 dur:41.000ms, clock:500.667 level:54
2022-11-08 16:31:26.637 T:3786 DEBUG : CVideoPlayer::ProcessVideoData size:13730 dts:506.006 pts:506.172 dur:41.000ms, clock:500.667 level:55
2022-11-08 16:31:26.638 T:3786 DEBUG : CVideoPlayer::ProcessVideoData size:4441 dts:506.047 pts:506.131 dur:41.000ms, clock:500.667 level:55
2022-11-08 16:31:26.638 T:3786 DEBUG : CVideoPlayer::ProcessVideoData size:5065 dts:506.089 pts:506.089 dur:41.000ms, clock:500.667 level:56
2022-11-08 16:31:26.639 T:3786 DEBUG : CVideoPlayer::ProcessVideoData size:14001 dts:506.131 pts:506.256 dur:41.000ms, clock:500.667 level:56
2022-11-08 16:31:26.640 T:3786 DEBUG : CVideoPlayer::ProcessVideoData size:5431 dts:506.172 pts:506.214 dur:41.000ms, clock:500.667 level:57
2022-11-08 16:31:26.642 T:3786 DEBUG : CVideoPlayer::ProcessVideoData size:15246 dts:506.214 pts:506.339 dur:41.000ms, clock:500.667 level:57
2022-11-08 16:31:26.643 T:3786 DEBUG : CVideoPlayer::ProcessVideoData size:5511 dts:506.256 pts:506.297 dur:41.000ms, clock:500.667 level:58
2022-11-08 16:31:26.644 T:3786 DEBUG : CVideoPlayer::ProcessVideoData size:14470 dts:506.297 pts:506.423 dur:41.000ms, clock:500.667 level:58
2022-11-08 16:31:26.645 T:3786 DEBUG : CVideoPlayer::ProcessVideoData size:5154 dts:506.339 pts:506.381 dur:41.000ms, clock:500.667 level:59
2022-11-08 16:31:26.646 T:3786 DEBUG : CVideoPlayer::ProcessVideoData size:14724 dts:506.381 pts:506.548 dur:41.000ms, clock:500.667 level:59
2022-11-08 16:31:26.646 T:3786 DEBUG : CVideoPlayer::ProcessVideoData size:4381 dts:506.423 pts:506.506 dur:41.000ms, clock:500.667 level:60
2022-11-08 16:31:26.646 T:3786 DEBUG : CVideoPlayer::ProcessVideoData size:4828 dts:506.464 pts:506.464 dur:41.000ms, clock:500.667 level:60
2022-11-08 16:31:26.647 T:3786 DEBUG : CVideoPlayer::ProcessVideoData size:13437 dts:506.506 pts:506.631 dur:41.000ms, clock:500.667 level:61
2022-11-08 16:31:26.647 T:3786 DEBUG : CVideoPlayer::ProcessVideoData size:4641 dts:506.548 pts:506.589 dur:41.000ms, clock:500.667 level:61
2022-11-08 16:31:26.648 T:3786 DEBUG : CVideoPlayer::ProcessVideoData size:16082 dts:506.589 pts:506.715 dur:41.000ms, clock:500.667 level:62
2022-11-08 16:31:26.648 T:3786 DEBUG : CVideoPlayer::ProcessVideoData size:5282 dts:506.631 pts:506.673 dur:41.000ms, clock:500.667 level:63
2022-11-08 16:31:26.649 T:3786 DEBUG : CVideoPlayer::ProcessVideoData size:14294 dts:506.673 pts:506.798 dur:41.000ms, clock:500.667 level:63
2022-11-08 16:31:26.649 T:3786 DEBUG : CVideoPlayer::ProcessVideoData size:5493 dts:506.715 pts:506.756 dur:41.000ms, clock:500.667 level:64
2022-11-08 16:31:26.649 T:3786 DEBUG : CVideoPlayer::ProcessVideoData size:13335 dts:506.756 pts:506.881 dur:41.000ms, clock:500.667 level:64
2022-11-08 16:31:26.650 T:3786 DEBUG : CVideoPlayer::ProcessVideoData size:4500 dts:506.798 pts:506.840 dur:41.000ms, clock:500.667 level:65
2022-11-08 16:31:26.650 T:3786 DEBUG : CVideoPlayer::ProcessVideoData size:13525 dts:506.840 pts:506.965 dur:41.000ms, clock:500.667 level:65
2022-11-08 16:31:26.650 T:3786 DEBUG : CVideoPlayer::ProcessVideoData size:4539 dts:506.881 pts:506.923 dur:41.000ms, clock:500.667 level:66
2022-11-08 16:31:26.651 T:3786 DEBUG : CVideoPlayer::ProcessVideoData size:13231 dts:506.923 pts:507.048 dur:41.000ms, clock:500.667 level:66
2022-11-08 16:31:26.651 T:3786 DEBUG : CVideoPlayer::ProcessVideoData size:4773 dts:506.965 pts:507.007 dur:41.000ms, clock:500.667 level:67
2022-11-08 16:31:26.651 T:3786 DEBUG : CVideoPlayer::ProcessVideoData size:14438 dts:507.007 pts:507.132 dur:41.000ms, clock:500.667 level:67
2022-11-08 16:31:26.651 T:3786 DEBUG : CVideoPlayer::ProcessVideoData size:5248 dts:507.048 pts:507.090 dur:41.000ms, clock:500.667 level:68
2022-11-08 16:31:26.652 T:3786 DEBUG : CVideoPlayer::ProcessVideoData size:13449 dts:507.090 pts:507.215 dur:41.000ms, clock:500.667 level:68
2022-11-08 16:31:26.652 T:3786 DEBUG : CVideoPlayer::ProcessVideoData size:5341 dts:507.132 pts:507.173 dur:41.000ms, clock:500.667 level:69
2022-11-08 16:31:26.652 T:3786 DEBUG : CVideoPlayer::ProcessVideoData size:15992 dts:507.173 pts:507.298 dur:41.000ms, clock:500.667 level:69
2022-11-08 16:31:26.652 T:3786 DEBUG : CVideoPlayer::ProcessVideoData size:4260 dts:507.215 pts:507.257 dur:41.000ms, clock:500.667 level:70
2022-11-08 16:31:26.653 T:3786 DEBUG : CVideoPlayer::ProcessVideoData size:12734 dts:507.257 pts:507.382 dur:41.000ms, clock:500.667 level:70
2022-11-08 16:31:26.653 T:3786 DEBUG : CVideoPlayer::ProcessVideoData size:4545 dts:507.298 pts:507.340 dur:41.000ms, clock:500.667 level:71
2022-11-08 16:31:26.654 T:3786 DEBUG : CVideoPlayer::ProcessVideoData size:13259 dts:507.340 pts:507.465 dur:41.000ms, clock:500.667 level:71
2022-11-08 16:31:26.654 T:3786 DEBUG : CVideoPlayer::ProcessVideoData size:4875 dts:507.382 pts:507.424 dur:41.000ms, clock:500.667 level:72
2022-11-08 16:31:26.654 T:3786 DEBUG : CVideoPlayer::ProcessVideoData size:14693 dts:507.424 pts:507.549 dur:41.000ms, clock:500.667 level:72
2022-11-08 16:31:26.654 T:3786 DEBUG : CVideoPlayer::ProcessVideoData size:5083 dts:507.465 pts:507.507 dur:41.000ms, clock:500.667 level:73
2022-11-08 16:31:26.655 T:3786 DEBUG : CVideoPlayer::ProcessVideoData size:13936 dts:507.507 pts:507.632 dur:41.000ms, clock:500.667 level:73
2022-11-08 16:31:26.655 T:3786 DEBUG : CVideoPlayer::ProcessVideoData size:5184 dts:507.549 pts:507.590 dur:41.000ms, clock:500.667 level:74
2022-11-08 16:31:26.657 T:3786 DEBUG : CVideoPlayer::ProcessVideoData size:13457 dts:507.590 pts:507.757 dur:41.000ms, clock:500.667 level:75
2022-11-08 16:31:26.657 T:3786 DEBUG : CVideoPlayer::ProcessVideoData size:4519 dts:507.632 pts:507.716 dur:41.000ms, clock:500.667 level:75
2022-11-08 16:31:26.657 T:3786 DEBUG : CVideoPlayer::ProcessVideoData size:4900 dts:507.674 pts:507.674 dur:41.000ms, clock:500.667 level:76
2022-11-08 16:31:26.658 T:3786 DEBUG : CVideoPlayer::ProcessVideoData size:12890 dts:507.716 pts:507.841 dur:41.000ms, clock:500.667 level:76
2022-11-08 16:31:26.658 T:3786 DEBUG : CVideoPlayer::ProcessVideoData size:5268 dts:507.757 pts:507.799 dur:41.000ms, clock:500.667 level:77
2022-11-08 16:31:26.658 T:3786 DEBUG : CVideoPlayer::ProcessVideoData size:9933 dts:507.799 pts:507.924 dur:41.000ms, clock:500.667 level:77
2022-11-08 16:31:26.659 T:3786 DEBUG : CVideoPlayer::ProcessVideoData size:5153 dts:507.841 pts:507.882 dur:41.000ms, clock:500.667 level:78
2022-11-08 16:31:26.659 T:3786 DEBUG : CVideoPlayer::ProcessVideoData size:7847 dts:507.882 pts:507.966 dur:41.000ms, clock:500.667 level:78
2022-11-08 16:31:26.662 T:3786 DEBUG : CVideoPlayer::ProcessVideoData size:152225 dts:507.924 pts:508.008 dur:41.000ms, clock:500.667 level:79
2022-11-08 16:31:26.664 T:3786 DEBUG : CVideoPlayer::ProcessVideoData size:39623 dts:507.966 pts:508.049 dur:41.000ms, clock:500.667 level:79
2022-11-08 16:31:26.665 T:3786 DEBUG : CVideoPlayer::ProcessVideoData size:45107 dts:508.008 pts:508.091 dur:41.000ms, clock:500.667 level:80
2022-11-08 16:31:26.666 T:3786 DEBUG : CVideoPlayer::ProcessVideoData size:64726 dts:508.049 pts:508.133 dur:41.000ms, clock:500.667 level:80
2022-11-08 16:31:26.666 T:3786 DEBUG : CVideoPlayer::ProcessVideoData size:45500 dts:508.091 pts:508.174 dur:41.000ms, clock:500.667 level:81
2022-11-08 16:31:26.667 T:3786 DEBUG : CVideoPlayer::ProcessVideoData size:69320 dts:508.133 pts:508.216 dur:41.000ms, clock:500.667 level:81
2022-11-08 16:31:26.668 T:3786 DEBUG : CVideoPlayer::ProcessVideoData size:74741 dts:508.174 pts:508.299 dur:41.000ms, clock:500.667 level:82
2022-11-08 16:31:26.669 T:3786 DEBUG : CVideoPlayer::ProcessVideoData size:5989 dts:508.216 pts:508.258 dur:41.000ms, clock:500.667 level:82
2022-11-08 16:31:26.669 T:3786 DEBUG : CVideoPlayer::ProcessVideoData size:49908 dts:508.258 pts:508.383 dur:41.000ms, clock:500.667 level:83
2022-11-08 16:31:26.670 T:3786 DEBUG : CVideoPlayer::ProcessVideoData size:5177 dts:508.299 pts:508.341 dur:41.000ms, clock:500.667 level:83
2022-11-08 16:31:26.671 T:3786 DEBUG : CVideoPlayer::ProcessVideoData size:59781 dts:508.341 pts:508.466 dur:41.000ms, clock:500.667 level:84
2022-11-08 16:31:26.672 T:3786 DEBUG : CVideoPlayer::ProcessVideoData size:5456 dts:508.383 pts:508.425 dur:41.000ms, clock:500.667 level:84
2022-11-08 16:31:26.674 T:3786 DEBUG : CVideoPlayer::ProcessVideoData size:65687 dts:508.425 pts:508.550 dur:41.000ms, clock:500.667 level:85
2022-11-08 16:31:26.675 T:3786 DEBUG : CVideoPlayer::ProcessVideoData size:8392 dts:508.466 pts:508.508 dur:41.000ms, clock:500.667 level:85
2022-11-08 16:31:26.676 T:3786 DEBUG : CVideoPlayer::ProcessVideoData size:73138 dts:508.508 pts:508.633 dur:41.000ms, clock:500.667 level:86
2022-11-08 16:31:26.676 T:3786 DEBUG : CVideoPlayer::ProcessVideoData size:8639 dts:508.550 pts:508.591 dur:41.000ms, clock:500.667 level:87
2022-11-08 16:31:26.678 T:3786 DEBUG : CVideoPlayer::ProcessVideoData size:72800 dts:508.591 pts:508.717 dur:41.000ms, clock:500.667 level:87
2022-11-08 16:31:26.678 T:3786 DEBUG : CVideoPlayer::ProcessVideoData size:6061 dts:508.633 pts:508.675 dur:41.000ms, clock:500.667 level:88
2022-11-08 16:31:26.680 T:3786 DEBUG : CVideoPlayer::ProcessVideoData size:93063 dts:508.675 pts:508.800 dur:41.000ms, clock:500.667 level:88
2022-11-08 16:31:26.680 T:3786 DEBUG : CVideoPlayer::ProcessVideoData size:6559 dts:508.717 pts:508.758 dur:41.000ms, clock:500.667 level:89
2022-11-08 16:31:26.681 T:3786 DEBUG : CVideoPlayer::ProcessVideoData size:66456 dts:508.758 pts:508.883 dur:41.000ms, clock:500.667 level:89
2022-11-08 16:31:26.681 T:3786 DEBUG : CVideoPlayer::ProcessVideoData size:5427 dts:508.800 pts:508.842 dur:41.000ms, clock:500.667 level:90
2022-11-08 16:31:26.682 T:3786 DEBUG : CVideoPlayer::ProcessVideoData size:79606 dts:508.842 pts:508.967 dur:41.000ms, clock:500.667 level:90
2022-11-08 16:31:26.682 T:3786 DEBUG : CVideoPlayer::ProcessVideoData size:4827 dts:508.883 pts:508.925 dur:41.000ms, clock:500.667 level:91
2022-11-08 16:31:26.684 T:3786 DEBUG : CVideoPlayer::ProcessVideoData size:93892 dts:508.925 pts:509.092 dur:41.000ms, clock:500.667 level:91
2022-11-08 16:31:26.684 T:3786 DEBUG : CVideoPlayer::ProcessVideoData size:4244 dts:508.967 pts:509.050 dur:41.000ms, clock:500.667 level:92
2022-11-08 16:31:26.684 T:3786 DEBUG : CVideoPlayer::ProcessVideoData size:5375 dts:509.009 pts:509.009 dur:41.000ms, clock:500.667 level:92
2022-11-08 16:31:26.684 T:3786 DEBUG : CDVDClock::SetSpeedAdjust - adjusted:0.000000
2022-11-08 16:31:26.684 T:3787 DEBUG : CAMLCodec::SetSpeed, speed(0)
2022-11-08 16:31:26.730 T:3686 DEBUG : ffmpeg[0x254eed0X]: [image2] Custom AVIOContext makes no sense and will be ignored with AVFMT_NOFILE format.
2022-11-08 16:31:26.740 T:3659 DEBUG : ffmpeg[0x2321220X]: [image2] Custom AVIOContext makes no sense and will be ignored with AVFMT_NOFILE format.
2022-11-08 16:31:26.742 T:3660 DEBUG : ffmpeg[0x23206d0X]: [image2] Custom AVIOContext makes no sense and will be ignored with AVFMT_NOFILE format.
2022-11-08 16:31:26.745 T:3618 DEBUG : CActiveAESink::OpenSink - trying to open device ALSA:surround71:CARD=AMLAUGESOUND,DEV=0
2022-11-08 16:31:26.746 T:3618 INFO : CAESinkALSA::Initialize - Configure simple control for "AUGESOUND"
2022-11-08 16:31:26.746 T:3618 INFO : CAESinkALSA - Use card "hw:0" and set codec format "2 CH PCM"
2022-11-08 16:31:26.747 T:3686 DEBUG : ffmpeg[0x254eed0X]: [image2] Custom AVIOContext makes no sense and will be ignored with AVFMT_NOFILE format.
2022-11-08 16:31:26.747 T:3618 INFO : CAESinkALSA - Set Spdif to HDMITX to "Spdif"
2022-11-08 16:31:26.747 T:3618 INFO : CAESinkALSA - Set codec for "Audio spdif_b format"
2022-11-08 16:31:26.747 T:3618 INFO : CAESinkALSA - Set codec for "Audio spdif format"
2022-11-08 16:31:26.747 T:3618 INFO : CAESinkALSA::Initialize - Attempting to open device "surround71:CARD=AMLAUGESOUND,DEV=0"
2022-11-08 16:31:26.752 T:3656 DEBUG : ffmpeg[0x18d8a38X]: [image2] Custom AVIOContext makes no sense and will be ignored with AVFMT_NOFILE format.
2022-11-08 16:31:26.755 T:3618 INFO : CAESinkALSA::Initialize - Opened device "surround71:CARD=AMLAUGESOUND,DEV=0"
2022-11-08 16:31:26.756 T:3618 INFO : CAESinkALSA::InitializeHW - Your hardware does not support AE_FMT_FLOAT, trying other formats
2022-11-08 16:31:26.756 T:3618 INFO : CAESinkALSA::InitializeHW - Using data format AE_FMT_S24NE4
2022-11-08 16:31:26.756 T:3618 DEBUG : CAESinkALSA::InitializeHW - Request: periodSize 2400, bufferSize 9600
2022-11-08 16:31:26.772 T:3660 DEBUG : ffmpeg[0x23206d0X]: [image2] Custom AVIOContext makes no sense and will be ignored with AVFMT_NOFILE format.
2022-11-08 16:31:26.776 T:3686 DEBUG : ffmpeg[0x254eed0X]: [image2] Custom AVIOContext makes no sense and will be ignored with AVFMT_NOFILE format.
2022-11-08 16:31:26.777 T:3659 DEBUG : ffmpeg[0x2321220X]: [image2] Custom AVIOContext makes no sense and will be ignored with AVFMT_NOFILE format.
2022-11-08 16:31:26.780 T:3660 DEBUG : ffmpeg[0x23206d0X]: [image2] Custom AVIOContext makes no sense and will be ignored with AVFMT_NOFILE format.
2022-11-08 16:31:26.787 T:3618 DEBUG : CAESinkALSA::InitializeHW - Got: periodSize 2400, bufferSize 9600
2022-11-08 16:31:26.788 T:3618 DEBUG : CAESinkALSA::InitializeHW - Setting timeout to 200 ms
2022-11-08 16:31:26.789 T:3618 DEBUG : CAESinkALSA::GetChannelLayout - Input Channel Count: 2 Output Channel Count: 2
2022-11-08 16:31:26.789 T:3618 DEBUG : CAESinkALSA::GetChannelLayout - Requested Layout: FL, FR
2022-11-08 16:31:26.790 T:3618 DEBUG : CAESinkALSA::GetChannelLayout - Got Layout: FL, FR (ALSA: FL FR)
2022-11-08 16:31:26.790 T:3618 DEBUG : CActiveAESink::OpenSink - ALSA Initialized:
2022-11-08 16:31:26.790 T:3618 DEBUG : Output Device : AML-AUGESOUND
2022-11-08 16:31:26.790 T:3618 DEBUG : Sample Rate : 48000
2022-11-08 16:31:26.790 T:3618 DEBUG : Sample Format : AE_FMT_S24NE4
2022-11-08 16:31:26.790 T:3618 DEBUG : Channel Count : 2
2022-11-08 16:31:26.790 T:3618 DEBUG : Channel Layout: FL, FR
2022-11-08 16:31:26.790 T:3618 DEBUG : Frames : 2400
2022-11-08 16:31:26.790 T:3618 DEBUG : Frame Size : 8
2022-11-08 16:31:26.791 T:3656 DEBUG : ffmpeg[0x18d8a38X]: [image2] Custom AVIOContext makes no sense and will be ignored with AVFMT_NOFILE format.
2022-11-08 16:31:26.794 T:3660 DEBUG : ffmpeg[0x23206d0X]: [image2] Custom AVIOContext makes no sense and will be ignored with AVFMT_NOFILE format.
2022-11-08 16:31:26.796 T:3617 DEBUG : CActiveAE::ClearDiscardedBuffers - buffer pool deleted
2022-11-08 16:31:26.803 T:3659 DEBUG : ffmpeg[0x2321220X]: [image2] Custom AVIOContext makes no sense and will be ignored with AVFMT_NOFILE format.
2022-11-08 16:31:26.805 T:3686 DEBUG : ffmpeg[0x254eed0X]: [image2] Custom AVIOContext makes no sense and will be ignored with AVFMT_NOFILE format.
2022-11-08 16:31:26.805 T:3617 DEBUG : CActiveAE::ClearDiscardedBuffers - buffer pool deleted
2022-11-08 16:31:26.806 T:3788 DEBUG : CDVDAudio::Pause - pausing audio stream
2022-11-08 16:31:26.812 T:3786 DEBUG : CVideoPlayer::HandleMessages - player started 1
2022-11-08 16:31:26.812 T:3786 DEBUG : CDVDClock::SetSpeedAdjust - adjusted:0.000000
2022-11-08 16:31:26.812 T:3786 INFO : Skipped 1 duplicate messages..
2022-11-08 16:31:26.812 T:3786 DEBUG : VideoPlayer::Sync - Audio - pts: 501.440, cache: 0.500, totalcache: 0.800, packets:250 level:96
2022-11-08 16:31:26.812 T:3786 DEBUG : VideoPlayer::Sync - Video - pts: 501.126, cache: 0.050, totalcache: 0.100, packets:192 level:93
2022-11-08 16:31:26.814 T:3787 DEBUG : CAMLCodec::SetSpeed, speed(1000)
2022-11-08 16:31:26.814 T:3787 DEBUG : CVideoPlayerVideo - CDVDMsg::GENERAL_RESYNC(500940196.530881)
2022-11-08 16:31:26.814 T:3787 DEBUG : CVideoPlayerVideo - OUTPUT_AGAIN - vfmt, interlace should be checked.
2022-11-08 16:31:26.816 T:3787 DEBUG : CVideoPlayerVideo - CDVDMsg::DEMUXER_PACKET - checking interlace vfmt: null
2022-11-08 16:31:26.818 T:3788 DEBUG : CDVDAudio::Resume - resume audio stream
2022-11-08 16:31:26.818 T:3787 DEBUG : CVideoPlayerVideo::OutputPicture - ttd:346ms pts:501.292 Clock:500.946 Level:3
2022-11-08 16:31:26.818 T:3656 DEBUG : ffmpeg[0x18d8a38X]: [image2] Custom AVIOContext makes no sense and will be ignored with AVFMT_NOFILE format.
2022-11-08 16:31:26.820 T:3787 DEBUG : CVideoPlayerVideo::OutputPicture - ttd:386ms pts:501.334 Clock:500.947 Level:4
2022-11-08 16:31:26.821 T:3786 DEBUG : CVideoPlayer::ProcessVideoData size:41124 dts:509.050 pts:509.259 dur:41.000ms, clock:500.948 level:91
2022-11-08 16:31:26.821 T:3617 DEBUG : ActiveAE - start sync of audio stream
2022-11-08 16:31:26.821 T:3786 DEBUG : CVideoPlayer::ProcessVideoData size:8519 dts:509.092 pts:509.175 dur:41.000ms, clock:500.949 level:92
2022-11-08 16:31:26.821 T:3786 DEBUG : CVideoPlayer::ProcessVideoData size:4491 dts:509.134 pts:509.134 dur:41.000ms, clock:500.949 level:92
2022-11-08 16:31:26.822 T:3786 DEBUG : CVideoPlayer::ProcessVideoData size:4389 dts:509.175 pts:509.217 dur:41.000ms, clock:500.949 level:93
2022-11-08 16:31:26.822 T:3660 DEBUG : ffmpeg[0x23206d0X]: [image2] Custom AVIOContext makes no sense and will be ignored with AVFMT_NOFILE format.
2022-11-08 16:31:26.822 T:3786 DEBUG : CVideoPlayer::ProcessVideoData size:41721 dts:509.217 pts:509.342 dur:41.000ms, clock:500.950 level:93
2022-11-08 16:31:26.823 T:3786 DEBUG : CVideoPlayer::ProcessVideoData size:4472 dts:509.259 pts:509.300 dur:41.000ms, clock:500.950 level:94
2022-11-08 16:31:26.824 T:3787 DEBUG : CVideoPlayerVideo::OutputPicture - ttd:424ms pts:501.376 Clock:500.952 Level:5
2022-11-08 16:31:26.825 T:3787 DEBUG : CVideoPlayerVideo::OutputPicture - ttd:465ms pts:501.418 Clock:500.953 Level:6
2022-11-08 16:31:26.828 T:3580 DEBUG : Activating window ID: 12005
2022-11-08 16:31:26.828 T:3580 DEBUG : ------ Window Deinit (Home.xml) ------
2022-11-08 16:31:26.828 T:3580 DEBUG : FreeVisualisation() done
2022-11-08 16:31:26.831 T:3580 DEBUG : ------ Window Init (VideoFullScreen.xml) ------
2022-11-08 16:31:26.831 T:3580 INFO : Loading skin file: VideoFullScreen.xml, load type: KEEP_IN_MEMORY
2022-11-08 16:31:26.832 T:3686 DEBUG : ffmpeg[0x254eed0X]: [image2] Custom AVIOContext makes no sense and will be ignored with AVFMT_NOFILE format.
2022-11-08 16:31:26.836 T:3659 DEBUG : ffmpeg[0x2321220X]: [image2] Custom AVIOContext makes no sense and will be ignored with AVFMT_NOFILE format.
2022-11-08 16:31:26.836 T:3786 DEBUG : CVideoPlayer::ProcessVideoData size:89055 dts:509.300 pts:509.426 dur:41.000ms, clock:500.964 level:94
2022-11-08 16:31:26.837 T:3786 DEBUG : CVideoPlayer::ProcessVideoData size:11919 dts:509.342 pts:509.384 dur:41.000ms, clock:500.964 level:95
2022-11-08 16:31:26.838 T:3786 DEBUG : CVideoPlayer::ProcessVideoData size:68457 dts:509.384 pts:509.509 dur:41.000ms, clock:500.966 level:95
2022-11-08 16:31:26.838 T:3786 DEBUG : CVideoPlayer::ProcessVideoData size:5205 dts:509.426 pts:509.467 dur:41.000ms, clock:500.966 level:96
2022-11-08 16:31:26.838 T:3580 INFO : [WHITELIST] Searching the whitelist for: width: 1920, height: 800, fps: 23.976, 3D: false
2022-11-08 16:31:26.839 T:3580 DEBUG : [WHITELIST] Using the default whitelist because the user whitelist is empty
2022-11-08 16:31:26.839 T:3786 DEBUG : CVideoPlayer::ProcessVideoData size:56544 dts:509.467 pts:509.592 dur:41.000ms, clock:500.967 level:96
2022-11-08 16:31:26.839 T:3580 DEBUG : [WHITELIST] Searching for an exact resolution with an exact refresh rate
2022-11-08 16:31:26.839 T:3786 DEBUG : CVideoPlayer::ProcessVideoData size:5816 dts:509.509 pts:509.551 dur:41.000ms, clock:500.967 level:97
2022-11-08 16:31:26.839 T:3580 DEBUG : [WHITELIST] Matched an exact resolution with an exact refresh rate 1920x1080 @ 23.98 - Full Screen (34)
2022-11-08 16:31:26.840 T:3580 DEBUG : [WHITELIST] Searching for an exact resolution with double the refresh rate
2022-11-08 16:31:26.841 T:3580 INFO : Display resolution ADJUST : 1920x1080 @ 23.98 - Full Screen (34) (weight: 0.000)
2022-11-08 16:31:26.841 T:3786 DEBUG : CVideoPlayer::ProcessVideoData size:69091 dts:509.551 pts:509.676 dur:41.000ms, clock:500.969 level:97
2022-11-08 16:31:26.841 T:3786 DEBUG : CVideoPlayer::ProcessVideoData size:6320 dts:509.592 pts:509.634 dur:41.000ms, clock:500.969 level:98
2022-11-08 16:31:26.842 T:3786 DEBUG : CVideoPlayer::ProcessVideoData size:44037 dts:509.634 pts:509.759 dur:41.000ms, clock:500.969 level:99
2022-11-08 16:31:26.842 T:3786 DEBUG : CVideoPlayer::ProcessVideoData size:5338 dts:509.676 pts:509.718 dur:41.000ms, clock:500.969 level:99
2022-11-08 16:31:26.842 T:3580 INFO : VideoPlayer: OnLostDisplay received
2022-11-08 16:31:26.842 T:3580 DEBUG : AMLUtils::aml_handle_display_stereo_mode old mode 3doff new mode 3doff
2022-11-08 16:31:26.842 T:3580 DEBUG : AMLUtils::aml_handle_display_stereo_mode - no change needed
2022-11-08 16:31:26.851 T:3660 DEBUG : ffmpeg[0x23206d0X]: [image2] Custom AVIOContext makes no sense and will be ignored with AVFMT_NOFILE format.
2022-11-08 16:31:26.853 T:3656 DEBUG : ffmpeg[0x18d8a38X]: [image2] Custom AVIOContext makes no sense and will be ignored with AVFMT_NOFILE format.
2022-11-08 16:31:26.856 T:3686 DEBUG : ffmpeg[0x254eed0X]: [image2] Custom AVIOContext makes no sense and will be ignored with AVFMT_NOFILE format.
2022-11-08 16:31:26.858 T:3659 DEBUG : ffmpeg[0x2321220X]: [image2] Custom AVIOContext makes no sense and will be ignored with AVFMT_NOFILE format.
2022-11-08 16:31:26.862 T:3656 DEBUG : ffmpeg[0x18d8a38X]: [image2] Custom AVIOContext makes no sense and will be ignored with AVFMT_NOFILE format.
2022-11-08 16:31:26.865 T:3660 DEBUG : ffmpeg[0x23206d0X]: [image2] Custom AVIOContext makes no sense and will be ignored with AVFMT_NOFILE format.
2022-11-08 16:31:26.869 T:3659 DEBUG : OnAVChange: CApplication::OnAVChange
2022-11-08 16:31:26.869 T:3659 DEBUG : OnAVStarted: CApplication::OnAVStarted
2022-11-08 16:31:26.873 T:3686 DEBUG : ffmpeg[0x254eed0X]: [image2] Custom AVIOContext makes no sense and will be ignored with AVFMT_NOFILE format.
2022-11-08 16:31:26.944 T:3617 DEBUG : ActiveAE::SyncStream - average error of 42.131997, start adjusting
2022-11-08 16:31:26.944 T:3617 DEBUG : ActiveAE::SyncStream - average error 0.131997 below threshold of 30.000000
2022-11-08 16:31:27.090 T:3580 DEBUG : AMLUtils::aml_handle_display_stereo_mode old mode 3doff new mode 3doff
2022-11-08 16:31:27.090 T:3580 DEBUG : AMLUtils::aml_handle_display_stereo_mode - no change needed
2022-11-08 16:31:27.090 T:3580 INFO : VideoPlayer: OnResetDisplay received
2022-11-08 16:31:27.091 T:3580 INFO : GLES: Maximum texture width: 8192
2022-11-08 16:31:27.094 T:3580 DEBUG : CAMLCodec::SetVideoRect:display(0,0,1920,1080)
2022-11-08 16:31:27.094 T:3580 DEBUG : CAMLCodec::SetVideoRect:gui(0,0,1920,1080)
2022-11-08 16:31:27.094 T:3580 DEBUG : CAMLCodec::SetVideoRect:m_dst_rect(0,140,1920,800)
2022-11-08 16:31:27.094 T:3580 DEBUG : CAMLCodec::SetVideoRect:dst_rect(0,140,1920,800)
2022-11-08 16:31:27.094 T:3580 DEBUG : CAMLCodec::SetVideoRect:m_guiStereoMode(0)
2022-11-08 16:31:27.094 T:3580 DEBUG : CAMLCodec::SetVideoRect:m_guiStereoView(0)
2022-11-08 16:31:27.099 T:3787 DEBUG : CVideoPlayerVideo::OutputPicture - ttd:504ms pts:501.459 Clock:500.954 Level:6
2022-11-08 16:31:27.099 T:3787 DEBUG : CVideoPlayerVideo - CDVDMsg::GENERAL_PAUSE: 1
2022-11-08 16:31:27.099 T:3787 DEBUG : CVideoPlayerVideo - CDVDMsg::GENERAL_PAUSE: 0
2022-11-08 16:31:27.102 T:3660 DEBUG : OnAVChange: CApplication::OnAVChange
2022-11-08 16:31:27.103 T:3786 DEBUG : CVideoPlayer::ProcessVideoData size:46147 dts:509.718 pts:509.843 dur:41.000ms, clock:500.983 level:99
2022-11-08 16:31:27.133 T:3580 DEBUG : ------ Window Deinit (DialogBusy.xml) ------
2022-11-08 16:31:27.177 T:3787 DEBUG : CVideoPlayerVideo::OutputPicture - ttd:522ms pts:501.501 Clock:500.979 Level:6
2022-11-08 16:31:27.217 T:3787 DEBUG : CVideoPlayerVideo::OutputPicture - ttd:484ms pts:501.543 Clock:501.058 Level:6
2022-11-08 16:31:27.225 T:3786 DEBUG : CVideoPlayer::ProcessVideoData size:5530 dts:509.759 pts:509.801 dur:41.000ms, clock:501.104 level:99
2022-11-08 16:31:27.260 T:3787 DEBUG : CVideoPlayerVideo::OutputPicture - ttd:485ms pts:501.584 Clock:501.099 Level:6
2022-11-08 16:31:27.294 T:3788 DEBUG : CVideoPlayerAudio - CDVDMsg::GENERAL_PAUSE: 1
2022-11-08 16:31:27.294 T:3788 DEBUG : CVideoPlayerAudio - CDVDMsg::GENERAL_PAUSE: 0
2022-11-08 16:31:27.294 T:3788 INFO : CVideoPlayerAudio: display reset occurred, checking for passthrough
2022-11-08 16:31:27.295 T:3788 INFO : CDVDAudioCodecFFmpeg::Open() Successful opened audio decoder ac3
2022-11-08 16:31:27.296 T:3786 DEBUG : CVideoPlayer::ProcessVideoData size:39370 dts:509.801 pts:509.926 dur:41.000ms, clock:501.176 level:99
2022-11-08 16:31:27.302 T:3787 DEBUG : CVideoPlayerVideo::OutputPicture - ttd:483ms pts:501.626 Clock:501.143 Level:6
2022-11-08 16:31:27.302 T:3787 DEBUG : CVideoPlayerVideo - CDVDMsg::DEMUXER_PACKET - checking interlace vfmt: null
2022-11-08 16:31:27.343 T:3787 DEBUG : CVideoPlayerVideo::OutputPicture - ttd:484ms pts:501.668 Clock:501.183 Level:6
2022-11-08 16:31:27.348 T:3786 DEBUG : CVideoPlayer::ProcessVideoData size:5513 dts:509.843 pts:509.884 dur:41.000ms, clock:501.227 level:99
2022-11-08 16:31:27.358 T:3786 DEBUG : CVideoPlayer::ProcessVideoData size:39207 dts:509.884 pts:510.010 dur:41.000ms, clock:501.238 level:99
2022-11-08 16:31:27.385 T:3787 DEBUG : CVideoPlayerVideo::OutputPicture - ttd:480ms pts:501.710 Clock:501.230 Level:6
2022-11-08 16:31:27.428 T:3787 DEBUG : CVideoPlayerVideo::OutputPicture - ttd:485ms pts:501.751 Clock:501.266 Level:6
2022-11-08 16:31:27.439 T:3786 DEBUG : CVideoPlayer::ProcessVideoData size:7152 dts:509.926 pts:509.968 dur:41.000ms, clock:501.319 level:99
2022-11-08 16:31:27.468 T:3787 DEBUG : CVideoPlayerVideo::OutputPicture - ttd:483ms pts:501.793 Clock:501.309 Level:6
2022-11-08 16:31:27.470 T:3786 DEBUG : CVideoPlayer::ProcessVideoData size:24837 dts:509.968 pts:510.051 dur:41.000ms, clock:501.350 level:99
2022-11-08 16:31:27.510 T:3787 DEBUG : CVideoPlayerVideo::OutputPicture - ttd:483ms pts:501.835 Clock:501.351 Level:6
2022-11-08 16:31:27.521 T:3786 DEBUG : CVideoPlayer::ProcessVideoData size:27758 dts:510.010 pts:510.093 dur:41.000ms, clock:501.401 level:99
2022-11-08 16:31:27.552 T:3787 DEBUG : CVideoPlayerVideo::OutputPicture - ttd:484ms pts:501.876 Clock:501.391 Level:6
2022-11-08 16:31:27.552 T:3787 DEBUG : CVideoPlayerVideo - CDVDMsg::DEMUXER_PACKET - checking interlace vfmt: null
2022-11-08 16:31:27.565 T:3786 DEBUG : CVideoPlayer::ProcessVideoData size:278576 dts:510.051 pts:510.135 dur:41.000ms, clock:501.444 level:99
2022-11-08 16:31:27.594 T:3787 DEBUG : CVideoPlayerVideo::OutputPicture - ttd:484ms pts:501.918 Clock:501.433 Level:6
2022-11-08 16:31:27.606 T:3786 DEBUG : CVideoPlayer::ProcessVideoData size:22991 dts:510.093 pts:510.301 dur:41.000ms, clock:501.486 level:99
2022-11-08 16:31:27.635 T:3787 DEBUG : CVideoPlayerVideo::OutputPicture - ttd:484ms pts:501.960 Clock:501.476 Level:6
2022-11-08 16:31:27.637 T:3786 DEBUG : CVideoPlayer::ProcessVideoData size:4954 dts:510.135 pts:510.218 dur:41.000ms, clock:501.516 level:99
