2022-11-08 16:31:27.676 T:3787 DEBUG : CVideoPlayerVideo::OutputPicture - ttd:483ms pts:502.002 Clock:501.518 Level:6
2022-11-08 16:31:27.678 T:3786 DEBUG : CVideoPlayer::ProcessVideoData size:2287 dts:510.176 pts:510.176 dur:41.000ms, clock:501.558 level:99
2022-11-08 16:31:27.720 T:3787 DEBUG : CVideoPlayerVideo::OutputPicture - ttd:485ms pts:502.043 Clock:501.557 Level:6
2022-11-08 16:31:27.724 T:3787 DEBUG : CVideoPlayerVideo - CDVDMsg::DEMUXER_PACKET - checking interlace vfmt: null
2022-11-08 16:31:27.729 T:3786 DEBUG : CVideoPlayer::ProcessVideoData size:3718 dts:510.218 pts:510.260 dur:41.000ms, clock:501.608 level:99
2022-11-08 16:31:27.760 T:3787 DEBUG : CVideoPlayerVideo::OutputPicture - ttd:479ms pts:502.085 Clock:501.606 Level:6
2022-11-08 16:31:27.803 T:3787 DEBUG : CVideoPlayerVideo::OutputPicture - ttd:485ms pts:502.127 Clock:501.641 Level:6
2022-11-08 16:31:27.844 T:3787 DEBUG : CVideoPlayerVideo::OutputPicture - ttd:479ms pts:502.168 Clock:501.688 Level:6
2022-11-08 16:31:27.846 T:3786 DEBUG : CVideoPlayer::ProcessVideoData size:30923 dts:510.260 pts:510.468 dur:41.000ms, clock:501.725 level:98
2022-11-08 16:31:27.846 T:3786 DEBUG : CVideoPlayer::ProcessVideoData size:7512 dts:510.301 pts:510.385 dur:41.000ms, clock:501.725 level:99
2022-11-08 16:31:27.846 T:3786 DEBUG : CVideoPlayer::ProcessVideoData size:4667 dts:510.343 pts:510.343 dur:41.000ms, clock:501.726 level:99
2022-11-08 16:31:27.885 T:3787 DEBUG : CVideoPlayerVideo::OutputPicture - ttd:482ms pts:502.210 Clock:501.727 Level:6
2022-11-08 16:31:27.887 T:3786 DEBUG : CVideoPlayer::ProcessVideoData size:4672 dts:510.385 pts:510.427 dur:41.000ms, clock:501.767 level:99
2022-11-08 16:31:27.898 T:3786 DEBUG : CVideoPlayer::ProcessVideoData size:29800 dts:510.427 pts:510.635 dur:41.000ms, clock:501.777 level:99
2022-11-08 16:31:27.927 T:3787 DEBUG : CVideoPlayerVideo::OutputPicture - ttd:481ms pts:502.252 Clock:501.771 Level:6
2022-11-08 16:31:27.944 T:3617 DEBUG : ActiveAE::SyncStream - average error 175.409824 above threshold of 100.000000
2022-11-08 16:31:27.968 T:3787 DEBUG : CVideoPlayerVideo::OutputPicture - ttd:485ms pts:502.293 Clock:501.808 Level:6
2022-11-08 16:31:27.979 T:3786 DEBUG : CVideoPlayer::ProcessVideoData size:7322 dts:510.468 pts:510.552 dur:41.000ms, clock:501.859 level:99
2022-11-08 16:31:28.010 T:3787 DEBUG : CVideoPlayerVideo::OutputPicture - ttd:483ms pts:502.335 Clock:501.852 Level:6
2022-11-08 16:31:28.020 T:3786 DEBUG : CVideoPlayer::ProcessVideoData size:4747 dts:510.510 pts:510.510 dur:41.000ms, clock:501.899 level:99
2022-11-08 16:31:28.044 T:3617 DEBUG : ActiveAE::SyncStream - average error 25.409824 below threshold of 30.000000
2022-11-08 16:31:28.051 T:3787 DEBUG : CVideoPlayerVideo::OutputPicture - ttd:483ms pts:502.377 Clock:501.893 Level:6
2022-11-08 16:31:28.060 T:3786 DEBUG : CVideoPlayer::ProcessVideoData size:4199 dts:510.552 pts:510.593 dur:41.000ms, clock:501.940 level:99
2022-11-08 16:31:28.094 T:3787 DEBUG : CVideoPlayerVideo::OutputPicture - ttd:484ms pts:502.419 Clock:501.935 Level:6
2022-11-08 16:31:28.136 T:3787 DEBUG : CVideoPlayerVideo::OutputPicture - ttd:480ms pts:502.460 Clock:501.980 Level:6
2022-11-08 16:31:28.177 T:3787 DEBUG : CVideoPlayerVideo::OutputPicture - ttd:485ms pts:502.502 Clock:502.017 Level:6
2022-11-08 16:31:28.219 T:3787 DEBUG : CVideoPlayerVideo::OutputPicture - ttd:481ms pts:502.544 Clock:502.063 Level:6
2022-11-08 16:31:28.254 T:3786 DEBUG : CVideoPlayer::ProcessVideoData size:26281 dts:510.593 pts:510.802 dur:41.000ms, clock:502.133 level:97
2022-11-08 16:31:28.254 T:3786 DEBUG : CVideoPlayer::ProcessVideoData size:7043 dts:510.635 pts:510.719 dur:41.000ms, clock:502.133 level:98
2022-11-08 16:31:28.254 T:3786 DEBUG : CVideoPlayer::ProcessVideoData size:4324 dts:510.677 pts:510.677 dur:41.000ms, clock:502.134 level:99
2022-11-08 16:31:28.254 T:3786 DEBUG : CVideoPlayer::ProcessVideoData size:4097 dts:510.719 pts:510.760 dur:41.000ms, clock:502.134 level:99
2022-11-08 16:31:28.260 T:3787 DEBUG : CVideoPlayerVideo::OutputPicture - ttd:485ms pts:502.585 Clock:502.100 Level:6
2022-11-08 16:31:28.302 T:3787 DEBUG : CVideoPlayerVideo::OutputPicture - ttd:480ms pts:502.627 Clock:502.147 Level:6
2022-11-08 16:31:28.344 T:3787 DEBUG : CVideoPlayerVideo::OutputPicture - ttd:485ms pts:502.669 Clock:502.183 Level:6
2022-11-08 16:31:28.385 T:3787 DEBUG : CVideoPlayerVideo::OutputPicture - ttd:480ms pts:502.711 Clock:502.231 Level:6
2022-11-08 16:31:28.427 T:3787 DEBUG : CVideoPlayerVideo::OutputPicture - ttd:485ms pts:502.752 Clock:502.266 Level:6
2022-11-08 16:31:28.469 T:3787 DEBUG : CVideoPlayerVideo::OutputPicture - ttd:480ms pts:502.794 Clock:502.313 Level:6
2022-11-08 16:31:28.499 T:3786 DEBUG : CVideoPlayer::ProcessVideoData size:25724 dts:510.760 pts:510.969 dur:41.000ms, clock:502.378 level:96
2022-11-08 16:31:28.499 T:3786 DEBUG : CVideoPlayer::ProcessVideoData size:7352 dts:510.802 pts:510.885 dur:41.000ms, clock:502.378 level:97
2022-11-08 16:31:28.499 T:3786 DEBUG : CVideoPlayer::ProcessVideoData size:4334 dts:510.844 pts:510.844 dur:41.000ms, clock:502.379 level:97
2022-11-08 16:31:28.499 T:3786 DEBUG : CVideoPlayer::ProcessVideoData size:4850 dts:510.885 pts:510.927 dur:41.000ms, clock:502.379 level:98
2022-11-08 16:31:28.500 T:3786 DEBUG : CVideoPlayer::ProcessVideoData size:14952 dts:510.927 pts:511.136 dur:41.000ms, clock:502.380 level:99
2022-11-08 16:31:28.500 T:3786 DEBUG : CVideoPlayer::ProcessVideoData size:7772 dts:510.969 pts:511.052 dur:41.000ms, clock:502.380 level:99
2022-11-08 16:31:28.511 T:3787 DEBUG : CVideoPlayerVideo::OutputPicture - ttd:486ms pts:502.836 Clock:502.350 Level:6
2022-11-08 16:31:28.521 T:3786 DEBUG : CVideoPlayer::ProcessVideoData size:4441 dts:511.011 pts:511.011 dur:41.000ms, clock:502.400 level:99
2022-11-08 16:31:28.521 T:3786 DEBUG : CVideoPlayer::ProcessVideoData size:5126 dts:511.052 pts:511.094 dur:41.000ms, clock:502.401 level:99
2022-11-08 16:31:28.553 T:3787 DEBUG : CVideoPlayerVideo::OutputPicture - ttd:479ms pts:502.877 Clock:502.397 Level:6
2022-11-08 16:31:28.595 T:3787 DEBUG : CVideoPlayerVideo::OutputPicture - ttd:485ms pts:502.919 Clock:502.434 Level:6
2022-11-08 16:31:28.603 T:3786 DEBUG : CVideoPlayer::ProcessVideoData size:8704 dts:511.094 pts:511.219 dur:41.000ms, clock:502.482 level:99
2022-11-08 16:31:28.603 T:3786 DEBUG : CVideoPlayer::ProcessVideoData size:5214 dts:511.136 pts:511.177 dur:41.000ms, clock:502.483 level:99
2022-11-08 16:31:28.636 T:3787 DEBUG : CVideoPlayerVideo::OutputPicture - ttd:480ms pts:502.961 Clock:502.480 Level:6
2022-11-08 16:31:28.679 T:3787 DEBUG : CVideoPlayerVideo::OutputPicture - ttd:485ms pts:503.003 Clock:502.517 Level:6
2022-11-08 16:31:28.684 T:3786 DEBUG : CVideoPlayer::ProcessVideoData size:52905 dts:511.177 pts:511.261 dur:41.000ms, clock:502.564 level:99
2022-11-08 16:31:28.720 T:3787 DEBUG : CVideoPlayerVideo::OutputPicture - ttd:479ms pts:503.044 Clock:502.564 Level:6
2022-11-08 16:31:28.765 T:3787 DEBUG : CVideoPlayerVideo::OutputPicture - ttd:485ms pts:503.086 Clock:502.601 Level:6
2022-11-08 16:31:28.803 T:3787 DEBUG : CVideoPlayerVideo::OutputPicture - ttd:477ms pts:503.128 Clock:502.651 Level:6
2022-11-08 16:31:28.844 T:3787 DEBUG : CVideoPlayerVideo::OutputPicture - ttd:485ms pts:503.169 Clock:502.684 Level:6
2022-11-08 16:31:28.848 T:3786 DEBUG : CVideoPlayer::ProcessVideoData size:9809 dts:511.219 pts:511.302 dur:41.000ms, clock:502.727 level:97
2022-11-08 16:31:28.848 T:3786 DEBUG : CVideoPlayer::ProcessVideoData size:12001 dts:511.261 pts:511.344 dur:41.000ms, clock:502.728 level:98
2022-11-08 16:31:28.849 T:3786 DEBUG : CVideoPlayer::ProcessVideoData size:13908 dts:511.302 pts:511.386 dur:41.000ms, clock:502.729 level:98
2022-11-08 16:31:28.849 T:3786 DEBUG : CVideoPlayer::ProcessVideoData size:15398 dts:511.344 pts:511.428 dur:41.000ms, clock:502.729 level:99
2022-11-08 16:31:28.850 T:3786 DEBUG : CVideoPlayer::ProcessVideoData size:16022 dts:511.386 pts:511.469 dur:41.000ms, clock:502.729 level:99
2022-11-08 16:31:28.886 T:3787 DEBUG : CVideoPlayerVideo::OutputPicture - ttd:482ms pts:503.211 Clock:502.728 Level:6
2022-11-08 16:31:28.928 T:3787 DEBUG : CVideoPlayerVideo::OutputPicture - ttd:486ms pts:503.253 Clock:502.767 Level:6
2022-11-08 16:31:28.931 T:3786 DEBUG : CVideoPlayer::ProcessVideoData size:16280 dts:511.428 pts:511.511 dur:41.000ms, clock:502.810 level:99
2022-11-08 16:31:28.970 T:3787 DEBUG : CVideoPlayerVideo::OutputPicture - ttd:482ms pts:503.294 Clock:502.811 Level:6
2022-11-08 16:31:29.012 T:3787 DEBUG : CVideoPlayerVideo::OutputPicture - ttd:485ms pts:503.336 Clock:502.851 Level:6
2022-11-08 16:31:29.046 T:3788 DEBUG : CDVDClock::ErrorAdjust - CVideoPlayerAudio::OutputPacket - error:39870.984269, adjusted:39870.984269
2022-11-08 16:31:29.054 T:3787 DEBUG : CVideoPlayerVideo::OutputPicture - ttd:483ms pts:503.378 Clock:502.895 Level:6
2022-11-08 16:31:29.095 T:3787 DEBUG : CVideoPlayerVideo::OutputPicture - ttd:445ms pts:503.420 Clock:502.975 Level:6
2022-11-08 16:31:29.106 T:3786 DEBUG : CVideoPlayer::ProcessVideoData size:16515 dts:511.469 pts:511.553 dur:41.000ms, clock:503.025 level:97
2022-11-08 16:31:29.106 T:3786 DEBUG : CVideoPlayer::ProcessVideoData size:14318 dts:511.511 pts:511.594 dur:41.000ms, clock:503.025 level:97
2022-11-08 16:31:29.106 T:3786 DEBUG : CVideoPlayer::ProcessVideoData size:20721 dts:511.553 pts:511.678 dur:41.000ms, clock:503.026 level:98
2022-11-08 16:31:29.106 T:3786 DEBUG : CVideoPlayer::ProcessVideoData size:4935 dts:511.594 pts:511.636 dur:41.000ms, clock:503.026 level:99
2022-11-08 16:31:29.107 T:3786 DEBUG : CVideoPlayer::ProcessVideoData size:15866 dts:511.636 pts:511.720 dur:41.000ms, clock:503.026 level:99
2022-11-08 16:31:29.137 T:3787 DEBUG : CVideoPlayerVideo::OutputPicture - ttd:442ms pts:503.461 Clock:503.018 Level:6
2022-11-08 16:31:29.178 T:3787 DEBUG : CVideoPlayerVideo::OutputPicture - ttd:445ms pts:503.503 Clock:503.057 Level:6
2022-11-08 16:31:29.188 T:3786 DEBUG : CVideoPlayer::ProcessVideoData size:15053 dts:511.678 pts:511.761 dur:41.000ms, clock:503.107 level:99
2022-11-08 16:31:29.225 T:3787 DEBUG : CVideoPlayerVideo::OutputPicture - ttd:443ms pts:503.545 Clock:503.101 Level:6
2022-11-08 16:31:29.262 T:3787 DEBUG : CVideoPlayerVideo::OutputPicture - ttd:436ms pts:503.586 Clock:503.149 Level:6
2022-11-08 16:31:29.303 T:3787 DEBUG : CVideoPlayerVideo::OutputPicture - ttd:440ms pts:503.628 Clock:503.188 Level:6
2022-11-08 16:31:29.345 T:3787 DEBUG : CVideoPlayerVideo::OutputPicture - ttd:445ms pts:503.670 Clock:503.224 Level:6
2022-11-08 16:31:29.351 T:3786 DEBUG : CVideoPlayer::ProcessVideoData size:16890 dts:511.720 pts:511.803 dur:41.000ms, clock:503.271 level:97
2022-11-08 16:31:29.352 T:3786 DEBUG : CVideoPlayer::ProcessVideoData size:12834 dts:511.761 pts:511.845 dur:41.000ms, clock:503.271 level:98
2022-11-08 16:31:29.352 T:3786 DEBUG : CVideoPlayer::ProcessVideoData size:15735 dts:511.803 pts:511.928 dur:41.000ms, clock:503.271 level:99
2022-11-08 16:31:29.352 T:3786 DEBUG : CVideoPlayer::ProcessVideoData size:4274 dts:511.845 pts:511.886 dur:41.000ms, clock:503.272 level:99
2022-11-08 16:31:29.363 T:3786 DEBUG : CVideoPlayer::ProcessVideoData size:13099 dts:511.886 pts:511.970 dur:41.000ms, clock:503.282 level:99
2022-11-08 16:31:29.387 T:3787 DEBUG : CVideoPlayerVideo::OutputPicture - ttd:440ms pts:503.712 Clock:503.272 Level:6
2022-11-08 16:31:29.428 T:3787 DEBUG : CVideoPlayerVideo::OutputPicture - ttd:445ms pts:503.753 Clock:503.308 Level:6
2022-11-08 16:31:29.434 T:3786 DEBUG : CVideoPlayer::ProcessVideoData size:14175 dts:511.928 pts:512.012 dur:41.000ms, clock:503.353 level:99
2022-11-08 16:31:29.470 T:3787 DEBUG : CVideoPlayerVideo::OutputPicture - ttd:440ms pts:503.795 Clock:503.355 Level:6
2022-11-08 16:31:29.471 T:3679 DEBUG : PushCecKeypress - received key b duration 0
2022-11-08 16:31:29.510 T:3580 DEBUG : HandleKey: 11 (0x0b, obc244) pressed, action is OSD
2022-11-08 16:31:29.511 T:3580 DEBUG : ------ Window Init (VideoOSD.xml) ------
2022-11-08 16:31:29.512 T:3580 DEBUG : ------ Window Init (DialogSeekBar.xml) ------
2022-11-08 16:31:29.516 T:3787 DEBUG : CVideoPlayerVideo::OutputPicture - ttd:444ms pts:503.837 Clock:503.392 Level:6
2022-11-08 16:31:29.539 T:3679 DEBUG : PushCecKeypress - received key b duration 68
2022-11-08 16:31:29.552 T:3580 DEBUG : ------ Window Init (Custom_1109_TopBarOverlay.xml) ------
2022-11-08 16:31:29.554 T:3810 DEBUG : Thread AlarmClock start, auto delete: false
2022-11-08 16:31:29.554 T:3580 DEBUG : started alarm with name: seekbartimer
2022-11-08 16:31:29.597 T:3786 DEBUG : CVideoPlayer::ProcessVideoData size:16451 dts:511.970 pts:512.053 dur:41.000ms, clock:503.517 level:91
2022-11-08 16:31:29.598 T:3786 DEBUG : CVideoPlayer::ProcessVideoData size:13320 dts:512.012 pts:512.095 dur:41.000ms, clock:503.517 level:92
2022-11-08 16:31:29.598 T:3786 DEBUG : CVideoPlayer::ProcessVideoData size:19381 dts:512.053 pts:512.178 dur:41.000ms, clock:503.517 level:92
2022-11-08 16:31:29.598 T:3786 DEBUG : CVideoPlayer::ProcessVideoData size:5136 dts:512.095 pts:512.137 dur:41.000ms, clock:503.518 level:93
2022-11-08 16:31:29.599 T:3786 DEBUG : CVideoPlayer::ProcessVideoData size:16827 dts:512.137 pts:512.262 dur:41.000ms, clock:503.518 level:93
2022-11-08 16:31:29.599 T:3786 DEBUG : CVideoPlayer::ProcessVideoData size:4444 dts:512.178 pts:512.220 dur:41.000ms, clock:503.519 level:94
2022-11-08 16:31:29.642 T:3787 DEBUG : CVideoPlayerVideo::OutputPicture - ttd:316ms pts:503.878 Clock:503.561 Level:4
2022-11-08 16:31:29.643 T:3787 DEBUG : CVideoPlayerVideo::OutputPicture - ttd:357ms pts:503.920 Clock:503.563 Level:5
2022-11-08 16:31:29.646 T:3787 DEBUG : CVideoPlayerVideo::OutputPicture - ttd:396ms pts:503.962 Clock:503.566 Level:6
2022-11-08 16:31:29.684 T:3787 DEBUG : CVideoPlayerVideo::OutputPicture - ttd:400ms pts:504.004 Clock:503.604 Level:6
2022-11-08 16:31:29.722 T:3787 DEBUG : CVideoPlayerVideo::OutputPicture - ttd:440ms pts:504.045 Clock:503.605 Level:6
2022-11-08 16:31:29.764 T:3787 DEBUG : CVideoPlayerVideo::OutputPicture - ttd:443ms pts:504.087 Clock:503.643 Level:6
2022-11-08 16:31:29.806 T:3787 DEBUG : CVideoPlayerVideo::OutputPicture - ttd:444ms pts:504.129 Clock:503.685 Level:6
2022-11-08 16:31:29.853 T:3786 DEBUG : CVideoPlayer::ProcessVideoData size:17432 dts:512.220 pts:512.345 dur:41.000ms, clock:503.773 level:88
2022-11-08 16:31:29.853 T:3787 DEBUG : CVideoPlayerVideo::OutputPicture - ttd:397ms pts:504.170 Clock:503.773 Level:6
2022-11-08 16:31:29.853 T:3786 DEBUG : CVideoPlayer::ProcessVideoData size:4730 dts:512.262 pts:512.303 dur:41.000ms, clock:503.773 level:88
2022-11-08 16:31:29.854 T:3786 DEBUG : CVideoPlayer::ProcessVideoData size:19361 dts:512.303 pts:512.429 dur:41.000ms, clock:503.773 level:89
2022-11-08 16:31:29.854 T:3786 DEBUG : CVideoPlayer::ProcessVideoData size:5098 dts:512.345 pts:512.387 dur:41.000ms, clock:503.774 level:89
2022-11-08 16:31:29.855 T:3786 DEBUG : CVideoPlayer::ProcessVideoData size:23292 dts:512.387 pts:512.512 dur:41.000ms, clock:503.774 level:90
2022-11-08 16:31:29.855 T:3786 DEBUG : CVideoPlayer::ProcessVideoData size:5050 dts:512.429 pts:512.470 dur:41.000ms, clock:503.775 level:90
2022-11-08 16:31:29.889 T:3787 DEBUG : CVideoPlayerVideo::OutputPicture - ttd:436ms pts:504.212 Clock:503.776 Level:6
2022-11-08 16:31:29.931 T:3787 DEBUG : CVideoPlayerVideo::OutputPicture - ttd:438ms pts:504.254 Clock:503.815 Level:6
2022-11-08 16:31:29.972 T:3787 DEBUG : CVideoPlayerVideo::OutputPicture - ttd:443ms pts:504.295 Clock:503.852 Level:6
2022-11-08 16:31:30.020 T:3787 DEBUG : CVideoPlayerVideo::OutputPicture - ttd:397ms pts:504.337 Clock:503.940 Level:6
2022-11-08 16:31:30.055 T:3787 DEBUG : CVideoPlayerVideo::OutputPicture - ttd:437ms pts:504.379 Clock:503.941 Level:6
2022-11-08 16:31:30.099 T:3786 DEBUG : CVideoPlayer::ProcessVideoData size:21579 dts:512.470 pts:512.595 dur:41.000ms, clock:504.019 level:88
2022-11-08 16:31:30.100 T:3786 DEBUG : CVideoPlayer::ProcessVideoData size:4950 dts:512.512 pts:512.554 dur:41.000ms, clock:504.019 level:89
2022-11-08 16:31:30.101 T:3786 DEBUG : CVideoPlayer::ProcessVideoData size:22090 dts:512.554 pts:512.679 dur:41.000ms, clock:504.020 level:89
2022-11-08 16:31:30.101 T:3786 DEBUG : CVideoPlayer::ProcessVideoData size:4115 dts:512.595 pts:512.637 dur:41.000ms, clock:504.021 level:90
2022-11-08 16:31:30.102 T:3786 DEBUG : CVideoPlayer::ProcessVideoData size:17100 dts:512.637 pts:512.762 dur:41.000ms, clock:504.021 level:90
2022-11-08 16:31:30.102 T:3786 DEBUG : CVideoPlayer::ProcessVideoData size:4109 dts:512.679 pts:512.721 dur:41.000ms, clock:504.022 level:91
2022-11-08 16:31:30.104 T:3787 DEBUG : CVideoPlayerVideo::OutputPicture - ttd:439ms pts:504.421 Clock:503.981 Level:6
2022-11-08 16:31:30.139 T:3787 DEBUG : CVideoPlayerVideo::OutputPicture - ttd:437ms pts:504.462 Clock:504.024 Level:6
2022-11-08 16:31:30.187 T:3787 DEBUG : CVideoPlayerVideo::OutputPicture - ttd:397ms pts:504.504 Clock:504.106 Level:6
2022-11-08 16:31:30.225 T:3787 DEBUG : CVideoPlayerVideo::OutputPicture - ttd:438ms pts:504.546 Clock:504.108 Level:6
2022-11-08 16:31:30.264 T:3787 DEBUG : CVideoPlayerVideo::OutputPicture - ttd:441ms pts:504.587 Clock:504.145 Level:6
2022-11-08 16:31:30.306 T:3787 DEBUG : CVideoPlayerVideo::OutputPicture - ttd:443ms pts:504.629 Clock:504.185 Level:6
2022-11-08 16:31:30.349 T:3787 DEBUG : CVideoPlayerVideo::OutputPicture - ttd:444ms pts:504.671 Clock:504.227 Level:6
2022-11-08 16:31:30.390 T:3787 DEBUG : CVideoPlayerVideo::OutputPicture - ttd:442ms pts:504.713 Clock:504.270 Level:6
2022-11-08 16:31:30.398 T:3786 DEBUG : CVideoPlayer::ProcessVideoData size:16703 dts:512.721 pts:512.846 dur:41.000ms, clock:504.318 level:89
2022-11-08 16:31:30.398 T:3786 DEBUG : CVideoPlayer::ProcessVideoData size:4605 dts:512.762 pts:512.804 dur:41.000ms, clock:504.318 level:90
2022-11-08 16:31:30.399 T:3786 DEBUG : CVideoPlayer::ProcessVideoData size:16941 dts:512.804 pts:512.929 dur:41.000ms, clock:504.318 level:90
2022-11-08 16:31:30.399 T:3786 DEBUG : CVideoPlayer::ProcessVideoData size:4412 dts:512.846 pts:512.887 dur:41.000ms, clock:504.318 level:91
2022-11-08 16:31:30.399 T:3786 DEBUG : CVideoPlayer::ProcessVideoData size:18329 dts:512.887 pts:513.013 dur:41.000ms, clock:504.319 level:91
2022-11-08 16:31:30.400 T:3786 DEBUG : CVideoPlayer::ProcessVideoData size:4386 dts:512.929 pts:512.971 dur:41.000ms, clock:504.319 level:92
2022-11-08 16:31:30.435 T:3787 DEBUG : CVideoPlayerVideo::OutputPicture - ttd:399ms pts:504.754 Clock:504.355 Level:6
2022-11-08 16:31:30.450 T:3679 DEBUG : PushCecKeypress - received key a9 duration 0
2022-11-08 16:31:30.470 T:3580 DEBUG : HandleKey: 169 (0xa9, obc86) pressed, action is Left
2022-11-08 16:31:30.473 T:3787 DEBUG : CVideoPlayerVideo::OutputPicture - ttd:439ms pts:504.796 Clock:504.356 Level:6
2022-11-08 16:31:30.514 T:3787 DEBUG : CVideoPlayerVideo::OutputPicture - ttd:436ms pts:504.838 Clock:504.401 Level:6
2022-11-08 16:31:30.518 T:3679 DEBUG : PushCecKeypress - received key a9 duration 68
2022-11-08 16:31:30.556 T:3787 DEBUG : CVideoPlayerVideo::OutputPicture - ttd:441ms pts:504.879 Clock:504.437 Level:6
2022-11-08 16:31:30.605 T:3787 DEBUG : CVideoPlayerVideo::OutputPicture - ttd:396ms pts:504.921 Clock:504.524 Level:6
2022-11-08 16:31:30.640 T:3787 DEBUG : CVideoPlayerVideo::OutputPicture - ttd:437ms pts:504.963 Clock:504.525 Level:6
2022-11-08 16:31:30.653 T:3786 DEBUG : CVideoPlayer::ProcessVideoData size:20435 dts:512.971 pts:513.096 dur:41.000ms, clock:504.573 level:87
2022-11-08 16:31:30.654 T:3786 DEBUG : CVideoPlayer::ProcessVideoData size:4743 dts:513.013 pts:513.054 dur:41.000ms, clock:504.573 level:88
2022-11-08 16:31:30.654 T:3786 DEBUG : CVideoPlayer::ProcessVideoData size:18686 dts:513.054 pts:513.179 dur:41.000ms, clock:504.574 level:88
2022-11-08 16:31:30.654 T:3786 DEBUG : CVideoPlayer::ProcessVideoData size:4124 dts:513.096 pts:513.138 dur:41.000ms, clock:504.574 level:89
2022-11-08 16:31:30.655 T:3786 DEBUG : CVideoPlayer::ProcessVideoData size:16914 dts:513.138 pts:513.304 dur:41.000ms, clock:504.574 level:89
2022-11-08 16:31:30.655 T:3786 DEBUG : CVideoPlayer::ProcessVideoData size:4076 dts:513.179 pts:513.263 dur:41.000ms, clock:504.574 level:90
2022-11-08 16:31:30.655 T:3786 DEBUG : CVideoPlayer::ProcessVideoData size:4043 dts:513.221 pts:513.221 dur:41.000ms, clock:504.574 level:90
2022-11-08 16:31:30.682 T:3787 DEBUG : CVideoPlayerVideo::OutputPicture - ttd:438ms pts:505.005 Clock:504.566 Level:6
2022-11-08 16:31:30.721 T:3679 DEBUG : PushCecKeypress - received key a9 duration 0
2022-11-08 16:31:30.724 T:3787 DEBUG : CVideoPlayerVideo::OutputPicture - ttd:442ms pts:505.046 Clock:504.603 Level:6
2022-11-08 16:31:30.764 T:3580 DEBUG : HandleKey: 169 (0xa9, obc86) pressed, action is Left
2022-11-08 16:31:30.773 T:3787 DEBUG : CVideoPlayerVideo::OutputPicture - ttd:442ms pts:505.088 Clock:504.645 Level:6
2022-11-08 16:31:30.788 T:3679 DEBUG : PushCecKeypress - received key a9 duration 68
2022-11-08 16:31:30.814 T:3787 DEBUG : CVideoPlayerVideo::OutputPicture - ttd:396ms pts:505.130 Clock:504.733 Level:6
2022-11-08 16:31:30.850 T:3787 DEBUG : CVideoPlayerVideo::OutputPicture - ttd:436ms pts:505.171 Clock:504.734 Level:6
2022-11-08 16:31:30.890 T:3787 DEBUG : CVideoPlayerVideo::OutputPicture - ttd:442ms pts:505.213 Clock:504.771 Level:6
2022-11-08 16:31:30.900 T:3786 DEBUG : CVideoPlayer::ProcessVideoData size:14321 dts:513.263 pts:513.388 dur:41.000ms, clock:504.819 level:89
2022-11-08 16:31:30.900 T:3786 DEBUG : CVideoPlayer::ProcessVideoData size:3919 dts:513.304 pts:513.346 dur:41.000ms, clock:504.819 level:89
2022-11-08 16:31:30.900 T:3786 DEBUG : CVideoPlayer::ProcessVideoData size:11378 dts:513.346 pts:513.471 dur:41.000ms, clock:504.820 level:90
2022-11-08 16:31:30.901 T:3786 DEBUG : CVideoPlayer::ProcessVideoData size:3682 dts:513.388 pts:513.430 dur:41.000ms, clock:504.820 level:90
2022-11-08 16:31:30.901 T:3786 DEBUG : CVideoPlayer::ProcessVideoData size:9565 dts:513.430 pts:513.555 dur:41.000ms, clock:504.821 level:91
2022-11-08 16:31:30.901 T:3786 DEBUG : CVideoPlayer::ProcessVideoData size:3589 dts:513.471 pts:513.513 dur:41.000ms, clock:504.821 level:91
2022-11-08 16:31:30.932 T:3787 DEBUG : CVideoPlayerVideo::OutputPicture - ttd:444ms pts:505.255 Clock:504.811 Level:6
2022-11-08 16:31:30.971 T:3679 DEBUG : PushCecKeypress - received key a9 duration 0
2022-11-08 16:31:30.979 T:3787 DEBUG : CVideoPlayerVideo::OutputPicture - ttd:397ms pts:505.296 Clock:504.898 Level:6
2022-11-08 16:31:31.003 T:3786 DEBUG : CVideoPlayer::ProcessVideoData size:7529 dts:513.513 pts:513.638 dur:41.000ms, clock:504.923 level:90
2022-11-08 16:31:31.003 T:3786 DEBUG : CVideoPlayer::ProcessVideoData size:3494 dts:513.555 pts:513.596 dur:41.000ms, clock:504.923 level:90
2022-11-08 16:31:31.006 T:3786 DEBUG : CVideoPlayer::ProcessVideoData size:324832 dts:513.596 pts:513.680 dur:41.000ms, clock:504.926 level:91
2022-11-08 16:31:31.012 T:3580 DEBUG : HandleKey: 169 (0xa9, obc86) pressed, action is Left
2022-11-08 16:31:31.015 T:3787 DEBUG : CVideoPlayerVideo::OutputPicture - ttd:438ms pts:505.338 Clock:504.900 Level:6
2022-11-08 16:31:31.038 T:3679 DEBUG : PushCecKeypress - received key a9 duration 67
2022-11-08 16:31:31.057 T:3787 DEBUG : CVideoPlayerVideo::OutputPicture - ttd:443ms pts:505.380 Clock:504.936 Level:6
2022-11-08 16:31:31.105 T:3787 DEBUG : CVideoPlayerVideo::OutputPicture - ttd:397ms pts:505.422 Clock:505.024 Level:6
2022-11-08 16:31:31.140 T:3787 DEBUG : CVideoPlayerVideo::OutputPicture - ttd:437ms pts:505.463 Clock:505.025 Level:6
2022-11-08 16:31:31.182 T:3787 DEBUG : CVideoPlayerVideo::OutputPicture - ttd:444ms pts:505.505 Clock:505.061 Level:6
2022-11-08 16:31:31.230 T:3787 DEBUG : CVideoPlayerVideo::OutputPicture - ttd:397ms pts:505.547 Clock:505.149 Level:6
2022-11-08 16:31:31.252 T:3786 DEBUG : CVideoPlayer::ProcessVideoData size:34465 dts:513.638 pts:513.847 dur:41.000ms, clock:505.172 level:88
2022-11-08 16:31:31.253 T:3786 DEBUG : CVideoPlayer::ProcessVideoData size:9077 dts:513.680 pts:513.763 dur:41.000ms, clock:505.172 level:89
2022-11-08 16:31:31.253 T:3786 DEBUG : CVideoPlayer::ProcessVideoData size:3631 dts:513.722 pts:513.722 dur:41.000ms, clock:505.172 level:89
2022-11-08 16:31:31.253 T:3786 DEBUG : CVideoPlayer::ProcessVideoData size:4216 dts:513.763 pts:513.805 dur:41.000ms, clock:505.172 level:90
2022-11-08 16:31:31.265 T:3787 DEBUG : CVideoPlayerVideo::OutputPicture - ttd:437ms pts:505.588 Clock:505.151 Level:6
2022-11-08 16:31:31.307 T:3787 DEBUG : CVideoPlayerVideo::OutputPicture - ttd:438ms pts:505.630 Clock:505.191 Level:6
2022-11-08 16:31:31.351 T:3787 DEBUG : CVideoPlayerVideo::OutputPicture - ttd:444ms pts:505.672 Clock:505.228 Level:6
2022-11-08 16:31:31.399 T:3787 DEBUG : CVideoPlayerVideo::OutputPicture - ttd:395ms pts:505.714 Clock:505.318 Level:6
2022-11-08 16:31:31.432 T:3787 DEBUG : CVideoPlayerVideo::OutputPicture - ttd:435ms pts:505.755 Clock:505.319 Level:6
2022-11-08 16:31:31.474 T:3787 DEBUG : CVideoPlayerVideo::OutputPicture - ttd:444ms pts:505.797 Clock:505.353 Level:6
2022-11-08 16:31:31.516 T:3787 DEBUG : CVideoPlayerVideo::OutputPicture - ttd:444ms pts:505.839 Clock:505.395 Level:6
2022-11-08 16:31:31.549 T:3786 DEBUG : CVideoPlayer::ProcessVideoData size:43122 dts:513.805 pts:514.014 dur:41.000ms, clock:505.468 level:86
2022-11-08 16:31:31.549 T:3786 DEBUG : CVideoPlayer::ProcessVideoData size:9868 dts:513.847 pts:513.930 dur:41.000ms, clock:505.468 level:87
2022-11-08 16:31:31.549 T:3786 DEBUG : CVideoPlayer::ProcessVideoData size:4807 dts:513.888 pts:513.888 dur:41.000ms, clock:505.469 level:87
2022-11-08 16:31:31.549 T:3786 DEBUG : CVideoPlayer::ProcessVideoData size:4640 dts:513.930 pts:513.972 dur:41.000ms, clock:505.469 level:88
2022-11-08 16:31:31.550 T:3786 DEBUG : CVideoPlayer::ProcessVideoData size:45518 dts:513.972 pts:514.180 dur:41.000ms, clock:505.470 level:88
2022-11-08 16:31:31.550 T:3786 DEBUG : CVideoPlayer::ProcessVideoData size:9604 dts:514.014 pts:514.097 dur:41.000ms, clock:505.470 level:89
2022-11-08 16:31:31.551 T:3786 DEBUG : CVideoPlayer::ProcessVideoData size:4747 dts:514.055 pts:514.055 dur:41.000ms, clock:505.470 level:89
2022-11-08 16:31:31.551 T:3786 DEBUG : CVideoPlayer::ProcessVideoData size:4605 dts:514.097 pts:514.139 dur:41.000ms, clock:505.470 level:90
2022-11-08 16:31:31.643 T:3787 DEBUG : CVideoPlayerVideo::OutputPicture - ttd:317ms pts:505.880 Clock:505.563 Level:4
2022-11-08 16:31:31.646 T:3787 DEBUG : CVideoPlayerVideo::OutputPicture - ttd:356ms pts:505.922 Clock:505.565 Level:5
2022-11-08 16:31:31.653 T:3787 DEBUG : CVideoPlayerVideo::OutputPicture - ttd:391ms pts:505.964 Clock:505.572 Level:6
2022-11-08 16:31:31.680 T:3787 DEBUG : CVideoPlayerVideo::OutputPicture - ttd:432ms pts:506.006 Clock:505.573 Level:6
2022-11-08 16:31:31.724 T:3787 DEBUG : CVideoPlayerVideo::OutputPicture - ttd:445ms pts:506.047 Clock:505.601 Level:6
2022-11-08 16:31:31.773 T:3787 DEBUG : CVideoPlayerVideo::OutputPicture - ttd:397ms pts:506.089 Clock:505.692 Level:6
2022-11-08 16:31:31.795 T:3786 DEBUG : CVideoPlayer::ProcessVideoData size:47490 dts:514.139 pts:514.347 dur:41.000ms, clock:505.714 level:88
2022-11-08 16:31:31.795 T:3786 DEBUG : CVideoPlayer::ProcessVideoData size:9607 dts:514.180 pts:514.264 dur:41.000ms, clock:505.715 level:88
2022-11-08 16:31:31.795 T:3786 DEBUG : CVideoPlayer::ProcessVideoData size:4927 dts:514.222 pts:514.222 dur:41.000ms, clock:505.715 level:89
2022-11-08 16:31:31.796 T:3786 DEBUG : CVideoPlayer::ProcessVideoData size:4818 dts:514.264 pts:514.305 dur:41.000ms, clock:505.715 level:89
2022-11-08 16:31:31.807 T:3787 DEBUG : CVideoPlayerVideo::OutputPicture - ttd:437ms pts:506.131 Clock:505.693 Level:6
2022-11-08 16:31:31.809 T:3787 DEBUG : CPtsTracker: detected pattern of length 1: 41708.33, frameduration: 41708.333333
2022-11-08 16:31:31.850 T:3787 DEBUG : CVideoPlayerVideo::OutputPicture - ttd:443ms pts:506.172 Clock:505.728 Level:6
2022-11-08 16:31:31.891 T:3787 DEBUG : CVideoPlayerVideo::OutputPicture - ttd:443ms pts:506.214 Clock:505.771 Level:6
2022-11-08 16:31:31.932 T:3787 DEBUG : CVideoPlayerVideo::OutputPicture - ttd:444ms pts:506.256 Clock:505.811 Level:6
2022-11-08 16:31:31.976 T:3787 DEBUG : CVideoPlayerVideo::OutputPicture - ttd:438ms pts:506.297 Clock:505.858 Level:6
2022-11-08 16:31:32.016 T:3787 DEBUG : CVideoPlayerVideo::OutputPicture - ttd:442ms pts:506.339 Clock:505.897 Level:6
2022-11-08 16:31:32.051 T:3786 DEBUG : CVideoPlayer::ProcessVideoData size:65172 dts:514.305 pts:514.514 dur:41.000ms, clock:505.970 level:89
2022-11-08 16:31:32.051 T:3786 DEBUG : CVideoPlayer::ProcessVideoData size:9930 dts:514.347 pts:514.431 dur:41.000ms, clock:505.970 level:89
2022-11-08 16:31:32.051 T:3786 DEBUG : CVideoPlayer::ProcessVideoData size:5138 dts:514.389 pts:514.389 dur:41.000ms, clock:505.971 level:90
2022-11-08 16:31:32.051 T:3786 DEBUG : CVideoPlayer::ProcessVideoData size:4586 dts:514.431 pts:514.472 dur:41.000ms, clock:505.971 level:90
2022-11-08 16:31:32.052 T:3786 DEBUG : CVideoPlayer::ProcessVideoData size:44638 dts:514.472 pts:514.681 dur:41.000ms, clock:505.971 level:91
2022-11-08 16:31:32.052 T:3786 DEBUG : CVideoPlayer::ProcessVideoData size:9099 dts:514.514 pts:514.597 dur:41.000ms, clock:505.972 level:91
2022-11-08 16:31:32.053 T:3786 DEBUG : CVideoPlayer::ProcessVideoData size:4724 dts:514.556 pts:514.556 dur:41.000ms, clock:505.972 level:92
2022-11-08 16:31:32.053 T:3786 DEBUG : CVideoPlayer::ProcessVideoData size:5030 dts:514.597 pts:514.639 dur:41.000ms, clock:505.972 level:92
2022-11-08 16:31:32.058 T:3787 DEBUG : CVideoPlayerVideo::OutputPicture - ttd:439ms pts:506.381 Clock:505.942 Level:6
2022-11-08 16:31:32.063 T:3679 DEBUG : PushCecKeypress - received key b duration 0
2022-11-08 16:31:32.096 T:3580 DEBUG : HandleKey: 11 (0x0b, obc244) pressed, action is Select
2022-11-08 16:31:32.097 T:3580 DEBUG : Activating window ID: 11101
2022-11-08 16:31:32.098 T:3580 DEBUG : ------ Window Init (Custom_1101_SettingsList.xml) ------
2022-11-08 16:31:32.098 T:3580 INFO : Loading skin file: Custom_1101_SettingsList.xml, load type: KEEP_IN_MEMORY
2022-11-08 16:31:32.121 T:3787 DEBUG : CVideoPlayerVideo::OutputPicture - ttd:442ms pts:506.423 Clock:505.980 Level:6
2022-11-08 16:31:32.130 T:3679 DEBUG : PushCecKeypress - received key b duration 68
2022-11-08 16:31:32.147 T:3787 DEBUG : CVideoPlayerVideo::OutputPicture - ttd:397ms pts:506.464 Clock:506.066 Level:6
2022-11-08 16:31:32.183 T:3787 DEBUG : CVideoPlayerVideo::OutputPicture - ttd:438ms pts:506.506 Clock:506.067 Level:6
2022-11-08 16:31:32.225 T:3787 DEBUG : CVideoPlayerVideo::OutputPicture - ttd:443ms pts:506.548 Clock:506.104 Level:6
2022-11-08 16:31:32.266 T:3787 DEBUG : CVideoPlayerVideo::OutputPicture - ttd:443ms pts:506.589 Clock:506.146 Level:6
2022-11-08 16:31:32.297 T:3786 DEBUG : CVideoPlayer::ProcessVideoData size:48700 dts:514.639 pts:514.848 dur:41.000ms, clock:506.217 level:91
2022-11-08 16:31:32.297 T:3786 DEBUG : CVideoPlayer::ProcessVideoData size:9608 dts:514.681 pts:514.764 dur:41.000ms, clock:506.217 level:91
2022-11-08 16:31:32.298 T:3786 DEBUG : CVideoPlayer::ProcessVideoData size:5106 dts:514.723 pts:514.723 dur:41.000ms, clock:506.217 level:92
2022-11-08 16:31:32.298 T:3786 DEBUG : CVideoPlayer::ProcessVideoData size:4793 dts:514.764 pts:514.806 dur:41.000ms, clock:506.217 level:92
2022-11-08 16:31:32.309 T:3787 DEBUG : CVideoPlayerVideo::OutputPicture - ttd:443ms pts:506.631 Clock:506.187 Level:6
2022-11-08 16:31:32.350 T:3787 DEBUG : CVideoPlayerVideo::OutputPicture - ttd:438ms pts:506.673 Clock:506.235 Level:6
2022-11-08 16:31:32.392 T:3787 DEBUG : CVideoPlayerVideo::OutputPicture - ttd:443ms pts:506.715 Clock:506.271 Level:6
2022-11-08 16:31:32.434 T:3787 DEBUG : CVideoPlayerVideo::OutputPicture - ttd:437ms pts:506.756 Clock:506.319 Level:6
2022-11-08 16:31:32.475 T:3787 DEBUG : CVideoPlayerVideo::OutputPicture - ttd:443ms pts:506.798 Clock:506.355 Level:6
2022-11-08 16:31:32.518 T:3787 DEBUG : CVideoPlayerVideo::OutputPicture - ttd:443ms pts:506.840 Clock:506.397 Level:6
2022-11-08 16:31:32.553 T:3786 DEBUG : CVideoPlayer::ProcessVideoData size:49432 dts:514.806 pts:515.015 dur:41.000ms, clock:506.472 level:92
2022-11-08 16:31:32.553 T:3786 DEBUG : CVideoPlayer::ProcessVideoData size:9716 dts:514.848 pts:514.931 dur:41.000ms, clock:506.472 level:92
2022-11-08 16:31:32.553 T:3786 DEBUG : CVideoPlayer::ProcessVideoData size:5330 dts:514.889 pts:514.889 dur:41.000ms, clock:506.473 level:93
2022-11-08 16:31:32.553 T:3786 DEBUG : CVideoPlayer::ProcessVideoData size:4984 dts:514.931 pts:514.973 dur:41.000ms, clock:506.473 level:93
2022-11-08 16:31:32.555 T:3786 DEBUG : CVideoPlayer::ProcessVideoData size:50868 dts:514.973 pts:515.181 dur:41.000ms, clock:506.475 level:94
2022-11-08 16:31:32.558 T:3786 DEBUG : CVideoPlayer::ProcessVideoData size:10080 dts:515.015 pts:515.098 dur:41.000ms, clock:506.477 level:94
2022-11-08 16:31:32.558 T:3786 DEBUG : CVideoPlayer::ProcessVideoData size:5033 dts:515.056 pts:515.056 dur:41.000ms, clock:506.477 level:95
2022-11-08 16:31:32.558 T:3786 DEBUG : CVideoPlayer::ProcessVideoData size:5034 dts:515.098 pts:515.140 dur:41.000ms, clock:506.478 level:95
2022-11-08 16:31:32.560 T:3787 DEBUG : CVideoPlayerVideo::OutputPicture - ttd:442ms pts:506.881 Clock:506.439 Level:6
2022-11-08 16:31:32.601 T:3787 DEBUG : CVideoPlayerVideo::OutputPicture - ttd:442ms pts:506.923 Clock:506.481 Level:6
2022-11-08 16:31:32.642 T:3787 DEBUG : CVideoPlayerVideo::OutputPicture - ttd:443ms pts:506.965 Clock:506.522 Level:6
2022-11-08 16:31:32.684 T:3787 DEBUG : CVideoPlayerVideo::OutputPicture - ttd:439ms pts:507.007 Clock:506.568 Level:6
2022-11-08 16:31:32.726 T:3787 DEBUG : CVideoPlayerVideo::OutputPicture - ttd:443ms pts:507.048 Clock:506.605 Level:6
2022-11-08 16:31:32.771 T:3787 DEBUG : CVideoPlayerVideo::OutputPicture - ttd:443ms pts:507.090 Clock:506.646 Level:6
2022-11-08 16:31:32.796 T:3786 DEBUG : CVideoPlayer::ProcessVideoData size:69118 dts:515.140 pts:515.348 dur:41.000ms, clock:506.715 level:95
2022-11-08 16:31:32.796 T:3786 DEBUG : CVideoPlayer::ProcessVideoData size:9793 dts:515.181 pts:515.265 dur:41.000ms, clock:506.715 level:96
2022-11-08 16:31:32.796 T:3786 DEBUG : CVideoPlayer::ProcessVideoData size:5282 dts:515.223 pts:515.223 dur:41.000ms, clock:506.716 level:96
2022-11-08 16:31:32.796 T:3786 DEBUG : CVideoPlayer::ProcessVideoData size:5520 dts:515.265 pts:515.306 dur:41.000ms, clock:506.716 level:97
2022-11-08 16:31:32.809 T:3787 DEBUG : CVideoPlayerVideo::OutputPicture - ttd:439ms pts:507.132 Clock:506.692 Level:6
2022-11-08 16:31:32.851 T:3787 DEBUG : CVideoPlayerVideo::OutputPicture - ttd:443ms pts:507.173 Clock:506.730 Level:6
2022-11-08 16:31:32.892 T:3787 DEBUG : CVideoPlayerVideo::OutputPicture - ttd:443ms pts:507.215 Clock:506.771 Level:6
2022-11-08 16:31:32.934 T:3787 DEBUG : CVideoPlayerVideo::OutputPicture - ttd:443ms pts:507.257 Clock:506.813 Level:6
2022-11-08 16:31:32.975 T:3787 DEBUG : CVideoPlayerVideo::OutputPicture - ttd:443ms pts:507.298 Clock:506.855 Level:6
2022-11-08 16:31:33.017 T:3787 DEBUG : CVideoPlayerVideo::OutputPicture - ttd:443ms pts:507.340 Clock:506.896 Level:6
2022-11-08 16:31:33.052 T:3786 DEBUG : CVideoPlayer::ProcessVideoData size:43694 dts:515.306 pts:515.515 dur:41.000ms, clock:506.971 level:96
2022-11-08 16:31:33.052 T:3786 DEBUG : CVideoPlayer::ProcessVideoData size:9009 dts:515.348 pts:515.432 dur:41.000ms, clock:506.971 level:97
2022-11-08 16:31:33.052 T:3786 DEBUG : CVideoPlayer::ProcessVideoData size:4806 dts:515.390 pts:515.390 dur:41.000ms, clock:506.971 level:97
2022-11-08 16:31:33.052 T:3786 DEBUG : CVideoPlayer::ProcessVideoData size:4964 dts:515.432 pts:515.473 dur:41.000ms, clock:506.971 level:98
2022-11-08 16:31:33.053 T:3786 DEBUG : CVideoPlayer::ProcessVideoData size:47701 dts:515.473 pts:515.682 dur:41.000ms, clock:506.972 level:99
2022-11-08 16:31:33.053 T:3786 DEBUG : CVideoPlayer::ProcessVideoData size:9781 dts:515.515 pts:515.598 dur:41.000ms, clock:506.973 level:99
2022-11-08 16:31:33.059 T:3787 DEBUG : CVideoPlayerVideo::OutputPicture - ttd:443ms pts:507.382 Clock:506.938 Level:6
2022-11-08 16:31:33.064 T:3786 DEBUG : CVideoPlayer::ProcessVideoData size:5160 dts:515.557 pts:515.557 dur:41.000ms, clock:506.983 level:99
2022-11-08 16:31:33.102 T:3787 DEBUG : CVideoPlayerVideo::OutputPicture - ttd:444ms pts:507.424 Clock:506.980 Level:6
2022-11-08 16:31:33.105 T:3786 DEBUG : CVideoPlayer::ProcessVideoData size:5238 dts:515.598 pts:515.640 dur:41.000ms, clock:507.024 level:99
2022-11-08 16:31:33.142 T:3787 DEBUG : CVideoPlayerVideo::OutputPicture - ttd:442ms pts:507.465 Clock:507.023 Level:6
2022-11-08 16:31:33.184 T:3787 DEBUG : CVideoPlayerVideo::OutputPicture - ttd:438ms pts:507.507 Clock:507.068 Level:6
2022-11-08 16:31:33.212 T:3679 DEBUG : PushCecKeypress - received key b duration 0
2022-11-08 16:31:33.223 T:3580 DEBUG : HandleKey: 11 (0x0b, obc244) pressed, action is Select
2022-11-08 16:31:33.223 T:3580 DEBUG : Activating window ID: 10124
2022-11-08 16:31:33.223 T:3580 DEBUG : ------ Window Init (DialogSettings.xml) ------
2022-11-08 16:31:33.224 T:3580 DEBUG : requested setting (audio.volume) was not found.
2022-11-08 16:31:33.224 T:3580 DEBUG : requested setting (audio.volumeamplification) was not found.
2022-11-08 16:31:33.224 T:3580 DEBUG : requested setting (audio.centermixlevel) was not found.
2022-11-08 16:31:33.224 T:3580 DEBUG : requested setting (audio.delay) was not found.
2022-11-08 16:31:33.224 T:3580 DEBUG : requested setting (audio.stream) was not found.
2022-11-08 16:31:33.224 T:3580 DEBUG : requested setting (audio.digitalanalog) was not found.
2022-11-08 16:31:33.224 T:3580 DEBUG : requested setting (audio.makedefault) was not found.
2022-11-08 16:31:33.230 T:3787 DEBUG : CVideoPlayerVideo::OutputPicture - ttd:444ms pts:507.549 Clock:507.105 Level:6
2022-11-08 16:31:33.268 T:3787 DEBUG : CVideoPlayerVideo::OutputPicture - ttd:439ms pts:507.590 Clock:507.151 Level:6
2022-11-08 16:31:33.279 T:3679 DEBUG : PushCecKeypress - received key b duration 68
2022-11-08 16:31:33.299 T:3786 DEBUG : CVideoPlayer::ProcessVideoData size:46189 dts:515.640 pts:515.849 dur:41.000ms, clock:507.219 level:97
2022-11-08 16:31:33.300 T:3786 DEBUG : CVideoPlayer::ProcessVideoData size:9603 dts:515.682 pts:515.765 dur:41.000ms, clock:507.219 level:98
2022-11-08 16:31:33.300 T:3786 DEBUG : CVideoPlayer::ProcessVideoData size:5249 dts:515.724 pts:515.724 dur:41.000ms, clock:507.219 level:99
2022-11-08 16:31:33.300 T:3786 DEBUG : CVideoPlayer::ProcessVideoData size:4914 dts:515.765 pts:515.807 dur:41.000ms, clock:507.219 level:99
2022-11-08 16:31:33.310 T:3787 DEBUG : CVideoPlayerVideo::OutputPicture - ttd:443ms pts:507.632 Clock:507.188 Level:6
2022-11-08 16:31:33.359 T:3787 DEBUG : CVideoPlayerVideo::OutputPicture - ttd:395ms pts:507.674 Clock:507.278 Level:6
2022-11-08 16:31:33.403 T:3787 DEBUG : CVideoPlayerVideo::OutputPicture - ttd:436ms pts:507.716 Clock:507.280 Level:6
2022-11-08 16:31:33.435 T:3787 DEBUG : CVideoPlayerVideo::OutputPicture - ttd:432ms pts:507.757 Clock:507.324 Level:6
2022-11-08 16:31:33.476 T:3787 DEBUG : CVideoPlayerVideo::OutputPicture - ttd:443ms pts:507.799 Clock:507.356 Level:6
2022-11-08 16:31:33.519 T:3787 DEBUG : CVideoPlayerVideo::OutputPicture - ttd:443ms pts:507.841 Clock:507.397 Level:6
2022-11-08 16:31:33.560 T:3787 DEBUG : CVideoPlayerVideo::OutputPicture - ttd:441ms pts:507.882 Clock:507.441 Level:6
2022-11-08 16:31:33.596 T:3786 DEBUG : CVideoPlayer::ProcessVideoData size:44324 dts:515.807 pts:516.016 dur:41.000ms, clock:507.516 level:95
2022-11-08 16:31:33.596 T:3786 DEBUG : CVideoPlayer::ProcessVideoData size:9516 dts:515.849 pts:515.932 dur:41.000ms, clock:507.516 level:95
2022-11-08 16:31:33.597 T:3786 DEBUG : CVideoPlayer::ProcessVideoData size:5132 dts:515.890 pts:515.890 dur:41.000ms, clock:507.517 level:96
2022-11-08 16:31:33.598 T:3786 DEBUG : CVideoPlayer::ProcessVideoData size:4818 dts:515.932 pts:515.974 dur:41.000ms, clock:507.517 level:96
2022-11-08 16:31:33.600 T:3786 DEBUG : CVideoPlayer::ProcessVideoData size:55487 dts:515.974 pts:516.182 dur:41.000ms, clock:507.519 level:97
2022-11-08 16:31:33.601 T:3786 DEBUG : CVideoPlayer::ProcessVideoData size:9447 dts:516.016 pts:516.099 dur:41.000ms, clock:507.520 level:97
2022-11-08 16:31:33.601 T:3786 DEBUG : CVideoPlayer::ProcessVideoData size:5046 dts:516.057 pts:516.057 dur:41.000ms, clock:507.521 level:98
2022-11-08 16:31:33.602 T:3786 DEBUG : CVideoPlayer::ProcessVideoData size:4630 dts:516.099 pts:516.141 dur:41.000ms, clock:507.521 level:99
2022-11-08 16:31:33.603 T:3787 DEBUG : CVideoPlayerVideo::OutputPicture - ttd:442ms pts:507.924 Clock:507.482 Level:6
2022-11-08 16:31:33.648 T:3787 DEBUG : CVideoPlayerVideo::OutputPicture - ttd:442ms pts:507.966 Clock:507.524 Level:6
2022-11-08 16:31:33.773 T:3787 DEBUG : CVideoPlayerVideo::OutputPicture - ttd:315ms pts:508.008 Clock:507.692 Level:4
2022-11-08 16:31:33.774 T:3787 DEBUG : CVideoPlayerVideo::OutputPicture - ttd:355ms pts:508.049 Clock:507.693 Level:5
2022-11-08 16:31:33.775 T:3787 DEBUG : CVideoPlayerVideo::OutputPicture - ttd:396ms pts:508.091 Clock:507.695 Level:6
2022-11-08 16:31:33.809 T:3787 DEBUG : CVideoPlayerVideo::OutputPicture - ttd:436ms pts:508.133 Clock:507.696 Level:6
2022-11-08 16:31:33.848 T:3786 DEBUG : CVideoPlayer::ProcessVideoData size:33273 dts:516.141 pts:516.349 dur:41.000ms, clock:507.767 level:88
2022-11-08 16:31:33.849 T:3786 DEBUG : CVideoPlayer::ProcessVideoData size:8919 dts:516.182 pts:516.266 dur:41.000ms, clock:507.768 level:89
2022-11-08 16:31:33.849 T:3786 DEBUG : CVideoPlayer::ProcessVideoData size:4421 dts:516.224 pts:516.224 dur:41.000ms, clock:507.769 level:89
2022-11-08 16:31:33.850 T:3786 DEBUG : CVideoPlayer::ProcessVideoData size:4767 dts:516.266 pts:516.307 dur:41.000ms, clock:507.769 level:90
2022-11-08 16:31:33.851 T:3787 DEBUG : CVideoPlayerVideo::OutputPicture - ttd:444ms pts:508.174 Clock:507.730 Level:6
2022-11-08 16:31:33.893 T:3787 DEBUG : CVideoPlayerVideo::OutputPicture - ttd:443ms pts:508.216 Clock:507.772 Level:6
2022-11-08 16:31:33.935 T:3787 DEBUG : CVideoPlayerVideo::OutputPicture - ttd:444ms pts:508.258 Clock:507.814 Level:6
2022-11-08 16:31:33.984 T:3787 DEBUG : CVideoPlayerVideo::OutputPicture - ttd:443ms pts:508.299 Clock:507.855 Level:6
2022-11-08 16:31:34.018 T:3787 DEBUG : CVideoPlayerVideo::OutputPicture - ttd:436ms pts:508.341 Clock:507.905 Level:6
2022-11-08 16:31:34.060 T:3787 DEBUG : CVideoPlayerVideo::OutputPicture - ttd:444ms pts:508.383 Clock:507.939 Level:6
2022-11-08 16:31:34.095 T:3786 DEBUG : CVideoPlayer::ProcessVideoData size:31689 dts:516.307 pts:516.516 dur:41.000ms, clock:508.015 level:90
2022-11-08 16:31:34.095 T:3786 DEBUG : CVideoPlayer::ProcessVideoData size:8942 dts:516.349 pts:516.433 dur:41.000ms, clock:508.015 level:90
2022-11-08 16:31:34.095 T:3786 DEBUG : CVideoPlayer::ProcessVideoData size:4680 dts:516.391 pts:516.391 dur:41.000ms, clock:508.015 level:91
2022-11-08 16:31:34.096 T:3786 DEBUG : CVideoPlayer::ProcessVideoData size:4755 dts:516.433 pts:516.474 dur:41.000ms, clock:508.015 level:91
2022-11-08 16:31:34.096 T:3786 DEBUG : CVideoPlayer::ProcessVideoData size:26407 dts:516.474 pts:516.683 dur:41.000ms, clock:508.016 level:92
2022-11-08 16:31:34.098 T:3786 DEBUG : CVideoPlayer::ProcessVideoData size:9383 dts:516.516 pts:516.599 dur:41.000ms, clock:508.016 level:92
2022-11-08 16:31:34.098 T:3786 DEBUG : CVideoPlayer::ProcessVideoData size:4393 dts:516.558 pts:516.558 dur:41.000ms, clock:508.018 level:93
2022-11-08 16:31:34.099 T:3786 DEBUG : CVideoPlayer::ProcessVideoData size:4579 dts:516.599 pts:516.641 dur:41.000ms, clock:508.018 level:93
2022-11-08 16:31:34.102 T:3787 DEBUG : CVideoPlayerVideo::OutputPicture - ttd:439ms pts:508.425 Clock:507.986 Level:6
2022-11-08 16:31:34.143 T:3787 DEBUG : CVideoPlayerVideo::OutputPicture - ttd:443ms pts:508.466 Clock:508.023 Level:6
2022-11-08 16:31:34.185 T:3787 DEBUG : CVideoPlayerVideo::OutputPicture - ttd:438ms pts:508.508 Clock:508.069 Level:6
2022-11-08 16:31:34.226 T:3787 DEBUG : CVideoPlayerVideo::OutputPicture - ttd:444ms pts:508.550 Clock:508.106 Level:6
2022-11-08 16:31:34.269 T:3787 DEBUG : CVideoPlayerVideo::OutputPicture - ttd:438ms pts:508.591 Clock:508.152 Level:6
2022-11-08 16:31:34.295 T:3679 DEBUG : PushCecKeypress - received key b duration 0
2022-11-08 16:31:34.303 T:3786 DEBUG : CVideoPlayer::ProcessVideoData size:18404 dts:516.641 pts:516.850 dur:41.000ms, clock:508.222 level:93
2022-11-08 16:31:34.303 T:3786 DEBUG : CVideoPlayer::ProcessVideoData size:9853 dts:516.683 pts:516.766 dur:41.000ms, clock:508.222 level:93
2022-11-08 16:31:34.303 T:3786 DEBUG : CVideoPlayer::ProcessVideoData size:4436 dts:516.725 pts:516.725 dur:41.000ms, clock:508.222 level:94
2022-11-08 16:31:34.303 T:3786 DEBUG : CVideoPlayer::ProcessVideoData size:4661 dts:516.766 pts:516.808 dur:41.000ms, clock:508.223 level:94
2022-11-08 16:31:34.303 T:3786 DEBUG : CVideoPlayer::ProcessVideoData size:10898 dts:516.808 pts:516.933 dur:41.000ms, clock:508.223 level:95
2022-11-08 16:31:34.304 T:3786 DEBUG : CVideoPlayer::ProcessVideoData size:4771 dts:516.850 pts:516.891 dur:41.000ms, clock:508.223 level:95
2022-11-08 16:31:34.306 T:3786 DEBUG : CVideoPlayer::ProcessVideoData size:276161 dts:516.891 pts:516.975 dur:41.000ms, clock:508.226 level:96
2022-11-08 16:31:34.309 T:3580 DEBUG : HandleKey: 11 (0x0b, obc244) pressed, action is Select
2022-11-08 16:31:34.312 T:3787 DEBUG : CVideoPlayerVideo::OutputPicture - ttd:439ms pts:508.633 Clock:508.194 Level:6
2022-11-08 16:31:34.351 T:3787 DEBUG : CVideoPlayerVideo::OutputPicture - ttd:442ms pts:508.675 Clock:508.233 Level:6
2022-11-08 16:31:34.359 T:3679 DEBUG : PushCecKeypress - received key b duration 64
2022-11-08 16:31:34.393 T:3787 DEBUG : CVideoPlayerVideo::OutputPicture - ttd:444ms pts:508.717 Clock:508.272 Level:6
2022-11-08 16:31:34.435 T:3787 DEBUG : CVideoPlayerVideo::OutputPicture - ttd:438ms pts:508.758 Clock:508.319 Level:6
2022-11-08 16:31:34.481 T:3787 DEBUG : CVideoPlayerVideo::OutputPicture - ttd:444ms pts:508.800 Clock:508.355 Level:6
2022-11-08 16:31:34.519 T:3787 DEBUG : CVideoPlayerVideo::OutputPicture - ttd:440ms pts:508.842 Clock:508.402 Level:6
2022-11-08 16:31:34.551 T:3786 DEBUG : CVideoPlayer::ProcessVideoData size:42362 dts:516.933 pts:517.142 dur:41.000ms, clock:508.470 level:96
2022-11-08 16:31:34.551 T:3786 DEBUG : CVideoPlayer::ProcessVideoData size:6830 dts:516.975 pts:517.058 dur:41.000ms, clock:508.471 level:96
2022-11-08 16:31:34.551 T:3786 DEBUG : CVideoPlayer::ProcessVideoData size:3743 dts:517.017 pts:517.017 dur:41.000ms, clock:508.471 level:97
2022-11-08 16:31:34.551 T:3786 DEBUG : CVideoPlayer::ProcessVideoData size:3772 dts:517.058 pts:517.100 dur:41.000ms, clock:508.471 level:97
2022-11-08 16:31:34.564 T:3787 DEBUG : CVideoPlayerVideo::OutputPicture - ttd:443ms pts:508.883 Clock:508.439 Level:6
2022-11-08 16:31:34.602 T:3787 DEBUG : CVideoPlayerVideo::OutputPicture - ttd:440ms pts:508.925 Clock:508.485 Level:6
2022-11-08 16:31:34.643 T:3787 DEBUG : CVideoPlayerVideo::OutputPicture - ttd:444ms pts:508.967 Clock:508.523 Level:6
2022-11-08 16:31:34.688 T:3787 DEBUG : CVideoPlayerVideo::OutputPicture - ttd:401ms pts:509.009 Clock:508.607 Level:6
2022-11-08 16:31:34.727 T:3787 DEBUG : CVideoPlayerVideo::OutputPicture - ttd:441ms pts:509.050 Clock:508.608 Level:6
2022-11-08 16:31:34.741 T:3679 DEBUG : PushCecKeypress - received key a9 duration 0
2022-11-08 16:31:34.766 T:3580 DEBUG : HandleKey: 169 (0xa9, obc86) pressed, action is Left
2022-11-08 16:31:34.769 T:3787 DEBUG : CVideoPlayerVideo::OutputPicture - ttd:444ms pts:509.092 Clock:508.648 Level:6
2022-11-08 16:31:34.809 T:3679 DEBUG : PushCecKeypress - received key a9 duration 68
2022-11-08 16:31:34.816 T:3787 DEBUG : CVideoPlayerVideo::OutputPicture - ttd:398ms pts:509.134 Clock:508.736 Level:6
2022-11-08 16:31:34.847 T:3786 DEBUG : CVideoPlayer::ProcessVideoData size:49078 dts:517.100 pts:517.308 dur:41.000ms, clock:508.766 level:90
2022-11-08 16:31:34.847 T:3786 DEBUG : CVideoPlayer::ProcessVideoData size:7165 dts:517.142 pts:517.225 dur:41.000ms, clock:508.767 level:91
2022-11-08 16:31:34.848 T:3786 DEBUG : CVideoPlayer::ProcessVideoData size:3947 dts:517.183 pts:517.183 dur:41.000ms, clock:508.767 level:91
2022-11-08 16:31:34.848 T:3786 DEBUG : CVideoPlayer::ProcessVideoData size:3528 dts:517.225 pts:517.267 dur:41.000ms, clock:508.767 level:92
2022-11-08 16:31:34.849 T:3786 DEBUG : CVideoPlayer::ProcessVideoData size:41770 dts:517.267 pts:517.475 dur:41.000ms, clock:508.768 level:92
2022-11-08 16:31:34.849 T:3786 DEBUG : CVideoPlayer::ProcessVideoData size:6537 dts:517.308 pts:517.392 dur:41.000ms, clock:508.769 level:93
2022-11-08 16:31:34.850 T:3786 DEBUG : CVideoPlayer::ProcessVideoData size:3393 dts:517.350 pts:517.350 dur:41.000ms, clock:508.769 level:93
2022-11-08 16:31:34.850 T:3786 DEBUG : CVideoPlayer::ProcessVideoData size:3550 dts:517.392 pts:517.434 dur:41.000ms, clock:508.770 level:94
2022-11-08 16:31:34.852 T:3787 DEBUG : CVideoPlayerVideo::OutputPicture - ttd:438ms pts:509.175 Clock:508.737 Level:6
2022-11-08 16:31:34.894 T:3787 DEBUG : CVideoPlayerVideo::OutputPicture - ttd:444ms pts:509.217 Clock:508.773 Level:6
2022-11-08 16:31:34.936 T:3787 DEBUG : CVideoPlayerVideo::OutputPicture - ttd:443ms pts:509.259 Clock:508.816 Level:6
2022-11-08 16:31:34.970 T:3679 DEBUG : PushCecKeypress - received key a9 duration 0
2022-11-08 16:31:34.974 T:3580 DEBUG : HandleKey: 169 (0xa9, obc86) pressed, action is Left
2022-11-08 16:31:34.978 T:3787 DEBUG : CVideoPlayerVideo::OutputPicture - ttd:438ms pts:509.300 Clock:508.862 Level:6
2022-11-08 16:31:35.019 T:3787 DEBUG : CVideoPlayerVideo::OutputPicture - ttd:443ms pts:509.342 Clock:508.898 Level:6
2022-11-08 16:31:35.038 T:3679 DEBUG : PushCecKeypress - received key a9 duration 68
