2022-11-08 16:31:42.506 T:3786 DEBUG : CVideoPlayer::ProcessVideoData size:3171 dts:525.025 pts:525.025 dur:41.000ms, clock:516.425 level:91
2022-11-08 16:31:42.506 T:3786 DEBUG : CVideoPlayer::ProcessVideoData size:3399 dts:525.066 pts:525.108 dur:41.000ms, clock:516.425 level:91
2022-11-08 16:31:42.526 T:3787 DEBUG : CVideoPlayerVideo::OutputPicture - ttd:444ms pts:516.850 Clock:516.405 Level:6
2022-11-08 16:31:42.568 T:3787 DEBUG : CVideoPlayerVideo::OutputPicture - ttd:437ms pts:516.891 Clock:516.454 Level:6
2022-11-08 16:31:42.609 T:3787 DEBUG : CVideoPlayerVideo::OutputPicture - ttd:444ms pts:516.933 Clock:516.489 Level:6
2022-11-08 16:31:42.736 T:3787 DEBUG : CVideoPlayerVideo::OutputPicture - ttd:319ms pts:516.975 Clock:516.656 Level:5
2022-11-08 16:31:42.738 T:3787 DEBUG : CVideoPlayerVideo::OutputPicture - ttd:360ms pts:517.017 Clock:516.657 Level:6
2022-11-08 16:31:42.740 T:3787 DEBUG : CVideoPlayerVideo::OutputPicture - ttd:399ms pts:517.058 Clock:516.658 Level:6
2022-11-08 16:31:42.751 T:3786 DEBUG : CVideoPlayer::ProcessVideoData size:32316 dts:525.108 pts:525.316 dur:41.000ms, clock:516.671 level:88
2022-11-08 16:31:42.751 T:3786 DEBUG : CVideoPlayer::ProcessVideoData size:6119 dts:525.150 pts:525.233 dur:41.000ms, clock:516.671 level:88
2022-11-08 16:31:42.752 T:3786 DEBUG : CVideoPlayer::ProcessVideoData size:3429 dts:525.191 pts:525.191 dur:41.000ms, clock:516.671 level:89
2022-11-08 16:31:42.752 T:3786 DEBUG : CVideoPlayer::ProcessVideoData size:3668 dts:525.233 pts:525.275 dur:41.000ms, clock:516.671 level:89
2022-11-08 16:31:42.777 T:3787 DEBUG : CVideoPlayerVideo::OutputPicture - ttd:438ms pts:517.100 Clock:516.661 Level:6
2022-11-08 16:31:42.819 T:3787 DEBUG : CVideoPlayerVideo::OutputPicture - ttd:444ms pts:517.142 Clock:516.698 Level:6
2022-11-08 16:31:42.833 T:3679 DEBUG : PushCecKeypress - received key b duration 0
2022-11-08 16:31:42.857 T:3580 DEBUG : HandleKey: 11 (0x0b, obc244) pressed, action is Select
2022-11-08 16:31:42.858 T:3580 DEBUG : ------ Window Init (DialogConfirm.xml) ------
2022-11-08 16:31:42.858 T:3580 INFO : Loading skin file: DialogConfirm.xml, load type: KEEP_IN_MEMORY
2022-11-08 16:31:42.869 T:3787 DEBUG : CVideoPlayerVideo::OutputPicture - ttd:399ms pts:517.183 Clock:516.784 Level:6
2022-11-08 16:31:42.901 T:3679 DEBUG : PushCecKeypress - received key b duration 68
2022-11-08 16:31:42.902 T:3787 DEBUG : CVideoPlayerVideo::OutputPicture - ttd:434ms pts:517.225 Clock:516.790 Level:6
2022-11-08 16:31:42.943 T:3787 DEBUG : CVideoPlayerVideo::OutputPicture - ttd:439ms pts:517.267 Clock:516.828 Level:6
2022-11-08 16:31:42.983 T:3787 DEBUG : CVideoPlayerVideo::OutputPicture - ttd:443ms pts:517.308 Clock:516.864 Level:6
2022-11-08 16:31:42.997 T:3786 DEBUG : CVideoPlayer::ProcessVideoData size:36250 dts:525.275 pts:525.483 dur:41.000ms, clock:516.916 level:87
2022-11-08 16:31:42.997 T:3786 DEBUG : CVideoPlayer::ProcessVideoData size:7562 dts:525.316 pts:525.400 dur:41.000ms, clock:516.916 level:87
2022-11-08 16:31:42.997 T:3786 DEBUG : CVideoPlayer::ProcessVideoData size:3589 dts:525.358 pts:525.358 dur:41.000ms, clock:516.917 level:88
2022-11-08 16:31:42.997 T:3786 DEBUG : CVideoPlayer::ProcessVideoData size:4151 dts:525.400 pts:525.442 dur:41.000ms, clock:516.917 level:88
2022-11-08 16:31:42.998 T:3786 DEBUG : CVideoPlayer::ProcessVideoData size:35908 dts:525.442 pts:525.650 dur:41.000ms, clock:516.917 level:89
2022-11-08 16:31:42.998 T:3786 DEBUG : CVideoPlayer::ProcessVideoData size:7379 dts:525.483 pts:525.567 dur:41.000ms, clock:516.917 level:89
2022-11-08 16:31:42.998 T:3786 DEBUG : CVideoPlayer::ProcessVideoData size:4424 dts:525.525 pts:525.525 dur:41.000ms, clock:516.918 level:90
2022-11-08 16:31:42.999 T:3786 DEBUG : CVideoPlayer::ProcessVideoData size:3885 dts:525.567 pts:525.608 dur:41.000ms, clock:516.919 level:90
2022-11-08 16:31:43.032 T:3787 DEBUG : CVideoPlayerVideo::OutputPicture - ttd:399ms pts:517.350 Clock:516.951 Level:6
2022-11-08 16:31:43.069 T:3787 DEBUG : CVideoPlayerVideo::OutputPicture - ttd:439ms pts:517.392 Clock:516.952 Level:6
2022-11-08 16:31:43.111 T:3787 DEBUG : CVideoPlayerVideo::OutputPicture - ttd:444ms pts:517.434 Clock:516.990 Level:6
2022-11-08 16:31:43.152 T:3787 DEBUG : CVideoPlayerVideo::OutputPicture - ttd:443ms pts:517.475 Clock:517.031 Level:6
2022-11-08 16:31:43.197 T:3787 DEBUG : CVideoPlayerVideo::OutputPicture - ttd:400ms pts:517.517 Clock:517.117 Level:6
2022-11-08 16:31:43.236 T:3787 DEBUG : CVideoPlayerVideo::OutputPicture - ttd:440ms pts:517.559 Clock:517.118 Level:6
2022-11-08 16:31:43.254 T:3786 DEBUG : CVideoPlayer::ProcessVideoData size:30391 dts:525.608 pts:525.817 dur:41.000ms, clock:517.173 level:88
2022-11-08 16:31:43.254 T:3786 DEBUG : CVideoPlayer::ProcessVideoData size:6274 dts:525.650 pts:525.734 dur:41.000ms, clock:517.174 level:88
2022-11-08 16:31:43.254 T:3786 DEBUG : CVideoPlayer::ProcessVideoData size:3568 dts:525.692 pts:525.692 dur:41.000ms, clock:517.174 level:89
2022-11-08 16:31:43.254 T:3786 DEBUG : CVideoPlayer::ProcessVideoData size:3731 dts:525.734 pts:525.775 dur:41.000ms, clock:517.174 level:89
2022-11-08 16:31:43.278 T:3787 DEBUG : CVideoPlayerVideo::OutputPicture - ttd:437ms pts:517.600 Clock:517.162 Level:6
2022-11-08 16:31:43.321 T:3787 DEBUG : CVideoPlayerVideo::OutputPicture - ttd:442ms pts:517.642 Clock:517.199 Level:6
2022-11-08 16:31:43.363 T:3787 DEBUG : CVideoPlayerVideo::OutputPicture - ttd:401ms pts:517.684 Clock:517.282 Level:6
2022-11-08 16:31:43.402 T:3787 DEBUG : CVideoPlayerVideo::OutputPicture - ttd:442ms pts:517.726 Clock:517.284 Level:6
2022-11-08 16:31:43.447 T:3787 DEBUG : CVideoPlayerVideo::OutputPicture - ttd:443ms pts:517.767 Clock:517.323 Level:6
2022-11-08 16:31:43.486 T:3787 DEBUG : CVideoPlayerVideo::OutputPicture - ttd:441ms pts:517.809 Clock:517.367 Level:6
2022-11-08 16:31:43.533 T:3787 DEBUG : CVideoPlayerVideo::OutputPicture - ttd:398ms pts:517.851 Clock:517.452 Level:6
2022-11-08 16:31:43.550 T:3786 DEBUG : CVideoPlayer::ProcessVideoData size:24602 dts:525.775 pts:525.984 dur:41.000ms, clock:517.470 level:86
2022-11-08 16:31:43.550 T:3786 DEBUG : CVideoPlayer::ProcessVideoData size:6610 dts:525.817 pts:525.900 dur:41.000ms, clock:517.470 level:87
2022-11-08 16:31:43.551 T:3786 DEBUG : CVideoPlayer::ProcessVideoData size:3727 dts:525.859 pts:525.859 dur:41.000ms, clock:517.470 level:87
2022-11-08 16:31:43.551 T:3786 DEBUG : CVideoPlayer::ProcessVideoData size:4362 dts:525.900 pts:525.942 dur:41.000ms, clock:517.470 level:88
2022-11-08 16:31:43.551 T:3786 DEBUG : CVideoPlayer::ProcessVideoData size:18722 dts:525.942 pts:526.151 dur:41.000ms, clock:517.471 level:88
2022-11-08 16:31:43.552 T:3786 DEBUG : CVideoPlayer::ProcessVideoData size:6313 dts:525.984 pts:526.067 dur:41.000ms, clock:517.471 level:89
2022-11-08 16:31:43.552 T:3786 DEBUG : CVideoPlayer::ProcessVideoData size:4328 dts:526.026 pts:526.026 dur:41.000ms, clock:517.471 level:89
2022-11-08 16:31:43.552 T:3786 DEBUG : CVideoPlayer::ProcessVideoData size:4351 dts:526.067 pts:526.109 dur:41.000ms, clock:517.471 level:90
2022-11-08 16:31:43.569 T:3787 DEBUG : CVideoPlayerVideo::OutputPicture - ttd:438ms pts:517.892 Clock:517.453 Level:6
2022-11-08 16:31:43.611 T:3787 DEBUG : CVideoPlayerVideo::OutputPicture - ttd:438ms pts:517.934 Clock:517.495 Level:6
2022-11-08 16:31:43.652 T:3787 DEBUG : CVideoPlayerVideo::OutputPicture - ttd:444ms pts:517.976 Clock:517.532 Level:6
2022-11-08 16:31:43.695 T:3786 DEBUG : CVideoPlayer::ProcessVideoData size:9280 dts:526.109 pts:526.317 dur:41.000ms, clock:517.614 level:88
2022-11-08 16:31:43.695 T:3786 DEBUG : CVideoPlayer::ProcessVideoData size:6600 dts:526.151 pts:526.234 dur:41.000ms, clock:517.614 level:89
2022-11-08 16:31:43.695 T:3786 DEBUG : CVideoPlayer::ProcessVideoData size:4769 dts:526.192 pts:526.192 dur:41.000ms, clock:517.615 level:89
2022-11-08 16:31:43.695 T:3786 DEBUG : CVideoPlayer::ProcessVideoData size:5085 dts:526.234 pts:526.276 dur:41.000ms, clock:517.615 level:90
2022-11-08 16:31:43.703 T:3787 DEBUG : CVideoPlayerVideo::OutputPicture - ttd:395ms pts:518.018 Clock:517.622 Level:6
2022-11-08 16:31:43.711 T:3786 DEBUG : CVideoPlayer::ProcessVideoData size:283522 dts:526.276 pts:526.359 dur:41.000ms, clock:517.630 level:90
2022-11-08 16:31:43.736 T:3787 DEBUG : CVideoPlayerVideo::OutputPicture - ttd:435ms pts:518.059 Clock:517.624 Level:6
2022-11-08 16:31:43.778 T:3787 DEBUG : CVideoPlayerVideo::OutputPicture - ttd:439ms pts:518.101 Clock:517.662 Level:6
2022-11-08 16:31:43.819 T:3787 DEBUG : CVideoPlayerVideo::OutputPicture - ttd:444ms pts:518.143 Clock:517.699 Level:6
2022-11-08 16:31:43.867 T:3787 DEBUG : CVideoPlayerVideo::OutputPicture - ttd:397ms pts:518.184 Clock:517.787 Level:6
2022-11-08 16:31:43.903 T:3787 DEBUG : CVideoPlayerVideo::OutputPicture - ttd:437ms pts:518.226 Clock:517.788 Level:6
2022-11-08 16:31:43.946 T:3787 DEBUG : CVideoPlayerVideo::OutputPicture - ttd:439ms pts:518.268 Clock:517.828 Level:6
2022-11-08 16:31:43.955 T:3786 DEBUG : CVideoPlayer::ProcessVideoData size:27960 dts:526.317 pts:526.526 dur:41.000ms, clock:517.875 level:88
2022-11-08 16:31:43.955 T:3786 DEBUG : CVideoPlayer::ProcessVideoData size:4945 dts:526.359 pts:526.443 dur:41.000ms, clock:517.875 level:89
2022-11-08 16:31:43.956 T:3786 DEBUG : CVideoPlayer::ProcessVideoData size:3018 dts:526.401 pts:526.401 dur:41.000ms, clock:517.875 level:89
2022-11-08 16:31:43.956 T:3786 DEBUG : CVideoPlayer::ProcessVideoData size:3548 dts:526.443 pts:526.484 dur:41.000ms, clock:517.875 level:90
2022-11-08 16:31:43.986 T:3787 DEBUG : CVideoPlayerVideo::OutputPicture - ttd:441ms pts:518.309 Clock:517.867 Level:6
2022-11-08 16:31:44.035 T:3787 DEBUG : CVideoPlayerVideo::OutputPicture - ttd:397ms pts:518.351 Clock:517.954 Level:6
2022-11-08 16:31:44.070 T:3787 DEBUG : CVideoPlayerVideo::OutputPicture - ttd:437ms pts:518.393 Clock:517.955 Level:6
2022-11-08 16:31:44.111 T:3787 DEBUG : CVideoPlayerVideo::OutputPicture - ttd:438ms pts:518.435 Clock:517.996 Level:6
2022-11-08 16:31:44.131 T:3679 DEBUG : PushCecKeypress - received key a9 duration 0
2022-11-08 16:31:44.150 T:3580 DEBUG : HandleKey: 169 (0xa9, obc86) pressed, action is Left
2022-11-08 16:31:44.154 T:3787 DEBUG : CVideoPlayerVideo::OutputPicture - ttd:443ms pts:518.476 Clock:518.032 Level:6
2022-11-08 16:31:44.198 T:3679 DEBUG : PushCecKeypress - received key a9 duration 68
2022-11-08 16:31:44.202 T:3787 DEBUG : CVideoPlayerVideo::OutputPicture - ttd:396ms pts:518.518 Clock:518.121 Level:6
2022-11-08 16:31:44.202 T:3786 DEBUG : CVideoPlayer::ProcessVideoData size:38257 dts:526.484 pts:526.693 dur:41.000ms, clock:518.122 level:87
2022-11-08 16:31:44.203 T:3786 DEBUG : CVideoPlayer::ProcessVideoData size:5695 dts:526.526 pts:526.609 dur:41.000ms, clock:518.122 level:87
2022-11-08 16:31:44.204 T:3786 DEBUG : CVideoPlayer::ProcessVideoData size:4126 dts:526.568 pts:526.568 dur:41.000ms, clock:518.123 level:88
2022-11-08 16:31:44.204 T:3786 DEBUG : CVideoPlayer::ProcessVideoData size:4035 dts:526.609 pts:526.651 dur:41.000ms, clock:518.123 level:88
2022-11-08 16:31:44.205 T:3786 DEBUG : CVideoPlayer::ProcessVideoData size:37652 dts:526.651 pts:526.860 dur:41.000ms, clock:518.124 level:89
2022-11-08 16:31:44.205 T:3786 DEBUG : CVideoPlayer::ProcessVideoData size:5476 dts:526.693 pts:526.776 dur:41.000ms, clock:518.125 level:89
2022-11-08 16:31:44.205 T:3786 DEBUG : CVideoPlayer::ProcessVideoData size:3790 dts:526.735 pts:526.735 dur:41.000ms, clock:518.125 level:90
2022-11-08 16:31:44.205 T:3786 DEBUG : CVideoPlayer::ProcessVideoData size:3508 dts:526.776 pts:526.818 dur:41.000ms, clock:518.125 level:90
2022-11-08 16:31:44.236 T:3787 DEBUG : CVideoPlayerVideo::OutputPicture - ttd:433ms pts:518.560 Clock:518.126 Level:6
2022-11-08 16:31:44.279 T:3787 DEBUG : CVideoPlayerVideo::OutputPicture - ttd:443ms pts:518.601 Clock:518.158 Level:6
2022-11-08 16:31:44.321 T:3787 DEBUG : CVideoPlayerVideo::OutputPicture - ttd:443ms pts:518.643 Clock:518.199 Level:6
2022-11-08 16:31:44.368 T:3787 DEBUG : CVideoPlayerVideo::OutputPicture - ttd:397ms pts:518.685 Clock:518.288 Level:6
2022-11-08 16:31:44.403 T:3787 DEBUG : CVideoPlayerVideo::OutputPicture - ttd:438ms pts:518.727 Clock:518.289 Level:6
2022-11-08 16:31:44.450 T:3786 DEBUG : CVideoPlayer::ProcessVideoData size:42212 dts:526.818 pts:527.027 dur:41.000ms, clock:518.369 level:89
2022-11-08 16:31:44.450 T:3786 DEBUG : CVideoPlayer::ProcessVideoData size:6541 dts:526.860 pts:526.943 dur:41.000ms, clock:518.369 level:89
2022-11-08 16:31:44.450 T:3786 DEBUG : CVideoPlayer::ProcessVideoData size:4262 dts:526.901 pts:526.901 dur:41.000ms, clock:518.370 level:90
2022-11-08 16:31:44.450 T:3786 DEBUG : CVideoPlayer::ProcessVideoData size:4864 dts:526.943 pts:526.985 dur:41.000ms, clock:518.370 level:90
2022-11-08 16:31:44.451 T:3787 DEBUG : CVideoPlayerVideo::OutputPicture - ttd:443ms pts:518.768 Clock:518.324 Level:6
2022-11-08 16:31:44.487 T:3787 DEBUG : CVideoPlayerVideo::OutputPicture - ttd:438ms pts:518.810 Clock:518.372 Level:6
2022-11-08 16:31:44.534 T:3787 DEBUG : CVideoPlayerVideo::OutputPicture - ttd:398ms pts:518.852 Clock:518.453 Level:6
2022-11-08 16:31:44.570 T:3787 DEBUG : CVideoPlayerVideo::OutputPicture - ttd:438ms pts:518.893 Clock:518.454 Level:6
2022-11-08 16:31:44.612 T:3787 DEBUG : CVideoPlayerVideo::OutputPicture - ttd:436ms pts:518.935 Clock:518.499 Level:6
2022-11-08 16:31:44.653 T:3787 DEBUG : CVideoPlayerVideo::OutputPicture - ttd:444ms pts:518.977 Clock:518.533 Level:6
2022-11-08 16:31:44.698 T:3786 DEBUG : CVideoPlayer::ProcessVideoData size:54470 dts:526.985 pts:527.193 dur:41.000ms, clock:518.617 level:87
2022-11-08 16:31:44.698 T:3786 DEBUG : CVideoPlayer::ProcessVideoData size:7143 dts:527.027 pts:527.110 dur:41.000ms, clock:518.618 level:87
2022-11-08 16:31:44.698 T:3786 DEBUG : CVideoPlayer::ProcessVideoData size:5146 dts:527.068 pts:527.068 dur:41.000ms, clock:518.618 level:88
2022-11-08 16:31:44.699 T:3786 DEBUG : CVideoPlayer::ProcessVideoData size:4549 dts:527.110 pts:527.152 dur:41.000ms, clock:518.618 level:88
2022-11-08 16:31:44.700 T:3786 DEBUG : CVideoPlayer::ProcessVideoData size:41384 dts:527.152 pts:527.360 dur:41.000ms, clock:518.619 level:89
2022-11-08 16:31:44.700 T:3786 DEBUG : CVideoPlayer::ProcessVideoData size:6592 dts:527.193 pts:527.277 dur:41.000ms, clock:518.620 level:89
2022-11-08 16:31:44.701 T:3786 DEBUG : CVideoPlayer::ProcessVideoData size:4545 dts:527.235 pts:527.235 dur:41.000ms, clock:518.620 level:90
2022-11-08 16:31:44.701 T:3786 DEBUG : CVideoPlayer::ProcessVideoData size:4979 dts:527.277 pts:527.318 dur:41.000ms, clock:518.620 level:90
2022-11-08 16:31:44.704 T:3787 DEBUG : CVideoPlayerVideo::OutputPicture - ttd:397ms pts:519.019 Clock:518.622 Level:6
2022-11-08 16:31:44.737 T:3787 DEBUG : CVideoPlayerVideo::OutputPicture - ttd:435ms pts:519.060 Clock:518.624 Level:6
2022-11-08 16:31:44.780 T:3787 DEBUG : CVideoPlayerVideo::OutputPicture - ttd:439ms pts:519.102 Clock:518.663 Level:6
2022-11-08 16:31:44.821 T:3679 DEBUG : PushCecKeypress - received key b duration 0
2022-11-08 16:31:44.821 T:3787 DEBUG : CVideoPlayerVideo::OutputPicture - ttd:443ms pts:519.144 Clock:518.701 Level:6
2022-11-08 16:31:44.859 T:3580 DEBUG : HandleKey: 11 (0x0b, obc244) pressed, action is Select
2022-11-08 16:31:44.869 T:3787 DEBUG : CVideoPlayerVideo::OutputPicture - ttd:396ms pts:519.185 Clock:518.789 Level:6
2022-11-08 16:31:44.888 T:3679 DEBUG : PushCecKeypress - received key b duration 68
2022-11-08 16:31:44.904 T:3787 DEBUG : CVideoPlayerVideo::OutputPicture - ttd:437ms pts:519.227 Clock:518.790 Level:6
2022-11-08 16:31:44.946 T:3787 DEBUG : CVideoPlayerVideo::OutputPicture - ttd:439ms pts:519.269 Clock:518.830 Level:6
2022-11-08 16:31:44.955 T:3786 DEBUG : CVideoPlayer::ProcessVideoData size:41025 dts:527.318 pts:527.527 dur:41.000ms, clock:518.875 level:88
2022-11-08 16:31:44.956 T:3786 DEBUG : CVideoPlayer::ProcessVideoData size:7194 dts:527.360 pts:527.444 dur:41.000ms, clock:518.875 level:89
2022-11-08 16:31:44.956 T:3786 DEBUG : CVideoPlayer::ProcessVideoData size:5284 dts:527.402 pts:527.402 dur:41.000ms, clock:518.875 level:89
2022-11-08 16:31:44.956 T:3786 DEBUG : CVideoPlayer::ProcessVideoData size:4774 dts:527.444 pts:527.485 dur:41.000ms, clock:518.876 level:90
2022-11-08 16:31:44.989 T:3787 DEBUG : CVideoPlayerVideo::OutputPicture - ttd:442ms pts:519.310 Clock:518.867 Level:6
2022-11-08 16:31:45.031 T:3787 DEBUG : CVideoPlayerVideo::OutputPicture - ttd:401ms pts:519.352 Clock:518.950 Level:6
2022-11-08 16:31:45.071 T:3787 DEBUG : CVideoPlayerVideo::OutputPicture - ttd:442ms pts:519.394 Clock:518.952 Level:6
2022-11-08 16:31:45.113 T:3787 DEBUG : CVideoPlayerVideo::OutputPicture - ttd:438ms pts:519.436 Clock:518.997 Level:6
2022-11-08 16:31:45.118 T:3580 DEBUG : ------ Window Deinit (DialogConfirm.xml) ------
2022-11-08 16:31:45.168 T:3580 INFO : Deleting all video settings
2022-11-08 16:31:45.206 T:3787 DEBUG : CVideoPlayerVideo::OutputPicture - ttd:442ms pts:519.477 Clock:519.034 Level:6
2022-11-08 16:31:45.213 T:3787 DEBUG : CVideoPlayerVideo::OutputPicture - ttd:392ms pts:519.519 Clock:519.127 Level:6
2022-11-08 16:31:45.235 T:3787 DEBUG : CVideoPlayerVideo::OutputPicture - ttd:427ms pts:519.561 Clock:519.134 Level:6
2022-11-08 16:31:45.252 T:3786 DEBUG : CVideoPlayer::ProcessVideoData size:37979 dts:527.485 pts:527.694 dur:41.000ms, clock:519.171 level:88
2022-11-08 16:31:45.252 T:3786 DEBUG : CVideoPlayer::ProcessVideoData size:6577 dts:527.527 pts:527.610 dur:41.000ms, clock:519.172 level:88
2022-11-08 16:31:45.252 T:3786 DEBUG : CVideoPlayer::ProcessVideoData size:4714 dts:527.569 pts:527.569 dur:41.000ms, clock:519.172 level:89
2022-11-08 16:31:45.252 T:3786 DEBUG : CVideoPlayer::ProcessVideoData size:4652 dts:527.610 pts:527.652 dur:41.000ms, clock:519.172 level:89
2022-11-08 16:31:45.253 T:3786 DEBUG : CVideoPlayer::ProcessVideoData size:38282 dts:527.652 pts:527.861 dur:41.000ms, clock:519.173 level:90
2022-11-08 16:31:45.253 T:3786 DEBUG : CVideoPlayer::ProcessVideoData size:7486 dts:527.694 pts:527.777 dur:41.000ms, clock:519.173 level:90
2022-11-08 16:31:45.254 T:3786 DEBUG : CVideoPlayer::ProcessVideoData size:4410 dts:527.736 pts:527.736 dur:41.000ms, clock:519.173 level:91
2022-11-08 16:31:45.254 T:3786 DEBUG : CVideoPlayer::ProcessVideoData size:4686 dts:527.777 pts:527.819 dur:41.000ms, clock:519.173 level:91
2022-11-08 16:31:45.279 T:3787 DEBUG : CVideoPlayerVideo::OutputPicture - ttd:440ms pts:519.602 Clock:519.162 Level:6
2022-11-08 16:31:45.321 T:3787 DEBUG : CVideoPlayerVideo::OutputPicture - ttd:444ms pts:519.644 Clock:519.200 Level:6
2022-11-08 16:31:45.366 T:3787 DEBUG : CVideoPlayerVideo::OutputPicture - ttd:400ms pts:519.686 Clock:519.285 Level:6
2022-11-08 16:31:45.404 T:3787 DEBUG : CVideoPlayerVideo::OutputPicture - ttd:441ms pts:519.728 Clock:519.287 Level:6
2022-11-08 16:31:45.447 T:3787 DEBUG : CVideoPlayerVideo::OutputPicture - ttd:438ms pts:519.769 Clock:519.330 Level:6
2022-11-08 16:31:45.488 T:3787 DEBUG : CVideoPlayerVideo::OutputPicture - ttd:442ms pts:519.811 Clock:519.368 Level:6
2022-11-08 16:31:45.498 T:3786 DEBUG : CVideoPlayer::ProcessVideoData size:46328 dts:527.819 pts:528.028 dur:41.000ms, clock:519.418 level:88
2022-11-08 16:31:45.499 T:3786 DEBUG : CVideoPlayer::ProcessVideoData size:7382 dts:527.861 pts:527.944 dur:41.000ms, clock:519.418 level:88
2022-11-08 16:31:45.499 T:3786 DEBUG : CVideoPlayer::ProcessVideoData size:4757 dts:527.902 pts:527.902 dur:41.000ms, clock:519.418 level:89
2022-11-08 16:31:45.499 T:3786 DEBUG : CVideoPlayer::ProcessVideoData size:6103 dts:527.944 pts:527.986 dur:41.000ms, clock:519.418 level:89
2022-11-08 16:31:45.536 T:3787 DEBUG : CVideoPlayerVideo::OutputPicture - ttd:397ms pts:519.853 Clock:519.455 Level:6
2022-11-08 16:31:45.571 T:3787 DEBUG : CVideoPlayerVideo::OutputPicture - ttd:437ms pts:519.894 Clock:519.457 Level:6
2022-11-08 16:31:45.613 T:3787 DEBUG : CVideoPlayerVideo::OutputPicture - ttd:444ms pts:519.936 Clock:519.492 Level:6
2022-11-08 16:31:45.740 T:3787 DEBUG : CVideoPlayerVideo::OutputPicture - ttd:318ms pts:519.978 Clock:519.659 Level:4
2022-11-08 16:31:45.741 T:3787 DEBUG : CVideoPlayerVideo::OutputPicture - ttd:359ms pts:520.020 Clock:519.661 Level:5
2022-11-08 16:31:45.742 T:3787 DEBUG : CVideoPlayerVideo::OutputPicture - ttd:399ms pts:520.061 Clock:519.662 Level:6
2022-11-08 16:31:45.754 T:3786 DEBUG : CVideoPlayer::ProcessVideoData size:35263 dts:527.986 pts:528.194 dur:41.000ms, clock:519.674 level:86
2022-11-08 16:31:45.754 T:3786 DEBUG : CVideoPlayer::ProcessVideoData size:7468 dts:528.028 pts:528.111 dur:41.000ms, clock:519.674 level:87
2022-11-08 16:31:45.755 T:3786 DEBUG : CVideoPlayer::ProcessVideoData size:5144 dts:528.069 pts:528.069 dur:41.000ms, clock:519.674 level:87
2022-11-08 16:31:45.755 T:3786 DEBUG : CVideoPlayer::ProcessVideoData size:4340 dts:528.111 pts:528.153 dur:41.000ms, clock:519.674 level:88
2022-11-08 16:31:45.755 T:3786 DEBUG : CVideoPlayer::ProcessVideoData size:30011 dts:528.153 pts:528.361 dur:41.000ms, clock:519.675 level:88
2022-11-08 16:31:45.756 T:3786 DEBUG : CVideoPlayer::ProcessVideoData size:6814 dts:528.194 pts:528.278 dur:41.000ms, clock:519.675 level:89
2022-11-08 16:31:45.756 T:3786 DEBUG : CVideoPlayer::ProcessVideoData size:4482 dts:528.236 pts:528.236 dur:41.000ms, clock:519.675 level:89
2022-11-08 16:31:45.756 T:3786 DEBUG : CVideoPlayer::ProcessVideoData size:4064 dts:528.278 pts:528.319 dur:41.000ms, clock:519.675 level:90
2022-11-08 16:31:45.780 T:3787 DEBUG : CVideoPlayerVideo::OutputPicture - ttd:439ms pts:520.103 Clock:519.663 Level:6
2022-11-08 16:31:45.821 T:3787 DEBUG : CVideoPlayerVideo::OutputPicture - ttd:444ms pts:520.145 Clock:519.701 Level:6
2022-11-08 16:31:45.871 T:3787 DEBUG : CVideoPlayerVideo::OutputPicture - ttd:395ms pts:520.186 Clock:519.790 Level:6
2022-11-08 16:31:45.905 T:3787 DEBUG : CVideoPlayerVideo::OutputPicture - ttd:436ms pts:520.228 Clock:519.791 Level:6
2022-11-08 16:31:45.947 T:3787 DEBUG : CVideoPlayerVideo::OutputPicture - ttd:439ms pts:520.270 Clock:519.831 Level:6
2022-11-08 16:31:45.986 T:3787 DEBUG : CVideoPlayerVideo::OutputPicture - ttd:443ms pts:520.311 Clock:519.868 Level:6
2022-11-08 16:31:46.034 T:3787 DEBUG : CVideoPlayerVideo::OutputPicture - ttd:399ms pts:520.353 Clock:519.954 Level:6
2022-11-08 16:31:46.053 T:3786 DEBUG : CVideoPlayer::ProcessVideoData size:23495 dts:528.319 pts:528.528 dur:41.000ms, clock:519.972 level:87
2022-11-08 16:31:46.053 T:3786 DEBUG : CVideoPlayer::ProcessVideoData size:4858 dts:528.361 pts:528.445 dur:41.000ms, clock:519.972 level:87
2022-11-08 16:31:46.053 T:3786 DEBUG : CVideoPlayer::ProcessVideoData size:2804 dts:528.403 pts:528.403 dur:41.000ms, clock:519.972 level:88
2022-11-08 16:31:46.053 T:3786 DEBUG : CVideoPlayer::ProcessVideoData size:2785 dts:528.445 pts:528.486 dur:41.000ms, clock:519.973 level:88
2022-11-08 16:31:46.054 T:3786 DEBUG : CVideoPlayer::ProcessVideoData size:15884 dts:528.486 pts:528.695 dur:41.000ms, clock:519.973 level:89
2022-11-08 16:31:46.054 T:3786 DEBUG : CVideoPlayer::ProcessVideoData size:5161 dts:528.528 pts:528.611 dur:41.000ms, clock:519.974 level:89
2022-11-08 16:31:46.054 T:3786 DEBUG : CVideoPlayer::ProcessVideoData size:2682 dts:528.570 pts:528.570 dur:41.000ms, clock:519.974 level:90
2022-11-08 16:31:46.054 T:3786 DEBUG : CVideoPlayer::ProcessVideoData size:2406 dts:528.611 pts:528.653 dur:41.000ms, clock:519.974 level:90
2022-11-08 16:31:46.071 T:3787 DEBUG : CVideoPlayerVideo::OutputPicture - ttd:439ms pts:520.395 Clock:519.955 Level:6
2022-11-08 16:31:46.113 T:3787 DEBUG : CVideoPlayerVideo::OutputPicture - ttd:439ms pts:520.437 Clock:519.997 Level:6
2022-11-08 16:31:46.155 T:3787 DEBUG : CVideoPlayerVideo::OutputPicture - ttd:443ms pts:520.478 Clock:520.034 Level:6
2022-11-08 16:31:46.197 T:3786 DEBUG : CVideoPlayer::ProcessVideoData size:7766 dts:528.653 pts:528.820 dur:41.000ms, clock:520.117 level:89
2022-11-08 16:31:46.198 T:3786 DEBUG : CVideoPlayer::ProcessVideoData size:3415 dts:528.695 pts:528.778 dur:41.000ms, clock:520.117 level:89
2022-11-08 16:31:46.198 T:3786 DEBUG : CVideoPlayer::ProcessVideoData size:2630 dts:528.737 pts:528.737 dur:41.000ms, clock:520.117 level:90
2022-11-08 16:31:46.200 T:3787 DEBUG : CVideoPlayerVideo::OutputPicture - ttd:400ms pts:520.520 Clock:520.119 Level:6
2022-11-08 16:31:46.201 T:3786 DEBUG : CVideoPlayer::ProcessVideoData size:205044 dts:528.778 pts:528.862 dur:41.000ms, clock:520.120 level:90
2022-11-08 16:31:46.243 T:3787 DEBUG : CVideoPlayerVideo::OutputPicture - ttd:440ms pts:520.562 Clock:520.122 Level:6
2022-11-08 16:31:46.280 T:3787 DEBUG : CVideoPlayerVideo::OutputPicture - ttd:439ms pts:520.603 Clock:520.164 Level:6
2022-11-08 16:31:46.321 T:3787 DEBUG : CVideoPlayerVideo::OutputPicture - ttd:443ms pts:520.645 Clock:520.201 Level:6
2022-11-08 16:31:46.369 T:3787 DEBUG : CVideoPlayerVideo::OutputPicture - ttd:398ms pts:520.687 Clock:520.288 Level:6
2022-11-08 16:31:46.405 T:3787 DEBUG : CVideoPlayerVideo::OutputPicture - ttd:439ms pts:520.729 Clock:520.290 Level:6
2022-11-08 16:31:46.449 T:3787 DEBUG : CVideoPlayerVideo::OutputPicture - ttd:438ms pts:520.770 Clock:520.331 Level:6
2022-11-08 16:31:46.456 T:3786 DEBUG : CVideoPlayer::ProcessVideoData size:24091 dts:528.820 pts:529.029 dur:41.000ms, clock:520.375 level:88
2022-11-08 16:31:46.456 T:3786 DEBUG : CVideoPlayer::ProcessVideoData size:3888 dts:528.862 pts:528.945 dur:41.000ms, clock:520.375 level:89
2022-11-08 16:31:46.456 T:3786 DEBUG : CVideoPlayer::ProcessVideoData size:2956 dts:528.903 pts:528.903 dur:41.000ms, clock:520.375 level:89
2022-11-08 16:31:46.456 T:3786 DEBUG : CVideoPlayer::ProcessVideoData size:2792 dts:528.945 pts:528.987 dur:41.000ms, clock:520.375 level:90
2022-11-08 16:31:46.488 T:3787 DEBUG : CVideoPlayerVideo::OutputPicture - ttd:442ms pts:520.812 Clock:520.369 Level:6
2022-11-08 16:31:46.536 T:3787 DEBUG : CVideoPlayerVideo::OutputPicture - ttd:398ms pts:520.854 Clock:520.456 Level:6
2022-11-08 16:31:46.561 T:3679 DEBUG : PushCecKeypress - received key a8 duration 0
2022-11-08 16:31:46.569 T:3580 DEBUG : HandleKey: 168 (0xa8, obc87) pressed, action is Right
2022-11-08 16:31:46.572 T:3787 DEBUG : CVideoPlayerVideo::OutputPicture - ttd:437ms pts:520.895 Clock:520.457 Level:6
2022-11-08 16:31:46.622 T:3787 DEBUG : CVideoPlayerVideo::OutputPicture - ttd:438ms pts:520.937 Clock:520.498 Level:6
2022-11-08 16:31:46.629 T:3679 DEBUG : PushCecKeypress - received key a8 duration 68
2022-11-08 16:31:46.655 T:3787 DEBUG : CVideoPlayerVideo::OutputPicture - ttd:436ms pts:520.979 Clock:520.542 Level:6
2022-11-08 16:31:46.696 T:3786 DEBUG : CVideoPlayer::ProcessVideoData size:28487 dts:528.987 pts:529.195 dur:41.000ms, clock:520.616 level:87
2022-11-08 16:31:46.697 T:3786 DEBUG : CVideoPlayer::ProcessVideoData size:5181 dts:529.029 pts:529.112 dur:41.000ms, clock:520.616 level:87
2022-11-08 16:31:46.697 T:3786 DEBUG : CVideoPlayer::ProcessVideoData size:3601 dts:529.070 pts:529.070 dur:41.000ms, clock:520.616 level:88
2022-11-08 16:31:46.698 T:3786 DEBUG : CVideoPlayer::ProcessVideoData size:3351 dts:529.112 pts:529.154 dur:41.000ms, clock:520.617 level:88
2022-11-08 16:31:46.699 T:3786 DEBUG : CVideoPlayer::ProcessVideoData size:33834 dts:529.154 pts:529.362 dur:41.000ms, clock:520.618 level:89
2022-11-08 16:31:46.699 T:3786 DEBUG : CVideoPlayer::ProcessVideoData size:5829 dts:529.195 pts:529.279 dur:41.000ms, clock:520.619 level:89
2022-11-08 16:31:46.700 T:3786 DEBUG : CVideoPlayer::ProcessVideoData size:4142 dts:529.237 pts:529.237 dur:41.000ms, clock:520.619 level:90
2022-11-08 16:31:46.700 T:3786 DEBUG : CVideoPlayer::ProcessVideoData size:4036 dts:529.279 pts:529.320 dur:41.000ms, clock:520.620 level:90
2022-11-08 16:31:46.702 T:3787 DEBUG : CVideoPlayerVideo::OutputPicture - ttd:400ms pts:521.021 Clock:520.621 Level:6
2022-11-08 16:31:46.739 T:3787 DEBUG : CVideoPlayerVideo::OutputPicture - ttd:439ms pts:521.062 Clock:520.622 Level:6
2022-11-08 16:31:46.781 T:3787 DEBUG : CVideoPlayerVideo::OutputPicture - ttd:439ms pts:521.104 Clock:520.665 Level:6
2022-11-08 16:31:46.823 T:3787 DEBUG : CVideoPlayerVideo::OutputPicture - ttd:444ms pts:521.146 Clock:520.701 Level:6
2022-11-08 16:31:46.871 T:3787 DEBUG : CVideoPlayerVideo::OutputPicture - ttd:396ms pts:521.187 Clock:520.790 Level:6
2022-11-08 16:31:46.908 T:3787 DEBUG : CVideoPlayerVideo::OutputPicture - ttd:437ms pts:521.229 Clock:520.791 Level:6
2022-11-08 16:31:46.949 T:3787 DEBUG : CVideoPlayerVideo::OutputPicture - ttd:442ms pts:521.271 Clock:520.828 Level:6
2022-11-08 16:31:46.955 T:3786 DEBUG : CVideoPlayer::ProcessVideoData size:28928 dts:529.320 pts:529.529 dur:41.000ms, clock:520.875 level:89
2022-11-08 16:31:46.955 T:3786 DEBUG : CVideoPlayer::ProcessVideoData size:4691 dts:529.362 pts:529.446 dur:41.000ms, clock:520.875 level:89
2022-11-08 16:31:46.956 T:3786 DEBUG : CVideoPlayer::ProcessVideoData size:3633 dts:529.404 pts:529.404 dur:41.000ms, clock:520.875 level:90
2022-11-08 16:31:46.956 T:3786 DEBUG : CVideoPlayer::ProcessVideoData size:3342 dts:529.446 pts:529.487 dur:41.000ms, clock:520.875 level:90
2022-11-08 16:31:46.989 T:3787 DEBUG : CVideoPlayerVideo::OutputPicture - ttd:442ms pts:521.312 Clock:520.869 Level:6
2022-11-08 16:31:47.036 T:3787 DEBUG : CVideoPlayerVideo::OutputPicture - ttd:398ms pts:521.354 Clock:520.956 Level:6
2022-11-08 16:31:47.073 T:3787 DEBUG : CVideoPlayerVideo::OutputPicture - ttd:438ms pts:521.396 Clock:520.957 Level:6
2022-11-08 16:31:47.114 T:3787 DEBUG : CVideoPlayerVideo::OutputPicture - ttd:444ms pts:521.438 Clock:520.994 Level:6
2022-11-08 16:31:47.156 T:3787 DEBUG : CVideoPlayerVideo::OutputPicture - ttd:444ms pts:521.479 Clock:521.035 Level:6
2022-11-08 16:31:47.200 T:3786 DEBUG : CVideoPlayer::ProcessVideoData size:34408 dts:529.487 pts:529.696 dur:41.000ms, clock:521.120 level:87
2022-11-08 16:31:47.201 T:3786 DEBUG : CVideoPlayer::ProcessVideoData size:5622 dts:529.529 pts:529.612 dur:41.000ms, clock:521.120 level:87
2022-11-08 16:31:47.201 T:3786 DEBUG : CVideoPlayer::ProcessVideoData size:3607 dts:529.571 pts:529.571 dur:41.000ms, clock:521.120 level:88
2022-11-08 16:31:47.201 T:3786 DEBUG : CVideoPlayer::ProcessVideoData size:3864 dts:529.612 pts:529.654 dur:41.000ms, clock:521.120 level:88
2022-11-08 16:31:47.202 T:3786 DEBUG : CVideoPlayer::ProcessVideoData size:27477 dts:529.654 pts:529.863 dur:41.000ms, clock:521.121 level:89
2022-11-08 16:31:47.202 T:3786 DEBUG : CVideoPlayer::ProcessVideoData size:5073 dts:529.696 pts:529.779 dur:41.000ms, clock:521.122 level:89
2022-11-08 16:31:47.202 T:3786 DEBUG : CVideoPlayer::ProcessVideoData size:3799 dts:529.738 pts:529.738 dur:41.000ms, clock:521.122 level:90
2022-11-08 16:31:47.203 T:3786 DEBUG : CVideoPlayer::ProcessVideoData size:3340 dts:529.779 pts:529.821 dur:41.000ms, clock:521.122 level:90
2022-11-08 16:31:47.204 T:3787 DEBUG : CVideoPlayerVideo::OutputPicture - ttd:397ms pts:521.521 Clock:521.124 Level:6
2022-11-08 16:31:47.240 T:3787 DEBUG : CVideoPlayerVideo::OutputPicture - ttd:438ms pts:521.563 Clock:521.125 Level:6
2022-11-08 16:31:47.281 T:3787 DEBUG : CVideoPlayerVideo::OutputPicture - ttd:443ms pts:521.604 Clock:521.161 Level:6
2022-11-08 16:31:47.310 T:3679 DEBUG : PushCecKeypress - received key b duration 0
2022-11-08 16:31:47.320 T:3580 DEBUG : HandleKey: 11 (0x0b, obc244) pressed, action is Select
2022-11-08 16:31:47.324 T:3787 DEBUG : CVideoPlayerVideo::OutputPicture - ttd:443ms pts:521.646 Clock:521.202 Level:6
2022-11-08 16:31:47.371 T:3787 DEBUG : CVideoPlayerVideo::OutputPicture - ttd:397ms pts:521.688 Clock:521.290 Level:6
2022-11-08 16:31:47.378 T:3679 DEBUG : PushCecKeypress - received key b duration 68
2022-11-08 16:31:47.407 T:3787 DEBUG : CVideoPlayerVideo::OutputPicture - ttd:438ms pts:521.730 Clock:521.291 Level:6
2022-11-08 16:31:47.448 T:3786 DEBUG : CVideoPlayer::ProcessVideoData size:26761 dts:529.821 pts:530.030 dur:41.000ms, clock:521.368 level:89
2022-11-08 16:31:47.449 T:3786 DEBUG : CVideoPlayer::ProcessVideoData size:4616 dts:529.863 pts:529.946 dur:41.000ms, clock:521.368 level:89
2022-11-08 16:31:47.449 T:3786 DEBUG : CVideoPlayer::ProcessVideoData size:3312 dts:529.904 pts:529.904 dur:41.000ms, clock:521.369 level:90
2022-11-08 16:31:47.449 T:3786 DEBUG : CVideoPlayer::ProcessVideoData size:3035 dts:529.946 pts:529.988 dur:41.000ms, clock:521.369 level:90
2022-11-08 16:31:47.452 T:3787 DEBUG : CVideoPlayerVideo::OutputPicture - ttd:442ms pts:521.771 Clock:521.328 Level:6
2022-11-08 16:31:47.491 T:3787 DEBUG : CVideoPlayerVideo::OutputPicture - ttd:440ms pts:521.813 Clock:521.372 Level:6
2022-11-08 16:31:47.538 T:3787 DEBUG : CVideoPlayerVideo::OutputPicture - ttd:397ms pts:521.855 Clock:521.458 Level:6
2022-11-08 16:31:47.574 T:3787 DEBUG : CVideoPlayerVideo::OutputPicture - ttd:437ms pts:521.896 Clock:521.459 Level:6
2022-11-08 16:31:47.580 T:3580 DEBUG : ------ Window Deinit (DialogSettings.xml) ------
2022-11-08 16:31:47.616 T:3787 DEBUG : CVideoPlayerVideo::OutputPicture - ttd:438ms pts:521.938 Clock:521.500 Level:6
2022-11-08 16:31:47.658 T:3787 DEBUG : CVideoPlayerVideo::OutputPicture - ttd:443ms pts:521.980 Clock:521.537 Level:6
2022-11-08 16:31:47.705 T:3786 DEBUG : CVideoPlayer::ProcessVideoData size:24295 dts:529.988 pts:530.196 dur:41.000ms, clock:521.624 level:87
2022-11-08 16:31:47.705 T:3786 DEBUG : CVideoPlayer::ProcessVideoData size:4355 dts:530.030 pts:530.113 dur:41.000ms, clock:521.624 level:87
2022-11-08 16:31:47.705 T:3786 DEBUG : CVideoPlayer::ProcessVideoData size:3259 dts:530.071 pts:530.071 dur:41.000ms, clock:521.625 level:88
2022-11-08 16:31:47.705 T:3786 DEBUG : CVideoPlayer::ProcessVideoData size:2309 dts:530.113 pts:530.155 dur:41.000ms, clock:521.625 level:88
2022-11-08 16:31:47.706 T:3786 DEBUG : CVideoPlayer::ProcessVideoData size:22357 dts:530.155 pts:530.363 dur:41.000ms, clock:521.626 level:89
2022-11-08 16:31:47.706 T:3786 DEBUG : CVideoPlayer::ProcessVideoData size:4973 dts:530.196 pts:530.280 dur:41.000ms, clock:521.626 level:89
2022-11-08 16:31:47.707 T:3786 DEBUG : CVideoPlayer::ProcessVideoData size:3901 dts:530.238 pts:530.238 dur:41.000ms, clock:521.626 level:90
2022-11-08 16:31:47.707 T:3786 DEBUG : CVideoPlayer::ProcessVideoData size:2956 dts:530.280 pts:530.321 dur:41.000ms, clock:521.626 level:90
2022-11-08 16:31:47.708 T:3787 DEBUG : CVideoPlayerVideo::OutputPicture - ttd:394ms pts:522.022 Clock:521.628 Level:6
2022-11-08 16:31:47.740 T:3787 DEBUG : CVideoPlayerVideo::OutputPicture - ttd:433ms pts:522.063 Clock:521.629 Level:6
2022-11-08 16:31:47.782 T:3787 DEBUG : CVideoPlayerVideo::OutputPicture - ttd:438ms pts:522.105 Clock:521.666 Level:6
2022-11-08 16:31:47.824 T:3787 DEBUG : CVideoPlayerVideo::OutputPicture - ttd:443ms pts:522.147 Clock:521.703 Level:6
2022-11-08 16:31:47.872 T:3787 DEBUG : CVideoPlayerVideo::OutputPicture - ttd:396ms pts:522.188 Clock:521.791 Level:6
2022-11-08 16:31:47.907 T:3787 DEBUG : CVideoPlayerVideo::OutputPicture - ttd:437ms pts:522.230 Clock:521.793 Level:6
2022-11-08 16:31:47.950 T:3787 DEBUG : CVideoPlayerVideo::OutputPicture - ttd:438ms pts:522.272 Clock:521.833 Level:6
2022-11-08 16:31:47.991 T:3787 DEBUG : CVideoPlayerVideo::OutputPicture - ttd:442ms pts:522.313 Clock:521.870 Level:6
2022-11-08 16:31:48.002 T:3786 DEBUG : CVideoPlayer::ProcessVideoData size:24115 dts:530.321 pts:530.530 dur:41.000ms, clock:521.922 level:88
2022-11-08 16:31:48.003 T:3786 DEBUG : CVideoPlayer::ProcessVideoData size:5944 dts:530.363 pts:530.447 dur:41.000ms, clock:521.922 level:88
2022-11-08 16:31:48.003 T:3786 DEBUG : CVideoPlayer::ProcessVideoData size:3396 dts:530.405 pts:530.405 dur:41.000ms, clock:521.922 level:89
2022-11-08 16:31:48.003 T:3786 DEBUG : CVideoPlayer::ProcessVideoData size:3710 dts:530.447 pts:530.488 dur:41.000ms, clock:521.922 level:89
2022-11-08 16:31:48.033 T:3787 DEBUG : CVideoPlayerVideo::OutputPicture - ttd:402ms pts:522.355 Clock:521.953 Level:6
2022-11-08 16:31:48.072 T:3787 DEBUG : CVideoPlayerVideo::OutputPicture - ttd:442ms pts:522.397 Clock:521.954 Level:6
2022-11-08 16:31:48.116 T:3787 DEBUG : CVideoPlayerVideo::OutputPicture - ttd:441ms pts:522.439 Clock:521.998 Level:6
2022-11-08 16:31:48.157 T:3787 DEBUG : CVideoPlayerVideo::OutputPicture - ttd:443ms pts:522.480 Clock:522.037 Level:6
2022-11-08 16:31:48.205 T:3787 DEBUG : CVideoPlayerVideo::OutputPicture - ttd:397ms pts:522.522 Clock:522.125 Level:6
2022-11-08 16:31:48.241 T:3787 DEBUG : CVideoPlayerVideo::OutputPicture - ttd:437ms pts:522.564 Clock:522.126 Level:6
2022-11-08 16:31:48.247 T:3786 DEBUG : CVideoPlayer::ProcessVideoData size:14921 dts:530.488 pts:530.697 dur:41.000ms, clock:522.167 level:87
2022-11-08 16:31:48.248 T:3786 DEBUG : CVideoPlayer::ProcessVideoData size:5419 dts:530.530 pts:530.613 dur:41.000ms, clock:522.167 level:87
2022-11-08 16:31:48.248 T:3786 DEBUG : CVideoPlayer::ProcessVideoData size:3063 dts:530.572 pts:530.572 dur:41.000ms, clock:522.167 level:88
2022-11-08 16:31:48.248 T:3786 DEBUG : CVideoPlayer::ProcessVideoData size:4424 dts:530.613 pts:530.655 dur:41.000ms, clock:522.168 level:88
2022-11-08 16:31:48.249 T:3786 DEBUG : CVideoPlayer::ProcessVideoData size:9702 dts:530.655 pts:530.864 dur:41.000ms, clock:522.169 level:89
2022-11-08 16:31:48.250 T:3786 DEBUG : CVideoPlayer::ProcessVideoData size:6391 dts:530.697 pts:530.780 dur:41.000ms, clock:522.169 level:89
2022-11-08 16:31:48.250 T:3786 DEBUG : CVideoPlayer::ProcessVideoData size:3574 dts:530.739 pts:530.739 dur:41.000ms, clock:522.169 level:90
2022-11-08 16:31:48.250 T:3786 DEBUG : CVideoPlayer::ProcessVideoData size:4147 dts:530.780 pts:530.822 dur:41.000ms, clock:522.170 level:90
2022-11-08 16:31:48.252 T:3786 DEBUG : CVideoPlayer::ProcessVideoData size:102562 dts:530.822 pts:530.905 dur:41.000ms, clock:522.171 level:91
2022-11-08 16:31:48.283 T:3787 DEBUG : CVideoPlayerVideo::OutputPicture - ttd:443ms pts:522.605 Clock:522.162 Level:6
2022-11-08 16:31:48.324 T:3787 DEBUG : CVideoPlayerVideo::OutputPicture - ttd:443ms pts:522.647 Clock:522.204 Level:6
2022-11-08 16:31:48.372 T:3787 DEBUG : CVideoPlayerVideo::OutputPicture - ttd:398ms pts:522.689 Clock:522.291 Level:6
2022-11-08 16:31:48.408 T:3787 DEBUG : CVideoPlayerVideo::OutputPicture - ttd:438ms pts:522.731 Clock:522.292 Level:6
2022-11-08 16:31:48.450 T:3787 DEBUG : CVideoPlayerVideo::OutputPicture - ttd:443ms pts:522.772 Clock:522.328 Level:6
2022-11-08 16:31:48.491 T:3787 DEBUG : CVideoPlayerVideo::OutputPicture - ttd:443ms pts:522.814 Clock:522.371 Level:6
2022-11-08 16:31:48.496 T:3786 DEBUG : CVideoPlayer::ProcessVideoData size:35030 dts:530.864 pts:530.989 dur:41.000ms, clock:522.415 level:89
2022-11-08 16:31:48.497 T:3786 DEBUG : CVideoPlayer::ProcessVideoData size:11979 dts:530.905 pts:530.947 dur:41.000ms, clock:522.416 level:90
2022-11-08 16:31:48.497 T:3786 DEBUG : CVideoPlayer::ProcessVideoData size:35542 dts:530.947 pts:531.072 dur:41.000ms, clock:522.417 level:90
2022-11-08 16:31:48.498 T:3786 DEBUG : CVideoPlayer::ProcessVideoData size:10906 dts:530.989 pts:531.031 dur:41.000ms, clock:522.417 level:91
2022-11-08 16:31:48.499 T:3786 DEBUG : CVideoPlayer::ProcessVideoData size:34397 dts:531.031 pts:531.156 dur:41.000ms, clock:522.418 level:91
2022-11-08 16:31:48.499 T:3786 DEBUG : CVideoPlayer::ProcessVideoData size:10235 dts:531.072 pts:531.114 dur:41.000ms, clock:522.418 level:92
2022-11-08 16:31:48.540 T:3787 DEBUG : CVideoPlayerVideo::OutputPicture - ttd:396ms pts:522.856 Clock:522.459 Level:6
2022-11-08 16:31:48.575 T:3787 DEBUG : CVideoPlayerVideo::OutputPicture - ttd:436ms pts:522.897 Clock:522.461 Level:6
2022-11-08 16:31:48.618 T:3787 DEBUG : CVideoPlayerVideo::OutputPicture - ttd:442ms pts:522.939 Clock:522.496 Level:6
2022-11-08 16:31:48.658 T:3787 DEBUG : CVideoPlayerVideo::OutputPicture - ttd:441ms pts:522.981 Clock:522.539 Level:6
2022-11-08 16:31:48.705 T:3787 DEBUG : CVideoPlayerVideo::OutputPicture - ttd:398ms pts:523.023 Clock:522.624 Level:6
2022-11-08 16:31:48.741 T:3787 DEBUG : CVideoPlayerVideo::OutputPicture - ttd:438ms pts:523.064 Clock:522.626 Level:6
2022-11-08 16:31:48.754 T:3786 DEBUG : CVideoPlayer::ProcessVideoData size:32320 dts:531.114 pts:531.239 dur:41.000ms, clock:522.673 level:88
2022-11-08 16:31:48.754 T:3786 DEBUG : CVideoPlayer::ProcessVideoData size:10192 dts:531.156 pts:531.197 dur:41.000ms, clock:522.673 level:89
2022-11-08 16:31:48.754 T:3786 DEBUG : CVideoPlayer::ProcessVideoData size:32064 dts:531.197 pts:531.322 dur:41.000ms, clock:522.674 level:89
2022-11-08 16:31:48.754 T:3786 DEBUG : CVideoPlayer::ProcessVideoData size:9795 dts:531.239 pts:531.281 dur:41.000ms, clock:522.674 level:90
2022-11-08 16:31:48.755 T:3786 DEBUG : CVideoPlayer::ProcessVideoData size:32803 dts:531.281 pts:531.406 dur:41.000ms, clock:522.674 level:90
2022-11-08 16:31:48.755 T:3786 DEBUG : CVideoPlayer::ProcessVideoData size:9373 dts:531.322 pts:531.364 dur:41.000ms, clock:522.675 level:91
2022-11-08 16:31:48.783 T:3787 DEBUG : CVideoPlayerVideo::OutputPicture - ttd:443ms pts:523.106 Clock:522.662 Level:6
2022-11-08 16:31:48.825 T:3787 DEBUG : CVideoPlayerVideo::OutputPicture - ttd:443ms pts:523.148 Clock:522.704 Level:6
2022-11-08 16:31:48.872 T:3787 DEBUG : CVideoPlayerVideo::OutputPicture - ttd:397ms pts:523.189 Clock:522.791 Level:6
2022-11-08 16:31:48.908 T:3787 DEBUG : CVideoPlayerVideo::OutputPicture - ttd:438ms pts:523.231 Clock:522.793 Level:6
2022-11-08 16:31:48.950 T:3787 DEBUG : CVideoPlayerVideo::OutputPicture - ttd:438ms pts:523.273 Clock:522.834 Level:6
2022-11-08 16:31:48.989 T:3787 DEBUG : CVideoPlayerVideo::OutputPicture - ttd:442ms pts:523.314 Clock:522.871 Level:6
2022-11-08 16:31:48.990 T:3679 DEBUG : PushCecKeypress - received key d8 duration 0
2022-11-08 16:31:49.000 T:3786 DEBUG : CVideoPlayer::ProcessVideoData size:38455 dts:531.364 pts:531.531 dur:41.000ms, clock:522.919 level:88
2022-11-08 16:31:49.000 T:3786 DEBUG : CVideoPlayer::ProcessVideoData size:10232 dts:531.406 pts:531.489 dur:41.000ms, clock:522.919 level:89
2022-11-08 16:31:49.000 T:3786 DEBUG : CVideoPlayer::ProcessVideoData size:10005 dts:531.448 pts:531.448 dur:41.000ms, clock:522.920 level:89
2022-11-08 16:31:49.002 T:3786 DEBUG : CVideoPlayer::ProcessVideoData size:36323 dts:531.489 pts:531.656 dur:41.000ms, clock:522.921 level:90
2022-11-08 16:31:49.002 T:3786 DEBUG : CVideoPlayer::ProcessVideoData size:9885 dts:531.531 pts:531.614 dur:41.000ms, clock:522.921 level:90
2022-11-08 16:31:49.002 T:3786 DEBUG : CVideoPlayer::ProcessVideoData size:9968 dts:531.573 pts:531.573 dur:41.000ms, clock:522.922 level:90
2022-11-08 16:31:49.029 T:3580 DEBUG : HandleKey: menu (0xd8) pressed, action is Back
2022-11-08 16:31:49.039 T:3787 DEBUG : CVideoPlayerVideo::OutputPicture - ttd:397ms pts:523.356 Clock:522.958 Level:6
2022-11-08 16:31:49.060 T:3679 DEBUG : PushCecKeypress - received key d8 duration 70
2022-11-08 16:31:49.076 T:3787 DEBUG : CVideoPlayerVideo::OutputPicture - ttd:438ms pts:523.398 Clock:522.959 Level:6
2022-11-08 16:31:49.118 T:3787 DEBUG : CVideoPlayerVideo::OutputPicture - ttd:443ms pts:523.440 Clock:522.997 Level:6
2022-11-08 16:31:49.159 T:3787 DEBUG : CVideoPlayerVideo::OutputPicture - ttd:442ms pts:523.481 Clock:523.039 Level:6
2022-11-08 16:31:49.206 T:3787 DEBUG : CVideoPlayerVideo::OutputPicture - ttd:397ms pts:523.523 Clock:523.126 Level:6
2022-11-08 16:31:49.242 T:3787 DEBUG : CVideoPlayerVideo::OutputPicture - ttd:438ms pts:523.565 Clock:523.127 Level:6
2022-11-08 16:31:49.248 T:3786 DEBUG : CVideoPlayer::ProcessVideoData size:38836 dts:531.614 pts:531.740 dur:41.000ms, clock:523.168 level:88
2022-11-08 16:31:49.249 T:3786 DEBUG : CVideoPlayer::ProcessVideoData size:10327 dts:531.656 pts:531.698 dur:41.000ms, clock:523.168 level:89
2022-11-08 16:31:49.250 T:3786 DEBUG : CVideoPlayer::ProcessVideoData size:40227 dts:531.698 pts:531.865 dur:41.000ms, clock:523.169 level:89
2022-11-08 16:31:49.250 T:3786 DEBUG : CVideoPlayer::ProcessVideoData size:10393 dts:531.740 pts:531.823 dur:41.000ms, clock:523.170 level:90
2022-11-08 16:31:49.250 T:3786 DEBUG : CVideoPlayer::ProcessVideoData size:11129 dts:531.781 pts:531.781 dur:41.000ms, clock:523.170 level:90
2022-11-08 16:31:49.284 T:3787 DEBUG : CVideoPlayerVideo::OutputPicture - ttd:442ms pts:523.606 Clock:523.164 Level:6
2022-11-08 16:31:49.288 T:3580 DEBUG : ------ Window Deinit (Custom_1101_SettingsList.xml) ------
2022-11-08 16:31:49.326 T:3787 DEBUG : CVideoPlayerVideo::OutputPicture - ttd:442ms pts:523.648 Clock:523.205 Level:6
2022-11-08 16:31:49.373 T:3787 DEBUG : CVideoPlayerVideo::OutputPicture - ttd:397ms pts:523.690 Clock:523.292 Level:6
2022-11-08 16:31:49.408 T:3787 DEBUG : CVideoPlayerVideo::OutputPicture - ttd:438ms pts:523.732 Clock:523.294 Level:6
2022-11-08 16:31:49.456 T:3787 DEBUG : CVideoPlayerVideo::OutputPicture - ttd:438ms pts:523.773 Clock:523.335 Level:6
2022-11-08 16:31:49.492 T:3787 DEBUG : CVideoPlayerVideo::OutputPicture - ttd:438ms pts:523.815 Clock:523.377 Level:6
2022-11-08 16:31:49.505 T:3786 DEBUG : CVideoPlayer::ProcessVideoData size:41614 dts:531.823 pts:532.032 dur:41.000ms, clock:523.424 level:87
2022-11-08 16:31:49.505 T:3786 DEBUG : CVideoPlayer::ProcessVideoData size:14805 dts:531.865 pts:531.948 dur:41.000ms, clock:523.425 level:88
2022-11-08 16:31:49.506 T:3786 DEBUG : CVideoPlayer::ProcessVideoData size:9487 dts:531.906 pts:531.906 dur:41.000ms, clock:523.425 level:88
2022-11-08 16:31:49.506 T:3786 DEBUG : CVideoPlayer::ProcessVideoData size:8023 dts:531.948 pts:531.990 dur:41.000ms, clock:523.425 level:89
2022-11-08 16:31:49.540 T:3787 DEBUG : CVideoPlayerVideo::OutputPicture - ttd:397ms pts:523.857 Clock:523.459 Level:6
2022-11-08 16:31:49.575 T:3787 DEBUG : CVideoPlayerVideo::OutputPicture - ttd:437ms pts:523.898 Clock:523.461 Level:6
2022-11-08 16:31:49.617 T:3787 DEBUG : CVideoPlayerVideo::OutputPicture - ttd:438ms pts:523.940 Clock:523.501 Level:6
2022-11-08 16:31:49.659 T:3787 DEBUG : CVideoPlayerVideo::OutputPicture - ttd:444ms pts:523.982 Clock:523.538 Level:6
2022-11-08 16:31:49.707 T:3787 DEBUG : CVideoPlayerVideo::OutputPicture - ttd:397ms pts:524.024 Clock:523.626 Level:6
2022-11-08 16:31:49.742 T:3787 DEBUG : CVideoPlayerVideo::OutputPicture - ttd:437ms pts:524.065 Clock:523.628 Level:6
2022-11-08 16:31:49.751 T:3786 DEBUG : CVideoPlayer::ProcessVideoData size:42084 dts:531.990 pts:532.198 dur:41.000ms, clock:523.670 level:86
2022-11-08 16:31:49.751 T:3786 DEBUG : CVideoPlayer::ProcessVideoData size:14535 dts:532.032 pts:532.115 dur:41.000ms, clock:523.671 level:87
2022-11-08 16:31:49.752 T:3786 DEBUG : CVideoPlayer::ProcessVideoData size:8449 dts:532.073 pts:532.073 dur:41.000ms, clock:523.671 level:87
2022-11-08 16:31:49.752 T:3786 DEBUG : CVideoPlayer::ProcessVideoData size:8434 dts:532.115 pts:532.157 dur:41.000ms, clock:523.671 level:88
2022-11-08 16:31:49.753 T:3786 DEBUG : CVideoPlayer::ProcessVideoData size:40460 dts:532.157 pts:532.365 dur:41.000ms, clock:523.672 level:88
2022-11-08 16:31:49.753 T:3786 DEBUG : CVideoPlayer::ProcessVideoData size:13814 dts:532.198 pts:532.282 dur:41.000ms, clock:523.672 level:89
2022-11-08 16:31:49.753 T:3786 DEBUG : CVideoPlayer::ProcessVideoData size:8761 dts:532.240 pts:532.240 dur:41.000ms, clock:523.672 level:89
2022-11-08 16:31:49.753 T:3786 DEBUG : CVideoPlayer::ProcessVideoData size:7284 dts:532.282 pts:532.323 dur:41.000ms, clock:523.673 level:90
2022-11-08 16:31:49.786 T:3787 DEBUG : CVideoPlayerVideo::OutputPicture - ttd:438ms pts:524.107 Clock:523.668 Level:6
2022-11-08 16:31:49.826 T:3787 DEBUG : CVideoPlayerVideo::OutputPicture - ttd:441ms pts:524.149 Clock:523.707 Level:6
2022-11-08 16:31:49.831 T:3679 DEBUG : PushCecKeypress - received key a8 duration 0
2022-11-08 16:31:49.864 T:3580 DEBUG : HandleKey: 168 (0xa8, obc87) pressed, action is Right
2022-11-08 16:31:49.874 T:3787 DEBUG : CVideoPlayerVideo::OutputPicture - ttd:396ms pts:524.190 Clock:523.793 Level:6
2022-11-08 16:31:49.899 T:3679 DEBUG : PushCecKeypress - received key a8 duration 68
2022-11-08 16:31:49.909 T:3787 DEBUG : CVideoPlayerVideo::OutputPicture - ttd:437ms pts:524.232 Clock:523.794 Level:6
2022-11-08 16:31:49.950 T:3787 DEBUG : CVideoPlayerVideo::OutputPicture - ttd:439ms pts:524.274 Clock:523.834 Level:6
2022-11-08 16:31:49.992 T:3787 DEBUG : CVideoPlayerVideo::OutputPicture - ttd:443ms pts:524.315 Clock:523.871 Level:6
2022-11-08 16:31:50.040 T:3787 DEBUG : CVideoPlayerVideo::OutputPicture - ttd:397ms pts:524.357 Clock:523.959 Level:6
2022-11-08 16:31:50.052 T:3786 DEBUG : CVideoPlayer::ProcessVideoData size:39071 dts:532.323 pts:532.532 dur:41.000ms, clock:523.971 level:87
2022-11-08 16:31:50.052 T:3786 DEBUG : CVideoPlayer::ProcessVideoData size:12054 dts:532.365 pts:532.449 dur:41.000ms, clock:523.971 level:87
2022-11-08 16:31:50.052 T:3786 DEBUG : CVideoPlayer::ProcessVideoData size:7539 dts:532.407 pts:532.407 dur:41.000ms, clock:523.971 level:88
2022-11-08 16:31:50.052 T:3786 DEBUG : CVideoPlayer::ProcessVideoData size:7351 dts:532.449 pts:532.490 dur:41.000ms, clock:523.971 level:88
2022-11-08 16:31:50.053 T:3786 DEBUG : CVideoPlayer::ProcessVideoData size:37706 dts:532.490 pts:532.699 dur:41.000ms, clock:523.972 level:89
2022-11-08 16:31:50.053 T:3786 DEBUG : CVideoPlayer::ProcessVideoData size:11773 dts:532.532 pts:532.615 dur:41.000ms, clock:523.973 level:89
2022-11-08 16:31:50.053 T:3786 DEBUG : CVideoPlayer::ProcessVideoData size:7862 dts:532.574 pts:532.574 dur:41.000ms, clock:523.973 level:90
2022-11-08 16:31:50.053 T:3786 DEBUG : CVideoPlayer::ProcessVideoData size:6280 dts:532.615 pts:532.657 dur:41.000ms, clock:523.973 level:90
2022-11-08 16:31:50.076 T:3787 DEBUG : CVideoPlayerVideo::OutputPicture - ttd:438ms pts:524.399 Clock:523.961 Level:6
2022-11-08 16:31:50.117 T:3787 DEBUG : CVideoPlayerVideo::OutputPicture - ttd:439ms pts:524.441 Clock:524.002 Level:6
2022-11-08 16:31:50.159 T:3787 DEBUG : CVideoPlayerVideo::OutputPicture - ttd:443ms pts:524.482 Clock:524.038 Level:6
