2024-09-14 11:31:49.980 T:3885 info : -----------------------------------------------------------------------
2024-09-14 11:31:49.981 T:3885 info : Starting Kodi (21.1 (21.1.0) Git:72f13fb388a529094b8d5b5274ed0e5f1a2af8da). Platform: Linux ARM 32-bit
2024-09-14 11:31:49.981 T:3885 info : Using Release Kodi x32
2024-09-14 11:31:49.981 T:3885 info : Kodi compiled 2024-08-26 by GCC 13.2.0 for Linux ARM 32-bit version 4.9.255 (264703)
2024-09-14 11:31:49.981 T:3885 info : Running on Beelink with CoreELEC (official): 21.1.1-Omega, kernel: Linux ARM 64-bit version 4.9.269
2024-09-14 11:31:49.981 T:3885 info : FFmpeg version/source: 6.0.1
2024-09-14 11:31:49.981 T:3885 info : Host CPU: Amlogic S922X rev b, 6 cores available
2024-09-14 11:31:49.981 T:3885 info : ARM Features: Neon enabled
2024-09-14 11:31:49.982 T:3885 info : special://xbmc/ is mapped to: /usr/share/kodi/
2024-09-14 11:31:49.982 T:3885 info : special://xbmcbin/ is mapped to: /usr/lib/kodi
2024-09-14 11:31:49.982 T:3885 info : special://xbmcbinaddons/ is mapped to: /usr/lib/kodi/addons
2024-09-14 11:31:49.982 T:3885 info : special://masterprofile/ is mapped to: /storage/.kodi/userdata
2024-09-14 11:31:49.982 T:3885 info : special://envhome/ is mapped to: /storage
2024-09-14 11:31:49.982 T:3885 info : special://home/ is mapped to: /storage/.kodi
2024-09-14 11:31:49.982 T:3885 info : special://temp/ is mapped to: /storage/.kodi/temp
2024-09-14 11:31:49.982 T:3885 info : special://logpath/ is mapped to: /storage/.kodi/temp
2024-09-14 11:31:49.982 T:3885 info : Webserver extra whitelist paths:
2024-09-14 11:31:49.982 T:3885 info : The executable running is: /usr/lib/kodi/kodi.bin
2024-09-14 11:31:49.982 T:3885 info : Local hostname: GTKINGPRO
2024-09-14 11:31:49.982 T:3885 info : Log File is located: /storage/.kodi/temp/kodi.log
2024-09-14 11:31:53.527 T:3971 debug : CurlFile::Open -
2024-09-14 11:31:53.527 T:3971 debug : easy_acquire - Created session to https://www.sms.cz
2024-09-14 11:31:53.546 T:3973 debug : Thread JobWorker start, auto delete: true
2024-09-14 11:31:53.546 T:3973 debug : [threads] name: 'JobWorker' priority: '1'
2024-09-14 11:31:53.605 T:3931 error : CCurlFile::Stat - Failed: SSL connect error(35)
2024-09-14 11:31:53.605 T:3931 debug : CCurlFile::GetMimeType - -> failed
2024-09-14 11:31:53.605 T:3931 debug : CurlFile::Open -
2024-09-14 11:31:53.608 T:3930 error : CCurlFile::Stat - Failed: SSL connect error(35)
2024-09-14 11:31:53.608 T:3930 debug : CCurlFile::GetMimeType - -> failed
2024-09-14 11:31:53.608 T:3930 debug : CurlFile::Open -
2024-09-14 11:31:53.616 T:3971 error : CCurlFile::CReadState::FillBuffer - (0xe5681930) Failed: SSL connect error(35)
2024-09-14 11:31:53.616 T:3971 error : CCurlFile::Open - Failed with code 0:
2024-09-14 11:31:53.616 T:3971 debug : CurlFile::Open -
2024-09-14 11:31:53.624 T:3943 info : ## CoreELEC Addon ## system::set_hostname ## GTKINGPRO
2024-09-14 11:31:53.625 T:3943 info : ## CoreELEC Addon ## system::set_keyboard_layout ## us
2024-09-14 11:31:53.654 T:3885 debug : ------ Window Deinit (DialogExtendedProgressBar.xml) ------
2024-09-14 11:31:53.674 T:3930 error : CCurlFile::CReadState::FillBuffer - (0xdef263d8) Failed: SSL connect error(35)
2024-09-14 11:31:53.674 T:3930 error : CCurlFile::Open - Failed with code 0:
2024-09-14 11:31:53.674 T:3932 debug : CTextureCache::CacheImage - Return NULL texture because cache is not ready
2024-09-14 11:31:53.675 T:3931 error : CCurlFile::CReadState::FillBuffer - (0xe274a9f8) Failed: SSL connect error(35)
2024-09-14 11:31:53.675 T:3931 error : CCurlFile::Open - Failed with code 0:
2024-09-14 11:31:53.687 T:3971 error : CCurlFile::CReadState::FillBuffer - (0xe5681930) Failed: SSL connect error(35)
2024-09-14 11:31:53.687 T:3971 error : CCurlFile::Open - Failed with code 0:
2024-09-14 11:31:53.687 T:3971 debug : CurlFile::Open -
2024-09-14 11:31:53.743 T:3931 error : CCurlFile::Stat - Failed: SSL connect error(35)
2024-09-14 11:31:53.743 T:3931 debug : CCurlFile::GetMimeType - -> failed
2024-09-14 11:31:53.743 T:3931 debug : CurlFile::Open -
2024-09-14 11:31:53.765 T:3971 error : CCurlFile::CReadState::FillBuffer - (0xe5681930) Failed: SSL connect error(35)
2024-09-14 11:31:53.765 T:3971 error : CCurlFile::Open - Failed with code 0:
2024-09-14 11:31:53.766 T:3971 debug : Caching image 'pvr://channels/tv/V%c5%a1echny%20kan%c3%a1ly@-1/' to '8/87cce740.png':
2024-09-14 11:31:53.766 T:3971 debug : cached image 'special://masterprofile/Thumbnails/8/87cce740.png' size 0x0
2024-09-14 11:31:53.766 T:3971 error : ffmpeg[0x3d8f570]: [IMGUTILS] Picture size 0x0 is invalid
2024-09-14 11:31:53.766 T:3971 error : Could not compute picture size for thumbnail: special://masterprofile/Thumbnails/8/87cce740.png
2024-09-14 11:31:53.766 T:3971 error : Failed to CreateThumbnailFromSurface for special://masterprofile/Thumbnails/8/87cce740.png
2024-09-14 11:31:53.822 T:3931 error : CCurlFile::CReadState::FillBuffer - (0xe274a9f8) Failed: SSL connect error(35)
2024-09-14 11:31:53.822 T:3931 error : CCurlFile::Open - Failed with code 0:
2024-09-14 11:31:53.822 T:3931 debug : GetImageHash - unable to stat url Kamera%20bez
2024-09-14 11:31:54.101 T:3943 info : ## CoreELEC Addon ## updates::updateThread ## Started
2024-09-14 11:31:54.101 T:3943 info : ## CoreELEC Addon ## updates::set_auto_update ## auto
2024-09-14 11:31:54.301 T:4011 info : ## CoreELEC Addon ## _service_::run ## WAITING:
2024-09-14 11:31:54.318 T:4010 info : ## CoreELEC Addon ## xdbus Monitor started. ##
2024-09-14 11:31:54.855 T:3885 debug : ------ Window Deinit (Pointer.xml) ------
2024-09-14 11:31:54.868 T:3957 debug : OpenConnection - connection to the CEC adapter opened
2024-09-14 11:31:54.868 T:4014 debug : Thread CECAdapterUpdate start, auto delete: false
2024-09-14 11:31:54.976 T:3889 debug : Sink changed
2024-09-14 11:31:55.148 T:4014 debug : UpdateMenuLanguage - using TV menu language is disabled
2024-09-14 11:31:55.332 T:4014 debug : UpdateAudioSystemStatus - no CEC capable amplifier found
2024-09-14 11:32:02.012 T:3891 debug : CLibInputKeyboard::ProcessKey - using delay: 500ms repeat: 33ms
2024-09-14 11:32:02.012 T:4018 debug : Thread Timer start, auto delete: false
2024-09-14 11:32:02.014 T:3885 debug : Keyboard: scancode: 0x67, sym: 0x111, unicode: 0x00, modifier: 0x0
2024-09-14 11:32:02.014 T:3885 info : Loading controller layout: /usr/share/kodi/addons/game.controller.keyboard/resources/layout.xml
2024-09-14 11:32:02.015 T:3885 debug : HandleKey: up (0xf080) pressed, window 10000, action is Up
2024-09-14 11:32:02.195 T:4018 debug : Thread Timer 3617583616 terminating
2024-09-14 11:32:02.218 T:3885 debug : Keyboard: scancode: 0x67, sym: 0x111, unicode: 0x00, modifier: 0x0
2024-09-14 11:32:02.675 T:3891 debug : CLibInputKeyboard::ProcessKey - using delay: 500ms repeat: 33ms
2024-09-14 11:32:02.676 T:4021 debug : Thread Timer start, auto delete: false
2024-09-14 11:32:02.678 T:3885 debug : Keyboard: scancode: 0x6a, sym: 0x113, unicode: 0x00, modifier: 0x0
2024-09-14 11:32:02.678 T:3885 debug : HandleKey: right (0xf083) pressed, window 10000, action is Right
2024-09-14 11:32:02.827 T:4021 debug : Thread Timer 3617583616 terminating
2024-09-14 11:32:02.857 T:3885 debug : Keyboard: scancode: 0x6a, sym: 0x113, unicode: 0x00, modifier: 0x0
2024-09-14 11:32:04.123 T:3891 debug : CLibInputKeyboard::ProcessKey - using delay: 500ms repeat: 33ms
2024-09-14 11:32:04.124 T:4022 debug : Thread Timer start, auto delete: false
2024-09-14 11:32:04.133 T:3885 debug : Keyboard: scancode: 0x6c, sym: 0x112, unicode: 0x00, modifier: 0x0
2024-09-14 11:32:04.133 T:3885 debug : HandleKey: down (0xf081) pressed, window 10000, action is Down
2024-09-14 11:32:04.315 T:4022 debug : Thread Timer 3617583616 terminating
2024-09-14 11:32:04.330 T:3885 debug : Keyboard: scancode: 0x6c, sym: 0x112, unicode: 0x00, modifier: 0x0
2024-09-14 11:32:06.555 T:3891 debug : CLibInputKeyboard::ProcessKey - using delay: 500ms repeat: 33ms
2024-09-14 11:32:06.556 T:4025 debug : Thread Timer start, auto delete: false
2024-09-14 11:32:06.590 T:3885 debug : Keyboard: scancode: 0x1c, sym: 0x0d, unicode: 0x0d, modifier: 0x0
2024-09-14 11:32:06.723 T:4025 debug : Thread Timer 3617583616 terminating
2024-09-14 11:32:06.759 T:3885 debug : Keyboard: scancode: 0x1c, sym: 0x0d, unicode: 0x0d, modifier: 0x0
2024-09-14 11:32:06.759 T:3885 debug : HandleKey: return (0xf00d) pressed, window 10000, action is Select
2024-09-14 11:32:06.760 T:3885 debug : Activating window ID: 10700
2024-09-14 11:32:07.074 T:3885 debug : ------ Window Deinit (Home.xml) ------
2024-09-14 11:32:07.076 T:3885 debug : FreeVisualisation() done
2024-09-14 11:32:07.090 T:3885 debug : ------ Window Init (MyPVRChannels.xml) ------
2024-09-14 11:32:07.090 T:3885 info : Loading skin file: MyPVRChannels.xml, load type: KEEP_IN_MEMORY
2024-09-14 11:32:07.125 T:3885 debug : CGUIMediaWindow::GetDirectory (pvr://channels/tv/V%c5%a1echny%20kan%c3%a1ly@-1/)
2024-09-14 11:32:07.125 T:3885 debug : ParentPath = []
2024-09-14 11:32:07.150 T:3932 debug : GetImageHash - unable to stat url Kamera%20bez
2024-09-14 11:32:07.150 T:3971 debug : GetImageHash - unable to stat url Kamera%20hd%20554%20101
2024-09-14 11:32:07.151 T:3973 debug : GetImageHash - unable to stat url Kamera%20sd%20554%20102
2024-09-14 11:32:07.151 T:3971 debug : GetImageHash - unable to stat url Kamera%20test
2024-09-14 11:32:07.152 T:3971 debug : GetImageHash - unable to stat url Kamera%20hd
2024-09-14 11:32:07.152 T:3971 debug : GetImageHash - unable to stat url Kamera%20sd
2024-09-14 11:32:07.218 T:3971 error : CCurlFile::Stat - Failed: SSL connect error(35)
2024-09-14 11:32:07.218 T:3971 debug : CCurlFile::GetMimeType - -> failed
2024-09-14 11:32:07.218 T:3971 debug : CurlFile::Open -
2024-09-14 11:32:07.220 T:3930 error : CCurlFile::Stat - Failed: SSL connect error(35)
2024-09-14 11:32:07.220 T:3930 debug : CCurlFile::GetMimeType - -> failed
2024-09-14 11:32:07.220 T:3930 debug : CurlFile::Open -
2024-09-14 11:32:07.233 T:3973 error : CCurlFile::Stat - Failed: SSL connect error(35)
2024-09-14 11:32:07.233 T:3973 debug : CCurlFile::GetMimeType - -> failed
2024-09-14 11:32:07.234 T:3973 debug : CurlFile::Open -
2024-09-14 11:32:07.312 T:3930 error : CCurlFile::CReadState::FillBuffer - (0xdef263d8) Failed: SSL connect error(35)
2024-09-14 11:32:07.313 T:3930 error : CCurlFile::Open - Failed with code 0:
2024-09-14 11:32:07.313 T:3971 error : CCurlFile::CReadState::FillBuffer - (0xe5681930) Failed: SSL connect error(35)
2024-09-14 11:32:07.314 T:3971 error : CCurlFile::Open - Failed with code 0:
2024-09-14 11:32:07.366 T:3973 error : CCurlFile::CReadState::FillBuffer - (0xdfc05f38) Failed: SSL connect error(35)
2024-09-14 11:32:07.366 T:3973 error : CCurlFile::Open - Failed with code 0:
2024-09-14 11:32:09.355 T:3891 debug : CLibInputKeyboard::ProcessKey - using delay: 500ms repeat: 33ms
2024-09-14 11:32:09.356 T:4029 debug : Thread Timer start, auto delete: false
2024-09-14 11:32:09.374 T:3885 debug : Keyboard: scancode: 0x6c, sym: 0x112, unicode: 0x00, modifier: 0x0
2024-09-14 11:32:09.374 T:3885 debug : HandleKey: down (0xf081) pressed, window 10700, action is Down
2024-09-14 11:32:09.376 T:3931 debug : GetImageHash - unable to stat url Kamera%20bez
2024-09-14 11:32:09.378 T:3973 debug : GetImageHash - unable to stat url Kamera%20hd%20554%20101
2024-09-14 11:32:09.874 T:3885 debug : Keyboard: scancode: 0x6c, sym: 0x112, unicode: 0x00, modifier: 0x0
2024-09-14 11:32:09.874 T:3885 debug : HandleKey: long-down (0x100f081) pressed, window 10700, action is Down
2024-09-14 11:32:09.891 T:3885 debug : Keyboard: scancode: 0x6c, sym: 0x112, unicode: 0x00, modifier: 0x0
2024-09-14 11:32:09.891 T:3885 debug : HandleKey: long-down (0x100f081) pressed, window 10700, action is Down
2024-09-14 11:32:09.930 T:3885 debug : Keyboard: scancode: 0x6c, sym: 0x112, unicode: 0x00, modifier: 0x0
2024-09-14 11:32:09.930 T:3885 debug : HandleKey: long-down (0x100f081) pressed, window 10700, action is Down
2024-09-14 11:32:09.975 T:3885 debug : Keyboard: scancode: 0x6c, sym: 0x112, unicode: 0x00, modifier: 0x0
2024-09-14 11:32:09.975 T:3885 debug : HandleKey: long-down (0x100f081) pressed, window 10700, action is Down
2024-09-14 11:32:09.977 T:3932 debug : GetImageHash - unable to stat url Kamera%20sd%20554%20102
2024-09-14 11:32:09.993 T:3885 debug : Keyboard: scancode: 0x6c, sym: 0x112, unicode: 0x00, modifier: 0x0
2024-09-14 11:32:09.993 T:3885 debug : HandleKey: long-down (0x100f081) pressed, window 10700, action is Down
2024-09-14 11:32:10.030 T:3885 debug : Keyboard: scancode: 0x6c, sym: 0x112, unicode: 0x00, modifier: 0x0
2024-09-14 11:32:10.030 T:3885 debug : HandleKey: long-down (0x100f081) pressed, window 10700, action is Down
2024-09-14 11:32:10.070 T:3885 debug : Keyboard: scancode: 0x6c, sym: 0x112, unicode: 0x00, modifier: 0x0
2024-09-14 11:32:10.070 T:3885 debug : HandleKey: long-down (0x100f081) pressed, window 10700, action is Down
2024-09-14 11:32:10.074 T:3973 debug : GetImageHash - unable to stat url Kamera%20test
2024-09-14 11:32:10.090 T:3885 debug : Keyboard: scancode: 0x6c, sym: 0x112, unicode: 0x00, modifier: 0x0
2024-09-14 11:32:10.090 T:3885 debug : HandleKey: long-down (0x100f081) pressed, window 10700, action is Down
2024-09-14 11:32:10.130 T:3885 debug : Keyboard: scancode: 0x6c, sym: 0x112, unicode: 0x00, modifier: 0x0
2024-09-14 11:32:10.130 T:3885 debug : HandleKey: long-down (0x100f081) pressed, window 10700, action is Down
2024-09-14 11:32:10.170 T:3885 debug : Keyboard: scancode: 0x6c, sym: 0x112, unicode: 0x00, modifier: 0x0
2024-09-14 11:32:10.170 T:3885 debug : HandleKey: long-down (0x100f081) pressed, window 10700, action is Down
2024-09-14 11:32:10.174 T:3932 debug : GetImageHash - unable to stat url Kamera%20hd
2024-09-14 11:32:10.179 T:4029 debug : Thread Timer 3617583616 terminating
2024-09-14 11:32:10.190 T:3885 debug : Keyboard: scancode: 0x6c, sym: 0x112, unicode: 0x00, modifier: 0x0
2024-09-14 11:32:10.211 T:3891 debug : CLibInputKeyboard::ProcessKey - using delay: 500ms repeat: 33ms
2024-09-14 11:32:10.212 T:4030 debug : Thread Timer start, auto delete: false
2024-09-14 11:32:10.230 T:3885 debug : Keyboard: scancode: 0x6c, sym: 0x112, unicode: 0x00, modifier: 0x0
2024-09-14 11:32:10.230 T:3885 debug : HandleKey: down (0xf081) pressed, window 10700, action is Down
2024-09-14 11:32:10.234 T:3930 debug : GetImageHash - unable to stat url Kamera%20sd
2024-09-14 11:32:10.323 T:3931 error : CCurlFile::Stat - Failed: SSL connect error(35)
2024-09-14 11:32:10.323 T:3931 debug : CCurlFile::GetMimeType - -> failed
2024-09-14 11:32:10.323 T:3931 debug : CurlFile::Open -
2024-09-14 11:32:10.403 T:3931 error : CCurlFile::CReadState::FillBuffer - (0xe274a9f8) Failed: SSL connect error(35)
2024-09-14 11:32:10.403 T:3931 error : CCurlFile::Open - Failed with code 0:
2024-09-14 11:32:10.539 T:4030 debug : Thread Timer 3617583616 terminating
2024-09-14 11:32:10.550 T:3885 debug : Keyboard: scancode: 0x6c, sym: 0x112, unicode: 0x00, modifier: 0x0
2024-09-14 11:32:10.979 T:3891 debug : CLibInputKeyboard::ProcessKey - using delay: 500ms repeat: 33ms
2024-09-14 11:32:10.979 T:4031 debug : Thread Timer start, auto delete: false
2024-09-14 11:32:11.000 T:3885 debug : Keyboard: scancode: 0x6c, sym: 0x112, unicode: 0x00, modifier: 0x0
2024-09-14 11:32:11.000 T:3885 debug : HandleKey: down (0xf081) pressed, window 10700, action is Down
2024-09-14 11:32:11.074 T:3932 error : CCurlFile::Stat - Failed: SSL connect error(35)
2024-09-14 11:32:11.074 T:3932 debug : CCurlFile::GetMimeType - -> failed
2024-09-14 11:32:11.074 T:3932 debug : CurlFile::Open -
2024-09-14 11:32:11.103 T:3973 error : CCurlFile::Stat - Failed: SSL connect error(35)
2024-09-14 11:32:11.103 T:3973 debug : CCurlFile::GetMimeType - -> failed
2024-09-14 11:32:11.103 T:3973 debug : CurlFile::Open -
2024-09-14 11:32:11.107 T:4031 debug : Thread Timer 3617583616 terminating
2024-09-14 11:32:11.110 T:3885 debug : Keyboard: scancode: 0x6c, sym: 0x112, unicode: 0x00, modifier: 0x0
2024-09-14 11:32:11.156 T:3932 error : CCurlFile::CReadState::FillBuffer - (0x3ac81c8) Failed: SSL connect error(35)
2024-09-14 11:32:11.156 T:3932 error : CCurlFile::Open - Failed with code 0:
2024-09-14 11:32:11.185 T:3973 error : CCurlFile::CReadState::FillBuffer - (0xdfc05f38) Failed: SSL connect error(35)
2024-09-14 11:32:11.185 T:3973 error : CCurlFile::Open - Failed with code 0:
2024-09-14 11:32:11.403 T:3891 debug : CLibInputKeyboard::ProcessKey - using delay: 500ms repeat: 33ms
2024-09-14 11:32:11.403 T:4032 debug : Thread Timer start, auto delete: false
2024-09-14 11:32:11.410 T:3885 debug : Keyboard: scancode: 0x6c, sym: 0x112, unicode: 0x00, modifier: 0x0
2024-09-14 11:32:11.410 T:3885 debug : HandleKey: down (0xf081) pressed, window 10700, action is Down
2024-09-14 11:32:11.416 T:3971 debug : GetImageHash - unable to stat url //www.sms.cz/~tri65dnigalerie/porad_booklet/600/8/8efd74cc5dd1a1bcb7d376673c1861f0.jpg
2024-09-14 11:32:11.516 T:3930 error : CCurlFile::Stat - Failed: SSL connect error(35)
2024-09-14 11:32:11.516 T:3930 debug : CCurlFile::GetMimeType - -> failed
2024-09-14 11:32:11.517 T:3930 debug : CurlFile::Open -
2024-09-14 11:32:11.523 T:4032 debug : Thread Timer 3617583616 terminating
2024-09-14 11:32:11.525 T:3931 error : CCurlFile::Stat - Failed: SSL connect error(35)
2024-09-14 11:32:11.525 T:3931 debug : CCurlFile::GetMimeType - -> failed
2024-09-14 11:32:11.525 T:3931 debug : CurlFile::Open -
2024-09-14 11:32:11.530 T:3885 debug : Keyboard: scancode: 0x6c, sym: 0x112, unicode: 0x00, modifier: 0x0
2024-09-14 11:32:11.588 T:3930 error : CCurlFile::CReadState::FillBuffer - (0xdef263d8) Failed: SSL connect error(35)
2024-09-14 11:32:11.588 T:3930 error : CCurlFile::Open - Failed with code 0:
2024-09-14 11:32:11.602 T:3931 error : CCurlFile::CReadState::FillBuffer - (0xe274a9f8) Failed: SSL connect error(35)
2024-09-14 11:32:11.602 T:3931 error : CCurlFile::Open - Failed with code 0:
2024-09-14 11:32:11.619 T:3891 debug : CLibInputKeyboard::ProcessKey - using delay: 500ms repeat: 33ms
2024-09-14 11:32:11.620 T:4033 debug : Thread Timer start, auto delete: false
2024-09-14 11:32:11.630 T:3885 debug : Keyboard: scancode: 0x6c, sym: 0x112, unicode: 0x00, modifier: 0x0
2024-09-14 11:32:11.630 T:3885 debug : HandleKey: down (0xf081) pressed, window 10700, action is Down
2024-09-14 11:32:11.707 T:3930 error : CCurlFile::Stat - Failed: SSL connect error(35)
2024-09-14 11:32:11.707 T:3930 debug : CCurlFile::GetMimeType - -> failed
2024-09-14 11:32:11.707 T:3930 debug : CurlFile::Open -
2024-09-14 11:32:11.739 T:4033 debug : Thread Timer 3617583616 terminating
2024-09-14 11:32:11.740 T:3973 error : CCurlFile::Stat - Failed: SSL connect error(35)
2024-09-14 11:32:11.740 T:3973 debug : CCurlFile::GetMimeType - -> failed
2024-09-14 11:32:11.740 T:3973 debug : CurlFile::Open -
2024-09-14 11:32:11.750 T:3885 debug : Keyboard: scancode: 0x6c, sym: 0x112, unicode: 0x00, modifier: 0x0
2024-09-14 11:32:11.802 T:3930 error : CCurlFile::CReadState::FillBuffer - (0xdef263d8) Failed: SSL connect error(35)
2024-09-14 11:32:11.802 T:3930 error : CCurlFile::Open - Failed with code 0:
2024-09-14 11:32:11.817 T:3973 error : CCurlFile::CReadState::FillBuffer - (0xdfc05f38) Failed: SSL connect error(35)
2024-09-14 11:32:11.817 T:3973 error : CCurlFile::Open - Failed with code 0: