2024-04-04 18:33:11.043 T:4041 debug : CVideoPlayer::ProcessVideoData size:330590 dts:37.079 pts:37.079 dur:41.000ms, clock:24.432 level:100
2024-04-04 18:33:11.048 T:4044 debug : CVideoPlayerVideo::OutputPicture - ttd:420ms pts:24.858 Clock:24.437 Level:6
2024-04-04 18:33:11.065 T:4041 debug : CVideoPlayer::ProcessVideoData size:310737 dts:37.120 pts:37.120 dur:41.000ms, clock:24.454 level:100
2024-04-04 18:33:11.087 T:4044 debug : CVideoPlayerVideo::OutputPicture - ttd:424ms pts:24.900 Clock:24.476 Level:6
2024-04-04 18:33:11.089 T:3987 info : script.plex: UpdateNowPlaying: 394422, force: True refreshQueue: False state: None overrideChecks: False time: None
2024-04-04 18:33:11.103 T:4041 debug : CVideoPlayer::ProcessVideoData size:683594 dts:37.162 pts:37.287 dur:41.000ms, clock:24.492 level:100
2024-04-04 18:33:11.129 T:4044 debug : CVideoPlayerVideo::OutputPicture - ttd:424ms pts:24.942 Clock:24.518 Level:6
2024-04-04 18:33:11.130 T:4041 debug : CVideoPlayer::ProcessVideoData size:309515 dts:37.204 pts:37.204 dur:41.000ms, clock:24.519 level:100
2024-04-04 18:33:11.155 T:4041 debug : CVideoPlayer::ProcessVideoData size:333044 dts:37.246 pts:37.246 dur:41.000ms, clock:24.544 level:100
2024-04-04 18:33:11.172 T:4044 debug : CVideoPlayerVideo::OutputPicture - ttd:422ms pts:24.983 Clock:24.561 Level:6
2024-04-04 18:33:11.205 T:4041 debug : CVideoPlayer::ProcessVideoData size:675075 dts:37.287 pts:37.412 dur:41.000ms, clock:24.594 level:100
2024-04-04 18:33:11.214 T:4044 debug : CVideoPlayerVideo::OutputPicture - ttd:422ms pts:25.025 Clock:24.602 Level:6
2024-04-04 18:33:11.227 T:4041 debug : CVideoPlayer::ProcessVideoData size:309595 dts:37.329 pts:37.329 dur:41.000ms, clock:24.616 level:100
2024-04-04 18:33:11.254 T:4044 debug : CVideoPlayerVideo::OutputPicture - ttd:424ms pts:25.067 Clock:24.643 Level:6
2024-04-04 18:33:11.257 T:4041 debug : CVideoPlayer::ProcessVideoData size:312024 dts:37.371 pts:37.371 dur:41.000ms, clock:24.646 level:100
2024-04-04 18:33:11.297 T:4044 debug : CVideoPlayerVideo::OutputPicture - ttd:422ms pts:25.108 Clock:24.686 Level:6
2024-04-04 18:33:11.317 T:4041 debug : CVideoPlayer::ProcessVideoData size:1142522 dts:37.412 pts:37.538 dur:41.000ms, clock:24.706 level:100
2024-04-04 18:33:11.328 T:4041 debug : CVideoPlayer::ProcessVideoData size:325691 dts:37.454 pts:37.454 dur:41.000ms, clock:24.716 level:100
2024-04-04 18:33:11.340 T:4044 debug : CVideoPlayerVideo::OutputPicture - ttd:420ms pts:25.150 Clock:24.729 Level:6
2024-04-04 18:33:11.356 T:4041 debug : CVideoPlayer::ProcessVideoData size:305685 dts:37.496 pts:37.496 dur:41.000ms, clock:24.745 level:100
2024-04-04 18:33:11.379 T:4044 debug : CVideoPlayerVideo::OutputPicture - ttd:424ms pts:25.192 Clock:24.768 Level:6
2024-04-04 18:33:11.400 T:4041 debug : CVideoPlayer::ProcessVideoData size:694211 dts:37.538 pts:37.663 dur:41.000ms, clock:24.789 level:100
2024-04-04 18:33:11.422 T:4044 debug : CVideoPlayerVideo::OutputPicture - ttd:423ms pts:25.234 Clock:24.810 Level:6
2024-04-04 18:33:11.426 T:4041 debug : CVideoPlayer::ProcessVideoData size:302900 dts:37.579 pts:37.579 dur:41.000ms, clock:24.815 level:100
2024-04-04 18:33:11.441 T:4041 debug : CVideoPlayer::ProcessVideoData size:333526 dts:37.621 pts:37.621 dur:41.000ms, clock:24.830 level:100
2024-04-04 18:33:11.463 T:4044 debug : CVideoPlayerVideo::OutputPicture - ttd:422ms pts:25.275 Clock:24.852 Level:6
2024-04-04 18:33:11.491 T:4041 debug : CVideoPlayer::ProcessVideoData size:700543 dts:37.663 pts:37.788 dur:41.000ms, clock:24.880 level:100
2024-04-04 18:33:11.504 T:4044 debug : CVideoPlayerVideo::OutputPicture - ttd:424ms pts:25.317 Clock:24.893 Level:6
2024-04-04 18:33:11.507 T:4041 debug : CVideoPlayer::ProcessVideoData size:319438 dts:37.704 pts:37.704 dur:41.000ms, clock:24.896 level:100
2024-04-04 18:33:11.528 T:4041 debug : CVideoPlayer::ProcessVideoData size:317957 dts:37.746 pts:37.746 dur:41.000ms, clock:24.917 level:100
2024-04-04 18:33:11.547 T:4044 debug : CVideoPlayerVideo::OutputPicture - ttd:423ms pts:25.359 Clock:24.936 Level:6
2024-04-04 18:33:11.573 T:4041 debug : CVideoPlayer::ProcessVideoData size:684327 dts:37.788 pts:37.913 dur:41.000ms, clock:24.961 level:100
2024-04-04 18:33:11.588 T:4044 debug : CVideoPlayerVideo::OutputPicture - ttd:423ms pts:25.400 Clock:24.976 Level:6
2024-04-04 18:33:11.593 T:4041 debug : CVideoPlayer::ProcessVideoData size:338031 dts:37.829 pts:37.829 dur:41.000ms, clock:24.982 level:100
2024-04-04 18:33:11.615 T:4041 debug : CVideoPlayer::ProcessVideoData size:312848 dts:37.871 pts:37.871 dur:41.000ms, clock:25.004 level:100
2024-04-04 18:33:11.630 T:4044 debug : CVideoPlayerVideo::OutputPicture - ttd:423ms pts:25.442 Clock:25.019 Level:6
2024-04-04 18:33:11.648 T:4041 debug : CVideoPlayer::ProcessVideoData size:708481 dts:37.913 pts:38.038 dur:41.000ms, clock:25.037 level:100
2024-04-04 18:33:11.669 T:4041 debug : CVideoPlayer::ProcessVideoData size:313132 dts:37.955 pts:37.955 dur:41.000ms, clock:25.058 level:100
2024-04-04 18:33:11.674 T:4044 debug : CVideoPlayerVideo::OutputPicture - ttd:421ms pts:25.484 Clock:25.063 Level:6
2024-04-04 18:33:11.684 T:4041 debug : CVideoPlayer::ProcessVideoData size:334600 dts:37.996 pts:37.996 dur:41.000ms, clock:25.073 level:100
2024-04-04 18:33:11.713 T:4044 debug : CVideoPlayerVideo::OutputPicture - ttd:424ms pts:25.526 Clock:25.102 Level:6
2024-04-04 18:33:11.745 T:4041 debug : CVideoPlayer::ProcessVideoData size:713481 dts:38.038 pts:38.163 dur:41.000ms, clock:25.134 level:100
2024-04-04 18:33:11.755 T:4044 debug : CVideoPlayerVideo::OutputPicture - ttd:422ms pts:25.567 Clock:25.144 Level:6
2024-04-04 18:33:11.766 T:4041 debug : CVideoPlayer::ProcessVideoData size:315334 dts:38.080 pts:38.080 dur:41.000ms, clock:25.155 level:100
2024-04-04 18:33:11.788 T:4041 debug : CVideoPlayer::ProcessVideoData size:334717 dts:38.121 pts:38.121 dur:41.000ms, clock:25.177 level:100
2024-04-04 18:33:11.796 T:4044 debug : CVideoPlayerVideo::OutputPicture - ttd:423ms pts:25.609 Clock:25.185 Level:6
2024-04-04 18:33:11.840 T:4044 debug : CVideoPlayerVideo::OutputPicture - ttd:422ms pts:25.651 Clock:25.229 Level:6
2024-04-04 18:33:11.847 T:4041 debug : CVideoPlayer::ProcessVideoData size:716384 dts:38.163 pts:38.288 dur:41.000ms, clock:25.236 level:100
2024-04-04 18:33:11.861 T:4041 debug : CVideoPlayer::ProcessVideoData size:315785 dts:38.205 pts:38.205 dur:41.000ms, clock:25.250 level:100
2024-04-04 18:33:11.881 T:4044 debug : CVideoPlayerVideo::OutputPicture - ttd:422ms pts:25.692 Clock:25.270 Level:6
2024-04-04 18:33:11.887 T:4041 debug : CVideoPlayer::ProcessVideoData size:315702 dts:38.247 pts:38.247 dur:41.000ms, clock:25.276 level:100
2024-04-04 18:33:11.922 T:4044 debug : CVideoPlayerVideo::OutputPicture - ttd:423ms pts:25.734 Clock:25.311 Level:6
2024-04-04 18:33:11.954 T:4041 debug : CVideoPlayer::ProcessVideoData size:1142801 dts:38.288 pts:38.413 dur:41.000ms, clock:25.343 level:100
2024-04-04 18:33:11.964 T:4044 debug : CVideoPlayerVideo::OutputPicture - ttd:423ms pts:25.776 Clock:25.353 Level:6
2024-04-04 18:33:11.972 T:4041 debug : CVideoPlayer::ProcessVideoData size:325157 dts:38.330 pts:38.330 dur:41.000ms, clock:25.361 level:100
2024-04-04 18:33:11.995 T:4041 debug : CVideoPlayer::ProcessVideoData size:302500 dts:38.372 pts:38.372 dur:41.000ms, clock:25.384 level:100
2024-04-04 18:33:12.007 T:4044 debug : CVideoPlayerVideo::OutputPicture - ttd:420ms pts:25.817 Clock:25.396 Level:6
2024-04-04 18:33:12.046 T:4044 debug : CVideoPlayerVideo::OutputPicture - ttd:423ms pts:25.859 Clock:25.435 Level:6
2024-04-04 18:33:12.071 T:4041 debug : CVideoPlayer::ProcessVideoData size:686709 dts:38.413 pts:38.539 dur:41.000ms, clock:25.460 level:100
2024-04-04 18:33:12.089 T:4044 debug : CVideoPlayerVideo::OutputPicture - ttd:423ms pts:25.901 Clock:25.478 Level:6
2024-04-04 18:33:12.130 T:4044 debug : CVideoPlayerVideo::OutputPicture - ttd:424ms pts:25.943 Clock:25.519 Level:6
2024-04-04 18:33:12.143 T:4041 debug : CVideoPlayer::ProcessVideoData size:302115 dts:38.455 pts:38.455 dur:41.000ms, clock:25.532 level:100
2024-04-04 18:33:12.173 T:4044 debug : CVideoPlayerVideo::OutputPicture - ttd:422ms pts:25.984 Clock:25.562 Level:6
2024-04-04 18:33:12.195 T:4041 debug : CVideoPlayer::ProcessVideoData size:329074 dts:38.497 pts:38.497 dur:41.000ms, clock:25.584 level:100
2024-04-04 18:33:12.200 T:4041 debug : CVideoPlayer::ProcessVideoData size:685461 dts:38.539 pts:38.664 dur:41.000ms, clock:25.589 level:100
2024-04-04 18:33:12.215 T:4044 debug : CVideoPlayerVideo::OutputPicture - ttd:421ms pts:26.026 Clock:25.604 Level:6
2024-04-04 18:33:12.235 T:4045 info : ProcessDecoderOutput: Changed max allowed Out-Of-Sync value to 36 ms due self-learning
2024-04-04 18:33:12.255 T:4044 debug : CVideoPlayerVideo::OutputPicture - ttd:424ms pts:26.068 Clock:25.644 Level:6
2024-04-04 18:33:12.297 T:4044 debug : CVideoPlayerVideo::OutputPicture - ttd:422ms pts:26.109 Clock:25.686 Level:6
2024-04-04 18:33:12.323 T:4041 debug : CVideoPlayer::ProcessVideoData size:310361 dts:38.580 pts:38.580 dur:41.000ms, clock:25.712 level:100
2024-04-04 18:33:12.327 T:4041 debug : CVideoPlayer::ProcessVideoData size:313641 dts:38.622 pts:38.622 dur:41.000ms, clock:25.716 level:100
2024-04-04 18:33:12.330 T:4041 debug : CVideoPlayer::ProcessVideoData size:700383 dts:38.664 pts:38.789 dur:41.000ms, clock:25.719 level:100
2024-04-04 18:33:12.331 T:4041 debug : CVideoPlayer::ProcessVideoData size:327683 dts:38.705 pts:38.705 dur:41.000ms, clock:25.720 level:100
2024-04-04 18:33:12.337 T:4041 debug : CVideoPlayer::ProcessVideoData size:311377 dts:38.747 pts:38.747 dur:41.000ms, clock:25.726 level:100
2024-04-04 18:33:12.340 T:4044 debug : CVideoPlayerVideo::OutputPicture - ttd:422ms pts:26.151 Clock:25.729 Level:6
2024-04-04 18:33:12.380 T:4044 debug : CVideoPlayerVideo::OutputPicture - ttd:424ms pts:26.193 Clock:25.769 Level:6
2024-04-04 18:33:12.423 T:4044 debug : CVideoPlayerVideo::OutputPicture - ttd:423ms pts:26.235 Clock:25.812 Level:6
2024-04-04 18:33:12.465 T:4041 debug : CVideoPlayer::ProcessVideoData size:691213 dts:38.789 pts:38.914 dur:41.000ms, clock:25.854 level:100
2024-04-04 18:33:12.466 T:4044 debug : CVideoPlayerVideo::OutputPicture - ttd:420ms pts:26.276 Clock:25.855 Level:6
2024-04-04 18:33:12.467 T:4041 debug : CVideoPlayer::ProcessVideoData size:311957 dts:38.830 pts:38.830 dur:41.000ms, clock:25.856 level:100
2024-04-04 18:33:12.506 T:4044 debug : CVideoPlayerVideo::OutputPicture - ttd:423ms pts:26.318 Clock:25.895 Level:6
2024-04-04 18:33:12.548 T:4044 debug : CVideoPlayerVideo::OutputPicture - ttd:422ms pts:26.360 Clock:25.937 Level:6
2024-04-04 18:33:12.569 T:4041 debug : CVideoPlayer::ProcessVideoData size:333019 dts:38.872 pts:38.872 dur:41.000ms, clock:25.958 level:100
2024-04-04 18:33:12.574 T:4041 debug : CVideoPlayer::ProcessVideoData size:716627 dts:38.914 pts:39.039 dur:41.000ms, clock:25.963 level:100
2024-04-04 18:33:12.590 T:4044 debug : CVideoPlayerVideo::OutputPicture - ttd:422ms pts:26.401 Clock:25.979 Level:6
2024-04-04 18:33:12.590 T:3987 info : script.plex: UpdateNowPlaying: 394422, force: True refreshQueue: False state: None overrideChecks: False time: None
2024-04-04 18:33:12.592 T:3987 debug : requested setting (remotecontrol) was not found.
2024-04-04 18:33:12.599 T:4065 info : script.plex: API: Starting request: GET https://192-168-0-6.1bfef040b1f9411a9464dbec34658ae7.plex.direct:32400/:/timeline?time=25787&duration=465408&state=playing&guid=com.plexapp.agents.none%3A//a17ea78e0b504d5cba6c3a466518ad6fed1e9724%3Flang%3Dxn&ratingKey=394422&key=/library/metadata/394422&containerKey=/library/sections/14/folder%3Fparent%3D14480%26includeCollections%3D1%26X-Plex-Container-Size%3D240%26X-Plex-Container-Start%3D0&X-Plex-Token=**** (async=True timeout=10.0(10.0))
2024-04-04 18:33:12.633 T:4044 debug : CVideoPlayerVideo::OutputPicture - ttd:421ms pts:26.443 Clock:26.022 Level:6
2024-04-04 18:33:12.675 T:4044 debug : CVideoPlayerVideo::OutputPicture - ttd:421ms pts:26.485 Clock:26.063 Level:6
2024-04-04 18:33:12.697 T:4041 debug : CVideoPlayer::ProcessVideoData size:307370 dts:38.956 pts:38.956 dur:41.000ms, clock:26.086 level:100
2024-04-04 18:33:12.699 T:4041 debug : CVideoPlayer::ProcessVideoData size:333734 dts:38.997 pts:38.997 dur:41.000ms, clock:26.088 level:100
2024-04-04 18:33:12.715 T:4044 debug : CVideoPlayerVideo::OutputPicture - ttd:422ms pts:26.527 Clock:26.104 Level:6
2024-04-04 18:33:12.758 T:4044 debug : CVideoPlayerVideo::OutputPicture - ttd:421ms pts:26.568 Clock:26.146 Level:6
2024-04-04 18:33:12.774 T:4041 debug : CVideoPlayer::ProcessVideoData size:578234 dts:39.039 pts:39.081 dur:41.000ms, clock:26.163 level:100
2024-04-04 18:33:12.798 T:4044 debug : CVideoPlayerVideo::OutputPicture - ttd:422ms pts:26.610 Clock:26.187 Level:6
2024-04-04 18:33:12.829 T:4041 debug : CVideoPlayer::ProcessVideoData size:582055 dts:39.081 pts:39.122 dur:41.000ms, clock:26.218 level:100
2024-04-04 18:33:12.840 T:4044 debug : CVideoPlayerVideo::OutputPicture - ttd:422ms pts:26.652 Clock:26.229 Level:6
2024-04-04 18:33:12.883 T:4044 debug : CVideoPlayerVideo::OutputPicture - ttd:421ms pts:26.693 Clock:26.272 Level:6
2024-04-04 18:33:12.922 T:4044 debug : CVideoPlayerVideo::OutputPicture - ttd:424ms pts:26.735 Clock:26.311 Level:6
2024-04-04 18:33:12.947 T:4041 debug : CVideoPlayer::ProcessVideoData size:1536105 dts:39.122 pts:39.164 dur:41.000ms, clock:26.336 level:100
2024-04-04 18:33:12.965 T:4044 debug : CVideoPlayerVideo::OutputPicture - ttd:423ms pts:26.777 Clock:26.354 Level:6
2024-04-04 18:33:13.007 T:4044 debug : CVideoPlayerVideo::OutputPicture - ttd:422ms pts:26.818 Clock:26.395 Level:6
2024-04-04 18:33:13.050 T:4044 debug : CVideoPlayerVideo::OutputPicture - ttd:421ms pts:26.860 Clock:26.438 Level:6
2024-04-04 18:33:13.091 T:4044 debug : CVideoPlayerVideo::OutputPicture - ttd:421ms pts:26.902 Clock:26.480 Level:6
2024-04-04 18:33:13.132 T:4044 debug : CVideoPlayerVideo::OutputPicture - ttd:424ms pts:26.944 Clock:26.520 Level:6
2024-04-04 18:33:13.145 T:4041 debug : CVideoPlayer::ProcessVideoData size:987099 dts:39.164 pts:39.289 dur:41.000ms, clock:26.534 level:100
2024-04-04 18:33:13.173 T:4044 debug : CVideoPlayerVideo::OutputPicture - ttd:422ms pts:26.985 Clock:26.562 Level:6
2024-04-04 18:33:13.197 T:4041 debug : CVideoPlayer::ProcessVideoData size:262439 dts:39.206 pts:39.206 dur:41.000ms, clock:26.586 level:100
2024-04-04 18:33:13.199 T:4041 debug : CVideoPlayer::ProcessVideoData size:279368 dts:39.248 pts:39.248 dur:41.000ms, clock:26.588 level:100
2024-04-04 18:33:13.206 T:4041 debug : CVideoPlayer::ProcessVideoData size:991281 dts:39.289 pts:39.414 dur:41.000ms, clock:26.595 level:100
2024-04-04 18:33:13.207 T:4041 debug : CVideoPlayer::ProcessVideoData size:238674 dts:39.331 pts:39.331 dur:41.000ms, clock:26.596 level:100
2024-04-04 18:33:13.211 T:4041 debug : CVideoPlayer::ProcessVideoData size:255906 dts:39.373 pts:39.373 dur:41.000ms, clock:26.600 level:100
2024-04-04 18:33:13.215 T:4044 debug : CVideoPlayerVideo::OutputPicture - ttd:423ms pts:27.027 Clock:26.604 Level:6
2024-04-04 18:33:13.217 T:4041 debug : CVideoPlayer::ProcessVideoData size:960461 dts:39.414 pts:39.540 dur:41.000ms, clock:26.606 level:100
2024-04-04 18:33:13.219 T:4041 debug : CVideoPlayer::ProcessVideoData size:225669 dts:39.456 pts:39.456 dur:41.000ms, clock:26.608 level:100
2024-04-04 18:33:13.220 T:4041 debug : CVideoPlayer::ProcessVideoData size:241290 dts:39.498 pts:39.498 dur:41.000ms, clock:26.609 level:100
2024-04-04 18:33:13.259 T:4044 debug : CVideoPlayerVideo::OutputPicture - ttd:421ms pts:27.069 Clock:26.648 Level:6
2024-04-04 18:33:13.260 T:4044 debug : CVideoPlayerVideo::OutputPicture - ttd:461ms pts:27.110 Clock:26.649 Level:6
2024-04-04 18:33:13.329 T:4041 debug : CVideoPlayer::ProcessVideoData size:1000467 dts:39.540 pts:39.665 dur:41.000ms, clock:26.718 level:100
2024-04-04 18:33:13.342 T:4041 debug : CVideoPlayer::ProcessVideoData size:227661 dts:39.581 pts:39.581 dur:41.000ms, clock:26.731 level:100
2024-04-04 18:33:13.343 T:4041 debug : CVideoPlayer::ProcessVideoData size:248081 dts:39.623 pts:39.623 dur:41.000ms, clock:26.732 level:100
2024-04-04 18:33:13.347 T:4044 debug : CVideoPlayerVideo::OutputPicture - ttd:416ms pts:27.152 Clock:26.736 Level:5
2024-04-04 18:33:13.354 T:4041 debug : CVideoPlayer::ProcessVideoData size:996723 dts:39.665 pts:39.790 dur:41.000ms, clock:26.743 level:100
2024-04-04 18:33:13.365 T:4041 debug : CVideoPlayer::ProcessVideoData size:234742 dts:39.706 pts:39.706 dur:41.000ms, clock:26.754 level:100
2024-04-04 18:33:13.366 T:4041 debug : CVideoPlayer::ProcessVideoData size:249329 dts:39.748 pts:39.748 dur:41.000ms, clock:26.755 level:100
2024-04-04 18:33:13.371 T:4041 debug : CVideoPlayer::ProcessVideoData size:953751 dts:39.790 pts:39.915 dur:41.000ms, clock:26.759 level:100
2024-04-04 18:33:13.382 T:4044 debug : CVideoPlayerVideo::OutputPicture - ttd:423ms pts:27.194 Clock:26.771 Level:6
2024-04-04 18:33:13.425 T:4044 debug : CVideoPlayerVideo::OutputPicture - ttd:422ms pts:27.236 Clock:26.814 Level:6
2024-04-04 18:33:13.465 T:4044 debug : CVideoPlayerVideo::OutputPicture - ttd:422ms pts:27.277 Clock:26.854 Level:6
2024-04-04 18:33:13.507 T:4044 debug : CVideoPlayerVideo::OutputPicture - ttd:422ms pts:27.319 Clock:26.896 Level:6
2024-04-04 18:33:13.548 T:4044 debug : CVideoPlayerVideo::OutputPicture - ttd:424ms pts:27.361 Clock:26.937 Level:6
2024-04-04 18:33:13.574 T:4041 debug : CVideoPlayer::ProcessVideoData size:230055 dts:39.831 pts:39.831 dur:41.000ms, clock:26.963 level:100
2024-04-04 18:33:13.580 T:4041 debug : CVideoPlayer::ProcessVideoData size:225515 dts:39.873 pts:39.873 dur:41.000ms, clock:26.968 level:100
2024-04-04 18:33:13.587 T:4041 debug : CVideoPlayer::ProcessVideoData size:1506720 dts:39.915 pts:40.040 dur:41.000ms, clock:26.976 level:100
2024-04-04 18:33:13.590 T:4044 debug : CVideoPlayerVideo::OutputPicture - ttd:422ms pts:27.402 Clock:26.979 Level:6
2024-04-04 18:33:13.593 T:4041 debug : CVideoPlayer::ProcessVideoData size:249771 dts:39.957 pts:39.957 dur:41.000ms, clock:26.981 level:100
2024-04-04 18:33:13.597 T:4041 debug : CVideoPlayer::ProcessVideoData size:227794 dts:39.998 pts:39.998 dur:41.000ms, clock:26.986 level:100
2024-04-04 18:33:13.600 T:4041 debug : CVideoPlayer::ProcessVideoData size:788642 dts:40.040 pts:40.165 dur:41.000ms, clock:26.989 level:100
2024-04-04 18:33:13.600 T:4041 debug : CVideoPlayer::ProcessVideoData size:278920 dts:40.082 pts:40.082 dur:41.000ms, clock:26.989 level:100
2024-04-04 18:33:13.601 T:4041 debug : CVideoPlayer::ProcessVideoData size:331712 dts:40.123 pts:40.123 dur:41.000ms, clock:26.990 level:100
2024-04-04 18:33:13.603 T:4041 debug : CVideoPlayer::ProcessVideoData size:666789 dts:40.165 pts:40.290 dur:41.000ms, clock:26.992 level:100
2024-04-04 18:33:13.633 T:4044 debug : CVideoPlayerVideo::OutputPicture - ttd:422ms pts:27.444 Clock:27.022 Level:6
2024-04-04 18:33:13.675 T:4044 debug : CVideoPlayerVideo::OutputPicture - ttd:421ms pts:27.486 Clock:27.064 Level:6
2024-04-04 18:33:13.716 T:4044 debug : CVideoPlayerVideo::OutputPicture - ttd:423ms pts:27.528 Clock:27.105 Level:6
2024-04-04 18:33:13.756 T:4044 debug : CVideoPlayerVideo::OutputPicture - ttd:423ms pts:27.569 Clock:27.145 Level:6
2024-04-04 18:33:13.798 T:4044 debug : CVideoPlayerVideo::OutputPicture - ttd:423ms pts:27.611 Clock:27.187 Level:6
2024-04-04 18:33:13.841 T:4044 debug : CVideoPlayerVideo::OutputPicture - ttd:423ms pts:27.653 Clock:27.230 Level:6
2024-04-04 18:33:13.882 T:4044 debug : CVideoPlayerVideo::OutputPicture - ttd:423ms pts:27.694 Clock:27.271 Level:6
2024-04-04 18:33:13.925 T:4044 debug : CVideoPlayerVideo::OutputPicture - ttd:422ms pts:27.736 Clock:27.314 Level:6
2024-04-04 18:33:13.941 T:4041 debug : CVideoPlayer::ProcessVideoData size:264260 dts:40.207 pts:40.207 dur:41.000ms, clock:27.330 level:100
2024-04-04 18:33:13.955 T:4041 debug : CVideoPlayer::ProcessVideoData size:267209 dts:40.249 pts:40.249 dur:41.000ms, clock:27.344 level:100
2024-04-04 18:33:13.965 T:4044 debug : CVideoPlayerVideo::OutputPicture - ttd:424ms pts:27.778 Clock:27.354 Level:6
2024-04-04 18:33:13.967 T:3987 info : script.plex: UpdateNowPlaying: 394422, force: True refreshQueue: False state: None overrideChecks: False time: None
2024-04-04 18:33:14.008 T:4044 debug : CVideoPlayerVideo::OutputPicture - ttd:422ms pts:27.819 Clock:27.397 Level:6
2024-04-04 18:33:14.019 T:4041 debug : CVideoPlayer::ProcessVideoData size:677244 dts:40.290 pts:40.415 dur:41.000ms, clock:27.408 level:100
2024-04-04 18:33:14.051 T:4044 debug : CVideoPlayerVideo::OutputPicture - ttd:421ms pts:27.861 Clock:27.439 Level:6
2024-04-04 18:33:14.132 T:4041 debug : CVideoPlayer::ProcessVideoData size:240976 dts:40.332 pts:40.332 dur:41.000ms, clock:27.521 level:100
2024-04-04 18:33:14.140 T:4041 debug : CVideoPlayer::ProcessVideoData size:238357 dts:40.374 pts:40.374 dur:41.000ms, clock:27.529 level:100
2024-04-04 18:33:14.146 T:4041 debug : CVideoPlayer::ProcessVideoData size:689445 dts:40.415 pts:40.541 dur:41.000ms, clock:27.535 level:100
2024-04-04 18:33:14.156 T:4044 debug : CVideoPlayerVideo::OutputPicture - ttd:357ms pts:27.903 Clock:27.545 Level:4
2024-04-04 18:33:14.158 T:4044 debug : CVideoPlayerVideo::OutputPicture - ttd:398ms pts:27.945 Clock:27.547 Level:5
2024-04-04 18:33:14.158 T:4041 debug : CVideoPlayer::ProcessVideoData size:240469 dts:40.457 pts:40.457 dur:41.000ms, clock:27.547 level:100
2024-04-04 18:33:14.159 T:4041 debug : CVideoPlayer::ProcessVideoData size:228657 dts:40.499 pts:40.499 dur:41.000ms, clock:27.548 level:100
2024-04-04 18:33:14.174 T:4041 debug : CVideoPlayer::ProcessVideoData size:817859 dts:40.541 pts:40.666 dur:41.000ms, clock:27.563 level:100
2024-04-04 18:33:14.175 T:4041 debug : CVideoPlayer::ProcessVideoData size:213275 dts:40.582 pts:40.582 dur:41.000ms, clock:27.564 level:100
2024-04-04 18:33:14.176 T:4041 debug : CVideoPlayer::ProcessVideoData size:245799 dts:40.624 pts:40.624 dur:41.000ms, clock:27.565 level:100
2024-04-04 18:33:14.180 T:4041 debug : CVideoPlayer::ProcessVideoData size:835104 dts:40.666 pts:40.791 dur:41.000ms, clock:27.569 level:100
2024-04-04 18:33:14.183 T:4044 debug : CVideoPlayerVideo::OutputPicture - ttd:414ms pts:27.986 Clock:27.572 Level:5
2024-04-04 18:33:14.201 T:4041 debug : CVideoPlayer::ProcessVideoData size:198647 dts:40.707 pts:40.707 dur:41.000ms, clock:27.590 level:100
2024-04-04 18:33:14.205 T:4041 debug : CVideoPlayer::ProcessVideoData size:237745 dts:40.749 pts:40.749 dur:41.000ms, clock:27.594 level:100
2024-04-04 18:33:14.213 T:4041 debug : CVideoPlayer::ProcessVideoData size:1320185 dts:40.791 pts:40.916 dur:41.000ms, clock:27.602 level:100
2024-04-04 18:33:14.216 T:4041 debug : CVideoPlayer::ProcessVideoData size:202993 dts:40.832 pts:40.832 dur:41.000ms, clock:27.605 level:100
2024-04-04 18:33:14.218 T:4044 debug : CVideoPlayerVideo::OutputPicture - ttd:420ms pts:28.028 Clock:27.607 Level:6
2024-04-04 18:33:14.218 T:4041 debug : CVideoPlayer::ProcessVideoData size:201472 dts:40.874 pts:40.874 dur:41.000ms, clock:27.607 level:100
2024-04-04 18:33:14.222 T:4041 debug : CVideoPlayer::ProcessVideoData size:817097 dts:40.916 pts:41.041 dur:41.000ms, clock:27.611 level:100
2024-04-04 18:33:14.222 T:4041 debug : CVideoPlayer::ProcessVideoData size:235493 dts:40.958 pts:40.958 dur:41.000ms, clock:27.611 level:100
2024-04-04 18:33:14.223 T:4041 debug : CVideoPlayer::ProcessVideoData size:219763 dts:40.999 pts:40.999 dur:41.000ms, clock:27.612 level:100
2024-04-04 18:33:14.226 T:4041 debug : CVideoPlayer::ProcessVideoData size:809039 dts:41.041 pts:41.166 dur:41.000ms, clock:27.615 level:100
2024-04-04 18:33:14.264 T:4044 debug : CVideoPlayerVideo::OutputPicture - ttd:417ms pts:28.070 Clock:27.653 Level:5
2024-04-04 18:33:14.300 T:4044 debug : CVideoPlayerVideo::OutputPicture - ttd:421ms pts:28.111 Clock:27.689 Level:6
2024-04-04 18:33:14.341 T:4044 debug : CVideoPlayerVideo::OutputPicture - ttd:423ms pts:28.153 Clock:27.730 Level:6
2024-04-04 18:33:14.383 T:4044 debug : CVideoPlayerVideo::OutputPicture - ttd:423ms pts:28.195 Clock:27.772 Level:6
2024-04-04 18:33:14.426 T:4044 debug : CVideoPlayerVideo::OutputPicture - ttd:422ms pts:28.237 Clock:27.815 Level:6
2024-04-04 18:33:14.467 T:4044 debug : CVideoPlayerVideo::OutputPicture - ttd:421ms pts:28.278 Clock:27.856 Level:6
2024-04-04 18:33:14.509 T:4044 debug : CVideoPlayerVideo::OutputPicture - ttd:422ms pts:28.320 Clock:27.898 Level:6
2024-04-04 18:33:14.549 T:4044 debug : CVideoPlayerVideo::OutputPicture - ttd:424ms pts:28.362 Clock:27.938 Level:6
2024-04-04 18:33:14.592 T:4044 debug : CVideoPlayerVideo::OutputPicture - ttd:421ms pts:28.403 Clock:27.981 Level:6
2024-04-04 18:33:14.633 T:4044 debug : CVideoPlayerVideo::OutputPicture - ttd:422ms pts:28.445 Clock:28.022 Level:6
2024-04-04 18:33:14.675 T:4044 debug : CVideoPlayerVideo::OutputPicture - ttd:422ms pts:28.487 Clock:28.064 Level:6
2024-04-04 18:33:14.716 T:4044 debug : CVideoPlayerVideo::OutputPicture - ttd:424ms pts:28.529 Clock:28.105 Level:6
2024-04-04 18:33:14.759 T:4044 debug : CVideoPlayerVideo::OutputPicture - ttd:422ms pts:28.570 Clock:28.148 Level:6
2024-04-04 18:33:14.801 T:4044 debug : CVideoPlayerVideo::OutputPicture - ttd:421ms pts:28.612 Clock:28.190 Level:6
2024-04-04 18:33:14.824 T:4041 debug : CVideoPlayer::ProcessVideoData size:207559 dts:41.083 pts:41.083 dur:41.000ms, clock:28.213 level:100
2024-04-04 18:33:14.827 T:4041 debug : CVideoPlayer::ProcessVideoData size:219511 dts:41.124 pts:41.124 dur:41.000ms, clock:28.216 level:100
2024-04-04 18:33:14.830 T:4041 debug : CVideoPlayer::ProcessVideoData size:837848 dts:41.166 pts:41.291 dur:41.000ms, clock:28.219 level:100
2024-04-04 18:33:14.842 T:4044 debug : CVideoPlayerVideo::OutputPicture - ttd:422ms pts:28.654 Clock:28.231 Level:6
2024-04-04 18:33:14.883 T:4044 debug : CVideoPlayerVideo::OutputPicture - ttd:422ms pts:28.695 Clock:28.272 Level:6
2024-04-04 18:33:14.925 T:4044 debug : CVideoPlayerVideo::OutputPicture - ttd:423ms pts:28.737 Clock:28.314 Level:6
2024-04-04 18:33:15.003 T:4041 debug : CVideoPlayer::ProcessVideoData size:207638 dts:41.208 pts:41.208 dur:41.000ms, clock:28.392 level:100
2024-04-04 18:33:15.018 T:4041 debug : CVideoPlayer::ProcessVideoData size:205207 dts:41.250 pts:41.250 dur:41.000ms, clock:28.407 level:100
2024-04-04 18:33:15.024 T:4041 debug : CVideoPlayer::ProcessVideoData size:806980 dts:41.291 pts:41.416 dur:41.000ms, clock:28.413 level:100
2024-04-04 18:33:15.031 T:4044 debug : CVideoPlayerVideo::OutputPicture - ttd:358ms pts:28.779 Clock:28.420 Level:4
2024-04-04 18:33:15.033 T:4044 debug : CVideoPlayerVideo::OutputPicture - ttd:397ms pts:28.820 Clock:28.422 Level:5
2024-04-04 18:33:15.035 T:4041 debug : CVideoPlayer::ProcessVideoData size:211574 dts:41.333 pts:41.333 dur:41.000ms, clock:28.424 level:100
2024-04-04 18:33:15.036 T:4041 debug : CVideoPlayer::ProcessVideoData size:192688 dts:41.375 pts:41.375 dur:41.000ms, clock:28.425 level:100
2024-04-04 18:33:15.041 T:4041 debug : CVideoPlayer::ProcessVideoData size:830238 dts:41.416 pts:41.542 dur:41.000ms, clock:28.430 level:100
2024-04-04 18:33:15.201 T:4044 debug : write codec data failed, write_bytes(-1), errno(11), size(104167)
2024-04-04 18:33:15.207 T:4044 debug : Codec buffer full, try after 5 ms, len(0)
2024-04-04 18:33:15.207 T:4044 debug : CAMLCodec::AddData Decode: write_av_packet looping
2024-04-04 18:33:15.259 T:3987 info : script.plex: UpdateNowPlaying: 394422, force: True refreshQueue: False state: None overrideChecks: False time: None
2024-04-04 18:33:15.373 T:4044 debug : write codec data failed, write_bytes(-1), errno(11), size(104167)
2024-04-04 18:33:15.378 T:4044 debug : Codec buffer full, try after 5 ms, len(0)
2024-04-04 18:33:15.379 T:4044 debug : CAMLCodec::AddData Decode: write_av_packet looping
2024-04-04 18:33:15.545 T:4044 debug : write codec data failed, write_bytes(-1), errno(11), size(104167)
2024-04-04 18:33:15.551 T:4044 debug : Codec buffer full, try after 5 ms, len(0)
2024-04-04 18:33:15.551 T:4044 debug : CAMLCodec::AddData Decode: write_av_packet looping
2024-04-04 18:33:15.717 T:4044 debug : write codec data failed, write_bytes(-1), errno(11), size(104167)
2024-04-04 18:33:15.723 T:4044 debug : Codec buffer full, try after 5 ms, len(0)
2024-04-04 18:33:15.723 T:4044 debug : CAMLCodec::AddData Decode: write_av_packet looping
2024-04-04 18:33:15.889 T:4044 debug : write codec data failed, write_bytes(-1), errno(11), size(104167)
2024-04-04 18:33:15.894 T:4044 debug : Codec buffer full, try after 5 ms, len(0)
2024-04-04 18:33:15.895 T:4044 debug : CAMLCodec::AddData Decode: write_av_packet looping
2024-04-04 18:33:16.061 T:4044 debug : write codec data failed, write_bytes(-1), errno(11), size(104167)
2024-04-04 18:33:16.067 T:4044 debug : Codec buffer full, try after 5 ms, len(0)
2024-04-04 18:33:16.067 T:4044 debug : CAMLCodec::AddData Decode: write_av_packet looping
2024-04-04 18:33:16.233 T:4044 debug : write codec data failed, write_bytes(-1), errno(11), size(104167)
2024-04-04 18:33:16.239 T:4044 debug : Codec buffer full, try after 5 ms, len(0)
2024-04-04 18:33:16.239 T:4044 debug : CAMLCodec::AddData Decode: write_av_packet looping
2024-04-04 18:33:16.405 T:4044 debug : write codec data failed, write_bytes(-1), errno(11), size(104167)
2024-04-04 18:33:16.410 T:4044 debug : Codec buffer full, try after 5 ms, len(0)
2024-04-04 18:33:16.411 T:4044 debug : CAMLCodec::AddData Decode: write_av_packet looping
2024-04-04 18:33:16.510 T:3987 info : script.plex: UpdateNowPlaying: 394422, force: True refreshQueue: False state: None overrideChecks: False time: None
2024-04-04 18:33:16.577 T:4044 debug : write codec data failed, write_bytes(-1), errno(11), size(104167)
2024-04-04 18:33:16.582 T:4044 debug : Codec buffer full, try after 5 ms, len(0)
2024-04-04 18:33:16.582 T:4044 debug : CAMLCodec::AddData Decode: write_av_packet looping
2024-04-04 18:33:16.657 T:3983 debug : Thread JobWorker 3804828160 terminating (autodelete)
2024-04-04 18:33:16.658 T:3997 debug : Thread JobWorker 3522527744 terminating (autodelete)
2024-04-04 18:33:16.657 T:4002 debug : Thread JobWorker 3556098560 terminating (autodelete)
2024-04-04 18:33:16.660 T:3998 debug : Thread JobWorker 3539313152 terminating (autodelete)
2024-04-04 18:33:16.749 T:4044 debug : write codec data failed, write_bytes(-1), errno(11), size(104167)
2024-04-04 18:33:16.754 T:4044 debug : Codec buffer full, try after 5 ms, len(0)
2024-04-04 18:33:16.754 T:4044 debug : CAMLCodec::AddData Decode: write_av_packet looping
2024-04-04 18:33:16.921 T:4044 debug : write codec data failed, write_bytes(-1), errno(11), size(104167)
2024-04-04 18:33:16.926 T:4044 debug : Codec buffer full, try after 5 ms, len(0)
2024-04-04 18:33:16.927 T:4044 debug : CAMLCodec::AddData Decode: write_av_packet looping
2024-04-04 18:33:17.093 T:4044 debug : write codec data failed, write_bytes(-1), errno(11), size(104167)
2024-04-04 18:33:17.099 T:4044 debug : Codec buffer full, try after 5 ms, len(0)
2024-04-04 18:33:17.099 T:4044 debug : CAMLCodec::AddData Decode: write_av_packet looping
2024-04-04 18:33:17.265 T:4044 debug : write codec data failed, write_bytes(-1), errno(11), size(104167)
2024-04-04 18:33:17.270 T:4044 debug : Codec buffer full, try after 5 ms, len(0)
2024-04-04 18:33:17.270 T:4044 debug : CAMLCodec::AddData Decode: write_av_packet looping
2024-04-04 18:33:17.437 T:4044 debug : write codec data failed, write_bytes(-1), errno(11), size(104167)
2024-04-04 18:33:17.442 T:4044 debug : Codec buffer full, try after 5 ms, len(0)
2024-04-04 18:33:17.443 T:4044 debug : CAMLCodec::AddData Decode: write_av_packet looping
2024-04-04 18:33:17.609 T:4044 debug : write codec data failed, write_bytes(-1), errno(11), size(104167)
2024-04-04 18:33:17.614 T:4044 debug : Codec buffer full, try after 5 ms, len(0)
2024-04-04 18:33:17.615 T:4044 debug : CAMLCodec::AddData Decode: write_av_packet looping
2024-04-04 18:33:17.762 T:3987 info : script.plex: UpdateNowPlaying: 394422, force: True refreshQueue: False state: None overrideChecks: False time: None
2024-04-04 18:33:17.781 T:4044 debug : write codec data failed, write_bytes(-1), errno(11), size(104167)
2024-04-04 18:33:17.786 T:4044 debug : Codec buffer full, try after 5 ms, len(0)
2024-04-04 18:33:17.787 T:4044 debug : CAMLCodec::AddData Decode: write_av_packet looping
2024-04-04 18:33:17.953 T:4044 debug : write codec data failed, write_bytes(-1), errno(11), size(104167)
2024-04-04 18:33:17.959 T:4044 debug : Codec buffer full, try after 5 ms, len(0)
2024-04-04 18:33:17.959 T:4044 debug : CAMLCodec::AddData Decode: write_av_packet looping
2024-04-04 18:33:18.125 T:4044 debug : write codec data failed, write_bytes(-1), errno(11), size(104167)
2024-04-04 18:33:18.131 T:4044 debug : Codec buffer full, try after 5 ms, len(0)
2024-04-04 18:33:18.131 T:4044 debug : CAMLCodec::AddData Decode: write_av_packet looping
2024-04-04 18:33:18.297 T:4044 debug : write codec data failed, write_bytes(-1), errno(11), size(104167)
2024-04-04 18:33:18.303 T:4044 debug : Codec buffer full, try after 5 ms, len(0)
2024-04-04 18:33:18.303 T:4044 debug : CAMLCodec::AddData Decode: write_av_packet looping
2024-04-04 18:33:18.469 T:4044 debug : write codec data failed, write_bytes(-1), errno(11), size(104167)
2024-04-04 18:33:18.475 T:4044 debug : Codec buffer full, try after 5 ms, len(0)
2024-04-04 18:33:18.475 T:4044 debug : CAMLCodec::AddData Decode: write_av_packet looping
2024-04-04 18:33:18.641 T:4044 debug : write codec data failed, write_bytes(-1), errno(11), size(104167)
2024-04-04 18:33:18.646 T:4044 debug : Codec buffer full, try after 5 ms, len(0)
2024-04-04 18:33:18.647 T:4044 debug : CAMLCodec::AddData Decode: write_av_packet looping
2024-04-04 18:33:18.813 T:4044 debug : write codec data failed, write_bytes(-1), errno(11), size(104167)
2024-04-04 18:33:18.819 T:4044 debug : Codec buffer full, try after 5 ms, len(0)
2024-04-04 18:33:18.819 T:4044 debug : CAMLCodec::AddData Decode: write_av_packet looping
2024-04-04 18:33:18.985 T:4044 debug : write codec data failed, write_bytes(-1), errno(11), size(104167)
2024-04-04 18:33:18.991 T:4044 debug : Codec buffer full, try after 5 ms, len(0)
2024-04-04 18:33:18.991 T:4044 debug : CAMLCodec::AddData Decode: write_av_packet looping
2024-04-04 18:33:19.012 T:3987 info : script.plex: UpdateNowPlaying: 394422, force: True refreshQueue: False state: None overrideChecks: False time: None
2024-04-04 18:33:19.157 T:4044 debug : write codec data failed, write_bytes(-1), errno(11), size(104167)
2024-04-04 18:33:19.162 T:4044 debug : Codec buffer full, try after 5 ms, len(0)
2024-04-04 18:33:19.163 T:4044 debug : CAMLCodec::AddData Decode: write_av_packet looping
2024-04-04 18:33:19.329 T:4044 debug : write codec data failed, write_bytes(-1), errno(11), size(104167)
2024-04-04 18:33:19.335 T:4044 debug : Codec buffer full, try after 5 ms, len(0)
2024-04-04 18:33:19.335 T:4044 debug : CAMLCodec::AddData Decode: write_av_packet looping
2024-04-04 18:33:19.501 T:4044 debug : write codec data failed, write_bytes(-1), errno(11), size(104167)
2024-04-04 18:33:19.506 T:4044 debug : Codec buffer full, try after 5 ms, len(0)
2024-04-04 18:33:19.507 T:4044 debug : CAMLCodec::AddData Decode: write_av_packet looping
2024-04-04 18:33:19.673 T:4044 debug : write codec data failed, write_bytes(-1), errno(11), size(104167)
2024-04-04 18:33:19.679 T:4044 debug : Codec buffer full, try after 5 ms, len(0)
2024-04-04 18:33:19.679 T:4044 debug : CAMLCodec::AddData Decode: write_av_packet looping
2024-04-04 18:33:19.845 T:4044 debug : write codec data failed, write_bytes(-1), errno(11), size(104167)
2024-04-04 18:33:19.851 T:4044 debug : Codec buffer full, try after 5 ms, len(0)
2024-04-04 18:33:19.851 T:4044 debug : CAMLCodec::AddData Decode: write_av_packet looping
2024-04-04 18:33:20.017 T:4044 debug : write codec data failed, write_bytes(-1), errno(11), size(104167)
2024-04-04 18:33:20.023 T:4044 debug : Codec buffer full, try after 5 ms, len(0)
2024-04-04 18:33:20.023 T:4044 debug : CAMLCodec::AddData Decode: write_av_packet looping
2024-04-04 18:33:20.189 T:4044 debug : write codec data failed, write_bytes(-1), errno(11), size(104167)
2024-04-04 18:33:20.194 T:4044 debug : Codec buffer full, try after 5 ms, len(0)
2024-04-04 18:33:20.195 T:4044 debug : CAMLCodec::AddData Decode: write_av_packet looping
2024-04-04 18:33:20.262 T:3987 info : script.plex: UpdateNowPlaying: 394422, force: True refreshQueue: False state: None overrideChecks: False time: None
2024-04-04 18:33:20.361 T:4044 debug : write codec data failed, write_bytes(-1), errno(11), size(104167)
2024-04-04 18:33:20.367 T:4044 debug : Codec buffer full, try after 5 ms, len(0)
2024-04-04 18:33:20.367 T:4044 debug : CAMLCodec::AddData Decode: write_av_packet looping
2024-04-04 18:33:20.533 T:4044 debug : write codec data failed, write_bytes(-1), errno(11), size(104167)
2024-04-04 18:33:20.539 T:4044 debug : Codec buffer full, try after 5 ms, len(0)
2024-04-04 18:33:20.539 T:4044 debug : CAMLCodec::AddData Decode: write_av_packet looping
2024-04-04 18:33:20.706 T:4044 debug : write codec data failed, write_bytes(-1), errno(11), size(104167)
2024-04-04 18:33:20.711 T:4044 debug : Codec buffer full, try after 5 ms, len(0)
2024-04-04 18:33:20.711 T:4044 debug : CAMLCodec::AddData Decode: write_av_packet looping
2024-04-04 18:33:20.877 T:4044 debug : write codec data failed, write_bytes(-1), errno(11), size(104167)
2024-04-04 18:33:20.882 T:4044 debug : Codec buffer full, try after 5 ms, len(0)
2024-04-04 18:33:20.883 T:4044 debug : CAMLCodec::AddData Decode: write_av_packet looping
2024-04-04 18:33:21.049 T:4044 debug : write codec data failed, write_bytes(-1), errno(11), size(104167)
2024-04-04 18:33:21.055 T:4044 debug : Codec buffer full, try after 5 ms, len(0)
2024-04-04 18:33:21.055 T:4044 debug : CAMLCodec::AddData Decode: write_av_packet looping
2024-04-04 18:33:21.221 T:4044 debug : write codec data failed, write_bytes(-1), errno(11), size(104167)
2024-04-04 18:33:21.227 T:4044 debug : Codec buffer full, try after 5 ms, len(0)
2024-04-04 18:33:21.227 T:4044 debug : CAMLCodec::AddData Decode: write_av_packet looping
2024-04-04 18:33:21.393 T:4044 debug : write codec data failed, write_bytes(-1), errno(11), size(104167)
2024-04-04 18:33:21.399 T:4044 debug : Codec buffer full, try after 5 ms, len(0)
2024-04-04 18:33:21.399 T:4044 debug : CAMLCodec::AddData Decode: write_av_packet looping
2024-04-04 18:33:21.515 T:3987 info : script.plex: UpdateNowPlaying: 394422, force: True refreshQueue: False state: None overrideChecks: False time: None
2024-04-04 18:33:21.565 T:4044 debug : write codec data failed, write_bytes(-1), errno(11), size(104167)
2024-04-04 18:33:21.571 T:4044 debug : Codec buffer full, try after 5 ms, len(0)
2024-04-04 18:33:21.571 T:4044 debug : CAMLCodec::AddData Decode: write_av_packet looping
2024-04-04 18:33:21.737 T:4044 debug : write codec data failed, write_bytes(-1), errno(11), size(104167)
2024-04-04 18:33:21.743 T:4044 debug : Codec buffer full, try after 5 ms, len(0)
2024-04-04 18:33:21.743 T:4044 debug : CAMLCodec::AddData Decode: write_av_packet looping
2024-04-04 18:33:21.909 T:4044 debug : write codec data failed, write_bytes(-1), errno(11), size(104167)
2024-04-04 18:33:21.914 T:4044 debug : Codec buffer full, try after 5 ms, len(0)
2024-04-04 18:33:21.915 T:4044 debug : CAMLCodec::AddData Decode: write_av_packet looping
2024-04-04 18:33:22.081 T:4044 debug : write codec data failed, write_bytes(-1), errno(11), size(104167)
2024-04-04 18:33:22.087 T:4044 debug : Codec buffer full, try after 5 ms, len(0)
2024-04-04 18:33:22.087 T:4044 debug : CAMLCodec::AddData Decode: write_av_packet looping
2024-04-04 18:33:22.253 T:4044 debug : write codec data failed, write_bytes(-1), errno(11), size(104167)
2024-04-04 18:33:22.258 T:4044 debug : Codec buffer full, try after 5 ms, len(0)
2024-04-04 18:33:22.259 T:4044 debug : CAMLCodec::AddData Decode: write_av_packet looping
2024-04-04 18:33:22.425 T:4044 debug : write codec data failed, write_bytes(-1), errno(11), size(104167)
2024-04-04 18:33:22.431 T:4044 debug : Codec buffer full, try after 5 ms, len(0)
2024-04-04 18:33:22.431 T:4044 debug : CAMLCodec::AddData Decode: write_av_packet looping
2024-04-04 18:33:22.597 T:4044 debug : write codec data failed, write_bytes(-1), errno(11), size(104167)
2024-04-04 18:33:22.603 T:4044 debug : Codec buffer full, try after 5 ms, len(0)
2024-04-04 18:33:22.603 T:4044 debug : CAMLCodec::AddData Decode: write_av_packet looping
2024-04-04 18:33:22.764 T:3987 info : script.plex: UpdateNowPlaying: 394422, force: True refreshQueue: False state: None overrideChecks: False time: None
2024-04-04 18:33:22.769 T:4044 debug : write codec data failed, write_bytes(-1), errno(11), size(104167)
2024-04-04 18:33:22.774 T:4044 debug : Codec buffer full, try after 5 ms, len(0)
2024-04-04 18:33:22.775 T:4044 debug : CAMLCodec::AddData Decode: write_av_packet looping
2024-04-04 18:33:22.941 T:4044 debug : write codec data failed, write_bytes(-1), errno(11), size(104167)
2024-04-04 18:33:22.946 T:4044 debug : Codec buffer full, try after 5 ms, len(0)
2024-04-04 18:33:22.947 T:4044 debug : CAMLCodec::AddData Decode: write_av_packet looping
2024-04-04 18:33:23.113 T:4044 debug : write codec data failed, write_bytes(-1), errno(11), size(104167)
2024-04-04 18:33:23.118 T:4044 debug : Codec buffer full, try after 5 ms, len(0)
2024-04-04 18:33:23.119 T:4044 debug : CAMLCodec::AddData Decode: write_av_packet looping
2024-04-04 18:33:23.285 T:4044 debug : write codec data failed, write_bytes(-1), errno(11), size(104167)
2024-04-04 18:33:23.290 T:4044 debug : Codec buffer full, try after 5 ms, len(0)
2024-04-04 18:33:23.291 T:4044 debug : CAMLCodec::AddData Decode: write_av_packet looping
2024-04-04 18:33:23.457 T:4044 debug : write codec data failed, write_bytes(-1), errno(11), size(104167)
2024-04-04 18:33:23.462 T:4044 debug : Codec buffer full, try after 5 ms, len(0)
2024-04-04 18:33:23.463 T:4044 debug : CAMLCodec::AddData Decode: write_av_packet looping
2024-04-04 18:33:23.629 T:4044 debug : write codec data failed, write_bytes(-1), errno(11), size(104167)
2024-04-04 18:33:23.634 T:4044 debug : Codec buffer full, try after 5 ms, len(0)
2024-04-04 18:33:23.635 T:4044 debug : CAMLCodec::AddData Decode: write_av_packet looping
2024-04-04 18:33:23.801 T:4044 debug : write codec data failed, write_bytes(-1), errno(11), size(104167)
2024-04-04 18:33:23.806 T:4044 debug : Codec buffer full, try after 5 ms, len(0)
2024-04-04 18:33:23.807 T:4044 debug : CAMLCodec::AddData Decode: write_av_packet looping
2024-04-04 18:33:23.977 T:4044 debug : write codec data failed, write_bytes(-1), errno(11), size(104167)
2024-04-04 18:33:23.983 T:4044 debug : Codec buffer full, try after 5 ms, len(0)
2024-04-04 18:33:23.983 T:4044 debug : CAMLCodec::AddData Decode: write_av_packet looping
2024-04-04 18:33:24.017 T:3987 info : script.plex: UpdateNowPlaying: 394422, force: True refreshQueue: False state: None overrideChecks: False time: None
2024-04-04 18:33:24.149 T:4044 debug : write codec data failed, write_bytes(-1), errno(11), size(104167)
2024-04-04 18:33:24.155 T:4044 debug : Codec buffer full, try after 5 ms, len(0)
2024-04-04 18:33:24.155 T:4044 debug : CAMLCodec::AddData Decode: write_av_packet looping
2024-04-04 18:33:24.321 T:4044 debug : write codec data failed, write_bytes(-1), errno(11), size(104167)
2024-04-04 18:33:24.327 T:4044 debug : Codec buffer full, try after 5 ms, len(0)
2024-04-04 18:33:24.327 T:4044 debug : CAMLCodec::AddData Decode: write_av_packet looping
2024-04-04 18:33:24.493 T:4044 debug : write codec data failed, write_bytes(-1), errno(11), size(104167)
2024-04-04 18:33:24.499 T:4044 debug : Codec buffer full, try after 5 ms, len(0)
2024-04-04 18:33:24.499 T:4044 debug : CAMLCodec::AddData Decode: write_av_packet looping
2024-04-04 18:33:24.665 T:4044 debug : write codec data failed, write_bytes(-1), errno(11), size(104167)
2024-04-04 18:33:24.670 T:4044 debug : Codec buffer full, try after 5 ms, len(0)
2024-04-04 18:33:24.671 T:4044 debug : CAMLCodec::AddData Decode: write_av_packet looping
2024-04-04 18:33:24.837 T:4044 debug : write codec data failed, write_bytes(-1), errno(11), size(104167)
2024-04-04 18:33:24.842 T:4044 debug : Codec buffer full, try after 5 ms, len(0)
2024-04-04 18:33:24.843 T:4044 debug : CAMLCodec::AddData Decode: write_av_packet looping
2024-04-04 18:33:25.009 T:4044 debug : write codec data failed, write_bytes(-1), errno(11), size(104167)
2024-04-04 18:33:25.015 T:4044 debug : Codec buffer full, try after 5 ms, len(0)
2024-04-04 18:33:25.015 T:4044 debug : CAMLCodec::AddData Decode: write_av_packet looping
2024-04-04 18:33:25.181 T:4044 debug : write codec data failed, write_bytes(-1), errno(11), size(104167)
2024-04-04 18:33:25.187 T:4044 debug : Codec buffer full, try after 5 ms, len(0)
2024-04-04 18:33:25.187 T:4044 debug : CAMLCodec::AddData Decode: write_av_packet looping
2024-04-04 18:33:25.268 T:3987 info : script.plex: UpdateNowPlaying: 394422, force: True refreshQueue: False state: None overrideChecks: False time: None
2024-04-04 18:33:25.353 T:4044 debug : write codec data failed, write_bytes(-1), errno(11), size(104167)
2024-04-04 18:33:25.359 T:4044 debug : Codec buffer full, try after 5 ms, len(0)
2024-04-04 18:33:25.359 T:4044 debug : CAMLCodec::AddData Decode: write_av_packet looping
2024-04-04 18:33:25.529 T:4044 debug : write codec data failed, write_bytes(-1), errno(11), size(104167)
2024-04-04 18:33:25.535 T:4044 debug : Codec buffer full, try after 5 ms, len(0)
2024-04-04 18:33:25.535 T:4044 debug : CAMLCodec::AddData Decode: write_av_packet looping
2024-04-04 18:33:25.701 T:4044 debug : write codec data failed, write_bytes(-1), errno(11), size(104167)
2024-04-04 18:33:25.706 T:4044 debug : Codec buffer full, try after 5 ms, len(0)
2024-04-04 18:33:25.707 T:4044 debug : CAMLCodec::AddData Decode: write_av_packet looping
2024-04-04 18:33:25.873 T:4044 debug : write codec data failed, write_bytes(-1), errno(11), size(104167)
2024-04-04 18:33:25.878 T:4044 debug : Codec buffer full, try after 5 ms, len(0)
2024-04-04 18:33:25.879 T:4044 debug : CAMLCodec::AddData Decode: write_av_packet looping
2024-04-04 18:33:26.045 T:4044 debug : write codec data failed, write_bytes(-1), errno(11), size(104167)
2024-04-04 18:33:26.051 T:4044 debug : Codec buffer full, try after 5 ms, len(0)
2024-04-04 18:33:26.051 T:4044 debug : CAMLCodec::AddData Decode: write_av_packet looping
2024-04-04 18:33:26.217 T:4044 debug : write codec data failed, write_bytes(-1), errno(11), size(104167)
2024-04-04 18:33:26.223 T:4044 debug : Codec buffer full, try after 5 ms, len(0)
2024-04-04 18:33:26.223 T:4044 debug : CAMLCodec::AddData Decode: write_av_packet looping
2024-04-04 18:33:26.389 T:4044 debug : write codec data failed, write_bytes(-1), errno(11), size(104167)
2024-04-04 18:33:26.395 T:4044 debug : Codec buffer full, try after 5 ms, len(0)
2024-04-04 18:33:26.395 T:4044 debug : CAMLCodec::AddData Decode: write_av_packet looping
2024-04-04 18:33:26.518 T:3987 info : script.plex: UpdateNowPlaying: 394422, force: True refreshQueue: False state: None overrideChecks: False time: None
2024-04-04 18:33:26.561 T:4044 debug : write codec data failed, write_bytes(-1), errno(11), size(104167)
2024-04-04 18:33:26.567 T:4044 debug : Codec buffer full, try after 5 ms, len(0)
2024-04-04 18:33:26.567 T:4044 debug : CAMLCodec::AddData Decode: write_av_packet looping
2024-04-04 18:33:26.733 T:4044 debug : write codec data failed, write_bytes(-1), errno(11), size(104167)
2024-04-04 18:33:26.738 T:4044 debug : Codec buffer full, try after 5 ms, len(0)
2024-04-04 18:33:26.739 T:4044 debug : CAMLCodec::AddData Decode: write_av_packet looping
2024-04-04 18:33:26.905 T:4044 debug : write codec data failed, write_bytes(-1), errno(11), size(104167)
2024-04-04 18:33:26.911 T:4044 debug : Codec buffer full, try after 5 ms, len(0)
2024-04-04 18:33:26.911 T:4044 debug : CAMLCodec::AddData Decode: write_av_packet looping
2024-04-04 18:33:27.077 T:4044 debug : write codec data failed, write_bytes(-1), errno(11), size(104167)
2024-04-04 18:33:27.083 T:4044 debug : Codec buffer full, try after 5 ms, len(0)
2024-04-04 18:33:27.083 T:4044 debug : CAMLCodec::AddData Decode: write_av_packet looping
2024-04-04 18:33:27.249 T:4044 debug : write codec data failed, write_bytes(-1), errno(11), size(104167)
2024-04-04 18:33:27.255 T:4044 debug : Codec buffer full, try after 5 ms, len(0)
2024-04-04 18:33:27.255 T:4044 debug : CAMLCodec::AddData Decode: write_av_packet looping
2024-04-04 18:33:27.421 T:4044 debug : write codec data failed, write_bytes(-1), errno(11), size(104167)
2024-04-04 18:33:27.427 T:4044 debug : Codec buffer full, try after 5 ms, len(0)
2024-04-04 18:33:27.427 T:4044 debug : CAMLCodec::AddData Decode: write_av_packet looping
2024-04-04 18:33:27.593 T:4044 debug : write codec data failed, write_bytes(-1), errno(11), size(104167)
2024-04-04 18:33:27.598 T:4044 debug : Codec buffer full, try after 5 ms, len(0)
2024-04-04 18:33:27.599 T:4044 debug : CAMLCodec::AddData Decode: write_av_packet looping
2024-04-04 18:33:27.765 T:4044 debug : write codec data failed, write_bytes(-1), errno(11), size(104167)
2024-04-04 18:33:27.769 T:3987 info : script.plex: UpdateNowPlaying: 394422, force: True refreshQueue: False state: None overrideChecks: False time: None
2024-04-04 18:33:27.771 T:3987 debug : requested setting (remotecontrol) was not found.
2024-04-04 18:33:27.771 T:4044 debug : Codec buffer full, try after 5 ms, len(0)
2024-04-04 18:33:27.771 T:4044 debug : CAMLCodec::AddData Decode: write_av_packet looping
