2024-04-04 18:32:42.615 T:3811 debug : [WHITELIST] Matched an exact resolution with an exact refresh rate 4096x2160 @ 23.98 - Full Screen (41)
2024-04-04 18:32:42.616 T:3811 debug : [WHITELIST] Searching for an exact resolution with double the refresh rate
2024-04-04 18:32:42.616 T:4044 debug : CVideoPlayerVideo::OutputPicture - ttd:327ms pts:0.250 Clock:-0.077 Level:5
2024-04-04 18:32:42.616 T:4041 debug : CVideoPlayer::ProcessVideoData size:6538 dts:1.585 pts:1.710 dur:41.000ms, clock:-0.077 level:14
2024-04-04 18:32:42.617 T:4041 debug : CVideoPlayer::ProcessVideoData size:28463 dts:1.627 pts:1.627 dur:41.000ms, clock:-0.077 level:15
2024-04-04 18:32:42.617 T:4041 debug : CVideoPlayer::ProcessVideoData size:9297 dts:1.668 pts:1.668 dur:41.000ms, clock:-0.077 level:15
2024-04-04 18:32:42.616 T:4044 debug : CVideoPlayerVideo - CDVDMsg::DEMUXER_PACKET - checking interlace vfmt: null
2024-04-04 18:32:42.618 T:4044 debug : CVideoPlayerVideo::OutputPicture - ttd:367ms pts:0.292 Clock:-0.076 Level:6
2024-04-04 18:32:42.618 T:4041 debug : CVideoPlayer::ProcessVideoData size:6331 dts:1.710 pts:1.835 dur:41.000ms, clock:-0.075 level:16
2024-04-04 18:32:42.619 T:4041 debug : CVideoPlayer::ProcessVideoData size:9262 dts:1.752 pts:1.752 dur:41.000ms, clock:-0.075 level:16
2024-04-04 18:32:42.619 T:4041 debug : CVideoPlayer::ProcessVideoData size:28473 dts:1.793 pts:1.793 dur:41.000ms, clock:-0.075 level:17
2024-04-04 18:32:42.619 T:3811 info : Display resolution ADJUST : 3840x2160 @ 23.98 - Full Screen (39) (weight: 0.000)
2024-04-04 18:32:42.620 T:3811 debug : CWinSystemAmlogicGLESContext::CreateNewWindow: m_bWindowCreated: true, frac rate 1(0), hdrType: dolbyvision(sdr), force mode switch: true
2024-04-04 18:32:42.620 T:3811 debug : CWinSystemAmlogicGLESContext::CreateNewWindow: cur: iWidth: 1920, iHeight: 1080, iScreenWidth: 1920, iScreenHeight: 1080, fRefreshRate: 59.94, dwFlags: 04
2024-04-04 18:32:42.620 T:3811 debug : CWinSystemAmlogicGLESContext::CreateNewWindow: res: iWidth: 1920, iHeight: 1080, iScreenWidth: 3840, iScreenHeight: 2160, fRefreshRate: 23.98, dwFlags: 04
2024-04-04 18:32:42.621 T:4041 debug : CVideoPlayer::ProcessVideoData size:6344 dts:1.835 pts:1.960 dur:41.000ms, clock:-0.073 level:17
2024-04-04 18:32:42.626 T:4041 debug : CVideoPlayer::ProcessVideoData size:9251 dts:1.877 pts:1.877 dur:41.000ms, clock:-0.068 level:17
2024-04-04 18:32:42.627 T:4041 debug : CVideoPlayer::ProcessVideoData size:9278 dts:1.919 pts:1.919 dur:41.000ms, clock:-0.067 level:17
2024-04-04 18:32:42.655 T:4041 debug : CVideoPlayer::ProcessVideoData size:385561 dts:1.960 pts:2.085 dur:41.000ms, clock:-0.039 level:17
2024-04-04 18:32:42.655 T:4041 debug : CVideoPlayer::ProcessVideoData size:28809 dts:2.002 pts:2.002 dur:41.000ms, clock:-0.038 level:17
2024-04-04 18:32:42.655 T:4041 debug : CVideoPlayer::ProcessVideoData size:9644 dts:2.044 pts:2.044 dur:41.000ms, clock:-0.038 level:18
2024-04-04 18:32:42.656 T:3985 info : script.plex: Player - AVChange
2024-04-04 18:32:42.656 T:3985 info : script.plex: SeekHandler: onAVChange
2024-04-04 18:32:42.656 T:3985 info : script.plex: SeekDialog: OnAVChange: DPO: 0, offset: 0
2024-04-04 18:32:42.656 T:3985 debug : requested setting (slow_connection) was not found.
2024-04-04 18:32:42.657 T:3985 info : script.plex: Player - AVStarted:
2024-04-04 18:32:42.657 T:3985 info : script.plex: SeekHandler: onAVStarted
2024-04-04 18:32:42.657 T:3985 info : script.plex: SeekDialog: OnAVStarted: DPO: 0, offset: 0
2024-04-04 18:32:42.657 T:3985 info : script.plex: Notification: xbmc Player.OnAVChange {"item":{"title":"Demo Material DV-Profile8-MEL TrueHD","type":"movie"},"player":{"playerid":-1,"speed":1}}
2024-04-04 18:32:42.657 T:3985 info : script.plex: Notification: xbmc Player.OnAVStart {"item":{"title":"Demo Material DV-Profile8-MEL TrueHD","type":"movie"},"player":{"playerid":-1,"speed":1}}
2024-04-04 18:32:42.659 T:4041 debug : CVideoPlayer::ProcessVideoData size:11660 dts:2.085 pts:2.211 dur:41.000ms, clock:-0.035 level:18
2024-04-04 18:32:42.659 T:4041 debug : CVideoPlayer::ProcessVideoData size:9712 dts:2.127 pts:2.127 dur:41.000ms, clock:-0.034 level:19
2024-04-04 18:32:42.660 T:4041 debug : CVideoPlayer::ProcessVideoData size:28923 dts:2.169 pts:2.169 dur:41.000ms, clock:-0.034 level:19
2024-04-04 18:32:42.666 T:4041 debug : CVideoPlayer::ProcessVideoData size:7996 dts:2.211 pts:2.336 dur:41.000ms, clock:-0.027 level:20
2024-04-04 18:32:42.667 T:4041 debug : CVideoPlayer::ProcessVideoData size:9430 dts:2.252 pts:2.252 dur:41.000ms, clock:-0.027 level:20
2024-04-04 18:32:42.671 T:4041 debug : CVideoPlayer::ProcessVideoData size:28640 dts:2.294 pts:2.294 dur:41.000ms, clock:-0.023 level:21
2024-04-04 18:32:42.671 T:4041 debug : CVideoPlayer::ProcessVideoData size:6836 dts:2.336 pts:2.461 dur:41.000ms, clock:-0.023 level:21
2024-04-04 18:32:42.671 T:4041 debug : CVideoPlayer::ProcessVideoData size:9317 dts:2.377 pts:2.377 dur:41.000ms, clock:-0.022 level:22
2024-04-04 18:32:42.674 T:4041 debug : CVideoPlayer::ProcessVideoData size:28528 dts:2.419 pts:2.419 dur:41.000ms, clock:-0.020 level:22
2024-04-04 18:32:42.676 T:4041 debug : CVideoPlayer::ProcessVideoData size:6538 dts:2.461 pts:2.586 dur:41.000ms, clock:-0.017 level:23
2024-04-04 18:32:42.677 T:4041 debug : CVideoPlayer::ProcessVideoData size:9277 dts:2.503 pts:2.503 dur:41.000ms, clock:-0.017 level:23
2024-04-04 18:32:42.677 T:4041 debug : CVideoPlayer::ProcessVideoData size:9297 dts:2.544 pts:2.544 dur:41.000ms, clock:-0.017 level:24
2024-04-04 18:32:42.678 T:4041 debug : CVideoPlayer::ProcessVideoData size:6331 dts:2.586 pts:2.711 dur:41.000ms, clock:-0.015 level:24
2024-04-04 18:32:42.678 T:4041 debug : CVideoPlayer::ProcessVideoData size:28448 dts:2.628 pts:2.628 dur:41.000ms, clock:-0.015 level:25
2024-04-04 18:32:42.678 T:4041 debug : CVideoPlayer::ProcessVideoData size:9287 dts:2.669 pts:2.669 dur:41.000ms, clock:-0.015 level:26
2024-04-04 18:32:42.680 T:4041 debug : CVideoPlayer::ProcessVideoData size:6344 dts:2.711 pts:2.836 dur:41.000ms, clock:-0.014 level:26
2024-04-04 18:32:42.680 T:4041 debug : CVideoPlayer::ProcessVideoData size:9251 dts:2.753 pts:2.753 dur:41.000ms, clock:-0.014 level:27
2024-04-04 18:32:42.687 T:4041 debug : CVideoPlayer::ProcessVideoData size:28464 dts:2.794 pts:2.794 dur:41.000ms, clock:-0.006 level:27
2024-04-04 18:32:42.719 T:4041 debug : CVideoPlayer::ProcessVideoData size:404791 dts:2.836 pts:2.961 dur:41.000ms, clock:0.026 level:28
2024-04-04 18:32:42.719 T:4041 debug : CVideoPlayer::ProcessVideoData size:9623 dts:2.878 pts:2.878 dur:41.000ms, clock:0.026 level:28
2024-04-04 18:32:42.720 T:4041 debug : CVideoPlayer::ProcessVideoData size:9644 dts:2.920 pts:2.920 dur:41.000ms, clock:0.026 level:29
2024-04-04 18:32:42.728 T:3811 info : VideoPlayer: OnLostDisplay received
2024-04-04 18:32:42.728 T:3811 debug : AMLUtils::aml_handle_display_stereo_mode old mode 3doff new mode 3doff
2024-04-04 18:32:42.728 T:4044 debug : CVideoPlayerVideo - CDVDMsg::GENERAL_PAUSE: true
2024-04-04 18:32:42.728 T:3811 debug : AMLUtils::aml_handle_display_stereo_mode - no change needed
2024-04-04 18:32:42.745 T:4041 debug : CVideoPlayer::ProcessVideoData size:243496 dts:2.961 pts:3.086 dur:41.000ms, clock:0.034 level:29
2024-04-04 18:32:43.142 T:3811 debug : AMLUtils::aml_handle_display_stereo_mode old mode 3doff new mode 3doff
2024-04-04 18:32:43.142 T:3811 debug : AMLUtils::aml_handle_display_stereo_mode - no change needed
2024-04-04 18:32:43.143 T:3811 info : GLES: Maximum texture width: 8192
2024-04-04 18:32:43.146 T:3811 info : CAMLCodec::Enable_vadj1 - vadj1 brightness/contrast control got enabled
2024-04-04 18:32:43.147 T:3811 debug : CAMLCodec::SetVideoRect:display(0,0,3840,2160)
2024-04-04 18:32:43.147 T:3811 debug : CAMLCodec::SetVideoRect:gui(0,0,1920,1080)
2024-04-04 18:32:43.147 T:3811 debug : CAMLCodec::SetVideoRect:m_dst_rect(0,0,1920,1080)
2024-04-04 18:32:43.147 T:3811 debug : CAMLCodec::SetVideoRect:dst_rect(0,0,3840,2160)
2024-04-04 18:32:43.147 T:3811 debug : CAMLCodec::SetVideoRect:m_guiStereoMode(0)
2024-04-04 18:32:43.147 T:3811 debug : CAMLCodec::SetVideoRect:m_guiStereoView(0)
2024-04-04 18:32:43.148 T:3811 debug : ------ Window Deinit (DialogBusy.xml) ------
2024-04-04 18:32:43.149 T:3987 info : script.plex: Player: Video window opened
2024-04-04 18:32:43.149 T:3987 info : script.plex: SeekHandler: onVideoWindowOpened - Seeking=0
2024-04-04 18:32:43.150 T:3811 debug : ------ Window Init (/storage/.kodi/addons/script.plexmod/resources/skins/Main/1080i/script-plex-seek_dialog.xml) ------
2024-04-04 18:32:43.150 T:3811 info : Loading skin file: /storage/.kodi/addons/script.plexmod/resources/skins/Main/1080i/script-plex-seek_dialog.xml, load type: LOAD_ON_GUI_INIT
2024-04-04 18:32:43.164 T:3811 debug : [Warning] CGUITextureManager::GetTexturePath: could not find texture '-'
2024-04-04 18:32:43.183 T:3987 info : Skipped 7 duplicate messages..
2024-04-04 18:32:43.183 T:3987 info : script.plex: Audio track is correct index: 0
2024-04-04 18:32:43.185 T:3985 info : script.plex: SeekDialog: onFirstInit
2024-04-04 18:32:43.188 T:3985 debug : requested setting (video_show_repeat) was not found.
2024-04-04 18:32:43.188 T:3985 debug : requested setting (video_show_shuffle) was not found.
2024-04-04 18:32:43.277 T:3985 debug : requested setting (virtual_chapters) was not found.
2024-04-04 18:32:44.018 T:3987 info : script.plex: UpdateNowPlaying: 394422, force: True refreshQueue: False state: None overrideChecks: False time: None
2024-04-04 18:32:44.203 T:4045 error : CDVDAudio::AddPacketsRenderer - timeout adding data to renderer
2024-04-04 18:32:44.203 T:4045 debug : CVideoPlayerAudio - CDVDMsg::GENERAL_PAUSE: true
2024-04-04 18:32:45.270 T:3987 info : script.plex: UpdateNowPlaying: 394422, force: True refreshQueue: False state: None overrideChecks: False time: None
2024-04-04 18:32:45.610 T:4045 error : CDVDAudio::AddPacketsRenderer - timeout adding data to renderer
2024-04-04 18:32:46.521 T:3987 info : script.plex: UpdateNowPlaying: 394422, force: True refreshQueue: False state: None overrideChecks: False time: None
2024-04-04 18:32:46.646 T:3811 info : VideoPlayer: OnResetDisplay received
2024-04-04 18:32:46.646 T:3853 debug : CActiveAE - display reset event
2024-04-04 18:32:46.646 T:4044 debug : CVideoPlayerVideo - CDVDMsg::GENERAL_PAUSE: false
2024-04-04 18:32:46.647 T:3854 info : CActiveAESink::OpenSink - initialize sink
2024-04-04 18:32:46.647 T:3854 debug : CActiveAESink::OpenSink - trying to open device ALSA:hdmi:CARD=AMLAUGESOUND,DEV=0
2024-04-04 18:32:46.647 T:3854 info : CAESinkALSA::Initialize - Configure simple control for "AUGESOUND"
2024-04-04 18:32:46.647 T:3854 info : CAESinkALSA - Use card "hw:0" and set codec format "TrueHD"
2024-04-04 18:32:46.650 T:4044 debug : CVideoPlayerVideo - CDVDMsg::DEMUXER_PACKET - checking interlace vfmt: null
2024-04-04 18:32:46.652 T:3983 debug : OnAVChange: CApplication::OnAVChange
2024-04-04 18:32:46.652 T:4041 debug : Readrate 6292000 was too low with 11146399 required
2024-04-04 18:32:46.652 T:4041 debug : CVideoPlayer::ProcessVideoData size:29020 dts:3.003 pts:3.003 dur:41.000ms, clock:0.041 level:29
2024-04-04 18:32:46.653 T:4041 debug : CVideoPlayer::ProcessVideoData size:51687 dts:3.045 pts:3.045 dur:41.000ms, clock:0.041 level:29
2024-04-04 18:32:46.657 T:4041 debug : CVideoPlayer::ProcessVideoData size:231938 dts:3.086 pts:3.212 dur:41.000ms, clock:0.045 level:29
2024-04-04 18:32:46.657 T:4041 debug : CVideoPlayer::ProcessVideoData size:60990 dts:3.128 pts:3.128 dur:41.000ms, clock:0.045 level:30
2024-04-04 18:32:46.661 T:4044 debug : CVideoPlayerVideo::OutputPicture - ttd:284ms pts:0.334 Clock:0.049 Level:1
2024-04-04 18:32:46.662 T:4041 debug : CVideoPlayer::ProcessVideoData size:78629 dts:3.170 pts:3.170 dur:41.000ms, clock:0.050 level:30
2024-04-04 18:32:46.663 T:4041 debug : CVideoPlayer::ProcessVideoData size:218700 dts:3.212 pts:3.337 dur:41.000ms, clock:0.051 level:30
2024-04-04 18:32:46.663 T:4044 debug : CVideoPlayerVideo::OutputPicture - ttd:323ms pts:0.375 Clock:0.051 Level:2
2024-04-04 18:32:46.663 T:4041 debug : CVideoPlayer::ProcessVideoData size:52622 dts:3.253 pts:3.253 dur:41.000ms, clock:0.052 level:31
2024-04-04 18:32:46.665 T:4044 debug : CVideoPlayerVideo::OutputPicture - ttd:364ms pts:0.417 Clock:0.053 Level:3
2024-04-04 18:32:46.666 T:4044 debug : CVideoPlayerVideo::OutputPicture - ttd:404ms pts:0.459 Clock:0.054 Level:4
2024-04-04 18:32:46.667 T:4041 debug : CVideoPlayer::ProcessVideoData size:48016 dts:3.295 pts:3.295 dur:41.000ms, clock:0.055 level:31
2024-04-04 18:32:46.668 T:4044 debug : CVideoPlayerVideo::OutputPicture - ttd:444ms pts:0.501 Clock:0.056 Level:5
2024-04-04 18:32:46.669 T:4044 debug : CVideoPlayerVideo::OutputPicture - ttd:484ms pts:0.542 Clock:0.058 Level:6
2024-04-04 18:32:46.672 T:4041 debug : CVideoPlayer::ProcessVideoData size:224330 dts:3.337 pts:3.462 dur:41.000ms, clock:0.060 level:32
2024-04-04 18:32:46.673 T:4041 debug : CVideoPlayer::ProcessVideoData size:68244 dts:3.378 pts:3.378 dur:41.000ms, clock:0.061 level:32
2024-04-04 18:32:46.673 T:4041 debug : CVideoPlayer::ProcessVideoData size:50453 dts:3.420 pts:3.420 dur:41.000ms, clock:0.061 level:33
2024-04-04 18:32:46.677 T:4041 debug : CVideoPlayer::ProcessVideoData size:209824 dts:3.462 pts:3.587 dur:41.000ms, clock:0.066 level:33
2024-04-04 18:32:46.678 T:4041 debug : CVideoPlayer::ProcessVideoData size:59203 dts:3.504 pts:3.504 dur:41.000ms, clock:0.066 level:34
2024-04-04 18:32:46.678 T:4041 debug : CVideoPlayer::ProcessVideoData size:71222 dts:3.545 pts:3.545 dur:41.000ms, clock:0.066 level:34
2024-04-04 18:32:46.679 T:4041 debug : CVideoPlayer::ProcessVideoData size:192917 dts:3.587 pts:3.712 dur:41.000ms, clock:0.067 level:35
2024-04-04 18:32:46.679 T:4041 debug : CVideoPlayer::ProcessVideoData size:74213 dts:3.629 pts:3.629 dur:41.000ms, clock:0.067 level:35
2024-04-04 18:32:46.680 T:4041 debug : CVideoPlayer::ProcessVideoData size:60010 dts:3.670 pts:3.670 dur:41.000ms, clock:0.068 level:36
2024-04-04 18:32:46.680 T:4041 debug : CVideoPlayer::ProcessVideoData size:174302 dts:3.712 pts:3.754 dur:41.000ms, clock:0.069 level:36
2024-04-04 18:32:46.681 T:4041 debug : CVideoPlayer::ProcessVideoData size:159182 dts:3.754 pts:3.795 dur:41.000ms, clock:0.070 level:37
2024-04-04 18:32:46.682 T:4041 debug : CVideoPlayer::ProcessVideoData size:32998 dts:3.795 pts:3.837 dur:41.000ms, clock:0.070 level:38
2024-04-04 18:32:46.683 T:4041 debug : CVideoPlayer::ProcessVideoData size:2162 dts:3.837 pts:3.962 dur:41.000ms, clock:0.071 level:38
2024-04-04 18:32:46.683 T:4041 debug : CVideoPlayer::ProcessVideoData size:28008 dts:3.879 pts:3.879 dur:41.000ms, clock:0.071 level:39
2024-04-04 18:32:46.683 T:4041 debug : CVideoPlayer::ProcessVideoData size:28000 dts:3.921 pts:3.921 dur:41.000ms, clock:0.071 level:39
2024-04-04 18:32:46.684 T:4041 debug : CVideoPlayer::ProcessVideoData size:1370 dts:3.962 pts:4.087 dur:41.000ms, clock:0.072 level:40
2024-04-04 18:32:46.684 T:4041 debug : CVideoPlayer::ProcessVideoData size:27880 dts:4.004 pts:4.004 dur:41.000ms, clock:0.072 level:40
2024-04-04 18:32:46.685 T:4041 debug : CVideoPlayer::ProcessVideoData size:27957 dts:4.046 pts:4.046 dur:41.000ms, clock:0.073 level:41
2024-04-04 18:32:46.685 T:3854 info : CAESinkALSA - Set Spdif to HDMITX to "Spdif_b"
2024-04-04 18:32:46.685 T:4041 debug : CVideoPlayer::ProcessVideoData size:1338 dts:4.087 pts:4.213 dur:41.000ms, clock:0.073 level:41
2024-04-04 18:32:46.685 T:3854 info : CAESinkALSA - Set codec for "Audio spdif_b format"
2024-04-04 18:32:46.685 T:3854 info : CAESinkALSA - Set codec for "Audio spdif format"
2024-04-04 18:32:46.685 T:4041 debug : CVideoPlayer::ProcessVideoData size:27942 dts:4.129 pts:4.129 dur:41.000ms, clock:0.073 level:42
2024-04-04 18:32:46.685 T:3854 info : CAESinkALSA::Initialize - Attempting to open device "hdmi:CARD=AMLAUGESOUND,DEV=0"
2024-04-04 18:32:46.686 T:4041 debug : CVideoPlayer::ProcessVideoData size:27976 dts:4.171 pts:4.171 dur:41.000ms, clock:0.074 level:42
2024-04-04 18:32:46.687 T:4041 debug : CVideoPlayer::ProcessVideoData size:1381 dts:4.213 pts:4.338 dur:41.000ms, clock:0.075 level:43
2024-04-04 18:32:46.687 T:4041 debug : CVideoPlayer::ProcessVideoData size:27937 dts:4.254 pts:4.254 dur:41.000ms, clock:0.075 level:43
2024-04-04 18:32:46.687 T:4041 debug : CVideoPlayer::ProcessVideoData size:27638 dts:4.296 pts:4.296 dur:41.000ms, clock:0.075 level:44
2024-04-04 18:32:46.688 T:4041 debug : CVideoPlayer::ProcessVideoData size:1356 dts:4.338 pts:4.463 dur:41.000ms, clock:0.076 level:44
2024-04-04 18:32:46.688 T:4041 debug : CVideoPlayer::ProcessVideoData size:27642 dts:4.379 pts:4.379 dur:41.000ms, clock:0.076 level:45
2024-04-04 18:32:46.688 T:4041 debug : CVideoPlayer::ProcessVideoData size:8560 dts:4.421 pts:4.421 dur:41.000ms, clock:0.076 level:45
2024-04-04 18:32:46.689 T:4041 debug : CVideoPlayer::ProcessVideoData size:228262 dts:4.463 pts:4.588 dur:41.000ms, clock:0.078 level:46
2024-04-04 18:32:46.690 T:4041 debug : CVideoPlayer::ProcessVideoData size:8518 dts:4.505 pts:4.505 dur:41.000ms, clock:0.078 level:46
2024-04-04 18:32:46.691 T:4041 debug : CVideoPlayer::ProcessVideoData size:64030 dts:4.546 pts:4.546 dur:41.000ms, clock:0.079 level:47
2024-04-04 18:32:46.693 T:4041 debug : CVideoPlayer::ProcessVideoData size:648635 dts:4.588 pts:4.713 dur:41.000ms, clock:0.081 level:47
2024-04-04 18:32:46.693 T:4041 debug : CVideoPlayer::ProcessVideoData size:243528 dts:4.630 pts:4.630 dur:41.000ms, clock:0.082 level:48
2024-04-04 18:32:46.694 T:4041 debug : CVideoPlayer::ProcessVideoData size:223388 dts:4.671 pts:4.671 dur:41.000ms, clock:0.082 level:48
2024-04-04 18:32:46.696 T:4041 debug : CVideoPlayer::ProcessVideoData size:432779 dts:4.713 pts:4.755 dur:41.000ms, clock:0.084 level:49
2024-04-04 18:32:46.696 T:3854 info : CAESinkALSA::Initialize - Opened device "hdmi:CARD=AMLAUGESOUND,DEV=0,AES0=0x06,AES1=0x82,AES2=0x00,AES3=0x09"
2024-04-04 18:32:46.696 T:3854 debug : CAESinkALSA::InitializeHW - Request: periodSize 4096, bufferSize 16384
2024-04-04 18:32:46.697 T:4041 debug : CVideoPlayer::ProcessVideoData size:453578 dts:4.755 pts:4.796 dur:41.000ms, clock:0.085 level:50
2024-04-04 18:32:46.697 T:3854 debug : CAESinkALSA::InitializeHW - Got: periodSize 4096, bufferSize 16384
2024-04-04 18:32:46.697 T:3854 debug : CAESinkALSA::InitializeHW - Setting timeout to 86 ms
2024-04-04 18:32:46.698 T:3854 debug : CAESinkALSA::GetChannelLayout - Input Channel Count: 8 Output Channel Count: 8
2024-04-04 18:32:46.698 T:3854 debug : CAESinkALSA::GetChannelLayout - Requested Layout: RAW, RAW, RAW, RAW, RAW, RAW, RAW, RAW
2024-04-04 18:32:46.698 T:3854 debug : CAESinkALSA::GetChannelLayout - Got Layout: RAW, RAW, RAW, RAW, RAW, RAW, RAW, RAW (ALSA: none)
2024-04-04 18:32:46.698 T:3854 debug : CActiveAESink::OpenSink - ALSA Initialized:
2024-04-04 18:32:46.698 T:3854 debug : Output Device : AML-AUGESOUND
2024-04-04 18:32:46.698 T:3854 debug : Sample Rate : 192000
2024-04-04 18:32:46.698 T:3854 debug : Sample Format : AE_FMT_S16NE
2024-04-04 18:32:46.698 T:3854 debug : Channel Count : 8
2024-04-04 18:32:46.698 T:3854 debug : Channel Layout: RAW, RAW, RAW, RAW, RAW, RAW, RAW, RAW
2024-04-04 18:32:46.698 T:3854 debug : Frames : 4096
2024-04-04 18:32:46.698 T:3854 debug : Frame Size : 16
2024-04-04 18:32:46.699 T:4041 debug : CVideoPlayer::ProcessVideoData size:737518 dts:4.796 pts:4.838 dur:41.000ms, clock:0.088 level:50
2024-04-04 18:32:46.703 T:4041 debug : CVideoPlayer::ProcessVideoData size:936645 dts:4.838 pts:4.963 dur:41.000ms, clock:0.091 level:51
2024-04-04 18:32:46.703 T:3853 debug : CActiveAE::ClearDiscardedBuffers - buffer pool deleted
2024-04-04 18:32:46.704 T:4041 debug : CVideoPlayer::ProcessVideoData size:274901 dts:4.880 pts:4.880 dur:41.000ms, clock:0.092 level:51
2024-04-04 18:32:46.704 T:3853 debug : CActiveAE::ClearDiscardedBuffers - buffer pool deleted
2024-04-04 18:32:46.704 T:4045 info : Skipped 1 duplicate messages..
2024-04-04 18:32:46.704 T:4045 debug : CVideoPlayerAudio - CDVDMsg::GENERAL_PAUSE: false
2024-04-04 18:32:46.704 T:4045 info : CVideoPlayerAudio: display reset occurred, checking for passthrough
2024-04-04 18:32:46.705 T:4045 debug : CDVDAudioCodecPassthrough::Open - passthrough output device is IEC
2024-04-04 18:32:46.705 T:3853 debug : ActiveAE::SyncStream - average error of 0.413742, start adjusting
2024-04-04 18:32:46.705 T:3853 debug : ActiveAE::SyncStream - average error 0.413742 below threshold of 30.000000
2024-04-04 18:32:46.706 T:4041 debug : CVideoPlayer::ProcessVideoData size:371170 dts:4.922 pts:4.922 dur:41.000ms, clock:0.094 level:52
2024-04-04 18:32:46.723 T:3985 info : script.plex: Player - AVChange
2024-04-04 18:32:46.724 T:3985 info : script.plex: SeekHandler: onAVChange
2024-04-04 18:32:46.724 T:3985 info : script.plex: SeekDialog: OnAVChange: DPO: 0, offset: -99
2024-04-04 18:32:46.724 T:3985 debug : requested setting (slow_connection) was not found.
2024-04-04 18:32:46.724 T:3985 info : script.plex: Notification: xbmc Player.OnAVChange {"item":{"title":"Demo Material DV-Profile8-MEL TrueHD","type":"movie"},"player":{"playerid":-1,"speed":1}}
2024-04-04 18:32:46.734 T:4044 debug : CVideoPlayerVideo::OutputPicture - ttd:525ms pts:0.584 Clock:0.059 Level:6
2024-04-04 18:32:46.741 T:4044 debug : CVideoPlayerVideo - CDVDMsg::DEMUXER_PACKET - checking interlace vfmt: null
2024-04-04 18:32:46.746 T:4041 debug : CVideoPlayer::ProcessVideoData size:1065348 dts:4.963 pts:5.088 dur:41.000ms, clock:0.134 level:51
2024-04-04 18:32:46.766 T:4041 debug : CVideoPlayer::ProcessVideoData size:378522 dts:5.005 pts:5.005 dur:41.000ms, clock:0.155 level:52
2024-04-04 18:32:46.786 T:4044 debug : CVideoPlayerVideo::OutputPicture - ttd:464ms pts:0.626 Clock:0.161 Level:6
2024-04-04 18:32:46.790 T:4041 debug : CVideoPlayer::ProcessVideoData size:383900 dts:5.047 pts:5.047 dur:41.000ms, clock:0.178 level:52
2024-04-04 18:32:46.856 T:4041 debug : CVideoPlayer::ProcessVideoData size:1000888 dts:5.088 pts:5.214 dur:41.000ms, clock:0.244 level:53
2024-04-04 18:32:46.859 T:4044 debug : CVideoPlayerVideo::OutputPicture - ttd:419ms pts:0.667 Clock:0.248 Level:6
2024-04-04 18:32:46.884 T:4041 debug : CVideoPlayer::ProcessVideoData size:330306 dts:5.130 pts:5.130 dur:41.000ms, clock:0.272 level:52
2024-04-04 18:32:46.898 T:4044 debug : CVideoPlayerVideo::OutputPicture - ttd:423ms pts:0.709 Clock:0.286 Level:6
2024-04-04 18:32:46.904 T:4041 debug : CVideoPlayer::ProcessVideoData size:321839 dts:5.172 pts:5.172 dur:41.000ms, clock:0.292 level:52
2024-04-04 18:32:46.942 T:4044 debug : CVideoPlayerVideo::OutputPicture - ttd:420ms pts:0.751 Clock:0.330 Level:6
2024-04-04 18:32:46.960 T:4041 debug : CVideoPlayer::ProcessVideoData size:1020735 dts:5.214 pts:5.339 dur:41.000ms, clock:0.349 level:53
2024-04-04 18:32:46.981 T:4044 debug : CVideoPlayerVideo::OutputPicture - ttd:422ms pts:0.792 Clock:0.369 Level:6
2024-04-04 18:32:46.991 T:4041 debug : CVideoPlayer::ProcessVideoData size:347320 dts:5.255 pts:5.255 dur:41.000ms, clock:0.379 level:53
2024-04-04 18:32:47.010 T:4041 debug : CVideoPlayer::ProcessVideoData size:322634 dts:5.297 pts:5.297 dur:41.000ms, clock:0.398 level:52
2024-04-04 18:32:47.024 T:4044 debug : CVideoPlayerVideo::OutputPicture - ttd:421ms pts:0.834 Clock:0.412 Level:6
2024-04-04 18:32:47.066 T:4044 debug : CVideoPlayerVideo::OutputPicture - ttd:423ms pts:0.876 Clock:0.453 Level:6
2024-04-04 18:32:47.091 T:4041 debug : CVideoPlayer::ProcessVideoData size:1024950 dts:5.339 pts:5.464 dur:41.000ms, clock:0.480 level:53
2024-04-04 18:32:47.108 T:4044 debug : CVideoPlayerVideo::OutputPicture - ttd:422ms pts:0.918 Clock:0.496 Level:6
2024-04-04 18:32:47.125 T:4041 debug : CVideoPlayer::ProcessVideoData size:330349 dts:5.380 pts:5.380 dur:41.000ms, clock:0.513 level:49
2024-04-04 18:32:47.144 T:4041 debug : CVideoPlayer::ProcessVideoData size:342015 dts:5.422 pts:5.422 dur:41.000ms, clock:0.532 level:49
2024-04-04 18:32:47.149 T:4044 debug : CVideoPlayerVideo::OutputPicture - ttd:421ms pts:0.959 Clock:0.537 Level:6
2024-04-04 18:32:47.192 T:4044 debug : CVideoPlayerVideo::OutputPicture - ttd:420ms pts:1.001 Clock:0.580 Level:6
2024-04-04 18:32:47.214 T:4041 debug : CVideoPlayer::ProcessVideoData size:1037412 dts:5.464 pts:5.589 dur:41.000ms, clock:0.602 level:45
2024-04-04 18:32:47.231 T:4041 debug : CVideoPlayer::ProcessVideoData size:332022 dts:5.506 pts:5.506 dur:41.000ms, clock:0.620 level:46
2024-04-04 18:32:47.239 T:4044 debug : CVideoPlayerVideo::OutputPicture - ttd:416ms pts:1.043 Clock:0.627 Level:5
2024-04-04 18:32:47.254 T:4041 debug : CVideoPlayer::ProcessVideoData size:340463 dts:5.547 pts:5.547 dur:41.000ms, clock:0.643 level:44
2024-04-04 18:32:47.274 T:4044 debug : CVideoPlayerVideo::OutputPicture - ttd:421ms pts:1.084 Clock:0.662 Level:6
2024-04-04 18:32:47.316 T:4044 debug : CVideoPlayerVideo::OutputPicture - ttd:421ms pts:1.126 Clock:0.704 Level:6
2024-04-04 18:32:47.356 T:4044 debug : CVideoPlayerVideo::OutputPicture - ttd:423ms pts:1.168 Clock:0.745 Level:6
2024-04-04 18:32:47.363 T:4041 debug : CVideoPlayer::ProcessVideoData size:1594476 dts:5.589 pts:5.714 dur:41.000ms, clock:0.751 level:45
2024-04-04 18:32:47.395 T:4041 debug : CVideoPlayer::ProcessVideoData size:318594 dts:5.631 pts:5.631 dur:41.000ms, clock:0.783 level:45
2024-04-04 18:32:47.399 T:4044 debug : CVideoPlayerVideo::OutputPicture - ttd:422ms pts:1.210 Clock:0.787 Level:6
2024-04-04 18:32:47.422 T:4041 debug : CVideoPlayer::ProcessVideoData size:316175 dts:5.672 pts:5.672 dur:41.000ms, clock:0.811 level:45
2024-04-04 18:32:47.441 T:4044 debug : CVideoPlayerVideo::OutputPicture - ttd:421ms pts:1.251 Clock:0.829 Level:6
2024-04-04 18:32:47.482 T:4044 debug : CVideoPlayerVideo::OutputPicture - ttd:422ms pts:1.293 Clock:0.870 Level:6
2024-04-04 18:32:47.500 T:4041 debug : CVideoPlayer::ProcessVideoData size:983062 dts:5.714 pts:5.839 dur:41.000ms, clock:0.888 level:45
2024-04-04 18:32:47.524 T:4044 debug : CVideoPlayerVideo::OutputPicture - ttd:422ms pts:1.335 Clock:0.913 Level:6
2024-04-04 18:32:47.531 T:4041 debug : CVideoPlayer::ProcessVideoData size:328349 dts:5.756 pts:5.756 dur:41.000ms, clock:0.919 level:45
2024-04-04 18:32:47.549 T:4041 debug : CVideoPlayer::ProcessVideoData size:340961 dts:5.797 pts:5.797 dur:41.000ms, clock:0.938 level:45
2024-04-04 18:32:47.566 T:4044 debug : CVideoPlayerVideo::OutputPicture - ttd:421ms pts:1.376 Clock:0.954 Level:6
2024-04-04 18:32:47.608 T:4044 debug : CVideoPlayerVideo::OutputPicture - ttd:421ms pts:1.418 Clock:0.996 Level:6
2024-04-04 18:32:47.633 T:4041 debug : CVideoPlayer::ProcessVideoData size:1006407 dts:5.839 pts:5.964 dur:41.000ms, clock:1.022 level:45
2024-04-04 18:32:47.650 T:4044 debug : CVideoPlayerVideo::OutputPicture - ttd:422ms pts:1.460 Clock:1.038 Level:6
2024-04-04 18:32:47.665 T:4041 debug : CVideoPlayer::ProcessVideoData size:330310 dts:5.881 pts:5.881 dur:41.000ms, clock:1.053 level:45
2024-04-04 18:32:47.691 T:4044 debug : CVideoPlayerVideo::OutputPicture - ttd:422ms pts:1.502 Clock:1.080 Level:6
2024-04-04 18:32:47.697 T:4041 debug : CVideoPlayer::ProcessVideoData size:342201 dts:5.923 pts:5.923 dur:41.000ms, clock:1.085 level:45
2024-04-04 18:32:47.732 T:4044 debug : CVideoPlayerVideo::OutputPicture - ttd:422ms pts:1.543 Clock:1.121 Level:6
2024-04-04 18:32:47.755 T:4041 debug : CVideoPlayer::ProcessVideoData size:1042647 dts:5.964 pts:6.089 dur:41.000ms, clock:1.144 level:45
2024-04-04 18:32:47.768 T:4041 debug : CVideoPlayer::ProcessVideoData size:306692 dts:6.006 pts:6.006 dur:41.000ms, clock:1.157 level:46
2024-04-04 18:32:47.775 T:4044 debug : CVideoPlayerVideo::OutputPicture - ttd:422ms pts:1.585 Clock:1.163 Level:6
2024-04-04 18:32:47.776 T:3987 info : script.plex: UpdateNowPlaying: 394422, force: True refreshQueue: False state: None overrideChecks: False time: None
2024-04-04 18:32:47.792 T:4041 debug : CVideoPlayer::ProcessVideoData size:299376 dts:6.048 pts:6.048 dur:41.000ms, clock:1.181 level:45
2024-04-04 18:32:47.816 T:4044 debug : CVideoPlayerVideo::OutputPicture - ttd:422ms pts:1.627 Clock:1.205 Level:6
2024-04-04 18:32:47.857 T:4044 debug : CVideoPlayerVideo::OutputPicture - ttd:422ms pts:1.668 Clock:1.245 Level:6
2024-04-04 18:32:47.866 T:4041 debug : CVideoPlayer::ProcessVideoData size:999771 dts:6.089 pts:6.215 dur:41.000ms, clock:1.255 level:45
2024-04-04 18:32:47.881 T:4041 debug : CVideoPlayer::ProcessVideoData size:330602 dts:6.131 pts:6.131 dur:41.000ms, clock:1.270 level:46
2024-04-04 18:32:47.896 T:4041 debug : CVideoPlayer::ProcessVideoData size:302346 dts:6.173 pts:6.173 dur:41.000ms, clock:1.285 level:46
2024-04-04 18:32:47.899 T:4044 debug : CVideoPlayerVideo::OutputPicture - ttd:423ms pts:1.710 Clock:1.287 Level:6
2024-04-04 18:32:47.941 T:4044 debug : CVideoPlayerVideo::OutputPicture - ttd:422ms pts:1.752 Clock:1.329 Level:6
2024-04-04 18:32:47.969 T:4041 debug : CVideoPlayer::ProcessVideoData size:1009279 dts:6.215 pts:6.340 dur:41.000ms, clock:1.357 level:45
2024-04-04 18:32:47.982 T:4044 debug : CVideoPlayerVideo::OutputPicture - ttd:422ms pts:1.793 Clock:1.370 Level:6
2024-04-04 18:32:47.993 T:4041 debug : CVideoPlayer::ProcessVideoData size:316664 dts:6.256 pts:6.256 dur:41.000ms, clock:1.381 level:46
2024-04-04 18:32:48.011 T:4041 debug : CVideoPlayer::ProcessVideoData size:322351 dts:6.298 pts:6.298 dur:41.000ms, clock:1.400 level:46
2024-04-04 18:32:48.025 T:4044 debug : CVideoPlayerVideo::OutputPicture - ttd:421ms pts:1.835 Clock:1.413 Level:6
2024-04-04 18:32:48.067 T:4044 debug : CVideoPlayerVideo::OutputPicture - ttd:421ms pts:1.877 Clock:1.456 Level:6
2024-04-04 18:32:48.088 T:4041 debug : CVideoPlayer::ProcessVideoData size:1032425 dts:6.340 pts:6.465 dur:41.000ms, clock:1.477 level:46
2024-04-04 18:32:48.109 T:4044 debug : CVideoPlayerVideo::OutputPicture - ttd:422ms pts:1.919 Clock:1.497 Level:6
2024-04-04 18:32:48.113 T:4041 debug : CVideoPlayer::ProcessVideoData size:319390 dts:6.381 pts:6.381 dur:41.000ms, clock:1.501 level:46
2024-04-04 18:32:48.134 T:4041 debug : CVideoPlayer::ProcessVideoData size:305610 dts:6.423 pts:6.423 dur:41.000ms, clock:1.523 level:44
2024-04-04 18:32:48.148 T:4044 debug : CVideoPlayerVideo::OutputPicture - ttd:423ms pts:1.960 Clock:1.536 Level:6
2024-04-04 18:32:48.192 T:4044 debug : CVideoPlayerVideo::OutputPicture - ttd:421ms pts:2.002 Clock:1.580 Level:6
2024-04-04 18:32:48.234 T:4044 debug : CVideoPlayerVideo::OutputPicture - ttd:422ms pts:2.044 Clock:1.622 Level:6
2024-04-04 18:32:48.247 T:4041 debug : CVideoPlayer::ProcessVideoData size:1639363 dts:6.465 pts:6.590 dur:41.000ms, clock:1.636 level:45
2024-04-04 18:32:48.271 T:4041 debug : CVideoPlayer::ProcessVideoData size:316893 dts:6.507 pts:6.507 dur:41.000ms, clock:1.660 level:45
2024-04-04 18:32:48.275 T:4044 debug : CVideoPlayerVideo::OutputPicture - ttd:421ms pts:2.085 Clock:1.663 Level:6
2024-04-04 18:32:48.292 T:4041 debug : CVideoPlayer::ProcessVideoData size:289955 dts:6.548 pts:6.548 dur:41.000ms, clock:1.680 level:46
2024-04-04 18:32:48.316 T:4044 debug : CVideoPlayerVideo::OutputPicture - ttd:422ms pts:2.127 Clock:1.704 Level:6
2024-04-04 18:32:48.347 T:4041 debug : CVideoPlayer::ProcessVideoData size:921565 dts:6.590 pts:6.715 dur:41.000ms, clock:1.736 level:46
2024-04-04 18:32:48.358 T:4044 debug : CVideoPlayerVideo::OutputPicture - ttd:422ms pts:2.169 Clock:1.746 Level:6
2024-04-04 18:32:48.378 T:4041 debug : CVideoPlayer::ProcessVideoData size:302614 dts:6.632 pts:6.632 dur:41.000ms, clock:1.766 level:46
2024-04-04 18:32:48.394 T:4041 debug : CVideoPlayer::ProcessVideoData size:313239 dts:6.673 pts:6.673 dur:41.000ms, clock:1.782 level:47
2024-04-04 18:32:48.398 T:4044 debug : CVideoPlayerVideo::OutputPicture - ttd:424ms pts:2.211 Clock:1.787 Level:6
2024-04-04 18:32:48.442 T:4044 debug : CVideoPlayerVideo::OutputPicture - ttd:421ms pts:2.252 Clock:1.831 Level:6
2024-04-04 18:32:48.455 T:4041 debug : CVideoPlayer::ProcessVideoData size:943930 dts:6.715 pts:6.840 dur:41.000ms, clock:1.844 level:46
2024-04-04 18:32:48.480 T:4041 debug : CVideoPlayer::ProcessVideoData size:306006 dts:6.757 pts:6.757 dur:41.000ms, clock:1.868 level:47
2024-04-04 18:32:48.484 T:4044 debug : CVideoPlayerVideo::OutputPicture - ttd:421ms pts:2.294 Clock:1.872 Level:6
2024-04-04 18:32:48.509 T:4041 debug : CVideoPlayer::ProcessVideoData size:296855 dts:6.798 pts:6.798 dur:41.000ms, clock:1.897 level:47
2024-04-04 18:32:48.523 T:4044 debug : CVideoPlayerVideo::OutputPicture - ttd:424ms pts:2.336 Clock:1.912 Level:6
2024-04-04 18:32:48.567 T:4044 debug : CVideoPlayerVideo::OutputPicture - ttd:421ms pts:2.377 Clock:1.955 Level:6
2024-04-04 18:32:48.581 T:4041 debug : CVideoPlayer::ProcessVideoData size:851564 dts:6.840 pts:6.965 dur:41.000ms, clock:1.969 level:48
2024-04-04 18:32:48.599 T:4041 debug : CVideoPlayer::ProcessVideoData size:285637 dts:6.882 pts:6.882 dur:41.000ms, clock:1.988 level:48
2024-04-04 18:32:48.610 T:4044 debug : CVideoPlayerVideo::OutputPicture - ttd:421ms pts:2.419 Clock:1.998 Level:6
2024-04-04 18:32:48.645 T:4041 debug : CVideoPlayer::ProcessVideoData size:279656 dts:6.924 pts:6.924 dur:41.000ms, clock:2.033 level:49
2024-04-04 18:32:48.650 T:4044 debug : CVideoPlayerVideo::OutputPicture - ttd:422ms pts:2.461 Clock:2.038 Level:6
2024-04-04 18:32:48.692 T:4044 debug : CVideoPlayerVideo::OutputPicture - ttd:423ms pts:2.503 Clock:2.080 Level:6
2024-04-04 18:32:48.713 T:4041 debug : CVideoPlayer::ProcessVideoData size:865967 dts:6.965 pts:7.090 dur:41.000ms, clock:2.101 level:50
2024-04-04 18:32:48.734 T:4044 debug : CVideoPlayerVideo::OutputPicture - ttd:421ms pts:2.544 Clock:2.122 Level:6
2024-04-04 18:32:48.740 T:4041 debug : CVideoPlayer::ProcessVideoData size:306528 dts:7.007 pts:7.007 dur:41.000ms, clock:2.128 level:50
2024-04-04 18:32:48.762 T:4041 debug : CVideoPlayer::ProcessVideoData size:278938 dts:7.049 pts:7.049 dur:41.000ms, clock:2.151 level:51
2024-04-04 18:32:48.774 T:4044 debug : CVideoPlayerVideo::OutputPicture - ttd:423ms pts:2.586 Clock:2.162 Level:6
2024-04-04 18:32:48.817 T:4044 debug : CVideoPlayerVideo::OutputPicture - ttd:422ms pts:2.628 Clock:2.206 Level:6
2024-04-04 18:32:48.819 T:3811 debug : CheckIdle - Closing session to https://192-168-0-6.1bfef040b1f9411a9464dbec34658ae7.plex.direct (easy=0x352f640, multi=0x32f9c88)
2024-04-04 18:32:48.824 T:4041 debug : CVideoPlayer::ProcessVideoData size:873973 dts:7.090 pts:7.216 dur:41.000ms, clock:2.212 level:51
2024-04-04 18:32:48.829 T:3811 debug : CheckIdle - Closing session to https://192-168-0-6.1bfef040b1f9411a9464dbec34658ae7.plex.direct (easy=0xe5115c90, multi=0xe53e5f30)
2024-04-04 18:32:48.838 T:3811 debug : CheckIdle - Closing session to https://192-168-0-6.1bfef040b1f9411a9464dbec34658ae7.plex.direct (easy=0xdf807100, multi=0xdf867ee8)
2024-04-04 18:32:48.841 T:4041 debug : CVideoPlayer::ProcessVideoData size:288449 dts:7.132 pts:7.132 dur:41.000ms, clock:2.229 level:52
2024-04-04 18:32:48.860 T:4044 debug : CVideoPlayerVideo::OutputPicture - ttd:421ms pts:2.669 Clock:2.248 Level:6
2024-04-04 18:32:48.860 T:4041 debug : CVideoPlayer::ProcessVideoData size:301622 dts:7.174 pts:7.174 dur:41.000ms, clock:2.248 level:52
2024-04-04 18:32:48.902 T:4044 debug : CVideoPlayerVideo::OutputPicture - ttd:420ms pts:2.711 Clock:2.290 Level:6
2024-04-04 18:32:48.943 T:4044 debug : CVideoPlayerVideo::OutputPicture - ttd:422ms pts:2.753 Clock:2.331 Level:6
2024-04-04 18:32:48.944 T:4041 debug : CVideoPlayer::ProcessVideoData size:887712 dts:7.216 pts:7.341 dur:41.000ms, clock:2.332 level:53
2024-04-04 18:32:48.959 T:4041 debug : CVideoPlayer::ProcessVideoData size:287670 dts:7.257 pts:7.257 dur:41.000ms, clock:2.347 level:53
2024-04-04 18:32:48.973 T:4041 debug : CVideoPlayer::ProcessVideoData size:282410 dts:7.299 pts:7.299 dur:41.000ms, clock:2.361 level:54
2024-04-04 18:32:48.983 T:4044 debug : CVideoPlayerVideo::OutputPicture - ttd:423ms pts:2.794 Clock:2.371 Level:6
2024-04-04 18:32:49.026 T:4044 debug : CVideoPlayerVideo::OutputPicture - ttd:421ms pts:2.836 Clock:2.415 Level:6
2024-04-04 18:32:49.070 T:3987 info : script.plex: UpdateNowPlaying: 394422, force: True refreshQueue: False state: None overrideChecks: False time: None
2024-04-04 18:32:49.071 T:4044 debug : CVideoPlayerVideo::OutputPicture - ttd:418ms pts:2.878 Clock:2.460 Level:6
2024-04-04 18:32:49.092 T:4041 debug : CVideoPlayer::ProcessVideoData size:1642480 dts:7.341 pts:7.466 dur:41.000ms, clock:2.481 level:52
2024-04-04 18:32:49.108 T:4044 debug : CVideoPlayerVideo::OutputPicture - ttd:423ms pts:2.920 Clock:2.496 Level:6
2024-04-04 18:32:49.111 T:4041 debug : CVideoPlayer::ProcessVideoData size:264493 dts:7.382 pts:7.382 dur:41.000ms, clock:2.499 level:53
2024-04-04 18:32:49.127 T:4041 debug : CVideoPlayer::ProcessVideoData size:253515 dts:7.424 pts:7.424 dur:41.000ms, clock:2.515 level:52
2024-04-04 18:32:49.151 T:4044 debug : CVideoPlayerVideo::OutputPicture - ttd:421ms pts:2.961 Clock:2.539 Level:6
2024-04-04 18:32:49.178 T:4041 debug : CVideoPlayer::ProcessVideoData size:761465 dts:7.466 pts:7.591 dur:41.000ms, clock:2.566 level:53
2024-04-04 18:32:49.193 T:4044 debug : CVideoPlayerVideo::OutputPicture - ttd:421ms pts:3.003 Clock:2.581 Level:6
2024-04-04 18:32:49.196 T:4041 debug : CVideoPlayer::ProcessVideoData size:292066 dts:7.508 pts:7.508 dur:41.000ms, clock:2.584 level:53
2024-04-04 18:32:49.212 T:4041 debug : CVideoPlayer::ProcessVideoData size:268887 dts:7.549 pts:7.549 dur:41.000ms, clock:2.601 level:53
2024-04-04 18:32:49.234 T:4044 debug : CVideoPlayerVideo::OutputPicture - ttd:422ms pts:3.045 Clock:2.623 Level:6
2024-04-04 18:32:49.276 T:4044 debug : CVideoPlayerVideo::OutputPicture - ttd:421ms pts:3.086 Clock:2.665 Level:6
2024-04-04 18:32:49.285 T:4041 debug : CVideoPlayer::ProcessVideoData size:790080 dts:7.591 pts:7.716 dur:41.000ms, clock:2.673 level:53
2024-04-04 18:32:49.299 T:4041 debug : CVideoPlayer::ProcessVideoData size:273499 dts:7.633 pts:7.633 dur:41.000ms, clock:2.688 level:53
2024-04-04 18:32:49.318 T:4044 debug : CVideoPlayerVideo::OutputPicture - ttd:421ms pts:3.128 Clock:2.706 Level:6
2024-04-04 18:32:49.321 T:4041 debug : CVideoPlayer::ProcessVideoData size:271755 dts:7.674 pts:7.674 dur:41.000ms, clock:2.709 level:54
2024-04-04 18:32:49.360 T:4044 debug : CVideoPlayerVideo::OutputPicture - ttd:421ms pts:3.170 Clock:2.748 Level:6
2024-04-04 18:32:49.372 T:4041 debug : CVideoPlayer::ProcessVideoData size:806491 dts:7.716 pts:7.841 dur:41.000ms, clock:2.761 level:53
2024-04-04 18:32:49.393 T:4041 debug : CVideoPlayer::ProcessVideoData size:299891 dts:7.758 pts:7.758 dur:41.000ms, clock:2.782 level:53
2024-04-04 18:32:49.400 T:4044 debug : CVideoPlayerVideo::OutputPicture - ttd:423ms pts:3.212 Clock:2.789 Level:6
2024-04-04 18:32:49.416 T:4041 debug : CVideoPlayer::ProcessVideoData size:273366 dts:7.799 pts:7.799 dur:41.000ms, clock:2.804 level:53
2024-04-04 18:32:49.443 T:4044 debug : CVideoPlayerVideo::OutputPicture - ttd:421ms pts:3.253 Clock:2.832 Level:6
2024-04-04 18:32:49.484 T:4041 debug : CVideoPlayer::ProcessVideoData size:813166 dts:7.841 pts:7.966 dur:41.000ms, clock:2.872 level:54
2024-04-04 18:32:49.485 T:4044 debug : CVideoPlayerVideo::OutputPicture - ttd:421ms pts:3.295 Clock:2.874 Level:6
2024-04-04 18:32:49.500 T:4041 debug : CVideoPlayer::ProcessVideoData size:282095 dts:7.883 pts:7.883 dur:41.000ms, clock:2.889 level:53
2024-04-04 18:32:49.515 T:4041 debug : CVideoPlayer::ProcessVideoData size:291031 dts:7.925 pts:7.925 dur:41.000ms, clock:2.903 level:54
2024-04-04 18:32:49.525 T:4044 debug : CVideoPlayerVideo::OutputPicture - ttd:423ms pts:3.337 Clock:2.914 Level:6
2024-04-04 18:32:49.568 T:4044 debug : CVideoPlayerVideo::OutputPicture - ttd:421ms pts:3.378 Clock:2.956 Level:6
2024-04-04 18:32:49.593 T:4041 debug : CVideoPlayer::ProcessVideoData size:823888 dts:7.966 pts:8.091 dur:41.000ms, clock:2.981 level:53
2024-04-04 18:32:49.607 T:4041 debug : CVideoPlayer::ProcessVideoData size:284855 dts:8.008 pts:8.008 dur:41.000ms, clock:2.995 level:54
2024-04-04 18:32:49.608 T:4044 debug : CVideoPlayerVideo::OutputPicture - ttd:423ms pts:3.420 Clock:2.997 Level:6
2024-04-04 18:32:49.621 T:4041 debug : CVideoPlayer::ProcessVideoData size:277603 dts:8.050 pts:8.050 dur:41.000ms, clock:3.010 level:54
2024-04-04 18:32:49.650 T:4044 debug : CVideoPlayerVideo::OutputPicture - ttd:423ms pts:3.462 Clock:3.038 Level:6
2024-04-04 18:32:49.675 T:4041 debug : CVideoPlayer::ProcessVideoData size:778217 dts:8.091 pts:8.217 dur:41.000ms, clock:3.063 level:54
2024-04-04 18:32:49.693 T:4044 debug : CVideoPlayerVideo::OutputPicture - ttd:422ms pts:3.504 Clock:3.081 Level:6
2024-04-04 18:32:49.695 T:4041 debug : CVideoPlayer::ProcessVideoData size:279057 dts:8.133 pts:8.133 dur:41.000ms, clock:3.084 level:54
2024-04-04 18:32:49.709 T:4041 debug : CVideoPlayer::ProcessVideoData size:252518 dts:8.175 pts:8.175 dur:41.000ms, clock:3.097 level:55
2024-04-04 18:32:49.735 T:4044 debug : CVideoPlayerVideo::OutputPicture - ttd:421ms pts:3.545 Clock:3.123 Level:6
2024-04-04 18:32:49.777 T:4044 debug : CVideoPlayerVideo::OutputPicture - ttd:422ms pts:3.587 Clock:3.165 Level:6
2024-04-04 18:32:49.819 T:4044 debug : CVideoPlayerVideo::OutputPicture - ttd:421ms pts:3.629 Clock:3.207 Level:6
2024-04-04 18:32:49.837 T:4041 debug : CVideoPlayer::ProcessVideoData size:1677983 dts:8.217 pts:8.342 dur:41.000ms, clock:3.226 level:48
2024-04-04 18:32:49.840 T:4041 debug : CVideoPlayer::ProcessVideoData size:252186 dts:8.258 pts:8.258 dur:41.000ms, clock:3.228 level:48
2024-04-04 18:32:49.860 T:4044 debug : CVideoPlayerVideo::OutputPicture - ttd:421ms pts:3.670 Clock:3.248 Level:6
2024-04-04 18:32:49.863 T:4041 debug : CVideoPlayer::ProcessVideoData size:263579 dts:8.300 pts:8.300 dur:41.000ms, clock:3.251 level:49
2024-04-04 18:32:49.901 T:4044 debug : CVideoPlayerVideo::OutputPicture - ttd:422ms pts:3.712 Clock:3.289 Level:6
2024-04-04 18:32:49.928 T:4041 debug : CVideoPlayer::ProcessVideoData size:749434 dts:8.342 pts:8.467 dur:41.000ms, clock:3.316 level:47
2024-04-04 18:32:49.944 T:4044 debug : CVideoPlayerVideo::OutputPicture - ttd:421ms pts:3.754 Clock:3.332 Level:6
2024-04-04 18:32:49.948 T:4044 debug : CVideoPlayerVideo::OutputPicture - ttd:461ms pts:3.795 Clock:3.333 Level:6
2024-04-04 18:32:49.948 T:4041 debug : CVideoPlayer::ProcessVideoData size:261508 dts:8.383 pts:8.383 dur:41.000ms, clock:3.337 level:47
2024-04-04 18:32:49.962 T:4041 debug : CVideoPlayer::ProcessVideoData size:263580 dts:8.425 pts:8.425 dur:41.000ms, clock:3.351 level:47
2024-04-04 18:32:50.017 T:4041 debug : CVideoPlayer::ProcessVideoData size:776582 dts:8.467 pts:8.592 dur:41.000ms, clock:3.405 level:48
2024-04-04 18:32:50.027 T:4044 debug : CVideoPlayerVideo::OutputPicture - ttd:421ms pts:3.837 Clock:3.415 Level:6
2024-04-04 18:32:50.036 T:4041 debug : CVideoPlayer::ProcessVideoData size:288946 dts:8.509 pts:8.509 dur:41.000ms, clock:3.424 level:48
2024-04-04 18:32:50.061 T:4041 debug : CVideoPlayer::ProcessVideoData size:273614 dts:8.550 pts:8.550 dur:41.000ms, clock:3.449 level:49
2024-04-04 18:32:50.068 T:4044 debug : CVideoPlayerVideo::OutputPicture - ttd:422ms pts:3.879 Clock:3.456 Level:6
2024-04-04 18:32:50.111 T:4044 debug : CVideoPlayerVideo::OutputPicture - ttd:421ms pts:3.921 Clock:3.499 Level:6
2024-04-04 18:32:50.124 T:4041 debug : CVideoPlayer::ProcessVideoData size:897129 dts:8.592 pts:8.717 dur:41.000ms, clock:3.512 level:49
2024-04-04 18:32:50.138 T:4041 debug : CVideoPlayer::ProcessVideoData size:290285 dts:8.634 pts:8.634 dur:41.000ms, clock:3.526 level:50
2024-04-04 18:32:50.151 T:4044 debug : CVideoPlayerVideo::OutputPicture - ttd:422ms pts:3.962 Clock:3.539 Level:6
2024-04-04 18:32:50.165 T:4041 debug : CVideoPlayer::ProcessVideoData size:295926 dts:8.675 pts:8.675 dur:41.000ms, clock:3.553 level:51
2024-04-04 18:32:50.193 T:4044 debug : CVideoPlayerVideo::OutputPicture - ttd:422ms pts:4.004 Clock:3.581 Level:6
2024-04-04 18:32:50.231 T:4041 debug : CVideoPlayer::ProcessVideoData size:888769 dts:8.717 pts:8.842 dur:41.000ms, clock:3.619 level:51
2024-04-04 18:32:50.236 T:4044 debug : CVideoPlayerVideo::OutputPicture - ttd:421ms pts:4.046 Clock:3.624 Level:6
2024-04-04 18:32:50.251 T:4041 debug : CVideoPlayer::ProcessVideoData size:299887 dts:8.759 pts:8.759 dur:41.000ms, clock:3.640 level:52
2024-04-04 18:32:50.277 T:4044 debug : CVideoPlayerVideo::OutputPicture - ttd:421ms pts:4.087 Clock:3.665 Level:6
2024-04-04 18:32:50.280 T:4041 debug : CVideoPlayer::ProcessVideoData size:292164 dts:8.800 pts:8.800 dur:41.000ms, clock:3.668 level:52
2024-04-04 18:32:50.319 T:4044 debug : CVideoPlayerVideo::OutputPicture - ttd:421ms pts:4.129 Clock:3.707 Level:6
2024-04-04 18:32:50.339 T:4041 debug : CVideoPlayer::ProcessVideoData size:848555 dts:8.842 pts:8.967 dur:41.000ms, clock:3.727 level:53
2024-04-04 18:32:50.361 T:4044 debug : CVideoPlayerVideo::OutputPicture - ttd:421ms pts:4.171 Clock:3.749 Level:6
2024-04-04 18:32:50.367 T:4041 debug : CVideoPlayer::ProcessVideoData size:285642 dts:8.884 pts:8.884 dur:41.000ms, clock:3.755 level:53
2024-04-04 18:32:50.384 T:4041 debug : CVideoPlayer::ProcessVideoData size:306782 dts:8.926 pts:8.926 dur:41.000ms, clock:3.773 level:54
2024-04-04 18:32:50.403 T:4044 debug : CVideoPlayerVideo::OutputPicture - ttd:421ms pts:4.213 Clock:3.791 Level:6
2024-04-04 18:32:50.436 T:4041 debug : CVideoPlayer::ProcessVideoData size:722891 dts:8.967 pts:9.092 dur:41.000ms, clock:3.824 level:54
2024-04-04 18:32:50.445 T:4044 debug : CVideoPlayerVideo::OutputPicture - ttd:420ms pts:4.254 Clock:3.833 Level:6
2024-04-04 18:32:50.458 T:4041 debug : CVideoPlayer::ProcessVideoData size:272690 dts:9.009 pts:9.009 dur:41.000ms, clock:3.846 level:55
2024-04-04 18:32:50.478 T:4041 debug : CVideoPlayer::ProcessVideoData size:271293 dts:9.051 pts:9.051 dur:41.000ms, clock:3.867 level:55
2024-04-04 18:32:50.489 T:4044 debug : CVideoPlayerVideo::OutputPicture - ttd:419ms pts:4.296 Clock:3.877 Level:6
2024-04-04 18:32:50.490 T:3987 info : script.plex: UpdateNowPlaying: 394422, force: True refreshQueue: False state: None overrideChecks: False time: None
2024-04-04 18:32:50.530 T:4044 debug : CVideoPlayerVideo::OutputPicture - ttd:419ms pts:4.338 Clock:3.918 Level:6
2024-04-04 18:32:50.571 T:4044 debug : CVideoPlayerVideo::OutputPicture - ttd:419ms pts:4.379 Clock:3.959 Level:6
2024-04-04 18:32:50.611 T:4044 debug : CVideoPlayerVideo::OutputPicture - ttd:421ms pts:4.421 Clock:3.999 Level:6
2024-04-04 18:32:50.629 T:4041 debug : CVideoPlayer::ProcessVideoData size:1734691 dts:9.092 pts:9.218 dur:41.000ms, clock:4.017 level:56
2024-04-04 18:32:50.643 T:4041 debug : CVideoPlayer::ProcessVideoData size:282561 dts:9.134 pts:9.134 dur:41.000ms, clock:4.032 level:56
2024-04-04 18:32:50.652 T:4044 debug : CVideoPlayerVideo::OutputPicture - ttd:423ms pts:4.463 Clock:4.040 Level:6
2024-04-04 18:32:50.674 T:4041 debug : CVideoPlayer::ProcessVideoData size:266244 dts:9.176 pts:9.176 dur:41.000ms, clock:4.062 level:57
2024-04-04 18:32:50.694 T:4044 debug : CVideoPlayerVideo::OutputPicture - ttd:422ms pts:4.505 Clock:4.083 Level:6
2024-04-04 18:32:50.736 T:4044 debug : CVideoPlayerVideo::OutputPicture - ttd:421ms pts:4.546 Clock:4.124 Level:6
2024-04-04 18:32:50.741 T:4041 debug : CVideoPlayer::ProcessVideoData size:718669 dts:9.218 pts:9.343 dur:41.000ms, clock:4.129 level:57
2024-04-04 18:32:50.757 T:4041 debug : CVideoPlayer::ProcessVideoData size:278258 dts:9.259 pts:9.259 dur:41.000ms, clock:4.146 level:56
2024-04-04 18:32:50.777 T:4044 debug : CVideoPlayerVideo::OutputPicture - ttd:422ms pts:4.588 Clock:4.165 Level:6
2024-04-04 18:32:50.782 T:4041 debug : CVideoPlayer::ProcessVideoData size:308276 dts:9.301 pts:9.301 dur:41.000ms, clock:4.170 level:57
2024-04-04 18:32:50.820 T:4044 debug : CVideoPlayerVideo::OutputPicture - ttd:422ms pts:4.630 Clock:4.208 Level:6
2024-04-04 18:32:50.834 T:4041 debug : CVideoPlayer::ProcessVideoData size:747003 dts:9.343 pts:9.468 dur:41.000ms, clock:4.223 level:57
2024-04-04 18:32:50.855 T:4041 debug : CVideoPlayer::ProcessVideoData size:289338 dts:9.384 pts:9.384 dur:41.000ms, clock:4.243 level:57
2024-04-04 18:32:50.860 T:4044 debug : CVideoPlayerVideo::OutputPicture - ttd:422ms pts:4.671 Clock:4.248 Level:6
2024-04-04 18:32:50.875 T:4041 debug : CVideoPlayer::ProcessVideoData size:313478 dts:9.426 pts:9.426 dur:41.000ms, clock:4.264 level:57
2024-04-04 18:32:50.903 T:4044 debug : CVideoPlayerVideo::OutputPicture - ttd:421ms pts:4.713 Clock:4.292 Level:6
2024-04-04 18:32:50.937 T:4041 debug : CVideoPlayer::ProcessVideoData size:772541 dts:9.468 pts:9.593 dur:41.000ms, clock:4.325 level:58
2024-04-04 18:32:50.945 T:4044 debug : CVideoPlayerVideo::OutputPicture - ttd:421ms pts:4.755 Clock:4.333 Level:6
2024-04-04 18:32:50.948 T:4044 debug : CVideoPlayerVideo::OutputPicture - ttd:461ms pts:4.796 Clock:4.335 Level:6
2024-04-04 18:32:50.956 T:4041 debug : CVideoPlayer::ProcessVideoData size:294156 dts:9.510 pts:9.510 dur:41.000ms, clock:4.344 level:58
2024-04-04 18:32:50.991 T:4041 debug : CVideoPlayer::ProcessVideoData size:301519 dts:9.551 pts:9.551 dur:41.000ms, clock:4.379 level:58
2024-04-04 18:32:51.028 T:4044 debug : CVideoPlayerVideo::OutputPicture - ttd:421ms pts:4.838 Clock:4.416 Level:6
2024-04-04 18:32:51.040 T:4041 debug : CVideoPlayer::ProcessVideoData size:790164 dts:9.593 pts:9.718 dur:41.000ms, clock:4.429 level:57
2024-04-04 18:32:51.059 T:4041 debug : CVideoPlayer::ProcessVideoData size:317011 dts:9.635 pts:9.635 dur:41.000ms, clock:4.448 level:58
2024-04-04 18:32:51.070 T:4044 debug : CVideoPlayerVideo::OutputPicture - ttd:422ms pts:4.880 Clock:4.458 Level:6
2024-04-04 18:32:51.082 T:4041 debug : CVideoPlayer::ProcessVideoData size:309964 dts:9.676 pts:9.676 dur:41.000ms, clock:4.470 level:58
2024-04-04 18:32:51.110 T:4044 debug : CVideoPlayerVideo::OutputPicture - ttd:423ms pts:4.922 Clock:4.499 Level:6
2024-04-04 18:32:51.153 T:4044 debug : CVideoPlayerVideo::OutputPicture - ttd:421ms pts:4.963 Clock:4.542 Level:6
