2024-04-04 18:33:27.773 T:4066 info : script.plex: API: Starting request: GET https://192-168-0-6.1bfef040b1f9411a9464dbec34658ae7.plex.direct:32400/:/timeline?time=40952&duration=465408&state=playing&guid=com.plexapp.agents.none%3A//a17ea78e0b504d5cba6c3a466518ad6fed1e9724%3Flang%3Dxn&ratingKey=394422&key=/library/metadata/394422&containerKey=/library/sections/14/folder%3Fparent%3D14480%26includeCollections%3D1%26X-Plex-Container-Size%3D240%26X-Plex-Container-Start%3D0&X-Plex-Token=**** (async=True timeout=10.0(10.0))
2024-04-04 18:33:27.848 T:4045 info : CVideoPlayerAudio::Process - stream stalled
2024-04-04 18:33:27.857 T:4041 debug : CVideoPlayer::HandlePlaySpeed - audio stream stalled, triggering re-sync
2024-04-04 18:33:27.857 T:4041 debug : CVideoPlayer::FlushBuffers - flushing buffers
2024-04-04 18:33:27.872 T:4045 debug : CDVDAudio::Flush - flush audio stream
2024-04-04 18:33:27.872 T:4045 debug : CDVDAudio::Pause - pausing audio stream
2024-04-04 18:33:27.937 T:4044 debug : write codec data failed, write_bytes(-1), errno(11), size(104167)
2024-04-04 18:33:27.942 T:4044 debug : Codec buffer full, try after 5 ms, len(0)
2024-04-04 18:33:27.943 T:4044 debug : CAMLCodec::AddData Decode: write_av_packet looping
2024-04-04 18:33:28.109 T:4044 debug : write codec data failed, write_bytes(-1), errno(11), size(104167)
2024-04-04 18:33:28.115 T:4044 debug : Codec buffer full, try after 5 ms, len(0)
2024-04-04 18:33:28.115 T:4044 debug : CAMLCodec::AddData Decode: write_av_packet looping
2024-04-04 18:33:28.281 T:4044 debug : write codec data failed, write_bytes(-1), errno(11), size(104167)
2024-04-04 18:33:28.287 T:4044 debug : Codec buffer full, try after 5 ms, len(0)
2024-04-04 18:33:28.287 T:4044 debug : CAMLCodec::AddData Decode: write_av_packet looping
2024-04-04 18:33:28.453 T:4044 debug : write codec data failed, write_bytes(-1), errno(11), size(104167)
2024-04-04 18:33:28.458 T:4044 debug : Codec buffer full, try after 5 ms, len(0)
2024-04-04 18:33:28.459 T:4044 debug : CAMLCodec::AddData Decode: write_av_packet looping
2024-04-04 18:33:28.625 T:4044 debug : write codec data failed, write_bytes(-1), errno(11), size(104167)
2024-04-04 18:33:28.630 T:4044 debug : Codec buffer full, try after 5 ms, len(0)
2024-04-04 18:33:28.631 T:4044 debug : CAMLCodec::AddData Decode: write_av_packet looping
2024-04-04 18:33:28.797 T:4044 debug : write codec data failed, write_bytes(-1), errno(11), size(104167)
2024-04-04 18:33:28.803 T:4044 debug : Codec buffer full, try after 5 ms, len(0)
2024-04-04 18:33:28.803 T:4044 debug : CAMLCodec::AddData Decode: write_av_packet looping
2024-04-04 18:33:28.857 T:4045 debug : CDVDMsgGeneralSynchronize - global timeout
2024-04-04 18:33:28.857 T:4045 debug : CVideoPlayerAudio - CDVDMsg::GENERAL_SYNCHRONIZE
2024-04-04 18:33:28.857 T:4041 debug : CDVDMsgGeneralSynchronize - global timeout
2024-04-04 18:33:28.857 T:4041 debug : CDVDClock::SetSpeedAdjust - adjusted:0.000000
2024-04-04 18:33:28.868 T:4045 debug : CDVDAudio::Pause - pausing audio stream
2024-04-04 18:33:28.868 T:4041 debug : demuxer seek to: 42247.000000
2024-04-04 18:33:28.873 T:4043 debug : CFileCache::Process - source read hit eof
2024-04-04 18:33:28.873 T:4041 debug : CFileCache::Seek - waiting for position 4715736615
2024-04-04 18:33:28.879 T:4043 debug : CDoubleCache::Reset - (0x34ddd90) Cache miss for 434357413 with new=4715616527-4715747599 and old=420478976-430964736
2024-04-04 18:33:28.879 T:4043 debug : CFileCache::Process - cache completely reset for seek to position 434357413
2024-04-04 18:33:28.969 T:4044 debug : write codec data failed, write_bytes(-1), errno(11), size(104167)
2024-04-04 18:33:28.975 T:4044 debug : Codec buffer full, try after 5 ms, len(0)
2024-04-04 18:33:28.975 T:4044 debug : CAMLCodec::AddData Decode: write_av_packet looping
2024-04-04 18:33:29.000 T:4041 debug : SeekTime - seek ended up on time 42668
2024-04-04 18:33:29.000 T:4041 debug : demuxer seek to: 42247.000000, success
2024-04-04 18:33:29.000 T:4041 debug : CVideoPlayer::FlushBuffers - flushing buffers
2024-04-04 18:33:29.009 T:4045 debug : CDVDAudio::Flush - flush audio stream
2024-04-04 18:33:29.009 T:4045 debug : CDVDAudio::Pause - pausing audio stream
2024-04-04 18:33:29.063 T:3987 info : script.plex: UpdateNowPlaying: 394422, force: True refreshQueue: False state: None overrideChecks: False time: None
2024-04-04 18:33:29.141 T:4044 debug : write codec data failed, write_bytes(-1), errno(11), size(104167)
2024-04-04 18:33:29.147 T:4044 debug : Codec buffer full, try after 5 ms, len(0)
2024-04-04 18:33:29.147 T:4044 debug : CAMLCodec::AddData Decode: write_av_packet looping
2024-04-04 18:33:29.314 T:4044 debug : write codec data failed, write_bytes(-1), errno(11), size(104167)
2024-04-04 18:33:29.319 T:4044 debug : Codec buffer full, try after 5 ms, len(0)
2024-04-04 18:33:29.319 T:4044 debug : CAMLCodec::AddData Decode: write_av_packet looping
2024-04-04 18:33:29.489 T:4044 debug : write codec data failed, write_bytes(-1), errno(11), size(104167)
2024-04-04 18:33:29.495 T:4044 debug : Codec buffer full, try after 5 ms, len(0)
2024-04-04 18:33:29.495 T:4044 debug : CAMLCodec::AddData Decode: write_av_packet looping
2024-04-04 18:33:29.665 T:4044 debug : write codec data failed, write_bytes(-1), errno(11), size(104167)
2024-04-04 18:33:29.671 T:4044 debug : Codec buffer full, try after 5 ms, len(0)
2024-04-04 18:33:29.671 T:4044 debug : CAMLCodec::AddData Decode: write_av_packet looping
2024-04-04 18:33:29.837 T:4044 debug : write codec data failed, write_bytes(-1), errno(11), size(104167)
2024-04-04 18:33:29.843 T:4044 debug : Codec buffer full, try after 5 ms, len(0)
2024-04-04 18:33:29.843 T:4044 debug : CAMLCodec::AddData Decode: write_av_packet looping
2024-04-04 18:33:30.000 T:4045 debug : CDVDMsgGeneralSynchronize - global timeout
2024-04-04 18:33:30.000 T:4045 debug : CVideoPlayerAudio - CDVDMsg::GENERAL_SYNCHRONIZE
2024-04-04 18:33:30.000 T:4041 debug : CDVDMsgGeneralSynchronize - global timeout
2024-04-04 18:33:30.000 T:4041 debug : Readrate 6050000 was too low with 11146399 required
2024-04-04 18:33:30.001 T:4041 debug : CDVDClock::SetSpeedAdjust - adjusted:0.000000
2024-04-04 18:33:30.009 T:4044 debug : write codec data failed, write_bytes(-1), errno(11), size(104167)
2024-04-04 18:33:30.011 T:4045 debug : CDVDAudio::Pause - pausing audio stream
2024-04-04 18:33:30.015 T:4044 debug : Codec buffer full, try after 5 ms, len(0)
2024-04-04 18:33:30.015 T:4044 debug : CAMLCodec::AddData Decode: write_av_packet looping
2024-04-04 18:33:30.181 T:4044 debug : write codec data failed, write_bytes(-1), errno(11), size(104167)
2024-04-04 18:33:30.186 T:4044 debug : Codec buffer full, try after 5 ms, len(0)
2024-04-04 18:33:30.187 T:4044 debug : CAMLCodec::AddData Decode: write_av_packet looping
2024-04-04 18:33:30.315 T:3987 info : script.plex: UpdateNowPlaying: 394422, force: True refreshQueue: False state: None overrideChecks: False time: None
2024-04-04 18:33:30.353 T:4044 debug : write codec data failed, write_bytes(-1), errno(11), size(104167)
2024-04-04 18:33:30.359 T:4044 debug : Codec buffer full, try after 5 ms, len(0)
2024-04-04 18:33:30.359 T:4044 debug : CAMLCodec::AddData Decode: write_av_packet looping
2024-04-04 18:33:30.525 T:4044 debug : write codec data failed, write_bytes(-1), errno(11), size(104167)
2024-04-04 18:33:30.531 T:4044 debug : Codec buffer full, try after 5 ms, len(0)
2024-04-04 18:33:30.531 T:4044 debug : CAMLCodec::AddData Decode: write_av_packet looping
2024-04-04 18:33:30.697 T:4044 debug : write codec data failed, write_bytes(-1), errno(11), size(104167)
2024-04-04 18:33:30.702 T:4044 debug : Codec buffer full, try after 5 ms, len(0)
2024-04-04 18:33:30.703 T:4044 debug : CAMLCodec::AddData Decode: write_av_packet looping
2024-04-04 18:33:30.869 T:4044 debug : write codec data failed, write_bytes(-1), errno(11), size(104167)
2024-04-04 18:33:30.875 T:4044 debug : Codec buffer full, try after 5 ms, len(0)
2024-04-04 18:33:30.875 T:4044 debug : CAMLCodec::AddData Decode: write_av_packet looping
2024-04-04 18:33:31.041 T:4044 debug : write codec data failed, write_bytes(-1), errno(11), size(104167)
2024-04-04 18:33:31.047 T:4044 debug : Codec buffer full, try after 5 ms, len(0)
2024-04-04 18:33:31.047 T:4044 debug : CAMLCodec::AddData Decode: write_av_packet looping
2024-04-04 18:33:31.213 T:4044 debug : write codec data failed, write_bytes(-1), errno(11), size(104167)
2024-04-04 18:33:31.218 T:4044 debug : Codec buffer full, try after 5 ms, len(0)
2024-04-04 18:33:31.219 T:4044 debug : CAMLCodec::AddData Decode: write_av_packet looping
2024-04-04 18:33:31.385 T:4044 debug : write codec data failed, write_bytes(-1), errno(11), size(104167)
2024-04-04 18:33:31.390 T:4044 debug : Codec buffer full, try after 5 ms, len(0)
2024-04-04 18:33:31.391 T:4044 debug : CAMLCodec::AddData Decode: write_av_packet looping
2024-04-04 18:33:31.557 T:4044 debug : write codec data failed, write_bytes(-1), errno(11), size(104167)
2024-04-04 18:33:31.562 T:4044 debug : Codec buffer full, try after 5 ms, len(0)
2024-04-04 18:33:31.563 T:4044 debug : CAMLCodec::AddData Decode: write_av_packet looping
2024-04-04 18:33:31.566 T:3987 info : script.plex: UpdateNowPlaying: 394422, force: True refreshQueue: False state: None overrideChecks: False time: None
2024-04-04 18:33:31.729 T:4044 debug : write codec data failed, write_bytes(-1), errno(11), size(104167)
2024-04-04 18:33:31.735 T:4044 debug : Codec buffer full, try after 5 ms, len(0)
2024-04-04 18:33:31.735 T:4044 debug : CAMLCodec::AddData Decode: write_av_packet looping
2024-04-04 18:33:31.901 T:4044 debug : write codec data failed, write_bytes(-1), errno(11), size(104167)
2024-04-04 18:33:31.907 T:4044 debug : Codec buffer full, try after 5 ms, len(0)
2024-04-04 18:33:31.907 T:4044 debug : CAMLCodec::AddData Decode: write_av_packet looping
2024-04-04 18:33:32.073 T:4044 debug : write codec data failed, write_bytes(-1), errno(11), size(104167)
2024-04-04 18:33:32.079 T:4044 debug : Codec buffer full, try after 5 ms, len(0)
2024-04-04 18:33:32.079 T:4044 debug : CAMLCodec::AddData Decode: write_av_packet looping
2024-04-04 18:33:32.245 T:4044 debug : write codec data failed, write_bytes(-1), errno(11), size(104167)
2024-04-04 18:33:32.251 T:4044 debug : Codec buffer full, try after 5 ms, len(0)
2024-04-04 18:33:32.251 T:4044 debug : CAMLCodec::AddData Decode: write_av_packet looping
2024-04-04 18:33:32.251 T:4044 debug : CAMLCodec::Reset
2024-04-04 18:33:32.343 T:4044 info : Skipped 1 duplicate messages..
2024-04-04 18:33:32.343 T:4044 debug : CVideoPlayerVideo - CDVDMsg::GENERAL_SYNCHRONIZE
2024-04-04 18:33:32.343 T:4044 debug : CAMLCodec::SetSpeed, speed(0)
2024-04-04 18:33:32.343 T:4044 debug : CAMLCodec::Reset
2024-04-04 18:33:32.345 T:4041 debug : CVideoPlayer::ProcessVideoData size:1460608 dts:18442240474082.180 pts:42.668 dur:41.000ms, clock:42.168 level:0
2024-04-04 18:33:32.345 T:4041 debug : CVideoPlayer::CheckContinuity - wrapback :2, prev:42668000.000000, curr:42584000.000000, diff:-84000.000000
2024-04-04 18:33:32.345 T:4041 debug : CVideoPlayer::ProcessVideoData size:178260 dts:42.584 pts:42.584 dur:41.000ms, clock:42.168 level:1
2024-04-04 18:33:32.345 T:4041 debug : CVideoPlayer::ProcessVideoData size:193241 dts:42.626 pts:42.626 dur:41.000ms, clock:42.168 level:1
2024-04-04 18:33:32.350 T:4041 debug : CVideoPlayer::ProcessVideoData size:825129 dts:42.668 pts:42.793 dur:41.000ms, clock:42.168 level:1
2024-04-04 18:33:32.351 T:4041 debug : CVideoPlayer::ProcessVideoData size:217399 dts:42.709 pts:42.709 dur:41.000ms, clock:42.168 level:1
2024-04-04 18:33:32.351 T:4045 info : CAEStreamParser::SyncTrueHD - TrueHD stream detected (6 channels, 48000Hz)
2024-04-04 18:33:32.351 T:4041 debug : CVideoPlayer::ProcessVideoData size:206907 dts:42.751 pts:42.751 dur:41.000ms, clock:42.168 level:1
2024-04-04 18:33:32.356 T:4045 info : CActiveAEStream::AddData - messy timestamps, increasing interval for measuring average error to 2351 ms
2024-04-04 18:33:32.366 T:4044 debug : CVideoPlayerVideo - CDVDMsg::GENERAL_SYNCHRONIZE
2024-04-04 18:33:32.368 T:4041 debug : CVideoPlayer::ProcessVideoData size:917996 dts:42.793 pts:42.918 dur:41.000ms, clock:42.168 level:0
2024-04-04 18:33:32.369 T:4041 debug : CVideoPlayer::HandleMessages - player started 1
2024-04-04 18:33:32.369 T:4044 debug : CVideoPlayerVideo - Stillframe left, switching to normal playback
2024-04-04 18:33:32.369 T:4084 debug : Thread JobWorker start, auto delete: true
2024-04-04 18:33:32.369 T:4084 debug : [threads] name: 'JobWorker' priority: '1'
2024-04-04 18:33:32.370 T:4041 debug : CVideoPlayer::ProcessVideoData size:205203 dts:42.834 pts:42.834 dur:41.000ms, clock:42.168 level:0
2024-04-04 18:33:32.370 T:4084 debug : OnAVChange: CApplication::OnAVChange
2024-04-04 18:33:32.372 T:4044 error : CAMLCodec::GetPicture: time elapsed since last frame: 17338ms (11:Resource temporarily unavailable)
2024-04-04 18:33:32.372 T:4044 debug : CVideoPlayerVideo - video decoder was flushed
2024-04-04 18:33:32.372 T:4044 debug : CAMLCodec::Reset
2024-04-04 18:33:32.375 T:4041 debug : CVideoPlayer::ProcessVideoData size:203614 dts:42.876 pts:42.876 dur:41.000ms, clock:42.168 level:0
2024-04-04 18:33:32.378 T:4041 debug : CVideoPlayer::ProcessVideoData size:896047 dts:42.918 pts:43.043 dur:41.000ms, clock:42.168 level:1
2024-04-04 18:33:32.378 T:4041 debug : CVideoPlayer::ProcessVideoData size:228055 dts:42.960 pts:42.960 dur:41.000ms, clock:42.168 level:2
2024-04-04 18:33:32.379 T:4041 debug : CVideoPlayer::ProcessVideoData size:203121 dts:43.001 pts:43.001 dur:41.000ms, clock:42.168 level:2
2024-04-04 18:33:32.383 T:4041 debug : CVideoPlayer::ProcessVideoData size:812407 dts:43.043 pts:43.168 dur:41.000ms, clock:42.168 level:3
2024-04-04 18:33:32.383 T:4041 debug : CVideoPlayer::ProcessVideoData size:191658 dts:43.085 pts:43.085 dur:41.000ms, clock:42.168 level:3
2024-04-04 18:33:32.384 T:4041 debug : CVideoPlayer::ProcessVideoData size:204580 dts:43.126 pts:43.126 dur:41.000ms, clock:42.168 level:4
2024-04-04 18:33:32.388 T:4041 debug : CVideoPlayer::ProcessVideoData size:760280 dts:43.168 pts:43.293 dur:41.000ms, clock:42.168 level:4
2024-04-04 18:33:32.388 T:4041 debug : CVideoPlayer::ProcessVideoData size:179440 dts:43.210 pts:43.210 dur:41.000ms, clock:42.168 level:5
2024-04-04 18:33:32.388 T:4041 debug : CVideoPlayer::ProcessVideoData size:177395 dts:43.252 pts:43.252 dur:41.000ms, clock:42.168 level:5
2024-04-04 18:33:32.392 T:4041 debug : CVideoPlayer::ProcessVideoData size:777245 dts:43.293 pts:43.418 dur:41.000ms, clock:42.168 level:6
2024-04-04 18:33:32.392 T:4041 debug : CVideoPlayer::ProcessVideoData size:193833 dts:43.335 pts:43.335 dur:41.000ms, clock:42.168 level:6
2024-04-04 18:33:32.393 T:4041 debug : CVideoPlayer::ProcessVideoData size:175453 dts:43.377 pts:43.377 dur:41.000ms, clock:42.168 level:7
2024-04-04 18:33:32.409 T:3985 info : script.plex: Player - AVChange
2024-04-04 18:33:32.409 T:3985 info : script.plex: SeekHandler: onAVChange
2024-04-04 18:33:32.409 T:3985 info : script.plex: SeekDialog: OnAVChange: DPO: 0, offset: 42246
2024-04-04 18:33:32.410 T:3985 debug : requested setting (slow_connection) was not found.
2024-04-04 18:33:32.410 T:3985 info : script.plex: Notification: xbmc Player.OnAVChange {"item":{"title":"Demo Material DV-Profile8-MEL TrueHD","type":"movie"},"player":{"playerid":-1,"speed":1}}
2024-04-04 18:33:32.421 T:4041 debug : CVideoPlayer::ProcessVideoData size:1480882 dts:43.418 pts:43.544 dur:41.000ms, clock:42.168 level:5
2024-04-04 18:33:32.428 T:4041 debug : CVideoPlayer::ProcessVideoData size:187233 dts:43.460 pts:43.460 dur:41.000ms, clock:42.168 level:4
2024-04-04 18:33:32.458 T:4041 debug : CVideoPlayer::ProcessVideoData size:199144 dts:43.502 pts:43.502 dur:41.000ms, clock:42.168 level:0
2024-04-04 18:33:32.495 T:4044 debug : CVideoPlayerVideo::OutputPicture - ttd:1376ms pts:43.544 Clock:42.168 Level:0
2024-04-04 18:33:32.515 T:4041 debug : CVideoPlayer::ProcessVideoData size:748509 dts:43.544 pts:43.669 dur:41.000ms, clock:42.168 level:0
2024-04-04 18:33:32.522 T:4041 debug : CVideoPlayer::ProcessVideoData size:194148 dts:43.585 pts:43.585 dur:41.000ms, clock:42.168 level:0
2024-04-04 18:33:32.535 T:4041 debug : CVideoPlayer::ProcessVideoData size:203194 dts:43.627 pts:43.627 dur:41.000ms, clock:42.168 level:1
2024-04-04 18:33:32.535 T:4041 debug : CVideoPlayer::HandleMessages - player started 2
2024-04-04 18:33:32.536 T:4041 debug : CDVDClock::SetSpeedAdjust - adjusted:0.000000
2024-04-04 18:33:32.536 T:4044 debug : CAMLCodec::SetSpeed, speed(1000)
2024-04-04 18:33:32.536 T:4041 debug : CDVDClock::SetSpeedAdjust - adjusted:0.000000
2024-04-04 18:33:32.536 T:4041 debug : VideoPlayer::Sync - Audio - pts: 18442240474082.180, cache: 0.410, totalcache: 0.685, packets:1172 level:10
2024-04-04 18:33:32.536 T:4041 debug : VideoPlayer::Sync - Video - pts: 43.544, cache: 0.050, totalcache: 0.100, packets:27 level:2
2024-04-04 18:33:32.536 T:4044 debug : CVideoPlayerVideo - CDVDMsg::GENERAL_RESYNC(43444000.000000)
2024-04-04 18:33:32.536 T:4044 debug : CVideoPlayerVideo - OUTPUT_AGAIN - vfmt, interlace should be checked.
2024-04-04 18:33:32.540 T:4044 debug : CVideoPlayerVideo::OutputPicture - ttd:11ms pts:43.460 Clock:43.449 Level:0
2024-04-04 18:33:32.541 T:4044 debug : CVideoPlayerVideo - CDVDMsg::DEMUXER_PACKET - checking interlace vfmt: null
2024-04-04 18:33:32.544 T:4045 debug : CDVDAudio::Flush - flush audio stream
2024-04-04 18:33:32.544 T:4045 debug : CDVDAudio::Resume - resume audio stream
2024-04-04 18:33:32.549 T:3853 debug : ActiveAE - start sync of audio stream
2024-04-04 18:33:32.563 T:4044 debug : CVideoPlayerVideo::OutputPicture - ttd:30ms pts:43.502 Clock:43.472 Level:1
2024-04-04 18:33:32.596 T:4041 debug : CVideoPlayer::ProcessVideoData size:792521 dts:43.669 pts:43.794 dur:41.000ms, clock:43.504 level:0
2024-04-04 18:33:32.600 T:4044 debug : CVideoPlayerVideo::OutputPicture - ttd:76ms pts:43.585 Clock:43.509 Level:0
2024-04-04 18:33:32.602 T:4044 debug : CVideoPlayerVideo::OutputPicture - ttd:116ms pts:43.627 Clock:43.510 Level:1
2024-04-04 18:33:32.616 T:4041 debug : CVideoPlayer::ProcessVideoData size:216137 dts:43.710 pts:43.710 dur:41.000ms, clock:43.525 level:0
2024-04-04 18:33:32.633 T:4041 debug : CVideoPlayer::ProcessVideoData size:187762 dts:43.752 pts:43.752 dur:41.000ms, clock:43.542 level:0
2024-04-04 18:33:32.638 T:4044 debug : CVideoPlayerVideo - CDVDMsg::DEMUXER_PACKET - checking interlace vfmt: null
2024-04-04 18:33:32.654 T:3853 debug : ActiveAE::SyncStream - average error of -595.327869, start adjusting
2024-04-04 18:33:32.678 T:4041 debug : CVideoPlayer::ProcessVideoData size:812844 dts:43.794 pts:43.919 dur:41.000ms, clock:43.586 level:0
2024-04-04 18:33:32.683 T:4044 debug : CVideoPlayerVideo::OutputPicture - ttd:78ms pts:43.669 Clock:43.591 Level:0
2024-04-04 18:33:32.684 T:4044 debug : CVideoPlayerVideo::OutputPicture - ttd:117ms pts:43.710 Clock:43.592 Level:1
2024-04-04 18:33:32.686 T:4044 debug : CVideoPlayerVideo::OutputPicture - ttd:158ms pts:43.752 Clock:43.594 Level:2
2024-04-04 18:33:32.688 T:4041 debug : CVideoPlayer::ProcessVideoData size:193566 dts:43.835 pts:43.835 dur:41.000ms, clock:43.597 level:0
2024-04-04 18:33:32.704 T:4041 debug : CVideoPlayer::ProcessVideoData size:192498 dts:43.877 pts:43.877 dur:41.000ms, clock:43.612 level:0
2024-04-04 18:33:32.707 T:4044 debug : CVideoPlayerVideo::OutputPicture - ttd:178ms pts:43.794 Clock:43.616 Level:2
2024-04-04 18:33:32.762 T:4041 debug : CVideoPlayer::ProcessVideoData size:832955 dts:43.919 pts:44.044 dur:41.000ms, clock:43.670 level:0
2024-04-04 18:33:32.766 T:4044 debug : CVideoPlayerVideo::OutputPicture - ttd:160ms pts:43.835 Clock:43.674 Level:2
2024-04-04 18:33:32.768 T:4044 debug : CVideoPlayerVideo::OutputPicture - ttd:201ms pts:43.877 Clock:43.676 Level:3
2024-04-04 18:33:32.780 T:4041 debug : CVideoPlayer::ProcessVideoData size:220705 dts:43.961 pts:43.961 dur:41.000ms, clock:43.688 level:0
2024-04-04 18:33:32.787 T:4044 debug : CVideoPlayerVideo - CDVDMsg::DEMUXER_PACKET - checking interlace vfmt: null
2024-04-04 18:33:32.790 T:4041 debug : CVideoPlayer::ProcessVideoData size:200449 dts:44.002 pts:44.002 dur:41.000ms, clock:43.698 level:0
2024-04-04 18:33:32.837 T:4041 debug : CVideoPlayer::ProcessVideoData size:862768 dts:44.044 pts:44.169 dur:41.000ms, clock:43.745 level:0
2024-04-04 18:33:32.841 T:4044 debug : CVideoPlayerVideo::OutputPicture - ttd:169ms pts:43.919 Clock:43.750 Level:2
2024-04-04 18:33:32.843 T:4044 debug : CVideoPlayerVideo::OutputPicture - ttd:209ms pts:43.961 Clock:43.752 Level:3
2024-04-04 18:33:32.845 T:4044 debug : CVideoPlayerVideo::OutputPicture - ttd:249ms pts:44.002 Clock:43.753 Level:4
2024-04-04 18:33:32.858 T:4041 debug : CVideoPlayer::ProcessVideoData size:205308 dts:44.086 pts:44.086 dur:41.000ms, clock:43.767 level:0
2024-04-04 18:33:32.860 T:3987 info : script.plex: UpdateNowPlaying: 394422, force: True refreshQueue: False state: None overrideChecks: False time: None
2024-04-04 18:33:32.866 T:4041 debug : CVideoPlayer::ProcessVideoData size:222051 dts:44.127 pts:44.127 dur:41.000ms, clock:43.774 level:0
2024-04-04 18:33:32.869 T:4044 debug : CVideoPlayerVideo::OutputPicture - ttd:266ms pts:44.044 Clock:43.777 Level:4
2024-04-04 18:33:32.924 T:4041 debug : CVideoPlayer::ProcessVideoData size:908198 dts:44.169 pts:44.294 dur:41.000ms, clock:43.833 level:0
2024-04-04 18:33:32.930 T:4044 debug : CVideoPlayerVideo::OutputPicture - ttd:248ms pts:44.086 Clock:43.838 Level:4
2024-04-04 18:33:32.930 T:4044 debug : CVideoPlayerVideo - CDVDMsg::DEMUXER_PACKET - checking interlace vfmt: null
2024-04-04 18:33:32.931 T:4041 debug : CVideoPlayer::ProcessVideoData size:202355 dts:44.211 pts:44.211 dur:41.000ms, clock:43.839 level:0
2024-04-04 18:33:32.935 T:4044 debug : CVideoPlayerVideo::OutputPicture - ttd:283ms pts:44.127 Clock:43.843 Level:5
2024-04-04 18:33:32.944 T:4041 debug : CVideoPlayer::ProcessVideoData size:204987 dts:44.253 pts:44.253 dur:41.000ms, clock:43.853 level:0
2024-04-04 18:33:32.955 T:4044 debug : CVideoPlayerVideo::OutputPicture - ttd:306ms pts:44.169 Clock:43.863 Level:5
2024-04-04 18:33:33.034 T:4041 debug : CVideoPlayer::ProcessVideoData size:1457026 dts:44.294 pts:44.419 dur:41.000ms, clock:43.942 level:0
2024-04-04 18:33:33.041 T:4044 debug : CVideoPlayerVideo::OutputPicture - ttd:262ms pts:44.211 Clock:43.949 Level:4
2024-04-04 18:33:33.043 T:4044 debug : CVideoPlayerVideo::OutputPicture - ttd:301ms pts:44.253 Clock:43.951 Level:5
2024-04-04 18:33:33.051 T:4041 debug : CVideoPlayer::ProcessVideoData size:209037 dts:44.336 pts:44.336 dur:41.000ms, clock:43.960 level:0
2024-04-04 18:33:33.060 T:4041 debug : CVideoPlayer::ProcessVideoData size:180756 dts:44.378 pts:44.378 dur:41.000ms, clock:43.968 level:0
2024-04-04 18:33:33.061 T:3853 debug : ActiveAE::SyncStream - average error -20.114770 below threshold of 30.000000
2024-04-04 18:33:33.113 T:4041 debug : CVideoPlayer::ProcessVideoData size:727349 dts:44.419 pts:44.545 dur:41.000ms, clock:44.021 level:0
2024-04-04 18:33:33.116 T:4044 debug : CVideoPlayerVideo::OutputPicture - ttd:269ms pts:44.294 Clock:44.024 Level:4
2024-04-04 18:33:33.118 T:4044 debug : CVideoPlayerVideo::OutputPicture - ttd:309ms pts:44.336 Clock:44.026 Level:5
2024-04-04 18:33:33.130 T:4041 debug : CVideoPlayer::ProcessVideoData size:188351 dts:44.461 pts:44.461 dur:41.000ms, clock:44.038 level:0
2024-04-04 18:33:33.137 T:4041 debug : CVideoPlayer::ProcessVideoData size:209835 dts:44.503 pts:44.503 dur:41.000ms, clock:44.045 level:0
2024-04-04 18:33:33.151 T:4044 debug : CVideoPlayerVideo::OutputPicture - ttd:318ms pts:44.378 Clock:44.060 Level:6
2024-04-04 18:33:33.191 T:4041 debug : CVideoPlayer::ProcessVideoData size:752271 dts:44.545 pts:44.670 dur:41.000ms, clock:44.099 level:0
2024-04-04 18:33:33.199 T:4044 debug : CVideoPlayerVideo::OutputPicture - ttd:312ms pts:44.419 Clock:44.107 Level:5
2024-04-04 18:33:33.207 T:4041 debug : CVideoPlayer::ProcessVideoData size:187295 dts:44.586 pts:44.586 dur:41.000ms, clock:44.115 level:0
2024-04-04 18:33:33.218 T:4041 debug : CVideoPlayer::ProcessVideoData size:185986 dts:44.628 pts:44.628 dur:41.000ms, clock:44.127 level:0
2024-04-04 18:33:33.234 T:4044 debug : CVideoPlayerVideo::OutputPicture - ttd:318ms pts:44.461 Clock:44.143 Level:6
2024-04-04 18:33:33.268 T:4041 debug : CVideoPlayer::ProcessVideoData size:754154 dts:44.670 pts:44.795 dur:41.000ms, clock:44.176 level:1
2024-04-04 18:33:33.275 T:4044 debug : CVideoPlayerVideo::OutputPicture - ttd:319ms pts:44.503 Clock:44.184 Level:6
2024-04-04 18:33:33.280 T:4041 debug : CVideoPlayer::ProcessVideoData size:204586 dts:44.711 pts:44.711 dur:41.000ms, clock:44.188 level:2
2024-04-04 18:33:33.303 T:4041 debug : CVideoPlayer::ProcessVideoData size:180249 dts:44.753 pts:44.753 dur:41.000ms, clock:44.211 level:0
2024-04-04 18:33:33.318 T:4044 debug : CVideoPlayerVideo::OutputPicture - ttd:318ms pts:44.545 Clock:44.226 Level:6
2024-04-04 18:33:33.350 T:4041 debug : CVideoPlayer::ProcessVideoData size:748440 dts:44.795 pts:44.920 dur:41.000ms, clock:44.258 level:1
2024-04-04 18:33:33.357 T:4041 debug : CVideoPlayer::ProcessVideoData size:181609 dts:44.836 pts:44.836 dur:41.000ms, clock:44.265 level:2
2024-04-04 18:33:33.360 T:4044 debug : CVideoPlayerVideo::OutputPicture - ttd:317ms pts:44.586 Clock:44.268 Level:6
2024-04-04 18:33:33.364 T:4041 debug : CVideoPlayer::ProcessVideoData size:193782 dts:44.878 pts:44.878 dur:41.000ms, clock:44.272 level:2
2024-04-04 18:33:33.402 T:4044 debug : CVideoPlayerVideo::OutputPicture - ttd:318ms pts:44.628 Clock:44.310 Level:6
2024-04-04 18:33:33.422 T:4041 debug : CVideoPlayer::ProcessVideoData size:805388 dts:44.920 pts:45.045 dur:41.000ms, clock:44.331 level:2
2024-04-04 18:33:33.433 T:4041 debug : CVideoPlayer::ProcessVideoData size:186313 dts:44.962 pts:44.962 dur:41.000ms, clock:44.341 level:2
2024-04-04 18:33:33.442 T:4044 debug : CVideoPlayerVideo::OutputPicture - ttd:319ms pts:44.670 Clock:44.350 Level:6
2024-04-04 18:33:33.449 T:4041 debug : CVideoPlayer::ProcessVideoData size:208351 dts:45.003 pts:45.003 dur:41.000ms, clock:44.358 level:2
2024-04-04 18:33:33.485 T:4044 debug : CVideoPlayerVideo::OutputPicture - ttd:318ms pts:44.711 Clock:44.393 Level:6
2024-04-04 18:33:33.495 T:4041 debug : CVideoPlayer::ProcessVideoData size:682260 dts:45.045 pts:45.087 dur:41.000ms, clock:44.403 level:3
2024-04-04 18:33:33.526 T:4044 debug : CVideoPlayerVideo::OutputPicture - ttd:318ms pts:44.753 Clock:44.434 Level:6
2024-04-04 18:33:33.545 T:4041 debug : CVideoPlayer::ProcessVideoData size:685627 dts:45.087 pts:45.128 dur:41.000ms, clock:44.454 level:3
2024-04-04 18:33:33.568 T:4044 debug : CVideoPlayerVideo::OutputPicture - ttd:318ms pts:44.795 Clock:44.477 Level:6
2024-04-04 18:33:33.609 T:4044 debug : CVideoPlayerVideo::OutputPicture - ttd:318ms pts:44.836 Clock:44.518 Level:6
2024-04-04 18:33:33.634 T:4041 debug : CVideoPlayer::ProcessVideoData size:1285957 dts:45.128 pts:45.170 dur:41.000ms, clock:44.542 level:2
2024-04-04 18:33:33.652 T:4044 debug : CVideoPlayerVideo::OutputPicture - ttd:317ms pts:44.878 Clock:44.560 Level:6
2024-04-04 18:33:33.683 T:4041 debug : CVideoPlayer::ProcessVideoData size:662662 dts:45.170 pts:45.295 dur:41.000ms, clock:44.591 level:1
2024-04-04 18:33:33.695 T:4044 debug : CVideoPlayerVideo::OutputPicture - ttd:317ms pts:44.920 Clock:44.603 Level:6
2024-04-04 18:33:33.702 T:4041 debug : CVideoPlayer::ProcessVideoData size:227494 dts:45.212 pts:45.212 dur:41.000ms, clock:44.610 level:2
2024-04-04 18:33:33.714 T:4041 debug : CVideoPlayer::ProcessVideoData size:241730 dts:45.254 pts:45.254 dur:41.000ms, clock:44.622 level:2
2024-04-04 18:33:33.734 T:4044 debug : CVideoPlayerVideo::OutputPicture - ttd:319ms pts:44.962 Clock:44.642 Level:6
2024-04-04 18:33:33.755 T:4041 debug : CVideoPlayer::ProcessVideoData size:712558 dts:45.295 pts:45.420 dur:41.000ms, clock:44.663 level:3
2024-04-04 18:33:33.774 T:4041 debug : CVideoPlayer::ProcessVideoData size:230142 dts:45.337 pts:45.337 dur:41.000ms, clock:44.682 level:3
2024-04-04 18:33:33.777 T:4044 debug : CVideoPlayerVideo::OutputPicture - ttd:317ms pts:45.003 Clock:44.686 Level:6
2024-04-04 18:33:33.796 T:4041 debug : CVideoPlayer::ProcessVideoData size:253392 dts:45.379 pts:45.379 dur:41.000ms, clock:44.704 level:3
2024-04-04 18:33:33.818 T:4044 debug : CVideoPlayerVideo::OutputPicture - ttd:318ms pts:45.045 Clock:44.726 Level:6
2024-04-04 18:33:33.847 T:4041 debug : CVideoPlayer::ProcessVideoData size:722119 dts:45.420 pts:45.546 dur:41.000ms, clock:44.756 level:3
2024-04-04 18:33:33.860 T:4044 debug : CVideoPlayerVideo::OutputPicture - ttd:318ms pts:45.087 Clock:44.768 Level:6
2024-04-04 18:33:33.863 T:4041 debug : CVideoPlayer::ProcessVideoData size:234980 dts:45.462 pts:45.462 dur:41.000ms, clock:44.771 level:4
2024-04-04 18:33:33.863 T:4044 debug : CVideoPlayerVideo::OutputPicture - ttd:358ms pts:45.128 Clock:44.770 Level:6
2024-04-04 18:33:33.882 T:4041 debug : CVideoPlayer::ProcessVideoData size:256731 dts:45.504 pts:45.504 dur:41.000ms, clock:44.790 level:4
2024-04-04 18:33:33.928 T:4041 debug : CVideoPlayer::ProcessVideoData size:730134 dts:45.546 pts:45.671 dur:41.000ms, clock:44.836 level:3
2024-04-04 18:33:33.941 T:4041 debug : CVideoPlayer::ProcessVideoData size:237837 dts:45.587 pts:45.587 dur:41.000ms, clock:44.850 level:3
2024-04-04 18:33:33.944 T:4044 debug : CVideoPlayerVideo::OutputPicture - ttd:317ms pts:45.170 Clock:44.852 Level:6
2024-04-04 18:33:33.957 T:4041 debug : CVideoPlayer::ProcessVideoData size:239656 dts:45.629 pts:45.629 dur:41.000ms, clock:44.866 level:4
2024-04-04 18:33:33.986 T:4044 debug : CVideoPlayerVideo::OutputPicture - ttd:317ms pts:45.212 Clock:44.895 Level:6
2024-04-04 18:33:33.996 T:4041 debug : CVideoPlayer::ProcessVideoData size:742743 dts:45.671 pts:45.796 dur:41.000ms, clock:44.904 level:4
2024-04-04 18:33:34.009 T:4041 debug : CVideoPlayer::ProcessVideoData size:257280 dts:45.712 pts:45.712 dur:41.000ms, clock:44.917 level:5
2024-04-04 18:33:34.024 T:4041 debug : CVideoPlayer::ProcessVideoData size:239808 dts:45.754 pts:45.754 dur:41.000ms, clock:44.933 level:5
2024-04-04 18:33:34.026 T:4044 debug : CVideoPlayerVideo::OutputPicture - ttd:319ms pts:45.254 Clock:44.934 Level:6
2024-04-04 18:33:34.068 T:4044 debug : CVideoPlayerVideo::OutputPicture - ttd:318ms pts:45.295 Clock:44.977 Level:6
2024-04-04 18:33:34.077 T:4041 debug : CVideoPlayer::ProcessVideoData size:752228 dts:45.796 pts:45.921 dur:41.000ms, clock:44.986 level:4
2024-04-04 18:33:34.081 T:3853 debug : ActiveAE::SyncStream - average error -285.799345 above threshold of 100.000000
2024-04-04 18:33:34.094 T:4041 debug : CVideoPlayer::ProcessVideoData size:240800 dts:45.837 pts:45.837 dur:41.000ms, clock:45.003 level:5
2024-04-04 18:33:34.110 T:4044 debug : CVideoPlayerVideo::OutputPicture - ttd:318ms pts:45.337 Clock:45.019 Level:6
2024-04-04 18:33:34.119 T:4041 debug : CVideoPlayer::ProcessVideoData size:266795 dts:45.879 pts:45.879 dur:41.000ms, clock:45.027 level:5
2024-04-04 18:33:34.151 T:4044 debug : CVideoPlayerVideo::OutputPicture - ttd:319ms pts:45.379 Clock:45.060 Level:6
2024-04-04 18:33:34.194 T:4044 debug : CVideoPlayerVideo::OutputPicture - ttd:317ms pts:45.420 Clock:45.102 Level:6
2024-04-04 18:33:34.200 T:4041 debug : CVideoPlayer::ProcessVideoData size:1318118 dts:45.921 pts:46.046 dur:41.000ms, clock:45.108 level:4
2024-04-04 18:33:34.208 T:3853 debug : ActiveAE::SyncStream - average error -25.799345 below threshold of 30.000000
2024-04-04 18:33:34.212 T:4041 debug : CVideoPlayer::ProcessVideoData size:239455 dts:45.963 pts:45.963 dur:41.000ms, clock:45.121 level:5
2024-04-04 18:33:34.219 T:4041 debug : CVideoPlayer::ProcessVideoData size:233046 dts:46.004 pts:46.004 dur:41.000ms, clock:45.127 level:5
2024-04-04 18:33:34.239 T:4044 debug : CVideoPlayerVideo::OutputPicture - ttd:314ms pts:45.462 Clock:45.147 Level:6
2024-04-04 18:33:34.272 T:4041 debug : CVideoPlayer::ProcessVideoData size:724772 dts:46.046 pts:46.171 dur:41.000ms, clock:45.181 level:6
2024-04-04 18:33:34.280 T:4044 debug : CVideoPlayerVideo::OutputPicture - ttd:315ms pts:45.504 Clock:45.188 Level:6
2024-04-04 18:33:34.294 T:4041 debug : CVideoPlayer::ProcessVideoData size:245504 dts:46.088 pts:46.088 dur:41.000ms, clock:45.202 level:6
2024-04-04 18:33:34.309 T:4041 debug : CVideoPlayer::ProcessVideoData size:234230 dts:46.129 pts:46.129 dur:41.000ms, clock:45.217 level:5
2024-04-04 18:33:34.318 T:4044 debug : CVideoPlayerVideo::OutputPicture - ttd:319ms pts:45.546 Clock:45.226 Level:6
2024-04-04 18:33:34.320 T:3987 info : script.plex: UpdateNowPlaying: 394422, force: True refreshQueue: False state: None overrideChecks: False time: None
2024-04-04 18:33:34.355 T:4041 debug : CVideoPlayer::ProcessVideoData size:747505 dts:46.171 pts:46.296 dur:41.000ms, clock:45.264 level:6
2024-04-04 18:33:34.361 T:4044 debug : CVideoPlayerVideo::OutputPicture - ttd:318ms pts:45.587 Clock:45.269 Level:6
2024-04-04 18:33:34.373 T:4041 debug : CVideoPlayer::ProcessVideoData size:244167 dts:46.213 pts:46.213 dur:41.000ms, clock:45.281 level:6
2024-04-04 18:33:34.387 T:4041 debug : CVideoPlayer::ProcessVideoData size:265960 dts:46.255 pts:46.255 dur:41.000ms, clock:45.295 level:7
2024-04-04 18:33:34.402 T:4044 debug : CVideoPlayerVideo::OutputPicture - ttd:318ms pts:45.629 Clock:45.311 Level:6
2024-04-04 18:33:34.433 T:4041 debug : CVideoPlayer::ProcessVideoData size:758899 dts:46.296 pts:46.421 dur:41.000ms, clock:45.342 level:6
2024-04-04 18:33:34.445 T:4044 debug : CVideoPlayerVideo::OutputPicture - ttd:317ms pts:45.671 Clock:45.354 Level:6
2024-04-04 18:33:34.454 T:4041 debug : CVideoPlayer::ProcessVideoData size:247940 dts:46.338 pts:46.338 dur:41.000ms, clock:45.362 level:6
2024-04-04 18:33:34.470 T:4041 debug : CVideoPlayer::ProcessVideoData size:249754 dts:46.380 pts:46.380 dur:41.000ms, clock:45.378 level:7
2024-04-04 18:33:34.486 T:4044 debug : CVideoPlayerVideo::OutputPicture - ttd:317ms pts:45.712 Clock:45.394 Level:6
2024-04-04 18:33:34.529 T:4044 debug : CVideoPlayerVideo::OutputPicture - ttd:317ms pts:45.754 Clock:45.437 Level:6
2024-04-04 18:33:34.545 T:4041 debug : CVideoPlayer::ProcessVideoData size:774598 dts:46.421 pts:46.547 dur:41.000ms, clock:45.453 level:7
2024-04-04 18:33:34.561 T:4041 debug : CVideoPlayer::ProcessVideoData size:266763 dts:46.463 pts:46.463 dur:41.000ms, clock:45.469 level:6
2024-04-04 18:33:34.569 T:4044 debug : CVideoPlayerVideo::OutputPicture - ttd:318ms pts:45.796 Clock:45.478 Level:6
2024-04-04 18:33:34.575 T:4041 debug : CVideoPlayer::ProcessVideoData size:249598 dts:46.505 pts:46.505 dur:41.000ms, clock:45.483 level:7
2024-04-04 18:33:34.611 T:4044 debug : CVideoPlayerVideo::OutputPicture - ttd:317ms pts:45.837 Clock:45.520 Level:6
2024-04-04 18:33:34.630 T:4041 debug : CVideoPlayer::ProcessVideoData size:774488 dts:46.547 pts:46.672 dur:41.000ms, clock:45.539 level:7
2024-04-04 18:33:34.637 T:4041 debug : CVideoPlayer::ProcessVideoData size:248020 dts:46.588 pts:46.588 dur:41.000ms, clock:45.546 level:8
2024-04-04 18:33:34.653 T:4044 debug : CVideoPlayerVideo::OutputPicture - ttd:317ms pts:45.879 Clock:45.561 Level:6
2024-04-04 18:33:34.659 T:4041 debug : CVideoPlayer::ProcessVideoData size:269655 dts:46.630 pts:46.630 dur:41.000ms, clock:45.567 level:8
2024-04-04 18:33:34.694 T:4044 debug : CVideoPlayerVideo::OutputPicture - ttd:318ms pts:45.921 Clock:45.603 Level:6
2024-04-04 18:33:34.710 T:4041 debug : CVideoPlayer::ProcessVideoData size:774204 dts:46.672 pts:46.797 dur:41.000ms, clock:45.618 level:7
2024-04-04 18:33:34.725 T:4041 debug : CVideoPlayer::ProcessVideoData size:244969 dts:46.713 pts:46.713 dur:41.000ms, clock:45.633 level:8
2024-04-04 18:33:34.737 T:4044 debug : CVideoPlayerVideo::OutputPicture - ttd:317ms pts:45.963 Clock:45.645 Level:6
2024-04-04 18:33:34.739 T:4041 debug : CVideoPlayer::ProcessVideoData size:245577 dts:46.755 pts:46.755 dur:41.000ms, clock:45.648 level:8
2024-04-04 18:33:34.779 T:4044 debug : CVideoPlayerVideo::OutputPicture - ttd:316ms pts:46.004 Clock:45.687 Level:6
2024-04-04 18:33:34.821 T:4044 debug : CVideoPlayerVideo::OutputPicture - ttd:316ms pts:46.046 Clock:45.729 Level:6
2024-04-04 18:33:34.834 T:4041 debug : CVideoPlayer::ProcessVideoData size:1300816 dts:46.797 pts:46.922 dur:41.000ms, clock:45.743 level:7
2024-04-04 18:33:34.853 T:4041 debug : CVideoPlayer::ProcessVideoData size:255754 dts:46.838 pts:46.838 dur:41.000ms, clock:45.761 level:8
2024-04-04 18:33:34.860 T:4044 debug : CVideoPlayerVideo::OutputPicture - ttd:319ms pts:46.088 Clock:45.768 Level:6
2024-04-04 18:33:34.869 T:4041 debug : CVideoPlayer::ProcessVideoData size:229877 dts:46.880 pts:46.880 dur:41.000ms, clock:45.777 level:8
2024-04-04 18:33:34.903 T:4044 debug : CVideoPlayerVideo::OutputPicture - ttd:317ms pts:46.129 Clock:45.811 Level:6
2024-04-04 18:33:34.921 T:4041 debug : CVideoPlayer::ProcessVideoData size:716966 dts:46.922 pts:47.047 dur:41.000ms, clock:45.829 level:8
2024-04-04 18:33:34.929 T:4041 debug : CVideoPlayer::ProcessVideoData size:222997 dts:46.964 pts:46.964 dur:41.000ms, clock:45.837 level:8
2024-04-04 18:33:34.944 T:4044 debug : CVideoPlayerVideo::OutputPicture - ttd:319ms pts:46.171 Clock:45.852 Level:6
2024-04-04 18:33:34.949 T:4041 debug : CVideoPlayer::ProcessVideoData size:251172 dts:47.005 pts:47.005 dur:41.000ms, clock:45.858 level:8
2024-04-04 18:33:34.987 T:4044 debug : CVideoPlayerVideo::OutputPicture - ttd:318ms pts:46.213 Clock:45.895 Level:6
2024-04-04 18:33:34.996 T:4041 debug : CVideoPlayer::ProcessVideoData size:738243 dts:47.047 pts:47.172 dur:41.000ms, clock:45.904 level:9
2024-04-04 18:33:35.015 T:4041 debug : CVideoPlayer::ProcessVideoData size:243099 dts:47.089 pts:47.089 dur:41.000ms, clock:45.924 level:9
2024-04-04 18:33:35.027 T:4044 debug : CVideoPlayerVideo::OutputPicture - ttd:319ms pts:46.255 Clock:45.935 Level:6
2024-04-04 18:33:35.032 T:4041 debug : CVideoPlayer::ProcessVideoData size:261764 dts:47.130 pts:47.130 dur:41.000ms, clock:45.940 level:10
2024-04-04 18:33:35.070 T:4044 debug : CVideoPlayerVideo::OutputPicture - ttd:317ms pts:46.296 Clock:45.979 Level:6
2024-04-04 18:33:35.082 T:4041 debug : CVideoPlayer::ProcessVideoData size:747487 dts:47.172 pts:47.297 dur:41.000ms, clock:45.991 level:9
2024-04-04 18:33:35.098 T:4041 debug : CVideoPlayer::ProcessVideoData size:243155 dts:47.214 pts:47.214 dur:41.000ms, clock:46.006 level:9
2024-04-04 18:33:35.112 T:4044 debug : CVideoPlayerVideo::OutputPicture - ttd:318ms pts:46.338 Clock:46.020 Level:6
2024-04-04 18:33:35.119 T:4041 debug : CVideoPlayer::ProcessVideoData size:247657 dts:47.256 pts:47.256 dur:41.000ms, clock:46.027 level:10
2024-04-04 18:33:35.153 T:4044 debug : CVideoPlayerVideo::OutputPicture - ttd:318ms pts:46.380 Clock:46.062 Level:6
2024-04-04 18:33:35.177 T:4041 debug : CVideoPlayer::ProcessVideoData size:748379 dts:47.297 pts:47.422 dur:41.000ms, clock:46.085 level:9
2024-04-04 18:33:35.192 T:4041 debug : CVideoPlayer::ProcessVideoData size:266902 dts:47.339 pts:47.339 dur:41.000ms, clock:46.100 level:9
2024-04-04 18:33:35.195 T:4044 debug : CVideoPlayerVideo::OutputPicture - ttd:317ms pts:46.421 Clock:46.103 Level:6
2024-04-04 18:33:35.205 T:4041 debug : CVideoPlayer::ProcessVideoData size:249337 dts:47.381 pts:47.381 dur:41.000ms, clock:46.113 level:10
2024-04-04 18:33:35.212 T:4045 debug : CDVDClock::ErrorAdjust - CVideoPlayerAudio::OutputPacket - error:-61783.032148, adjusted:-41708.333333
2024-04-04 18:33:35.237 T:4044 debug : CVideoPlayerVideo::OutputPicture - ttd:359ms pts:46.463 Clock:46.103 Level:6
2024-04-04 18:33:35.255 T:4041 debug : CVideoPlayer::ProcessVideoData size:760877 dts:47.422 pts:47.548 dur:41.000ms, clock:46.121 level:10
2024-04-04 18:33:35.271 T:4041 debug : CVideoPlayer::ProcessVideoData size:246145 dts:47.464 pts:47.464 dur:41.000ms, clock:46.138 level:11
2024-04-04 18:33:35.278 T:4044 debug : CVideoPlayerVideo::OutputPicture - ttd:360ms pts:46.505 Clock:46.145 Level:6
2024-04-04 18:33:35.290 T:4041 debug : CVideoPlayer::ProcessVideoData size:267668 dts:47.506 pts:47.506 dur:41.000ms, clock:46.157 level:11
2024-04-04 18:33:35.320 T:4044 debug : CVideoPlayerVideo::OutputPicture - ttd:360ms pts:46.547 Clock:46.187 Level:6
2024-04-04 18:33:35.354 T:4041 debug : CVideoPlayer::ProcessVideoData size:770000 dts:47.548 pts:47.673 dur:41.000ms, clock:46.220 level:10
2024-04-04 18:33:35.363 T:4044 debug : CVideoPlayerVideo::OutputPicture - ttd:358ms pts:46.588 Clock:46.230 Level:6
2024-04-04 18:33:35.369 T:4041 debug : CVideoPlayer::ProcessVideoData size:250212 dts:47.589 pts:47.589 dur:41.000ms, clock:46.236 level:11
2024-04-04 18:33:35.386 T:4041 debug : CVideoPlayer::ProcessVideoData size:270120 dts:47.631 pts:47.631 dur:41.000ms, clock:46.253 level:11
2024-04-04 18:33:35.404 T:4044 debug : CVideoPlayerVideo::OutputPicture - ttd:359ms pts:46.630 Clock:46.270 Level:6
2024-04-04 18:33:35.447 T:4044 debug : CVideoPlayerVideo::OutputPicture - ttd:358ms pts:46.672 Clock:46.314 Level:6
2024-04-04 18:33:35.472 T:4041 debug : CVideoPlayer::ProcessVideoData size:1325892 dts:47.673 pts:47.798 dur:41.000ms, clock:46.339 level:10
2024-04-04 18:33:35.483 T:4041 debug : CVideoPlayer::ProcessVideoData size:245794 dts:47.714 pts:47.714 dur:41.000ms, clock:46.350 level:11
2024-04-04 18:33:35.487 T:4044 debug : CVideoPlayerVideo::OutputPicture - ttd:359ms pts:46.713 Clock:46.354 Level:6
2024-04-04 18:33:35.497 T:4041 debug : CVideoPlayer::ProcessVideoData size:237155 dts:47.756 pts:47.756 dur:41.000ms, clock:46.364 level:11
2024-04-04 18:33:35.528 T:4044 debug : CVideoPlayerVideo::OutputPicture - ttd:360ms pts:46.755 Clock:46.395 Level:6
2024-04-04 18:33:35.539 T:4041 debug : CVideoPlayer::ProcessVideoData size:709762 dts:47.798 pts:47.923 dur:41.000ms, clock:46.406 level:12
2024-04-04 18:33:35.555 T:4041 debug : CVideoPlayer::ProcessVideoData size:253889 dts:47.839 pts:47.839 dur:41.000ms, clock:46.422 level:12
2024-04-04 18:33:35.571 T:4044 debug : CVideoPlayerVideo::OutputPicture - ttd:359ms pts:46.797 Clock:46.438 Level:6
2024-04-04 18:33:35.572 T:4041 debug : CVideoPlayer::ProcessVideoData size:241712 dts:47.881 pts:47.881 dur:41.000ms, clock:46.438 level:11
2024-04-04 18:33:35.612 T:4044 debug : CVideoPlayerVideo::OutputPicture - ttd:358ms pts:46.838 Clock:46.479 Level:6
2024-04-04 18:33:35.624 T:4041 debug : CVideoPlayer::ProcessVideoData size:734573 dts:47.923 pts:48.048 dur:41.000ms, clock:46.490 level:12
2024-04-04 18:33:35.641 T:4041 debug : CVideoPlayer::ProcessVideoData size:254730 dts:47.965 pts:47.965 dur:41.000ms, clock:46.507 level:12
2024-04-04 18:33:35.654 T:4044 debug : CVideoPlayerVideo::OutputPicture - ttd:359ms pts:46.880 Clock:46.521 Level:6
2024-04-04 18:33:35.660 T:4041 debug : CVideoPlayer::ProcessVideoData size:255621 dts:48.006 pts:48.006 dur:41.000ms, clock:46.527 level:13
2024-04-04 18:33:35.695 T:4044 debug : CVideoPlayerVideo::OutputPicture - ttd:359ms pts:46.922 Clock:46.562 Level:6
2024-04-04 18:33:35.709 T:4041 debug : CVideoPlayer::ProcessVideoData size:737455 dts:48.048 pts:48.173 dur:41.000ms, clock:46.575 level:12
2024-04-04 18:33:35.725 T:4041 debug : CVideoPlayer::ProcessVideoData size:271474 dts:48.090 pts:48.090 dur:41.000ms, clock:46.592 level:12
2024-04-04 18:33:35.738 T:4044 debug : CVideoPlayerVideo::OutputPicture - ttd:359ms pts:46.964 Clock:46.604 Level:6
2024-04-04 18:33:35.744 T:4041 debug : CVideoPlayer::ProcessVideoData size:254155 dts:48.131 pts:48.131 dur:41.000ms, clock:46.610 level:13
2024-04-04 18:33:35.778 T:4044 debug : CVideoPlayerVideo::OutputPicture - ttd:360ms pts:47.005 Clock:46.644 Level:6
2024-04-04 18:33:35.780 T:3987 info : script.plex: UpdateNowPlaying: 394422, force: True refreshQueue: False state: None overrideChecks: False time: None
2024-04-04 18:33:35.790 T:4041 debug : CVideoPlayer::ProcessVideoData size:749924 dts:48.173 pts:48.298 dur:41.000ms, clock:46.656 level:14
2024-04-04 18:33:35.805 T:4041 debug : CVideoPlayer::ProcessVideoData size:251076 dts:48.215 pts:48.215 dur:41.000ms, clock:46.672 level:12
2024-04-04 18:33:35.821 T:4044 debug : CVideoPlayerVideo::OutputPicture - ttd:359ms pts:47.047 Clock:46.687 Level:6
2024-04-04 18:33:35.828 T:4041 debug : CVideoPlayer::ProcessVideoData size:269879 dts:48.257 pts:48.257 dur:41.000ms, clock:46.695 level:13
2024-04-04 18:33:35.862 T:4044 debug : CVideoPlayerVideo::OutputPicture - ttd:360ms pts:47.089 Clock:46.729 Level:6
2024-04-04 18:33:35.879 T:4041 debug : CVideoPlayer::ProcessVideoData size:770783 dts:48.298 pts:48.423 dur:41.000ms, clock:46.745 level:14
2024-04-04 18:33:35.893 T:4041 debug : CVideoPlayer::ProcessVideoData size:252990 dts:48.340 pts:48.340 dur:41.000ms, clock:46.759 level:14
2024-04-04 18:33:35.904 T:4044 debug : CVideoPlayerVideo::OutputPicture - ttd:359ms pts:47.130 Clock:46.771 Level:6
2024-04-04 18:33:35.913 T:4041 debug : CVideoPlayer::ProcessVideoData size:258938 dts:48.382 pts:48.382 dur:41.000ms, clock:46.779 level:15
2024-04-04 18:33:35.947 T:4044 debug : CVideoPlayerVideo::OutputPicture - ttd:358ms pts:47.172 Clock:46.814 Level:6
2024-04-04 18:33:35.969 T:4041 debug : CVideoPlayer::ProcessVideoData size:776907 dts:48.423 pts:48.549 dur:41.000ms, clock:46.836 level:14
2024-04-04 18:33:35.982 T:4041 debug : CVideoPlayer::ProcessVideoData size:277596 dts:48.465 pts:48.465 dur:41.000ms, clock:46.848 level:14
2024-04-04 18:33:35.987 T:4044 debug : CVideoPlayerVideo::OutputPicture - ttd:359ms pts:47.214 Clock:46.854 Level:6
2024-04-04 18:33:36.001 T:4041 debug : CVideoPlayer::ProcessVideoData size:258422 dts:48.507 pts:48.507 dur:41.000ms, clock:46.868 level:15
2024-04-04 18:33:36.029 T:4044 debug : CVideoPlayerVideo::OutputPicture - ttd:360ms pts:47.256 Clock:46.895 Level:6
2024-04-04 18:33:36.071 T:4044 debug : CVideoPlayerVideo::OutputPicture - ttd:359ms pts:47.297 Clock:46.938 Level:6
2024-04-04 18:33:36.081 T:4041 debug : CVideoPlayer::ProcessVideoData size:1335772 dts:48.549 pts:48.674 dur:41.000ms, clock:46.948 level:14
2024-04-04 18:33:36.096 T:4041 debug : CVideoPlayer::ProcessVideoData size:252421 dts:48.590 pts:48.590 dur:41.000ms, clock:46.963 level:14
2024-04-04 18:33:36.110 T:4041 debug : CVideoPlayer::ProcessVideoData size:263038 dts:48.632 pts:48.632 dur:41.000ms, clock:46.977 level:15
2024-04-04 18:33:36.113 T:4044 debug : CVideoPlayerVideo::OutputPicture - ttd:359ms pts:47.339 Clock:46.980 Level:6
2024-04-04 18:33:36.153 T:4044 debug : CVideoPlayerVideo::OutputPicture - ttd:361ms pts:47.381 Clock:47.020 Level:6
2024-04-04 18:33:36.165 T:4041 debug : CVideoPlayer::ProcessVideoData size:740457 dts:48.674 pts:48.799 dur:41.000ms, clock:47.032 level:15
2024-04-04 18:33:36.183 T:4041 debug : CVideoPlayer::ProcessVideoData size:246953 dts:48.715 pts:48.715 dur:41.000ms, clock:47.050 level:14
2024-04-04 18:33:36.195 T:4044 debug : CVideoPlayerVideo::OutputPicture - ttd:360ms pts:47.422 Clock:47.062 Level:6
2024-04-04 18:33:36.203 T:4041 debug : CVideoPlayer::ProcessVideoData size:253943 dts:48.757 pts:48.757 dur:41.000ms, clock:47.069 level:15
2024-04-04 18:33:36.239 T:4044 debug : CVideoPlayerVideo::OutputPicture - ttd:358ms pts:47.464 Clock:47.105 Level:6
2024-04-04 18:33:36.258 T:4041 debug : CVideoPlayer::ProcessVideoData size:759077 dts:48.799 pts:48.924 dur:41.000ms, clock:47.124 level:15
2024-04-04 18:33:36.279 T:4044 debug : CVideoPlayerVideo::OutputPicture - ttd:360ms pts:47.506 Clock:47.146 Level:6
2024-04-04 18:33:36.285 T:4041 debug : CVideoPlayer::ProcessVideoData size:283907 dts:48.840 pts:48.840 dur:41.000ms, clock:47.152 level:16
2024-04-04 18:33:36.310 T:4041 debug : CVideoPlayer::ProcessVideoData size:267624 dts:48.882 pts:48.882 dur:41.000ms, clock:47.177 level:15
2024-04-04 18:33:36.321 T:4044 debug : CVideoPlayerVideo::OutputPicture - ttd:360ms pts:47.548 Clock:47.188 Level:6
2024-04-04 18:33:36.356 T:4041 debug : CVideoPlayer::ProcessVideoData size:772542 dts:48.924 pts:49.049 dur:41.000ms, clock:47.223 level:15
2024-04-04 18:33:36.364 T:4044 debug : CVideoPlayerVideo::OutputPicture - ttd:358ms pts:47.589 Clock:47.230 Level:6
2024-04-04 18:33:36.373 T:4041 debug : CVideoPlayer::ProcessVideoData size:265434 dts:48.966 pts:48.966 dur:41.000ms, clock:47.240 level:16
2024-04-04 18:33:36.389 T:4041 debug : CVideoPlayer::ProcessVideoData size:266242 dts:49.007 pts:49.007 dur:41.000ms, clock:47.256 level:16
2024-04-04 18:33:36.404 T:4044 debug : CVideoPlayerVideo::OutputPicture - ttd:360ms pts:47.631 Clock:47.271 Level:6
2024-04-04 18:33:36.447 T:4044 debug : CVideoPlayerVideo::OutputPicture - ttd:360ms pts:47.673 Clock:47.313 Level:6
2024-04-04 18:33:36.450 T:4041 debug : CVideoPlayer::ProcessVideoData size:773598 dts:49.049 pts:49.174 dur:41.000ms, clock:47.317 level:15
2024-04-04 18:33:36.475 T:4041 debug : CVideoPlayer::ProcessVideoData size:287826 dts:49.091 pts:49.091 dur:41.000ms, clock:47.342 level:16
2024-04-04 18:33:36.487 T:4044 debug : CVideoPlayerVideo::OutputPicture - ttd:360ms pts:47.714 Clock:47.353 Level:6
2024-04-04 18:33:36.492 T:4041 debug : CVideoPlayer::ProcessVideoData size:268342 dts:49.132 pts:49.132 dur:41.000ms, clock:47.359 level:16
2024-04-04 18:33:36.530 T:4044 debug : CVideoPlayerVideo::OutputPicture - ttd:359ms pts:47.756 Clock:47.397 Level:6
2024-04-04 18:33:36.547 T:4041 debug : CVideoPlayer::ProcessVideoData size:768140 dts:49.174 pts:49.299 dur:41.000ms, clock:47.413 level:17
2024-04-04 18:33:36.564 T:4041 debug : CVideoPlayer::ProcessVideoData size:260933 dts:49.216 pts:49.216 dur:41.000ms, clock:47.431 level:16
2024-04-04 18:33:36.573 T:4044 debug : CVideoPlayerVideo::OutputPicture - ttd:358ms pts:47.798 Clock:47.439 Level:6
2024-04-04 18:33:36.581 T:4041 debug : CVideoPlayer::ProcessVideoData size:280842 dts:49.258 pts:49.258 dur:41.000ms, clock:47.448 level:16
2024-04-04 18:33:36.613 T:4044 debug : CVideoPlayerVideo::OutputPicture - ttd:359ms pts:47.839 Clock:47.480 Level:6
