2024-04-04 18:33:52.788 T:4044 debug : CVideoPlayerVideo::OutputPicture - ttd:163ms pts:100.267 Clock:100.104 Level:1
2024-04-04 18:33:52.789 T:4044 debug : CVideoPlayerVideo::OutputPicture - ttd:203ms pts:100.309 Clock:100.106 Level:2
2024-04-04 18:33:52.791 T:4044 debug : CVideoPlayerVideo::OutputPicture - ttd:243ms pts:100.350 Clock:100.107 Level:3
2024-04-04 18:33:52.800 T:4041 debug : CVideoPlayer::ProcessVideoData size:268867 dts:100.434 pts:100.434 dur:41.000ms, clock:100.116 level:0
2024-04-04 18:33:52.814 T:4041 debug : CVideoPlayer::ProcessVideoData size:268268 dts:100.475 pts:100.475 dur:41.000ms, clock:100.130 level:0
2024-04-04 18:33:52.818 T:4044 debug : CVideoPlayerVideo - CDVDMsg::DEMUXER_PACKET - checking interlace vfmt: null
2024-04-04 18:33:52.878 T:4041 debug : CVideoPlayer::ProcessVideoData size:779136 dts:100.517 pts:100.642 dur:41.000ms, clock:100.194 level:0
2024-04-04 18:33:52.884 T:4044 debug : CVideoPlayerVideo::OutputPicture - ttd:192ms pts:100.392 Clock:100.200 Level:2
2024-04-04 18:33:52.885 T:4044 debug : CVideoPlayerVideo::OutputPicture - ttd:232ms pts:100.434 Clock:100.201 Level:3
2024-04-04 18:33:52.886 T:4044 debug : CVideoPlayerVideo::OutputPicture - ttd:272ms pts:100.475 Clock:100.203 Level:3
2024-04-04 18:33:52.894 T:4041 debug : CVideoPlayer::ProcessVideoData size:268380 dts:100.559 pts:100.559 dur:41.000ms, clock:100.210 level:0
2024-04-04 18:33:52.910 T:4041 debug : CVideoPlayer::ProcessVideoData size:268318 dts:100.601 pts:100.601 dur:41.000ms, clock:100.226 level:0
2024-04-04 18:33:52.978 T:4041 debug : CVideoPlayer::ProcessVideoData size:779024 dts:100.642 pts:100.767 dur:41.000ms, clock:100.294 level:0
2024-04-04 18:33:52.982 T:4044 debug : CVideoPlayerVideo::OutputPicture - ttd:218ms pts:100.517 Clock:100.298 Level:2
2024-04-04 18:33:52.984 T:4044 debug : CVideoPlayerVideo::OutputPicture - ttd:259ms pts:100.559 Clock:100.300 Level:3
2024-04-04 18:33:52.985 T:4044 debug : CVideoPlayerVideo::OutputPicture - ttd:300ms pts:100.601 Clock:100.301 Level:4
2024-04-04 18:33:53.006 T:3987 info : script.plex: UpdateNowPlaying: 394422, force: True refreshQueue: False state: None overrideChecks: False time: None
2024-04-04 18:33:53.008 T:3987 debug : requested setting (remotecontrol) was not found.
2024-04-04 18:33:53.012 T:4114 info : script.plex: API: Starting request: GET https://192-168-0-6.1bfef040b1f9411a9464dbec34658ae7.plex.direct:32400/:/timeline?time=100130&duration=465408&state=playing&guid=com.plexapp.agents.none%3A//a17ea78e0b504d5cba6c3a466518ad6fed1e9724%3Flang%3Dxn&ratingKey=394422&key=/library/metadata/394422&containerKey=/library/sections/14/folder%3Fparent%3D14480%26includeCollections%3D1%26X-Plex-Container-Size%3D240%26X-Plex-Container-Start%3D0&X-Plex-Token=**** (async=True timeout=10.0(10.0))
2024-04-04 18:33:53.012 T:4041 debug : CVideoPlayer::ProcessVideoData size:248481 dts:100.684 pts:100.684 dur:41.000ms, clock:100.328 level:0
2024-04-04 18:33:53.016 T:4044 debug : CVideoPlayerVideo - CDVDMsg::DEMUXER_PACKET - checking interlace vfmt: null
2024-04-04 18:33:53.044 T:4041 debug : CVideoPlayer::ProcessVideoData size:250718 dts:100.726 pts:100.726 dur:41.000ms, clock:100.361 level:0
2024-04-04 18:33:53.145 T:3828 debug : CLibInputKeyboard::ProcessKey - using delay: 500ms repeat: 33ms
2024-04-04 18:33:53.146 T:4115 debug : Thread Timer start, auto delete: false
2024-04-04 18:33:53.172 T:3811 debug : Keyboard: scancode: 0x1c, sym: 0x0d, unicode: 0x0d, modifier: 0x0
2024-04-04 18:33:53.175 T:4041 debug : CVideoPlayer::ProcessVideoData size:1838938 dts:100.767 pts:100.892 dur:41.000ms, clock:100.491 level:0
2024-04-04 18:33:53.182 T:4044 debug : CVideoPlayerVideo::OutputPicture - ttd:143ms pts:100.642 Clock:100.498 Level:0
2024-04-04 18:33:53.184 T:4041 debug : CVideoPlayer::ProcessVideoData size:228388 dts:100.809 pts:100.809 dur:41.000ms, clock:100.500 level:0
2024-04-04 18:33:53.185 T:4044 debug : CVideoPlayerVideo::OutputPicture - ttd:182ms pts:100.684 Clock:100.501 Level:1
2024-04-04 18:33:53.187 T:4044 debug : CVideoPlayerVideo::OutputPicture - ttd:223ms pts:100.726 Clock:100.503 Level:2
2024-04-04 18:33:53.197 T:4041 debug : CVideoPlayer::ProcessVideoData size:220325 dts:100.851 pts:100.851 dur:41.000ms, clock:100.513 level:0
2024-04-04 18:33:53.220 T:4044 debug : CVideoPlayerVideo::OutputPicture - ttd:230ms pts:100.767 Clock:100.536 Level:2
2024-04-04 18:33:53.258 T:4041 debug : CVideoPlayer::ProcessVideoData size:740075 dts:100.892 pts:101.018 dur:41.000ms, clock:100.574 level:0
2024-04-04 18:33:53.263 T:4044 debug : CVideoPlayerVideo::OutputPicture - ttd:229ms pts:100.809 Clock:100.579 Level:2
2024-04-04 18:33:53.265 T:4044 debug : CVideoPlayerVideo::OutputPicture - ttd:270ms pts:100.851 Clock:100.581 Level:3
2024-04-04 18:33:53.276 T:4041 debug : CVideoPlayer::ProcessVideoData size:226845 dts:100.934 pts:100.934 dur:41.000ms, clock:100.592 level:0
2024-04-04 18:33:53.298 T:4041 debug : CVideoPlayer::ProcessVideoData size:255549 dts:100.976 pts:100.976 dur:41.000ms, clock:100.614 level:0
2024-04-04 18:33:53.348 T:4115 debug : Thread Timer 3794792960 terminating
2024-04-04 18:33:53.363 T:4041 debug : CVideoPlayer::ProcessVideoData size:767859 dts:101.018 pts:101.143 dur:41.000ms, clock:100.679 level:0
2024-04-04 18:33:53.368 T:4044 debug : CVideoPlayerVideo::OutputPicture - ttd:208ms pts:100.892 Clock:100.684 Level:2
2024-04-04 18:33:53.369 T:4044 debug : CVideoPlayerVideo::OutputPicture - ttd:248ms pts:100.934 Clock:100.685 Level:3
2024-04-04 18:33:53.370 T:4044 debug : CVideoPlayerVideo::OutputPicture - ttd:289ms pts:100.976 Clock:100.687 Level:4
2024-04-04 18:33:53.379 T:3811 debug : Keyboard: scancode: 0x1c, sym: 0x0d, unicode: 0x0d, modifier: 0x0
2024-04-04 18:33:53.380 T:3811 debug : HandleKey: return (0xf00d) pressed, window 13009, action is Select
2024-04-04 18:33:53.383 T:4041 debug : CVideoPlayer::ProcessVideoData size:252505 dts:101.059 pts:101.059 dur:41.000ms, clock:100.699 level:0
2024-04-04 18:33:53.397 T:4041 debug : CVideoPlayer::ProcessVideoData size:269511 dts:101.101 pts:101.101 dur:41.000ms, clock:100.713 level:0
2024-04-04 18:33:53.466 T:4041 debug : CVideoPlayer::ProcessVideoData size:774472 dts:101.143 pts:101.268 dur:41.000ms, clock:100.782 level:0
2024-04-04 18:33:53.467 T:3811 debug : [Warning] CGUITextureManager::GetTexturePath: could not find texture '-'
2024-04-04 18:33:53.471 T:4044 debug : CVideoPlayerVideo::OutputPicture - ttd:231ms pts:101.018 Clock:100.787 Level:2
2024-04-04 18:33:53.473 T:4044 debug : CVideoPlayerVideo::OutputPicture - ttd:270ms pts:101.059 Clock:100.789 Level:3
2024-04-04 18:33:53.474 T:4044 debug : CVideoPlayerVideo::OutputPicture - ttd:310ms pts:101.101 Clock:100.790 Level:4
2024-04-04 18:33:53.483 T:4041 debug : CVideoPlayer::ProcessVideoData size:252245 dts:101.184 pts:101.184 dur:41.000ms, clock:100.799 level:0
2024-04-04 18:33:53.502 T:4041 debug : CVideoPlayer::ProcessVideoData size:249732 dts:101.226 pts:101.226 dur:41.000ms, clock:100.818 level:0
2024-04-04 18:33:53.563 T:4041 debug : CVideoPlayer::ProcessVideoData size:776922 dts:101.268 pts:101.393 dur:41.000ms, clock:100.879 level:0
2024-04-04 18:33:53.568 T:4044 debug : CVideoPlayerVideo::OutputPicture - ttd:258ms pts:101.143 Clock:100.884 Level:3
2024-04-04 18:33:53.570 T:4044 debug : CVideoPlayerVideo::OutputPicture - ttd:298ms pts:101.184 Clock:100.886 Level:4
2024-04-04 18:33:53.571 T:4044 debug : CVideoPlayerVideo::OutputPicture - ttd:338ms pts:101.226 Clock:100.887 Level:5
2024-04-04 18:33:53.582 T:4041 debug : CVideoPlayer::ProcessVideoData size:268910 dts:101.310 pts:101.310 dur:41.000ms, clock:100.899 level:0
2024-04-04 18:33:53.602 T:4041 debug : CVideoPlayer::ProcessVideoData size:250472 dts:101.351 pts:101.351 dur:41.000ms, clock:100.919 level:0
2024-04-04 18:33:53.652 T:4041 debug : CVideoPlayer::ProcessVideoData size:778243 dts:101.393 pts:101.518 dur:41.000ms, clock:100.968 level:0
2024-04-04 18:33:53.656 T:4044 debug : CVideoPlayerVideo::OutputPicture - ttd:295ms pts:101.268 Clock:100.972 Level:4
2024-04-04 18:33:53.658 T:4044 debug : CVideoPlayerVideo::OutputPicture - ttd:336ms pts:101.310 Clock:100.974 Level:5
2024-04-04 18:33:53.667 T:4041 debug : CVideoPlayer::ProcessVideoData size:248019 dts:101.435 pts:101.435 dur:41.000ms, clock:100.983 level:0
2024-04-04 18:33:53.671 T:4044 debug : CVideoPlayerVideo::OutputPicture - ttd:363ms pts:101.351 Clock:100.987 Level:6
2024-04-04 18:33:53.695 T:4041 debug : CVideoPlayer::ProcessVideoData size:249391 dts:101.476 pts:101.476 dur:41.000ms, clock:101.012 level:0
2024-04-04 18:33:53.707 T:3853 debug : ActiveAE::SyncStream - average error -136.368075 above threshold of 100.000000
2024-04-04 18:33:53.750 T:3853 debug : ActiveAE::SyncStream - average error -16.368075 below threshold of 30.000000
2024-04-04 18:33:53.762 T:4041 debug : CVideoPlayer::ProcessVideoData size:782988 dts:101.518 pts:101.643 dur:41.000ms, clock:101.078 level:0
2024-04-04 18:33:53.766 T:4044 debug : CVideoPlayerVideo::OutputPicture - ttd:310ms pts:101.393 Clock:101.082 Level:4
2024-04-04 18:33:53.767 T:4044 debug : CVideoPlayerVideo::OutputPicture - ttd:351ms pts:101.435 Clock:101.084 Level:5
2024-04-04 18:33:53.785 T:4041 debug : CVideoPlayer::ProcessVideoData size:267695 dts:101.560 pts:101.560 dur:41.000ms, clock:101.102 level:0
2024-04-04 18:33:53.796 T:4044 debug : CVideoPlayerVideo::OutputPicture - ttd:363ms pts:101.476 Clock:101.113 Level:6
2024-04-04 18:33:53.804 T:4041 debug : CVideoPlayer::ProcessVideoData size:249302 dts:101.602 pts:101.602 dur:41.000ms, clock:101.121 level:0
2024-04-04 18:33:53.940 T:4041 debug : CVideoPlayer::ProcessVideoData size:1847305 dts:101.643 pts:101.768 dur:41.000ms, clock:101.256 level:0
2024-04-04 18:33:53.947 T:4044 debug : CVideoPlayerVideo::OutputPicture - ttd:254ms pts:101.518 Clock:101.263 Level:3
2024-04-04 18:33:53.949 T:4044 debug : CVideoPlayerVideo::OutputPicture - ttd:295ms pts:101.560 Clock:101.265 Level:4
2024-04-04 18:33:53.950 T:4044 debug : CVideoPlayerVideo::OutputPicture - ttd:335ms pts:101.602 Clock:101.266 Level:5
2024-04-04 18:33:53.965 T:4041 debug : CVideoPlayer::ProcessVideoData size:226959 dts:101.685 pts:101.685 dur:41.000ms, clock:101.281 level:0
2024-04-04 18:33:53.987 T:4041 debug : CVideoPlayer::ProcessVideoData size:238926 dts:101.727 pts:101.727 dur:41.000ms, clock:101.303 level:0
2024-04-04 18:33:54.050 T:4041 debug : CVideoPlayer::ProcessVideoData size:742085 dts:101.768 pts:101.893 dur:41.000ms, clock:101.366 level:0
2024-04-04 18:33:54.054 T:4044 debug : CVideoPlayerVideo::OutputPicture - ttd:272ms pts:101.643 Clock:101.371 Level:3
2024-04-04 18:33:54.056 T:4044 debug : CVideoPlayerVideo::OutputPicture - ttd:312ms pts:101.685 Clock:101.372 Level:4
2024-04-04 18:33:54.057 T:4044 debug : CVideoPlayerVideo::OutputPicture - ttd:353ms pts:101.727 Clock:101.374 Level:5
2024-04-04 18:33:54.066 T:4041 debug : CVideoPlayer::ProcessVideoData size:226302 dts:101.810 pts:101.810 dur:41.000ms, clock:101.383 level:0
2024-04-04 18:33:54.080 T:4041 debug : CVideoPlayer::ProcessVideoData size:237427 dts:101.852 pts:101.852 dur:41.000ms, clock:101.397 level:0
2024-04-04 18:33:54.147 T:4041 debug : CVideoPlayer::ProcessVideoData size:772132 dts:101.893 pts:102.019 dur:41.000ms, clock:101.463 level:0
2024-04-04 18:33:54.151 T:4044 debug : CVideoPlayerVideo::OutputPicture - ttd:300ms pts:101.768 Clock:101.467 Level:4
2024-04-04 18:33:54.152 T:4044 debug : CVideoPlayerVideo::OutputPicture - ttd:341ms pts:101.810 Clock:101.469 Level:5
2024-04-04 18:33:54.165 T:4041 debug : CVideoPlayer::ProcessVideoData size:273391 dts:101.935 pts:101.935 dur:41.000ms, clock:101.482 level:0
2024-04-04 18:33:54.173 T:4044 debug : CVideoPlayerVideo::OutputPicture - ttd:362ms pts:101.852 Clock:101.489 Level:6
2024-04-04 18:33:54.188 T:4041 debug : CVideoPlayer::ProcessVideoData size:249719 dts:101.977 pts:101.977 dur:41.000ms, clock:101.504 level:0
2024-04-04 18:33:54.214 T:3828 debug : CLibInputKeyboard::ProcessKey - using delay: 500ms repeat: 33ms
2024-04-04 18:33:54.215 T:3811 debug : Keyboard: scancode: 0x6a, sym: 0x113, unicode: 0x00, modifier: 0x0
2024-04-04 18:33:54.215 T:3811 debug : HandleKey: right (0xf083) pressed, window 13009, action is Right
2024-04-04 18:33:54.216 T:3811 debug : [Warning] CGUITextureManager::GetTexturePath: could not find texture '-'
2024-04-04 18:33:54.220 T:4116 debug : Thread Timer start, auto delete: false
2024-04-04 18:33:54.241 T:4041 debug : CVideoPlayer::ProcessVideoData size:775091 dts:102.019 pts:102.144 dur:41.000ms, clock:101.556 level:0
2024-04-04 18:33:54.245 T:4044 debug : CVideoPlayerVideo::OutputPicture - ttd:331ms pts:101.893 Clock:101.561 Level:5
2024-04-04 18:33:54.254 T:4044 debug : CVideoPlayerVideo::OutputPicture - ttd:364ms pts:101.935 Clock:101.570 Level:6
2024-04-04 18:33:54.258 T:4041 debug : CVideoPlayer::ProcessVideoData size:251486 dts:102.060 pts:102.060 dur:41.000ms, clock:101.575 level:0
2024-04-04 18:33:54.284 T:4041 debug : CVideoPlayer::ProcessVideoData size:249739 dts:102.102 pts:102.102 dur:41.000ms, clock:101.601 level:0
2024-04-04 18:33:54.297 T:4044 debug : CVideoPlayerVideo::OutputPicture - ttd:363ms pts:101.977 Clock:101.614 Level:6
2024-04-04 18:33:54.365 T:4041 debug : CVideoPlayer::ProcessVideoData size:779508 dts:102.144 pts:102.269 dur:41.000ms, clock:101.681 level:0
2024-04-04 18:33:54.369 T:4044 debug : CVideoPlayerVideo::OutputPicture - ttd:333ms pts:102.019 Clock:101.686 Level:5
2024-04-04 18:33:54.372 T:4116 debug : Thread Timer 3794792960 terminating
2024-04-04 18:33:54.379 T:4044 debug : CVideoPlayerVideo::OutputPicture - ttd:364ms pts:102.060 Clock:101.695 Level:6
2024-04-04 18:33:54.380 T:3811 debug : Keyboard: scancode: 0x6a, sym: 0x113, unicode: 0x00, modifier: 0x0
2024-04-04 18:33:54.394 T:4041 debug : CVideoPlayer::ProcessVideoData size:268829 dts:102.185 pts:102.185 dur:41.000ms, clock:101.710 level:0
2024-04-04 18:33:54.413 T:4041 debug : CVideoPlayer::ProcessVideoData size:249710 dts:102.227 pts:102.227 dur:41.000ms, clock:101.729 level:0
2024-04-04 18:33:54.422 T:4044 debug : CVideoPlayerVideo::OutputPicture - ttd:363ms pts:102.102 Clock:101.738 Level:6
2024-04-04 18:33:54.475 T:4041 debug : CVideoPlayer::ProcessVideoData size:782009 dts:102.269 pts:102.394 dur:41.000ms, clock:101.791 level:0
2024-04-04 18:33:54.479 T:4044 debug : CVideoPlayerVideo::OutputPicture - ttd:349ms pts:102.144 Clock:101.795 Level:5
2024-04-04 18:33:54.499 T:4041 debug : CVideoPlayer::ProcessVideoData size:250147 dts:102.311 pts:102.311 dur:41.000ms, clock:101.816 level:0
2024-04-04 18:33:54.506 T:4044 debug : CVideoPlayerVideo::OutputPicture - ttd:363ms pts:102.185 Clock:101.822 Level:6
2024-04-04 18:33:54.519 T:4041 debug : CVideoPlayer::ProcessVideoData size:249096 dts:102.352 pts:102.352 dur:41.000ms, clock:101.835 level:0
2024-04-04 18:33:54.548 T:4044 debug : CVideoPlayerVideo::OutputPicture - ttd:363ms pts:102.227 Clock:101.864 Level:6
2024-04-04 18:33:54.584 T:4041 debug : CVideoPlayer::ProcessVideoData size:786226 dts:102.394 pts:102.519 dur:41.000ms, clock:101.900 level:0
2024-04-04 18:33:54.589 T:4044 debug : CVideoPlayerVideo::OutputPicture - ttd:363ms pts:102.269 Clock:101.905 Level:6
2024-04-04 18:33:54.590 T:3987 info : script.plex: UpdateNowPlaying: 394422, force: True refreshQueue: False state: None overrideChecks: False time: None
2024-04-04 18:33:54.603 T:4041 debug : CVideoPlayer::ProcessVideoData size:268352 dts:102.436 pts:102.436 dur:41.000ms, clock:101.919 level:0
2024-04-04 18:33:54.620 T:4041 debug : CVideoPlayer::ProcessVideoData size:249841 dts:102.477 pts:102.477 dur:41.000ms, clock:101.936 level:0
2024-04-04 18:33:54.631 T:4044 debug : CVideoPlayerVideo::OutputPicture - ttd:364ms pts:102.311 Clock:101.947 Level:6
2024-04-04 18:33:54.673 T:4044 debug : CVideoPlayerVideo::OutputPicture - ttd:362ms pts:102.352 Clock:101.989 Level:6
2024-04-04 18:33:54.764 T:4041 debug : CVideoPlayer::ProcessVideoData size:1841535 dts:102.519 pts:102.644 dur:41.000ms, clock:102.080 level:0
2024-04-04 18:33:54.770 T:4044 debug : CVideoPlayerVideo::OutputPicture - ttd:307ms pts:102.394 Clock:102.087 Level:4
2024-04-04 18:33:54.772 T:4044 debug : CVideoPlayerVideo::OutputPicture - ttd:347ms pts:102.436 Clock:102.088 Level:5
2024-04-04 18:33:54.775 T:4041 debug : CVideoPlayer::ProcessVideoData size:228428 dts:102.561 pts:102.561 dur:41.000ms, clock:102.091 level:0
2024-04-04 18:33:54.792 T:4041 debug : CVideoPlayer::ProcessVideoData size:240172 dts:102.603 pts:102.603 dur:41.000ms, clock:102.108 level:0
2024-04-04 18:33:54.797 T:4044 debug : CVideoPlayerVideo::OutputPicture - ttd:363ms pts:102.477 Clock:102.113 Level:6
2024-04-04 18:33:54.841 T:4041 debug : CVideoPlayer::ProcessVideoData size:744174 dts:102.644 pts:102.769 dur:41.000ms, clock:102.157 level:0
2024-04-04 18:33:54.849 T:4044 debug : CVideoPlayerVideo::OutputPicture - ttd:353ms pts:102.519 Clock:102.166 Level:5
2024-04-04 18:33:54.855 T:4041 debug : CVideoPlayer::ProcessVideoData size:228797 dts:102.686 pts:102.686 dur:41.000ms, clock:102.172 level:0
2024-04-04 18:33:54.874 T:4041 debug : CVideoPlayer::ProcessVideoData size:237777 dts:102.728 pts:102.728 dur:41.000ms, clock:102.190 level:0
2024-04-04 18:33:54.880 T:4044 debug : CVideoPlayerVideo::OutputPicture - ttd:364ms pts:102.561 Clock:102.196 Level:6
2024-04-04 18:33:54.918 T:4041 debug : CVideoPlayer::ProcessVideoData size:776468 dts:102.769 pts:102.894 dur:41.000ms, clock:102.234 level:1
2024-04-04 18:33:54.924 T:4044 debug : CVideoPlayerVideo::OutputPicture - ttd:362ms pts:102.603 Clock:102.240 Level:6
2024-04-04 18:33:54.936 T:4041 debug : CVideoPlayer::ProcessVideoData size:274203 dts:102.811 pts:102.811 dur:41.000ms, clock:102.252 level:2
2024-04-04 18:33:54.960 T:4041 debug : CVideoPlayer::ProcessVideoData size:250510 dts:102.853 pts:102.853 dur:41.000ms, clock:102.276 level:0
2024-04-04 18:33:54.966 T:4044 debug : CVideoPlayerVideo::OutputPicture - ttd:362ms pts:102.644 Clock:102.282 Level:6
2024-04-04 18:33:55.008 T:4044 debug : CVideoPlayerVideo::OutputPicture - ttd:361ms pts:102.686 Clock:102.324 Level:6
2024-04-04 18:33:55.012 T:4041 debug : CVideoPlayer::ProcessVideoData size:779160 dts:102.894 pts:103.020 dur:41.000ms, clock:102.329 level:1
2024-04-04 18:33:55.024 T:3828 debug : CLibInputKeyboard::ProcessKey - using delay: 500ms repeat: 33ms
2024-04-04 18:33:55.025 T:4117 debug : Thread Timer start, auto delete: false
2024-04-04 18:33:55.027 T:4041 debug : CVideoPlayer::ProcessVideoData size:252823 dts:102.936 pts:102.936 dur:41.000ms, clock:102.344 level:2
2024-04-04 18:33:55.048 T:4044 debug : CVideoPlayerVideo::OutputPicture - ttd:363ms pts:102.728 Clock:102.364 Level:6
2024-04-04 18:33:55.048 T:3811 debug : Keyboard: scancode: 0x1c, sym: 0x0d, unicode: 0x0d, modifier: 0x0
2024-04-04 18:33:55.052 T:4041 debug : CVideoPlayer::ProcessVideoData size:250753 dts:102.978 pts:102.978 dur:41.000ms, clock:102.368 level:2
2024-04-04 18:33:55.089 T:4044 debug : CVideoPlayerVideo::OutputPicture - ttd:363ms pts:102.769 Clock:102.405 Level:6
2024-04-04 18:33:55.131 T:4044 debug : CVideoPlayerVideo::OutputPicture - ttd:363ms pts:102.811 Clock:102.447 Level:6
2024-04-04 18:33:55.172 T:4044 debug : CVideoPlayerVideo::OutputPicture - ttd:364ms pts:102.853 Clock:102.488 Level:6
2024-04-04 18:33:55.199 T:4041 debug : CVideoPlayer::ProcessVideoData size:783947 dts:103.020 pts:103.145 dur:41.000ms, clock:102.515 level:0
2024-04-04 18:33:55.212 T:4041 debug : CVideoPlayer::ProcessVideoData size:272490 dts:103.061 pts:103.061 dur:41.000ms, clock:102.528 level:0
2024-04-04 18:33:55.215 T:4044 debug : CVideoPlayerVideo::OutputPicture - ttd:363ms pts:102.894 Clock:102.531 Level:6
2024-04-04 18:33:55.227 T:4117 debug : Thread Timer 3794792960 terminating
2024-04-04 18:33:55.228 T:4041 debug : CVideoPlayer::ProcessVideoData size:252543 dts:103.103 pts:103.103 dur:41.000ms, clock:102.544 level:0
2024-04-04 18:33:55.257 T:3811 debug : Keyboard: scancode: 0x1c, sym: 0x0d, unicode: 0x0d, modifier: 0x0
2024-04-04 18:33:55.257 T:3811 debug : HandleKey: return (0xf00d) pressed, window 13009, action is Select
2024-04-04 18:33:55.257 T:4044 debug : CVideoPlayerVideo::OutputPicture - ttd:362ms pts:102.936 Clock:102.574 Level:6
2024-04-04 18:33:55.273 T:4041 debug : CVideoPlayer::ProcessVideoData size:785503 dts:103.145 pts:103.270 dur:41.000ms, clock:102.589 level:1
2024-04-04 18:33:55.293 T:4041 debug : CVideoPlayer::ProcessVideoData size:253184 dts:103.186 pts:103.186 dur:41.000ms, clock:102.609 level:2
2024-04-04 18:33:55.298 T:4044 debug : CVideoPlayerVideo::OutputPicture - ttd:363ms pts:102.978 Clock:102.614 Level:6
2024-04-04 18:33:55.299 T:3985 info : script.plex: SeekDialog: Closing
2024-04-04 18:33:55.314 T:4041 debug : CVideoPlayer::ProcessVideoData size:251533 dts:103.228 pts:103.228 dur:41.000ms, clock:102.630 level:2
2024-04-04 18:33:55.340 T:3811 debug : ------ Window Deinit (/storage/.kodi/addons/script.plexmod/resources/skins/Main/1080i/script-plex-seek_dialog.xml) ------
2024-04-04 18:33:55.341 T:4044 debug : CVideoPlayerVideo::OutputPicture - ttd:363ms pts:103.020 Clock:102.657 Level:6
2024-04-04 18:33:55.343 T:3811 debug : CGUIWindowManager::PreviousWindow: Deactivate
2024-04-04 18:33:55.343 T:3811 debug : ------ Window Deinit (VideoFullScreen.xml) ------
2024-04-04 18:33:55.359 T:3811 debug : CGUIWindowManager::PreviousWindow: Activate new
2024-04-04 18:33:55.359 T:3811 debug : ------ Window Init (/storage/.kodi/addons/script.plexmod/resources/skins/Main/1080i/script-plex-video_player.xml) ------
2024-04-04 18:33:55.360 T:3811 debug : [Warning] CGUITextureManager::GetTexturePath: could not find texture '-'
2024-04-04 18:33:55.363 T:3811 info : Skipped 5 duplicate messages..
2024-04-04 18:33:55.363 T:3811 info : CVideoPlayer::CloseFile()
2024-04-04 18:33:55.363 T:3811 debug : DeleteRenderer - deleting renderer
2024-04-04 18:33:55.363 T:3811 info : VideoPlayer: waiting for threads to exit
2024-04-04 18:33:55.371 T:4041 debug : CVideoPlayer::ProcessVideoData size:786246 dts:103.270 pts:103.395 dur:41.000ms, clock:102.688 level:1
2024-04-04 18:33:55.371 T:4041 info : CVideoPlayer::OnExit()
2024-04-04 18:33:55.371 T:4041 info : Closing stream player 1
2024-04-04 18:33:55.372 T:4041 info : Waiting for audio thread to exit
2024-04-04 18:33:55.392 T:4045 info : thread end: CVideoPlayerAudio::OnExit()
2024-04-04 18:33:55.392 T:4045 debug : Thread VideoPlayerAudio 3421450752 terminating
2024-04-04 18:33:55.393 T:4041 info : Closing audio device
2024-04-04 18:33:55.402 T:4044 debug : CVideoPlayerVideo::OutputPicture - ttd:362ms pts:103.061 Clock:102.698 Level:0
2024-04-04 18:33:55.413 T:4041 debug : CDVDAudio::Flush - flush audio stream
2024-04-04 18:33:55.413 T:3853 debug : CActiveAE::DiscardStream - audio stream deleted
2024-04-04 18:33:55.414 T:3853 debug : CActiveAE::ClearDiscardedBuffers - buffer pool deleted
2024-04-04 18:33:55.416 T:4041 info : Skipped 2 duplicate messages..
2024-04-04 18:33:55.416 T:4041 info : Deleting audio codec
2024-04-04 18:33:55.416 T:4041 info : Closing stream player 2
2024-04-04 18:33:55.416 T:4041 info : waiting for video thread to exit
2024-04-04 18:33:55.417 T:3854 info : CActiveAESink::OpenSink - initialize sink
2024-04-04 18:33:55.423 T:4044 debug : CVideoPlayerVideo::OutputPicture - ttd:383ms pts:103.103 Clock:102.720 Level:0
2024-04-04 18:33:55.423 T:4044 info : thread end: video_thread
2024-04-04 18:33:55.423 T:4044 debug : Thread VideoPlayerVideo 3450823168 terminating
2024-04-04 18:33:55.423 T:4041 info : deleting video codec
2024-04-04 18:33:55.423 T:4041 debug : DVDVideoCodecAmlogic::Close
2024-04-04 18:33:55.423 T:4041 debug : CAMLCodec::CloseDecoder
2024-04-04 18:33:55.499 T:3854 debug : CActiveAESink::OpenSink - trying to open device ALSA:hdmi:CARD=AMLAUGESOUND,DEV=0
2024-04-04 18:33:55.499 T:3854 info : CAESinkALSA::Initialize - Configure simple control for "AUGESOUND"
2024-04-04 18:33:55.499 T:3854 info : CAESinkALSA - Use card "hw:0" and set codec format "2 CH PCM"
2024-04-04 18:33:55.533 T:3854 info : CAESinkALSA - Set Spdif to HDMITX to "Spdif_b"
2024-04-04 18:33:55.533 T:3854 info : CAESinkALSA - Set codec for "Audio spdif_b format"
2024-04-04 18:33:55.533 T:3854 info : CAESinkALSA - Set codec for "Audio spdif format"
2024-04-04 18:33:55.533 T:3854 info : CAESinkALSA::Initialize - Attempting to open device "hdmi:CARD=AMLAUGESOUND,DEV=0"
2024-04-04 18:33:55.539 T:3854 info : CAESinkALSA::Initialize - Opened device "hdmi:CARD=AMLAUGESOUND,DEV=0,AES0=0x04,AES1=0x82,AES2=0x00,AES3=0x00"
2024-04-04 18:33:55.540 T:3854 info : CAESinkALSA::InitializeHW - Your hardware does not support AE_FMT_FLOAT, trying other formats
2024-04-04 18:33:55.540 T:3854 info : CAESinkALSA::InitializeHW - Using data format AE_FMT_S16NE
2024-04-04 18:33:55.540 T:3854 debug : CAESinkALSA::InitializeHW - Request: periodSize 2205, bufferSize 8820
2024-04-04 18:33:55.570 T:3854 debug : CAESinkALSA::InitializeHW - Got: periodSize 2205, bufferSize 8820
2024-04-04 18:33:55.570 T:3854 debug : CAESinkALSA::InitializeHW - Setting timeout to 200 ms
2024-04-04 18:33:55.570 T:3854 debug : CAESinkALSA::GetChannelLayout - Input Channel Count: 2 Output Channel Count: 2
2024-04-04 18:33:55.570 T:3854 debug : CAESinkALSA::GetChannelLayout - Requested Layout: FL, FR
2024-04-04 18:33:55.570 T:3854 debug : CAESinkALSA::GetChannelLayout - Got Layout: FL, FR (ALSA: none)
2024-04-04 18:33:55.571 T:3854 debug : CActiveAESink::OpenSink - ALSA Initialized:
2024-04-04 18:33:55.571 T:3854 debug : Output Device : AML-AUGESOUND
2024-04-04 18:33:55.571 T:3854 debug : Sample Rate : 44100
2024-04-04 18:33:55.571 T:3854 debug : Sample Format : AE_FMT_S16NE
2024-04-04 18:33:55.571 T:3854 debug : Channel Count : 2
2024-04-04 18:33:55.571 T:3854 debug : Channel Layout: FL, FR
2024-04-04 18:33:55.571 T:3854 debug : Frames : 2205
2024-04-04 18:33:55.571 T:3854 debug : Frame Size : 4
2024-04-04 18:33:55.572 T:3853 debug : CActiveAE::ClearDiscardedBuffers - buffer pool deleted
2024-04-04 18:33:55.679 T:4041 info : Skipped 1 duplicate messages..
2024-04-04 18:33:55.679 T:4041 debug : CAMLVideoBufferPool::~CAMLVideoBufferPool: Deleting 9 buffers
2024-04-04 18:33:55.688 T:4043 debug : Thread FileCache 3530920448 terminating
2024-04-04 18:33:55.694 T:4041 debug : CSMBFile::Close closing fd 10000
2024-04-04 18:33:55.702 T:4041 debug : Thread VideoPlayer 3547705856 terminating
2024-04-04 18:33:55.703 T:3811 info : VideoPlayer: finished waiting
2024-04-04 18:33:55.703 T:3811 info : CVideoPlayer::CloseFile()
2024-04-04 18:33:55.703 T:3811 info : VideoPlayer: waiting for threads to exit
2024-04-04 18:33:55.703 T:3811 info : VideoPlayer: finished waiting
2024-04-04 18:33:55.704 T:3811 debug : Radio UECP (RDS) Processor - delete ~CDVDRadioRDSData
2024-04-04 18:33:55.704 T:3811 debug : Audio ID3 tag processor - delete ~CVideoPlayerAudioID3
2024-04-04 18:33:55.705 T:4121 debug : Thread JobWorker start, auto delete: true
2024-04-04 18:33:55.705 T:4121 debug : [threads] name: 'JobWorker' priority: '1'
2024-04-04 18:33:55.705 T:4121 debug : DoWork - Saving file state for video item smb://192.168.0.4/video/testing/spears and munsil/Demo Material DV-Profile8-MEL TrueHD.mkv
2024-04-04 18:33:55.745 T:4084 debug : OnPlayBackStopped: CApplication::OnPlayBackStopped
2024-04-04 18:33:55.756 T:3987 info : script.plex: Player: Video window closed
2024-04-04 18:33:55.756 T:3987 info : script.plex: SeekHandler: onVideoWindowClosed - Seeking=0
2024-04-04 18:33:55.757 T:3987 info : script.plex: Player: Idling...
2024-04-04 18:33:55.763 T:3811 debug : [Warning] CGUITextureManager::GetTexturePath: could not find texture '-'
2024-04-04 18:33:55.778 T:3811 info : Skipped 1 duplicate messages..
2024-04-04 18:33:55.778 T:3811 debug : CWinSystemAmlogicGLESContext::CreateNewWindow: m_bWindowCreated: true, frac rate 0(1), hdrType: sdr(dolbyvision), force mode switch: true
2024-04-04 18:33:55.778 T:3811 debug : CWinSystemAmlogicGLESContext::CreateNewWindow: cur: iWidth: 1920, iHeight: 1080, iScreenWidth: 3840, iScreenHeight: 2160, fRefreshRate: 24.00, dwFlags: 04
2024-04-04 18:33:55.778 T:3811 debug : CWinSystemAmlogicGLESContext::CreateNewWindow: res: iWidth: 1920, iHeight: 1080, iScreenWidth: 1920, iScreenHeight: 1080, fRefreshRate: 60.00, dwFlags: 04
2024-04-04 18:33:55.855 T:3985 info : script.plex: Notification: xbmc Player.OnStop {"end":false,"item":{"title":"Demo Material DV-Profile8-MEL TrueHD","type":"movie"}}
2024-04-04 18:33:56.022 T:3811 debug : AMLUtils::aml_handle_display_stereo_mode old mode 3doff new mode 3doff
2024-04-04 18:33:56.022 T:3811 debug : AMLUtils::aml_handle_display_stereo_mode - no change needed
2024-04-04 18:33:56.245 T:3811 debug : AMLUtils::aml_handle_display_stereo_mode old mode 3doff new mode 3doff
2024-04-04 18:33:56.245 T:3811 debug : AMLUtils::aml_handle_display_stereo_mode - no change needed
2024-04-04 18:33:56.246 T:3811 info : GLES: Maximum texture width: 8192
2024-04-04 18:33:56.255 T:3985 info : script.plex: Player - STOPPED
2024-04-04 18:33:56.256 T:3985 info : script.plex: SeekHandler: onPlayBackStopped - Seeking=0, QueueingNext=False, BingeMode=False, StoppedManually=True, SkipPostPlay=False
2024-04-04 18:33:56.256 T:3985 info : script.plex: SeekDialog: OnPlayBackStopped
2024-04-04 18:33:56.256 T:3985 info : script.plex: UpdateNowPlaying: 394422, force: False refreshQueue: False state: None overrideChecks: False time: None
2024-04-04 18:33:56.266 T:3985 debug : requested setting (remotecontrol) was not found.
2024-04-04 18:33:56.267 T:4126 info : script.plex: API: Starting request: GET https://192-168-0-6.1bfef040b1f9411a9464dbec34658ae7.plex.direct:32400/:/timeline?time=102328&duration=465408&state=stopped&guid=com.plexapp.agents.none%3A//a17ea78e0b504d5cba6c3a466518ad6fed1e9724%3Flang%3Dxn&ratingKey=394422&key=/library/metadata/394422&containerKey=/library/sections/14/folder%3Fparent%3D14480%26includeCollections%3D1%26X-Plex-Container-Size%3D240%26X-Plex-Container-Start%3D0&X-Plex-Token=**** (async=True timeout=10.0(10.0))
2024-04-04 18:33:56.268 T:3985 info : script.plex: Player - played-threshold: 0.21986729922992299/0.9
2024-04-04 18:33:56.268 T:3985 info : script.plex: SeekDialog: Closing
2024-04-04 18:33:56.341 T:3985 info : script.plex: Player: Video session ended
2024-04-04 18:33:56.341 T:3985 info : script.plex: VideoPlayerWindow: Session ended - closing (ID: 3458324480)
2024-04-04 18:33:56.341 T:3985 info : script.plex: VideoPlayerWindow: Closing
2024-04-04 18:33:56.341 T:3985 debug : requested setting (speedy_home_hubs2) was not found.
2024-04-04 18:33:56.343 T:4127 info : script.plex: BGThreader: (queue.0:worker.0): Active
2024-04-04 18:33:56.344 T:4127 info : script.plex: API: GET https://192-168-0-6.1bfef040b1f9411a9464dbec34658ae7.plex.direct:32400/hubs/continueWatching/items?X-Plex-Token=****&X-Plex-Container-Start=0&X-Plex-Container-Size=10
2024-04-04 18:33:56.344 T:4128 info : script.plex: BGThreader: (queue.0:worker.1): Active
2024-04-04 18:33:56.344 T:4128 info : script.plex: API: GET https://192-168-0-6.1bfef040b1f9411a9464dbec34658ae7.plex.direct:32400/hubs/home/recentlyAdded?type=1&X-Plex-Token=****&X-Plex-Container-Start=0&X-Plex-Container-Size=10
2024-04-04 18:33:56.353 T:4129 info : script.plex: BGThreader: (queue.0:worker.2): Active
2024-04-04 18:33:56.354 T:4129 info : script.plex: API: GET https://192-168-0-6.1bfef040b1f9411a9464dbec34658ae7.plex.direct:32400/hubs/home/recentlyAdded?type=2&X-Plex-Token=****&X-Plex-Container-Start=0&X-Plex-Container-Size=10
2024-04-04 18:33:56.407 T:3811 debug : Activating window ID: 13007
2024-04-04 18:33:56.407 T:3811 debug : ------ Window Deinit (/storage/.kodi/addons/script.plexmod/resources/skins/Main/1080i/script-plex-video_player.xml) ------
2024-04-04 18:33:56.407 T:3811 debug : ------ Window Init (/storage/.kodi/addons/script.plexmod/resources/skins/Main/1080i/script-plex-pre_play.xml) ------
2024-04-04 18:33:56.430 T:3811 debug : [Warning] CGUITextureManager::GetTexturePath: could not find texture '-'
2024-04-04 18:33:56.507 T:3985 info : Skipped 3 duplicate messages..
2024-04-04 18:33:56.507 T:3985 debug : requested setting (slow_connection) was not found.
2024-04-04 18:33:56.507 T:3985 info : script.plex: API: GET https://192-168-0-6.1bfef040b1f9411a9464dbec34658ae7.plex.direct:32400/library/metadata/394422?checkFiles=1&fromMediaChoice=True&includeChapters=1&includeExtras=1&includeExtrasCount=10&includeMarkers=1&includeReviews=1&X-Plex-Token=****
2024-04-04 18:33:56.582 T:3985 info : script.plex: API: Choice media: 4K, DV P8, TrueHD, 81.0 Mbps container=mkv videoCodec=hevc audioCodec=truehd audioChannels=6 id=655805 part:0
2024-04-04 18:33:56.582 T:3985 info : script.plex: API: Choice videoStream:
2024-04-04 18:33:56.582 T:3985 info : script.plex: API: Choice audioStream:
2024-04-04 18:33:56.583 T:4128 info : script.plex: API: GET https://192-168-0-6.1bfef040b1f9411a9464dbec34658ae7.plex.direct:32400/library/sections/1/all?sort=originallyAvailableAt:desc&originallyAvailableAt>=-1y&X-Plex-Token=****&X-Plex-Container-Start=0&X-Plex-Container-Size=10
2024-04-04 18:33:56.591 T:3985 debug : requested setting (forced_subtitles_override) was not found.
2024-04-04 18:33:56.596 T:4127 info : script.plex: API: GET https://192-168-0-6.1bfef040b1f9411a9464dbec34658ae7.plex.direct:32400/library/sections/1/all?unwatched=1&genre=51339&audienceRating>=7.0&X-Plex-Token=****&X-Plex-Container-Start=0&X-Plex-Container-Size=10
2024-04-04 18:33:56.607 T:4128 info : script.plex: API: GET https://192-168-0-6.1bfef040b1f9411a9464dbec34658ae7.plex.direct:32400/library/sections/1/all?unwatched=1&director=239762&sort=audienceRating:desc&X-Plex-Token=****&X-Plex-Container-Start=0&X-Plex-Container-Size=10
2024-04-04 18:33:56.628 T:4127 info : script.plex: API: GET https://192-168-0-6.1bfef040b1f9411a9464dbec34658ae7.plex.direct:32400/library/sections/2/all?type=2&unwatchedLeaves=1&audienceRating>=7.0&sort=audienceRating:desc&X-Plex-Token=****&X-Plex-Container-Start=0&X-Plex-Container-Size=10
2024-04-04 18:33:56.630 T:4128 info : script.plex: API: GET https://192-168-0-6.1bfef040b1f9411a9464dbec34658ae7.plex.direct:32400/library/sections/2/all?type=2&viewedOrInProgressLeafCount=0&X-Plex-Token=****&X-Plex-Container-Start=0&X-Plex-Container-Size=10
2024-04-04 18:33:56.686 T:4127 info : script.plex: API: GET https://192-168-0-6.1bfef040b1f9411a9464dbec34658ae7.plex.direct:32400/library/sections/2/all?type=2&unwatchedLeaves=1&genre=48612&X-Plex-Token=****&X-Plex-Container-Start=0&X-Plex-Container-Size=10
2024-04-04 18:33:56.699 T:4128 info : script.plex: API: GET https://192-168-0-6.1bfef040b1f9411a9464dbec34658ae7.plex.direct:32400/library/sections/7/all?viewCount>=1&type=8&sort=lastViewedAt:desc&X-Plex-Token=****&X-Plex-Container-Start=0&X-Plex-Container-Size=10
2024-04-04 18:33:56.777 T:4127 info : script.plex: BGThreader (queue.0:worker.0): Idle
2024-04-04 18:33:56.798 T:4128 info : script.plex: BGThreader (queue.0:worker.1): Idle
2024-04-04 18:33:56.801 T:4129 info : script.plex: BGThreader (queue.0:worker.2): Idle
2024-04-04 18:33:59.813 T:3853 debug : CActiveAE - display reset event
2024-04-04 18:33:59.814 T:3854 info : CActiveAESink::OpenSink - initialize sink
2024-04-04 18:33:59.814 T:3854 debug : CActiveAESink::OpenSink - trying to open device ALSA:hdmi:CARD=AMLAUGESOUND,DEV=0
2024-04-04 18:33:59.814 T:3854 info : CAESinkALSA::Initialize - Configure simple control for "AUGESOUND"
2024-04-04 18:33:59.814 T:3854 info : CAESinkALSA - Use card "hw:0" and set codec format "2 CH PCM"
2024-04-04 18:33:59.843 T:3854 info : CAESinkALSA - Set Spdif to HDMITX to "Spdif_b"
2024-04-04 18:33:59.843 T:3854 info : CAESinkALSA - Set codec for "Audio spdif_b format"
2024-04-04 18:33:59.843 T:3854 info : CAESinkALSA - Set codec for "Audio spdif format"
2024-04-04 18:33:59.844 T:3854 info : CAESinkALSA::Initialize - Attempting to open device "hdmi:CARD=AMLAUGESOUND,DEV=0"
2024-04-04 18:33:59.849 T:3854 info : CAESinkALSA::Initialize - Opened device "hdmi:CARD=AMLAUGESOUND,DEV=0,AES0=0x04,AES1=0x82,AES2=0x00,AES3=0x00"
2024-04-04 18:33:59.849 T:3854 info : CAESinkALSA::InitializeHW - Your hardware does not support AE_FMT_FLOAT, trying other formats
2024-04-04 18:33:59.849 T:3854 info : CAESinkALSA::InitializeHW - Using data format AE_FMT_S16NE
2024-04-04 18:33:59.849 T:3854 debug : CAESinkALSA::InitializeHW - Request: periodSize 2205, bufferSize 8820
2024-04-04 18:33:59.851 T:3854 debug : CAESinkALSA::InitializeHW - Got: periodSize 2205, bufferSize 8820
2024-04-04 18:33:59.851 T:3854 debug : CAESinkALSA::InitializeHW - Setting timeout to 200 ms
2024-04-04 18:33:59.851 T:3854 debug : CAESinkALSA::GetChannelLayout - Input Channel Count: 2 Output Channel Count: 2
2024-04-04 18:33:59.851 T:3854 debug : CAESinkALSA::GetChannelLayout - Requested Layout: FL, FR
2024-04-04 18:33:59.851 T:3854 debug : CAESinkALSA::GetChannelLayout - Got Layout: FL, FR (ALSA: none)
2024-04-04 18:33:59.851 T:3854 debug : CActiveAESink::OpenSink - ALSA Initialized:
2024-04-04 18:33:59.851 T:3854 debug : Output Device : AML-AUGESOUND
2024-04-04 18:33:59.851 T:3854 debug : Sample Rate : 44100
2024-04-04 18:33:59.851 T:3854 debug : Sample Format : AE_FMT_S16NE
2024-04-04 18:33:59.851 T:3854 debug : Channel Count : 2
2024-04-04 18:33:59.851 T:3854 debug : Channel Layout: FL, FR
2024-04-04 18:33:59.851 T:3854 debug : Frames : 2205
2024-04-04 18:33:59.851 T:3854 debug : Frame Size : 4
2024-04-04 18:33:59.852 T:3853 debug : CActiveAE::ClearDiscardedBuffers - buffer pool deleted
2024-04-04 18:34:01.268 T:3828 debug : CLibInputKeyboard::ProcessKey - using delay: 500ms repeat: 33ms
2024-04-04 18:34:01.268 T:4132 debug : Thread Timer start, auto delete: false
2024-04-04 18:34:01.294 T:3811 debug : Keyboard: scancode: 0x9e, sym: 0xa6, unicode: 0x00, modifier: 0x0
2024-04-04 18:34:01.436 T:4132 debug : Thread Timer 3794792960 terminating
2024-04-04 18:34:01.446 T:3811 debug : Keyboard: scancode: 0x9e, sym: 0xa6, unicode: 0x00, modifier: 0x0
2024-04-04 18:34:01.446 T:3811 debug : HandleKey: browser_back (0xf0b0) pressed, window 13007, action is Back
2024-04-04 18:34:01.496 T:3811 debug : Activating window ID: 13006
2024-04-04 18:34:01.496 T:3811 debug : ------ Window Deinit (/storage/.kodi/addons/script.plexmod/resources/skins/Main/1080i/script-plex-pre_play.xml) ------
2024-04-04 18:34:01.497 T:3811 debug : ------ Window Init (/storage/.kodi/addons/script.plexmod/resources/skins/Main/1080i/script-plex-listview-16x9.xml) ------
2024-04-04 18:34:01.504 T:3811 debug : [Warning] CGUITextureManager::GetTexturePath: could not find texture '-'
2024-04-04 18:34:01.574 T:3985 info : Skipped 11 duplicate messages..
2024-04-04 18:34:01.574 T:3985 info : script.plex: API: GET https://192-168-0-6.1bfef040b1f9411a9464dbec34658ae7.plex.direct:32400/library/metadata/394422?X-Plex-Token=****
2024-04-04 18:34:01.589 T:3985 info : script.plex: API: GET https://192-168-0-6.1bfef040b1f9411a9464dbec34658ae7.plex.direct:32400/library/metadata/394422?includeMarkers=1&X-Plex-Token=****
2024-04-04 18:34:02.281 T:3828 debug : CLibInputKeyboard::ProcessKey - using delay: 500ms repeat: 33ms
2024-04-04 18:34:02.281 T:4133 debug : Thread Timer start, auto delete: false
2024-04-04 18:34:02.296 T:3811 debug : Keyboard: scancode: 0x9e, sym: 0xa6, unicode: 0x00, modifier: 0x0
2024-04-04 18:34:02.438 T:4133 debug : Thread Timer 3794792960 terminating
2024-04-04 18:34:02.446 T:3811 debug : Keyboard: scancode: 0x9e, sym: 0xa6, unicode: 0x00, modifier: 0x0
2024-04-04 18:34:02.446 T:3811 debug : HandleKey: browser_back (0xf0b0) pressed, window 13006, action is Back
2024-04-04 18:34:02.613 T:3811 debug : Activating window ID: 13005
2024-04-04 18:34:02.613 T:3811 debug : ------ Window Deinit (/storage/.kodi/addons/script.plexmod/resources/skins/Main/1080i/script-plex-listview-16x9.xml) ------
2024-04-04 18:34:02.613 T:3811 debug : ------ Window Init (/storage/.kodi/addons/script.plexmod/resources/skins/Main/1080i/script-plex-blank.xml) ------
2024-04-04 18:34:02.629 T:3811 debug : Activating window ID: 13004
2024-04-04 18:34:02.629 T:3811 debug : ------ Window Deinit (/storage/.kodi/addons/script.plexmod/resources/skins/Main/1080i/script-plex-blank.xml) ------
2024-04-04 18:34:02.629 T:3811 debug : ------ Window Init (/storage/.kodi/addons/script.plexmod/resources/skins/Main/1080i/script-plex-listview-16x9.xml) ------
2024-04-04 18:34:02.630 T:3811 debug : [Warning] CGUITextureManager::GetTexturePath: could not find texture '-'
2024-04-04 18:34:02.746 T:3985 info : Skipped 11 duplicate messages..
2024-04-04 18:34:02.746 T:3985 debug : requested setting (None.PlexServerManager) was not found.
2024-04-04 18:34:02.746 T:3985 debug : requested setting (allow_insecure) was not found.
2024-04-04 18:34:02.746 T:3985 debug : requested setting (audio_ac3dts) was not found.
2024-04-04 18:34:02.746 T:3985 debug : requested setting (auto_signin) was not found.
2024-04-04 18:34:02.746 T:3985 debug : requested setting (client.ID) was not found.
2024-04-04 18:34:02.746 T:3985 debug : requested setting (handle_plexdirect) was not found.
2024-04-04 18:34:02.746 T:3985 debug : requested setting (hubs_use_new_continue_watching) was not found.
2024-04-04 18:34:02.746 T:3985 debug : requested setting (lastServerId.1272627) was not found.
2024-04-04 18:34:02.746 T:3985 debug : requested setting (lastServerId.66268247) was not found.
2024-04-04 18:34:02.746 T:3985 debug : requested setting (last_bg_url) was not found.
2024-04-04 18:34:02.746 T:3985 debug : requested setting (last_good_volume) was not found.
2024-04-04 18:34:02.746 T:3985 debug : requested setting (library.settings.930039154e52e3288c9c656cedabf135bf03203b) was not found.
2024-04-04 18:34:02.746 T:3985 debug : requested setting (myplex.MyPlexAccount) was not found.
2024-04-04 18:34:02.746 T:3985 debug : requested setting (subtitle_downloads) was not found.
2024-04-04 18:34:02.746 T:3985 debug : requested setting (theme_music) was not found.
2024-04-04 18:34:02.746 T:3985 debug : requested setting (theme_version) was not found.
2024-04-04 18:34:02.747 T:3985 debug : requested setting (video_show_ffwdrwd) was not found.
2024-04-04 18:34:02.747 T:3985 debug : requested setting (viewtype.930039154e52e3288c9c656cedabf135bf03203b.14) was not found.
2024-04-04 18:34:02.747 T:3985 debug : requested setting (viewtype.930039154e52e3288c9c656cedabf135bf03203b.17) was not found.
2024-04-04 18:34:02.747 T:3985 debug : requested setting (xml_cache.mpaResources) was not found.
2024-04-04 18:34:03.304 T:3828 debug : CLibInputKeyboard::ProcessKey - using delay: 500ms repeat: 33ms
2024-04-04 18:34:03.304 T:4135 debug : Thread Timer start, auto delete: false
2024-04-04 18:34:03.312 T:3811 debug : Keyboard: scancode: 0x9e, sym: 0xa6, unicode: 0x00, modifier: 0x0
2024-04-04 18:34:03.506 T:4135 debug : Thread Timer 3794792960 terminating
2024-04-04 18:34:03.512 T:3811 debug : Keyboard: scancode: 0x9e, sym: 0xa6, unicode: 0x00, modifier: 0x0
2024-04-04 18:34:03.513 T:3811 debug : HandleKey: browser_back (0xf0b0) pressed, window 13004, action is Back
2024-04-04 18:34:03.646 T:3811 debug : Activating window ID: 13003
2024-04-04 18:34:03.646 T:3811 debug : ------ Window Deinit (/storage/.kodi/addons/script.plexmod/resources/skins/Main/1080i/script-plex-listview-16x9.xml) ------
2024-04-04 18:34:03.646 T:3811 debug : ------ Window Init (/storage/.kodi/addons/script.plexmod/resources/skins/Main/1080i/script-plex-blank.xml) ------
2024-04-04 18:34:03.662 T:3811 debug : Activating window ID: 13002
2024-04-04 18:34:03.663 T:3811 debug : ------ Window Deinit (/storage/.kodi/addons/script.plexmod/resources/skins/Main/1080i/script-plex-blank.xml) ------
2024-04-04 18:34:03.663 T:3811 debug : ------ Window Init (/storage/.kodi/addons/script.plexmod/resources/skins/Main/1080i/script-plex-home.xml) ------
2024-04-04 18:34:03.663 T:3811 debug : [Warning] CGUITextureManager::GetTexturePath: could not find texture '-'
2024-04-04 18:34:03.673 T:3811 info : Skipped 8 duplicate messages..
2024-04-04 18:34:03.672 T:3811 debug : Alignment of external buffer is not suitable for ffmpeg intrinsics - please fix your malloc
2024-04-04 18:34:03.681 T:3811 info : Skipped 7 duplicate messages..
2024-04-04 18:34:03.681 T:3811 debug : Error [-541478725] while reading frame: Unknown error 541478725
2024-04-04 18:34:03.699 T:4137 debug : Thread JobWorker start, auto delete: true
2024-04-04 18:34:03.699 T:4137 debug : [threads] name: 'JobWorker' priority: '1'
2024-04-04 18:34:03.700 T:4138 debug : Thread JobWorker start, auto delete: true
2024-04-04 18:34:03.700 T:4138 debug : [threads] name: 'JobWorker' priority: '1'
2024-04-04 18:34:03.805 T:4121 debug : easy_acquire - Created session to https://192-168-0-6.1bfef040b1f9411a9464dbec34658ae7.plex.direct
2024-04-04 18:34:03.855 T:4121 info : Skipped 2 duplicate messages..
2024-04-04 18:34:03.855 T:4121 debug : CCurlFile::GetMimeType - -> failed
2024-04-04 18:34:03.856 T:4121 debug : CurlFile::Open -
2024-04-04 18:34:03.856 T:4138 debug : CCurlFile::GetMimeType - -> failed
2024-04-04 18:34:03.857 T:4138 debug : CurlFile::Open -
2024-04-04 18:34:03.870 T:4121 error : CCurlFile::Open - Failed with code 404:
2024-04-04 18:34:03.884 T:4084 debug : CCurlFile::GetMimeType - -> failed
2024-04-04 18:34:03.884 T:4084 debug : CurlFile::Open -
2024-04-04 18:34:03.884 T:4138 error : CCurlFile::Open - Failed with code 404:
2024-04-04 18:34:03.890 T:4137 debug : easy_acquire - Created session to https://192-168-0-6.1bfef040b1f9411a9464dbec34658ae7.plex.direct
2024-04-04 18:34:03.905 T:4084 error : CCurlFile::Open - Failed with code 404:
2024-04-04 18:34:03.913 T:4138 debug : CCurlFile::GetMimeType - -> image/jpeg
2024-04-04 18:34:03.913 T:4138 debug : CurlFile::Open -
2024-04-04 18:34:03.916 T:4121 debug : CCurlFile::GetMimeType - -> image/jpeg
2024-04-04 18:34:03.916 T:4121 debug : CurlFile::Open -
2024-04-04 18:34:03.927 T:4084 debug : CCurlFile::GetMimeType - -> image/jpeg
2024-04-04 18:34:03.928 T:4084 debug : CurlFile::Open -
2024-04-04 18:34:03.933 T:4137 debug : CCurlFile::GetMimeType - -> image/jpeg
2024-04-04 18:34:03.934 T:4137 debug : CurlFile::Open -
2024-04-04 18:34:03.950 T:4138 debug : Caching image 'https://192-168-0-6.1bfef040b1f9411a9464dbec34658ae7.plex.direct:32400/photo/:/transcode?url=http%3A%2F%2F127.0.0.1%3A32400%2Flibrary%2Fmetadata%2F431122%2Fthumb%2F1663408436&width=244&height=361&minSize=1&X-Plex-Token=hienDnQm_rRByyasgDRq' to '6/676672a7.jpg':
2024-04-04 18:34:03.950 T:4138 debug : cached image 'special://masterprofile/Thumbnails/6/676672a7.jpg' size 642x361
2024-04-04 18:34:03.954 T:4121 debug : Caching image 'https://192-168-0-6.1bfef040b1f9411a9464dbec34658ae7.plex.direct:32400/photo/:/transcode?url=http%3A%2F%2F127.0.0.1%3A32400%2Flibrary%2Fmetadata%2F430873%2Fthumb%2F1663319117&width=244&height=361&minSize=1&X-Plex-Token=hienDnQm_rRByyasgDRq' to '3/315ab0d3.jpg':
2024-04-04 18:34:03.954 T:4121 debug : cached image 'special://masterprofile/Thumbnails/3/315ab0d3.jpg' size 642x361
2024-04-04 18:34:03.961 T:4084 debug : Caching image 'https://192-168-0-6.1bfef040b1f9411a9464dbec34658ae7.plex.direct:32400/photo/:/transcode?url=http%3A%2F%2F127.0.0.1%3A32400%2Flibrary%2Fmetadata%2F431249%2Fthumb%2F1663319252&width=244&height=361&minSize=1&X-Plex-Token=hienDnQm_rRByyasgDRq' to '6/6cdff680.jpg':
2024-04-04 18:34:03.961 T:4084 debug : cached image 'special://masterprofile/Thumbnails/6/6cdff680.jpg' size 642x361
2024-04-04 18:34:03.967 T:4137 debug : Caching image 'https://192-168-0-6.1bfef040b1f9411a9464dbec34658ae7.plex.direct:32400/photo/:/transcode?url=http%3A%2F%2F127.0.0.1%3A32400%2Flibrary%2Fmetadata%2F430326%2Fthumb%2F1663405583&width=244&height=361&minSize=1&X-Plex-Token=hienDnQm_rRByyasgDRq' to '0/01214f0b.jpg':
2024-04-04 18:34:03.967 T:4137 debug : cached image 'special://masterprofile/Thumbnails/0/01214f0b.jpg' size 642x361
2024-04-04 18:34:04.256 T:4121 debug : CCurlFile::GetMimeType - -> image/jpeg
2024-04-04 18:34:04.257 T:4121 debug : CurlFile::Open -
2024-04-04 18:34:04.258 T:4138 debug : CCurlFile::GetMimeType - -> image/jpeg
2024-04-04 18:34:04.259 T:4138 debug : CurlFile::Open -
2024-04-04 18:34:04.299 T:4121 debug : Caching image 'https://192-168-0-6.1bfef040b1f9411a9464dbec34658ae7.plex.direct:32400/photo/:/transcode?url=http%3A%2F%2F127.0.0.1%3A32400%2Flibrary%2Fmetadata%2F484729%2Fthumb%2F1710741084&width=244&height=361&minSize=1&X-Plex-Token=hienDnQm_rRByyasgDRq' to '3/360f8896.jpg':
2024-04-04 18:34:04.299 T:4121 debug : cached image 'special://masterprofile/Thumbnails/3/360f8896.jpg' size 642x361
2024-04-04 18:34:04.304 T:4138 debug : Caching image 'https://192-168-0-6.1bfef040b1f9411a9464dbec34658ae7.plex.direct:32400/photo/:/transcode?url=http%3A%2F%2F127.0.0.1%3A32400%2Flibrary%2Fmetadata%2F412780%2Fthumb%2F1659984017&width=244&height=361&minSize=1&X-Plex-Token=hienDnQm_rRByyasgDRq' to 'a/acca9792.jpg':
2024-04-04 18:34:04.304 T:4138 debug : cached image 'special://masterprofile/Thumbnails/a/acca9792.jpg' size 642x361
2024-04-04 18:34:04.463 T:3828 debug : CLibInputKeyboard::ProcessKey - using delay: 500ms repeat: 33ms
2024-04-04 18:34:04.465 T:4139 debug : Thread Timer start, auto delete: false
2024-04-04 18:34:04.479 T:3811 debug : Keyboard: scancode: 0x69, sym: 0x114, unicode: 0x00, modifier: 0x0
2024-04-04 18:34:04.480 T:3811 debug : HandleKey: left (0xf082) pressed, window 13002, action is Left
2024-04-04 18:34:04.566 T:4139 debug : Thread Timer 3794792960 terminating
2024-04-04 18:34:04.579 T:3811 debug : Keyboard: scancode: 0x69, sym: 0x114, unicode: 0x00, modifier: 0x0
2024-04-04 18:34:04.654 T:3828 debug : CLibInputKeyboard::ProcessKey - using delay: 500ms repeat: 33ms
2024-04-04 18:34:04.654 T:4141 debug : Thread Timer start, auto delete: false
2024-04-04 18:34:04.662 T:3811 debug : Keyboard: scancode: 0x69, sym: 0x114, unicode: 0x00, modifier: 0x0
2024-04-04 18:34:04.663 T:3811 debug : HandleKey: left (0xf082) pressed, window 13002, action is Left
