2024-04-04 18:33:47.942 T:4041 debug : CVideoPlayer::ProcessVideoData size:1997262 dts:69.069 pts:69.194 dur:41.000ms, clock:58.809 level:100
2024-04-04 18:33:47.946 T:4041 debug : CVideoPlayer::ProcessVideoData size:132169 dts:69.111 pts:69.111 dur:41.000ms, clock:58.812 level:100
2024-04-04 18:33:47.952 T:4041 debug : CVideoPlayer::ProcessVideoData size:118013 dts:69.152 pts:69.152 dur:41.000ms, clock:58.818 level:100
2024-04-04 18:33:47.958 T:4044 debug : CVideoPlayerVideo::OutputPicture - ttd:359ms pts:59.184 Clock:58.825 Level:6
2024-04-04 18:33:47.984 T:4041 debug : CVideoPlayer::ProcessVideoData size:593379 dts:69.194 pts:69.319 dur:41.000ms, clock:58.851 level:100
2024-04-04 18:33:47.992 T:4041 debug : CVideoPlayer::ProcessVideoData size:141663 dts:69.236 pts:69.236 dur:41.000ms, clock:58.859 level:100
2024-04-04 18:33:47.998 T:4044 debug : CVideoPlayerVideo::OutputPicture - ttd:360ms pts:59.226 Clock:58.865 Level:6
2024-04-04 18:33:48.000 T:4041 debug : CVideoPlayer::ProcessVideoData size:134091 dts:69.278 pts:69.278 dur:41.000ms, clock:58.867 level:100
2024-04-04 18:33:48.042 T:4044 debug : CVideoPlayerVideo::OutputPicture - ttd:358ms pts:59.268 Clock:58.909 Level:6
2024-04-04 18:33:48.044 T:4041 debug : CVideoPlayer::ProcessVideoData size:636680 dts:69.319 pts:69.444 dur:41.000ms, clock:58.911 level:100
2024-04-04 18:33:48.052 T:4041 debug : CVideoPlayer::ProcessVideoData size:153531 dts:69.361 pts:69.361 dur:41.000ms, clock:58.919 level:100
2024-04-04 18:33:48.066 T:4041 debug : CVideoPlayer::ProcessVideoData size:169073 dts:69.403 pts:69.403 dur:41.000ms, clock:58.933 level:100
2024-04-04 18:33:48.083 T:4044 debug : CVideoPlayerVideo::OutputPicture - ttd:359ms pts:59.309 Clock:58.949 Level:6
2024-04-04 18:33:48.107 T:4041 debug : CVideoPlayer::ProcessVideoData size:639934 dts:69.444 pts:69.570 dur:41.000ms, clock:58.974 level:100
2024-04-04 18:33:48.113 T:4041 debug : CVideoPlayer::ProcessVideoData size:152150 dts:69.486 pts:69.486 dur:41.000ms, clock:58.980 level:100
2024-04-04 18:33:48.124 T:4044 debug : CVideoPlayerVideo::OutputPicture - ttd:359ms pts:59.351 Clock:58.991 Level:6
2024-04-04 18:33:48.133 T:4041 debug : CVideoPlayer::ProcessVideoData size:147292 dts:69.528 pts:69.528 dur:41.000ms, clock:59.000 level:100
2024-04-04 18:33:48.166 T:4044 debug : CVideoPlayerVideo::OutputPicture - ttd:359ms pts:59.393 Clock:59.033 Level:6
2024-04-04 18:33:48.177 T:4041 debug : CVideoPlayer::ProcessVideoData size:646610 dts:69.570 pts:69.695 dur:41.000ms, clock:59.044 level:100
2024-04-04 18:33:48.183 T:4041 debug : CVideoPlayer::ProcessVideoData size:162754 dts:69.611 pts:69.611 dur:41.000ms, clock:59.050 level:100
2024-04-04 18:33:48.192 T:4041 debug : CVideoPlayer::ProcessVideoData size:163512 dts:69.653 pts:69.653 dur:41.000ms, clock:59.059 level:100
2024-04-04 18:33:48.208 T:4044 debug : CVideoPlayerVideo::OutputPicture - ttd:358ms pts:59.434 Clock:59.075 Level:6
2024-04-04 18:33:48.245 T:4041 debug : CVideoPlayer::ProcessVideoData size:680051 dts:69.695 pts:69.820 dur:41.000ms, clock:59.112 level:100
2024-04-04 18:33:48.250 T:4044 debug : CVideoPlayerVideo::OutputPicture - ttd:359ms pts:59.476 Clock:59.117 Level:6
2024-04-04 18:33:48.255 T:4041 debug : CVideoPlayer::ProcessVideoData size:151184 dts:69.736 pts:69.736 dur:41.000ms, clock:59.122 level:100
2024-04-04 18:33:48.264 T:4041 debug : CVideoPlayer::ProcessVideoData size:162342 dts:69.778 pts:69.778 dur:41.000ms, clock:59.131 level:100
2024-04-04 18:33:48.291 T:4044 debug : CVideoPlayerVideo::OutputPicture - ttd:360ms pts:59.518 Clock:59.158 Level:6
2024-04-04 18:33:48.307 T:4041 debug : CVideoPlayer::ProcessVideoData size:679845 dts:69.820 pts:69.945 dur:41.000ms, clock:59.174 level:100
2024-04-04 18:33:48.318 T:4041 debug : CVideoPlayer::ProcessVideoData size:170050 dts:69.861 pts:69.861 dur:41.000ms, clock:59.185 level:100
2024-04-04 18:33:48.333 T:4044 debug : CVideoPlayerVideo::OutputPicture - ttd:360ms pts:59.560 Clock:59.200 Level:6
2024-04-04 18:33:48.337 T:4041 debug : CVideoPlayer::ProcessVideoData size:162159 dts:69.903 pts:69.903 dur:41.000ms, clock:59.204 level:100
2024-04-04 18:33:48.375 T:4044 debug : CVideoPlayerVideo::OutputPicture - ttd:359ms pts:59.601 Clock:59.242 Level:6
2024-04-04 18:33:48.415 T:4044 debug : CVideoPlayerVideo::OutputPicture - ttd:361ms pts:59.643 Clock:59.282 Level:6
2024-04-04 18:33:48.417 T:3987 info : script.plex: UpdateNowPlaying: 394422, force: True refreshQueue: False state: None overrideChecks: False time: None
2024-04-04 18:33:48.454 T:4041 debug : CVideoPlayer::ProcessVideoData size:2008986 dts:69.945 pts:70.070 dur:41.000ms, clock:59.321 level:100
2024-04-04 18:33:48.458 T:4044 debug : CVideoPlayerVideo::OutputPicture - ttd:359ms pts:59.685 Clock:59.325 Level:6
2024-04-04 18:33:48.463 T:4041 debug : CVideoPlayer::ProcessVideoData size:145830 dts:69.987 pts:69.987 dur:41.000ms, clock:59.330 level:100
2024-04-04 18:33:48.476 T:4041 debug : CVideoPlayer::ProcessVideoData size:144654 dts:70.028 pts:70.028 dur:41.000ms, clock:59.343 level:100
2024-04-04 18:33:48.500 T:4044 debug : CVideoPlayerVideo::OutputPicture - ttd:359ms pts:59.726 Clock:59.367 Level:6
2024-04-04 18:33:48.516 T:4041 debug : CVideoPlayer::ProcessVideoData size:619462 dts:70.070 pts:70.195 dur:41.000ms, clock:59.383 level:100
2024-04-04 18:33:48.528 T:4041 debug : CVideoPlayer::ProcessVideoData size:131030 dts:70.112 pts:70.112 dur:41.000ms, clock:59.395 level:100
2024-04-04 18:33:48.536 T:4041 debug : CVideoPlayer::ProcessVideoData size:142593 dts:70.153 pts:70.153 dur:41.000ms, clock:59.403 level:100
2024-04-04 18:33:48.542 T:4044 debug : CVideoPlayerVideo::OutputPicture - ttd:359ms pts:59.768 Clock:59.409 Level:6
2024-04-04 18:33:48.584 T:4044 debug : CVideoPlayerVideo::OutputPicture - ttd:359ms pts:59.810 Clock:59.451 Level:6
2024-04-04 18:33:48.595 T:4041 debug : CVideoPlayer::ProcessVideoData size:664358 dts:70.195 pts:70.320 dur:41.000ms, clock:59.462 level:100
2024-04-04 18:33:48.602 T:4041 debug : CVideoPlayer::ProcessVideoData size:185612 dts:70.237 pts:70.237 dur:41.000ms, clock:59.469 level:100
2024-04-04 18:33:48.623 T:4044 debug : CVideoPlayerVideo::OutputPicture - ttd:360ms pts:59.851 Clock:59.490 Level:6
2024-04-04 18:33:48.647 T:4041 debug : CVideoPlayer::ProcessVideoData size:164079 dts:70.279 pts:70.279 dur:41.000ms, clock:59.514 level:100
2024-04-04 18:33:48.665 T:4044 debug : CVideoPlayerVideo::OutputPicture - ttd:360ms pts:59.893 Clock:59.532 Level:6
2024-04-04 18:33:48.688 T:4041 debug : CVideoPlayer::ProcessVideoData size:667242 dts:70.320 pts:70.445 dur:41.000ms, clock:59.555 level:100
2024-04-04 18:33:48.699 T:4041 debug : CVideoPlayer::ProcessVideoData size:168286 dts:70.362 pts:70.362 dur:41.000ms, clock:59.566 level:100
2024-04-04 18:33:48.709 T:4044 debug : CVideoPlayerVideo::OutputPicture - ttd:359ms pts:59.935 Clock:59.575 Level:6
2024-04-04 18:33:48.717 T:4041 debug : CVideoPlayer::ProcessVideoData size:166666 dts:70.404 pts:70.404 dur:41.000ms, clock:59.584 level:100
2024-04-04 18:33:48.751 T:4044 debug : CVideoPlayerVideo::OutputPicture - ttd:358ms pts:59.977 Clock:59.618 Level:6
2024-04-04 18:33:48.764 T:4041 debug : CVideoPlayer::ProcessVideoData size:704949 dts:70.445 pts:70.571 dur:41.000ms, clock:59.631 level:100
2024-04-04 18:33:48.772 T:4041 debug : CVideoPlayer::ProcessVideoData size:182615 dts:70.487 pts:70.487 dur:41.000ms, clock:59.639 level:100
2024-04-04 18:33:48.781 T:4041 debug : CVideoPlayer::ProcessVideoData size:164540 dts:70.529 pts:70.529 dur:41.000ms, clock:59.648 level:100
2024-04-04 18:33:48.791 T:4044 debug : CVideoPlayerVideo::OutputPicture - ttd:360ms pts:60.018 Clock:59.658 Level:6
2024-04-04 18:33:48.826 T:4041 debug : CVideoPlayer::ProcessVideoData size:703245 dts:70.571 pts:70.696 dur:41.000ms, clock:59.693 level:100
2024-04-04 18:33:48.832 T:4044 debug : CVideoPlayerVideo::OutputPicture - ttd:360ms pts:60.060 Clock:59.699 Level:6
2024-04-04 18:33:48.835 T:4041 debug : CVideoPlayer::ProcessVideoData size:162221 dts:70.612 pts:70.612 dur:41.000ms, clock:59.702 level:100
2024-04-04 18:33:48.852 T:4041 debug : CVideoPlayer::ProcessVideoData size:164111 dts:70.654 pts:70.654 dur:41.000ms, clock:59.719 level:100
2024-04-04 18:33:48.875 T:4044 debug : CVideoPlayerVideo::OutputPicture - ttd:359ms pts:60.102 Clock:59.742 Level:6
2024-04-04 18:33:48.893 T:4041 debug : CVideoPlayer::ProcessVideoData size:705358 dts:70.696 pts:70.821 dur:41.000ms, clock:59.760 level:100
2024-04-04 18:33:48.913 T:4041 debug : CVideoPlayer::ProcessVideoData size:180076 dts:70.737 pts:70.737 dur:41.000ms, clock:59.780 level:100
2024-04-04 18:33:48.918 T:4044 debug : CVideoPlayerVideo::OutputPicture - ttd:357ms pts:60.143 Clock:59.785 Level:6
2024-04-04 18:33:48.922 T:4041 debug : CVideoPlayer::ProcessVideoData size:165109 dts:70.779 pts:70.779 dur:41.000ms, clock:59.789 level:100
2024-04-04 18:33:48.959 T:4044 debug : CVideoPlayerVideo::OutputPicture - ttd:358ms pts:60.185 Clock:59.826 Level:6
2024-04-04 18:33:49.000 T:4044 debug : CVideoPlayerVideo::OutputPicture - ttd:360ms pts:60.227 Clock:59.866 Level:6
2024-04-04 18:33:49.042 T:4044 debug : CVideoPlayerVideo::OutputPicture - ttd:360ms pts:60.269 Clock:59.909 Level:6
2024-04-04 18:33:49.059 T:4041 debug : CVideoPlayer::ProcessVideoData size:2015978 dts:70.821 pts:70.946 dur:41.000ms, clock:59.926 level:100
2024-04-04 18:33:49.066 T:4041 debug : CVideoPlayer::ProcessVideoData size:147580 dts:70.862 pts:70.862 dur:41.000ms, clock:59.933 level:100
2024-04-04 18:33:49.073 T:4041 debug : CVideoPlayer::ProcessVideoData size:155755 dts:70.904 pts:70.904 dur:41.000ms, clock:59.940 level:100
2024-04-04 18:33:49.085 T:4044 debug : CVideoPlayerVideo::OutputPicture - ttd:358ms pts:60.310 Clock:59.952 Level:6
2024-04-04 18:33:49.123 T:4041 debug : CVideoPlayer::ProcessVideoData size:650349 dts:70.946 pts:71.071 dur:41.000ms, clock:59.990 level:100
2024-04-04 18:33:49.126 T:4044 debug : CVideoPlayerVideo::OutputPicture - ttd:359ms pts:60.352 Clock:59.992 Level:6
2024-04-04 18:33:49.133 T:4041 debug : CVideoPlayer::ProcessVideoData size:143887 dts:70.988 pts:70.988 dur:41.000ms, clock:60.000 level:100
2024-04-04 18:33:49.142 T:4041 debug : CVideoPlayer::ProcessVideoData size:154370 dts:71.029 pts:71.029 dur:41.000ms, clock:60.009 level:100
2024-04-04 18:33:49.167 T:4044 debug : CVideoPlayerVideo::OutputPicture - ttd:359ms pts:60.394 Clock:60.034 Level:6
2024-04-04 18:33:49.185 T:4041 debug : CVideoPlayer::ProcessVideoData size:691740 dts:71.071 pts:71.196 dur:41.000ms, clock:60.052 level:100
2024-04-04 18:33:49.208 T:4041 debug : CVideoPlayer::ProcessVideoData size:187157 dts:71.113 pts:71.113 dur:41.000ms, clock:60.075 level:100
2024-04-04 18:33:49.209 T:4044 debug : CVideoPlayerVideo::OutputPicture - ttd:358ms pts:60.435 Clock:60.076 Level:6
2024-04-04 18:33:49.217 T:4041 debug : CVideoPlayer::ProcessVideoData size:165391 dts:71.154 pts:71.154 dur:41.000ms, clock:60.084 level:100
2024-04-04 18:33:49.250 T:4044 debug : CVideoPlayerVideo::OutputPicture - ttd:359ms pts:60.477 Clock:60.117 Level:6
2024-04-04 18:33:49.261 T:4041 debug : CVideoPlayer::ProcessVideoData size:697361 dts:71.196 pts:71.321 dur:41.000ms, clock:60.128 level:100
2024-04-04 18:33:49.271 T:4041 debug : CVideoPlayer::ProcessVideoData size:166398 dts:71.238 pts:71.238 dur:41.000ms, clock:60.138 level:100
2024-04-04 18:33:49.291 T:4044 debug : CVideoPlayerVideo::OutputPicture - ttd:360ms pts:60.519 Clock:60.158 Level:6
2024-04-04 18:33:49.292 T:4041 debug : CVideoPlayer::ProcessVideoData size:166721 dts:71.280 pts:71.280 dur:41.000ms, clock:60.159 level:100
2024-04-04 18:33:49.334 T:4044 debug : CVideoPlayerVideo::OutputPicture - ttd:359ms pts:60.561 Clock:60.201 Level:6
2024-04-04 18:33:49.338 T:4041 debug : CVideoPlayer::ProcessVideoData size:732103 dts:71.321 pts:71.446 dur:41.000ms, clock:60.205 level:100
2024-04-04 18:33:49.350 T:4041 debug : CVideoPlayer::ProcessVideoData size:185739 dts:71.363 pts:71.363 dur:41.000ms, clock:60.217 level:100
2024-04-04 18:33:49.357 T:4041 debug : CVideoPlayer::ProcessVideoData size:165071 dts:71.405 pts:71.405 dur:41.000ms, clock:60.224 level:100
2024-04-04 18:33:49.366 T:3828 debug : CLibInputKeyboard::ProcessKey - using delay: 500ms repeat: 33ms
2024-04-04 18:33:49.366 T:4092 debug : Thread Timer start, auto delete: false
2024-04-04 18:33:49.375 T:4044 debug : CVideoPlayerVideo::OutputPicture - ttd:359ms pts:60.602 Clock:60.242 Level:6
2024-04-04 18:33:49.376 T:3811 debug : Keyboard: scancode: 0x67, sym: 0x111, unicode: 0x00, modifier: 0x0
2024-04-04 18:33:49.376 T:3811 debug : HandleKey: up (0xf080) pressed, window 13009, action is Up
2024-04-04 18:33:49.406 T:4041 debug : CVideoPlayer::ProcessVideoData size:729922 dts:71.446 pts:71.572 dur:41.000ms, clock:60.273 level:100
2024-04-04 18:33:49.413 T:4041 debug : CVideoPlayer::ProcessVideoData size:164649 dts:71.488 pts:71.488 dur:41.000ms, clock:60.280 level:100
2024-04-04 18:33:49.418 T:4044 debug : CVideoPlayerVideo::OutputPicture - ttd:359ms pts:60.644 Clock:60.285 Level:6
2024-04-04 18:33:49.430 T:4041 debug : CVideoPlayer::ProcessVideoData size:184712 dts:71.530 pts:71.530 dur:41.000ms, clock:60.296 level:100
2024-04-04 18:33:49.458 T:4044 debug : CVideoPlayerVideo::OutputPicture - ttd:361ms pts:60.686 Clock:60.325 Level:6
2024-04-04 18:33:49.460 T:3985 info : script.plex: chapter skipping from 59044 with forward True
2024-04-04 18:33:49.460 T:3985 info : script.plex: Found 9 chapters among 11
2024-04-04 18:33:49.461 T:3985 info : script.plex: New start time is 78578
2024-04-04 18:33:49.480 T:4041 debug : CVideoPlayer::ProcessVideoData size:731619 dts:71.572 pts:71.697 dur:41.000ms, clock:60.347 level:100
2024-04-04 18:33:49.487 T:4041 debug : CVideoPlayer::ProcessVideoData size:163814 dts:71.613 pts:71.613 dur:41.000ms, clock:60.353 level:100
2024-04-04 18:33:49.501 T:4044 debug : CVideoPlayerVideo::OutputPicture - ttd:359ms pts:60.727 Clock:60.368 Level:6
2024-04-04 18:33:49.507 T:4041 debug : CVideoPlayer::ProcessVideoData size:164383 dts:71.655 pts:71.655 dur:41.000ms, clock:60.374 level:100
2024-04-04 18:33:49.543 T:4044 debug : CVideoPlayerVideo::OutputPicture - ttd:358ms pts:60.769 Clock:60.410 Level:6
2024-04-04 18:33:49.568 T:4092 debug : Thread Timer 3794792960 terminating
2024-04-04 18:33:49.585 T:3811 debug : Keyboard: scancode: 0x67, sym: 0x111, unicode: 0x00, modifier: 0x0
2024-04-04 18:33:49.586 T:4044 debug : CVideoPlayerVideo::OutputPicture - ttd:358ms pts:60.811 Clock:60.452 Level:6
2024-04-04 18:33:49.625 T:4044 debug : CVideoPlayerVideo::OutputPicture - ttd:360ms pts:60.852 Clock:60.492 Level:6
2024-04-04 18:33:49.630 T:4041 debug : CVideoPlayer::ProcessVideoData size:2005802 dts:71.697 pts:71.822 dur:41.000ms, clock:60.497 level:100
2024-04-04 18:33:49.646 T:4041 debug : CVideoPlayer::ProcessVideoData size:168816 dts:71.738 pts:71.738 dur:41.000ms, clock:60.513 level:100
2024-04-04 18:33:49.655 T:4041 debug : CVideoPlayer::ProcessVideoData size:138938 dts:71.780 pts:71.780 dur:41.000ms, clock:60.522 level:100
2024-04-04 18:33:49.667 T:4044 debug : CVideoPlayerVideo::OutputPicture - ttd:360ms pts:60.894 Clock:60.533 Level:6
2024-04-04 18:33:49.700 T:4041 debug : CVideoPlayer::ProcessVideoData size:682030 dts:71.822 pts:71.947 dur:41.000ms, clock:60.567 level:100
2024-04-04 18:33:49.706 T:4041 debug : CVideoPlayer::ProcessVideoData size:146289 dts:71.863 pts:71.863 dur:41.000ms, clock:60.573 level:100
2024-04-04 18:33:49.709 T:4044 debug : CVideoPlayerVideo::OutputPicture - ttd:359ms pts:60.936 Clock:60.576 Level:6
2024-04-04 18:33:49.719 T:4041 debug : CVideoPlayer::ProcessVideoData size:176741 dts:71.905 pts:71.905 dur:41.000ms, clock:60.586 level:100
2024-04-04 18:33:49.751 T:4044 debug : CVideoPlayerVideo::OutputPicture - ttd:360ms pts:60.978 Clock:60.618 Level:6
2024-04-04 18:33:49.769 T:4041 debug : CVideoPlayer::ProcessVideoData size:720980 dts:71.947 pts:72.072 dur:41.000ms, clock:60.636 level:100
2024-04-04 18:33:49.783 T:4041 debug : CVideoPlayer::ProcessVideoData size:168677 dts:71.989 pts:71.989 dur:41.000ms, clock:60.650 level:100
2024-04-04 18:33:49.789 T:4041 debug : CVideoPlayer::ProcessVideoData size:185210 dts:72.030 pts:72.030 dur:41.000ms, clock:60.656 level:100
2024-04-04 18:33:49.793 T:4044 debug : CVideoPlayerVideo::OutputPicture - ttd:359ms pts:61.019 Clock:60.660 Level:6
2024-04-04 18:33:49.794 T:3987 info : script.plex: UpdateNowPlaying: 394422, force: True refreshQueue: False state: None overrideChecks: False time: None
2024-04-04 18:33:49.835 T:4044 debug : CVideoPlayerVideo::OutputPicture - ttd:359ms pts:61.061 Clock:60.702 Level:6
2024-04-04 18:33:49.836 T:4041 debug : CVideoPlayer::ProcessVideoData size:723698 dts:72.072 pts:72.197 dur:41.000ms, clock:60.703 level:100
2024-04-04 18:33:49.844 T:4041 debug : CVideoPlayer::ProcessVideoData size:168613 dts:72.114 pts:72.114 dur:41.000ms, clock:60.711 level:100
2024-04-04 18:33:49.868 T:4041 debug : CVideoPlayer::ProcessVideoData size:185273 dts:72.155 pts:72.155 dur:41.000ms, clock:60.735 level:100
2024-04-04 18:33:49.877 T:4044 debug : CVideoPlayerVideo::OutputPicture - ttd:359ms pts:61.103 Clock:60.744 Level:6
2024-04-04 18:33:49.912 T:4041 debug : CVideoPlayer::ProcessVideoData size:728102 dts:72.197 pts:72.322 dur:41.000ms, clock:60.779 level:100
2024-04-04 18:33:49.918 T:4044 debug : CVideoPlayerVideo::OutputPicture - ttd:358ms pts:61.144 Clock:60.785 Level:6
2024-04-04 18:33:49.921 T:4041 debug : CVideoPlayer::ProcessVideoData size:166855 dts:72.239 pts:72.239 dur:41.000ms, clock:60.788 level:100
2024-04-04 18:33:49.938 T:4041 debug : CVideoPlayer::ProcessVideoData size:166380 dts:72.281 pts:72.281 dur:41.000ms, clock:60.805 level:100
2024-04-04 18:33:49.958 T:4044 debug : CVideoPlayerVideo::OutputPicture - ttd:360ms pts:61.186 Clock:60.825 Level:6
2024-04-04 18:33:49.983 T:4041 debug : CVideoPlayer::ProcessVideoData size:731216 dts:72.322 pts:72.447 dur:41.000ms, clock:60.849 level:100
2024-04-04 18:33:49.997 T:4041 debug : CVideoPlayer::ProcessVideoData size:186613 dts:72.364 pts:72.364 dur:41.000ms, clock:60.864 level:100
2024-04-04 18:33:50.001 T:4044 debug : CVideoPlayerVideo::OutputPicture - ttd:360ms pts:61.228 Clock:60.868 Level:6
2024-04-04 18:33:50.004 T:4041 debug : CVideoPlayer::ProcessVideoData size:167049 dts:72.406 pts:72.406 dur:41.000ms, clock:60.871 level:100
2024-04-04 18:33:50.043 T:4044 debug : CVideoPlayerVideo::OutputPicture - ttd:359ms pts:61.270 Clock:60.910 Level:6
2024-04-04 18:33:50.052 T:4041 debug : CVideoPlayer::ProcessVideoData size:733292 dts:72.447 pts:72.573 dur:41.000ms, clock:60.919 level:100
2024-04-04 18:33:50.064 T:4041 debug : CVideoPlayer::ProcessVideoData size:167199 dts:72.489 pts:72.489 dur:41.000ms, clock:60.931 level:100
2024-04-04 18:33:50.083 T:4044 debug : CVideoPlayerVideo::OutputPicture - ttd:360ms pts:61.311 Clock:60.950 Level:6
2024-04-04 18:33:50.091 T:4041 debug : CVideoPlayer::ProcessVideoData size:185356 dts:72.531 pts:72.531 dur:41.000ms, clock:60.958 level:100
2024-04-04 18:33:50.126 T:4044 debug : CVideoPlayerVideo::OutputPicture - ttd:359ms pts:61.353 Clock:60.993 Level:6
2024-04-04 18:33:50.170 T:4044 debug : CVideoPlayerVideo::OutputPicture - ttd:358ms pts:61.395 Clock:61.037 Level:6
2024-04-04 18:33:50.182 T:4041 debug : CVideoPlayer::ProcessVideoData size:1466844 dts:72.573 pts:72.614 dur:41.000ms, clock:61.049 level:100
2024-04-04 18:33:50.209 T:4044 debug : CVideoPlayerVideo::OutputPicture - ttd:360ms pts:61.436 Clock:61.076 Level:6
2024-04-04 18:33:50.224 T:4041 debug : CVideoPlayer::ProcessVideoData size:511918 dts:72.614 pts:72.739 dur:41.000ms, clock:61.091 level:100
2024-04-04 18:33:50.225 T:4041 debug : CVideoPlayer::ProcessVideoData size:117045 dts:72.656 pts:72.656 dur:41.000ms, clock:61.092 level:100
2024-04-04 18:33:50.232 T:4041 debug : CVideoPlayer::ProcessVideoData size:122903 dts:72.698 pts:72.698 dur:41.000ms, clock:61.099 level:100
2024-04-04 18:33:50.251 T:4044 debug : CVideoPlayerVideo::OutputPicture - ttd:359ms pts:61.478 Clock:61.118 Level:6
2024-04-04 18:33:50.280 T:4041 debug : CVideoPlayer::ProcessVideoData size:520385 dts:72.739 pts:72.864 dur:41.000ms, clock:61.147 level:100
2024-04-04 18:33:50.290 T:4041 debug : CVideoPlayer::ProcessVideoData size:143796 dts:72.781 pts:72.781 dur:41.000ms, clock:61.157 level:100
2024-04-04 18:33:50.294 T:4044 debug : CVideoPlayerVideo::OutputPicture - ttd:359ms pts:61.520 Clock:61.160 Level:6
2024-04-04 18:33:50.299 T:4041 debug : CVideoPlayer::ProcessVideoData size:128959 dts:72.823 pts:72.823 dur:41.000ms, clock:61.166 level:100
2024-04-04 18:33:50.326 T:4041 debug : CVideoPlayer::ProcessVideoData size:535351 dts:72.864 pts:72.990 dur:41.000ms, clock:61.193 level:100
2024-04-04 18:33:50.336 T:4044 debug : CVideoPlayerVideo::OutputPicture - ttd:359ms pts:61.562 Clock:61.203 Level:6
2024-04-04 18:33:50.340 T:4041 debug : CVideoPlayer::ProcessVideoData size:123120 dts:72.906 pts:72.906 dur:41.000ms, clock:61.207 level:100
2024-04-04 18:33:50.348 T:4041 debug : CVideoPlayer::ProcessVideoData size:125625 dts:72.948 pts:72.948 dur:41.000ms, clock:61.215 level:100
2024-04-04 18:33:50.376 T:4044 debug : CVideoPlayerVideo::OutputPicture - ttd:360ms pts:61.603 Clock:61.242 Level:6
2024-04-04 18:33:50.389 T:4041 debug : CVideoPlayer::ProcessVideoData size:538060 dts:72.990 pts:73.115 dur:41.000ms, clock:61.256 level:100
2024-04-04 18:33:50.397 T:4041 debug : CVideoPlayer::ProcessVideoData size:143499 dts:73.031 pts:73.031 dur:41.000ms, clock:61.264 level:100
2024-04-04 18:33:50.403 T:4041 debug : CVideoPlayer::ProcessVideoData size:130589 dts:73.073 pts:73.073 dur:41.000ms, clock:61.270 level:100
2024-04-04 18:33:50.418 T:4044 debug : CVideoPlayerVideo::OutputPicture - ttd:359ms pts:61.645 Clock:61.285 Level:6
2024-04-04 18:33:50.445 T:4041 debug : CVideoPlayer::ProcessVideoData size:540439 dts:73.115 pts:73.240 dur:41.000ms, clock:61.312 level:100
2024-04-04 18:33:50.451 T:4041 debug : CVideoPlayer::ProcessVideoData size:130374 dts:73.156 pts:73.156 dur:41.000ms, clock:61.318 level:100
2024-04-04 18:33:50.461 T:4044 debug : CVideoPlayerVideo::OutputPicture - ttd:358ms pts:61.687 Clock:61.328 Level:6
2024-04-04 18:33:50.476 T:4041 debug : CVideoPlayer::ProcessVideoData size:150549 dts:73.198 pts:73.198 dur:41.000ms, clock:61.343 level:100
2024-04-04 18:33:50.502 T:4044 debug : CVideoPlayerVideo::OutputPicture - ttd:359ms pts:61.728 Clock:61.368 Level:6
2024-04-04 18:33:50.504 T:4094 info : script.plex: SeekHandler: offset=78578, settings_changed=False, seeking=2, state=playing
2024-04-04 18:33:50.504 T:4094 info : script.plex: New absolute player offset: 78578
2024-04-04 18:33:50.504 T:4094 info : script.plex: UpdateNowPlaying: 394422, force: False refreshQueue: False state: paused overrideChecks: False time: None
2024-04-04 18:33:50.506 T:4094 debug : requested setting (remotecontrol) was not found.
2024-04-04 18:33:50.515 T:4095 info : script.plex: API: Starting request: GET https://192-168-0-6.1bfef040b1f9411a9464dbec34658ae7.plex.direct:32400/:/timeline?time=78578&duration=465408&state=paused&guid=com.plexapp.agents.none%3A//a17ea78e0b504d5cba6c3a466518ad6fed1e9724%3Flang%3Dxn&ratingKey=394422&key=/library/metadata/394422&containerKey=/library/sections/14/folder%3Fparent%3D14480%26includeCollections%3D1%26X-Plex-Container-Size%3D240%26X-Plex-Container-Start%3D0&X-Plex-Token=**** (async=True timeout=10.0(10.0))
2024-04-04 18:33:50.516 T:4094 info : script.plex: SeekAbsolute: Seeking to 78578
2024-04-04 18:33:50.516 T:4041 debug : CVideoPlayer::ProcessVideoData size:569054 dts:73.240 pts:73.365 dur:41.000ms, clock:61.383 level:100
2024-04-04 18:33:50.516 T:4041 debug : CDVDClock::SetSpeedAdjust - adjusted:0.000000
2024-04-04 18:33:50.516 T:4041 debug : demuxer seek to: 78578.000000
2024-04-04 18:33:50.517 T:4043 debug : CDoubleCache::Reset - (0x34ddd90) Cache miss for 751095084 with new=420478976-430964736 and old=706200741-716686501
2024-04-04 18:33:50.517 T:4043 debug : CFileCache::Process - cache completely reset for seek to position 751095084
2024-04-04 18:33:50.519 T:4044 debug : CAMLCodec::SetSpeed, speed(0)
2024-04-04 18:33:50.528 T:4045 debug : CDVDAudio::Pause - pausing audio stream
2024-04-04 18:33:50.553 T:4044 debug : CVideoPlayerVideo::OutputPicture - ttd:386ms pts:61.770 Clock:61.383 Level:5
2024-04-04 18:33:50.593 T:4044 debug : CVideoPlayerVideo::OutputPicture - ttd:428ms pts:61.812 Clock:61.383 Level:5
2024-04-04 18:33:50.631 T:4041 debug : SeekTime - seek ended up on time 77869
2024-04-04 18:33:50.632 T:4041 debug : demuxer seek to: 78578.000000, success
2024-04-04 18:33:50.632 T:4041 debug : CVideoPlayer::FlushBuffers - flushing buffers
2024-04-04 18:33:50.642 T:4044 debug : CVideoPlayerVideo::OutputPicture - ttd:469ms pts:61.853 Clock:61.383 Level:6
2024-04-04 18:33:50.663 T:4044 debug : CAMLCodec::Reset
2024-04-04 18:33:50.677 T:4045 debug : CDVDAudio::Flush - flush audio stream
2024-04-04 18:33:50.677 T:4045 debug : CDVDAudio::Pause - pausing audio stream
2024-04-04 18:33:50.708 T:4044 debug : CVideoPlayerVideo - CDVDMsg::GENERAL_SYNCHRONIZE
2024-04-04 18:33:50.708 T:4045 debug : CVideoPlayerAudio - CDVDMsg::GENERAL_SYNCHRONIZE
2024-04-04 18:33:50.708 T:4041 debug : CVideoPlayer - CDVDMsg::GENERAL_SYNCHRONIZE
2024-04-04 18:33:50.713 T:4041 debug : CVideoPlayer::ProcessVideoData size:1472660 dts:18442240474082.180 pts:77.869 dur:41.000ms, clock:77.369 level:0
2024-04-04 18:33:50.714 T:4041 debug : CVideoPlayer::CheckContinuity - wrapback :2, prev:77869000.000000, curr:77786000.000000, diff:-83000.000000
2024-04-04 18:33:50.714 T:4041 debug : CVideoPlayer::ProcessVideoData size:124763 dts:77.786 pts:77.786 dur:41.000ms, clock:77.369 level:1
2024-04-04 18:33:50.714 T:4041 debug : CVideoPlayer::ProcessVideoData size:100671 dts:77.828 pts:77.828 dur:41.000ms, clock:77.369 level:1
2024-04-04 18:33:50.714 T:4044 debug : CVideoPlayerVideo - Stillframe left, switching to normal playback
2024-04-04 18:33:50.716 T:4041 debug : CVideoPlayer::ProcessVideoData size:449407 dts:77.869 pts:77.995 dur:41.000ms, clock:77.369 level:1
2024-04-04 18:33:50.716 T:4041 debug : CVideoPlayer::ProcessVideoData size:97518 dts:77.911 pts:77.911 dur:41.000ms, clock:77.369 level:2
2024-04-04 18:33:50.716 T:4041 debug : CVideoPlayer::ProcessVideoData size:127465 dts:77.953 pts:77.953 dur:41.000ms, clock:77.369 level:2
2024-04-04 18:33:50.716 T:3985 info : script.plex: Player - SEEK: 17430
2024-04-04 18:33:50.716 T:3985 info : script.plex: SeekHandler: onPlayBackSeek - 78578, 17430, 78578
2024-04-04 18:33:50.716 T:3985 info : script.plex: SeekDialog: OnPlaybackSeek: 78578, 17430
2024-04-04 18:33:50.719 T:4041 debug : CVideoPlayer::ProcessVideoData size:487692 dts:77.995 pts:78.120 dur:41.000ms, clock:77.369 level:3
2024-04-04 18:33:50.720 T:4041 debug : CVideoPlayer::ProcessVideoData size:113803 dts:78.036 pts:78.036 dur:41.000ms, clock:77.369 level:3
2024-04-04 18:33:50.730 T:4041 debug : CVideoPlayer::ProcessVideoData size:135938 dts:78.078 pts:78.078 dur:41.000ms, clock:77.369 level:4
2024-04-04 18:33:50.753 T:3985 info : script.plex: SeekHandler: offset=None, settings_changed=False, seeking=2, state=playing
2024-04-04 18:33:50.753 T:3985 info : script.plex: OnPlayBackSeek: Seeked on start to: 78578
2024-04-04 18:33:50.753 T:3985 info : script.plex: Notification: xbmc Player.OnSeek {"item":{"title":"Demo Material DV-Profile8-MEL TrueHD","type":"movie"},"player":{"playerid":-1,"seekoffset":{"hours":0,"milliseconds":430,"minutes":0,"seconds":17},"speed":1,"time":{"hours":0,"milliseconds":578,"minutes":1,"seconds":18}}}
2024-04-04 18:33:50.756 T:4044 debug : CVideoPlayerVideo::OutputPicture - ttd:500ms pts:77.869 Clock:77.369 Level:0
2024-04-04 18:33:50.761 T:4041 debug : CVideoPlayer::ProcessVideoData size:506389 dts:78.120 pts:78.245 dur:41.000ms, clock:77.369 level:3
2024-04-04 18:33:50.769 T:4041 debug : CVideoPlayer::ProcessVideoData size:116597 dts:78.161 pts:78.161 dur:41.000ms, clock:77.369 level:3
2024-04-04 18:33:50.769 T:4041 debug : CVideoPlayer::HandleMessages - player started 2
2024-04-04 18:33:50.780 T:4041 debug : CVideoPlayer::ProcessVideoData size:120438 dts:78.203 pts:78.203 dur:41.000ms, clock:77.369 level:4
2024-04-04 18:33:50.827 T:4041 debug : CVideoPlayer::ProcessVideoData size:525857 dts:78.245 pts:78.370 dur:41.000ms, clock:77.369 level:4
2024-04-04 18:33:50.837 T:4041 debug : CVideoPlayer::ProcessVideoData size:137801 dts:78.287 pts:78.287 dur:41.000ms, clock:77.369 level:5
2024-04-04 18:33:50.844 T:4041 debug : CVideoPlayer::ProcessVideoData size:119517 dts:78.328 pts:78.328 dur:41.000ms, clock:77.369 level:5
2024-04-04 18:33:50.850 T:3828 debug : CLibInputKeyboard::ProcessKey - using delay: 500ms repeat: 33ms
2024-04-04 18:33:50.851 T:4102 debug : Thread Timer start, auto delete: false
2024-04-04 18:33:50.876 T:3811 debug : Keyboard: scancode: 0x67, sym: 0x111, unicode: 0x00, modifier: 0x0
2024-04-04 18:33:50.877 T:3811 debug : HandleKey: up (0xf080) pressed, window 13009, action is Up
2024-04-04 18:33:50.878 T:4041 debug : CVideoPlayer::ProcessVideoData size:538871 dts:78.370 pts:78.495 dur:41.000ms, clock:77.369 level:6
2024-04-04 18:33:50.960 T:3985 info : script.plex: chapter skipping from 78578 with forward True
2024-04-04 18:33:50.960 T:3985 info : script.plex: Found 8 chapters among 11
2024-04-04 18:33:50.960 T:3985 info : script.plex: New start time is 100017
2024-04-04 18:33:50.966 T:4041 debug : CVideoPlayer::ProcessVideoData size:120053 dts:78.412 pts:78.412 dur:41.000ms, clock:77.369 level:6
2024-04-04 18:33:50.974 T:4041 debug : CVideoPlayer::ProcessVideoData size:141855 dts:78.453 pts:78.453 dur:41.000ms, clock:77.369 level:7
2024-04-04 18:33:50.997 T:4102 debug : Thread Timer 3794792960 terminating
2024-04-04 18:33:51.002 T:3811 debug : Keyboard: scancode: 0x67, sym: 0x111, unicode: 0x00, modifier: 0x0
2024-04-04 18:33:51.012 T:4041 debug : CVideoPlayer::ProcessVideoData size:417663 dts:78.495 pts:78.537 dur:41.000ms, clock:77.369 level:7
2024-04-04 18:33:51.176 T:4041 debug : CVideoPlayer::ProcessVideoData size:2497437 dts:78.537 pts:78.579 dur:41.000ms, clock:77.369 level:8
2024-04-04 18:33:51.187 T:4045 info : CAEStreamParser::SyncTrueHD - TrueHD stream detected (6 channels, 48000Hz)
2024-04-04 18:33:51.226 T:4041 debug : CVideoPlayer::ProcessVideoData size:587835 dts:78.579 pts:78.704 dur:41.000ms, clock:77.369 level:8
2024-04-04 18:33:51.233 T:4041 debug : CVideoPlayer::ProcessVideoData size:127825 dts:78.620 pts:78.620 dur:41.000ms, clock:77.369 level:9
2024-04-04 18:33:51.233 T:4041 debug : CVideoPlayer::ProcessVideoData size:117948 dts:78.662 pts:78.662 dur:41.000ms, clock:77.369 level:9
2024-04-04 18:33:51.244 T:4041 debug : CVideoPlayer::HandleMessages - player started 1
2024-04-04 18:33:51.244 T:4084 debug : OnAVChange: CApplication::OnAVChange
2024-04-04 18:33:51.244 T:4041 debug : VideoPlayer::Sync - Audio - pts: 18442240474082.180, cache: 0.384, totalcache: 0.685, packets:238 level:0
2024-04-04 18:33:51.244 T:4041 debug : VideoPlayer::Sync - Video - pts: 77.869, cache: 0.050, totalcache: 0.100, packets:3 level:10
2024-04-04 18:33:51.244 T:4044 debug : CVideoPlayerVideo - CDVDMsg::GENERAL_RESYNC(77769000.000000)
2024-04-04 18:33:51.244 T:4044 debug : CVideoPlayerVideo - OUTPUT_AGAIN - vfmt, interlace should be checked.
2024-04-04 18:33:51.245 T:4041 debug : CDVDClock::SetSpeedAdjust - adjusted:0.000000
2024-04-04 18:33:51.245 T:4045 debug : CDVDAudio::Resume - resume audio stream
2024-04-04 18:33:51.245 T:3853 debug : ActiveAE - start sync of audio stream
2024-04-04 18:33:51.247 T:4044 debug : CVideoPlayerVideo - CDVDMsg::DEMUXER_PACKET - checking interlace vfmt: null
2024-04-04 18:33:51.247 T:4044 debug : CAMLCodec::SetSpeed, speed(1000)
2024-04-04 18:33:51.254 T:4044 debug : CVideoPlayerVideo::OutputPicture - ttd:8ms pts:77.786 Clock:77.778 Level:0
2024-04-04 18:33:51.258 T:4044 debug : CVideoPlayerVideo::OutputPicture - ttd:46ms pts:77.828 Clock:77.782 Level:0
2024-04-04 18:33:51.261 T:4044 debug : CVideoPlayerVideo::OutputPicture - ttd:125ms pts:77.911 Clock:77.785 Level:1
2024-04-04 18:33:51.267 T:3985 info : script.plex: Player - AVChange
2024-04-04 18:33:51.268 T:3985 info : script.plex: SeekHandler: onAVChange
2024-04-04 18:33:51.268 T:3985 info : script.plex: SeekDialog: OnAVChange: DPO: 0, offset: 78578
2024-04-04 18:33:51.268 T:3985 debug : requested setting (slow_connection) was not found.
2024-04-04 18:33:51.270 T:4044 debug : CVideoPlayerVideo::OutputPicture - ttd:158ms pts:77.953 Clock:77.794 Level:2
2024-04-04 18:33:51.281 T:4044 debug : CVideoPlayerVideo::OutputPicture - ttd:189ms pts:77.995 Clock:77.805 Level:3
2024-04-04 18:33:51.282 T:4044 debug : CVideoPlayerVideo - CDVDMsg::DEMUXER_PACKET - checking interlace vfmt: null
2024-04-04 18:33:51.286 T:4044 debug : CVideoPlayerVideo::OutputPicture - ttd:225ms pts:78.036 Clock:77.810 Level:4
2024-04-04 18:33:51.301 T:4041 debug : CVideoPlayer::ProcessVideoData size:627618 dts:78.704 pts:78.829 dur:41.000ms, clock:77.825 level:6
2024-04-04 18:33:51.302 T:4044 debug : CVideoPlayerVideo::OutputPicture - ttd:252ms pts:78.078 Clock:77.826 Level:4
2024-04-04 18:33:51.308 T:4041 debug : CVideoPlayer::ProcessVideoData size:128021 dts:78.745 pts:78.745 dur:41.000ms, clock:77.832 level:6
2024-04-04 18:33:51.309 T:4045 info : CActiveAEStream::AddData - messy timestamps, increasing interval for measuring average error to 6000 ms
2024-04-04 18:33:51.316 T:4044 debug : CVideoPlayerVideo::OutputPicture - ttd:280ms pts:78.120 Clock:77.840 Level:5
2024-04-04 18:33:51.320 T:4041 debug : CVideoPlayer::ProcessVideoData size:145319 dts:78.787 pts:78.787 dur:41.000ms, clock:77.844 level:6
2024-04-04 18:33:51.342 T:3987 info : script.plex: UpdateNowPlaying: 394422, force: True refreshQueue: False state: None overrideChecks: False time: None
2024-04-04 18:33:51.348 T:3987 debug : requested setting (remotecontrol) was not found.
2024-04-04 18:33:51.348 T:4044 debug : CVideoPlayerVideo::OutputPicture - ttd:288ms pts:78.161 Clock:77.872 Level:6
2024-04-04 18:33:51.349 T:4106 info : script.plex: API: Starting request: GET https://192-168-0-6.1bfef040b1f9411a9464dbec34658ae7.plex.direct:32400/:/timeline?time=77369&duration=465408&state=playing&guid=com.plexapp.agents.none%3A//a17ea78e0b504d5cba6c3a466518ad6fed1e9724%3Flang%3Dxn&ratingKey=394422&key=/library/metadata/394422&containerKey=/library/sections/14/folder%3Fparent%3D14480%26includeCollections%3D1%26X-Plex-Container-Size%3D240%26X-Plex-Container-Start%3D0&X-Plex-Token=**** (async=True timeout=10.0(10.0))
2024-04-04 18:33:51.360 T:4041 debug : CVideoPlayer::ProcessVideoData size:627158 dts:78.829 pts:78.954 dur:41.000ms, clock:77.884 level:6
2024-04-04 18:33:51.361 T:3853 debug : ActiveAE::SyncStream - average error of 705.876696, start adjusting
2024-04-04 18:33:51.367 T:3985 info : script.plex: Notification: xbmc Player.OnAVChange {"item":{"title":"Demo Material DV-Profile8-MEL TrueHD","type":"movie"},"player":{"playerid":-1,"speed":1}}
2024-04-04 18:33:51.369 T:4041 debug : CVideoPlayer::ProcessVideoData size:124921 dts:78.870 pts:78.870 dur:41.000ms, clock:77.893 level:7
2024-04-04 18:33:51.377 T:4044 debug : CVideoPlayerVideo::OutputPicture - ttd:301ms pts:78.203 Clock:77.901 Level:6
2024-04-04 18:33:51.382 T:4041 debug : CVideoPlayer::ProcessVideoData size:143634 dts:78.912 pts:78.912 dur:41.000ms, clock:77.906 level:7
2024-04-04 18:33:51.393 T:4044 debug : CVideoPlayerVideo - CDVDMsg::DEMUXER_PACKET - checking interlace vfmt: null
2024-04-04 18:33:51.419 T:4044 debug : CVideoPlayerVideo::OutputPicture - ttd:302ms pts:78.245 Clock:77.943 Level:6
2024-04-04 18:33:51.425 T:4041 debug : CVideoPlayer::ProcessVideoData size:631059 dts:78.954 pts:79.079 dur:41.000ms, clock:77.949 level:7
2024-04-04 18:33:51.432 T:4041 debug : CVideoPlayer::ProcessVideoData size:125450 dts:78.996 pts:78.996 dur:41.000ms, clock:77.956 level:7
2024-04-04 18:33:51.439 T:4041 debug : CVideoPlayer::ProcessVideoData size:143277 dts:79.037 pts:79.037 dur:41.000ms, clock:77.963 level:8
2024-04-04 18:33:51.461 T:4044 debug : CVideoPlayerVideo::OutputPicture - ttd:301ms pts:78.287 Clock:77.985 Level:6
2024-04-04 18:33:51.490 T:4041 debug : CVideoPlayer::ProcessVideoData size:719839 dts:79.079 pts:79.204 dur:41.000ms, clock:78.014 level:8
2024-04-04 18:33:51.502 T:4041 debug : CVideoPlayer::ProcessVideoData size:124785 dts:79.121 pts:79.121 dur:41.000ms, clock:78.026 level:8
2024-04-04 18:33:51.503 T:4044 debug : CVideoPlayerVideo::OutputPicture - ttd:300ms pts:78.328 Clock:78.027 Level:6
2024-04-04 18:33:51.514 T:4041 debug : CVideoPlayer::ProcessVideoData size:127079 dts:79.162 pts:79.162 dur:41.000ms, clock:78.038 level:9
2024-04-04 18:33:51.543 T:4044 debug : CVideoPlayerVideo::OutputPicture - ttd:303ms pts:78.370 Clock:78.067 Level:6
2024-04-04 18:33:51.563 T:4044 debug : CVideoPlayerVideo - CDVDMsg::DEMUXER_PACKET - checking interlace vfmt: null
2024-04-04 18:33:51.574 T:3853 debug : ActiveAE::SyncStream - average error 29.884829, last average error: 705.876696
2024-04-04 18:33:51.577 T:4041 debug : CVideoPlayer::ProcessVideoData size:816901 dts:79.204 pts:79.329 dur:41.000ms, clock:78.102 level:8
2024-04-04 18:33:51.586 T:4044 debug : CVideoPlayerVideo::OutputPicture - ttd:301ms pts:78.412 Clock:78.110 Level:6
2024-04-04 18:33:51.590 T:4041 debug : CVideoPlayer::ProcessVideoData size:173492 dts:79.246 pts:79.246 dur:41.000ms, clock:78.114 level:8
2024-04-04 18:33:51.605 T:4041 debug : CVideoPlayer::ProcessVideoData size:136871 dts:79.288 pts:79.288 dur:41.000ms, clock:78.129 level:9
2024-04-04 18:33:51.629 T:4044 debug : CVideoPlayerVideo::OutputPicture - ttd:300ms pts:78.453 Clock:78.153 Level:6
2024-04-04 18:33:51.670 T:4044 debug : CVideoPlayerVideo::OutputPicture - ttd:301ms pts:78.495 Clock:78.194 Level:6
2024-04-04 18:33:51.672 T:4044 debug : CVideoPlayerVideo::OutputPicture - ttd:341ms pts:78.537 Clock:78.196 Level:6
2024-04-04 18:33:51.681 T:3853 debug : ActiveAE::SyncStream - average error of -70.185628, start adjusting
2024-04-04 18:33:51.723 T:3853 debug : ActiveAE::SyncStream - average error -10.185628 below threshold of 30.000000
2024-04-04 18:33:51.750 T:4041 debug : CVideoPlayer::ProcessVideoData size:2517165 dts:79.329 pts:79.454 dur:41.000ms, clock:78.274 level:4
2024-04-04 18:33:51.753 T:4044 debug : CVideoPlayerVideo::OutputPicture - ttd:302ms pts:78.579 Clock:78.277 Level:6
2024-04-04 18:33:51.759 T:4041 debug : CVideoPlayer::ProcessVideoData size:113190 dts:79.371 pts:79.371 dur:41.000ms, clock:78.283 level:5
2024-04-04 18:33:51.765 T:4041 debug : CVideoPlayer::ProcessVideoData size:125240 dts:79.413 pts:79.413 dur:41.000ms, clock:78.289 level:5
2024-04-04 18:33:51.794 T:4044 debug : CVideoPlayerVideo::OutputPicture - ttd:301ms pts:78.620 Clock:78.318 Level:6
2024-04-04 18:33:51.811 T:4041 debug : CVideoPlayer::ProcessVideoData size:647395 dts:79.454 pts:79.580 dur:41.000ms, clock:78.336 level:5
2024-04-04 18:33:51.818 T:4041 debug : CVideoPlayer::ProcessVideoData size:107854 dts:79.496 pts:79.496 dur:41.000ms, clock:78.342 level:6
2024-04-04 18:33:51.826 T:4041 debug : CVideoPlayer::ProcessVideoData size:122381 dts:79.538 pts:79.538 dur:41.000ms, clock:78.350 level:6
2024-04-04 18:33:51.837 T:4044 debug : CVideoPlayerVideo::OutputPicture - ttd:301ms pts:78.662 Clock:78.361 Level:6
2024-04-04 18:33:51.879 T:4044 debug : CVideoPlayerVideo::OutputPicture - ttd:300ms pts:78.704 Clock:78.403 Level:6
2024-04-04 18:33:51.881 T:4041 debug : CVideoPlayer::ProcessVideoData size:786286 dts:79.580 pts:79.705 dur:41.000ms, clock:78.405 level:6
2024-04-04 18:33:51.893 T:4041 debug : CVideoPlayer::ProcessVideoData size:145667 dts:79.621 pts:79.621 dur:41.000ms, clock:78.417 level:6
2024-04-04 18:33:51.907 T:4041 debug : CVideoPlayer::ProcessVideoData size:124495 dts:79.663 pts:79.663 dur:41.000ms, clock:78.431 level:7
2024-04-04 18:33:51.921 T:4044 debug : CVideoPlayerVideo::OutputPicture - ttd:299ms pts:78.745 Clock:78.446 Level:6
2024-04-04 18:33:51.949 T:4041 debug : CVideoPlayer::ProcessVideoData size:685015 dts:79.705 pts:79.830 dur:41.000ms, clock:78.473 level:7
2024-04-04 18:33:51.961 T:4044 debug : CVideoPlayerVideo::OutputPicture - ttd:301ms pts:78.787 Clock:78.485 Level:6
2024-04-04 18:33:51.963 T:4041 debug : CVideoPlayer::ProcessVideoData size:128232 dts:79.746 pts:79.746 dur:41.000ms, clock:78.487 level:8
2024-04-04 18:33:51.979 T:4041 debug : CVideoPlayer::ProcessVideoData size:147733 dts:79.788 pts:79.788 dur:41.000ms, clock:78.503 level:8
2024-04-04 18:33:52.004 T:4044 debug : CVideoPlayerVideo::OutputPicture - ttd:301ms pts:78.829 Clock:78.528 Level:6
2024-04-04 18:33:52.029 T:4041 debug : CVideoPlayer::ProcessVideoData size:665967 dts:79.830 pts:79.955 dur:41.000ms, clock:78.553 level:7
2024-04-04 18:33:52.038 T:4041 debug : CVideoPlayer::ProcessVideoData size:133264 dts:79.871 pts:79.871 dur:41.000ms, clock:78.562 level:8
2024-04-04 18:33:52.045 T:4044 debug : CVideoPlayerVideo::OutputPicture - ttd:300ms pts:78.870 Clock:78.569 Level:6
2024-04-04 18:33:52.050 T:4041 debug : CVideoPlayer::ProcessVideoData size:129321 dts:79.913 pts:79.913 dur:41.000ms, clock:78.574 level:8
2024-04-04 18:33:52.087 T:4044 debug : CVideoPlayerVideo::OutputPicture - ttd:300ms pts:78.912 Clock:78.611 Level:6
2024-04-04 18:33:52.098 T:4041 debug : CVideoPlayer::ProcessVideoData size:655834 dts:79.955 pts:80.080 dur:41.000ms, clock:78.622 level:9
2024-04-04 18:33:52.108 T:4041 debug : CVideoPlayer::ProcessVideoData size:146294 dts:79.997 pts:79.997 dur:41.000ms, clock:78.632 level:8
2024-04-04 18:33:52.125 T:4041 debug : CVideoPlayer::ProcessVideoData size:125609 dts:80.038 pts:80.038 dur:41.000ms, clock:78.649 level:8
2024-04-04 18:33:52.128 T:4044 debug : CVideoPlayerVideo::OutputPicture - ttd:301ms pts:78.954 Clock:78.652 Level:6
2024-04-04 18:33:52.130 T:4104 info : script.plex: SeekHandler: offset=100017, settings_changed=False, seeking=2, state=playing
2024-04-04 18:33:52.130 T:4104 info : script.plex: New absolute player offset: 100017
2024-04-04 18:33:52.130 T:4104 info : script.plex: UpdateNowPlaying: 394422, force: False refreshQueue: False state: paused overrideChecks: False time: None
2024-04-04 18:33:52.132 T:4104 debug : requested setting (remotecontrol) was not found.
2024-04-04 18:33:52.133 T:4107 info : script.plex: API: Starting request: GET https://192-168-0-6.1bfef040b1f9411a9464dbec34658ae7.plex.direct:32400/:/timeline?time=100017&duration=465408&state=paused&guid=com.plexapp.agents.none%3A//a17ea78e0b504d5cba6c3a466518ad6fed1e9724%3Flang%3Dxn&ratingKey=394422&key=/library/metadata/394422&containerKey=/library/sections/14/folder%3Fparent%3D14480%26includeCollections%3D1%26X-Plex-Container-Size%3D240%26X-Plex-Container-Start%3D0&X-Plex-Token=**** (async=True timeout=10.0(10.0))
2024-04-04 18:33:52.136 T:4104 info : script.plex: SeekAbsolute: Seeking to 100017
2024-04-04 18:33:52.163 T:4041 debug : CVideoPlayer::ProcessVideoData size:650956 dts:80.080 pts:80.205 dur:41.000ms, clock:78.687 level:9
2024-04-04 18:33:52.163 T:4041 debug : CDVDClock::SetSpeedAdjust - adjusted:0.000000
2024-04-04 18:33:52.163 T:4041 debug : demuxer seek to: 100017.000000
2024-04-04 18:33:52.163 T:4044 debug : CAMLCodec::SetSpeed, speed(0)
2024-04-04 18:33:52.165 T:4043 debug : CDoubleCache::Reset - (0x34ddd90) Cache miss for 1003174494 with new=706200741-716686501 and old=763809068-774294828
2024-04-04 18:33:52.165 T:4043 debug : CFileCache::Process - cache completely reset for seek to position 1003174494
2024-04-04 18:33:52.173 T:4044 debug : CVideoPlayerVideo::OutputPicture - ttd:308ms pts:78.996 Clock:78.687 Level:6
2024-04-04 18:33:52.214 T:4044 debug : CVideoPlayerVideo::OutputPicture - ttd:349ms pts:79.037 Clock:78.687 Level:6
2024-04-04 18:33:52.235 T:4045 debug : CDVDAudio::Pause - pausing audio stream
2024-04-04 18:33:52.441 T:4041 debug : SeekTime - seek ended up on time 100017
2024-04-04 18:33:52.441 T:4041 debug : demuxer seek to: 100017.000000, success
2024-04-04 18:33:52.441 T:4041 debug : CVideoPlayer::FlushBuffers - flushing buffers
2024-04-04 18:33:52.445 T:4044 debug : CAMLCodec::Reset
2024-04-04 18:33:52.448 T:4045 debug : CDVDAudio::Flush - flush audio stream
2024-04-04 18:33:52.448 T:4045 debug : CDVDAudio::Pause - pausing audio stream
2024-04-04 18:33:52.491 T:4044 debug : CVideoPlayerVideo - CDVDMsg::GENERAL_SYNCHRONIZE
2024-04-04 18:33:52.492 T:4041 debug : CVideoPlayer - CDVDMsg::GENERAL_SYNCHRONIZE
2024-04-04 18:33:52.492 T:4045 debug : CVideoPlayerAudio - CDVDMsg::GENERAL_SYNCHRONIZE
2024-04-04 18:33:52.492 T:3985 info : script.plex: Player - SEEK: 21530
2024-04-04 18:33:52.492 T:3985 info : script.plex: SeekHandler: onPlayBackSeek - 100017, 21530, 100017
2024-04-04 18:33:52.492 T:3985 info : script.plex: SeekDialog: OnPlaybackSeek: 100017, 21530
2024-04-04 18:33:52.498 T:4041 debug : CVideoPlayer::ProcessVideoData size:1669137 dts:18442240474082.180 pts:100.017 dur:41.000ms, clock:99.517 level:0
2024-04-04 18:33:52.499 T:4044 debug : CVideoPlayerVideo - Stillframe left, switching to normal playback
2024-04-04 18:33:52.505 T:4045 info : CAEStreamParser::SyncTrueHD - TrueHD stream detected (6 channels, 48000Hz)
2024-04-04 18:33:52.509 T:3985 info : script.plex: SeekHandler: offset=None, settings_changed=False, seeking=2, state=playing
2024-04-04 18:33:52.509 T:3985 info : script.plex: OnPlayBackSeek: Seeked on start to: 100017
2024-04-04 18:33:52.510 T:4041 debug : CVideoPlayer::ProcessVideoData size:739881 dts:100.017 pts:100.142 dur:41.000ms, clock:99.517 level:0
2024-04-04 18:33:52.511 T:4041 debug : CVideoPlayer::ProcessVideoData size:244977 dts:100.058 pts:100.058 dur:41.000ms, clock:99.517 level:0
2024-04-04 18:33:52.525 T:4041 debug : CVideoPlayer::ProcessVideoData size:254278 dts:100.100 pts:100.100 dur:41.000ms, clock:99.517 level:1
2024-04-04 18:33:52.551 T:4044 debug : CVideoPlayerVideo::OutputPicture - ttd:500ms pts:100.017 Clock:99.517 Level:0
2024-04-04 18:33:52.584 T:4041 debug : CVideoPlayer::ProcessVideoData size:767028 dts:100.142 pts:100.267 dur:41.000ms, clock:99.517 level:1
2024-04-04 18:33:52.584 T:4041 debug : CVideoPlayer::HandleMessages - player started 1
2024-04-04 18:33:52.584 T:4084 debug : OnAVChange: CApplication::OnAVChange
2024-04-04 18:33:52.601 T:4041 debug : CVideoPlayer::ProcessVideoData size:271463 dts:100.183 pts:100.183 dur:41.000ms, clock:99.517 level:2
2024-04-04 18:33:52.601 T:4041 debug : CVideoPlayer::HandleMessages - player started 2
2024-04-04 18:33:52.601 T:4041 debug : VideoPlayer::Sync - Audio - pts: 18442240474082.180, cache: 0.379, totalcache: 0.685, packets:196 level:0
2024-04-04 18:33:52.601 T:4041 debug : VideoPlayer::Sync - Video - pts: 100.017, cache: 0.050, totalcache: 0.100, packets:6 level:2
2024-04-04 18:33:52.601 T:4041 debug : CDVDClock::SetSpeedAdjust - adjusted:0.000000
2024-04-04 18:33:52.601 T:4045 debug : CDVDAudio::Resume - resume audio stream
2024-04-04 18:33:52.601 T:4044 debug : CVideoPlayerVideo - CDVDMsg::GENERAL_RESYNC(99917000.000000)
2024-04-04 18:33:52.601 T:4044 debug : CVideoPlayerVideo - OUTPUT_AGAIN - vfmt, interlace should be checked.
2024-04-04 18:33:52.601 T:4044 debug : CAMLCodec::SetSpeed, speed(1000)
2024-04-04 18:33:52.601 T:3853 debug : ActiveAE - start sync of audio stream
2024-04-04 18:33:52.604 T:4044 debug : CVideoPlayerVideo - CDVDMsg::DEMUXER_PACKET - checking interlace vfmt: null
2024-04-04 18:33:52.609 T:3985 info : script.plex: Notification: xbmc Player.OnSeek {"item":{"title":"Demo Material DV-Profile8-MEL TrueHD","type":"movie"},"player":{"playerid":-1,"seekoffset":{"hours":0,"milliseconds":530,"minutes":0,"seconds":21},"speed":1,"time":{"hours":0,"milliseconds":17,"minutes":1,"seconds":40}}}
2024-04-04 18:33:52.609 T:3985 info : script.plex: Player - AVChange
2024-04-04 18:33:52.609 T:3985 info : script.plex: SeekHandler: onAVChange
2024-04-04 18:33:52.609 T:3985 info : script.plex: SeekDialog: OnAVChange: DPO: 0, offset: 100017
2024-04-04 18:33:52.609 T:3985 debug : requested setting (slow_connection) was not found.
2024-04-04 18:33:52.609 T:3985 info : script.plex: Notification: xbmc Player.OnAVChange {"item":{"title":"Demo Material DV-Profile8-MEL TrueHD","type":"movie"},"player":{"playerid":-1,"speed":1}}
2024-04-04 18:33:52.612 T:4044 debug : CVideoPlayerVideo::OutputPicture - ttd:129ms pts:100.058 Clock:99.928 Level:0
2024-04-04 18:33:52.615 T:4045 info : CActiveAEStream::AddData - messy timestamps, increasing interval for measuring average error to 6000 ms
2024-04-04 18:33:52.621 T:4044 debug : CVideoPlayerVideo::OutputPicture - ttd:162ms pts:100.100 Clock:99.937 Level:1
2024-04-04 18:33:52.638 T:4041 debug : CVideoPlayer::ProcessVideoData size:270240 dts:100.225 pts:100.225 dur:41.000ms, clock:99.954 level:0
2024-04-04 18:33:52.648 T:4044 debug : CVideoPlayerVideo::OutputPicture - ttd:178ms pts:100.142 Clock:99.964 Level:1
2024-04-04 18:33:52.685 T:4041 debug : CVideoPlayer::ProcessVideoData size:773536 dts:100.267 pts:100.392 dur:41.000ms, clock:100.001 level:0
2024-04-04 18:33:52.689 T:4044 debug : CVideoPlayerVideo::OutputPicture - ttd:177ms pts:100.183 Clock:100.006 Level:1
2024-04-04 18:33:52.690 T:4044 debug : CVideoPlayerVideo - CDVDMsg::DEMUXER_PACKET - checking interlace vfmt: null
2024-04-04 18:33:52.691 T:4044 debug : CVideoPlayerVideo::OutputPicture - ttd:217ms pts:100.225 Clock:100.007 Level:2
2024-04-04 18:33:52.701 T:4041 debug : CVideoPlayer::ProcessVideoData size:270717 dts:100.309 pts:100.309 dur:41.000ms, clock:100.017 level:0
2024-04-04 18:33:52.704 T:3853 debug : ActiveAE::SyncStream - average error of -10.150906, start adjusting
2024-04-04 18:33:52.704 T:3853 debug : ActiveAE::SyncStream - average error 9.849094 below threshold of 30.000000
2024-04-04 18:33:52.728 T:4041 debug : CVideoPlayer::ProcessVideoData size:269363 dts:100.350 pts:100.350 dur:41.000ms, clock:100.044 level:0
2024-04-04 18:33:52.783 T:4041 debug : CVideoPlayer::ProcessVideoData size:775140 dts:100.392 pts:100.517 dur:41.000ms, clock:100.099 level:0
