2024-07-16 12:08:06.587 T:4321 debug : CPlayerCoreFactory::GetPlayers: for video=true, audio=false
2024-07-16 12:08:06.587 T:4321 debug : CPlayerCoreFactory::GetPlayers: for video=true, audio=true
2024-07-16 12:08:06.587 T:4321 debug : CPlayerCoreFactory::GetPlayers: added 1 players
2024-07-16 12:08:06.587 T:6882 debug : Thread waiting start, auto delete: false
2024-07-16 12:08:06.588 T:6882 debug : CBlurayCallback::Logger - bluray.c:1463: libbluray version 1.3.4
2024-07-16 12:08:06.588 T:6882 debug : CBlurayCallback::Logger - bluray.c:1488: BLURAY initialized!
2024-07-16 12:08:06.588 T:6882 debug : CBlurayCallback::Logger - register.c:420: bd_psr_write(): PSR18 (MENU_LANG) 0xffffff -> 0x656e67
2024-07-16 12:08:06.588 T:6882 debug : CBlurayCallback::Logger - disc.c:333: failed opening UDF image (null)
2024-07-16 12:08:06.588 T:6882 debug : CBlurayCallback::Logger - aacs.c:79: AACS/Unit_Key_RO.inf found. Disc seems to be AACS protected.
2024-07-16 12:08:06.588 T:6882 debug : CBlurayCallback::Logger - bdplus.c:83: BDSVM/00000.svm found. Disc seems to be BD+ protected.
2024-07-16 12:08:06.590 T:6882 debug : CBlurayCallback::Logger - bdplus.c:119: Using libbdplus for BD+
2024-07-16 12:08:06.590 T:6882 debug : CBlurayCallback::Logger - bdplus.c:150: Loading libbdplus (0xbead51b0)
2024-07-16 12:08:06.590 T:6882 debug : CBlurayCallback::Logger - bdplus.c:171: Loaded libbdplus (0xbead51b0)
2024-07-16 12:08:06.591 T:6882 debug : CBlurayCallback::Logger - aacs.c:115: Using libaacs for AACS
2024-07-16 12:08:06.591 T:6882 debug : CBlurayCallback::Logger - aacs.c:139: Loading aacs library (0xa6b6c298)
2024-07-16 12:08:06.591 T:6882 debug : CBlurayCallback::Logger - aacs.c:150: Loaded libaacs (0xa6b6c298)
2024-07-16 12:08:06.687 T:4321 debug : ------ Window Init (DialogBusy.xml) ------
2024-07-16 12:08:07.580 T:6882 debug : CBlurayCallback::Logger - aacs.c:121: No usable AACS libraries found!
2024-07-16 12:08:07.580 T:6882 debug : CBlurayCallback::Logger - dec.c:197: aacs_open() failed: -6!
2024-07-16 12:08:07.584 T:6882 debug : CBlurayCallback - Opening dir /var/media/War for the Planet o/BDMV/META/DL
2024-07-16 12:08:07.584 T:6882 debug : CBlurayCallback - Closed dir (0xbea7abd0)
2024-07-16 12:08:07.584 T:6882 debug : CBlurayCallback - Opening dir /var/media/War for the Planet o/BDMV/META/TN
2024-07-16 12:08:07.584 T:6882 debug : CBlurayCallback - Closed dir (0xbea7abd0)
2024-07-16 12:08:07.584 T:6882 debug : CBlurayCallback - Opening dir /var/media/War for the Planet o/BDMV/PLAYLIST
2024-07-16 12:08:07.593 T:6882 debug : CBlurayCallback::Logger - navigation.c:341: main title (00800.mpls,00650.mpls): chapter count difference -28
2024-07-16 12:08:07.594 T:6882 debug : CBlurayCallback - Closed dir (0xc169f798)
2024-07-16 12:08:07.606 T:6882 debug : CBlurayCallback::Logger - bluray.c:1610: BLURAY destroyed!
2024-07-16 12:08:07.606 T:6882 debug : Thread waiting 3074589184 terminating
2024-07-16 12:08:07.606 T:4321 debug : ------ Window Deinit (DialogBusy.xml) ------
2024-07-16 12:08:07.607 T:4321 debug : ------ Window Init (DialogSelect.xml) ------
2024-07-16 12:08:07.637 T:6872 debug : request received for /jsonrpc
2024-07-16 12:08:07.822 T:4466 debug : CSMBFile::Close closing fd 10000
2024-07-16 12:08:07.860 T:4466 debug : VideoInfoScanner: Skipping dir 'archive://smb%3a%2f%2f10.0.0.116%2fExternal%2f4K%20DV%20Blus%2fBatch%20Convert%2ftools%2fAvsPmod%2flib%2flibrary.zip/numpy/random/' due to no change
2024-07-16 12:08:07.885 T:4466 debug : CSMBFile::Open - opened smb://USERNAME:PASSWORD@10.0.0.116/External/4K DV Blus/Batch Convert/tools/AvsPmod/lib/library.zip, fd=10000
2024-07-16 12:08:08.753 T:6872 debug : request received for /jsonrpc
2024-07-16 12:08:08.915 T:4321 debug : ------ Window Deinit (DialogSelect.xml) ------
2024-07-16 12:08:08.923 T:4321 debug : CPlayerCoreFactory::GetPlayers(bluray://%2fvar%2fmedia%2fWar%20for%20the%20Planet%20o%2f/BDMV/PLAYLIST/00650.mpls)
2024-07-16 12:08:08.923 T:4321 debug : CPlayerSelectionRule::GetPlayers: considering rule: system rules
2024-07-16 12:08:08.923 T:4321 debug : CPlayerSelectionRule::GetPlayers: matches rule: system rules
2024-07-16 12:08:08.923 T:4321 debug : CPlayerSelectionRule::GetPlayers: considering rule: mms/udp
2024-07-16 12:08:08.923 T:4321 debug : CPlayerSelectionRule::GetPlayers: considering rule: lastfm/shout
2024-07-16 12:08:08.923 T:4321 debug : CPlayerSelectionRule::GetPlayers: considering rule: rtmp
2024-07-16 12:08:08.923 T:4321 debug : CPlayerSelectionRule::GetPlayers: considering rule: rtsp
2024-07-16 12:08:08.923 T:4321 debug : CPlayerSelectionRule::GetPlayers: considering rule: streams
2024-07-16 12:08:08.923 T:4321 debug : CPlayerSelectionRule::GetPlayers: considering rule: dvd
2024-07-16 12:08:08.923 T:4321 debug : CPlayerSelectionRule::GetPlayers: considering rule: discimage
2024-07-16 12:08:08.923 T:4321 debug : CPlayerSelectionRule::GetPlayers: considering rule: sdp/asf
2024-07-16 12:08:08.923 T:4321 debug : CPlayerSelectionRule::GetPlayers: considering rule: nsv
2024-07-16 12:08:08.923 T:4321 debug : CPlayerSelectionRule::GetPlayers: considering rule: radio
2024-07-16 12:08:08.923 T:4321 debug : CPlayerCoreFactory::GetPlayers: matched 0 rules with players
2024-07-16 12:08:08.923 T:4321 debug : CPlayerCoreFactory::GetPlayers: adding videodefaultplayer (VideoPlayer)
2024-07-16 12:08:08.923 T:4321 debug : CPlayerCoreFactory::GetPlayers: for video=true, audio=false
2024-07-16 12:08:08.923 T:4321 debug : CPlayerCoreFactory::GetPlayers: for video=true, audio=true
2024-07-16 12:08:08.923 T:4321 debug : CPlayerCoreFactory::GetPlayers: added 1 players
2024-07-16 12:08:08.928 T:4321 debug : Radio UECP (RDS) Processor - new CDVDRadioRDSData
2024-07-16 12:08:08.928 T:4321 debug : Audio ID3 tag processor - new CVideoPlayerAudioID3
2024-07-16 12:08:08.929 T:4321 info : VideoPlayer::OpenFile: /var/media/War for the Planet o/BDMV/index.bdmv
2024-07-16 12:08:08.929 T:6884 debug : Thread VideoPlayer start, auto delete: false
2024-07-16 12:08:08.929 T:4321 debug : OnPlayBackStarted: CApplication::OnPlayBackStarted
2024-07-16 12:08:08.931 T:6885 debug : Thread JobWorker start, auto delete: true
2024-07-16 12:08:08.931 T:6884 info : Creating InputStream
2024-07-16 12:08:08.935 T:4321 debug : CVideoGUIInfo::InitCurrentItem(/var/media/War for the Planet o/BDMV/index.bdmv)
2024-07-16 12:08:08.940 T:6885 debug : [threads] name: 'JobWorker' priority: '1'
2024-07-16 12:08:08.947 T:6885 debug : Loading settings for /var/media/War for the Planet o/BDMV/index.bdmv
2024-07-16 12:08:08.951 T:6884 debug : CBlurayCallback::Logger - bluray.c:1463: libbluray version 1.3.4
2024-07-16 12:08:08.951 T:6884 debug : CBlurayCallback::Logger - bluray.c:1488: BLURAY initialized!
2024-07-16 12:08:08.951 T:6884 debug : CBlurayCallback::Logger - register.c:420: bd_psr_write(): PSR20 (REGION) 0x2 -> 0x1
2024-07-16 12:08:08.951 T:6884 debug : CBlurayCallback::Logger - register.c:420: bd_psr_write(): PSR13 (PARENTAL) 0xff -> 0x63
2024-07-16 12:08:08.951 T:6884 debug : CBlurayCallback::Logger - register.c:420: bd_psr_write(): PSR24 (3D_CAP) 0x0 -> 0xffffffff
2024-07-16 12:08:08.951 T:6884 debug : CBlurayCallback::Logger - register.c:422: bd_psr_write(): PSR31 0x30200 -> 0x310
2024-07-16 12:08:08.951 T:6884 debug : CBlurayCallback::Logger - register.c:422: bd_psr_write(): PSR25 0x0 -> 0xffffffff
2024-07-16 12:08:08.951 T:6884 debug : CBlurayCallback::Logger - register.c:422: bd_psr_write(): PSR26 0x0 -> 0xffffffff
2024-07-16 12:08:08.951 T:6884 debug : CBlurayCallback::Logger - register.c:422: bd_psr_write(): PSR27 0x0 -> 0xffffffff
2024-07-16 12:08:08.951 T:6884 debug : CBlurayCallback::Logger - register.c:420: bd_psr_write(): PSR16 (AUDIO_LANG) 0xffffff -> 0x656e67
2024-07-16 12:08:08.952 T:6884 debug : CBlurayCallback::Logger - register.c:420: bd_psr_write(): PSR17 (PG_AND_SUB_LANG) 0xffffff -> 0x656e67
2024-07-16 12:08:08.952 T:6884 debug : CBlurayCallback::Logger - register.c:420: bd_psr_write(): PSR18 (MENU_LANG) 0xffffff -> 0x656e67
2024-07-16 12:08:08.952 T:6884 debug : CBlurayCallback::Logger - register.c:420: bd_psr_write(): PSR19 (COUNTRY) 0xffff -> 0x656e
2024-07-16 12:08:08.952 T:6884 debug : CDVDInputStreamBluray::Open - opening /var/media/War for the Planet o
2024-07-16 12:08:08.952 T:6884 debug : CBlurayCallback::Logger - aacs.c:79: AACS/Unit_Key_RO.inf found. Disc seems to be AACS protected.
2024-07-16 12:08:08.952 T:6884 debug : CBlurayCallback::Logger - bdplus.c:83: BDSVM/00000.svm found. Disc seems to be BD+ protected.
2024-07-16 12:08:08.952 T:4321 debug : LoadItemLookup: trying to extract filestream details from video file /var/media/War for the Planet o/BDMV/index.bdmv
2024-07-16 12:08:08.952 T:6884 debug : CBlurayCallback::Logger - bdplus.c:119: Using libbdplus for BD+
2024-07-16 12:08:08.952 T:6884 debug : CBlurayCallback::Logger - bdplus.c:150: Loading libbdplus (0xb4325728)
2024-07-16 12:08:08.952 T:6884 debug : CBlurayCallback::Logger - bdplus.c:171: Loaded libbdplus (0xb4325728)
2024-07-16 12:08:08.953 T:4321 warning : CreateLoader - unsupported protocol(removable) in removable://War for the Planet of the Apes_0b8333b67e20163a9ebdcb1ebae7e7c32a07858a/
2024-07-16 12:08:08.953 T:6884 debug : CBlurayCallback::Logger - aacs.c:115: Using libaacs for AACS
2024-07-16 12:08:08.953 T:6884 debug : CBlurayCallback::Logger - aacs.c:139: Loading aacs library (0xc16ff278)
2024-07-16 12:08:08.953 T:6884 debug : CBlurayCallback::Logger - aacs.c:150: Loaded libaacs (0xc16ff278)
2024-07-16 12:08:08.954 T:4321 debug : CPlayerGUIInfo::InitCurrentItem(/var/media/War for the Planet o/BDMV/index.bdmv)
2024-07-16 12:08:09.054 T:4321 debug : ------ Window Init (DialogBusy.xml) ------
2024-07-16 12:08:09.057 T:4474 error : Could not find suitable input format: application/octet-stream
2024-07-16 12:08:09.057 T:4474 debug : LoadFromFileInternal - Load of /var/media/War for the Planet o/BDMV/index.bdmv failed.
2024-07-16 12:08:09.057 T:4474 error : [ script.embuary.helper ] Image error: Could not get image for image://video@%2fvar%2fmedia%2fWar%20for%20the%20Planet%20o%2fBDMV%2findex.bdmv/ (try 1) -> [Errno 2] No such file or directory: '/storage/.kodi/userdata/addon_data/script.embuary.helper/img/tmp/26496ec228bdcd702983dc8c6dc80db6.jpg'
2024-07-16 12:08:09.058 T:4321 debug : CDirectoryProvider[special://skin/extras/playlists/RandomMovies.xsp]: refreshing..
2024-07-16 12:08:09.232 T:6885 debug : LoadItemLookup: trying to extract filestream details from video file videodb://movies/titles/2911?xsp=%7b%22order%22%3a%7b%22direction%22%3a%22ascending%22%2c%22ignorefolders%22%3a0%2c%22method%22%3a%22random%22%7d%2c%22rules%22%3a%7b%22and%22%3a%5b%7b%22field%22%3a%22lastplayed%22%2c%22operator%22%3a%22notinthelast%22%2c%22value%22%3a%5b%2214%20Days%22%5d%7d%5d%7d%2c%22type%22%3a%22movies%22%7d
2024-07-16 12:08:09.232 T:6885 debug : CFileCache::Open - opening
2024-07-16 12:08:09.559 T:4474 error : Could not find suitable input format: application/octet-stream
2024-07-16 12:08:09.559 T:4474 debug : LoadFromFileInternal - Load of /var/media/War for the Planet o/BDMV/index.bdmv failed.
2024-07-16 12:08:09.559 T:4474 error : [ script.embuary.helper ] Image error: Could not get image for image://video@%2fvar%2fmedia%2fWar%20for%20the%20Planet%20o%2fBDMV%2findex.bdmv/ (try 2) -> [Errno 2] No such file or directory: '/storage/.kodi/userdata/addon_data/script.embuary.helper/img/tmp/26496ec228bdcd702983dc8c6dc80db6.jpg'
2024-07-16 12:08:10.060 T:4474 error : Could not find suitable input format: application/octet-stream
2024-07-16 12:08:10.060 T:4474 debug : LoadFromFileInternal - Load of /var/media/War for the Planet o/BDMV/index.bdmv failed.
2024-07-16 12:08:10.061 T:4474 error : [ script.embuary.helper ] Image error: Could not get image for image://video@%2fvar%2fmedia%2fWar%20for%20the%20Planet%20o%2fBDMV%2findex.bdmv/ (try 3) -> [Errno 2] No such file or directory: '/storage/.kodi/userdata/addon_data/script.embuary.helper/img/tmp/26496ec228bdcd702983dc8c6dc80db6.jpg'
2024-07-16 12:08:10.080 T:6884 debug : CBlurayCallback::Logger - aacs.c:121: No usable AACS libraries found!
2024-07-16 12:08:10.080 T:6884 debug : CBlurayCallback::Logger - dec.c:197: aacs_open() failed: -5!
2024-07-16 12:08:10.084 T:6884 debug : CBlurayCallback::Logger - bluray.c:3181: PSR change: psr3 = 1
2024-07-16 12:08:10.084 T:6884 debug : CBlurayCallback::Logger - bluray.c:3181: PSR change: psr4 = 65535
2024-07-16 12:08:10.084 T:6884 debug : CBlurayCallback::Logger - bluray.c:3181: PSR change: psr0 = 1
2024-07-16 12:08:10.084 T:6884 debug : CBlurayCallback::Logger - bluray.c:3181: PSR change: psr1 = 255
2024-07-16 12:08:10.084 T:6884 debug : CBlurayCallback::Logger - bluray.c:3181: PSR change: psr2 = 268374015
2024-07-16 12:08:10.084 T:6884 debug : CBlurayCallback::Logger - bluray.c:3181: PSR change: psr14 = 65535
2024-07-16 12:08:10.084 T:6884 debug : CDVDInputStreamBluray::Open - Disc name : War for the Planet of the Apes
2024-07-16 12:08:10.084 T:6884 debug : CDVDInputStreamBluray::Open - First Play supported: 1
2024-07-16 12:08:10.084 T:6884 debug : CDVDInputStreamBluray::Open - Top menu supported : 1
2024-07-16 12:08:10.084 T:6884 debug : CDVDInputStreamBluray::Open - HDMV titles : 5
2024-07-16 12:08:10.084 T:6884 debug : CDVDInputStreamBluray::Open - BD-J titles : 86
2024-07-16 12:08:10.084 T:6884 debug : CDVDInputStreamBluray::Open - BD-J handled : 1
2024-07-16 12:08:10.084 T:6884 debug : CDVDInputStreamBluray::Open - UNSUPPORTED titles : 0
2024-07-16 12:08:10.084 T:6884 debug : CDVDInputStreamBluray::Open - AACS detected : 1
2024-07-16 12:08:10.084 T:6884 debug : CDVDInputStreamBluray::Open - libaacs detected : 1
2024-07-16 12:08:10.084 T:6884 debug : CDVDInputStreamBluray::Open - AACS handled : 0
2024-07-16 12:08:10.084 T:6884 debug : CDVDInputStreamBluray::Open - BD+ detected : 1
2024-07-16 12:08:10.084 T:6884 debug : CDVDInputStreamBluray::Open - libbdplus detected : 1
2024-07-16 12:08:10.084 T:6884 debug : CDVDInputStreamBluray::Open - BD+ handled : 0
2024-07-16 12:08:10.084 T:6884 debug : CDVDInputStreamBluray::Open - no menus (libmmbd, or profile 6 bdj) : 0
2024-07-16 12:08:10.084 T:6884 error : CDVDInputStreamBluray::Open - Media stream scrambled/encrypted with AACS
2024-07-16 12:08:10.084 T:6884 debug : CVideoPlayer::OnDiscNavResult - libbluray the disc/file is encrypted and can't be played (DVDSTATE_NORMAL)
2024-07-16 12:08:10.084 T:6884 error : CVideoPlayer::OpenInputStream - error opening [/var/media/War for the Planet o/BDMV/index.bdmv]
2024-07-16 12:08:10.084 T:6884 info : CVideoPlayer::OnExit()
2024-07-16 12:08:10.084 T:6886 debug : Thread JobWorker start, auto delete: true
2024-07-16 12:08:10.084 T:6884 debug : CBlurayCallback::Logger - bluray.c:1610: BLURAY destroyed!
2024-07-16 12:08:10.084 T:6884 debug : Thread VideoPlayer 2992566784 terminating
2024-07-16 12:08:10.084 T:6886 debug : [threads] name: 'JobWorker' priority: '1'
2024-07-16 12:08:10.091 T:4321 debug : Flush - flushing renderer
2024-07-16 12:08:10.093 T:6887 debug : Thread JobWorker start, auto delete: true
2024-07-16 12:08:10.093 T:6886 debug : OnPlayBackStopped: CApplication::OnPlayBackStopped
2024-07-16 12:08:10.093 T:6887 debug : [threads] name: 'JobWorker' priority: '1'
2024-07-16 12:08:10.093 T:4321 debug : ------ Window Init (DialogNotification.xml) ------
2024-07-16 12:08:10.099 T:4321 debug : ------ Window Init (DialogConfirm.xml) ------
2024-07-16 12:08:10.100 T:4321 debug : CWinSystemAmlogicGLESContext::CreateNewWindow: m_bWindowCreated: true, frac rate 0(0), hdrType: sdr(sdr), force mode switch: false
2024-07-16 12:08:10.100 T:4321 debug : CWinSystemAmlogicGLESContext::CreateNewWindow: cur: iWidth: 1920, iHeight: 1080, iScreenWidth: 1920, iScreenHeight: 1080, fRefreshRate: 120.00, dwFlags: 04
2024-07-16 12:08:10.100 T:4321 debug : CWinSystemAmlogicGLESContext::CreateNewWindow: res: iWidth: 1920, iHeight: 1080, iScreenWidth: 1920, iScreenHeight: 1080, fRefreshRate: 120.00, dwFlags: 04
2024-07-16 12:08:10.100 T:4321 debug : CWinSystemAmlogicGLESContext::CreateNewWindow: No need to create a new window
2024-07-16 12:08:10.100 T:4321 info : GLES: Maximum texture width: 8192
2024-07-16 12:08:10.102 T:4321 info : CVideoPlayer::CloseFile()
2024-07-16 12:08:10.102 T:4321 debug : DeleteRenderer - deleting renderer
2024-07-16 12:08:10.102 T:4321 debug : LinuxRendererGLES: Cleaning up GLES resources
2024-07-16 12:08:10.104 T:4321 info : VideoPlayer: waiting for threads to exit
2024-07-16 12:08:10.104 T:4321 info : VideoPlayer: finished waiting
2024-07-16 12:08:10.105 T:4321 debug : Radio UECP (RDS) Processor - delete ~CDVDRadioRDSData
2024-07-16 12:08:10.105 T:4321 debug : Audio ID3 tag processor - delete ~CVideoPlayerAudioID3
2024-07-16 12:08:10.113 T:4321 debug : CDirectoryProvider[special://skin/extras/playlists/RandomMovies.xsp]: refreshing..
2024-07-16 12:08:10.260 T:6887 debug : LoadItemLookup: trying to extract filestream details from video file videodb://movies/titles/2596?xsp=%7b%22order%22%3a%7b%22direction%22%3a%22ascending%22%2c%22ignorefolders%22%3a0%2c%22method%22%3a%22random%22%7d%2c%22rules%22%3a%7b%22and%22%3a%5b%7b%22field%22%3a%22lastplayed%22%2c%22operator%22%3a%22notinthelast%22%2c%22value%22%3a%5b%2214%20Days%22%5d%7d%5d%7d%2c%22type%22%3a%22movies%22%7d
2024-07-16 12:08:10.261 T:6887 debug : CFileCache::Open - opening
2024-07-16 12:08:10.266 T:6887 debug : CNFSFile::Open - opened volume1/Movies/script.retroarch.launcher.Amlogic-ng.arm-v1.7.1.zip
2024-07-16 12:08:10.537 T:6887 debug : CFileCache::Open - source chunk size is 1, setting cache chunk size to 262144
2024-07-16 12:08:10.538 T:6887 debug : CFileCache::Open - using single memory cache sized 268435456 bytes
2024-07-16 12:08:10.538 T:6888 debug : Thread FileCache start, auto delete: false
2024-07-16 12:08:10.631 T:6872 debug : request received for /jsonrpc
2024-07-16 12:08:10.639 T:6888 debug : CFileCache::Process - source read hit eof
2024-07-16 12:08:10.728 T:6887 debug : ffmpeg[0x46f8b98]: Format luodat detected only with low score of 1, misdetection possible!
2024-07-16 12:08:10.728 T:6887 debug : Open - probing detected format [luodat]
2024-07-16 12:08:10.728 T:6887 debug : Open - avformat_find_stream_info starting
2024-07-16 12:08:10.728 T:6887 debug : Open - av_find_stream_info finished
2024-07-16 12:08:10.729 T:6887 debug : ScanForExternalSubtitles: Searching for subtitles...
2024-07-16 12:08:10.731 T:6887 debug : CNFSFile::Open - opened volume1/Movies/script.retroarch.launcher.Amlogic-ng.arm-v1.7.1.zip
2024-07-16 12:08:11.900 T:6887 debug : CNFSFile::Close closing file volume1/Movies/script.retroarch.launcher.Amlogic-ng.arm-v1.7.1.zip
2024-07-16 12:08:11.908 T:6887 debug : ScanForExternalSubtitles: END (total time: 1180 ms)
2024-07-16 12:08:11.909 T:6888 debug : Thread FileCache 2992566784 terminating
2024-07-16 12:08:11.914 T:6887 debug : CNFSFile::Close closing file volume1/Movies/script.retroarch.launcher.Amlogic-ng.arm-v1.7.1.zip
2024-07-16 12:08:11.928 T:6887 debug : LoadItemLookup: trying to extract filestream details from video file videodb://movies/titles/900?xsp=%7b%22order%22%3a%7b%22direction%22%3a%22ascending%22%2c%22ignorefolders%22%3a0%2c%22method%22%3a%22random%22%7d%2c%22rules%22%3a%7b%22and%22%3a%5b%7b%22field%22%3a%22lastplayed%22%2c%22operator%22%3a%22notinthelast%22%2c%22value%22%3a%5b%2214%20Days%22%5d%7d%5d%7d%2c%22type%22%3a%22movies%22%7d
2024-07-16 12:08:11.929 T:6887 debug : LoadItemLookup: trying to extract filestream details from video file videodb://movies/titles/2912?xsp=%7b%22order%22%3a%7b%22direction%22%3a%22ascending%22%2c%22ignorefolders%22%3a0%2c%22method%22%3a%22random%22%7d%2c%22rules%22%3a%7b%22and%22%3a%5b%7b%22field%22%3a%22lastplayed%22%2c%22operator%22%3a%22notinthelast%22%2c%22value%22%3a%5b%2214%20Days%22%5d%7d%5d%7d%2c%22type%22%3a%22movies%22%7d
2024-07-16 12:08:11.930 T:6887 debug : CFileCache::Open - opening
2024-07-16 12:08:13.357 T:6872 debug : request received for /jsonrpc
2024-07-16 12:08:13.521 T:4321 debug : ------ Window Deinit (DialogConfirm.xml) ------
2024-07-16 12:08:13.531 T:4321 debug : ------ Window Deinit (DialogBusy.xml) ------
2024-07-16 12:08:13.672 T:6872 debug : request received for /jsonrpc
2024-07-16 12:08:15.862 T:4321 debug : ------ Window Deinit (DialogNotification.xml) ------
2024-07-16 12:08:16.307 T:4321 debug : keepAlive: sending keep alive after 45s.
2024-07-16 12:08:16.313 T:4499 info : JSONRPC Server: Disconnection detected
2024-07-16 12:08:17.761 T:6885 debug : CSMBFile::Open - opened smb://USERNAME:PASSWORD@10.0.0.116/External/4K DV Blus/Batch Convert/tools/gnuplot/demo/optimize.dat, fd=10002
2024-07-16 12:08:17.843 T:6885 debug : CFileCache::Open - source chunk size is 131072, setting cache chunk size to 131072
2024-07-16 12:08:17.844 T:6885 debug : CFileCache::Open - using single memory cache sized 268435456 bytes
2024-07-16 12:08:17.844 T:6895 debug : Thread FileCache start, auto delete: false
2024-07-16 12:08:17.924 T:6895 debug : CFileCache::Process - source read hit eof
2024-07-16 12:08:17.976 T:6885 debug : ffmpeg[0xb3fcc110]: Format luodat detected only with low score of 1, misdetection possible!
2024-07-16 12:08:17.976 T:6885 debug : Open - probing detected format [luodat]
2024-07-16 12:08:17.976 T:6885 debug : Open - avformat_find_stream_info starting
2024-07-16 12:08:17.977 T:6885 debug : Open - av_find_stream_info finished
2024-07-16 12:08:17.977 T:6885 debug : ScanForExternalSubtitles: Searching for subtitles...
2024-07-16 12:08:18.019 T:6887 debug : CSMBFile::Open - opened smb://USERNAME:PASSWORD@10.0.0.116/External/4K DV Blus/Batch Convert/tools/gnuplot/demo/silver.dat, fd=10001
2024-07-16 12:08:18.098 T:6887 debug : CFileCache::Open - source chunk size is 131072, setting cache chunk size to 131072
2024-07-16 12:08:18.099 T:6887 debug : CFileCache::Open - using single memory cache sized 268435456 bytes
2024-07-16 12:08:18.101 T:6901 debug : Thread FileCache start, auto delete: false
2024-07-16 12:08:18.176 T:6901 debug : CFileCache::Process - source read hit eof
2024-07-16 12:08:18.228 T:6887 debug : ffmpeg[0x46f8b98]: Format luodat detected only with low score of 1, misdetection possible!
2024-07-16 12:08:18.228 T:6887 debug : Open - probing detected format [luodat]
2024-07-16 12:08:18.228 T:6887 debug : Open - avformat_find_stream_info starting
2024-07-16 12:08:18.228 T:6887 debug : Open - av_find_stream_info finished
2024-07-16 12:08:18.228 T:6887 debug : ScanForExternalSubtitles: Searching for subtitles...
2024-07-16 12:08:18.318 T:6885 debug : ScanForExternalSubtitles: END (total time: 341 ms)
2024-07-16 12:08:18.319 T:6895 debug : Thread FileCache 2992566784 terminating
2024-07-16 12:08:18.319 T:6885 debug : CSMBFile::Close closing fd 10002
2024-07-16 12:08:18.485 T:6887 debug : ScanForExternalSubtitles: END (total time: 257 ms)
2024-07-16 12:08:18.485 T:6901 debug : Thread FileCache 2932466176 terminating
2024-07-16 12:08:18.485 T:6887 debug : CSMBFile::Close closing fd 10001
2024-07-16 12:08:18.638 T:6887 debug : LoadItemLookup: trying to extract filestream details from video file videodb://movies/titles/2907?xsp=%7b%22order%22%3a%7b%22direction%22%3a%22ascending%22%2c%22ignorefolders%22%3a0%2c%22method%22%3a%22random%22%7d%2c%22rules%22%3a%7b%22and%22%3a%5b%7b%22field%22%3a%22lastplayed%22%2c%22operator%22%3a%22notinthelast%22%2c%22value%22%3a%5b%2214%20Days%22%5d%7d%5d%7d%2c%22type%22%3a%22movies%22%7d
2024-07-16 12:08:18.639 T:6887 debug : CFileCache::Open - opening
2024-07-16 12:08:18.791 T:4466 debug : CSMBFile::Close closing fd 10000
2024-07-16 12:08:18.854 T:6887 debug : CSMBFile::Open - opened smb://USERNAME:PASSWORD@10.0.0.116/External/4K DV Blus/Batch Convert/tools/gnuplot/demo/finance.dat, fd=10001
2024-07-16 12:08:18.934 T:6887 debug : CFileCache::Open - source chunk size is 131072, setting cache chunk size to 131072
2024-07-16 12:08:18.935 T:6887 debug : CFileCache::Open - using single memory cache sized 268435456 bytes
2024-07-16 12:08:18.936 T:6904 debug : Thread FileCache start, auto delete: false
2024-07-16 12:08:19.019 T:6904 debug : CFileCache::Process - source read hit eof
2024-07-16 12:08:19.072 T:6887 debug : ffmpeg[0x46f8b98]: Format luodat detected only with low score of 1, misdetection possible!
2024-07-16 12:08:19.072 T:6887 debug : Open - probing detected format [luodat]
2024-07-16 12:08:19.072 T:6887 debug : Open - avformat_find_stream_info starting
2024-07-16 12:08:19.072 T:6887 debug : Open - av_find_stream_info finished
2024-07-16 12:08:19.072 T:6887 debug : ScanForExternalSubtitles: Searching for subtitles...
2024-07-16 12:08:19.133 T:4466 debug : CSMBFile::Open - opened smb://USERNAME:PASSWORD@10.0.0.116/External/4K DV Blus/Batch Convert/tools/AvsPmod/lib/library.zip, fd=10000
2024-07-16 12:08:19.428 T:6887 debug : ScanForExternalSubtitles: END (total time: 355 ms)
2024-07-16 12:08:19.428 T:6904 debug : Thread FileCache 2932466176 terminating
2024-07-16 12:08:19.428 T:6887 debug : CSMBFile::Close closing fd 10001
2024-07-16 12:08:19.570 T:6887 debug : LoadItemLookup: trying to extract filestream details from video file videodb://movies/titles/2602?xsp=%7b%22order%22%3a%7b%22direction%22%3a%22ascending%22%2c%22ignorefolders%22%3a0%2c%22method%22%3a%22random%22%7d%2c%22rules%22%3a%7b%22and%22%3a%5b%7b%22field%22%3a%22lastplayed%22%2c%22operator%22%3a%22notinthelast%22%2c%22value%22%3a%5b%2214%20Days%22%5d%7d%5d%7d%2c%22type%22%3a%22movies%22%7d
2024-07-16 12:08:19.571 T:6887 debug : CFileCache::Open - opening
2024-07-16 12:08:19.574 T:6887 debug : CNFSFile::Open - opened volume1/Movies/script.retroarch.launcher.Amlogic-ng.arm-v1.7.1.zip
2024-07-16 12:08:19.985 T:4499 debug : JSONRPC Server: New connection detected
2024-07-16 12:08:19.985 T:4499 info : JSONRPC Server: New connection added
2024-07-16 12:08:20.014 T:6887 debug : CFileCache::Open - source chunk size is 1, setting cache chunk size to 262144
2024-07-16 12:08:20.014 T:6887 debug : CFileCache::Open - using single memory cache sized 268435456 bytes
2024-07-16 12:08:20.014 T:6907 debug : Thread FileCache start, auto delete: false
2024-07-16 12:08:20.026 T:6907 debug : CFileCache::Process - source read hit eof
2024-07-16 12:08:20.077 T:6887 debug : ffmpeg[0x46f8b98]: Format luodat detected only with low score of 1, misdetection possible!
2024-07-16 12:08:20.077 T:6887 debug : Open - probing detected format [luodat]
2024-07-16 12:08:20.077 T:6887 debug : Open - avformat_find_stream_info starting
2024-07-16 12:08:20.077 T:6887 debug : Open - av_find_stream_info finished
2024-07-16 12:08:20.077 T:6887 debug : ScanForExternalSubtitles: Searching for subtitles...
2024-07-16 12:08:20.079 T:6887 debug : CNFSFile::Open - opened volume1/Movies/script.retroarch.launcher.Amlogic-ng.arm-v1.7.1.zip
2024-07-16 12:08:20.332 T:4321 debug : keepAlive: sending keep alive after 45s.
2024-07-16 12:08:20.625 T:6908 debug : request received for /jsonrpc
2024-07-16 12:08:21.398 T:4321 info : Skipped 6 duplicate messages..
2024-07-16 12:08:21.398 T:4321 debug : Activating window ID: 10025
2024-07-16 12:08:21.753 T:4321 debug : ------ Window Deinit (Home.xml) ------
2024-07-16 12:08:21.762 T:4321 debug : ------ Window Init (MyVideoNav.xml) ------
2024-07-16 12:08:21.762 T:4321 info : Loading skin file: MyVideoNav.xml, load type: KEEP_IN_MEMORY
2024-07-16 12:08:21.998 T:4321 debug : CDirectoryProvider[plugin://script.embuary.helper/?info=jumptoletter&showall=true&reload=]: refreshing..
2024-07-16 12:08:21.999 T:5100 debug : onExecutionDone(12, /storage/.kodi/addons/metadata.themoviedb.org.python/python/scraper.py)
2024-07-16 12:08:21.999 T:6886 debug : CScriptRunner: running add-on script Embuary Helper('plugin://script.embuary.helper/', '2', '?info=jumptoletter&showall=true&reload=')
2024-07-16 12:08:21.999 T:6912 debug : Thread LanguageInvoker start, auto delete: false
2024-07-16 12:08:21.999 T:6886 debug : [threads] name: 'LanguageInvoker' priority: '1'
2024-07-16 12:08:21.999 T:6912 debug : initializing python engine.
2024-07-16 12:08:21.999 T:6912 debug : CPythonInvoker(13, /storage/.kodi/addons/script.embuary.helper/plugin.py): start processing
2024-07-16 12:08:21.999 T:4321 debug : CGUIMediaWindow::GetDirectory (library://video/movies/directors.xml/)
2024-07-16 12:08:21.999 T:4321 debug : ParentPath = []
2024-07-16 12:08:22.035 T:5100 debug : Python interpreter stopped
2024-07-16 12:08:22.035 T:5100 info : Skipped 29 duplicate messages..
2024-07-16 12:08:22.035 T:5100 debug : Thread LanguageInvoker 3221012992 terminating
2024-07-16 12:08:22.036 T:6913 debug : Thread BackgroundLoader start, auto delete: false
2024-07-16 12:08:22.037 T:4321 debug : [threads] name: 'BackgroundLoader' priority: '1'
2024-07-16 12:08:22.053 T:6912 debug : -->Python Interpreter Initialized<--
2024-07-16 12:08:22.053 T:6912 debug :
2024-07-16 12:08:22.053 T:6912 debug : CPythonInvoker(13, /storage/.kodi/addons/script.embuary.helper/plugin.py): the source file to load is "/storage/.kodi/addons/script.embuary.helper/plugin.py"
2024-07-16 12:08:22.053 T:6912 debug : CPythonInvoker(13): full python path:
2024-07-16 12:08:22.053 T:6912 debug : CPythonInvoker(13): custom python path:
2024-07-16 12:08:22.053 T:6912 debug : CPythonInvoker(13): /storage/.kodi/addons/script.embuary.helper
2024-07-16 12:08:22.053 T:6912 debug : CPythonInvoker(13): /usr/share/kodi/addons/script.module.pil/lib
2024-07-16 12:08:22.053 T:6912 debug : CPythonInvoker(13): default python path:
2024-07-16 12:08:22.053 T:6912 debug : CPythonInvoker(13): /usr/lib/python311.zip
2024-07-16 12:08:22.053 T:6912 debug : CPythonInvoker(13): /usr/lib/python3.11
2024-07-16 12:08:22.053 T:6912 debug : CPythonInvoker(13): /usr/lib/python3.11/lib-dynload
2024-07-16 12:08:22.053 T:6912 debug : CPythonInvoker(13): /usr/lib/python3.11/site-packages
2024-07-16 12:08:22.053 T:6912 debug : CPythonInvoker(13): adding args:
2024-07-16 12:08:22.053 T:6912 debug : CPythonInvoker(13): plugin://script.embuary.helper/
2024-07-16 12:08:22.053 T:6912 debug : CPythonInvoker(13): 2
2024-07-16 12:08:22.053 T:6912 debug : CPythonInvoker(13): ?info=jumptoletter&showall=true&reload=
2024-07-16 12:08:22.053 T:6912 debug : CPythonInvoker(13): resume:false
2024-07-16 12:08:22.053 T:6912 debug : CPythonInvoker(13, /storage/.kodi/addons/script.embuary.helper/plugin.py): entering source directory /storage/.kodi/addons/script.embuary.helper
2024-07-16 12:08:22.054 T:6912 debug : CPythonInvoker(13, /storage/.kodi/addons/script.embuary.helper/plugin.py): instantiating addon using automatically obtained id of "script.embuary.helper" dependent on version 3.0.0 of the xbmc.python api
2024-07-16 12:08:22.061 T:6913 debug : Thread BackgroundLoader 2975781376 terminating
2024-07-16 12:08:22.134 T:4321 debug : CDirectoryProvider[plugin://script.embuary.helper/?info=jumptoletter&showall=true&reload=474]: refreshing..
2024-07-16 12:08:22.261 T:4466 debug : CSMBFile::Close closing fd 10000
2024-07-16 12:08:22.364 T:6912 debug : trying to load setting definitions from old format...
2024-07-16 12:08:22.378 T:6887 debug : CNFSFile::Close closing file volume1/Movies/script.retroarch.launcher.Amlogic-ng.arm-v1.7.1.zip
2024-07-16 12:08:22.379 T:6887 debug : ScanArchiveForAssociatedItems: Scanning archive archive://nfs%3a%2f%2f10.0.0.79%2fvolume1%2fMovies%2fscript.retroarch.launcher.Amlogic-ng.arm-v1.7.1.zip/script.retroarch.launcher.Amlogic-ng.arm/resources/system/scummvm/extra/wintermute.zip
2024-07-16 12:08:22.380 T:6887 debug : CZipManager::GetZipList: failed to stat file zip://archive%3a%2f%2fnfs%253a%252f%252f10.0.0.79%252fvolume1%252fMovies%252fscript.retroarch.launcher.Amlogic-ng.arm-v1.7.1.zip%2fscript.retroarch.launcher.Amlogic-ng.arm%2fresources%2fsystem%2fscummvm%2fextra%2fwintermute.zip/
2024-07-16 12:08:22.380 T:6887 error : GetDirectory - Error getting zip://archive%3a%2f%2fnfs%253a%252f%252f10.0.0.79%252fvolume1%252fMovies%252fscript.retroarch.launcher.Amlogic-ng.arm-v1.7.1.zip%2fscript.retroarch.launcher.Amlogic-ng.arm%2fresources%2fsystem%2fscummvm%2fextra%2fwintermute.zip/
2024-07-16 12:08:22.380 T:6887 debug : ScanArchiveForAssociatedItems: Scanning archive archive://nfs%3a%2f%2f10.0.0.79%2fvolume1%2fMovies%2fscript.retroarch.launcher.Amlogic-ng.arm-v1.7.1.zip/script.retroarch.launcher.Amlogic-ng.arm/resources/system/scummvm/extra/vkeybd_default.zip
2024-07-16 12:08:22.380 T:6887 debug : CZipManager::GetZipList: failed to stat file zip://archive%3a%2f%2fnfs%253a%252f%252f10.0.0.79%252fvolume1%252fMovies%252fscript.retroarch.launcher.Amlogic-ng.arm-v1.7.1.zip%2fscript.retroarch.launcher.Amlogic-ng.arm%2fresources%2fsystem%2fscummvm%2fextra%2fvkeybd_default.zip/
2024-07-16 12:08:22.380 T:6887 error : GetDirectory - Error getting zip://archive%3a%2f%2fnfs%253a%252f%252f10.0.0.79%252fvolume1%252fMovies%252fscript.retroarch.launcher.Amlogic-ng.arm-v1.7.1.zip%2fscript.retroarch.launcher.Amlogic-ng.arm%2fresources%2fsystem%2fscummvm%2fextra%2fvkeybd_default.zip/
2024-07-16 12:08:22.380 T:6887 debug : ScanArchiveForAssociatedItems: Scanning archive archive://nfs%3a%2f%2f10.0.0.79%2fvolume1%2fMovies%2fscript.retroarch.launcher.Amlogic-ng.arm-v1.7.1.zip/script.retroarch.launcher.Amlogic-ng.arm/resources/system/scummvm/extra/helpdialog.zip
2024-07-16 12:08:22.380 T:6887 debug : CZipManager::GetZipList: failed to stat file zip://archive%3a%2f%2fnfs%253a%252f%252f10.0.0.79%252fvolume1%252fMovies%252fscript.retroarch.launcher.Amlogic-ng.arm-v1.7.1.zip%2fscript.retroarch.launcher.Amlogic-ng.arm%2fresources%2fsystem%2fscummvm%2fextra%2fhelpdialog.zip/
2024-07-16 12:08:22.380 T:6887 error : GetDirectory - Error getting zip://archive%3a%2f%2fnfs%253a%252f%252f10.0.0.79%252fvolume1%252fMovies%252fscript.retroarch.launcher.Amlogic-ng.arm-v1.7.1.zip%2fscript.retroarch.launcher.Amlogic-ng.arm%2fresources%2fsystem%2fscummvm%2fextra%2fhelpdialog.zip/
2024-07-16 12:08:22.380 T:6887 debug : ScanForExternalSubtitles: END (total time: 2303 ms)
2024-07-16 12:08:22.381 T:6907 debug : Thread FileCache 2924073472 terminating
2024-07-16 12:08:22.381 T:6887 debug : CNFSFile::Close closing file volume1/Movies/script.retroarch.launcher.Amlogic-ng.arm-v1.7.1.zip
2024-07-16 12:08:22.398 T:6912 debug : CPythonInvoker(13, /storage/.kodi/addons/script.embuary.helper/plugin.py): script successfully run
2024-07-16 12:08:22.398 T:6912 debug : onExecutionDone(13, /storage/.kodi/addons/script.embuary.helper/plugin.py)
2024-07-16 12:08:22.403 T:6887 debug : CScriptRunner: running add-on script Embuary Helper('plugin://script.embuary.helper/', '3', '?info=jumptoletter&showall=true&reload=474')
2024-07-16 12:08:22.403 T:6914 debug : Thread LanguageInvoker start, auto delete: false
2024-07-16 12:08:22.404 T:6914 debug : initializing python engine.
2024-07-16 12:08:22.404 T:6914 debug : CPythonInvoker(14, /storage/.kodi/addons/script.embuary.helper/plugin.py): start processing
2024-07-16 12:08:22.404 T:6887 debug : [threads] name: 'LanguageInvoker' priority: '1'
2024-07-16 12:08:22.423 T:6912 debug : .
2024-07-16 12:08:22.475 T:6908 debug : request received for /jsonrpc
2024-07-16 12:08:22.503 T:6912 info : Skipped 1 duplicate messages..
2024-07-16 12:08:22.503 T:6912 debug : Python interpreter stopped
2024-07-16 12:08:22.503 T:6912 debug : Thread LanguageInvoker 3046101504 terminating
2024-07-16 12:08:22.544 T:6914 debug : -->Python Interpreter Initialized<--
2024-07-16 12:08:22.544 T:6914 debug :
2024-07-16 12:08:22.544 T:6914 debug : CPythonInvoker(14, /storage/.kodi/addons/script.embuary.helper/plugin.py): the source file to load is "/storage/.kodi/addons/script.embuary.helper/plugin.py"
2024-07-16 12:08:22.544 T:6914 debug : CPythonInvoker(14): full python path:
2024-07-16 12:08:22.544 T:6914 debug : CPythonInvoker(14): custom python path:
2024-07-16 12:08:22.544 T:6914 debug : CPythonInvoker(14): /storage/.kodi/addons/script.embuary.helper
2024-07-16 12:08:22.544 T:6914 debug : CPythonInvoker(14): /usr/share/kodi/addons/script.module.pil/lib
2024-07-16 12:08:22.544 T:6914 debug : CPythonInvoker(14): default python path:
2024-07-16 12:08:22.544 T:6914 debug : CPythonInvoker(14): /usr/lib/python311.zip
2024-07-16 12:08:22.544 T:6914 debug : CPythonInvoker(14): /usr/lib/python3.11
2024-07-16 12:08:22.544 T:6914 debug : CPythonInvoker(14): /usr/lib/python3.11/lib-dynload
2024-07-16 12:08:22.544 T:6914 debug : CPythonInvoker(14): /usr/lib/python3.11/site-packages
2024-07-16 12:08:22.544 T:6914 debug : CPythonInvoker(14): adding args:
2024-07-16 12:08:22.544 T:6914 debug : CPythonInvoker(14): plugin://script.embuary.helper/
2024-07-16 12:08:22.544 T:6914 debug : CPythonInvoker(14): 3
2024-07-16 12:08:22.544 T:6914 debug : CPythonInvoker(14): ?info=jumptoletter&showall=true&reload=474
2024-07-16 12:08:22.544 T:6914 debug : CPythonInvoker(14): resume:false
2024-07-16 12:08:22.545 T:6914 debug : CPythonInvoker(14, /storage/.kodi/addons/script.embuary.helper/plugin.py): entering source directory /storage/.kodi/addons/script.embuary.helper
2024-07-16 12:08:22.545 T:6914 debug : CPythonInvoker(14, /storage/.kodi/addons/script.embuary.helper/plugin.py): instantiating addon using automatically obtained id of "script.embuary.helper" dependent on version 3.0.0 of the xbmc.python api
2024-07-16 12:08:22.569 T:4466 debug : CSMBFile::Open - opened smb://USERNAME:PASSWORD@10.0.0.116/External/4K DV Blus/Batch Convert/tools/AvsPmod/lib/library.zip, fd=10000
2024-07-16 12:08:22.856 T:6914 debug : trying to load setting definitions from old format...
2024-07-16 12:08:22.884 T:6914 debug : CPythonInvoker(14, /storage/.kodi/addons/script.embuary.helper/plugin.py): script successfully run
2024-07-16 12:08:22.884 T:6914 debug : onExecutionDone(14, /storage/.kodi/addons/script.embuary.helper/plugin.py)
2024-07-16 12:08:22.905 T:6914 debug : .
2024-07-16 12:08:22.954 T:6908 debug : request received for /jsonrpc
2024-07-16 12:08:22.970 T:6914 debug : Python interpreter stopped
2024-07-16 12:08:22.970 T:6914 debug : Thread LanguageInvoker 2924073472 terminating
2024-07-16 12:08:23.559 T:6908 debug : request received for /jsonrpc
2024-07-16 12:08:24.634 T:4321 info : Skipped 4 duplicate messages..
2024-07-16 12:08:24.634 T:4321 debug : CGUIMediaWindow::GetDirectory (videodb://movies/directors/)
2024-07-16 12:08:24.634 T:4321 debug : ParentPath = [videodb://movies/directors/]
2024-07-16 12:08:24.634 T:6915 debug : Thread waiting start, auto delete: false
2024-07-16 12:08:24.680 T:6915 debug : Thread waiting 3046101504 terminating
2024-07-16 12:08:24.691 T:6916 debug : Thread BackgroundLoader start, auto delete: false
2024-07-16 12:08:24.701 T:4321 debug : [threads] name: 'BackgroundLoader' priority: '1'
2024-07-16 12:08:24.715 T:6916 debug : Thread BackgroundLoader 2975781376 terminating
2024-07-16 12:08:25.378 T:4466 debug : CSMBFile::Close closing fd 10000
2024-07-16 12:08:25.597 T:4466 debug : CSMBFile::Open - opened smb://USERNAME:PASSWORD@10.0.0.116/External/4K DV Blus/Batch Convert/tools/AvsPmod/lib/library.zip, fd=10000
2024-07-16 12:08:25.981 T:6908 debug : request received for /jsonrpc
2024-07-16 12:08:27.515 T:4321 info : Skipped 2 duplicate messages..
2024-07-16 12:08:27.515 T:4321 debug : CGUIWindowManager::PreviousWindow: Deactivate
2024-07-16 12:08:27.745 T:4466 debug : CSMBFile::Close closing fd 10000
2024-07-16 12:08:27.893 T:4466 debug : CSMBFile::Open - opened smb://USERNAME:PASSWORD@10.0.0.116/External/4K DV Blus/Batch Convert/tools/AvsPmod/lib/library.zip, fd=10001
2024-07-16 12:08:27.921 T:4321 debug : ------ Window Deinit (MyVideoNav.xml) ------
2024-07-16 12:08:27.924 T:4321 debug : CGUIWindowManager::PreviousWindow: Activate new
2024-07-16 12:08:27.924 T:4321 debug : ------ Window Init (Home.xml) ------
2024-07-16 12:08:27.928 T:4321 debug : CDirectoryProvider[special://skin/extras/playlists/RandomMovies.xsp]: refreshing..
2024-07-16 12:08:27.935 T:6922 info : Skipped 3 duplicate messages..
2024-07-16 12:08:27.934 T:6922 debug : Thread LanguageInvoker start, auto delete: false
2024-07-16 12:08:27.937 T:4321 debug : [threads] name: 'LanguageInvoker' priority: '1'
2024-07-16 12:08:27.938 T:6922 debug : initializing python engine.
2024-07-16 12:08:27.939 T:6922 debug : CPythonInvoker(15, /storage/.kodi/addons/script.skinshortcuts/resources/lib/entry_point.py): start processing
2024-07-16 12:08:27.999 T:6922 debug : -->Python Interpreter Initialized<--
2024-07-16 12:08:27.999 T:6922 debug :
2024-07-16 12:08:27.999 T:6922 debug : CPythonInvoker(15, /storage/.kodi/addons/script.skinshortcuts/resources/lib/entry_point.py): the source file to load is "/storage/.kodi/addons/script.skinshortcuts/resources/lib/entry_point.py"
2024-07-16 12:08:27.999 T:6922 debug : CPythonInvoker(15): full python path:
2024-07-16 12:08:27.999 T:6922 debug : CPythonInvoker(15): custom python path:
2024-07-16 12:08:27.999 T:6922 debug : CPythonInvoker(15): /storage/.kodi/addons/script.module.simpleeval/lib
2024-07-16 12:08:27.999 T:6922 debug : CPythonInvoker(15): /storage/.kodi/addons/script.module.unidecode/lib
2024-07-16 12:08:27.999 T:6922 debug : CPythonInvoker(15): /storage/.kodi/addons/script.skinshortcuts/resources/lib
2024-07-16 12:08:27.999 T:6922 debug : CPythonInvoker(15): default python path:
2024-07-16 12:08:27.999 T:6922 debug : CPythonInvoker(15): /usr/lib/python311.zip
2024-07-16 12:08:27.999 T:6922 debug : CPythonInvoker(15): /usr/lib/python3.11
2024-07-16 12:08:28.000 T:6922 debug : CPythonInvoker(15): /usr/lib/python3.11/lib-dynload
2024-07-16 12:08:28.000 T:6922 debug : CPythonInvoker(15): /usr/lib/python3.11/site-packages
2024-07-16 12:08:28.000 T:6922 debug : CPythonInvoker(15): adding args:
2024-07-16 12:08:28.000 T:6922 debug : CPythonInvoker(15): entry_point.py
2024-07-16 12:08:28.000 T:6922 debug : CPythonInvoker(15): type=buildxml&mainmenuID=300&group=mainmenu|x1111|x1112|x1113|x1114|x1115|x1116|x1117|x1118|x1119|powermenu&levels=6
2024-07-16 12:08:28.000 T:6922 debug : CPythonInvoker(15, /storage/.kodi/addons/script.skinshortcuts/resources/lib/entry_point.py): entering source directory /storage/.kodi/addons/script.skinshortcuts/resources/lib
2024-07-16 12:08:28.000 T:6922 debug : CPythonInvoker(15, /storage/.kodi/addons/script.skinshortcuts/resources/lib/entry_point.py): instantiating addon using automatically obtained id of "script.skinshortcuts" dependent on version 3.0.0 of the xbmc.python api
2024-07-16 12:08:28.100 T:6885 debug : LoadItemLookup: trying to extract filestream details from video file videodb://movies/titles/2902?xsp=%7b%22order%22%3a%7b%22direction%22%3a%22ascending%22%2c%22ignorefolders%22%3a0%2c%22method%22%3a%22random%22%7d%2c%22rules%22%3a%7b%22and%22%3a%5b%7b%22field%22%3a%22lastplayed%22%2c%22operator%22%3a%22notinthelast%22%2c%22value%22%3a%5b%2214%20Days%22%5d%7d%5d%7d%2c%22type%22%3a%22movies%22%7d
2024-07-16 12:08:28.124 T:6885 debug : CFileCache::Open - opening
2024-07-16 12:08:28.132 T:6886 debug : LoadItemLookup: trying to extract filestream details from video file videodb://movies/titles/2916?xsp=%7b%22order%22%3a%7b%22direction%22%3a%22ascending%22%2c%22ignorefolders%22%3a0%2c%22method%22%3a%22random%22%7d%2c%22rules%22%3a%7b%22and%22%3a%5b%7b%22field%22%3a%22lastplayed%22%2c%22operator%22%3a%22notinthelast%22%2c%22value%22%3a%5b%2214%20Days%22%5d%7d%5d%7d%2c%22type%22%3a%22movies%22%7d
2024-07-16 12:08:28.132 T:6886 debug : CFileCache::Open - opening
2024-07-16 12:08:28.209 T:6885 debug : CSMBFile::Open - opened smb://USERNAME:PASSWORD@10.0.0.116/External/4K DV Blus/Batch Convert/tools/gnuplot/demo/asciimat.dat, fd=10003
2024-07-16 12:08:28.238 T:6886 debug : CSMBFile::Open - opened smb://USERNAME:PASSWORD@10.0.0.116/External/4K DV Blus/Batch Convert/tools/gnuplot/demo/table.dat, fd=10000
2024-07-16 12:08:28.280 T:6885 debug : CFileCache::Open - source chunk size is 131072, setting cache chunk size to 131072
2024-07-16 12:08:28.280 T:6885 debug : CFileCache::Open - using single memory cache sized 268435456 bytes
2024-07-16 12:08:28.281 T:6923 debug : Thread FileCache start, auto delete: false
2024-07-16 12:08:28.321 T:6886 debug : CFileCache::Open - source chunk size is 131072, setting cache chunk size to 131072
2024-07-16 12:08:28.321 T:6886 debug : CFileCache::Open - using single memory cache sized 268435456 bytes
2024-07-16 12:08:28.323 T:6924 debug : Thread FileCache start, auto delete: false
2024-07-16 12:08:28.356 T:6923 debug : CFileCache::Process - source read hit eof
2024-07-16 12:08:28.357 T:6925 debug : Thread Timer start, auto delete: false
2024-07-16 12:08:28.361 T:6922 debug : CPythonInvoker(15, /storage/.kodi/addons/script.skinshortcuts/resources/lib/entry_point.py): script successfully run
2024-07-16 12:08:28.361 T:6922 debug : onExecutionDone(15, /storage/.kodi/addons/script.skinshortcuts/resources/lib/entry_point.py)
2024-07-16 12:08:28.361 T:6924 debug : CFileCache::Process - source read hit eof
2024-07-16 12:08:28.371 T:6925 debug : Thread Timer 3792835072 terminating
2024-07-16 12:08:28.372 T:6926 debug : Thread Timer start, auto delete: false
2024-07-16 12:08:28.406 T:6885 debug : ffmpeg[0xb3fcc110]: Format luodat detected only with low score of 1, misdetection possible!
2024-07-16 12:08:28.407 T:6885 debug : Open - probing detected format [luodat]
2024-07-16 12:08:28.407 T:6885 debug : Open - avformat_find_stream_info starting
2024-07-16 12:08:28.407 T:6885 debug : Open - av_find_stream_info finished
2024-07-16 12:08:28.407 T:6885 debug : ScanForExternalSubtitles: Searching for subtitles...
2024-07-16 12:08:28.411 T:6886 debug : ffmpeg[0xc14c5e50]: Format luodat detected only with low score of 1, misdetection possible!
2024-07-16 12:08:28.411 T:6886 debug : Open - probing detected format [luodat]
2024-07-16 12:08:28.411 T:6886 debug : Open - avformat_find_stream_info starting
2024-07-16 12:08:28.411 T:6886 debug : Open - av_find_stream_info finished
2024-07-16 12:08:28.412 T:6886 debug : ScanForExternalSubtitles: Searching for subtitles...
2024-07-16 12:08:28.425 T:6922 debug : Python interpreter stopped
2024-07-16 12:08:28.425 T:6922 debug : Thread LanguageInvoker 2924073472 terminating
2024-07-16 12:08:28.625 T:6886 debug : ScanForExternalSubtitles: END (total time: 213 ms)
2024-07-16 12:08:28.625 T:6924 debug : Thread FileCache 3221012992 terminating
2024-07-16 12:08:28.626 T:6886 debug : CSMBFile::Close closing fd 10000
2024-07-16 12:08:28.626 T:6885 debug : ScanForExternalSubtitles: END (total time: 219 ms)
2024-07-16 12:08:28.626 T:6923 debug : Thread FileCache 3046101504 terminating
2024-07-16 12:08:28.627 T:6885 debug : CSMBFile::Close closing fd 10003
2024-07-16 12:08:28.742 T:6908 debug : request received for /jsonrpc
2024-07-16 12:08:28.744 T:6886 info : Skipped 1 duplicate messages..
2024-07-16 12:08:28.744 T:6886 debug : LoadItemLookup: trying to extract filestream details from video file videodb://movies/titles/2596?xsp=%7b%22order%22%3a%7b%22direction%22%3a%22ascending%22%2c%22ignorefolders%22%3a0%2c%22method%22%3a%22random%22%7d%2c%22rules%22%3a%7b%22and%22%3a%5b%7b%22field%22%3a%22lastplayed%22%2c%22operator%22%3a%22notinthelast%22%2c%22value%22%3a%5b%2214%20Days%22%5d%7d%5d%7d%2c%22type%22%3a%22movies%22%7d
2024-07-16 12:08:28.745 T:6886 debug : CFileCache::Open - opening
2024-07-16 12:08:28.752 T:6886 debug : CNFSFile::Open - opened volume1/Movies/script.retroarch.launcher.Amlogic-ng.arm-v1.7.1.zip
2024-07-16 12:08:28.762 T:6885 debug : LoadItemLookup: trying to extract filestream details from video file videodb://movies/titles/2920?xsp=%7b%22order%22%3a%7b%22direction%22%3a%22ascending%22%2c%22ignorefolders%22%3a0%2c%22method%22%3a%22random%22%7d%2c%22rules%22%3a%7b%22and%22%3a%5b%7b%22field%22%3a%22lastplayed%22%2c%22operator%22%3a%22notinthelast%22%2c%22value%22%3a%5b%2214%20Days%22%5d%7d%5d%7d%2c%22type%22%3a%22movies%22%7d
2024-07-16 12:08:28.762 T:6885 debug : CFileCache::Open - opening
2024-07-16 12:08:28.886 T:6926 debug : Thread Timer 3792835072 terminating
2024-07-16 12:08:28.887 T:6885 debug : CSMBFile::Open - opened smb://USERNAME:PASSWORD@10.0.0.116/External/4K DV Blus/Batch Convert/tools/gnuplot/demo/whale.dat, fd=10000
2024-07-16 12:08:28.935 T:6885 debug : CFileCache::Open - source chunk size is 131072, setting cache chunk size to 131072
2024-07-16 12:08:28.935 T:6885 debug : CFileCache::Open - using single memory cache sized 268435456 bytes
2024-07-16 12:08:28.936 T:6927 debug : Thread FileCache start, auto delete: false
2024-07-16 12:08:28.949 T:6908 debug : request received for /jsonrpc
2024-07-16 12:08:29.011 T:6927 info : Skipped 2 duplicate messages..
2024-07-16 12:08:29.010 T:6927 debug : CFileCache::Process - source read hit eof
2024-07-16 12:08:29.055 T:6885 debug : ffmpeg[0xb3fcc110]: Format luodat detected only with low score of 1, misdetection possible!
2024-07-16 12:08:29.055 T:6885 debug : Open - probing detected format [luodat]
2024-07-16 12:08:29.055 T:6885 debug : Open - avformat_find_stream_info starting
2024-07-16 12:08:29.056 T:6885 debug : Open - av_find_stream_info finished
2024-07-16 12:08:29.056 T:6885 debug : ScanForExternalSubtitles: Searching for subtitles...
2024-07-16 12:08:29.287 T:6885 debug : ScanForExternalSubtitles: END (total time: 231 ms)
2024-07-16 12:08:29.287 T:6927 debug : Thread FileCache 3046101504 terminating
2024-07-16 12:08:29.287 T:6885 debug : CSMBFile::Close closing fd 10000
2024-07-16 12:08:29.374 T:6885 debug : LoadItemLookup: trying to extract filestream details from video file videodb://movies/titles/2618?xsp=%7b%22order%22%3a%7b%22direction%22%3a%22ascending%22%2c%22ignorefolders%22%3a0%2c%22method%22%3a%22random%22%7d%2c%22rules%22%3a%7b%22and%22%3a%5b%7b%22field%22%3a%22lastplayed%22%2c%22operator%22%3a%22notinthelast%22%2c%22value%22%3a%5b%2214%20Days%22%5d%7d%5d%7d%2c%22type%22%3a%22movies%22%7d
2024-07-16 12:08:29.375 T:6885 debug : CFileCache::Open - opening
2024-07-16 12:08:29.396 T:6908 debug : request received for /jsonrpc
2024-07-16 12:08:29.545 T:6885 info : Skipped 1 duplicate messages..
