2024-07-16 12:08:29.545 T:6885 debug : CNFSFile::Open - opened volume1/Movies/script.retroarch.launcher.Amlogic-ng.arm-v1.7.1.zip
2024-07-16 12:08:30.124 T:4466 debug : CSMBFile::Close closing fd 10001
2024-07-16 12:08:30.168 T:6886 debug : CFileCache::Open - source chunk size is 1, setting cache chunk size to 262144
2024-07-16 12:08:30.168 T:6886 debug : CFileCache::Open - using single memory cache sized 268435456 bytes
2024-07-16 12:08:30.169 T:6929 debug : Thread FileCache start, auto delete: false
2024-07-16 12:08:30.273 T:6929 debug : CFileCache::Process - source read hit eof
2024-07-16 12:08:30.290 T:4466 debug : CSMBFile::Open - opened smb://USERNAME:PASSWORD@10.0.0.116/External/4K DV Blus/Batch Convert/tools/AvsPmod/lib/library.zip, fd=10001
2024-07-16 12:08:30.339 T:6885 debug : CFileCache::Open - source chunk size is 1, setting cache chunk size to 262144
2024-07-16 12:08:30.339 T:6885 debug : CFileCache::Open - using single memory cache sized 268435456 bytes
2024-07-16 12:08:30.340 T:6930 debug : Thread FileCache start, auto delete: false
2024-07-16 12:08:30.375 T:6886 debug : ffmpeg[0xc14c5e50]: Format luodat detected only with low score of 1, misdetection possible!
2024-07-16 12:08:30.375 T:6886 debug : Open - probing detected format [luodat]
2024-07-16 12:08:30.375 T:6886 debug : Open - avformat_find_stream_info starting
2024-07-16 12:08:30.375 T:6886 debug : Open - av_find_stream_info finished
2024-07-16 12:08:30.375 T:6886 debug : ScanForExternalSubtitles: Searching for subtitles...
2024-07-16 12:08:30.383 T:6886 debug : CNFSFile::Open - opened volume1/Movies/script.retroarch.launcher.Amlogic-ng.arm-v1.7.1.zip
2024-07-16 12:08:30.494 T:6885 debug : ffmpeg[0xb3fcc110]: Format luodat detected only with low score of 1, misdetection possible!
2024-07-16 12:08:30.495 T:6885 debug : Open - probing detected format [luodat]
2024-07-16 12:08:30.495 T:6885 debug : Open - avformat_find_stream_info starting
2024-07-16 12:08:30.495 T:6885 debug : Open - av_find_stream_info finished
2024-07-16 12:08:30.495 T:6885 debug : ScanForExternalSubtitles: Searching for subtitles...
2024-07-16 12:08:30.509 T:6885 debug : CNFSFile::Open - opened volume1/Movies/script.retroarch.launcher.Amlogic-ng.arm-v1.7.1.zip
2024-07-16 12:08:31.987 T:6908 debug : request received for /jsonrpc
2024-07-16 12:08:32.511 T:4466 debug : CSMBFile::Close closing fd 10001
2024-07-16 12:08:32.609 T:4466 debug : CSMBFile::Open - opened smb://USERNAME:PASSWORD@10.0.0.116/External/4K DV Blus/Batch Convert/tools/AvsPmod/lib/library.zip, fd=10001
2024-07-16 12:08:33.066 T:6886 debug : CNFSFile::Close closing file volume1/Movies/script.retroarch.launcher.Amlogic-ng.arm-v1.7.1.zip
2024-07-16 12:08:33.086 T:6886 debug : ScanForExternalSubtitles: END (total time: 2710 ms)
2024-07-16 12:08:33.086 T:6929 debug : Thread FileCache 3046101504 terminating
2024-07-16 12:08:33.094 T:6886 debug : CNFSFile::Close closing file volume1/Movies/script.retroarch.launcher.Amlogic-ng.arm-v1.7.1.zip
2024-07-16 12:08:33.116 T:6886 debug : LoadItemLookup: trying to extract filestream details from video file videodb://movies/titles/2597?xsp=%7b%22order%22%3a%7b%22direction%22%3a%22ascending%22%2c%22ignorefolders%22%3a0%2c%22method%22%3a%22random%22%7d%2c%22rules%22%3a%7b%22and%22%3a%5b%7b%22field%22%3a%22lastplayed%22%2c%22operator%22%3a%22notinthelast%22%2c%22value%22%3a%5b%2214%20Days%22%5d%7d%5d%7d%2c%22type%22%3a%22movies%22%7d
2024-07-16 12:08:33.125 T:6886 debug : CNFSFile::Open - opened volume1/Movies/script.retroarch.launcher.Amlogic-ng.arm-v1.7.1.zip
2024-07-16 12:08:33.300 T:6885 debug : CNFSFile::Close closing file volume1/Movies/script.retroarch.launcher.Amlogic-ng.arm-v1.7.1.zip
2024-07-16 12:08:33.313 T:6885 debug : ScanArchiveForAssociatedItems: Scanning archive archive://nfs%3a%2f%2f10.0.0.79%2fvolume1%2fMovies%2fscript.retroarch.launcher.Amlogic-ng.arm-v1.7.1.zip/script.retroarch.launcher.Amlogic-ng.arm/resources/system/scummvm/extra/wintermute.zip
2024-07-16 12:08:33.315 T:6885 debug : CZipManager::GetZipList: failed to stat file zip://archive%3a%2f%2fnfs%253a%252f%252f10.0.0.79%252fvolume1%252fMovies%252fscript.retroarch.launcher.Amlogic-ng.arm-v1.7.1.zip%2fscript.retroarch.launcher.Amlogic-ng.arm%2fresources%2fsystem%2fscummvm%2fextra%2fwintermute.zip/
2024-07-16 12:08:33.315 T:6885 error : GetDirectory - Error getting zip://archive%3a%2f%2fnfs%253a%252f%252f10.0.0.79%252fvolume1%252fMovies%252fscript.retroarch.launcher.Amlogic-ng.arm-v1.7.1.zip%2fscript.retroarch.launcher.Amlogic-ng.arm%2fresources%2fsystem%2fscummvm%2fextra%2fwintermute.zip/
2024-07-16 12:08:33.315 T:6885 debug : ScanArchiveForAssociatedItems: Scanning archive archive://nfs%3a%2f%2f10.0.0.79%2fvolume1%2fMovies%2fscript.retroarch.launcher.Amlogic-ng.arm-v1.7.1.zip/script.retroarch.launcher.Amlogic-ng.arm/resources/system/scummvm/extra/vkeybd_default.zip
2024-07-16 12:08:33.316 T:6885 debug : CZipManager::GetZipList: failed to stat file zip://archive%3a%2f%2fnfs%253a%252f%252f10.0.0.79%252fvolume1%252fMovies%252fscript.retroarch.launcher.Amlogic-ng.arm-v1.7.1.zip%2fscript.retroarch.launcher.Amlogic-ng.arm%2fresources%2fsystem%2fscummvm%2fextra%2fvkeybd_default.zip/
2024-07-16 12:08:33.316 T:6885 error : GetDirectory - Error getting zip://archive%3a%2f%2fnfs%253a%252f%252f10.0.0.79%252fvolume1%252fMovies%252fscript.retroarch.launcher.Amlogic-ng.arm-v1.7.1.zip%2fscript.retroarch.launcher.Amlogic-ng.arm%2fresources%2fsystem%2fscummvm%2fextra%2fvkeybd_default.zip/
2024-07-16 12:08:33.316 T:6885 debug : ScanArchiveForAssociatedItems: Scanning archive archive://nfs%3a%2f%2f10.0.0.79%2fvolume1%2fMovies%2fscript.retroarch.launcher.Amlogic-ng.arm-v1.7.1.zip/script.retroarch.launcher.Amlogic-ng.arm/resources/system/scummvm/extra/helpdialog.zip
2024-07-16 12:08:33.317 T:6885 debug : CZipManager::GetZipList: failed to stat file zip://archive%3a%2f%2fnfs%253a%252f%252f10.0.0.79%252fvolume1%252fMovies%252fscript.retroarch.launcher.Amlogic-ng.arm-v1.7.1.zip%2fscript.retroarch.launcher.Amlogic-ng.arm%2fresources%2fsystem%2fscummvm%2fextra%2fhelpdialog.zip/
2024-07-16 12:08:33.317 T:6885 error : GetDirectory - Error getting zip://archive%3a%2f%2fnfs%253a%252f%252f10.0.0.79%252fvolume1%252fMovies%252fscript.retroarch.launcher.Amlogic-ng.arm-v1.7.1.zip%2fscript.retroarch.launcher.Amlogic-ng.arm%2fresources%2fsystem%2fscummvm%2fextra%2fhelpdialog.zip/
2024-07-16 12:08:33.317 T:6885 debug : ScanForExternalSubtitles: END (total time: 2822 ms)
2024-07-16 12:08:33.511 T:6908 debug : request received for /jsonrpc
2024-07-16 12:08:33.519 T:6930 debug : Thread FileCache 2992566784 terminating
2024-07-16 12:08:33.524 T:6885 debug : CNFSFile::Close closing file volume1/Movies/script.retroarch.launcher.Amlogic-ng.arm-v1.7.1.zip
2024-07-16 12:08:33.537 T:6885 debug : LoadItemLookup: trying to extract filestream details from video file videodb://movies/titles/902?xsp=%7b%22order%22%3a%7b%22direction%22%3a%22ascending%22%2c%22ignorefolders%22%3a0%2c%22method%22%3a%22random%22%7d%2c%22rules%22%3a%7b%22and%22%3a%5b%7b%22field%22%3a%22lastplayed%22%2c%22operator%22%3a%22notinthelast%22%2c%22value%22%3a%5b%2214%20Days%22%5d%7d%5d%7d%2c%22type%22%3a%22movies%22%7d
2024-07-16 12:08:33.541 T:4321 debug : CBlurayCallback::Logger - bluray.c:1463: libbluray version 1.3.4
2024-07-16 12:08:33.541 T:4321 debug : CBlurayCallback::Logger - bluray.c:1488: BLURAY initialized!
2024-07-16 12:08:33.541 T:4321 debug : CBlurayCallback::Logger - register.c:420: bd_psr_write(): PSR18 (MENU_LANG) 0xffffff -> 0x656e67
2024-07-16 12:08:33.541 T:4321 debug : CBlurayCallback::Logger - disc.c:333: failed opening UDF image (null)
2024-07-16 12:08:33.541 T:4321 debug : CBlurayCallback::Logger - aacs.c:79: AACS/Unit_Key_RO.inf found. Disc seems to be AACS protected.
2024-07-16 12:08:33.541 T:4321 debug : CBlurayCallback::Logger - bdplus.c:83: BDSVM/00000.svm found. Disc seems to be BD+ protected.
2024-07-16 12:08:33.542 T:4321 debug : CBlurayCallback::Logger - bdplus.c:119: Using libbdplus for BD+
2024-07-16 12:08:33.542 T:4321 debug : CBlurayCallback::Logger - bdplus.c:150: Loading libbdplus (0x531d2f0)
2024-07-16 12:08:33.542 T:4321 debug : CBlurayCallback::Logger - bdplus.c:171: Loaded libbdplus (0x531d2f0)
2024-07-16 12:08:33.542 T:4321 debug : CBlurayCallback::Logger - aacs.c:115: Using libaacs for AACS
2024-07-16 12:08:33.542 T:4321 debug : CBlurayCallback::Logger - aacs.c:139: Loading aacs library (0x487d408)
2024-07-16 12:08:33.542 T:4321 debug : CBlurayCallback::Logger - aacs.c:150: Loaded libaacs (0x487d408)
2024-07-16 12:08:33.678 T:6885 debug : LoadItemLookup: trying to extract filestream details from video file videodb://movies/titles/2611?xsp=%7b%22order%22%3a%7b%22direction%22%3a%22ascending%22%2c%22ignorefolders%22%3a0%2c%22method%22%3a%22random%22%7d%2c%22rules%22%3a%7b%22and%22%3a%5b%7b%22field%22%3a%22lastplayed%22%2c%22operator%22%3a%22notinthelast%22%2c%22value%22%3a%5b%2214%20Days%22%5d%7d%5d%7d%2c%22type%22%3a%22movies%22%7d
2024-07-16 12:08:33.678 T:6885 debug : CFileCache::Open - opening
2024-07-16 12:08:33.685 T:6885 debug : CNFSFile::Open - opened volume1/Movies/script.retroarch.launcher.Amlogic-ng.arm-v1.7.1.zip
2024-07-16 12:08:34.196 T:6885 debug : CFileCache::Open - source chunk size is 1, setting cache chunk size to 262144
2024-07-16 12:08:34.196 T:6885 debug : CFileCache::Open - using single memory cache sized 268435456 bytes
2024-07-16 12:08:34.197 T:6936 debug : Thread FileCache start, auto delete: false
2024-07-16 12:08:34.198 T:6936 debug : CFileCache::Process - source read hit eof
2024-07-16 12:08:34.221 T:6885 debug : ffmpeg[0xb3fcc110]: Format luodat detected only with low score of 1, misdetection possible!
2024-07-16 12:08:34.221 T:6885 debug : Open - probing detected format [luodat]
2024-07-16 12:08:34.221 T:6885 debug : Open - avformat_find_stream_info starting
2024-07-16 12:08:34.221 T:6885 debug : Open - av_find_stream_info finished
2024-07-16 12:08:34.222 T:6885 debug : ScanForExternalSubtitles: Searching for subtitles...
2024-07-16 12:08:34.229 T:6885 debug : CNFSFile::Open - opened volume1/Movies/script.retroarch.launcher.Amlogic-ng.arm-v1.7.1.zip
2024-07-16 12:08:34.320 T:6886 error : Open - error probing input format, archive://nfs%3a%2f%2f10.0.0.79%2fvolume1%2fMovies%2fscript.retroarch.launcher.Amlogic-ng.arm-v1.7.1.zip/script.retroarch.launcher.Amlogic-ng.arm/resources/system/mame2003-plus/artwork/frogs.zip
2024-07-16 12:08:34.321 T:6886 debug : CNFSFile::Close closing file volume1/Movies/script.retroarch.launcher.Amlogic-ng.arm-v1.7.1.zip
2024-07-16 12:08:34.458 T:4321 debug : CBlurayCallback::Logger - aacs.c:121: No usable AACS libraries found!
2024-07-16 12:08:34.458 T:4321 debug : CBlurayCallback::Logger - dec.c:197: aacs_open() failed: -6!
2024-07-16 12:08:34.460 T:6886 debug : LoadItemLookup: trying to extract filestream details from video file videodb://movies/titles/2612?xsp=%7b%22order%22%3a%7b%22direction%22%3a%22ascending%22%2c%22ignorefolders%22%3a0%2c%22method%22%3a%22random%22%7d%2c%22rules%22%3a%7b%22and%22%3a%5b%7b%22field%22%3a%22lastplayed%22%2c%22operator%22%3a%22notinthelast%22%2c%22value%22%3a%5b%2214%20Days%22%5d%7d%5d%7d%2c%22type%22%3a%22movies%22%7d
2024-07-16 12:08:34.460 T:6886 debug : CFileCache::Open - opening
2024-07-16 12:08:34.460 T:4321 debug : CBlurayCallback - Opening dir /var/media/War for the Planet o/BDMV/META/DL
2024-07-16 12:08:34.461 T:4321 debug : CBlurayCallback - Closed dir (0x48bb2e0)
2024-07-16 12:08:34.461 T:4321 debug : CBlurayCallback - Opening dir /var/media/War for the Planet o/BDMV/META/TN
2024-07-16 12:08:34.461 T:4321 debug : CBlurayCallback - Closed dir (0x48bb2e0)
2024-07-16 12:08:34.461 T:4321 debug : CBlurayCallback::Logger - bluray.c:1610: BLURAY destroyed!
2024-07-16 12:08:34.461 T:4321 debug : GetDiskUniqueId: Got ID removable://War for the Planet of the Apes_0b8333b67e20163a9ebdcb1ebae7e7c32a07858a for disc with path /var/media/War for the Planet o
2024-07-16 12:08:34.463 T:4466 debug : CSMBFile::Close closing fd 10001
2024-07-16 12:08:34.465 T:6886 debug : CNFSFile::Open - opened volume1/Movies/script.retroarch.launcher.Amlogic-ng.arm-v1.7.1.zip
2024-07-16 12:08:34.470 T:4321 debug : CPlayerCoreFactory::GetPlayers(/var/media/War for the Planet o/BDMV/index.bdmv)
2024-07-16 12:08:34.470 T:4321 debug : CPlayerSelectionRule::GetPlayers: considering rule: system rules
2024-07-16 12:08:34.470 T:4321 debug : CPlayerSelectionRule::GetPlayers: matches rule: system rules
2024-07-16 12:08:34.470 T:4321 debug : CPlayerSelectionRule::GetPlayers: considering rule: mms/udp
2024-07-16 12:08:34.470 T:4321 debug : CPlayerSelectionRule::GetPlayers: considering rule: lastfm/shout
2024-07-16 12:08:34.470 T:4321 debug : CPlayerSelectionRule::GetPlayers: considering rule: rtmp
2024-07-16 12:08:34.470 T:4321 debug : CPlayerSelectionRule::GetPlayers: considering rule: rtsp
2024-07-16 12:08:34.470 T:4321 debug : CPlayerSelectionRule::GetPlayers: considering rule: streams
2024-07-16 12:08:34.470 T:4321 debug : CPlayerSelectionRule::GetPlayers: considering rule: dvd
2024-07-16 12:08:34.470 T:4321 debug : CPlayerSelectionRule::GetPlayers: considering rule: discimage
2024-07-16 12:08:34.470 T:4321 debug : CPlayerSelectionRule::GetPlayers: considering rule: sdp/asf
2024-07-16 12:08:34.470 T:4321 debug : CPlayerSelectionRule::GetPlayers: considering rule: nsv
2024-07-16 12:08:34.470 T:4321 debug : CPlayerSelectionRule::GetPlayers: considering rule: radio
2024-07-16 12:08:34.470 T:4321 debug : CPlayerCoreFactory::GetPlayers: matched 0 rules with players
2024-07-16 12:08:34.470 T:4321 debug : CPlayerCoreFactory::GetPlayers: adding videodefaultplayer (VideoPlayer)
2024-07-16 12:08:34.470 T:4321 debug : CPlayerCoreFactory::GetPlayers: for video=true, audio=false
2024-07-16 12:08:34.470 T:4321 debug : CPlayerCoreFactory::GetPlayers: for video=true, audio=true
2024-07-16 12:08:34.470 T:4321 debug : CPlayerCoreFactory::GetPlayers: added 1 players
2024-07-16 12:08:34.470 T:6937 debug : Thread waiting start, auto delete: false
2024-07-16 12:08:34.471 T:6937 debug : CBlurayCallback::Logger - bluray.c:1463: libbluray version 1.3.4
2024-07-16 12:08:34.471 T:6937 debug : CBlurayCallback::Logger - bluray.c:1488: BLURAY initialized!
2024-07-16 12:08:34.471 T:6937 debug : CBlurayCallback::Logger - register.c:420: bd_psr_write(): PSR18 (MENU_LANG) 0xffffff -> 0x656e67
2024-07-16 12:08:34.471 T:6937 debug : CBlurayCallback::Logger - disc.c:333: failed opening UDF image (null)
2024-07-16 12:08:34.471 T:6937 debug : CBlurayCallback::Logger - aacs.c:79: AACS/Unit_Key_RO.inf found. Disc seems to be AACS protected.
2024-07-16 12:08:34.471 T:6937 debug : CBlurayCallback::Logger - bdplus.c:83: BDSVM/00000.svm found. Disc seems to be BD+ protected.
2024-07-16 12:08:34.472 T:6937 debug : CBlurayCallback::Logger - bdplus.c:119: Using libbdplus for BD+
2024-07-16 12:08:34.472 T:6937 debug : CBlurayCallback::Logger - bdplus.c:150: Loading libbdplus (0xbe87b1b0)
2024-07-16 12:08:34.472 T:6937 debug : CBlurayCallback::Logger - bdplus.c:171: Loaded libbdplus (0xbe87b1b0)
2024-07-16 12:08:34.474 T:6937 debug : CBlurayCallback::Logger - aacs.c:115: Using libaacs for AACS
2024-07-16 12:08:34.474 T:6937 debug : CBlurayCallback::Logger - aacs.c:139: Loading aacs library (0xbe86e200)
2024-07-16 12:08:34.474 T:6937 debug : CBlurayCallback::Logger - aacs.c:150: Loaded libaacs (0xbe86e200)
2024-07-16 12:08:34.570 T:4321 debug : ------ Window Init (DialogBusy.xml) ------
2024-07-16 12:08:34.756 T:4466 debug : CSMBFile::Open - opened smb://USERNAME:PASSWORD@10.0.0.116/External/4K DV Blus/Batch Convert/tools/AvsPmod/lib/library.zip, fd=10001
2024-07-16 12:08:34.773 T:6886 debug : CFileCache::Open - source chunk size is 1, setting cache chunk size to 262144
2024-07-16 12:08:34.773 T:6886 debug : CFileCache::Open - using single memory cache sized 268435456 bytes
2024-07-16 12:08:34.774 T:6938 debug : Thread FileCache start, auto delete: false
2024-07-16 12:08:34.776 T:6938 debug : CFileCache::Process - source read hit eof
2024-07-16 12:08:34.825 T:6886 debug : ffmpeg[0xc14c5e50]: Format luodat detected only with low score of 1, misdetection possible!
2024-07-16 12:08:34.825 T:6886 debug : Open - probing detected format [luodat]
2024-07-16 12:08:34.825 T:6886 debug : Open - avformat_find_stream_info starting
2024-07-16 12:08:34.825 T:6886 debug : Open - av_find_stream_info finished
2024-07-16 12:08:34.826 T:6886 debug : ScanForExternalSubtitles: Searching for subtitles...
2024-07-16 12:08:34.837 T:6886 debug : CNFSFile::Open - opened volume1/Movies/script.retroarch.launcher.Amlogic-ng.arm-v1.7.1.zip
2024-07-16 12:08:34.958 T:6908 debug : request received for /jsonrpc
2024-07-16 12:08:35.389 T:6937 debug : CBlurayCallback::Logger - aacs.c:121: No usable AACS libraries found!
2024-07-16 12:08:35.389 T:6937 debug : CBlurayCallback::Logger - dec.c:197: aacs_open() failed: -6!
2024-07-16 12:08:35.392 T:6937 debug : CBlurayCallback - Opening dir /var/media/War for the Planet o/BDMV/META/DL
2024-07-16 12:08:35.393 T:6937 debug : CBlurayCallback - Closed dir (0xbe81f560)
2024-07-16 12:08:35.393 T:6937 debug : CBlurayCallback - Opening dir /var/media/War for the Planet o/BDMV/META/TN
2024-07-16 12:08:35.393 T:6937 debug : CBlurayCallback - Closed dir (0xbe81f560)
2024-07-16 12:08:35.393 T:6937 debug : CBlurayCallback - Opening dir /var/media/War for the Planet o/BDMV/PLAYLIST
2024-07-16 12:08:35.401 T:6937 debug : CBlurayCallback::Logger - navigation.c:341: main title (00800.mpls,00650.mpls): chapter count difference -28
2024-07-16 12:08:35.402 T:6937 debug : CBlurayCallback - Closed dir (0xb69fc800)
2024-07-16 12:08:35.414 T:6937 debug : CBlurayCallback::Logger - bluray.c:1610: BLURAY destroyed!
2024-07-16 12:08:35.414 T:6937 debug : Thread waiting 3046101504 terminating
2024-07-16 12:08:35.415 T:4321 debug : ------ Window Deinit (DialogBusy.xml) ------
2024-07-16 12:08:35.415 T:4321 debug : ------ Window Init (DialogSelect.xml) ------
2024-07-16 12:08:35.913 T:6885 debug : CNFSFile::Close closing file volume1/Movies/script.retroarch.launcher.Amlogic-ng.arm-v1.7.1.zip
2024-07-16 12:08:35.920 T:6885 debug : ScanArchiveForAssociatedItems: Scanning archive archive://nfs%3a%2f%2f10.0.0.79%2fvolume1%2fMovies%2fscript.retroarch.launcher.Amlogic-ng.arm-v1.7.1.zip/script.retroarch.launcher.Amlogic-ng.arm/resources/system/scummvm/extra/wintermute.zip
2024-07-16 12:08:35.920 T:6885 debug : CZipManager::GetZipList: failed to stat file zip://archive%3a%2f%2fnfs%253a%252f%252f10.0.0.79%252fvolume1%252fMovies%252fscript.retroarch.launcher.Amlogic-ng.arm-v1.7.1.zip%2fscript.retroarch.launcher.Amlogic-ng.arm%2fresources%2fsystem%2fscummvm%2fextra%2fwintermute.zip/
2024-07-16 12:08:35.920 T:6885 error : GetDirectory - Error getting zip://archive%3a%2f%2fnfs%253a%252f%252f10.0.0.79%252fvolume1%252fMovies%252fscript.retroarch.launcher.Amlogic-ng.arm-v1.7.1.zip%2fscript.retroarch.launcher.Amlogic-ng.arm%2fresources%2fsystem%2fscummvm%2fextra%2fwintermute.zip/
2024-07-16 12:08:35.920 T:6885 debug : ScanArchiveForAssociatedItems: Scanning archive archive://nfs%3a%2f%2f10.0.0.79%2fvolume1%2fMovies%2fscript.retroarch.launcher.Amlogic-ng.arm-v1.7.1.zip/script.retroarch.launcher.Amlogic-ng.arm/resources/system/scummvm/extra/vkeybd_default.zip
2024-07-16 12:08:35.920 T:6885 debug : CZipManager::GetZipList: failed to stat file zip://archive%3a%2f%2fnfs%253a%252f%252f10.0.0.79%252fvolume1%252fMovies%252fscript.retroarch.launcher.Amlogic-ng.arm-v1.7.1.zip%2fscript.retroarch.launcher.Amlogic-ng.arm%2fresources%2fsystem%2fscummvm%2fextra%2fvkeybd_default.zip/
2024-07-16 12:08:35.920 T:6885 error : GetDirectory - Error getting zip://archive%3a%2f%2fnfs%253a%252f%252f10.0.0.79%252fvolume1%252fMovies%252fscript.retroarch.launcher.Amlogic-ng.arm-v1.7.1.zip%2fscript.retroarch.launcher.Amlogic-ng.arm%2fresources%2fsystem%2fscummvm%2fextra%2fvkeybd_default.zip/
2024-07-16 12:08:35.920 T:6885 debug : ScanArchiveForAssociatedItems: Scanning archive archive://nfs%3a%2f%2f10.0.0.79%2fvolume1%2fMovies%2fscript.retroarch.launcher.Amlogic-ng.arm-v1.7.1.zip/script.retroarch.launcher.Amlogic-ng.arm/resources/system/scummvm/extra/helpdialog.zip
2024-07-16 12:08:35.921 T:6885 debug : CZipManager::GetZipList: failed to stat file zip://archive%3a%2f%2fnfs%253a%252f%252f10.0.0.79%252fvolume1%252fMovies%252fscript.retroarch.launcher.Amlogic-ng.arm-v1.7.1.zip%2fscript.retroarch.launcher.Amlogic-ng.arm%2fresources%2fsystem%2fscummvm%2fextra%2fhelpdialog.zip/
2024-07-16 12:08:35.921 T:6885 error : GetDirectory - Error getting zip://archive%3a%2f%2fnfs%253a%252f%252f10.0.0.79%252fvolume1%252fMovies%252fscript.retroarch.launcher.Amlogic-ng.arm-v1.7.1.zip%2fscript.retroarch.launcher.Amlogic-ng.arm%2fresources%2fsystem%2fscummvm%2fextra%2fhelpdialog.zip/
2024-07-16 12:08:35.921 T:6885 debug : ScanForExternalSubtitles: END (total time: 1699 ms)
2024-07-16 12:08:35.921 T:6936 debug : Thread FileCache 2992566784 terminating
2024-07-16 12:08:35.921 T:6885 debug : CNFSFile::Close closing file volume1/Movies/script.retroarch.launcher.Amlogic-ng.arm-v1.7.1.zip
2024-07-16 12:08:35.945 T:6885 debug : LoadItemLookup: trying to extract filestream details from video file videodb://movies/titles/2918?xsp=%7b%22order%22%3a%7b%22direction%22%3a%22ascending%22%2c%22ignorefolders%22%3a0%2c%22method%22%3a%22random%22%7d%2c%22rules%22%3a%7b%22and%22%3a%5b%7b%22field%22%3a%22lastplayed%22%2c%22operator%22%3a%22notinthelast%22%2c%22value%22%3a%5b%2214%20Days%22%5d%7d%5d%7d%2c%22type%22%3a%22movies%22%7d
2024-07-16 12:08:35.946 T:6885 debug : CFileCache::Open - opening
2024-07-16 12:08:36.126 T:6885 debug : CSMBFile::Open - opened smb://USERNAME:PASSWORD@10.0.0.116/External/4K DV Blus/Batch Convert/tools/gnuplot/demo/using.bin, fd=10000
2024-07-16 12:08:36.200 T:6885 debug : CFileCache::Open - source chunk size is 131072, setting cache chunk size to 131072
2024-07-16 12:08:36.200 T:6885 debug : CFileCache::Open - using single memory cache sized 268435456 bytes
2024-07-16 12:08:36.202 T:6939 debug : Thread FileCache start, auto delete: false
2024-07-16 12:08:36.243 T:6939 debug : CFileCache::Process - source read hit eof
2024-07-16 12:08:36.294 T:6885 error : Open - error probing input format, smb://10.0.0.116/External/4K DV Blus/Batch Convert/tools/gnuplot/demo/using.bin
2024-07-16 12:08:36.295 T:6939 debug : Thread FileCache 2992566784 terminating
2024-07-16 12:08:36.295 T:6885 debug : CSMBFile::Close closing fd 10000
2024-07-16 12:08:36.345 T:6908 debug : request received for /jsonrpc
2024-07-16 12:08:36.506 T:4321 debug : ------ Window Deinit (DialogSelect.xml) ------
2024-07-16 12:08:36.507 T:4321 debug : CPlayerCoreFactory::GetPlayers(bluray://%2fvar%2fmedia%2fWar%20for%20the%20Planet%20o%2f/BDMV/PLAYLIST/00650.mpls)
2024-07-16 12:08:36.507 T:4321 debug : CPlayerSelectionRule::GetPlayers: considering rule: system rules
2024-07-16 12:08:36.507 T:4321 debug : CPlayerSelectionRule::GetPlayers: matches rule: system rules
2024-07-16 12:08:36.507 T:4321 debug : CPlayerSelectionRule::GetPlayers: considering rule: mms/udp
2024-07-16 12:08:36.507 T:4321 debug : CPlayerSelectionRule::GetPlayers: considering rule: lastfm/shout
2024-07-16 12:08:36.507 T:4321 debug : CPlayerSelectionRule::GetPlayers: considering rule: rtmp
2024-07-16 12:08:36.507 T:4321 debug : CPlayerSelectionRule::GetPlayers: considering rule: rtsp
2024-07-16 12:08:36.507 T:4321 debug : CPlayerSelectionRule::GetPlayers: considering rule: streams
2024-07-16 12:08:36.507 T:4321 debug : CPlayerSelectionRule::GetPlayers: considering rule: dvd
2024-07-16 12:08:36.507 T:4321 debug : CPlayerSelectionRule::GetPlayers: considering rule: discimage
2024-07-16 12:08:36.507 T:4321 debug : CPlayerSelectionRule::GetPlayers: considering rule: sdp/asf
2024-07-16 12:08:36.507 T:4321 debug : CPlayerSelectionRule::GetPlayers: considering rule: nsv
2024-07-16 12:08:36.507 T:4321 debug : CPlayerSelectionRule::GetPlayers: considering rule: radio
2024-07-16 12:08:36.507 T:4321 debug : CPlayerCoreFactory::GetPlayers: matched 0 rules with players
2024-07-16 12:08:36.507 T:4321 debug : CPlayerCoreFactory::GetPlayers: adding videodefaultplayer (VideoPlayer)
2024-07-16 12:08:36.507 T:4321 debug : CPlayerCoreFactory::GetPlayers: for video=true, audio=false
2024-07-16 12:08:36.507 T:4321 debug : CPlayerCoreFactory::GetPlayers: for video=true, audio=true
2024-07-16 12:08:36.507 T:4321 debug : CPlayerCoreFactory::GetPlayers: added 1 players
2024-07-16 12:08:36.511 T:4321 debug : Radio UECP (RDS) Processor - new CDVDRadioRDSData
2024-07-16 12:08:36.512 T:4321 debug : Audio ID3 tag processor - new CVideoPlayerAudioID3
2024-07-16 12:08:36.512 T:4321 info : VideoPlayer::OpenFile: /var/media/War for the Planet o/BDMV/index.bdmv
2024-07-16 12:08:36.512 T:6940 debug : Thread VideoPlayer start, auto delete: false
2024-07-16 12:08:36.513 T:4321 debug : OnPlayBackStarted: CApplication::OnPlayBackStarted
2024-07-16 12:08:36.513 T:6940 info : Creating InputStream
2024-07-16 12:08:36.517 T:6887 debug : Loading settings for /var/media/War for the Planet o/BDMV/index.bdmv
2024-07-16 12:08:36.520 T:4321 debug : CVideoGUIInfo::InitCurrentItem(/var/media/War for the Planet o/BDMV/index.bdmv)
2024-07-16 12:08:36.528 T:6940 debug : CBlurayCallback::Logger - bluray.c:1463: libbluray version 1.3.4
2024-07-16 12:08:36.528 T:6940 debug : CBlurayCallback::Logger - bluray.c:1488: BLURAY initialized!
2024-07-16 12:08:36.528 T:6940 debug : CBlurayCallback::Logger - register.c:420: bd_psr_write(): PSR20 (REGION) 0x2 -> 0x1
2024-07-16 12:08:36.528 T:6940 debug : CBlurayCallback::Logger - register.c:420: bd_psr_write(): PSR13 (PARENTAL) 0xff -> 0x63
2024-07-16 12:08:36.528 T:6940 debug : CBlurayCallback::Logger - register.c:420: bd_psr_write(): PSR24 (3D_CAP) 0x0 -> 0xffffffff
2024-07-16 12:08:36.528 T:6940 debug : CBlurayCallback::Logger - register.c:422: bd_psr_write(): PSR31 0x30200 -> 0x310
2024-07-16 12:08:36.528 T:6940 debug : CBlurayCallback::Logger - register.c:422: bd_psr_write(): PSR25 0x0 -> 0xffffffff
2024-07-16 12:08:36.528 T:6940 debug : CBlurayCallback::Logger - register.c:422: bd_psr_write(): PSR26 0x0 -> 0xffffffff
2024-07-16 12:08:36.528 T:6940 debug : CBlurayCallback::Logger - register.c:422: bd_psr_write(): PSR27 0x0 -> 0xffffffff
2024-07-16 12:08:36.528 T:6940 debug : CBlurayCallback::Logger - register.c:420: bd_psr_write(): PSR16 (AUDIO_LANG) 0xffffff -> 0x656e67
2024-07-16 12:08:36.528 T:6940 debug : CBlurayCallback::Logger - register.c:420: bd_psr_write(): PSR17 (PG_AND_SUB_LANG) 0xffffff -> 0x656e67
2024-07-16 12:08:36.528 T:6940 debug : CBlurayCallback::Logger - register.c:420: bd_psr_write(): PSR18 (MENU_LANG) 0xffffff -> 0x656e67
2024-07-16 12:08:36.528 T:6940 debug : CBlurayCallback::Logger - register.c:420: bd_psr_write(): PSR19 (COUNTRY) 0xffff -> 0x656e
2024-07-16 12:08:36.528 T:6940 debug : CDVDInputStreamBluray::Open - opening /var/media/War for the Planet o
2024-07-16 12:08:36.528 T:6940 debug : CBlurayCallback::Logger - aacs.c:79: AACS/Unit_Key_RO.inf found. Disc seems to be AACS protected.
2024-07-16 12:08:36.528 T:6940 debug : CBlurayCallback::Logger - bdplus.c:83: BDSVM/00000.svm found. Disc seems to be BD+ protected.
2024-07-16 12:08:36.529 T:6940 debug : CBlurayCallback::Logger - bdplus.c:119: Using libbdplus for BD+
2024-07-16 12:08:36.529 T:6940 debug : CBlurayCallback::Logger - bdplus.c:150: Loading libbdplus (0xcbdf7cb8)
2024-07-16 12:08:36.529 T:6940 debug : CBlurayCallback::Logger - bdplus.c:171: Loaded libbdplus (0xcbdf7cb8)
2024-07-16 12:08:36.530 T:6940 debug : CBlurayCallback::Logger - aacs.c:115: Using libaacs for AACS
2024-07-16 12:08:36.530 T:6940 debug : CBlurayCallback::Logger - aacs.c:139: Loading aacs library (0xcbdb2848)
2024-07-16 12:08:36.530 T:6940 debug : CBlurayCallback::Logger - aacs.c:150: Loaded libaacs (0xcbdb2848)
2024-07-16 12:08:36.533 T:4321 debug : LoadItemLookup: trying to extract filestream details from video file /var/media/War for the Planet o/BDMV/index.bdmv
2024-07-16 12:08:36.533 T:4321 warning : CreateLoader - unsupported protocol(removable) in removable://War for the Planet of the Apes_0b8333b67e20163a9ebdcb1ebae7e7c32a07858a/
2024-07-16 12:08:36.534 T:4321 debug : CPlayerGUIInfo::InitCurrentItem(/var/media/War for the Planet o/BDMV/index.bdmv)
2024-07-16 12:08:36.635 T:4321 debug : ------ Window Init (DialogBusy.xml) ------
2024-07-16 12:08:36.638 T:4474 error : Could not find suitable input format: application/octet-stream
2024-07-16 12:08:36.638 T:4474 debug : LoadFromFileInternal - Load of /var/media/War for the Planet o/BDMV/index.bdmv failed.
2024-07-16 12:08:36.638 T:4474 error : [ script.embuary.helper ] Image error: Could not get image for image://video@%2fvar%2fmedia%2fWar%20for%20the%20Planet%20o%2fBDMV%2findex.bdmv/ (try 1) -> [Errno 2] No such file or directory: '/storage/.kodi/userdata/addon_data/script.embuary.helper/img/tmp/26496ec228bdcd702983dc8c6dc80db6.jpg'
2024-07-16 12:08:36.639 T:4321 debug : CDirectoryProvider[special://skin/extras/playlists/RandomMovies.xsp]: refreshing..
2024-07-16 12:08:36.779 T:6885 debug : LoadItemLookup: trying to extract filestream details from video file videodb://movies/titles/2620?xsp=%7b%22order%22%3a%7b%22direction%22%3a%22ascending%22%2c%22ignorefolders%22%3a0%2c%22method%22%3a%22random%22%7d%2c%22rules%22%3a%7b%22and%22%3a%5b%7b%22field%22%3a%22lastplayed%22%2c%22operator%22%3a%22notinthelast%22%2c%22value%22%3a%5b%2214%20Days%22%5d%7d%5d%7d%2c%22type%22%3a%22movies%22%7d
2024-07-16 12:08:36.785 T:6885 debug : CNFSFile::Open - opened volume1/Movies/script.retroarch.launcher.Amlogic-ng.arm-v1.7.1.zip
2024-07-16 12:08:36.967 T:6886 debug : CNFSFile::Close closing file volume1/Movies/script.retroarch.launcher.Amlogic-ng.arm-v1.7.1.zip
2024-07-16 12:08:36.974 T:6886 debug : ScanArchiveForAssociatedItems: Scanning archive archive://nfs%3a%2f%2f10.0.0.79%2fvolume1%2fMovies%2fscript.retroarch.launcher.Amlogic-ng.arm-v1.7.1.zip/script.retroarch.launcher.Amlogic-ng.arm/resources/system/scummvm/extra/wintermute.zip
2024-07-16 12:08:36.974 T:6886 debug : CZipManager::GetZipList: failed to stat file zip://archive%3a%2f%2fnfs%253a%252f%252f10.0.0.79%252fvolume1%252fMovies%252fscript.retroarch.launcher.Amlogic-ng.arm-v1.7.1.zip%2fscript.retroarch.launcher.Amlogic-ng.arm%2fresources%2fsystem%2fscummvm%2fextra%2fwintermute.zip/
2024-07-16 12:08:36.974 T:6886 error : GetDirectory - Error getting zip://archive%3a%2f%2fnfs%253a%252f%252f10.0.0.79%252fvolume1%252fMovies%252fscript.retroarch.launcher.Amlogic-ng.arm-v1.7.1.zip%2fscript.retroarch.launcher.Amlogic-ng.arm%2fresources%2fsystem%2fscummvm%2fextra%2fwintermute.zip/
2024-07-16 12:08:36.974 T:6886 debug : ScanArchiveForAssociatedItems: Scanning archive archive://nfs%3a%2f%2f10.0.0.79%2fvolume1%2fMovies%2fscript.retroarch.launcher.Amlogic-ng.arm-v1.7.1.zip/script.retroarch.launcher.Amlogic-ng.arm/resources/system/scummvm/extra/vkeybd_default.zip
2024-07-16 12:08:36.974 T:6886 debug : CZipManager::GetZipList: failed to stat file zip://archive%3a%2f%2fnfs%253a%252f%252f10.0.0.79%252fvolume1%252fMovies%252fscript.retroarch.launcher.Amlogic-ng.arm-v1.7.1.zip%2fscript.retroarch.launcher.Amlogic-ng.arm%2fresources%2fsystem%2fscummvm%2fextra%2fvkeybd_default.zip/
2024-07-16 12:08:36.974 T:6886 error : GetDirectory - Error getting zip://archive%3a%2f%2fnfs%253a%252f%252f10.0.0.79%252fvolume1%252fMovies%252fscript.retroarch.launcher.Amlogic-ng.arm-v1.7.1.zip%2fscript.retroarch.launcher.Amlogic-ng.arm%2fresources%2fsystem%2fscummvm%2fextra%2fvkeybd_default.zip/
2024-07-16 12:08:36.974 T:6886 debug : ScanArchiveForAssociatedItems: Scanning archive archive://nfs%3a%2f%2f10.0.0.79%2fvolume1%2fMovies%2fscript.retroarch.launcher.Amlogic-ng.arm-v1.7.1.zip/script.retroarch.launcher.Amlogic-ng.arm/resources/system/scummvm/extra/helpdialog.zip
2024-07-16 12:08:36.975 T:6886 debug : CZipManager::GetZipList: failed to stat file zip://archive%3a%2f%2fnfs%253a%252f%252f10.0.0.79%252fvolume1%252fMovies%252fscript.retroarch.launcher.Amlogic-ng.arm-v1.7.1.zip%2fscript.retroarch.launcher.Amlogic-ng.arm%2fresources%2fsystem%2fscummvm%2fextra%2fhelpdialog.zip/
2024-07-16 12:08:36.975 T:6886 error : GetDirectory - Error getting zip://archive%3a%2f%2fnfs%253a%252f%252f10.0.0.79%252fvolume1%252fMovies%252fscript.retroarch.launcher.Amlogic-ng.arm-v1.7.1.zip%2fscript.retroarch.launcher.Amlogic-ng.arm%2fresources%2fsystem%2fscummvm%2fextra%2fhelpdialog.zip/
2024-07-16 12:08:36.975 T:6886 debug : ScanForExternalSubtitles: END (total time: 2149 ms)
2024-07-16 12:08:36.975 T:6938 debug : Thread FileCache 2898178560 terminating
2024-07-16 12:08:36.982 T:6886 debug : CNFSFile::Close closing file volume1/Movies/script.retroarch.launcher.Amlogic-ng.arm-v1.7.1.zip
2024-07-16 12:08:36.993 T:6886 debug : LoadItemLookup: trying to extract filestream details from video file videodb://movies/titles/2919?xsp=%7b%22order%22%3a%7b%22direction%22%3a%22ascending%22%2c%22ignorefolders%22%3a0%2c%22method%22%3a%22random%22%7d%2c%22rules%22%3a%7b%22and%22%3a%5b%7b%22field%22%3a%22lastplayed%22%2c%22operator%22%3a%22notinthelast%22%2c%22value%22%3a%5b%2214%20Days%22%5d%7d%5d%7d%2c%22type%22%3a%22movies%22%7d
2024-07-16 12:08:36.993 T:6886 debug : CFileCache::Open - opening
2024-07-16 12:08:37.139 T:4474 error : Could not find suitable input format: application/octet-stream
2024-07-16 12:08:37.140 T:4474 debug : LoadFromFileInternal - Load of /var/media/War for the Planet o/BDMV/index.bdmv failed.
2024-07-16 12:08:37.140 T:4474 error : [ script.embuary.helper ] Image error: Could not get image for image://video@%2fvar%2fmedia%2fWar%20for%20the%20Planet%20o%2fBDMV%2findex.bdmv/ (try 2) -> [Errno 2] No such file or directory: '/storage/.kodi/userdata/addon_data/script.embuary.helper/img/tmp/26496ec228bdcd702983dc8c6dc80db6.jpg'
2024-07-16 12:08:37.219 T:6886 debug : CSMBFile::Open - opened smb://USERNAME:PASSWORD@10.0.0.116/External/4K DV Blus/Batch Convert/tools/gnuplot/demo/using.dat, fd=10000
2024-07-16 12:08:37.266 T:6886 debug : CFileCache::Open - source chunk size is 131072, setting cache chunk size to 131072
2024-07-16 12:08:37.266 T:6886 debug : CFileCache::Open - using single memory cache sized 268435456 bytes
2024-07-16 12:08:37.266 T:6941 debug : Thread FileCache start, auto delete: false
2024-07-16 12:08:37.304 T:6941 debug : CFileCache::Process - source read hit eof
2024-07-16 12:08:37.308 T:6886 debug : ffmpeg[0xc14c5e50]: Format luodat detected only with low score of 1, misdetection possible!
2024-07-16 12:08:37.308 T:6886 debug : Open - probing detected format [luodat]
2024-07-16 12:08:37.308 T:6886 debug : Open - avformat_find_stream_info starting
2024-07-16 12:08:37.309 T:6886 debug : Open - av_find_stream_info finished
2024-07-16 12:08:37.309 T:6886 debug : ScanForExternalSubtitles: Searching for subtitles...
2024-07-16 12:08:37.440 T:6885 error : Open - error probing input format, archive://nfs%3a%2f%2f10.0.0.79%2fvolume1%2fMovies%2fscript.retroarch.launcher.Amlogic-ng.arm-v1.7.1.zip/script.retroarch.launcher.Amlogic-ng.arm/resources/system/xrick/data.zip
2024-07-16 12:08:37.441 T:6885 debug : CNFSFile::Close closing file volume1/Movies/script.retroarch.launcher.Amlogic-ng.arm-v1.7.1.zip
2024-07-16 12:08:37.456 T:6885 debug : LoadItemLookup: trying to extract filestream details from video file videodb://movies/titles/2917?xsp=%7b%22order%22%3a%7b%22direction%22%3a%22ascending%22%2c%22ignorefolders%22%3a0%2c%22method%22%3a%22random%22%7d%2c%22rules%22%3a%7b%22and%22%3a%5b%7b%22field%22%3a%22lastplayed%22%2c%22operator%22%3a%22notinthelast%22%2c%22value%22%3a%5b%2214%20Days%22%5d%7d%5d%7d%2c%22type%22%3a%22movies%22%7d
2024-07-16 12:08:37.456 T:6885 debug : CFileCache::Open - opening
2024-07-16 12:08:37.541 T:4466 debug : CSMBFile::Close closing fd 10001
2024-07-16 12:08:37.603 T:6886 debug : ScanForExternalSubtitles: END (total time: 294 ms)
2024-07-16 12:08:37.604 T:6941 debug : Thread FileCache 2898178560 terminating
2024-07-16 12:08:37.604 T:6886 debug : CSMBFile::Close closing fd 10000
2024-07-16 12:08:37.642 T:4474 error : Could not find suitable input format: application/octet-stream
2024-07-16 12:08:37.643 T:4474 debug : LoadFromFileInternal - Load of /var/media/War for the Planet o/BDMV/index.bdmv failed.
2024-07-16 12:08:37.643 T:4474 error : [ script.embuary.helper ] Image error: Could not get image for image://video@%2fvar%2fmedia%2fWar%20for%20the%20Planet%20o%2fBDMV%2findex.bdmv/ (try 3) -> [Errno 2] No such file or directory: '/storage/.kodi/userdata/addon_data/script.embuary.helper/img/tmp/26496ec228bdcd702983dc8c6dc80db6.jpg'
2024-07-16 12:08:37.664 T:6940 debug : CBlurayCallback::Logger - aacs.c:121: No usable AACS libraries found!
2024-07-16 12:08:37.665 T:6940 debug : CBlurayCallback::Logger - dec.c:197: aacs_open() failed: -5!
2024-07-16 12:08:37.668 T:6940 debug : CBlurayCallback::Logger - bluray.c:3181: PSR change: psr3 = 1
2024-07-16 12:08:37.668 T:6940 debug : CBlurayCallback::Logger - bluray.c:3181: PSR change: psr4 = 65535
2024-07-16 12:08:37.668 T:6940 debug : CBlurayCallback::Logger - bluray.c:3181: PSR change: psr0 = 1
2024-07-16 12:08:37.668 T:6940 debug : CBlurayCallback::Logger - bluray.c:3181: PSR change: psr1 = 255
2024-07-16 12:08:37.668 T:6940 debug : CBlurayCallback::Logger - bluray.c:3181: PSR change: psr2 = 268374015
2024-07-16 12:08:37.668 T:6940 debug : CBlurayCallback::Logger - bluray.c:3181: PSR change: psr14 = 65535
2024-07-16 12:08:37.668 T:6940 debug : CDVDInputStreamBluray::Open - Disc name : War for the Planet of the Apes
2024-07-16 12:08:37.668 T:6940 debug : CDVDInputStreamBluray::Open - First Play supported: 1
2024-07-16 12:08:37.668 T:6940 debug : CDVDInputStreamBluray::Open - Top menu supported : 1
2024-07-16 12:08:37.668 T:6940 debug : CDVDInputStreamBluray::Open - HDMV titles : 5
2024-07-16 12:08:37.668 T:6940 debug : CDVDInputStreamBluray::Open - BD-J titles : 86
2024-07-16 12:08:37.668 T:6940 debug : CDVDInputStreamBluray::Open - BD-J handled : 1
2024-07-16 12:08:37.668 T:6940 debug : CDVDInputStreamBluray::Open - UNSUPPORTED titles : 0
2024-07-16 12:08:37.668 T:6940 debug : CDVDInputStreamBluray::Open - AACS detected : 1
2024-07-16 12:08:37.668 T:6940 debug : CDVDInputStreamBluray::Open - libaacs detected : 1
2024-07-16 12:08:37.668 T:6940 debug : CDVDInputStreamBluray::Open - AACS handled : 0
2024-07-16 12:08:37.668 T:6940 debug : CDVDInputStreamBluray::Open - BD+ detected : 1
2024-07-16 12:08:37.668 T:6940 debug : CDVDInputStreamBluray::Open - libbdplus detected : 1
2024-07-16 12:08:37.668 T:6940 debug : CDVDInputStreamBluray::Open - BD+ handled : 0
2024-07-16 12:08:37.668 T:6940 debug : CDVDInputStreamBluray::Open - no menus (libmmbd, or profile 6 bdj) : 0
2024-07-16 12:08:37.668 T:6940 error : CDVDInputStreamBluray::Open - Media stream scrambled/encrypted with AACS
2024-07-16 12:08:37.668 T:6940 debug : CVideoPlayer::OnDiscNavResult - libbluray the disc/file is encrypted and can't be played (DVDSTATE_NORMAL)
2024-07-16 12:08:37.668 T:6940 error : CVideoPlayer::OpenInputStream - error opening [/var/media/War for the Planet o/BDMV/index.bdmv]
2024-07-16 12:08:37.668 T:6940 info : CVideoPlayer::OnExit()
2024-07-16 12:08:37.668 T:6940 debug : CBlurayCallback::Logger - bluray.c:1610: BLURAY destroyed!
2024-07-16 12:08:37.668 T:6940 debug : Thread VideoPlayer 2992566784 terminating
2024-07-16 12:08:37.673 T:6887 debug : OnPlayBackStopped: CApplication::OnPlayBackStopped
2024-07-16 12:08:37.675 T:4321 debug : ------ Window Init (DialogConfirm.xml) ------
2024-07-16 12:08:37.675 T:4321 debug : CWinSystemAmlogicGLESContext::CreateNewWindow: m_bWindowCreated: true, frac rate 0(0), hdrType: sdr(sdr), force mode switch: false
2024-07-16 12:08:37.675 T:4321 debug : CWinSystemAmlogicGLESContext::CreateNewWindow: cur: iWidth: 1920, iHeight: 1080, iScreenWidth: 1920, iScreenHeight: 1080, fRefreshRate: 120.00, dwFlags: 04
2024-07-16 12:08:37.675 T:4321 debug : CWinSystemAmlogicGLESContext::CreateNewWindow: res: iWidth: 1920, iHeight: 1080, iScreenWidth: 1920, iScreenHeight: 1080, fRefreshRate: 120.00, dwFlags: 04
2024-07-16 12:08:37.675 T:4321 debug : CWinSystemAmlogicGLESContext::CreateNewWindow: No need to create a new window
2024-07-16 12:08:37.675 T:4321 info : GLES: Maximum texture width: 8192
2024-07-16 12:08:37.677 T:4321 info : CVideoPlayer::CloseFile()
2024-07-16 12:08:37.677 T:4321 debug : DeleteRenderer - deleting renderer
2024-07-16 12:08:37.677 T:4321 debug : LinuxRendererGLES: Cleaning up GLES resources
2024-07-16 12:08:37.678 T:4321 info : VideoPlayer: waiting for threads to exit
2024-07-16 12:08:37.678 T:4321 info : VideoPlayer: finished waiting
2024-07-16 12:08:37.678 T:4321 debug : Radio UECP (RDS) Processor - delete ~CDVDRadioRDSData
2024-07-16 12:08:37.679 T:4321 debug : Audio ID3 tag processor - delete ~CVideoPlayerAudioID3
2024-07-16 12:08:37.679 T:4321 debug : ------ Window Init (DialogNotification.xml) ------
2024-07-16 12:08:37.681 T:6885 debug : CSMBFile::Open - opened smb://USERNAME:PASSWORD@10.0.0.116/External/4K DV Blus/Batch Convert/tools/gnuplot/demo/triangle.dat, fd=10001
2024-07-16 12:08:37.700 T:4321 debug : CDirectoryProvider[special://skin/extras/playlists/RandomMovies.xsp]: refreshing..
2024-07-16 12:08:37.759 T:6885 debug : CFileCache::Open - source chunk size is 131072, setting cache chunk size to 131072
2024-07-16 12:08:37.759 T:6885 debug : CFileCache::Open - using single memory cache sized 268435456 bytes
2024-07-16 12:08:37.760 T:6943 debug : Thread FileCache start, auto delete: false
2024-07-16 12:08:37.763 T:6886 debug : LoadItemLookup: trying to extract filestream details from video file videodb://movies/titles/2610?xsp=%7b%22order%22%3a%7b%22direction%22%3a%22ascending%22%2c%22ignorefolders%22%3a0%2c%22method%22%3a%22random%22%7d%2c%22rules%22%3a%7b%22and%22%3a%5b%7b%22field%22%3a%22lastplayed%22%2c%22operator%22%3a%22notinthelast%22%2c%22value%22%3a%5b%2214%20Days%22%5d%7d%5d%7d%2c%22type%22%3a%22movies%22%7d
2024-07-16 12:08:37.764 T:6886 debug : CFileCache::Open - opening
2024-07-16 12:08:37.765 T:6886 debug : CNFSFile::Open - opened volume1/Movies/script.retroarch.launcher.Amlogic-ng.arm-v1.7.1.zip
2024-07-16 12:08:37.821 T:6943 debug : CFileCache::Process - source read hit eof
2024-07-16 12:08:37.871 T:6885 debug : ffmpeg[0xb3fcc110]: Format luodat detected only with low score of 1, misdetection possible!
2024-07-16 12:08:37.871 T:6885 debug : Open - probing detected format [luodat]
2024-07-16 12:08:37.872 T:6885 debug : Open - avformat_find_stream_info starting
2024-07-16 12:08:37.872 T:6885 debug : Open - av_find_stream_info finished
2024-07-16 12:08:37.872 T:6885 debug : ScanForExternalSubtitles: Searching for subtitles...
2024-07-16 12:08:37.937 T:4466 debug : CSMBFile::Open - opened smb://USERNAME:PASSWORD@10.0.0.116/External/4K DV Blus/Batch Convert/tools/AvsPmod/lib/library.zip, fd=10000
2024-07-16 12:08:37.956 T:6908 debug : request received for /jsonrpc
2024-07-16 12:08:38.009 T:6886 debug : CFileCache::Open - source chunk size is 1, setting cache chunk size to 262144
2024-07-16 12:08:38.010 T:6886 debug : CFileCache::Open - using single memory cache sized 268435456 bytes
2024-07-16 12:08:38.011 T:6944 debug : Thread FileCache start, auto delete: false
2024-07-16 12:08:38.062 T:6944 debug : CFileCache::Process - source read hit eof
2024-07-16 12:08:38.150 T:6885 debug : ScanForExternalSubtitles: END (total time: 278 ms)
2024-07-16 12:08:38.150 T:6943 debug : Thread FileCache 2992566784 terminating
2024-07-16 12:08:38.150 T:6885 debug : CSMBFile::Close closing fd 10001
2024-07-16 12:08:38.155 T:6886 debug : ffmpeg[0xc14c5e50]: Format luodat detected only with low score of 1, misdetection possible!
2024-07-16 12:08:38.155 T:6886 debug : Open - probing detected format [luodat]
2024-07-16 12:08:38.155 T:6886 debug : Open - avformat_find_stream_info starting
2024-07-16 12:08:38.155 T:6886 debug : Open - av_find_stream_info finished
2024-07-16 12:08:38.155 T:6886 debug : ScanForExternalSubtitles: Searching for subtitles...
2024-07-16 12:08:38.160 T:6886 debug : CNFSFile::Open - opened volume1/Movies/script.retroarch.launcher.Amlogic-ng.arm-v1.7.1.zip
2024-07-16 12:08:38.516 T:6908 debug : request received for /jsonrpc
2024-07-16 12:08:38.682 T:4321 debug : ------ Window Deinit (DialogConfirm.xml) ------
2024-07-16 12:08:38.691 T:4321 debug : ------ Window Deinit (DialogBusy.xml) ------
2024-07-16 12:08:39.073 T:6886 debug : CNFSFile::Close closing file volume1/Movies/script.retroarch.launcher.Amlogic-ng.arm-v1.7.1.zip
2024-07-16 12:08:39.074 T:6886 debug : ScanArchiveForAssociatedItems: Scanning archive archive://nfs%3a%2f%2f10.0.0.79%2fvolume1%2fMovies%2fscript.retroarch.launcher.Amlogic-ng.arm-v1.7.1.zip/script.retroarch.launcher.Amlogic-ng.arm/resources/system/scummvm/extra/wintermute.zip
2024-07-16 12:08:39.075 T:6886 debug : CZipManager::GetZipList: failed to stat file zip://archive%3a%2f%2fnfs%253a%252f%252f10.0.0.79%252fvolume1%252fMovies%252fscript.retroarch.launcher.Amlogic-ng.arm-v1.7.1.zip%2fscript.retroarch.launcher.Amlogic-ng.arm%2fresources%2fsystem%2fscummvm%2fextra%2fwintermute.zip/
2024-07-16 12:08:39.075 T:6886 error : GetDirectory - Error getting zip://archive%3a%2f%2fnfs%253a%252f%252f10.0.0.79%252fvolume1%252fMovies%252fscript.retroarch.launcher.Amlogic-ng.arm-v1.7.1.zip%2fscript.retroarch.launcher.Amlogic-ng.arm%2fresources%2fsystem%2fscummvm%2fextra%2fwintermute.zip/
2024-07-16 12:08:39.075 T:6886 debug : ScanArchiveForAssociatedItems: Scanning archive archive://nfs%3a%2f%2f10.0.0.79%2fvolume1%2fMovies%2fscript.retroarch.launcher.Amlogic-ng.arm-v1.7.1.zip/script.retroarch.launcher.Amlogic-ng.arm/resources/system/scummvm/extra/vkeybd_default.zip
2024-07-16 12:08:39.075 T:6886 debug : CZipManager::GetZipList: failed to stat file zip://archive%3a%2f%2fnfs%253a%252f%252f10.0.0.79%252fvolume1%252fMovies%252fscript.retroarch.launcher.Amlogic-ng.arm-v1.7.1.zip%2fscript.retroarch.launcher.Amlogic-ng.arm%2fresources%2fsystem%2fscummvm%2fextra%2fvkeybd_default.zip/
2024-07-16 12:08:39.075 T:6886 error : GetDirectory - Error getting zip://archive%3a%2f%2fnfs%253a%252f%252f10.0.0.79%252fvolume1%252fMovies%252fscript.retroarch.launcher.Amlogic-ng.arm-v1.7.1.zip%2fscript.retroarch.launcher.Amlogic-ng.arm%2fresources%2fsystem%2fscummvm%2fextra%2fvkeybd_default.zip/
2024-07-16 12:08:39.075 T:6886 debug : ScanArchiveForAssociatedItems: Scanning archive archive://nfs%3a%2f%2f10.0.0.79%2fvolume1%2fMovies%2fscript.retroarch.launcher.Amlogic-ng.arm-v1.7.1.zip/script.retroarch.launcher.Amlogic-ng.arm/resources/system/scummvm/extra/helpdialog.zip
2024-07-16 12:08:39.076 T:6886 debug : CZipManager::GetZipList: failed to stat file zip://archive%3a%2f%2fnfs%253a%252f%252f10.0.0.79%252fvolume1%252fMovies%252fscript.retroarch.launcher.Amlogic-ng.arm-v1.7.1.zip%2fscript.retroarch.launcher.Amlogic-ng.arm%2fresources%2fsystem%2fscummvm%2fextra%2fhelpdialog.zip/
2024-07-16 12:08:39.076 T:6886 error : GetDirectory - Error getting zip://archive%3a%2f%2fnfs%253a%252f%252f10.0.0.79%252fvolume1%252fMovies%252fscript.retroarch.launcher.Amlogic-ng.arm-v1.7.1.zip%2fscript.retroarch.launcher.Amlogic-ng.arm%2fresources%2fsystem%2fscummvm%2fextra%2fhelpdialog.zip/
2024-07-16 12:08:39.076 T:6886 debug : ScanForExternalSubtitles: END (total time: 920 ms)
2024-07-16 12:08:39.076 T:6944 debug : Thread FileCache 2898178560 terminating
2024-07-16 12:08:39.077 T:6886 debug : CNFSFile::Close closing file volume1/Movies/script.retroarch.launcher.Amlogic-ng.arm-v1.7.1.zip
2024-07-16 12:08:40.079 T:6908 debug : request received for /jsonrpc
2024-07-16 12:08:40.783 T:4466 info : Skipped 3 duplicate messages..
2024-07-16 12:08:40.783 T:4466 debug : CSMBFile::Close closing fd 10000
2024-07-16 12:08:40.877 T:4466 debug : VideoInfoScanner: Scanning dir 'archive://smb%3a%2f%2f10.0.0.116%2fExternal%2f4K%20DV%20Blus%2fBatch%20Convert%2ftools%2fAvsPmod%2flib%2flibrary.zip/numpy/testing/' as not in the database
2024-07-16 12:08:40.956 T:6908 debug : request received for /jsonrpc
2024-07-16 12:08:40.999 T:4466 debug : CSMBFile::Open - opened smb://USERNAME:PASSWORD@10.0.0.116/External/4K DV Blus/Batch Convert/tools/AvsPmod/lib/library.zip, fd=10000
2024-07-16 12:08:41.091 T:6908 debug : request received for /jsonrpc
2024-07-16 12:08:41.932 T:4321 info : Skipped 3 duplicate messages..
2024-07-16 12:08:41.932 T:4321 debug : started alarm with name: preload
2024-07-16 12:08:42.182 T:4321 debug : keepAlive: sending keep alive after 45s.
2024-07-16 12:08:43.130 T:6908 debug : request received for /jsonrpc
2024-07-16 12:08:43.132 T:4321 debug : Activating window ID: 10025
2024-07-16 12:08:43.445 T:4321 debug : ------ Window Deinit (DialogNotification.xml) ------
2024-07-16 12:08:43.487 T:4321 debug : ------ Window Deinit (Home.xml) ------
2024-07-16 12:08:43.495 T:4321 debug : ------ Window Init (MyVideoNav.xml) ------
2024-07-16 12:08:43.496 T:4321 debug : CDirectoryProvider[plugin://script.embuary.helper/?info=jumptoletter&showall=true&reload=0]: refreshing..
2024-07-16 12:08:43.496 T:6885 debug : CScriptRunner: running add-on script Embuary Helper('plugin://script.embuary.helper/', '4', '?info=jumptoletter&showall=true&reload=0')
2024-07-16 12:08:43.496 T:6954 debug : Thread LanguageInvoker start, auto delete: false
2024-07-16 12:08:43.496 T:6885 debug : [threads] name: 'LanguageInvoker' priority: '1'
2024-07-16 12:08:43.497 T:6954 debug : initializing python engine.
2024-07-16 12:08:43.497 T:6954 debug : CPythonInvoker(16, /storage/.kodi/addons/script.embuary.helper/plugin.py): start processing
2024-07-16 12:08:43.497 T:4321 debug : CGUIMediaWindow::GetDirectory (sources://video/)
2024-07-16 12:08:43.497 T:4321 debug : ParentPath = [videodb://movies/directors/]
2024-07-16 12:08:43.514 T:6954 debug : -->Python Interpreter Initialized<--
2024-07-16 12:08:43.514 T:6954 debug :
