2026-03-06 17:07:29.726 T:1266 debug : CActiveAESink::OpenSink - trying to open device ALSA:surround71:CARD=AMLAUGESOUND,DEV=0
2026-03-06 17:07:29.726 T:1266 info : CAESinkALSA::Initialize - Configure simple control for "AUGESOUND"
2026-03-06 17:07:29.726 T:1266 info : CAESinkALSA - Use card "hw:0" and set codec format "2 CH PCM"
2026-03-06 17:07:29.727 T:1251 debug : CRenderManager::UpdateLatencyTweak - got latency tweak of 0.0ms with a refresh rate of 23.976Hz and resolution of 2160, HDR used: true
2026-03-06 17:07:29.727 T:1251 debug : CAMLCodec::SetVideoRect:display(0,0,3840,2160)
2026-03-06 17:07:29.727 T:1251 debug : CAMLCodec::SetVideoRect:gui(0,0,1920,1080)
2026-03-06 17:07:29.727 T:1251 debug : CAMLCodec::SetVideoRect:m_dst_rect(0,138,1920,804)
2026-03-06 17:07:29.727 T:1251 debug : CAMLCodec::SetVideoRect:dst_rect(0,276,3840,1608)
2026-03-06 17:07:29.727 T:1251 debug : CAMLCodec::SetVideoRect:m_guiStereoMode(0)
2026-03-06 17:07:29.727 T:1251 debug : CAMLCodec::SetVideoRect:m_guiStereoView(0)
2026-03-06 17:07:29.739 T:1266 info : CAESinkALSA - Set Spdif to HDMITX to "Spdif_b"
2026-03-06 17:07:29.739 T:1266 info : CAESinkALSA - Set codec for "Audio spdif_b format"
2026-03-06 17:07:29.739 T:1266 info : CAESinkALSA - Set codec for "Audio I2S to HDMITX Format"
2026-03-06 17:07:29.739 T:1266 info : CAESinkALSA - Set codec for "Audio spdif format"
2026-03-06 17:07:29.739 T:1266 info : CAESinkALSA::Initialize - Attempting to open device "surround71:CARD=AMLAUGESOUND,DEV=0"
2026-03-06 17:07:29.742 T:1266 info : CAESinkALSA - Unable to open device "surround71:CARD=AMLAUGESOUND,DEV=0,AES0=0x04,AES1=0x82,AES2=0x00,AES3=0x02" for playback
2026-03-06 17:07:29.742 T:1266 info : CAESinkALSA::Initialize - Opened device "surround71:CARD=AMLAUGESOUND,DEV=0"
2026-03-06 17:07:29.742 T:2216 debug : virtual void CApplicationPlayerCallback::OnAVChange(): call
2026-03-06 17:07:29.743 T:1266 info : CAESinkALSA::InitializeHW - Your hardware does not support AE_FMT_FLOAT, trying other formats
2026-03-06 17:07:29.743 T:1266 info : CAESinkALSA::InitializeHW - Using data format AE_FMT_S24NE4
2026-03-06 17:07:29.743 T:1266 debug : CAESinkALSA::InitializeHW - Request: periodSize 2400, bufferSize 9600
2026-03-06 17:07:29.744 T:1266 debug : CAESinkALSA::InitializeHW - Got: periodSize 2400, bufferSize 9600
2026-03-06 17:07:29.744 T:1266 debug : CAESinkALSA::InitializeHW - Setting timeout to 200 ms
2026-03-06 17:07:29.744 T:1266 debug : CAESinkALSA::GetChannelLayout - Input Channel Count: 2 Output Channel Count: 2
2026-03-06 17:07:29.744 T:1266 debug : CAESinkALSA::GetChannelLayout - Requested Layout: FL, FR
2026-03-06 17:07:29.744 T:1266 debug : CAESinkALSA::GetChannelLayout - Got Layout: FL, FR (ALSA: FL FR)
2026-03-06 17:07:29.744 T:1266 debug : CActiveAESink::OpenSink - ALSA Initialized:
2026-03-06 17:07:29.744 T:1266 debug : Output Device : AML-AUGESOUND
2026-03-06 17:07:29.744 T:1266 debug : Sample Rate : 48000
2026-03-06 17:07:29.744 T:1266 debug : Sample Format : AE_FMT_S24NE4
2026-03-06 17:07:29.744 T:1266 debug : Channel Count : 2
2026-03-06 17:07:29.744 T:1266 debug : Channel Layout: FL, FR
2026-03-06 17:07:29.744 T:1266 debug : Frames : 2400
2026-03-06 17:07:29.744 T:1266 debug : Frame Size : 8
2026-03-06 17:07:29.746 T:1265 debug : void ActiveAE::CActiveAE::ConfigureLowLatency(): Low latency mode: true - Initial buffer level: 20ms (resample: false)
2026-03-06 17:07:29.746 T:1265 debug : CActiveAE::ClearDiscardedBuffers - buffer pool deleted
2026-03-06 17:07:29.746 T:2220 debug : Skipped 2 duplicate messages..
2026-03-06 17:07:29.746 T:2220 debug : CVideoPlayerAudio - CDVDMsg::GENERAL_PAUSE: true
2026-03-06 17:07:29.747 T:2220 debug : CVideoPlayerAudio - CDVDMsg::GENERAL_PAUSE: false
2026-03-06 17:07:29.747 T:2220 info : CVideoPlayerAudio: display reset occurred, checking for passthrough
2026-03-06 17:07:29.747 T:2220 info : CDVDAudioCodecFFmpeg::Open() Successful opened audio decoder dca
2026-03-06 17:07:29.753 T:2215 debug : CVideoPlayer::ProcessVideoData size:123397 dts:67.067 pts:67.317 dur:41.000ms, clock:0.470 level:100
2026-03-06 17:07:29.753 T:2215 debug : CVideoPlayer::ProcessVideoData size:27920 dts:67.109 pts:67.234 dur:41.000ms, clock:0.470 level:100
2026-03-06 17:07:29.753 T:2215 debug : CVideoPlayer::ProcessVideoData size:10798 dts:67.150 pts:67.150 dur:41.000ms, clock:0.470 level:100
2026-03-06 17:07:29.753 T:2215 debug : CVideoPlayer::ProcessVideoData size:10013 dts:67.192 pts:67.192 dur:41.000ms, clock:0.470 level:100
2026-03-06 17:07:29.753 T:2215 debug : CVideoPlayer::ProcessVideoData size:8302 dts:67.234 pts:67.276 dur:41.000ms, clock:0.470 level:100
2026-03-06 17:07:29.765 T:2215 debug : CVideoPlayer::ProcessVideoData size:105721 dts:67.276 pts:67.484 dur:41.000ms, clock:0.481 level:100
2026-03-06 17:07:29.765 T:2215 debug : CVideoPlayer::ProcessVideoData size:24757 dts:67.317 pts:67.401 dur:41.000ms, clock:0.481 level:100
2026-03-06 17:07:29.765 T:2215 debug : CVideoPlayer::ProcessVideoData size:6877 dts:67.359 pts:67.359 dur:41.000ms, clock:0.481 level:100
2026-03-06 17:07:29.765 T:2215 debug : CVideoPlayer::ProcessVideoData size:7264 dts:67.401 pts:67.442 dur:41.000ms, clock:0.481 level:100
2026-03-06 17:07:29.765 T:2215 debug : CVideoPlayer::ProcessVideoData size:126380 dts:67.442 pts:67.693 dur:41.000ms, clock:0.482 level:100
2026-03-06 17:07:29.766 T:2215 debug : CVideoPlayer::ProcessVideoData size:26821 dts:67.484 pts:67.609 dur:41.000ms, clock:0.482 level:100
2026-03-06 17:07:29.766 T:2215 debug : CVideoPlayer::ProcessVideoData size:9392 dts:67.526 pts:67.526 dur:41.000ms, clock:0.482 level:100
2026-03-06 17:07:29.766 T:2215 debug : CVideoPlayer::ProcessVideoData size:8380 dts:67.567 pts:67.567 dur:41.000ms, clock:0.482 level:100
2026-03-06 17:07:29.766 T:2215 debug : CVideoPlayer::ProcessVideoData size:8669 dts:67.609 pts:67.651 dur:41.000ms, clock:0.482 level:100
2026-03-06 17:07:29.766 T:2215 debug : CVideoPlayer::ProcessVideoData size:111562 dts:67.651 pts:67.859 dur:41.000ms, clock:0.483 level:100
2026-03-06 17:07:29.766 T:2215 debug : CVideoPlayer::ProcessVideoData size:24463 dts:67.693 pts:67.776 dur:41.000ms, clock:0.483 level:100
2026-03-06 17:07:29.766 T:2215 debug : CVideoPlayer::ProcessVideoData size:6367 dts:67.734 pts:67.734 dur:41.000ms, clock:0.483 level:100
2026-03-06 17:07:29.767 T:1251 debug : ------ Window Deinit (DialogBusy.xml) ------
2026-03-06 17:07:29.767 T:2215 debug : CVideoPlayer::ProcessVideoData size:7183 dts:67.776 pts:67.818 dur:41.000ms, clock:0.483 level:100
2026-03-06 17:07:29.767 T:2215 debug : CVideoPlayer::ProcessVideoData size:120843 dts:67.818 pts:68.026 dur:41.000ms, clock:0.484 level:100
2026-03-06 17:07:29.768 T:2215 debug : CVideoPlayer::ProcessVideoData size:27639 dts:67.859 pts:67.943 dur:41.000ms, clock:0.484 level:100
2026-03-06 17:07:29.768 T:2215 debug : CVideoPlayer::ProcessVideoData size:8325 dts:67.901 pts:67.901 dur:41.000ms, clock:0.484 level:100
2026-03-06 17:07:29.768 T:2215 debug : CVideoPlayer::ProcessVideoData size:5758 dts:67.943 pts:67.985 dur:41.000ms, clock:0.484 level:100
2026-03-06 17:07:29.771 T:2219 debug : CVideoPlayerVideo::OutputPicture - ttd:12ms pts:0.500 Clock:0.488 Level:0
2026-03-06 17:07:29.776 T:2219 debug : CVideoPlayerVideo::OutputPicture - ttd:49ms pts:0.542 Clock:0.492 Level:1
2026-03-06 17:07:29.779 T:2219 debug : CVideoPlayerVideo::OutputPicture - ttd:88ms pts:0.584 Clock:0.496 Level:2
2026-03-06 17:07:29.779 T:2215 debug : CVideoPlayer::ProcessVideoData size:121655 dts:67.985 pts:68.235 dur:41.000ms, clock:0.496 level:100
2026-03-06 17:07:29.779 T:2215 debug : CVideoPlayer::ProcessVideoData size:25440 dts:68.026 pts:68.151 dur:41.000ms, clock:0.496 level:100
2026-03-06 17:07:29.779 T:2215 debug : CVideoPlayer::ProcessVideoData size:9526 dts:68.068 pts:68.068 dur:41.000ms, clock:0.496 level:100
2026-03-06 17:07:29.780 T:2215 debug : CVideoPlayer::ProcessVideoData size:8533 dts:68.110 pts:68.110 dur:41.000ms, clock:0.496 level:100
2026-03-06 17:07:29.780 T:2215 debug : CVideoPlayer::ProcessVideoData size:7962 dts:68.151 pts:68.193 dur:41.000ms, clock:0.496 level:100
2026-03-06 17:07:29.784 T:2219 debug : CVideoPlayerVideo::OutputPicture - ttd:125ms pts:0.626 Clock:0.500 Level:3
2026-03-06 17:07:29.788 T:2219 debug : CVideoPlayerVideo::OutputPicture - ttd:162ms pts:0.667 Clock:0.505 Level:4
2026-03-06 17:07:29.793 T:2219 debug : CVideoPlayerVideo::OutputPicture - ttd:199ms pts:0.709 Clock:0.509 Level:5
2026-03-06 17:07:29.796 T:2219 debug : CVideoPlayerVideo::OutputPicture - ttd:238ms pts:0.751 Clock:0.512 Level:6
2026-03-06 17:07:29.800 T:2219 debug : CVideoPlayerVideo::OutputPicture - ttd:275ms pts:0.792 Clock:0.517 Level:7
2026-03-06 17:07:29.804 T:2219 debug : CVideoPlayerVideo::OutputPicture - ttd:313ms pts:0.834 Clock:0.521 Level:8
2026-03-06 17:07:29.809 T:2219 debug : CVideoPlayerVideo::OutputPicture - ttd:350ms pts:0.876 Clock:0.525 Level:9
2026-03-06 17:07:29.809 T:1251 debug : ApplyStyle - Start setting up the LibAss style
2026-03-06 17:07:29.810 T:2219 debug : CVideoPlayerVideo - CDVDMsg::DEMUXER_PACKET - checking interlace vfmt: null
2026-03-06 17:07:29.812 T:2219 debug : CVideoPlayerVideo::OutputPicture - ttd:389ms pts:0.918 Clock:0.529 Level:4
2026-03-06 17:07:29.855 T:2219 debug : CVideoPlayerVideo::OutputPicture - ttd:387ms pts:0.959 Clock:0.571 Level:4
2026-03-06 17:07:29.859 T:2219 debug : CVideoPlayerVideo::OutputPicture - ttd:425ms pts:1.001 Clock:0.576 Level:5
2026-03-06 17:07:29.864 T:2219 debug : CVideoPlayerVideo::OutputPicture - ttd:462ms pts:1.043 Clock:0.580 Level:6
2026-03-06 17:07:29.865 T:2219 debug : CVideoPlayerVideo::OutputPicture - ttd:502ms pts:1.084 Clock:0.581 Level:7
2026-03-06 17:07:29.866 T:2219 debug : CVideoPlayerVideo::OutputPicture - ttd:543ms pts:1.126 Clock:0.582 Level:8
2026-03-06 17:07:29.898 T:2219 debug : CVideoPlayerVideo::OutputPicture - ttd:553ms pts:1.168 Clock:0.614 Level:8
2026-03-06 17:07:29.898 T:2219 debug : CVideoPlayerVideo - CDVDMsg::DEMUXER_PACKET - checking interlace vfmt: null
2026-03-06 17:07:29.939 T:2219 debug : CVideoPlayerVideo::OutputPicture - ttd:554ms pts:1.210 Clock:0.655 Level:8
2026-03-06 17:07:29.979 T:2219 debug : CVideoPlayerVideo::OutputPicture - ttd:555ms pts:1.251 Clock:0.696 Level:8
2026-03-06 17:07:30.022 T:2219 debug : CVideoPlayerVideo::OutputPicture - ttd:554ms pts:1.293 Clock:0.739 Level:8
2026-03-06 17:07:30.063 T:2219 debug : CVideoPlayerVideo::OutputPicture - ttd:555ms pts:1.335 Clock:0.779 Level:8
2026-03-06 17:07:30.105 T:2219 debug : CVideoPlayerVideo::OutputPicture - ttd:554ms pts:1.376 Clock:0.821 Level:8
2026-03-06 17:07:30.146 T:2219 debug : CVideoPlayerVideo::OutputPicture - ttd:555ms pts:1.418 Clock:0.863 Level:8
2026-03-06 17:07:30.188 T:2219 debug : CVideoPlayerVideo::OutputPicture - ttd:555ms pts:1.460 Clock:0.904 Level:8
2026-03-06 17:07:30.197 T:2220 debug : CDVDClock::ErrorAdjust - CVideoPlayerAudio::OutputPacket - error:57154.019176, adjusted:57154.019176
2026-03-06 17:07:30.230 T:2219 debug : CVideoPlayerVideo - CDVDMsg::DEMUXER_PACKET - checking interlace vfmt: null
2026-03-06 17:07:30.231 T:2219 debug : CVideoPlayerVideo::OutputPicture - ttd:496ms pts:1.501 Clock:1.005 Level:7
2026-03-06 17:07:30.254 T:2215 debug : CVideoPlayer::ProcessVideoData size:107040 dts:68.193 pts:68.402 dur:41.000ms, clock:1.028 level:100
2026-03-06 17:07:30.254 T:2215 debug : CVideoPlayer::ProcessVideoData size:24057 dts:68.235 pts:68.318 dur:41.000ms, clock:1.028 level:100
2026-03-06 17:07:30.254 T:2215 debug : CVideoPlayer::ProcessVideoData size:5858 dts:68.277 pts:68.277 dur:41.000ms, clock:1.028 level:100
2026-03-06 17:07:30.254 T:2215 debug : CVideoPlayer::ProcessVideoData size:6335 dts:68.318 pts:68.360 dur:41.000ms, clock:1.028 level:100
2026-03-06 17:07:30.272 T:2219 debug : CVideoPlayerVideo::OutputPicture - ttd:497ms pts:1.543 Clock:1.045 Level:7
2026-03-06 17:07:30.276 T:2219 debug : CVideoPlayerVideo::OutputPicture - ttd:535ms pts:1.585 Clock:1.050 Level:8
2026-03-06 17:07:30.314 T:2219 debug : CVideoPlayerVideo::OutputPicture - ttd:539ms pts:1.627 Clock:1.087 Level:8
2026-03-06 17:07:30.355 T:2219 debug : CVideoPlayerVideo::OutputPicture - ttd:539ms pts:1.668 Clock:1.129 Level:8
2026-03-06 17:07:30.356 T:2215 debug : CVideoPlayer::ProcessVideoData size:115295 dts:68.360 pts:68.610 dur:41.000ms, clock:1.130 level:100
2026-03-06 17:07:30.356 T:2215 debug : CVideoPlayer::ProcessVideoData size:23717 dts:68.402 pts:68.527 dur:41.000ms, clock:1.130 level:100
2026-03-06 17:07:30.356 T:2215 debug : CVideoPlayer::ProcessVideoData size:9102 dts:68.443 pts:68.443 dur:41.000ms, clock:1.130 level:100
2026-03-06 17:07:30.356 T:2215 debug : CVideoPlayer::ProcessVideoData size:7133 dts:68.485 pts:68.485 dur:41.000ms, clock:1.130 level:100
2026-03-06 17:07:30.356 T:2215 debug : CVideoPlayer::ProcessVideoData size:7963 dts:68.527 pts:68.568 dur:41.000ms, clock:1.130 level:100
2026-03-06 17:07:30.397 T:2219 debug : CVideoPlayerVideo::OutputPicture - ttd:539ms pts:1.710 Clock:1.171 Level:8
2026-03-06 17:07:30.439 T:2219 debug : CVideoPlayerVideo::OutputPicture - ttd:539ms pts:1.752 Clock:1.212 Level:8
2026-03-06 17:07:30.480 T:2219 debug : CVideoPlayerVideo::OutputPicture - ttd:538ms pts:1.793 Clock:1.254 Level:8
2026-03-06 17:07:30.500 T:2215 debug : CVideoPlayer::ProcessVideoData size:94866 dts:68.568 pts:68.735 dur:41.000ms, clock:1.274 level:100
2026-03-06 17:07:30.500 T:2215 debug : CVideoPlayer::ProcessVideoData size:14944 dts:68.610 pts:68.694 dur:41.000ms, clock:1.274 level:100
2026-03-06 17:07:30.500 T:2215 debug : CVideoPlayer::ProcessVideoData size:6859 dts:68.652 pts:68.652 dur:41.000ms, clock:1.274 level:100
2026-03-06 17:07:30.524 T:2219 debug : CVideoPlayerVideo::OutputPicture - ttd:537ms pts:1.835 Clock:1.297 Level:8
2026-03-06 17:07:30.563 T:2219 debug : CVideoPlayerVideo::OutputPicture - ttd:539ms pts:1.877 Clock:1.337 Level:8
2026-03-06 17:07:30.602 T:2215 debug : CVideoPlayer::ProcessVideoData size:117737 dts:68.694 pts:68.902 dur:41.000ms, clock:1.375 level:100
2026-03-06 17:07:30.602 T:2215 debug : CVideoPlayer::ProcessVideoData size:23332 dts:68.735 pts:68.819 dur:41.000ms, clock:1.375 level:100
2026-03-06 17:07:30.602 T:2215 debug : CVideoPlayer::ProcessVideoData size:5824 dts:68.777 pts:68.777 dur:41.000ms, clock:1.375 level:100
2026-03-06 17:07:30.602 T:2215 debug : CVideoPlayer::ProcessVideoData size:9642 dts:68.819 pts:68.860 dur:41.000ms, clock:1.375 level:100
2026-03-06 17:07:30.606 T:2219 debug : CVideoPlayerVideo::OutputPicture - ttd:539ms pts:1.919 Clock:1.380 Level:8
2026-03-06 17:07:30.649 T:2219 debug : CVideoPlayerVideo::OutputPicture - ttd:537ms pts:1.960 Clock:1.423 Level:8
2026-03-06 17:07:30.689 T:2219 debug : CVideoPlayerVideo::OutputPicture - ttd:539ms pts:2.002 Clock:1.462 Level:8
2026-03-06 17:07:30.733 T:2219 debug : CVideoPlayerVideo::OutputPicture - ttd:537ms pts:2.044 Clock:1.506 Level:8
2026-03-06 17:07:30.754 T:2215 debug : CVideoPlayer::ProcessVideoData size:111050 dts:68.860 pts:69.069 dur:41.000ms, clock:1.528 level:100
2026-03-06 17:07:30.754 T:2215 debug : CVideoPlayer::ProcessVideoData size:23743 dts:68.902 pts:68.986 dur:41.000ms, clock:1.528 level:100
2026-03-06 17:07:30.754 T:2215 debug : CVideoPlayer::ProcessVideoData size:5549 dts:68.944 pts:68.944 dur:41.000ms, clock:1.528 level:100
2026-03-06 17:07:30.754 T:2215 debug : CVideoPlayer::ProcessVideoData size:5976 dts:68.986 pts:69.027 dur:41.000ms, clock:1.528 level:100
2026-03-06 17:07:30.772 T:2219 debug : CVideoPlayerVideo::OutputPicture - ttd:538ms pts:2.085 Clock:1.546 Level:8
2026-03-06 17:07:30.814 T:2219 debug : CVideoPlayerVideo::OutputPicture - ttd:539ms pts:2.127 Clock:1.588 Level:8
2026-03-06 17:07:30.856 T:2215 debug : CVideoPlayer::ProcessVideoData size:120385 dts:69.027 pts:69.278 dur:41.000ms, clock:1.629 level:100
2026-03-06 17:07:30.856 T:2215 debug : CVideoPlayer::ProcessVideoData size:15061 dts:69.069 pts:69.194 dur:41.000ms, clock:1.629 level:100
2026-03-06 17:07:30.856 T:2215 debug : CVideoPlayer::ProcessVideoData size:8802 dts:69.111 pts:69.111 dur:41.000ms, clock:1.629 level:100
2026-03-06 17:07:30.856 T:2215 debug : CVideoPlayer::ProcessVideoData size:8403 dts:69.152 pts:69.152 dur:41.000ms, clock:1.629 level:100
2026-03-06 17:07:30.856 T:2215 debug : CVideoPlayer::ProcessVideoData size:7691 dts:69.194 pts:69.236 dur:41.000ms, clock:1.629 level:100
2026-03-06 17:07:30.857 T:2219 debug : CVideoPlayerVideo::OutputPicture - ttd:538ms pts:2.169 Clock:1.631 Level:8
2026-03-06 17:07:30.898 T:2219 debug : CVideoPlayerVideo::OutputPicture - ttd:539ms pts:2.211 Clock:1.671 Level:8
2026-03-06 17:07:30.939 T:2219 debug : CVideoPlayerVideo::OutputPicture - ttd:538ms pts:2.252 Clock:1.713 Level:8
2026-03-06 17:07:30.947 T:2215 debug : CVideoPlayer::ProcessVideoData size:106788 dts:69.236 pts:69.444 dur:41.000ms, clock:1.721 level:100
2026-03-06 17:07:30.947 T:2215 debug : CVideoPlayer::ProcessVideoData size:22269 dts:69.278 pts:69.361 dur:41.000ms, clock:1.721 level:100
2026-03-06 17:07:30.947 T:2215 debug : CVideoPlayer::ProcessVideoData size:5453 dts:69.319 pts:69.319 dur:41.000ms, clock:1.721 level:100
2026-03-06 17:07:30.947 T:2215 debug : CVideoPlayer::ProcessVideoData size:5973 dts:69.361 pts:69.403 dur:41.000ms, clock:1.721 level:100
2026-03-06 17:07:30.983 T:2219 debug : CVideoPlayerVideo::OutputPicture - ttd:537ms pts:2.294 Clock:1.756 Level:8
2026-03-06 17:07:31.023 T:2219 debug : CVideoPlayerVideo::OutputPicture - ttd:538ms pts:2.336 Clock:1.797 Level:8
2026-03-06 17:07:31.064 T:2219 debug : CVideoPlayerVideo::OutputPicture - ttd:539ms pts:2.377 Clock:1.838 Level:8
2026-03-06 17:07:31.100 T:2215 debug : CVideoPlayer::ProcessVideoData size:122093 dts:69.403 pts:69.653 dur:41.000ms, clock:1.873 level:100
2026-03-06 17:07:31.100 T:2215 debug : CVideoPlayer::ProcessVideoData size:15312 dts:69.444 pts:69.569 dur:41.000ms, clock:1.874 level:100
2026-03-06 17:07:31.100 T:2215 debug : CVideoPlayer::ProcessVideoData size:8493 dts:69.486 pts:69.486 dur:41.000ms, clock:1.874 level:100
2026-03-06 17:07:31.100 T:2215 debug : CVideoPlayer::ProcessVideoData size:8338 dts:69.528 pts:69.528 dur:41.000ms, clock:1.874 level:100
2026-03-06 17:07:31.100 T:2215 debug : CVideoPlayer::ProcessVideoData size:7930 dts:69.569 pts:69.611 dur:41.000ms, clock:1.874 level:100
2026-03-06 17:07:31.106 T:2219 debug : CVideoPlayerVideo::OutputPicture - ttd:539ms pts:2.419 Clock:1.879 Level:8
2026-03-06 17:07:31.148 T:2219 debug : CVideoPlayerVideo::OutputPicture - ttd:539ms pts:2.461 Clock:1.922 Level:8
2026-03-06 17:07:31.190 T:2219 debug : CVideoPlayerVideo::OutputPicture - ttd:538ms pts:2.502 Clock:1.964 Level:8
2026-03-06 17:07:31.202 T:2215 debug : CVideoPlayer::ProcessVideoData size:122773 dts:69.611 pts:69.820 dur:41.000ms, clock:1.975 level:100
2026-03-06 17:07:31.202 T:2215 debug : CVideoPlayer::ProcessVideoData size:24023 dts:69.653 pts:69.736 dur:41.000ms, clock:1.975 level:100
2026-03-06 17:07:31.202 T:2215 debug : CVideoPlayer::ProcessVideoData size:5577 dts:69.695 pts:69.695 dur:41.000ms, clock:1.975 level:100
2026-03-06 17:07:31.202 T:2215 debug : CVideoPlayer::ProcessVideoData size:8886 dts:69.736 pts:69.778 dur:41.000ms, clock:1.975 level:100
2026-03-06 17:07:31.232 T:2219 debug : CVideoPlayerVideo::OutputPicture - ttd:538ms pts:2.544 Clock:2.005 Level:8
2026-03-06 17:07:31.273 T:2219 debug : CVideoPlayerVideo::OutputPicture - ttd:538ms pts:2.586 Clock:2.047 Level:8
2026-03-06 17:07:31.316 T:2219 debug : CVideoPlayerVideo::OutputPicture - ttd:538ms pts:2.628 Clock:2.090 Level:8
2026-03-06 17:07:31.354 T:2215 debug : CVideoPlayer::ProcessVideoData size:112389 dts:69.778 pts:69.987 dur:41.000ms, clock:2.127 level:100
2026-03-06 17:07:31.354 T:2215 debug : CVideoPlayer::ProcessVideoData size:22818 dts:69.820 pts:69.903 dur:41.000ms, clock:2.127 level:100
2026-03-06 17:07:31.354 T:2215 debug : CVideoPlayer::ProcessVideoData size:5730 dts:69.861 pts:69.861 dur:41.000ms, clock:2.128 level:100
2026-03-06 17:07:31.354 T:2215 debug : CVideoPlayer::ProcessVideoData size:5888 dts:69.903 pts:69.945 dur:41.000ms, clock:2.128 level:100
2026-03-06 17:07:31.356 T:2219 debug : CVideoPlayerVideo::OutputPicture - ttd:539ms pts:2.669 Clock:2.130 Level:8
2026-03-06 17:07:31.400 T:2219 debug : CVideoPlayerVideo::OutputPicture - ttd:537ms pts:2.711 Clock:2.174 Level:8
2026-03-06 17:07:31.439 T:2219 debug : CVideoPlayerVideo::OutputPicture - ttd:539ms pts:2.753 Clock:2.213 Level:8
2026-03-06 17:07:31.455 T:2215 debug : CVideoPlayer::ProcessVideoData size:124916 dts:69.945 pts:70.195 dur:41.000ms, clock:2.229 level:100
2026-03-06 17:07:31.456 T:2215 debug : CVideoPlayer::ProcessVideoData size:22226 dts:69.987 pts:70.112 dur:41.000ms, clock:2.229 level:100
2026-03-06 17:07:31.456 T:2215 debug : CVideoPlayer::ProcessVideoData size:8230 dts:70.028 pts:70.028 dur:41.000ms, clock:2.229 level:100
2026-03-06 17:07:31.456 T:2215 debug : CVideoPlayer::ProcessVideoData size:8357 dts:70.070 pts:70.070 dur:41.000ms, clock:2.229 level:100
2026-03-06 17:07:31.456 T:2215 debug : CVideoPlayer::ProcessVideoData size:7580 dts:70.112 pts:70.153 dur:41.000ms, clock:2.229 level:100
2026-03-06 17:07:31.481 T:2219 debug : CVideoPlayerVideo::OutputPicture - ttd:538ms pts:2.794 Clock:2.255 Level:8
2026-03-06 17:07:31.523 T:2219 debug : CVideoPlayerVideo::OutputPicture - ttd:539ms pts:2.836 Clock:2.297 Level:8
2026-03-06 17:07:31.547 T:2215 debug : CVideoPlayer::ProcessVideoData size:92423 dts:70.153 pts:70.320 dur:41.000ms, clock:2.321 level:100
2026-03-06 17:07:31.547 T:2215 debug : CVideoPlayer::ProcessVideoData size:20435 dts:70.195 pts:70.279 dur:41.000ms, clock:2.321 level:100
2026-03-06 17:07:31.547 T:2215 debug : CVideoPlayer::ProcessVideoData size:5494 dts:70.237 pts:70.237 dur:41.000ms, clock:2.321 level:100
2026-03-06 17:07:31.548 T:2215 debug : CVideoPlayer::ProcessVideoData size:219219 dts:70.279 pts:70.362 dur:41.000ms, clock:2.321 level:100
2026-03-06 17:07:31.565 T:2219 debug : CVideoPlayerVideo::OutputPicture - ttd:539ms pts:2.878 Clock:2.339 Level:8
2026-03-06 17:07:31.607 T:2219 debug : CVideoPlayerVideo::OutputPicture - ttd:539ms pts:2.920 Clock:2.381 Level:8
2026-03-06 17:07:31.650 T:2219 debug : CVideoPlayerVideo::OutputPicture - ttd:537ms pts:2.961 Clock:2.423 Level:8
2026-03-06 17:07:31.690 T:2219 debug : CVideoPlayerVideo::OutputPicture - ttd:538ms pts:3.003 Clock:2.464 Level:8
2026-03-06 17:07:31.731 T:2219 debug : CVideoPlayerVideo::OutputPicture - ttd:540ms pts:3.045 Clock:2.505 Level:8
2026-03-06 17:07:31.751 T:2215 debug : CVideoPlayer::ProcessVideoData size:120493 dts:70.320 pts:70.570 dur:41.000ms, clock:2.524 level:100
2026-03-06 17:07:31.751 T:2215 debug : CVideoPlayer::ProcessVideoData size:25611 dts:70.362 pts:70.487 dur:41.000ms, clock:2.524 level:100
2026-03-06 17:07:31.751 T:2215 debug : CVideoPlayer::ProcessVideoData size:8366 dts:70.404 pts:70.404 dur:41.000ms, clock:2.524 level:100
2026-03-06 17:07:31.751 T:2215 debug : CVideoPlayer::ProcessVideoData size:7698 dts:70.445 pts:70.445 dur:41.000ms, clock:2.524 level:100
2026-03-06 17:07:31.751 T:2215 debug : CVideoPlayer::ProcessVideoData size:7116 dts:70.487 pts:70.529 dur:41.000ms, clock:2.525 level:100
2026-03-06 17:07:31.773 T:2219 debug : CVideoPlayerVideo::OutputPicture - ttd:538ms pts:3.086 Clock:2.547 Level:8
2026-03-06 17:07:31.817 T:2219 debug : CVideoPlayerVideo::OutputPicture - ttd:537ms pts:3.128 Clock:2.590 Level:8
2026-03-06 17:07:31.857 T:2219 debug : CVideoPlayerVideo::OutputPicture - ttd:539ms pts:3.170 Clock:2.631 Level:8
2026-03-06 17:07:31.899 T:2219 debug : CVideoPlayerVideo::OutputPicture - ttd:539ms pts:3.212 Clock:2.673 Level:8
2026-03-06 17:07:31.903 T:2215 debug : CVideoPlayer::ProcessVideoData size:124887 dts:70.529 pts:70.737 dur:41.000ms, clock:2.677 level:100
2026-03-06 17:07:31.903 T:2215 debug : CVideoPlayer::ProcessVideoData size:23075 dts:70.570 pts:70.654 dur:41.000ms, clock:2.677 level:100
2026-03-06 17:07:31.903 T:2215 debug : CVideoPlayer::ProcessVideoData size:5343 dts:70.612 pts:70.612 dur:41.000ms, clock:2.677 level:100
2026-03-06 17:07:31.903 T:2215 debug : CVideoPlayer::ProcessVideoData size:8622 dts:70.654 pts:70.696 dur:41.000ms, clock:2.677 level:100
2026-03-06 17:07:31.940 T:2219 debug : CVideoPlayerVideo::OutputPicture - ttd:538ms pts:3.253 Clock:2.714 Level:8
2026-03-06 17:07:31.982 T:2219 debug : CVideoPlayerVideo::OutputPicture - ttd:539ms pts:3.295 Clock:2.756 Level:8
2026-03-06 17:07:32.005 T:2215 debug : CVideoPlayer::ProcessVideoData size:118430 dts:70.696 pts:70.904 dur:41.000ms, clock:2.778 level:100
2026-03-06 17:07:32.005 T:2215 debug : CVideoPlayer::ProcessVideoData size:23074 dts:70.737 pts:70.821 dur:41.000ms, clock:2.778 level:100
2026-03-06 17:07:32.005 T:2215 debug : CVideoPlayer::ProcessVideoData size:5324 dts:70.779 pts:70.779 dur:41.000ms, clock:2.778 level:100
2026-03-06 17:07:32.005 T:2215 debug : CVideoPlayer::ProcessVideoData size:5644 dts:70.821 pts:70.862 dur:41.000ms, clock:2.778 level:100
2026-03-06 17:07:32.024 T:2219 debug : CVideoPlayerVideo::OutputPicture - ttd:539ms pts:3.337 Clock:2.798 Level:8
2026-03-06 17:07:32.066 T:2219 debug : CVideoPlayerVideo::OutputPicture - ttd:538ms pts:3.378 Clock:2.839 Level:8
2026-03-06 17:07:32.107 T:2215 debug : CVideoPlayer::ProcessVideoData size:130702 dts:70.862 pts:71.113 dur:41.000ms, clock:2.880 level:100
2026-03-06 17:07:32.107 T:2215 debug : CVideoPlayer::ProcessVideoData size:24493 dts:70.904 pts:71.029 dur:41.000ms, clock:2.880 level:100
2026-03-06 17:07:32.107 T:2215 debug : CVideoPlayer::ProcessVideoData size:8509 dts:70.946 pts:70.946 dur:41.000ms, clock:2.880 level:100
2026-03-06 17:07:32.107 T:2215 debug : CVideoPlayer::ProcessVideoData size:7902 dts:70.988 pts:70.988 dur:41.000ms, clock:2.880 level:100
2026-03-06 17:07:32.107 T:2215 debug : CVideoPlayer::ProcessVideoData size:6796 dts:71.029 pts:71.071 dur:41.000ms, clock:2.880 level:100
2026-03-06 17:07:32.109 T:2219 debug : CVideoPlayerVideo::OutputPicture - ttd:537ms pts:3.420 Clock:2.882 Level:8
2026-03-06 17:07:32.150 T:2219 debug : CVideoPlayerVideo::OutputPicture - ttd:538ms pts:3.462 Clock:2.924 Level:8
2026-03-06 17:07:32.191 T:2219 debug : CVideoPlayerVideo::OutputPicture - ttd:538ms pts:3.503 Clock:2.965 Level:8
2026-03-06 17:07:32.198 T:2215 debug : CVideoPlayer::ProcessVideoData size:118919 dts:71.071 pts:71.280 dur:41.000ms, clock:2.972 level:100
2026-03-06 17:07:32.198 T:2215 debug : CVideoPlayer::ProcessVideoData size:23447 dts:71.113 pts:71.196 dur:41.000ms, clock:2.972 level:100
2026-03-06 17:07:32.198 T:2215 debug : CVideoPlayer::ProcessVideoData size:5081 dts:71.154 pts:71.154 dur:41.000ms, clock:2.972 level:100
2026-03-06 17:07:32.198 T:2215 debug : CVideoPlayer::ProcessVideoData size:5492 dts:71.196 pts:71.238 dur:41.000ms, clock:2.972 level:100
2026-03-06 17:07:32.232 T:2219 debug : CVideoPlayerVideo::OutputPicture - ttd:538ms pts:3.545 Clock:3.006 Level:8
2026-03-06 17:07:32.274 T:2219 debug : CVideoPlayerVideo::OutputPicture - ttd:539ms pts:3.587 Clock:3.048 Level:8
2026-03-06 17:07:32.316 T:2219 debug : CVideoPlayerVideo::OutputPicture - ttd:539ms pts:3.629 Clock:3.089 Level:8
2026-03-06 17:07:32.350 T:2215 debug : CVideoPlayer::ProcessVideoData size:131028 dts:71.238 pts:71.488 dur:41.000ms, clock:3.124 level:100
2026-03-06 17:07:32.350 T:2215 debug : CVideoPlayer::ProcessVideoData size:24600 dts:71.280 pts:71.405 dur:41.000ms, clock:3.124 level:100
2026-03-06 17:07:32.350 T:2215 debug : CVideoPlayer::ProcessVideoData size:8230 dts:71.321 pts:71.321 dur:41.000ms, clock:3.124 level:100
2026-03-06 17:07:32.350 T:2215 debug : CVideoPlayer::ProcessVideoData size:7786 dts:71.363 pts:71.363 dur:41.000ms, clock:3.124 level:100
2026-03-06 17:07:32.350 T:2215 debug : CVideoPlayer::ProcessVideoData size:6693 dts:71.405 pts:71.446 dur:41.000ms, clock:3.124 level:100
2026-03-06 17:07:32.358 T:2219 debug : CVideoPlayerVideo::OutputPicture - ttd:538ms pts:3.670 Clock:3.132 Level:8
2026-03-06 17:07:32.401 T:2219 debug : CVideoPlayerVideo::OutputPicture - ttd:537ms pts:3.712 Clock:3.174 Level:8
2026-03-06 17:07:32.441 T:2219 debug : CVideoPlayerVideo::OutputPicture - ttd:539ms pts:3.754 Clock:3.215 Level:8
2026-03-06 17:07:32.484 T:2219 debug : CVideoPlayerVideo::OutputPicture - ttd:537ms pts:3.795 Clock:3.258 Level:8
2026-03-06 17:07:32.502 T:2215 debug : CVideoPlayer::ProcessVideoData size:131333 dts:71.446 pts:71.655 dur:41.000ms, clock:3.276 level:100
2026-03-06 17:07:32.502 T:2215 debug : CVideoPlayer::ProcessVideoData size:23049 dts:71.488 pts:71.571 dur:41.000ms, clock:3.276 level:100
2026-03-06 17:07:32.502 T:2215 debug : CVideoPlayer::ProcessVideoData size:4609 dts:71.530 pts:71.530 dur:41.000ms, clock:3.276 level:100
2026-03-06 17:07:32.502 T:2215 debug : CVideoPlayer::ProcessVideoData size:8050 dts:71.571 pts:71.613 dur:41.000ms, clock:3.276 level:100
2026-03-06 17:07:32.524 T:2219 debug : CVideoPlayerVideo::OutputPicture - ttd:539ms pts:3.837 Clock:3.297 Level:8
2026-03-06 17:07:32.566 T:2219 debug : CVideoPlayerVideo::OutputPicture - ttd:539ms pts:3.879 Clock:3.339 Level:8
2026-03-06 17:07:32.604 T:2215 debug : CVideoPlayer::ProcessVideoData size:119484 dts:71.613 pts:71.822 dur:41.000ms, clock:3.378 level:100
2026-03-06 17:07:32.604 T:2215 debug : CVideoPlayer::ProcessVideoData size:22264 dts:71.655 pts:71.738 dur:41.000ms, clock:3.378 level:100
2026-03-06 17:07:32.604 T:2215 debug : CVideoPlayer::ProcessVideoData size:4775 dts:71.697 pts:71.697 dur:41.000ms, clock:3.378 level:100
2026-03-06 17:07:32.604 T:2215 debug : CVideoPlayer::ProcessVideoData size:4747 dts:71.738 pts:71.780 dur:41.000ms, clock:3.378 level:100
2026-03-06 17:07:32.607 T:2219 debug : CVideoPlayerVideo::OutputPicture - ttd:539ms pts:3.921 Clock:3.381 Level:8
2026-03-06 17:07:32.649 T:2219 debug : CVideoPlayerVideo::OutputPicture - ttd:539ms pts:3.962 Clock:3.423 Level:8
2026-03-06 17:07:32.691 T:2219 debug : CVideoPlayerVideo::OutputPicture - ttd:539ms pts:4.004 Clock:3.465 Level:8
2026-03-06 17:07:32.705 T:2215 debug : CVideoPlayer::ProcessVideoData size:134019 dts:71.780 pts:72.030 dur:41.000ms, clock:3.479 level:100
2026-03-06 17:07:32.706 T:2215 debug : CVideoPlayer::ProcessVideoData size:24435 dts:71.822 pts:71.947 dur:41.000ms, clock:3.479 level:100
2026-03-06 17:07:32.706 T:2215 debug : CVideoPlayer::ProcessVideoData size:7081 dts:71.863 pts:71.863 dur:41.000ms, clock:3.479 level:100
2026-03-06 17:07:32.706 T:2215 debug : CVideoPlayer::ProcessVideoData size:6736 dts:71.905 pts:71.905 dur:41.000ms, clock:3.479 level:100
2026-03-06 17:07:32.706 T:2215 debug : CVideoPlayer::ProcessVideoData size:6211 dts:71.947 pts:71.989 dur:41.000ms, clock:3.479 level:100
2026-03-06 17:07:32.732 T:2219 debug : CVideoPlayerVideo::OutputPicture - ttd:540ms pts:4.046 Clock:3.506 Level:8
2026-03-06 17:07:32.774 T:2219 debug : CVideoPlayerVideo::OutputPicture - ttd:539ms pts:4.087 Clock:3.548 Level:8
2026-03-06 17:07:32.797 T:2215 debug : CVideoPlayer::ProcessVideoData size:121354 dts:71.989 pts:72.197 dur:41.000ms, clock:3.571 level:100
2026-03-06 17:07:32.797 T:2215 debug : CVideoPlayer::ProcessVideoData size:21295 dts:72.030 pts:72.114 dur:41.000ms, clock:3.571 level:100
2026-03-06 17:07:32.797 T:2215 debug : CVideoPlayer::ProcessVideoData size:3979 dts:72.072 pts:72.072 dur:41.000ms, clock:3.571 level:100
2026-03-06 17:07:32.797 T:2215 debug : CVideoPlayer::ProcessVideoData size:4198 dts:72.114 pts:72.155 dur:41.000ms, clock:3.571 level:100
2026-03-06 17:07:32.816 T:2219 debug : CVideoPlayerVideo::OutputPicture - ttd:538ms pts:4.129 Clock:3.590 Level:8
2026-03-06 17:07:32.858 T:2219 debug : CVideoPlayerVideo::OutputPicture - ttd:539ms pts:4.171 Clock:3.632 Level:8
2026-03-06 17:07:32.901 T:2219 debug : CVideoPlayerVideo::OutputPicture - ttd:538ms pts:4.213 Clock:3.675 Level:8
2026-03-06 17:07:32.942 T:2219 debug : CVideoPlayerVideo::OutputPicture - ttd:538ms pts:4.254 Clock:3.716 Level:8
2026-03-06 17:07:32.949 T:2215 debug : CVideoPlayer::ProcessVideoData size:130961 dts:72.155 pts:72.406 dur:41.000ms, clock:3.723 level:100
2026-03-06 17:07:32.949 T:2215 debug : CVideoPlayer::ProcessVideoData size:22296 dts:72.197 pts:72.322 dur:41.000ms, clock:3.723 level:100
2026-03-06 17:07:32.949 T:2215 debug : CVideoPlayer::ProcessVideoData size:6446 dts:72.239 pts:72.239 dur:41.000ms, clock:3.723 level:100
2026-03-06 17:07:32.949 T:2215 debug : CVideoPlayer::ProcessVideoData size:6067 dts:72.281 pts:72.281 dur:41.000ms, clock:3.723 level:100
2026-03-06 17:07:32.949 T:2215 debug : CVideoPlayer::ProcessVideoData size:5618 dts:72.322 pts:72.364 dur:41.000ms, clock:3.723 level:100
2026-03-06 17:07:32.985 T:2219 debug : CVideoPlayerVideo::OutputPicture - ttd:537ms pts:4.296 Clock:3.759 Level:8
2026-03-06 17:07:33.025 T:2219 debug : CVideoPlayerVideo::OutputPicture - ttd:539ms pts:4.338 Clock:3.798 Level:8
2026-03-06 17:07:33.051 T:2215 debug : CVideoPlayer::ProcessVideoData size:129478 dts:72.364 pts:72.572 dur:41.000ms, clock:3.824 level:100
2026-03-06 17:07:33.051 T:2215 debug : CVideoPlayer::ProcessVideoData size:18958 dts:72.406 pts:72.489 dur:41.000ms, clock:3.824 level:100
2026-03-06 17:07:33.051 T:2215 debug : CVideoPlayer::ProcessVideoData size:4057 dts:72.447 pts:72.447 dur:41.000ms, clock:3.825 level:100
2026-03-06 17:07:33.051 T:2215 debug : CVideoPlayer::ProcessVideoData size:6601 dts:72.489 pts:72.531 dur:41.000ms, clock:3.825 level:100
2026-03-06 17:07:33.067 T:2219 debug : CVideoPlayerVideo::OutputPicture - ttd:538ms pts:4.379 Clock:3.841 Level:8
2026-03-06 17:07:33.109 T:2219 debug : CVideoPlayerVideo::OutputPicture - ttd:538ms pts:4.421 Clock:3.882 Level:8
2026-03-06 17:07:33.152 T:2219 debug : CVideoPlayerVideo::OutputPicture - ttd:537ms pts:4.463 Clock:3.925 Level:8
2026-03-06 17:07:33.152 T:2215 debug : CVideoPlayer::ProcessVideoData size:121504 dts:72.531 pts:72.739 dur:41.000ms, clock:3.926 level:100
2026-03-06 17:07:33.152 T:2215 debug : CVideoPlayer::ProcessVideoData size:20078 dts:72.572 pts:72.656 dur:41.000ms, clock:3.926 level:100
2026-03-06 17:07:33.152 T:2215 debug : CVideoPlayer::ProcessVideoData size:3916 dts:72.614 pts:72.614 dur:41.000ms, clock:3.926 level:100
2026-03-06 17:07:33.153 T:2215 debug : CVideoPlayer::ProcessVideoData size:3862 dts:72.656 pts:72.698 dur:41.000ms, clock:3.926 level:100
2026-03-06 17:07:33.192 T:2219 debug : CVideoPlayerVideo::OutputPicture - ttd:538ms pts:4.504 Clock:3.966 Level:8
2026-03-06 17:07:33.235 T:2219 debug : CVideoPlayerVideo::OutputPicture - ttd:537ms pts:4.546 Clock:4.009 Level:8
2026-03-06 17:07:33.254 T:2215 debug : CVideoPlayer::ProcessVideoData size:134311 dts:72.698 pts:72.948 dur:41.000ms, clock:4.028 level:100
2026-03-06 17:07:33.254 T:2215 debug : CVideoPlayer::ProcessVideoData size:21546 dts:72.739 pts:72.864 dur:41.000ms, clock:4.028 level:100
2026-03-06 17:07:33.254 T:2215 debug : CVideoPlayer::ProcessVideoData size:6107 dts:72.781 pts:72.781 dur:41.000ms, clock:4.028 level:100
2026-03-06 17:07:33.254 T:2215 debug : CVideoPlayer::ProcessVideoData size:5763 dts:72.823 pts:72.823 dur:41.000ms, clock:4.028 level:100
2026-03-06 17:07:33.254 T:2215 debug : CVideoPlayer::ProcessVideoData size:4880 dts:72.864 pts:72.906 dur:41.000ms, clock:4.028 level:100
2026-03-06 17:07:33.255 T:2215 debug : CVideoPlayer::ProcessVideoData size:121807 dts:72.906 pts:73.115 dur:41.000ms, clock:4.028 level:100
2026-03-06 17:07:33.255 T:2215 debug : CVideoPlayer::ProcessVideoData size:18735 dts:72.948 pts:73.031 dur:41.000ms, clock:4.028 level:100
2026-03-06 17:07:33.255 T:2215 debug : CVideoPlayer::ProcessVideoData size:3331 dts:72.990 pts:72.990 dur:41.000ms, clock:4.028 level:100
2026-03-06 17:07:33.255 T:2215 debug : CVideoPlayer::ProcessVideoData size:3267 dts:73.031 pts:73.073 dur:41.000ms, clock:4.028 level:100
2026-03-06 17:07:33.275 T:2219 debug : CVideoPlayerVideo::OutputPicture - ttd:538ms pts:4.588 Clock:4.049 Level:8
2026-03-06 17:07:33.319 T:2219 debug : CVideoPlayerVideo::OutputPicture - ttd:537ms pts:4.630 Clock:4.092 Level:8
2026-03-06 17:07:33.320 T:2219 debug : CVideoPlayerVideo::OutputPicture - ttd:577ms pts:4.671 Clock:4.093 Level:9
2026-03-06 17:07:33.321 T:2219 debug : CVideoPlayerVideo::OutputPicture - ttd:618ms pts:4.713 Clock:4.095 Level:10
2026-03-06 17:07:33.444 T:2219 debug : CVideoPlayerVideo::OutputPicture - ttd:537ms pts:4.755 Clock:4.218 Level:8
2026-03-06 17:07:33.447 T:2215 debug : CVideoPlayer::ProcessVideoData size:136369 dts:73.073 pts:73.323 dur:41.000ms, clock:4.220 level:100
2026-03-06 17:07:33.447 T:2215 debug : CVideoPlayer::ProcessVideoData size:22409 dts:73.115 pts:73.240 dur:41.000ms, clock:4.221 level:100
2026-03-06 17:07:33.447 T:2215 debug : CVideoPlayer::ProcessVideoData size:5560 dts:73.156 pts:73.156 dur:41.000ms, clock:4.221 level:100
2026-03-06 17:07:33.447 T:2215 debug : CVideoPlayer::ProcessVideoData size:5139 dts:73.198 pts:73.198 dur:41.000ms, clock:4.221 level:100
2026-03-06 17:07:33.447 T:2215 debug : CVideoPlayer::ProcessVideoData size:4381 dts:73.240 pts:73.282 dur:41.000ms, clock:4.221 level:100
2026-03-06 17:07:33.484 T:2219 debug : CVideoPlayerVideo::OutputPicture - ttd:538ms pts:4.796 Clock:4.258 Level:8
2026-03-06 17:07:33.525 T:2219 debug : CVideoPlayerVideo::OutputPicture - ttd:539ms pts:4.838 Clock:4.299 Level:8
2026-03-06 17:07:33.567 T:2219 debug : CVideoPlayerVideo::OutputPicture - ttd:539ms pts:4.880 Clock:4.341 Level:8
2026-03-06 17:07:33.598 T:2215 debug : CVideoPlayer::ProcessVideoData size:135182 dts:73.282 pts:73.490 dur:41.000ms, clock:4.372 level:100
2026-03-06 17:07:33.599 T:2215 debug : CVideoPlayer::ProcessVideoData size:18301 dts:73.323 pts:73.407 dur:41.000ms, clock:4.372 level:100
2026-03-06 17:07:33.599 T:2215 debug : CVideoPlayer::ProcessVideoData size:3430 dts:73.365 pts:73.365 dur:41.000ms, clock:4.372 level:100
2026-03-06 17:07:33.599 T:2215 debug : CVideoPlayer::ProcessVideoData size:5282 dts:73.407 pts:73.448 dur:41.000ms, clock:4.372 level:100
2026-03-06 17:07:33.611 T:2219 debug : CVideoPlayerVideo::OutputPicture - ttd:537ms pts:4.922 Clock:4.384 Level:8
2026-03-06 17:07:33.650 T:2219 debug : CVideoPlayerVideo::OutputPicture - ttd:538ms pts:4.963 Clock:4.424 Level:8
2026-03-06 17:07:33.692 T:2219 debug : CVideoPlayerVideo::OutputPicture - ttd:539ms pts:5.005 Clock:4.466 Level:8
2026-03-06 17:07:33.700 T:2215 debug : CVideoPlayer::ProcessVideoData size:122052 dts:73.448 pts:73.657 dur:41.000ms, clock:4.474 level:100
2026-03-06 17:07:33.700 T:2215 debug : CVideoPlayer::ProcessVideoData size:18430 dts:73.490 pts:73.573 dur:41.000ms, clock:4.474 level:100
2026-03-06 17:07:33.700 T:2215 debug : CVideoPlayer::ProcessVideoData size:3041 dts:73.532 pts:73.532 dur:41.000ms, clock:4.474 level:100
2026-03-06 17:07:33.700 T:2215 debug : CVideoPlayer::ProcessVideoData size:3191 dts:73.573 pts:73.615 dur:41.000ms, clock:4.474 level:100
2026-03-06 17:07:33.734 T:2219 debug : CPtsTracker: detected pattern of length 1: 41708.33, frameduration: 41708.333333
2026-03-06 17:07:33.735 T:2219 debug : CVideoPlayerVideo::OutputPicture - ttd:538ms pts:5.047 Clock:4.508 Level:8
2026-03-06 17:07:33.776 T:2219 debug : CVideoPlayerVideo::OutputPicture - ttd:538ms pts:5.088 Clock:4.550 Level:8
2026-03-06 17:07:33.817 T:2219 debug : CVideoPlayerVideo::OutputPicture - ttd:539ms pts:5.130 Clock:4.591 Level:8
2026-03-06 17:07:33.859 T:2219 debug : CVideoPlayerVideo::OutputPicture - ttd:539ms pts:5.172 Clock:4.632 Level:8
2026-03-06 17:07:33.901 T:2219 debug : CVideoPlayerVideo::OutputPicture - ttd:539ms pts:5.214 Clock:4.674 Level:8
2026-03-06 17:07:33.903 T:2215 debug : CVideoPlayer::ProcessVideoData size:137424 dts:73.615 pts:73.865 dur:41.000ms, clock:4.676 level:100
2026-03-06 17:07:33.903 T:2215 debug : CVideoPlayer::ProcessVideoData size:22028 dts:73.657 pts:73.782 dur:41.000ms, clock:4.677 level:100
2026-03-06 17:07:33.903 T:2215 debug : CVideoPlayer::ProcessVideoData size:4792 dts:73.699 pts:73.699 dur:41.000ms, clock:4.677 level:100
2026-03-06 17:07:33.903 T:2215 debug : CVideoPlayer::ProcessVideoData size:4666 dts:73.740 pts:73.740 dur:41.000ms, clock:4.677 level:100
2026-03-06 17:07:33.903 T:2215 debug : CVideoPlayer::ProcessVideoData size:4375 dts:73.782 pts:73.824 dur:41.000ms, clock:4.677 level:100
2026-03-06 17:07:33.943 T:2219 debug : CVideoPlayerVideo::OutputPicture - ttd:538ms pts:5.255 Clock:4.716 Level:8
2026-03-06 17:07:33.985 T:2219 debug : CVideoPlayerVideo::OutputPicture - ttd:538ms pts:5.297 Clock:4.758 Level:8
2026-03-06 17:07:34.026 T:2219 debug : CVideoPlayerVideo::OutputPicture - ttd:538ms pts:5.339 Clock:4.800 Level:8
2026-03-06 17:07:34.055 T:2215 debug : CVideoPlayer::ProcessVideoData size:125962 dts:73.824 pts:74.032 dur:41.000ms, clock:4.828 level:100
2026-03-06 17:07:34.055 T:2215 debug : CVideoPlayer::ProcessVideoData size:18523 dts:73.865 pts:73.949 dur:41.000ms, clock:4.828 level:100
2026-03-06 17:07:34.055 T:2215 debug : CVideoPlayer::ProcessVideoData size:2852 dts:73.907 pts:73.907 dur:41.000ms, clock:4.828 level:100
2026-03-06 17:07:34.055 T:2215 debug : CVideoPlayer::ProcessVideoData size:3005 dts:73.949 pts:73.991 dur:41.000ms, clock:4.829 level:100
2026-03-06 17:07:34.068 T:2219 debug : CVideoPlayerVideo::OutputPicture - ttd:538ms pts:5.380 Clock:4.841 Level:8
2026-03-06 17:07:34.110 T:2219 debug : CVideoPlayerVideo::OutputPicture - ttd:538ms pts:5.422 Clock:4.883 Level:8
2026-03-06 17:07:34.152 T:2219 debug : CVideoPlayerVideo::OutputPicture - ttd:538ms pts:5.464 Clock:4.925 Level:8
2026-03-06 17:07:34.192 T:2219 debug : CVideoPlayerVideo::OutputPicture - ttd:539ms pts:5.505 Clock:4.966 Level:8
2026-03-06 17:07:34.197 T:2215 debug : CVideoPlayer::ProcessVideoData size:137127 dts:73.991 pts:74.241 dur:41.000ms, clock:4.971 level:100
2026-03-06 17:07:34.197 T:2215 debug : CVideoPlayer::ProcessVideoData size:21629 dts:74.032 pts:74.157 dur:41.000ms, clock:4.971 level:100
2026-03-06 17:07:34.197 T:2215 debug : CVideoPlayer::ProcessVideoData size:4858 dts:74.074 pts:74.074 dur:41.000ms, clock:4.971 level:100
2026-03-06 17:07:34.197 T:2215 debug : CVideoPlayer::ProcessVideoData size:4972 dts:74.116 pts:74.116 dur:41.000ms, clock:4.971 level:100
2026-03-06 17:07:34.197 T:2215 debug : CVideoPlayer::ProcessVideoData size:4180 dts:74.157 pts:74.199 dur:41.000ms, clock:4.971 level:100
2026-03-06 17:07:34.235 T:2219 debug : CVideoPlayerVideo::OutputPicture - ttd:538ms pts:5.547 Clock:5.008 Level:8
2026-03-06 17:07:34.276 T:2219 debug : CVideoPlayerVideo::OutputPicture - ttd:539ms pts:5.589 Clock:5.050 Level:8
2026-03-06 17:07:34.318 T:2219 debug : CVideoPlayerVideo::OutputPicture - ttd:538ms pts:5.631 Clock:5.092 Level:8
2026-03-06 17:07:34.349 T:2215 debug : CVideoPlayer::ProcessVideoData size:138432 dts:74.199 pts:74.408 dur:41.000ms, clock:5.123 level:100
2026-03-06 17:07:34.349 T:2215 debug : CVideoPlayer::ProcessVideoData size:18003 dts:74.241 pts:74.324 dur:41.000ms, clock:5.123 level:100
2026-03-06 17:07:34.349 T:2215 debug : CVideoPlayer::ProcessVideoData size:3463 dts:74.283 pts:74.283 dur:41.000ms, clock:5.123 level:100
2026-03-06 17:07:34.349 T:2215 debug : CVideoPlayer::ProcessVideoData size:4956 dts:74.324 pts:74.366 dur:41.000ms, clock:5.123 level:100
2026-03-06 17:07:34.360 T:2219 debug : CVideoPlayerVideo::OutputPicture - ttd:538ms pts:5.672 Clock:5.134 Level:8
2026-03-06 17:07:34.402 T:2219 debug : CVideoPlayerVideo::OutputPicture - ttd:538ms pts:5.714 Clock:5.175 Level:8
2026-03-06 17:07:34.443 T:2219 debug : CVideoPlayerVideo::OutputPicture - ttd:538ms pts:5.756 Clock:5.217 Level:8
2026-03-06 17:07:34.451 T:2215 debug : CVideoPlayer::ProcessVideoData size:124589 dts:74.366 pts:74.574 dur:41.000ms, clock:5.224 level:100
2026-03-06 17:07:34.451 T:2215 debug : CVideoPlayer::ProcessVideoData size:18207 dts:74.408 pts:74.491 dur:41.000ms, clock:5.225 level:100
2026-03-06 17:07:34.451 T:2215 debug : CVideoPlayer::ProcessVideoData size:2762 dts:74.449 pts:74.449 dur:41.000ms, clock:5.225 level:100
2026-03-06 17:07:34.451 T:2215 debug : CVideoPlayer::ProcessVideoData size:3195 dts:74.491 pts:74.533 dur:41.000ms, clock:5.225 level:100
2026-03-06 17:07:34.485 T:2219 debug : CVideoPlayerVideo::OutputPicture - ttd:538ms pts:5.797 Clock:5.259 Level:8
2026-03-06 17:07:34.527 T:2219 debug : CVideoPlayerVideo::OutputPicture - ttd:538ms pts:5.839 Clock:5.300 Level:8
2026-03-06 17:07:34.552 T:2215 debug : CVideoPlayer::ProcessVideoData size:134956 dts:74.533 pts:74.783 dur:41.000ms, clock:5.326 level:100
2026-03-06 17:07:34.552 T:2215 debug : CVideoPlayer::ProcessVideoData size:20946 dts:74.574 pts:74.700 dur:41.000ms, clock:5.326 level:100
2026-03-06 17:07:34.552 T:2215 debug : CVideoPlayer::ProcessVideoData size:4687 dts:74.616 pts:74.616 dur:41.000ms, clock:5.326 level:100
2026-03-06 17:07:34.552 T:2215 debug : CVideoPlayer::ProcessVideoData size:5117 dts:74.658 pts:74.658 dur:41.000ms, clock:5.326 level:100
2026-03-06 17:07:34.552 T:2215 debug : CVideoPlayer::ProcessVideoData size:3927 dts:74.700 pts:74.741 dur:41.000ms, clock:5.326 level:100
2026-03-06 17:07:34.569 T:2219 debug : CVideoPlayerVideo::OutputPicture - ttd:538ms pts:5.881 Clock:5.342 Level:8
2026-03-06 17:07:34.612 T:2219 debug : CVideoPlayerVideo::OutputPicture - ttd:537ms pts:5.923 Clock:5.385 Level:8
2026-03-06 17:07:34.651 T:2219 debug : CVideoPlayerVideo::OutputPicture - ttd:539ms pts:5.964 Clock:5.425 Level:8
2026-03-06 17:07:34.654 T:2215 debug : CVideoPlayer::ProcessVideoData size:120152 dts:74.741 pts:74.950 dur:41.000ms, clock:5.428 level:100
2026-03-06 17:07:34.654 T:2215 debug : CVideoPlayer::ProcessVideoData size:16161 dts:74.783 pts:74.866 dur:41.000ms, clock:5.428 level:100
2026-03-06 17:07:34.654 T:2215 debug : CVideoPlayer::ProcessVideoData size:3181 dts:74.825 pts:74.825 dur:41.000ms, clock:5.428 level:100
2026-03-06 17:07:34.654 T:2215 debug : CVideoPlayer::ProcessVideoData size:3065 dts:74.866 pts:74.908 dur:41.000ms, clock:5.428 level:100
2026-03-06 17:07:34.694 T:2219 debug : CVideoPlayerVideo::OutputPicture - ttd:538ms pts:6.006 Clock:5.467 Level:8
2026-03-06 17:07:34.735 T:2219 debug : CVideoPlayerVideo::OutputPicture - ttd:539ms pts:6.048 Clock:5.509 Level:8
2026-03-06 17:07:34.778 T:2219 debug : CVideoPlayerVideo::OutputPicture - ttd:537ms pts:6.089 Clock:5.552 Level:8
2026-03-06 17:07:34.806 T:2215 debug : CVideoPlayer::ProcessVideoData size:130435 dts:74.908 pts:75.158 dur:41.000ms, clock:5.580 level:100
2026-03-06 17:07:34.806 T:2215 debug : CVideoPlayer::ProcessVideoData size:20027 dts:74.950 pts:75.075 dur:41.000ms, clock:5.580 level:100
2026-03-06 17:07:34.806 T:2215 debug : CVideoPlayer::ProcessVideoData size:4346 dts:74.992 pts:74.992 dur:41.000ms, clock:5.580 level:100
2026-03-06 17:07:34.806 T:2215 debug : CVideoPlayer::ProcessVideoData size:4802 dts:75.033 pts:75.033 dur:41.000ms, clock:5.580 level:100
2026-03-06 17:07:34.806 T:2215 debug : CVideoPlayer::ProcessVideoData size:3962 dts:75.075 pts:75.117 dur:41.000ms, clock:5.580 level:100
2026-03-06 17:07:34.819 T:2219 debug : CVideoPlayerVideo::OutputPicture - ttd:538ms pts:6.131 Clock:5.592 Level:8
2026-03-06 17:07:34.860 T:2219 debug : CVideoPlayerVideo::OutputPicture - ttd:539ms pts:6.173 Clock:5.634 Level:8
2026-03-06 17:07:34.898 T:2215 debug : CVideoPlayer::ProcessVideoData size:131037 dts:75.117 pts:75.325 dur:41.000ms, clock:5.671 level:100
2026-03-06 17:07:34.898 T:2215 debug : CVideoPlayer::ProcessVideoData size:17534 dts:75.158 pts:75.242 dur:41.000ms, clock:5.672 level:100
2026-03-06 17:07:34.898 T:2215 debug : CVideoPlayer::ProcessVideoData size:3321 dts:75.200 pts:75.200 dur:41.000ms, clock:5.672 level:100
2026-03-06 17:07:34.898 T:2215 debug : CVideoPlayer::ProcessVideoData size:4632 dts:75.242 pts:75.284 dur:41.000ms, clock:5.672 level:100
2026-03-06 17:07:34.902 T:2219 debug : CVideoPlayerVideo::OutputPicture - ttd:539ms pts:6.215 Clock:5.675 Level:8
2026-03-06 17:07:34.943 T:2219 debug : CVideoPlayerVideo::OutputPicture - ttd:539ms pts:6.256 Clock:5.717 Level:8
2026-03-06 17:07:34.985 T:2219 debug : CVideoPlayerVideo::OutputPicture - ttd:539ms pts:6.298 Clock:5.759 Level:8
2026-03-06 17:07:34.999 T:2215 debug : CVideoPlayer::ProcessVideoData size:123961 dts:75.284 pts:75.492 dur:41.000ms, clock:5.773 level:100
2026-03-06 17:07:35.000 T:2215 debug : CVideoPlayer::ProcessVideoData size:18541 dts:75.325 pts:75.409 dur:41.000ms, clock:5.773 level:100
2026-03-06 17:07:35.000 T:2215 debug : CVideoPlayer::ProcessVideoData size:2675 dts:75.367 pts:75.367 dur:41.000ms, clock:5.773 level:100
2026-03-06 17:07:35.000 T:2215 debug : CVideoPlayer::ProcessVideoData size:3035 dts:75.409 pts:75.450 dur:41.000ms, clock:5.773 level:100
2026-03-06 17:07:35.027 T:2219 debug : CVideoPlayerVideo::OutputPicture - ttd:538ms pts:6.340 Clock:5.801 Level:8
2026-03-06 17:07:35.068 T:2219 debug : CVideoPlayerVideo::OutputPicture - ttd:539ms pts:6.381 Clock:5.842 Level:8
2026-03-06 17:07:35.101 T:2215 debug : CVideoPlayer::ProcessVideoData size:136904 dts:75.450 pts:75.701 dur:41.000ms, clock:5.875 level:100
2026-03-06 17:07:35.101 T:2215 debug : CVideoPlayer::ProcessVideoData size:21347 dts:75.492 pts:75.617 dur:41.000ms, clock:5.875 level:100
2026-03-06 17:07:35.101 T:2215 debug : CVideoPlayer::ProcessVideoData size:5056 dts:75.534 pts:75.534 dur:41.000ms, clock:5.875 level:100
2026-03-06 17:07:35.101 T:2215 debug : CVideoPlayer::ProcessVideoData size:5145 dts:75.575 pts:75.575 dur:41.000ms, clock:5.875 level:100
2026-03-06 17:07:35.101 T:2215 debug : CVideoPlayer::ProcessVideoData size:4167 dts:75.617 pts:75.659 dur:41.000ms, clock:5.875 level:100
2026-03-06 17:07:35.110 T:2219 debug : CVideoPlayerVideo::OutputPicture - ttd:539ms pts:6.423 Clock:5.884 Level:8
2026-03-06 17:07:35.152 T:2219 debug : CVideoPlayerVideo::OutputPicture - ttd:539ms pts:6.465 Clock:5.925 Level:8
2026-03-06 17:07:35.193 T:2219 debug : CVideoPlayerVideo::OutputPicture - ttd:538ms pts:6.506 Clock:5.967 Level:8
2026-03-06 17:07:35.203 T:2215 debug : CVideoPlayer::ProcessVideoData size:119914 dts:75.659 pts:75.867 dur:41.000ms, clock:5.976 level:100
