2026-03-06 17:07:45.051 T:2215 debug : CVideoPlayer::ProcessVideoData size:129831 dts:655.822 pts:655.947 dur:41.000ms, clock:53.630 level:17
2026-03-06 17:07:45.051 T:2215 debug : CVideoPlayer::ProcessVideoData size:123417 dts:655.864 pts:655.905 dur:41.000ms, clock:53.630 level:17
2026-03-06 17:07:45.051 T:2215 debug : CVideoPlayer::ProcessVideoData size:130927 dts:655.905 pts:656.030 dur:41.000ms, clock:53.630 level:18
2026-03-06 17:07:45.051 T:2215 debug : CVideoPlayer::ProcessVideoData size:109976 dts:655.947 pts:655.989 dur:41.000ms, clock:53.630 level:18
2026-03-06 17:07:45.052 T:2215 debug : CVideoPlayer::ProcessVideoData size:138787 dts:655.989 pts:656.155 dur:41.000ms, clock:53.630 level:19
2026-03-06 17:07:45.052 T:2215 debug : CVideoPlayer::ProcessVideoData size:142566 dts:656.030 pts:656.114 dur:41.000ms, clock:53.630 level:19
2026-03-06 17:07:45.052 T:2215 debug : CVideoPlayer::ProcessVideoData size:128835 dts:656.072 pts:656.072 dur:41.000ms, clock:53.630 level:20
2026-03-06 17:07:45.052 T:2215 debug : CVideoPlayer::ProcessVideoData size:134697 dts:656.114 pts:656.239 dur:41.000ms, clock:53.630 level:20
2026-03-06 17:07:45.052 T:2215 debug : CVideoPlayer::ProcessVideoData size:126363 dts:656.155 pts:656.197 dur:41.000ms, clock:53.630 level:21
2026-03-06 17:07:45.052 T:2215 debug : CVideoPlayer::ProcessVideoData size:134777 dts:656.197 pts:656.281 dur:41.000ms, clock:53.630 level:21
2026-03-06 17:07:45.054 T:2215 debug : CVideoPlayer::ProcessVideoData size:142527 dts:656.239 pts:656.364 dur:41.000ms, clock:53.630 level:21
2026-03-06 17:07:45.055 T:2220 debug : CDVDAudio::Pause - pausing audio stream
2026-03-06 17:07:45.055 T:2215 debug : CVideoPlayer::ProcessVideoData size:120547 dts:656.281 pts:656.322 dur:41.000ms, clock:53.630 level:22
2026-03-06 17:07:45.057 T:2215 debug : CVideoPlayer::ProcessVideoData size:111610 dts:656.322 pts:656.489 dur:41.000ms, clock:53.630 level:22
2026-03-06 17:07:45.059 T:2215 debug : CVideoPlayer::ProcessVideoData size:138131 dts:656.364 pts:656.447 dur:41.000ms, clock:53.630 level:22
2026-03-06 17:07:45.061 T:2215 debug : CVideoPlayer::ProcessVideoData size:121942 dts:656.406 pts:656.406 dur:41.000ms, clock:53.630 level:22
2026-03-06 17:07:45.063 T:2215 debug : CVideoPlayer::ProcessVideoData size:99488 dts:656.447 pts:656.573 dur:41.000ms, clock:53.630 level:23
2026-03-06 17:07:45.064 T:2215 debug : CVideoPlayer::ProcessVideoData size:87664 dts:656.489 pts:656.531 dur:41.000ms, clock:53.630 level:23
2026-03-06 17:07:45.065 T:2220 debug : CVideoPlayerAudio::ProcessDecoderOutput: GetAudioChannelsSink: FL, FR
2026-03-06 17:07:45.069 T:2215 debug : CVideoPlayer::HandleMessages - player started 1
2026-03-06 17:07:45.069 T:2216 debug : virtual void CApplicationPlayerCallback::OnAVChange(): call
2026-03-06 17:07:45.071 T:2215 debug : CVideoPlayer::ProcessVideoData size:115607 dts:656.531 pts:656.698 dur:41.000ms, clock:53.630 level:24
2026-03-06 17:07:45.073 T:2219 debug : CVideoPlayerVideo::OutputPicture - ttd:600814ms pts:654.445 Clock:53.630 Level:0
2026-03-06 17:07:45.073 T:2215 debug : CVideoPlayer::ProcessVideoData size:113232 dts:656.573 pts:656.656 dur:41.000ms, clock:53.630 level:24
2026-03-06 17:07:45.073 T:2215 debug : CVideoPlayer::ProcessVideoData size:92439 dts:656.614 pts:656.614 dur:41.000ms, clock:53.630 level:25
2026-03-06 17:07:45.075 T:2215 debug : CVideoPlayer::ProcessVideoData size:108669 dts:656.656 pts:656.781 dur:41.000ms, clock:53.630 level:26
2026-03-06 17:07:45.077 T:2215 debug : CVideoPlayer::ProcessVideoData size:100675 dts:656.698 pts:656.739 dur:41.000ms, clock:53.630 level:26
2026-03-06 17:07:45.077 T:2215 debug : CVideoPlayer::HandleMessages - player started 2
2026-03-06 17:07:45.077 T:2215 debug : VideoPlayer::Sync - Audio - pts: 654.751, cache: 0.309, totalcache: 0.800, packets:223 level:26
2026-03-06 17:07:45.077 T:2215 debug : VideoPlayer::Sync - Video - pts: 654.445, cache: 0.050, totalcache: 0.100, packets:57 level:27
2026-03-06 17:07:45.077 T:2215 debug : CDVDClock::SetSpeedAdjust - adjusted:0.000000
2026-03-06 17:07:45.077 T:2219 debug : CVideoPlayerVideo - CDVDMsg::GENERAL_RESYNC(654345000.000000)
2026-03-06 17:07:45.077 T:2219 debug : CVideoPlayerVideo - OUTPUT_AGAIN - vfmt, interlace should be checked.
2026-03-06 17:07:45.077 T:2220 debug : CDVDAudio::Resume - resume audio stream
2026-03-06 17:07:45.077 T:2219 debug : CAMLCodec::SetSpeed, speed(1000)
2026-03-06 17:07:45.079 T:1265 debug : ActiveAE - start sync of audio stream
2026-03-06 17:07:45.080 T:2215 debug : CVideoPlayer::ProcessVideoData size:111080 dts:656.739 pts:656.823 dur:41.000ms, clock:654.347 level:26
2026-03-06 17:07:45.081 T:2219 debug : CVideoPlayerVideo - CDVDMsg::DEMUXER_PACKET - checking interlace vfmt: null
2026-03-06 17:07:45.082 T:2215 debug : CVideoPlayer::ProcessVideoData size:117629 dts:656.781 pts:656.906 dur:41.000ms, clock:654.349 level:26
2026-03-06 17:07:45.083 T:2215 debug : CVideoPlayer::ProcessVideoData size:96891 dts:656.823 pts:656.865 dur:41.000ms, clock:654.351 level:27
2026-03-06 17:07:45.085 T:2215 debug : CVideoPlayer::ProcessVideoData size:91721 dts:656.865 pts:656.990 dur:41.000ms, clock:654.353 level:27
2026-03-06 17:07:45.087 T:2215 debug : CVideoPlayer::ProcessVideoData size:85090 dts:656.906 pts:656.948 dur:41.000ms, clock:654.355 level:27
2026-03-06 17:07:45.089 T:2215 debug : CVideoPlayer::ProcessVideoData size:85788 dts:656.948 pts:657.073 dur:41.000ms, clock:654.356 level:27
2026-03-06 17:07:45.089 T:2215 debug : CVideoPlayer::ProcessVideoData size:70539 dts:656.990 pts:657.031 dur:41.000ms, clock:654.357 level:28
2026-03-06 17:07:45.090 T:2219 debug : CVideoPlayerVideo::OutputPicture - ttd:129ms pts:654.487 Clock:654.358 Level:0
2026-03-06 17:07:45.090 T:2215 debug : CVideoPlayer::ProcessVideoData size:91359 dts:657.031 pts:657.156 dur:41.000ms, clock:654.358 level:28
2026-03-06 17:07:45.092 T:2215 debug : CVideoPlayer::ProcessVideoData size:67758 dts:657.073 pts:657.115 dur:41.000ms, clock:654.360 level:28
2026-03-06 17:07:45.094 T:2215 debug : CVideoPlayer::ProcessVideoData size:95449 dts:657.115 pts:657.198 dur:41.000ms, clock:654.362 level:29
2026-03-06 17:07:45.094 T:2215 debug : CVideoPlayer::ProcessVideoData size:101164 dts:657.156 pts:657.240 dur:41.000ms, clock:654.362 level:29
2026-03-06 17:07:45.096 T:2219 debug : CVideoPlayerVideo::OutputPicture - ttd:164ms pts:654.529 Clock:654.364 Level:1
2026-03-06 17:07:45.097 T:2219 debug : CVideoPlayerVideo - CDVDMsg::DEMUXER_PACKET - checking interlace vfmt: null
2026-03-06 17:07:45.097 T:2215 debug : CVideoPlayer::ProcessVideoData size:105661 dts:657.198 pts:657.282 dur:41.000ms, clock:654.365 level:29
2026-03-06 17:07:45.098 T:2215 debug : CVideoPlayer::ProcessVideoData size:111741 dts:657.240 pts:657.323 dur:41.000ms, clock:654.365 level:30
2026-03-06 17:07:45.101 T:2215 debug : CVideoPlayer::ProcessVideoData size:115295 dts:657.282 pts:657.365 dur:41.000ms, clock:654.369 level:30
2026-03-06 17:07:45.101 T:2219 debug : CVideoPlayerVideo::OutputPicture - ttd:202ms pts:654.571 Clock:654.369 Level:2
2026-03-06 17:07:45.101 T:2215 debug : CVideoPlayer::ProcessVideoData size:114228 dts:657.323 pts:657.407 dur:41.000ms, clock:654.369 level:31
2026-03-06 17:07:45.104 T:2215 debug : CVideoPlayer::ProcessVideoData size:109096 dts:657.365 pts:657.448 dur:41.000ms, clock:654.372 level:31
2026-03-06 17:07:45.105 T:2215 debug : CVideoPlayer::ProcessVideoData size:103805 dts:657.407 pts:657.490 dur:41.000ms, clock:654.372 level:31
2026-03-06 17:07:45.106 T:2215 debug : CVideoPlayer::ProcessVideoData size:100640 dts:657.448 pts:657.532 dur:41.000ms, clock:654.374 level:31
2026-03-06 17:07:45.107 T:2219 debug : CVideoPlayerVideo::OutputPicture - ttd:236ms pts:654.612 Clock:654.375 Level:3
2026-03-06 17:07:45.108 T:2215 debug : CVideoPlayer::ProcessVideoData size:103182 dts:657.490 pts:657.574 dur:41.000ms, clock:654.376 level:32
2026-03-06 17:07:45.110 T:2215 debug : CVideoPlayer::ProcessVideoData size:107387 dts:657.532 pts:657.615 dur:41.000ms, clock:654.377 level:32
2026-03-06 17:07:45.111 T:2219 debug : CVideoPlayerVideo::OutputPicture - ttd:275ms pts:654.654 Clock:654.379 Level:4
2026-03-06 17:07:45.111 T:2215 debug : CVideoPlayer::ProcessVideoData size:100476 dts:657.574 pts:657.657 dur:41.000ms, clock:654.379 level:33
2026-03-06 17:07:45.113 T:2215 debug : CVideoPlayer::ProcessVideoData size:94382 dts:657.615 pts:657.699 dur:41.000ms, clock:654.381 level:33
2026-03-06 17:07:45.115 T:2215 debug : CVideoPlayer::ProcessVideoData size:78972 dts:657.657 pts:657.740 dur:41.000ms, clock:654.383 level:33
2026-03-06 17:07:45.115 T:2219 debug : CVideoPlayerVideo::OutputPicture - ttd:312ms pts:654.696 Clock:654.383 Level:5
2026-03-06 17:07:45.118 T:2215 debug : CVideoPlayer::ProcessVideoData size:72469 dts:657.699 pts:657.782 dur:41.000ms, clock:654.386 level:33
2026-03-06 17:07:45.118 T:2215 debug : CVideoPlayer::ProcessVideoData size:57101 dts:657.740 pts:657.824 dur:41.000ms, clock:654.386 level:34
2026-03-06 17:07:45.121 T:2215 debug : CVideoPlayer::ProcessVideoData size:69181 dts:657.782 pts:657.866 dur:41.000ms, clock:654.388 level:34
2026-03-06 17:07:45.121 T:2215 debug : CVideoPlayer::ProcessVideoData size:65960 dts:657.824 pts:657.907 dur:41.000ms, clock:654.388 level:34
2026-03-06 17:07:45.122 T:2215 debug : CVideoPlayer::ProcessVideoData size:81216 dts:657.866 pts:657.949 dur:41.000ms, clock:654.390 level:35
2026-03-06 17:07:45.123 T:2219 debug : CVideoPlayerVideo::OutputPicture - ttd:346ms pts:654.737 Clock:654.390 Level:4
2026-03-06 17:07:45.123 T:2219 debug : CVideoPlayerVideo - CDVDMsg::DEMUXER_PACKET - checking interlace vfmt: null
2026-03-06 17:07:45.124 T:2215 debug : CVideoPlayer::ProcessVideoData size:90610 dts:657.907 pts:657.991 dur:41.000ms, clock:654.391 level:35
2026-03-06 17:07:45.126 T:2215 debug : CVideoPlayer::ProcessVideoData size:109295 dts:657.949 pts:658.074 dur:41.000ms, clock:654.393 level:36
2026-03-06 17:07:45.127 T:2219 debug : CVideoPlayerVideo::OutputPicture - ttd:384ms pts:654.779 Clock:654.395 Level:5
2026-03-06 17:07:45.127 T:2215 debug : CVideoPlayer::ProcessVideoData size:88234 dts:657.991 pts:658.032 dur:41.000ms, clock:654.395 level:36
2026-03-06 17:07:45.131 T:2219 debug : CVideoPlayerVideo::OutputPicture - ttd:422ms pts:654.821 Clock:654.399 Level:6
2026-03-06 17:07:45.136 T:2215 debug : CVideoPlayer::ProcessVideoData size:109254 dts:658.032 pts:658.116 dur:41.000ms, clock:654.404 level:36
2026-03-06 17:07:45.138 T:2219 debug : CVideoPlayerVideo::OutputPicture - ttd:457ms pts:654.863 Clock:654.405 Level:7
2026-03-06 17:07:45.138 T:2215 debug : CVideoPlayer::ProcessVideoData size:108049 dts:658.074 pts:658.157 dur:41.000ms, clock:654.406 level:36
2026-03-06 17:07:45.140 T:2215 debug : CVideoPlayer::ProcessVideoData size:104082 dts:658.116 pts:658.199 dur:41.000ms, clock:654.408 level:36
2026-03-06 17:07:45.142 T:2219 debug : CVideoPlayerVideo::OutputPicture - ttd:494ms pts:654.904 Clock:654.409 Level:8
2026-03-06 17:07:45.142 T:2215 debug : CVideoPlayer::ProcessVideoData size:98947 dts:658.157 pts:658.241 dur:41.000ms, clock:654.409 level:37
2026-03-06 17:07:45.144 T:2215 debug : CVideoPlayer::ProcessVideoData size:99842 dts:658.199 pts:658.283 dur:41.000ms, clock:654.411 level:37
2026-03-06 17:07:45.145 T:2215 debug : CVideoPlayer::ProcessVideoData size:108832 dts:658.241 pts:658.324 dur:41.000ms, clock:654.413 level:38
2026-03-06 17:07:45.147 T:2215 debug : CVideoPlayer::ProcessVideoData size:110045 dts:658.283 pts:658.366 dur:41.000ms, clock:654.415 level:38
2026-03-06 17:07:45.149 T:2215 debug : CVideoPlayer::ProcessVideoData size:98404 dts:658.324 pts:658.449 dur:41.000ms, clock:654.417 level:39
2026-03-06 17:07:45.151 T:2215 debug : CVideoPlayer::ProcessVideoData size:88735 dts:658.366 pts:658.408 dur:41.000ms, clock:654.419 level:39
2026-03-06 17:07:45.153 T:2215 debug : CVideoPlayer::ProcessVideoData size:89520 dts:658.408 pts:658.533 dur:41.000ms, clock:654.420 level:40
2026-03-06 17:07:45.153 T:2215 debug : CVideoPlayer::ProcessVideoData size:80388 dts:658.449 pts:658.491 dur:41.000ms, clock:654.421 level:40
2026-03-06 17:07:45.155 T:2215 debug : CVideoPlayer::ProcessVideoData size:87225 dts:658.491 pts:658.575 dur:41.000ms, clock:654.422 level:41
2026-03-06 17:07:45.156 T:2215 debug : CVideoPlayer::ProcessVideoData size:94117 dts:658.533 pts:658.616 dur:41.000ms, clock:654.424 level:41
2026-03-06 17:07:45.158 T:2215 debug : CVideoPlayer::ProcessVideoData size:92368 dts:658.575 pts:658.700 dur:41.000ms, clock:654.426 level:42
2026-03-06 17:07:45.158 T:2215 debug : CVideoPlayer::ProcessVideoData size:79276 dts:658.616 pts:658.658 dur:41.000ms, clock:654.426 level:42
2026-03-06 17:07:45.160 T:2215 debug : CVideoPlayer::ProcessVideoData size:93232 dts:658.658 pts:658.741 dur:41.000ms, clock:654.428 level:43
2026-03-06 17:07:45.162 T:2215 debug : CVideoPlayer::ProcessVideoData size:91318 dts:658.700 pts:658.783 dur:41.000ms, clock:654.430 level:43
2026-03-06 17:07:45.163 T:2219 debug : CVideoPlayerVideo::OutputPicture - ttd:515ms pts:654.946 Clock:654.431 Level:8
2026-03-06 17:07:45.164 T:2215 debug : CVideoPlayer::ProcessVideoData size:88935 dts:658.741 pts:658.825 dur:41.000ms, clock:654.431 level:44
2026-03-06 17:07:45.165 T:2215 debug : CVideoPlayer::ProcessVideoData size:83678 dts:658.783 pts:658.867 dur:41.000ms, clock:654.433 level:44
2026-03-06 17:07:45.167 T:2215 debug : CVideoPlayer::ProcessVideoData size:82768 dts:658.825 pts:658.908 dur:41.000ms, clock:654.435 level:44
2026-03-06 17:07:45.167 T:2215 debug : CVideoPlayer::ProcessVideoData size:87876 dts:658.867 pts:658.950 dur:41.000ms, clock:654.435 level:45
2026-03-06 17:07:45.167 T:2219 debug : CVideoPlayerVideo - CDVDMsg::DEMUXER_PACKET - checking interlace vfmt: null
2026-03-06 17:07:45.169 T:2215 debug : CVideoPlayer::ProcessVideoData size:88714 dts:658.908 pts:658.992 dur:41.000ms, clock:654.437 level:45
2026-03-06 17:07:45.171 T:2215 debug : CVideoPlayer::ProcessVideoData size:94648 dts:658.950 pts:659.033 dur:41.000ms, clock:654.439 level:46
2026-03-06 17:07:45.173 T:2215 debug : CVideoPlayer::ProcessVideoData size:98776 dts:658.992 pts:659.075 dur:41.000ms, clock:654.441 level:46
2026-03-06 17:07:45.175 T:2215 debug : CVideoPlayer::ProcessVideoData size:92481 dts:659.033 pts:659.117 dur:41.000ms, clock:654.443 level:47
2026-03-06 17:07:45.177 T:2215 debug : CVideoPlayer::ProcessVideoData size:92211 dts:659.075 pts:659.158 dur:41.000ms, clock:654.444 level:47
2026-03-06 17:07:45.179 T:2215 debug : CVideoPlayer::ProcessVideoData size:90813 dts:659.117 pts:659.200 dur:41.000ms, clock:654.446 level:48
2026-03-06 17:07:45.180 T:2215 debug : CVideoPlayer::ProcessVideoData size:90501 dts:659.158 pts:659.242 dur:41.000ms, clock:654.448 level:48
2026-03-06 17:07:45.180 T:2215 debug : CVideoPlayer::ProcessVideoData size:92967 dts:659.200 pts:659.284 dur:41.000ms, clock:654.448 level:49
2026-03-06 17:07:45.182 T:2215 debug : CVideoPlayer::ProcessVideoData size:96574 dts:659.242 pts:659.325 dur:41.000ms, clock:654.450 level:49
2026-03-06 17:07:45.184 T:2215 debug : CVideoPlayer::ProcessVideoData size:92358 dts:659.284 pts:659.367 dur:41.000ms, clock:654.451 level:50
2026-03-06 17:07:45.185 T:2215 debug : CVideoPlayer::ProcessVideoData size:90928 dts:659.325 pts:659.409 dur:41.000ms, clock:654.453 level:51
2026-03-06 17:07:45.187 T:2215 debug : CVideoPlayer::ProcessVideoData size:84923 dts:659.367 pts:659.450 dur:41.000ms, clock:654.455 level:51
2026-03-06 17:07:45.189 T:2215 debug : CVideoPlayer::ProcessVideoData size:81631 dts:659.409 pts:659.492 dur:41.000ms, clock:654.456 level:52
2026-03-06 17:07:45.189 T:2215 debug : CVideoPlayer::ProcessVideoData size:81619 dts:659.450 pts:659.534 dur:41.000ms, clock:654.457 level:52
2026-03-06 17:07:45.191 T:2215 debug : CVideoPlayer::ProcessVideoData size:87361 dts:659.492 pts:659.576 dur:41.000ms, clock:654.458 level:53
2026-03-06 17:07:45.192 T:2215 debug : CVideoPlayer::ProcessVideoData size:94554 dts:659.534 pts:659.617 dur:41.000ms, clock:654.460 level:53
2026-03-06 17:07:45.195 T:1265 debug : ActiveAE::SyncStream - average error of -125.817040, start adjusting
2026-03-06 17:07:45.196 T:1265 debug : ActiveAE::SyncStream - average error -25.817040 below threshold of 30.000000
2026-03-06 17:07:45.197 T:2215 debug : CVideoPlayer::ProcessVideoData size:105443 dts:659.576 pts:659.659 dur:41.000ms, clock:654.464 level:54
2026-03-06 17:07:45.199 T:2215 debug : CVideoPlayer::ProcessVideoData size:107931 dts:659.617 pts:659.701 dur:41.000ms, clock:654.466 level:54
2026-03-06 17:07:45.200 T:2215 debug : CVideoPlayer::ProcessVideoData size:112182 dts:659.659 pts:659.742 dur:41.000ms, clock:654.468 level:55
2026-03-06 17:07:45.203 T:2215 debug : CVideoPlayer::ProcessVideoData size:106385 dts:659.701 pts:659.868 dur:41.000ms, clock:654.471 level:55
2026-03-06 17:07:45.204 T:2219 debug : CVideoPlayerVideo::OutputPicture - ttd:516ms pts:654.988 Clock:654.472 Level:8
2026-03-06 17:07:45.205 T:2215 debug : CVideoPlayer::ProcessVideoData size:103217 dts:659.742 pts:659.826 dur:41.000ms, clock:654.472 level:56
2026-03-06 17:07:45.206 T:2215 debug : CVideoPlayer::ProcessVideoData size:90709 dts:659.784 pts:659.784 dur:41.000ms, clock:654.474 level:56
2026-03-06 17:07:45.208 T:2215 debug : CVideoPlayer::ProcessVideoData size:107925 dts:659.826 pts:659.909 dur:41.000ms, clock:654.476 level:56
2026-03-06 17:07:45.210 T:2215 debug : CVideoPlayer::ProcessVideoData size:113752 dts:659.868 pts:660.034 dur:41.000ms, clock:654.478 level:57
2026-03-06 17:07:45.212 T:2215 debug : CVideoPlayer::ProcessVideoData size:108733 dts:659.909 pts:659.993 dur:41.000ms, clock:654.480 level:57
2026-03-06 17:07:45.214 T:2215 debug : CVideoPlayer::ProcessVideoData size:91536 dts:659.951 pts:659.951 dur:41.000ms, clock:654.481 level:58
2026-03-06 17:07:45.215 T:2215 debug : CVideoPlayer::ProcessVideoData size:107760 dts:659.993 pts:660.118 dur:41.000ms, clock:654.483 level:58
2026-03-06 17:07:45.217 T:2215 debug : CVideoPlayer::ProcessVideoData size:94638 dts:660.034 pts:660.076 dur:41.000ms, clock:654.485 level:59
2026-03-06 17:07:45.219 T:2215 debug : CVideoPlayer::ProcessVideoData size:105767 dts:660.076 pts:660.201 dur:41.000ms, clock:654.487 level:59
2026-03-06 17:07:45.219 T:2215 debug : CVideoPlayer::ProcessVideoData size:84259 dts:660.118 pts:660.159 dur:41.000ms, clock:654.487 level:60
2026-03-06 17:07:45.223 T:2215 debug : CVideoPlayer::ProcessVideoData size:105428 dts:660.159 pts:660.410 dur:41.000ms, clock:654.490 level:60
2026-03-06 17:07:45.224 T:2215 debug : CVideoPlayer::ProcessVideoData size:101696 dts:660.201 pts:660.326 dur:41.000ms, clock:654.492 level:61
2026-03-06 17:07:45.224 T:2215 debug : CVideoPlayer::ProcessVideoData size:84718 dts:660.243 pts:660.243 dur:41.000ms, clock:654.492 level:61
2026-03-06 17:07:45.226 T:2215 debug : CVideoPlayer::ProcessVideoData size:83075 dts:660.285 pts:660.285 dur:41.000ms, clock:654.494 level:62
2026-03-06 17:07:45.228 T:2215 debug : CVideoPlayer::ProcessVideoData size:86292 dts:660.326 pts:660.368 dur:41.000ms, clock:654.496 level:63
2026-03-06 17:07:45.230 T:2215 debug : CVideoPlayer::ProcessVideoData size:99188 dts:660.368 pts:660.493 dur:41.000ms, clock:654.497 level:63
2026-03-06 17:07:45.230 T:2215 debug : CVideoPlayer::ProcessVideoData size:85209 dts:660.410 pts:660.451 dur:41.000ms, clock:654.498 level:64
2026-03-06 17:07:45.232 T:2215 debug : CVideoPlayer::ProcessVideoData size:84280 dts:660.451 pts:660.535 dur:41.000ms, clock:654.499 level:64
2026-03-06 17:07:45.233 T:2215 debug : CVideoPlayer::ProcessVideoData size:79088 dts:660.493 pts:660.577 dur:41.000ms, clock:654.501 level:65
2026-03-06 17:07:45.235 T:2215 debug : CVideoPlayer::ProcessVideoData size:74205 dts:660.535 pts:660.618 dur:41.000ms, clock:654.503 level:65
2026-03-06 17:07:45.237 T:2215 debug : CVideoPlayer::ProcessVideoData size:82803 dts:660.577 pts:660.702 dur:41.000ms, clock:654.505 level:66
2026-03-06 17:07:45.237 T:2215 debug : CVideoPlayer::ProcessVideoData size:67444 dts:660.618 pts:660.660 dur:41.000ms, clock:654.505 level:66
2026-03-06 17:07:45.239 T:2215 debug : CVideoPlayer::ProcessVideoData size:89636 dts:660.660 pts:660.743 dur:41.000ms, clock:654.506 level:67
2026-03-06 17:07:45.241 T:2215 debug : CVideoPlayer::ProcessVideoData size:104667 dts:660.702 pts:660.785 dur:41.000ms, clock:654.508 level:67
2026-03-06 17:07:45.244 T:2215 debug : CVideoPlayer::ProcessVideoData size:130868 dts:660.743 pts:660.910 dur:41.000ms, clock:654.512 level:68
2026-03-06 17:07:45.246 T:2219 debug : CVideoPlayerVideo::OutputPicture - ttd:515ms pts:655.029 Clock:654.513 Level:8
2026-03-06 17:07:45.246 T:2215 debug : CVideoPlayer::ProcessVideoData size:124415 dts:660.785 pts:660.869 dur:41.000ms, clock:654.514 level:68
2026-03-06 17:07:45.246 T:2215 debug : CVideoPlayer::ProcessVideoData size:97380 dts:660.827 pts:660.827 dur:41.000ms, clock:654.514 level:69
2026-03-06 17:07:45.250 T:2215 debug : CVideoPlayer::ProcessVideoData size:124487 dts:660.869 pts:661.077 dur:41.000ms, clock:654.517 level:68
2026-03-06 17:07:45.251 T:2215 debug : CVideoPlayer::ProcessVideoData size:117454 dts:660.910 pts:660.994 dur:41.000ms, clock:654.519 level:69
2026-03-06 17:07:45.253 T:2215 debug : CVideoPlayer::ProcessVideoData size:97295 dts:660.952 pts:660.952 dur:41.000ms, clock:654.521 level:69
2026-03-06 17:07:45.258 T:2215 debug : CVideoPlayer::ProcessVideoData size:100425 dts:660.994 pts:661.035 dur:41.000ms, clock:654.525 level:70
2026-03-06 17:07:45.260 T:2215 debug : CVideoPlayer::ProcessVideoData size:116458 dts:661.035 pts:661.202 dur:41.000ms, clock:654.528 level:70
2026-03-06 17:07:45.262 T:2215 debug : CVideoPlayer::ProcessVideoData size:117230 dts:661.077 pts:661.160 dur:41.000ms, clock:654.530 level:71
2026-03-06 17:07:45.264 T:2215 debug : CVideoPlayer::ProcessVideoData size:102232 dts:661.119 pts:661.119 dur:41.000ms, clock:654.532 level:71
2026-03-06 17:07:45.266 T:2215 debug : CVideoPlayer::ProcessVideoData size:115015 dts:661.160 pts:661.369 dur:41.000ms, clock:654.533 level:72
2026-03-06 17:07:45.267 T:2215 debug : CVideoPlayer::ProcessVideoData size:111597 dts:661.202 pts:661.286 dur:41.000ms, clock:654.535 level:72
2026-03-06 17:07:45.269 T:2215 debug : CVideoPlayer::ProcessVideoData size:95720 dts:661.244 pts:661.244 dur:41.000ms, clock:654.537 level:73
2026-03-06 17:07:45.269 T:2215 debug : CVideoPlayer::ProcessVideoData size:91362 dts:661.286 pts:661.327 dur:41.000ms, clock:654.537 level:73
2026-03-06 17:07:45.272 T:2215 debug : CVideoPlayer::ProcessVideoData size:97049 dts:661.327 pts:661.536 dur:41.000ms, clock:654.540 level:74
2026-03-06 17:07:45.273 T:2215 debug : CVideoPlayer::ProcessVideoData size:101070 dts:661.369 pts:661.452 dur:41.000ms, clock:654.540 level:75
2026-03-06 17:07:45.274 T:2215 debug : CVideoPlayer::ProcessVideoData size:90889 dts:661.411 pts:661.411 dur:41.000ms, clock:654.542 level:75
2026-03-06 17:07:45.276 T:2215 debug : CVideoPlayer::ProcessVideoData size:79581 dts:661.452 pts:661.494 dur:41.000ms, clock:654.544 level:76
2026-03-06 17:07:45.278 T:2215 debug : CVideoPlayer::ProcessVideoData size:98625 dts:661.494 pts:661.661 dur:41.000ms, clock:654.546 level:76
2026-03-06 17:07:45.280 T:2215 debug : CVideoPlayer::ProcessVideoData size:94759 dts:661.536 pts:661.619 dur:41.000ms, clock:654.547 level:77
2026-03-06 17:07:45.281 T:2215 debug : CVideoPlayer::ProcessVideoData size:79804 dts:661.578 pts:661.578 dur:41.000ms, clock:654.549 level:77
2026-03-06 17:07:45.282 T:2215 debug : CVideoPlayer::ProcessVideoData size:79648 dts:661.619 pts:661.786 dur:41.000ms, clock:654.549 level:78
2026-03-06 17:07:45.283 T:2215 debug : CVideoPlayer::ProcessVideoData size:78633 dts:661.661 pts:661.744 dur:41.000ms, clock:654.551 level:78
2026-03-06 17:07:45.285 T:2215 debug : CVideoPlayer::ProcessVideoData size:70113 dts:661.703 pts:661.703 dur:41.000ms, clock:654.553 level:79
2026-03-06 17:07:45.285 T:2215 debug : CVideoPlayer::ProcessVideoData size:61844 dts:661.744 pts:661.828 dur:41.000ms, clock:654.553 level:79
2026-03-06 17:07:45.287 T:2215 debug : CVideoPlayer::ProcessVideoData size:42138 dts:661.786 pts:661.911 dur:41.000ms, clock:654.555 level:80
2026-03-06 17:07:45.287 T:2215 debug : CVideoPlayer::ProcessVideoData size:35560 dts:661.828 pts:661.870 dur:41.000ms, clock:654.555 level:80
2026-03-06 17:07:45.288 T:2219 debug : CVideoPlayerVideo::OutputPicture - ttd:515ms pts:655.071 Clock:654.556 Level:8
2026-03-06 17:07:45.288 T:2215 debug : CVideoPlayer::ProcessVideoData size:54245 dts:661.870 pts:661.953 dur:41.000ms, clock:654.556 level:81
2026-03-06 17:07:45.289 T:2215 debug : CVideoPlayer::ProcessVideoData size:37350 dts:661.911 pts:662.036 dur:41.000ms, clock:654.556 level:81
2026-03-06 17:07:45.290 T:2215 debug : CVideoPlayer::ProcessVideoData size:30845 dts:661.953 pts:661.995 dur:41.000ms, clock:654.558 level:81
2026-03-06 17:07:45.290 T:2215 debug : CVideoPlayer::ProcessVideoData size:45675 dts:661.995 pts:662.120 dur:41.000ms, clock:654.558 level:82
2026-03-06 17:07:45.292 T:2215 debug : CVideoPlayer::ProcessVideoData size:30801 dts:662.036 pts:662.078 dur:41.000ms, clock:654.560 level:82
2026-03-06 17:07:45.292 T:2215 debug : CVideoPlayer::ProcessVideoData size:63361 dts:662.078 pts:662.203 dur:41.000ms, clock:654.560 level:83
2026-03-06 17:07:45.294 T:2215 debug : CVideoPlayer::ProcessVideoData size:45858 dts:662.120 pts:662.161 dur:41.000ms, clock:654.561 level:83
2026-03-06 17:07:45.296 T:2215 debug : CVideoPlayer::ProcessVideoData size:68291 dts:662.161 pts:662.245 dur:41.000ms, clock:654.563 level:84
2026-03-06 17:07:45.296 T:2215 debug : CVideoPlayer::ProcessVideoData size:82686 dts:662.203 pts:662.287 dur:41.000ms, clock:654.563 level:84
2026-03-06 17:07:45.297 T:2215 debug : CVideoPlayer::ProcessVideoData size:90037 dts:662.245 pts:662.328 dur:41.000ms, clock:654.565 level:85
2026-03-06 17:07:45.299 T:2215 debug : CVideoPlayer::ProcessVideoData size:95176 dts:662.287 pts:662.370 dur:41.000ms, clock:654.567 level:85
2026-03-06 17:07:45.301 T:2215 debug : CVideoPlayer::ProcessVideoData size:85159 dts:662.328 pts:662.412 dur:41.000ms, clock:654.568 level:86
2026-03-06 17:07:45.303 T:2215 debug : CVideoPlayer::ProcessVideoData size:90619 dts:662.370 pts:662.453 dur:41.000ms, clock:654.570 level:87
2026-03-06 17:07:45.304 T:2215 debug : CVideoPlayer::ProcessVideoData size:92960 dts:662.412 pts:662.495 dur:41.000ms, clock:654.572 level:87
2026-03-06 17:07:45.306 T:2215 debug : CVideoPlayer::ProcessVideoData size:102039 dts:662.453 pts:662.537 dur:41.000ms, clock:654.574 level:88
2026-03-06 17:07:45.308 T:2215 debug : CVideoPlayer::ProcessVideoData size:107607 dts:662.495 pts:662.579 dur:41.000ms, clock:654.576 level:88
2026-03-06 17:07:45.310 T:2215 debug : CVideoPlayer::ProcessVideoData size:100796 dts:662.537 pts:662.620 dur:41.000ms, clock:654.578 level:89
2026-03-06 17:07:45.312 T:2215 debug : CVideoPlayer::ProcessVideoData size:101095 dts:662.579 pts:662.662 dur:41.000ms, clock:654.579 level:89
2026-03-06 17:07:45.314 T:2215 debug : CVideoPlayer::ProcessVideoData size:95406 dts:662.620 pts:662.704 dur:41.000ms, clock:654.581 level:90
2026-03-06 17:07:45.318 T:2215 debug : CVideoPlayer::ProcessVideoData size:96854 dts:662.662 pts:662.745 dur:41.000ms, clock:654.586 level:90
2026-03-06 17:07:45.320 T:2215 debug : CVideoPlayer::ProcessVideoData size:99576 dts:662.704 pts:662.787 dur:41.000ms, clock:654.588 level:91
2026-03-06 17:07:45.322 T:2215 debug : CVideoPlayer::ProcessVideoData size:113639 dts:662.745 pts:662.829 dur:41.000ms, clock:654.590 level:91
2026-03-06 17:07:45.324 T:2215 debug : CVideoPlayer::ProcessVideoData size:121668 dts:662.787 pts:662.871 dur:41.000ms, clock:654.591 level:92
2026-03-06 17:07:45.326 T:2215 debug : CVideoPlayer::ProcessVideoData size:125011 dts:662.829 pts:662.912 dur:41.000ms, clock:654.593 level:92
2026-03-06 17:07:45.327 T:2215 debug : CVideoPlayer::ProcessVideoData size:129290 dts:662.871 pts:662.954 dur:41.000ms, clock:654.595 level:93
2026-03-06 17:07:45.330 T:2219 debug : CVideoPlayerVideo::OutputPicture - ttd:515ms pts:655.113 Clock:654.598 Level:8
2026-03-06 17:07:45.331 T:2215 debug : CVideoPlayer::ProcessVideoData size:131037 dts:662.912 pts:662.996 dur:41.000ms, clock:654.599 level:93
2026-03-06 17:07:45.333 T:2215 debug : CVideoPlayer::ProcessVideoData size:134243 dts:662.954 pts:663.121 dur:41.000ms, clock:654.601 level:94
2026-03-06 17:07:45.335 T:2215 debug : CVideoPlayer::ProcessVideoData size:122641 dts:662.996 pts:663.079 dur:41.000ms, clock:654.602 level:94
2026-03-06 17:07:45.336 T:2215 debug : CVideoPlayer::ProcessVideoData size:97204 dts:663.037 pts:663.037 dur:41.000ms, clock:654.604 level:95
2026-03-06 17:07:45.340 T:2215 debug : CVideoPlayer::ProcessVideoData size:135375 dts:663.079 pts:663.246 dur:41.000ms, clock:654.608 level:95
2026-03-06 17:07:45.342 T:2215 debug : CVideoPlayer::ProcessVideoData size:124735 dts:663.121 pts:663.204 dur:41.000ms, clock:654.609 level:96
2026-03-06 17:07:45.344 T:2215 debug : CVideoPlayer::ProcessVideoData size:98615 dts:663.162 pts:663.162 dur:41.000ms, clock:654.611 level:96
2026-03-06 17:07:45.345 T:2215 debug : CVideoPlayer::ProcessVideoData size:162598 dts:663.204 pts:663.288 dur:41.000ms, clock:654.613 level:97
2026-03-06 17:07:45.349 T:2215 debug : CVideoPlayer::ProcessVideoData size:139439 dts:663.246 pts:663.413 dur:41.000ms, clock:654.617 level:97
2026-03-06 17:07:45.351 T:2215 debug : CVideoPlayer::ProcessVideoData size:111028 dts:663.288 pts:663.371 dur:41.000ms, clock:654.618 level:98
2026-03-06 17:07:45.351 T:2215 debug : CVideoPlayer::ProcessVideoData size:88355 dts:663.329 pts:663.329 dur:41.000ms, clock:654.618 level:99
2026-03-06 17:07:45.354 T:2215 debug : CVideoPlayer::ProcessVideoData size:129077 dts:663.371 pts:663.496 dur:41.000ms, clock:654.622 level:99
2026-03-06 17:07:45.354 T:2215 debug : CVideoPlayer::ProcessVideoData size:92255 dts:663.413 pts:663.454 dur:41.000ms, clock:654.622 level:100
2026-03-06 17:07:45.356 T:2215 debug : CVideoPlayer::ProcessVideoData size:123688 dts:663.454 pts:663.538 dur:41.000ms, clock:654.624 level:100
2026-03-06 17:07:45.360 T:2215 debug : CVideoPlayer::ProcessVideoData size:146498 dts:663.496 pts:663.705 dur:41.000ms, clock:654.627 level:100
2026-03-06 17:07:45.361 T:2215 debug : CVideoPlayer::ProcessVideoData size:122497 dts:663.538 pts:663.621 dur:41.000ms, clock:654.629 level:100
2026-03-06 17:07:45.363 T:2215 debug : CVideoPlayer::ProcessVideoData size:88082 dts:663.580 pts:663.580 dur:41.000ms, clock:654.631 level:100
2026-03-06 17:07:45.363 T:2215 debug : CVideoPlayer::ProcessVideoData size:86361 dts:663.621 pts:663.663 dur:41.000ms, clock:654.631 level:100
2026-03-06 17:07:45.367 T:2215 debug : CVideoPlayer::ProcessVideoData size:151761 dts:663.663 pts:663.788 dur:41.000ms, clock:654.635 level:100
2026-03-06 17:07:45.369 T:2215 debug : CVideoPlayer::ProcessVideoData size:86060 dts:663.705 pts:663.746 dur:41.000ms, clock:654.636 level:100
2026-03-06 17:07:45.371 T:2215 debug : CVideoPlayer::ProcessVideoData size:154035 dts:663.746 pts:663.913 dur:41.000ms, clock:654.638 level:100
2026-03-06 17:07:45.372 T:2219 debug : CVideoPlayerVideo::OutputPicture - ttd:514ms pts:655.154 Clock:654.639 Level:7
2026-03-06 17:07:45.372 T:2215 debug : CVideoPlayer::ProcessVideoData size:135188 dts:663.788 pts:663.872 dur:41.000ms, clock:654.640 level:100
2026-03-06 17:07:45.374 T:2215 debug : CVideoPlayer::ProcessVideoData size:99092 dts:663.830 pts:663.830 dur:41.000ms, clock:654.642 level:100
2026-03-06 17:07:45.381 T:2215 debug : CVideoPlayer::ProcessVideoData size:152894 dts:663.872 pts:663.997 dur:41.000ms, clock:654.648 level:100
2026-03-06 17:07:45.382 T:2215 debug : CVideoPlayer::ProcessVideoData size:112483 dts:663.913 pts:663.955 dur:41.000ms, clock:654.650 level:100
2026-03-06 17:07:45.384 T:2215 debug : CVideoPlayer::ProcessVideoData size:176680 dts:663.955 pts:664.038 dur:41.000ms, clock:654.652 level:100
2026-03-06 17:07:45.388 T:2215 debug : CVideoPlayer::ProcessVideoData size:172871 dts:663.997 pts:664.163 dur:41.000ms, clock:654.655 level:100
2026-03-06 17:07:45.389 T:2215 debug : CVideoPlayer::ProcessVideoData size:150663 dts:664.038 pts:664.122 dur:41.000ms, clock:654.657 level:100
2026-03-06 17:07:45.391 T:2215 debug : CVideoPlayer::ProcessVideoData size:124179 dts:664.080 pts:664.080 dur:41.000ms, clock:654.659 level:100
2026-03-06 17:07:45.395 T:2215 debug : CVideoPlayer::ProcessVideoData size:174130 dts:664.122 pts:664.289 dur:41.000ms, clock:654.662 level:100
2026-03-06 17:07:45.396 T:2215 debug : CVideoPlayer::ProcessVideoData size:162919 dts:664.163 pts:664.247 dur:41.000ms, clock:654.664 level:100
2026-03-06 17:07:45.398 T:2215 debug : CVideoPlayer::ProcessVideoData size:130384 dts:664.205 pts:664.205 dur:41.000ms, clock:654.666 level:100
2026-03-06 17:07:45.401 T:2215 debug : CVideoPlayer::ProcessVideoData size:152426 dts:664.247 pts:664.455 dur:41.000ms, clock:654.669 level:100
2026-03-06 17:07:45.403 T:2215 debug : CVideoPlayer::ProcessVideoData size:150705 dts:664.289 pts:664.372 dur:41.000ms, clock:654.671 level:100
2026-03-06 17:07:45.405 T:2215 debug : CVideoPlayer::ProcessVideoData size:117179 dts:664.330 pts:664.330 dur:41.000ms, clock:654.673 level:100
2026-03-06 17:07:45.407 T:2215 debug : CVideoPlayer::ProcessVideoData size:100964 dts:664.372 pts:664.414 dur:41.000ms, clock:654.675 level:100
2026-03-06 17:07:45.411 T:2215 debug : CVideoPlayer::ProcessVideoData size:136879 dts:664.414 pts:664.581 dur:41.000ms, clock:654.679 level:100
2026-03-06 17:07:45.413 T:2215 debug : CVideoPlayer::ProcessVideoData size:110408 dts:664.455 pts:664.539 dur:41.000ms, clock:654.680 level:100
2026-03-06 17:07:45.413 T:2215 debug : CVideoPlayer::ProcessVideoData size:92744 dts:664.497 pts:664.497 dur:41.000ms, clock:654.681 level:100
2026-03-06 17:07:45.415 T:2219 debug : CVideoPlayerVideo::OutputPicture - ttd:513ms pts:655.196 Clock:654.682 Level:7
2026-03-06 17:07:45.416 T:2215 debug : CVideoPlayer::ProcessVideoData size:130759 dts:664.539 pts:664.664 dur:41.000ms, clock:654.684 level:100
2026-03-06 17:07:45.417 T:2215 debug : CVideoPlayer::ProcessVideoData size:80536 dts:664.581 pts:664.622 dur:41.000ms, clock:654.684 level:100
2026-03-06 17:07:45.418 T:2219 debug : CVideoPlayerVideo::OutputPicture - ttd:552ms pts:655.238 Clock:654.685 Level:8
2026-03-06 17:07:45.420 T:2215 debug : CVideoPlayer::ProcessVideoData size:137362 dts:664.622 pts:664.789 dur:41.000ms, clock:654.688 level:100
2026-03-06 17:07:45.422 T:2215 debug : CVideoPlayer::ProcessVideoData size:114227 dts:664.664 pts:664.747 dur:41.000ms, clock:654.690 level:100
2026-03-06 17:07:45.422 T:2215 debug : CVideoPlayer::ProcessVideoData size:82063 dts:664.706 pts:664.706 dur:41.000ms, clock:654.690 level:100
2026-03-06 17:07:45.427 T:2215 debug : CVideoPlayer::ProcessVideoData size:142779 dts:664.747 pts:664.914 dur:41.000ms, clock:654.694 level:100
2026-03-06 17:07:45.429 T:2215 debug : CVideoPlayer::ProcessVideoData size:125655 dts:664.789 pts:664.873 dur:41.000ms, clock:654.696 level:100
2026-03-06 17:07:45.429 T:2215 debug : CVideoPlayer::ProcessVideoData size:96114 dts:664.831 pts:664.831 dur:41.000ms, clock:654.696 level:100
2026-03-06 17:07:45.432 T:2215 debug : CVideoPlayer::ProcessVideoData size:143679 dts:664.873 pts:665.039 dur:41.000ms, clock:654.700 level:100
2026-03-06 17:07:45.434 T:2215 debug : CVideoPlayer::ProcessVideoData size:129745 dts:664.914 pts:664.998 dur:41.000ms, clock:654.701 level:100
2026-03-06 17:07:45.435 T:2215 debug : CVideoPlayer::ProcessVideoData size:106911 dts:664.956 pts:664.956 dur:41.000ms, clock:654.703 level:100
2026-03-06 17:07:45.442 T:2215 debug : CVideoPlayer::ProcessVideoData size:139513 dts:664.998 pts:665.164 dur:41.000ms, clock:654.710 level:100
2026-03-06 17:07:45.444 T:2215 debug : CVideoPlayer::ProcessVideoData size:128092 dts:665.039 pts:665.123 dur:41.000ms, clock:654.711 level:100
2026-03-06 17:07:45.444 T:2215 debug : CVideoPlayer::ProcessVideoData size:104008 dts:665.081 pts:665.081 dur:41.000ms, clock:654.711 level:100
2026-03-06 17:07:45.446 T:2215 debug : CVideoPlayer::ProcessVideoData size:103865 dts:665.123 pts:665.248 dur:41.000ms, clock:654.714 level:100
2026-03-06 17:07:45.448 T:2215 debug : CVideoPlayer::ProcessVideoData size:84436 dts:665.164 pts:665.206 dur:41.000ms, clock:654.716 level:100
2026-03-06 17:07:45.450 T:2215 debug : CVideoPlayer::ProcessVideoData size:106194 dts:665.206 pts:665.290 dur:41.000ms, clock:654.718 level:100
2026-03-06 17:07:45.451 T:2215 debug : CVideoPlayer::ProcessVideoData size:115373 dts:665.248 pts:665.331 dur:41.000ms, clock:654.719 level:100
2026-03-06 17:07:45.453 T:2215 debug : CVideoPlayer::ProcessVideoData size:119440 dts:665.290 pts:665.373 dur:41.000ms, clock:654.721 level:100
2026-03-06 17:07:45.455 T:2219 debug : CVideoPlayerVideo::OutputPicture - ttd:557ms pts:655.280 Clock:654.722 Level:8
2026-03-06 17:07:45.457 T:2215 debug : CVideoPlayer::ProcessVideoData size:119506 dts:665.331 pts:665.415 dur:41.000ms, clock:654.725 level:100
2026-03-06 17:07:45.459 T:2215 debug : CVideoPlayer::ProcessVideoData size:116272 dts:665.373 pts:665.456 dur:41.000ms, clock:654.727 level:100
2026-03-06 17:07:45.461 T:2215 debug : CVideoPlayer::ProcessVideoData size:121079 dts:665.415 pts:665.540 dur:41.000ms, clock:654.728 level:100
2026-03-06 17:07:45.462 T:2215 debug : CVideoPlayer::ProcessVideoData size:80923 dts:665.456 pts:665.498 dur:41.000ms, clock:654.730 level:100
2026-03-06 17:07:45.466 T:2215 debug : CVideoPlayer::ProcessVideoData size:122134 dts:665.498 pts:665.665 dur:41.000ms, clock:654.734 level:100
2026-03-06 17:07:45.466 T:2215 debug : CVideoPlayer::ProcessVideoData size:85391 dts:665.540 pts:665.623 dur:41.000ms, clock:654.734 level:100
2026-03-06 17:07:45.468 T:2215 debug : CVideoPlayer::ProcessVideoData size:71845 dts:665.582 pts:665.582 dur:41.000ms, clock:654.736 level:100
2026-03-06 17:07:45.470 T:2215 debug : CVideoPlayer::ProcessVideoData size:115247 dts:665.623 pts:665.790 dur:41.000ms, clock:654.737 level:100
2026-03-06 17:07:45.471 T:2215 debug : CVideoPlayer::ProcessVideoData size:86965 dts:665.665 pts:665.748 dur:41.000ms, clock:654.739 level:100
2026-03-06 17:07:45.472 T:2215 debug : CVideoPlayer::ProcessVideoData size:67779 dts:665.707 pts:665.707 dur:41.000ms, clock:654.739 level:100
2026-03-06 17:07:45.475 T:2215 debug : CVideoPlayer::ProcessVideoData size:118203 dts:665.748 pts:665.915 dur:41.000ms, clock:654.742 level:100
2026-03-06 17:07:45.475 T:2215 debug : CVideoPlayer::ProcessVideoData size:86125 dts:665.790 pts:665.874 dur:41.000ms, clock:654.743 level:100
2026-03-06 17:07:45.477 T:2215 debug : CVideoPlayer::ProcessVideoData size:69311 dts:665.832 pts:665.832 dur:41.000ms, clock:654.744 level:100
2026-03-06 17:07:45.478 T:2215 debug : CVideoPlayer::ProcessVideoData size:124149 dts:665.874 pts:666.040 dur:41.000ms, clock:654.746 level:100
2026-03-06 17:07:45.480 T:2215 debug : CVideoPlayer::ProcessVideoData size:106073 dts:665.915 pts:665.999 dur:41.000ms, clock:654.748 level:100
2026-03-06 17:07:45.482 T:2215 debug : CVideoPlayer::ProcessVideoData size:79240 dts:665.957 pts:665.957 dur:41.000ms, clock:654.750 level:100
2026-03-06 17:07:45.484 T:2215 debug : CVideoPlayer::ProcessVideoData size:128865 dts:665.999 pts:666.165 dur:41.000ms, clock:654.751 level:100
2026-03-06 17:07:45.485 T:2215 debug : CVideoPlayer::ProcessVideoData size:100732 dts:666.040 pts:666.124 dur:41.000ms, clock:654.753 level:100
2026-03-06 17:07:45.487 T:2215 debug : CVideoPlayer::ProcessVideoData size:81712 dts:666.082 pts:666.082 dur:41.000ms, clock:654.755 level:100
2026-03-06 17:07:45.489 T:2215 debug : CVideoPlayer::ProcessVideoData size:123401 dts:666.124 pts:666.249 dur:41.000ms, clock:654.757 level:100
2026-03-06 17:07:45.491 T:2215 debug : CVideoPlayer::ProcessVideoData size:76676 dts:666.165 pts:666.207 dur:41.000ms, clock:654.758 level:100
2026-03-06 17:07:45.493 T:2215 debug : CVideoPlayer::ProcessVideoData size:137799 dts:666.207 pts:666.374 dur:41.000ms, clock:654.760 level:100
2026-03-06 17:07:45.494 T:2215 debug : CVideoPlayer::ProcessVideoData size:112385 dts:666.249 pts:666.332 dur:41.000ms, clock:654.762 level:100
2026-03-06 17:07:45.496 T:2219 debug : CVideoPlayerVideo::OutputPicture - ttd:557ms pts:655.321 Clock:654.763 Level:8
2026-03-06 17:07:45.496 T:2215 debug : CVideoPlayer::ProcessVideoData size:78977 dts:666.291 pts:666.291 dur:41.000ms, clock:654.764 level:100
2026-03-06 17:07:45.501 T:2215 debug : CVideoPlayer::ProcessVideoData size:125742 dts:666.332 pts:666.541 dur:41.000ms, clock:654.768 level:100
2026-03-06 17:07:45.503 T:2215 debug : CVideoPlayer::ProcessVideoData size:111790 dts:666.374 pts:666.457 dur:41.000ms, clock:654.770 level:100
2026-03-06 17:07:45.505 T:2215 debug : CVideoPlayer::ProcessVideoData size:77552 dts:666.416 pts:666.416 dur:41.000ms, clock:654.772 level:100
2026-03-06 17:07:45.505 T:2215 debug : CVideoPlayer::ProcessVideoData size:74884 dts:666.457 pts:666.499 dur:41.000ms, clock:654.772 level:100
2026-03-06 17:07:45.508 T:2215 debug : CVideoPlayer::ProcessVideoData size:125426 dts:666.499 pts:666.666 dur:41.000ms, clock:654.776 level:100
2026-03-06 17:07:45.510 T:2215 debug : CVideoPlayer::ProcessVideoData size:95859 dts:666.541 pts:666.624 dur:41.000ms, clock:654.777 level:100
2026-03-06 17:07:45.511 T:2215 debug : CVideoPlayer::ProcessVideoData size:73196 dts:666.583 pts:666.583 dur:41.000ms, clock:654.779 level:100
2026-03-06 17:07:45.513 T:2215 debug : CVideoPlayer::ProcessVideoData size:127100 dts:666.624 pts:666.791 dur:41.000ms, clock:654.781 level:100
2026-03-06 17:07:45.515 T:2215 debug : CVideoPlayer::ProcessVideoData size:102026 dts:666.666 pts:666.749 dur:41.000ms, clock:654.783 level:100
2026-03-06 17:07:45.515 T:2215 debug : CVideoPlayer::ProcessVideoData size:74705 dts:666.708 pts:666.708 dur:41.000ms, clock:654.783 level:100
2026-03-06 17:07:45.518 T:2215 debug : CVideoPlayer::ProcessVideoData size:127021 dts:666.749 pts:666.875 dur:41.000ms, clock:654.786 level:100
2026-03-06 17:07:45.518 T:2215 debug : CVideoPlayer::ProcessVideoData size:79874 dts:666.791 pts:666.833 dur:41.000ms, clock:654.786 level:100
2026-03-06 17:07:45.522 T:2215 debug : CVideoPlayer::ProcessVideoData size:141781 dts:666.833 pts:666.958 dur:41.000ms, clock:654.789 level:100
2026-03-06 17:07:45.522 T:2215 debug : CVideoPlayer::ProcessVideoData size:89865 dts:666.875 pts:666.916 dur:41.000ms, clock:654.789 level:100
2026-03-06 17:07:45.525 T:2215 debug : CVideoPlayer::ProcessVideoData size:136768 dts:666.916 pts:667.083 dur:41.000ms, clock:654.793 level:100
2026-03-06 17:07:45.527 T:2215 debug : CVideoPlayer::ProcessVideoData size:104576 dts:666.958 pts:667.041 dur:41.000ms, clock:654.795 level:100
2026-03-06 17:07:45.529 T:2215 debug : CVideoPlayer::ProcessVideoData size:88614 dts:667.000 pts:667.000 dur:41.000ms, clock:654.796 level:100
2026-03-06 17:07:45.530 T:2215 debug : CVideoPlayer::ProcessVideoData size:133646 dts:667.041 pts:667.208 dur:41.000ms, clock:654.798 level:100
2026-03-06 17:07:45.532 T:2215 debug : CVideoPlayer::ProcessVideoData size:105066 dts:667.083 pts:667.166 dur:41.000ms, clock:654.800 level:100
2026-03-06 17:07:45.532 T:2215 debug : CVideoPlayer::ProcessVideoData size:85632 dts:667.125 pts:667.125 dur:41.000ms, clock:654.800 level:100
2026-03-06 17:07:45.536 T:2215 debug : CVideoPlayer::ProcessVideoData size:132198 dts:667.166 pts:667.292 dur:41.000ms, clock:654.804 level:100
2026-03-06 17:07:45.538 T:2215 debug : CVideoPlayer::ProcessVideoData size:87083 dts:667.208 pts:667.250 dur:41.000ms, clock:654.805 level:100
2026-03-06 17:07:45.539 T:2219 debug : CVideoPlayerVideo::OutputPicture - ttd:556ms pts:655.363 Clock:654.807 Level:8
2026-03-06 17:07:45.540 T:2215 debug : CVideoPlayer::ProcessVideoData size:136687 dts:667.250 pts:667.417 dur:41.000ms, clock:654.807 level:100
2026-03-06 17:07:45.541 T:2215 debug : CVideoPlayer::ProcessVideoData size:106737 dts:667.292 pts:667.375 dur:41.000ms, clock:654.809 level:100
2026-03-06 17:07:45.543 T:2215 debug : CVideoPlayer::ProcessVideoData size:85587 dts:667.333 pts:667.333 dur:41.000ms, clock:654.811 level:100
2026-03-06 17:07:45.545 T:2215 debug : CVideoPlayer::ProcessVideoData size:136835 dts:667.375 pts:667.584 dur:41.000ms, clock:654.813 level:100
2026-03-06 17:07:45.547 T:2215 debug : CVideoPlayer::ProcessVideoData size:117356 dts:667.417 pts:667.500 dur:41.000ms, clock:654.815 level:100
2026-03-06 17:07:45.549 T:2215 debug : CVideoPlayer::ProcessVideoData size:76942 dts:667.458 pts:667.458 dur:41.000ms, clock:654.816 level:100
2026-03-06 17:07:45.549 T:2215 debug : CVideoPlayer::ProcessVideoData size:75004 dts:667.500 pts:667.542 dur:41.000ms, clock:654.816 level:100
2026-03-06 17:07:45.552 T:2215 debug : CVideoPlayer::ProcessVideoData size:133908 dts:667.542 pts:667.709 dur:41.000ms, clock:654.820 level:100
2026-03-06 17:07:45.554 T:2215 debug : CVideoPlayer::ProcessVideoData size:113819 dts:667.584 pts:667.667 dur:41.000ms, clock:654.822 level:100
2026-03-06 17:07:45.556 T:2215 debug : CVideoPlayer::ProcessVideoData size:81799 dts:667.625 pts:667.625 dur:41.000ms, clock:654.824 level:100
2026-03-06 17:07:45.560 T:2215 debug : CVideoPlayer::ProcessVideoData size:130818 dts:667.667 pts:667.792 dur:41.000ms, clock:654.828 level:100
2026-03-06 17:07:45.562 T:2215 debug : CVideoPlayer::ProcessVideoData size:84758 dts:667.709 pts:667.750 dur:41.000ms, clock:654.830 level:100
2026-03-06 17:07:45.564 T:2215 debug : CVideoPlayer::ProcessVideoData size:141792 dts:667.750 pts:667.959 dur:41.000ms, clock:654.832 level:100
2026-03-06 17:07:45.566 T:2215 debug : CVideoPlayer::ProcessVideoData size:122103 dts:667.792 pts:667.876 dur:41.000ms, clock:654.834 level:100
2026-03-06 17:07:45.568 T:2215 debug : CVideoPlayer::ProcessVideoData size:84880 dts:667.834 pts:667.834 dur:41.000ms, clock:654.835 level:100
2026-03-06 17:07:45.569 T:2215 debug : CVideoPlayer::ProcessVideoData size:92869 dts:667.876 pts:667.917 dur:41.000ms, clock:654.837 level:100
2026-03-06 17:07:45.571 T:2215 debug : CVideoPlayer::ProcessVideoData size:144098 dts:667.917 pts:668.126 dur:41.000ms, clock:654.839 level:100
2026-03-06 17:07:45.573 T:2215 debug : CVideoPlayer::ProcessVideoData size:123455 dts:667.959 pts:668.042 dur:41.000ms, clock:654.841 level:100
2026-03-06 17:07:45.575 T:2215 debug : CVideoPlayer::ProcessVideoData size:83245 dts:668.001 pts:668.001 dur:41.000ms, clock:654.843 level:100
2026-03-06 17:07:45.577 T:2215 debug : CVideoPlayer::ProcessVideoData size:86539 dts:668.042 pts:668.084 dur:41.000ms, clock:654.844 level:100
2026-03-06 17:07:45.578 T:2215 debug : CVideoPlayer::ProcessVideoData size:157725 dts:668.084 pts:668.293 dur:41.000ms, clock:654.846 level:100
2026-03-06 17:07:45.580 T:2219 debug : CVideoPlayerVideo::OutputPicture - ttd:557ms pts:655.405 Clock:654.847 Level:8
2026-03-06 17:07:45.580 T:2215 debug : CVideoPlayer::ProcessVideoData size:125847 dts:668.126 pts:668.209 dur:41.000ms, clock:654.848 level:100
2026-03-06 17:07:45.582 T:2215 debug : CVideoPlayer::ProcessVideoData size:89858 dts:668.167 pts:668.167 dur:41.000ms, clock:654.850 level:100
2026-03-06 17:07:45.584 T:2215 debug : CVideoPlayer::ProcessVideoData size:88840 dts:668.209 pts:668.251 dur:41.000ms, clock:654.851 level:100
2026-03-06 17:07:45.587 T:2215 debug : CVideoPlayer::ProcessVideoData size:148325 dts:668.251 pts:668.459 dur:41.000ms, clock:654.855 level:100
2026-03-06 17:07:45.589 T:2215 debug : CVideoPlayer::ProcessVideoData size:128409 dts:668.293 pts:668.376 dur:41.000ms, clock:654.857 level:100
2026-03-06 17:07:45.589 T:2215 debug : CVideoPlayer::ProcessVideoData size:91832 dts:668.334 pts:668.334 dur:41.000ms, clock:654.857 level:100
2026-03-06 17:07:45.591 T:2215 debug : CVideoPlayer::ProcessVideoData size:101691 dts:668.376 pts:668.418 dur:41.000ms, clock:654.858 level:100
2026-03-06 17:07:45.594 T:2215 debug : CVideoPlayer::ProcessVideoData size:139631 dts:668.418 pts:668.626 dur:41.000ms, clock:654.862 level:100
2026-03-06 17:07:45.596 T:2215 debug : CVideoPlayer::ProcessVideoData size:130290 dts:668.459 pts:668.543 dur:41.000ms, clock:654.864 level:100
2026-03-06 17:07:45.598 T:2215 debug : CVideoPlayer::ProcessVideoData size:95930 dts:668.501 pts:668.501 dur:41.000ms, clock:654.866 level:100
2026-03-06 17:07:45.598 T:2215 debug : CVideoPlayer::ProcessVideoData size:93303 dts:668.543 pts:668.585 dur:41.000ms, clock:654.866 level:100
2026-03-06 17:07:45.602 T:2215 debug : CVideoPlayer::ProcessVideoData size:137430 dts:668.585 pts:668.751 dur:41.000ms, clock:654.869 level:100
2026-03-06 17:07:45.603 T:2215 debug : CVideoPlayer::ProcessVideoData size:117483 dts:668.626 pts:668.710 dur:41.000ms, clock:654.871 level:100
2026-03-06 17:07:45.605 T:2215 debug : CVideoPlayer::ProcessVideoData size:93175 dts:668.668 pts:668.668 dur:41.000ms, clock:654.873 level:100
2026-03-06 17:07:45.609 T:2215 debug : CVideoPlayer::ProcessVideoData size:152298 dts:668.710 pts:668.918 dur:41.000ms, clock:654.876 level:100
2026-03-06 17:07:45.609 T:2215 debug : CVideoPlayer::ProcessVideoData size:120449 dts:668.751 pts:668.835 dur:41.000ms, clock:654.877 level:100
2026-03-06 17:07:45.611 T:2215 debug : CVideoPlayer::ProcessVideoData size:83708 dts:668.793 pts:668.793 dur:41.000ms, clock:654.878 level:100
2026-03-06 17:07:45.612 T:2215 debug : CVideoPlayer::ProcessVideoData size:80727 dts:668.835 pts:668.877 dur:41.000ms, clock:654.880 level:100
2026-03-06 17:07:45.616 T:2215 debug : CVideoPlayer::ProcessVideoData size:143923 dts:668.877 pts:669.127 dur:41.000ms, clock:654.884 level:100
2026-03-06 17:07:45.620 T:2215 debug : CVideoPlayer::ProcessVideoData size:109359 dts:668.918 pts:669.043 dur:41.000ms, clock:654.888 level:100
2026-03-06 17:07:45.621 T:2215 debug : CVideoPlayer::ProcessVideoData size:89168 dts:668.960 pts:668.960 dur:41.000ms, clock:654.888 level:100
