2026-03-06 17:07:52.378 T:2219 debug : CVideoPlayerVideo::OutputPicture - ttd:557ms pts:662.161 Clock:661.604 Level:8
2026-03-06 17:07:52.420 T:2219 debug : CVideoPlayerVideo::OutputPicture - ttd:557ms pts:662.203 Clock:661.646 Level:8
2026-03-06 17:07:52.462 T:2219 debug : CVideoPlayerVideo::OutputPicture - ttd:557ms pts:662.245 Clock:661.688 Level:8
2026-03-06 17:07:52.463 T:2215 debug : CVideoPlayer::ProcessVideoData size:98616 dts:677.844 pts:677.886 dur:41.000ms, clock:661.689 level:100
2026-03-06 17:07:52.503 T:2219 debug : CVideoPlayerVideo::OutputPicture - ttd:557ms pts:662.287 Clock:661.729 Level:8
2026-03-06 17:07:52.514 T:2215 debug : CVideoPlayer::ProcessVideoData size:106787 dts:677.886 pts:678.011 dur:41.000ms, clock:661.740 level:100
2026-03-06 17:07:52.545 T:2219 debug : CVideoPlayerVideo::OutputPicture - ttd:556ms pts:662.328 Clock:661.771 Level:8
2026-03-06 17:07:52.555 T:2215 debug : CVideoPlayer::ProcessVideoData size:98155 dts:677.927 pts:677.969 dur:41.000ms, clock:661.781 level:100
2026-03-06 17:07:52.555 T:2215 debug : CVideoPlayer::ProcessVideoData size:104477 dts:677.969 pts:678.136 dur:41.000ms, clock:661.781 level:100
2026-03-06 17:07:52.587 T:2219 debug : CVideoPlayerVideo::OutputPicture - ttd:556ms pts:662.370 Clock:661.813 Level:8
2026-03-06 17:07:52.596 T:2215 debug : CVideoPlayer::ProcessVideoData size:106564 dts:678.011 pts:678.094 dur:41.000ms, clock:661.822 level:100
2026-03-06 17:07:52.629 T:2219 debug : CVideoPlayerVideo::OutputPicture - ttd:557ms pts:662.412 Clock:661.855 Level:8
2026-03-06 17:07:52.672 T:2219 debug : CVideoPlayerVideo::OutputPicture - ttd:555ms pts:662.453 Clock:661.898 Level:8
2026-03-06 17:07:52.676 T:2215 debug : CVideoPlayer::ProcessVideoData size:94598 dts:678.052 pts:678.052 dur:41.000ms, clock:661.902 level:100
2026-03-06 17:07:52.714 T:2219 debug : CVideoPlayerVideo::OutputPicture - ttd:554ms pts:662.495 Clock:661.940 Level:8
2026-03-06 17:07:52.717 T:2215 debug : CVideoPlayer::ProcessVideoData size:105074 dts:678.094 pts:678.219 dur:41.000ms, clock:661.943 level:100
2026-03-06 17:07:52.754 T:2219 debug : CVideoPlayerVideo::OutputPicture - ttd:557ms pts:662.537 Clock:661.980 Level:8
2026-03-06 17:07:52.758 T:2215 debug : CVideoPlayer::ProcessVideoData size:90283 dts:678.136 pts:678.177 dur:41.000ms, clock:661.984 level:100
2026-03-06 17:07:52.758 T:2215 debug : CVideoPlayer::ProcessVideoData size:106184 dts:678.177 pts:678.303 dur:41.000ms, clock:661.984 level:100
2026-03-06 17:07:52.797 T:2219 debug : CVideoPlayerVideo::OutputPicture - ttd:555ms pts:662.579 Clock:662.023 Level:8
2026-03-06 17:07:52.799 T:2215 debug : CVideoPlayer::ProcessVideoData size:87173 dts:678.219 pts:678.261 dur:41.000ms, clock:662.025 level:100
2026-03-06 17:07:52.837 T:2219 debug : CVideoPlayerVideo::OutputPicture - ttd:556ms pts:662.620 Clock:662.063 Level:8
2026-03-06 17:07:52.879 T:2219 debug : CVideoPlayerVideo::OutputPicture - ttd:557ms pts:662.662 Clock:662.105 Level:8
2026-03-06 17:07:52.890 T:2215 debug : CVideoPlayer::ProcessVideoData size:107283 dts:678.261 pts:678.386 dur:41.000ms, clock:662.116 level:100
2026-03-06 17:07:52.920 T:2215 debug : CVideoPlayer::ProcessVideoData size:90537 dts:678.303 pts:678.344 dur:41.000ms, clock:662.146 level:100
2026-03-06 17:07:52.922 T:2219 debug : CVideoPlayerVideo::OutputPicture - ttd:555ms pts:662.704 Clock:662.148 Level:8
2026-03-06 17:07:52.964 T:2219 debug : CVideoPlayerVideo::OutputPicture - ttd:554ms pts:662.745 Clock:662.190 Level:8
2026-03-06 17:07:52.971 T:2215 debug : CVideoPlayer::ProcessVideoData size:110574 dts:678.344 pts:678.469 dur:41.000ms, clock:662.197 level:100
2026-03-06 17:07:53.004 T:2219 debug : CVideoPlayerVideo::OutputPicture - ttd:556ms pts:662.787 Clock:662.230 Level:8
2026-03-06 17:07:53.012 T:2215 debug : CVideoPlayer::ProcessVideoData size:93264 dts:678.386 pts:678.428 dur:41.000ms, clock:662.238 level:100
2026-03-06 17:07:53.012 T:2215 debug : CVideoPlayer::ProcessVideoData size:112845 dts:678.428 pts:678.553 dur:41.000ms, clock:662.238 level:100
2026-03-06 17:07:53.047 T:2219 debug : CVideoPlayerVideo::OutputPicture - ttd:555ms pts:662.829 Clock:662.273 Level:8
2026-03-06 17:07:53.052 T:2215 debug : CVideoPlayer::ProcessVideoData size:93101 dts:678.469 pts:678.511 dur:41.000ms, clock:662.278 level:100
2026-03-06 17:07:53.087 T:2219 debug : CVideoPlayerVideo::OutputPicture - ttd:558ms pts:662.871 Clock:662.313 Level:8
2026-03-06 17:07:53.093 T:2215 debug : CVideoPlayer::ProcessVideoData size:111051 dts:678.511 pts:678.636 dur:41.000ms, clock:662.319 level:100
2026-03-06 17:07:53.129 T:2219 debug : CVideoPlayerVideo::OutputPicture - ttd:557ms pts:662.912 Clock:662.355 Level:8
2026-03-06 17:07:53.133 T:2215 debug : CVideoPlayer::ProcessVideoData size:94822 dts:678.553 pts:678.595 dur:41.000ms, clock:662.359 level:100
2026-03-06 17:07:53.134 T:2215 debug : CVideoPlayer::ProcessVideoData size:114751 dts:678.595 pts:678.761 dur:41.000ms, clock:662.360 level:100
2026-03-06 17:07:53.173 T:2219 debug : CVideoPlayerVideo::OutputPicture - ttd:555ms pts:662.954 Clock:662.399 Level:8
2026-03-06 17:07:53.174 T:2215 debug : CVideoPlayer::ProcessVideoData size:112227 dts:678.636 pts:678.720 dur:41.000ms, clock:662.400 level:100
2026-03-06 17:07:53.212 T:2219 debug : CVideoPlayerVideo::OutputPicture - ttd:558ms pts:662.996 Clock:662.438 Level:8
2026-03-06 17:07:53.254 T:2219 debug : CVideoPlayerVideo::OutputPicture - ttd:557ms pts:663.037 Clock:662.480 Level:8
2026-03-06 17:07:53.255 T:2215 debug : CVideoPlayer::ProcessVideoData size:97905 dts:678.678 pts:678.678 dur:41.000ms, clock:662.481 level:100
2026-03-06 17:07:53.256 T:2215 debug : CVideoPlayer::ProcessVideoData size:115843 dts:678.720 pts:678.887 dur:41.000ms, clock:662.482 level:100
2026-03-06 17:07:53.296 T:2219 debug : CVideoPlayerVideo::OutputPicture - ttd:557ms pts:663.079 Clock:662.522 Level:8
2026-03-06 17:07:53.339 T:2219 debug : CVideoPlayerVideo::OutputPicture - ttd:556ms pts:663.121 Clock:662.565 Level:8
2026-03-06 17:07:53.347 T:2215 debug : CVideoPlayer::ProcessVideoData size:114086 dts:678.761 pts:678.845 dur:41.000ms, clock:662.573 level:100
2026-03-06 17:07:53.347 T:2215 debug : CVideoPlayer::ProcessVideoData size:101390 dts:678.803 pts:678.803 dur:41.000ms, clock:662.573 level:100
2026-03-06 17:07:53.379 T:2219 debug : CVideoPlayerVideo::OutputPicture - ttd:557ms pts:663.162 Clock:662.605 Level:8
2026-03-06 17:07:53.380 T:2219 debug : CVideoPlayerVideo::OutputPicture - ttd:597ms pts:663.204 Clock:662.606 Level:9
2026-03-06 17:07:53.381 T:2219 debug : CVideoPlayerVideo::OutputPicture - ttd:638ms pts:663.246 Clock:662.607 Level:10
2026-03-06 17:07:53.387 T:2215 debug : CVideoPlayer::ProcessVideoData size:103108 dts:678.845 pts:679.053 dur:41.000ms, clock:662.613 level:100
2026-03-06 17:07:53.428 T:2215 debug : CVideoPlayer::ProcessVideoData size:111824 dts:678.887 pts:678.970 dur:41.000ms, clock:662.654 level:100
2026-03-06 17:07:53.469 T:2215 debug : CVideoPlayer::ProcessVideoData size:99400 dts:678.928 pts:678.928 dur:41.000ms, clock:662.695 level:100
2026-03-06 17:07:53.469 T:2215 debug : CVideoPlayer::ProcessVideoData size:95476 dts:678.970 pts:679.012 dur:41.000ms, clock:662.695 level:100
2026-03-06 17:07:53.505 T:2219 debug : CVideoPlayerVideo::OutputPicture - ttd:556ms pts:663.288 Clock:662.731 Level:8
2026-03-06 17:07:53.510 T:2215 debug : CVideoPlayer::ProcessVideoData size:87550 dts:679.012 pts:679.262 dur:41.000ms, clock:662.736 level:100
2026-03-06 17:07:53.510 T:2215 debug : CVideoPlayer::ProcessVideoData size:94459 dts:679.053 pts:679.178 dur:41.000ms, clock:662.736 level:100
2026-03-06 17:07:53.546 T:2219 debug : CVideoPlayerVideo::OutputPicture - ttd:557ms pts:663.329 Clock:662.772 Level:8
2026-03-06 17:07:53.588 T:2219 debug : CVideoPlayerVideo::OutputPicture - ttd:557ms pts:663.371 Clock:662.814 Level:8
2026-03-06 17:07:53.601 T:2215 debug : CVideoPlayer::ProcessVideoData size:88415 dts:679.095 pts:679.095 dur:41.000ms, clock:662.827 level:100
2026-03-06 17:07:53.601 T:2215 debug : CVideoPlayer::ProcessVideoData size:86216 dts:679.137 pts:679.137 dur:41.000ms, clock:662.827 level:100
2026-03-06 17:07:53.629 T:2219 debug : CVideoPlayerVideo::OutputPicture - ttd:557ms pts:663.413 Clock:662.855 Level:8
2026-03-06 17:07:53.671 T:2219 debug : CVideoPlayerVideo::OutputPicture - ttd:557ms pts:663.454 Clock:662.897 Level:8
2026-03-06 17:07:53.682 T:2215 debug : CVideoPlayer::ProcessVideoData size:81318 dts:679.178 pts:679.220 dur:41.000ms, clock:662.908 level:100
2026-03-06 17:07:53.682 T:2215 debug : CVideoPlayer::ProcessVideoData size:86156 dts:679.220 pts:679.387 dur:41.000ms, clock:662.908 level:100
2026-03-06 17:07:53.713 T:2219 debug : CVideoPlayerVideo::OutputPicture - ttd:556ms pts:663.496 Clock:662.939 Level:8
2026-03-06 17:07:53.723 T:2215 debug : CVideoPlayer::ProcessVideoData size:85608 dts:679.262 pts:679.345 dur:41.000ms, clock:662.949 level:100
2026-03-06 17:07:53.723 T:2215 debug : CVideoPlayer::ProcessVideoData size:74283 dts:679.304 pts:679.304 dur:41.000ms, clock:662.949 level:100
2026-03-06 17:07:53.723 T:2215 debug : CVideoPlayer::ProcessVideoData size:75801 dts:679.345 pts:679.554 dur:41.000ms, clock:662.949 level:100
2026-03-06 17:07:53.754 T:2219 debug : CVideoPlayerVideo::OutputPicture - ttd:557ms pts:663.538 Clock:662.980 Level:8
2026-03-06 17:07:53.796 T:2219 debug : CVideoPlayerVideo::OutputPicture - ttd:558ms pts:663.580 Clock:663.022 Level:8
2026-03-06 17:07:53.804 T:2215 debug : CVideoPlayer::ProcessVideoData size:83450 dts:679.387 pts:679.470 dur:41.000ms, clock:663.030 level:100
2026-03-06 17:07:53.839 T:2219 debug : CVideoPlayerVideo::OutputPicture - ttd:555ms pts:663.621 Clock:663.065 Level:8
2026-03-06 17:07:53.844 T:2215 debug : CVideoPlayer::ProcessVideoData size:71979 dts:679.429 pts:679.429 dur:41.000ms, clock:663.070 level:100
2026-03-06 17:07:53.844 T:2215 debug : CVideoPlayer::ProcessVideoData size:70081 dts:679.470 pts:679.512 dur:41.000ms, clock:663.070 level:100
2026-03-06 17:07:53.845 T:2215 debug : CVideoPlayer::ProcessVideoData size:69764 dts:679.512 pts:679.679 dur:41.000ms, clock:663.071 level:100
2026-03-06 17:07:53.880 T:2219 debug : CVideoPlayerVideo::OutputPicture - ttd:556ms pts:663.663 Clock:663.106 Level:8
2026-03-06 17:07:53.885 T:2215 debug : CVideoPlayer::ProcessVideoData size:75490 dts:679.554 pts:679.637 dur:41.000ms, clock:663.111 level:100
2026-03-06 17:07:53.885 T:2215 debug : CVideoPlayer::ProcessVideoData size:70682 dts:679.596 pts:679.596 dur:41.000ms, clock:663.111 level:100
2026-03-06 17:07:53.921 T:2219 debug : CVideoPlayerVideo::OutputPicture - ttd:558ms pts:663.705 Clock:663.147 Level:8
2026-03-06 17:07:53.963 T:2219 debug : CVideoPlayerVideo::OutputPicture - ttd:556ms pts:663.746 Clock:663.189 Level:8
2026-03-06 17:07:53.966 T:2215 debug : CVideoPlayer::ProcessVideoData size:71752 dts:679.637 pts:679.804 dur:41.000ms, clock:663.192 level:100
2026-03-06 17:07:53.967 T:2215 debug : CVideoPlayer::ProcessVideoData size:73974 dts:679.679 pts:679.762 dur:41.000ms, clock:663.193 level:100
2026-03-06 17:07:54.004 T:2219 debug : CVideoPlayerVideo::OutputPicture - ttd:557ms pts:663.788 Clock:663.230 Level:8
2026-03-06 17:07:54.007 T:2215 debug : CVideoPlayer::ProcessVideoData size:63832 dts:679.721 pts:679.721 dur:41.000ms, clock:663.233 level:100
2026-03-06 17:07:54.007 T:2215 debug : CVideoPlayer::ProcessVideoData size:77825 dts:679.762 pts:679.971 dur:41.000ms, clock:663.233 level:100
2026-03-06 17:07:54.048 T:2219 debug : CVideoPlayerVideo::OutputPicture - ttd:556ms pts:663.830 Clock:663.274 Level:8
2026-03-06 17:07:54.048 T:2215 debug : CVideoPlayer::ProcessVideoData size:74503 dts:679.804 pts:679.888 dur:41.000ms, clock:663.274 level:100
2026-03-06 17:07:54.048 T:2215 debug : CVideoPlayer::ProcessVideoData size:63384 dts:679.846 pts:679.846 dur:41.000ms, clock:663.274 level:100
2026-03-06 17:07:54.048 T:2215 debug : CVideoPlayer::ProcessVideoData size:66690 dts:679.888 pts:679.929 dur:41.000ms, clock:663.274 level:100
2026-03-06 17:07:54.089 T:2215 debug : CVideoPlayer::ProcessVideoData size:74203 dts:679.929 pts:680.096 dur:41.000ms, clock:663.315 level:100
2026-03-06 17:07:54.089 T:2215 debug : CVideoPlayer::ProcessVideoData size:80789 dts:679.971 pts:680.054 dur:41.000ms, clock:663.315 level:100
2026-03-06 17:07:54.090 T:2219 debug : CVideoPlayerVideo::OutputPicture - ttd:555ms pts:663.872 Clock:663.316 Level:8
2026-03-06 17:07:54.130 T:2219 debug : CVideoPlayerVideo::OutputPicture - ttd:557ms pts:663.913 Clock:663.356 Level:8
2026-03-06 17:07:54.172 T:2219 debug : CVideoPlayerVideo::OutputPicture - ttd:557ms pts:663.955 Clock:663.398 Level:8
2026-03-06 17:07:54.180 T:2215 debug : CVideoPlayer::ProcessVideoData size:69271 dts:680.013 pts:680.013 dur:41.000ms, clock:663.406 level:100
2026-03-06 17:07:54.180 T:2215 debug : CVideoPlayer::ProcessVideoData size:74588 dts:680.054 pts:680.263 dur:41.000ms, clock:663.406 level:100
2026-03-06 17:07:54.180 T:2215 debug : CVideoPlayer::ProcessVideoData size:78495 dts:680.096 pts:680.179 dur:41.000ms, clock:663.406 level:100
2026-03-06 17:07:54.180 T:2215 debug : CVideoPlayer::ProcessVideoData size:62928 dts:680.138 pts:680.138 dur:41.000ms, clock:663.406 level:100
2026-03-06 17:07:54.213 T:2219 debug : CVideoPlayerVideo::OutputPicture - ttd:557ms pts:663.997 Clock:663.439 Level:8
2026-03-06 17:07:54.221 T:2215 debug : CVideoPlayer::ProcessVideoData size:64328 dts:680.179 pts:680.221 dur:41.000ms, clock:663.447 level:100
2026-03-06 17:07:54.221 T:2215 debug : CVideoPlayer::ProcessVideoData size:90257 dts:680.221 pts:680.430 dur:41.000ms, clock:663.447 level:100
2026-03-06 17:07:54.255 T:2219 debug : CVideoPlayerVideo::OutputPicture - ttd:557ms pts:664.038 Clock:663.481 Level:8
2026-03-06 17:07:54.262 T:2215 debug : CVideoPlayer::ProcessVideoData size:87142 dts:680.263 pts:680.346 dur:41.000ms, clock:663.488 level:100
2026-03-06 17:07:54.296 T:2219 debug : CVideoPlayerVideo::OutputPicture - ttd:557ms pts:664.080 Clock:663.522 Level:8
2026-03-06 17:07:54.302 T:2215 debug : CVideoPlayer::ProcessVideoData size:67657 dts:680.305 pts:680.305 dur:41.000ms, clock:663.528 level:100
2026-03-06 17:07:54.302 T:2215 debug : CVideoPlayer::ProcessVideoData size:74966 dts:680.346 pts:680.388 dur:41.000ms, clock:663.528 level:100
2026-03-06 17:07:54.339 T:2219 debug : CVideoPlayerVideo::OutputPicture - ttd:557ms pts:664.122 Clock:663.565 Level:8
2026-03-06 17:07:54.343 T:2215 debug : CVideoPlayer::ProcessVideoData size:99749 dts:680.388 pts:680.513 dur:41.000ms, clock:663.569 level:100
2026-03-06 17:07:54.380 T:2219 debug : CVideoPlayerVideo::OutputPicture - ttd:557ms pts:664.163 Clock:663.606 Level:8
2026-03-06 17:07:54.384 T:2215 debug : CVideoPlayer::ProcessVideoData size:80510 dts:680.430 pts:680.471 dur:41.000ms, clock:663.610 level:100
2026-03-06 17:07:54.384 T:2215 debug : CVideoPlayer::ProcessVideoData size:109246 dts:680.471 pts:680.680 dur:41.000ms, clock:663.610 level:100
2026-03-06 17:07:54.423 T:2219 debug : CVideoPlayerVideo::OutputPicture - ttd:555ms pts:664.205 Clock:663.649 Level:8
2026-03-06 17:07:54.425 T:2215 debug : CVideoPlayer::ProcessVideoData size:112063 dts:680.513 pts:680.597 dur:41.000ms, clock:663.651 level:100
2026-03-06 17:07:54.465 T:2215 debug : CVideoPlayer::ProcessVideoData size:88751 dts:680.555 pts:680.555 dur:41.000ms, clock:663.691 level:100
2026-03-06 17:07:54.466 T:2219 debug : CVideoPlayerVideo::OutputPicture - ttd:555ms pts:664.247 Clock:663.692 Level:8
2026-03-06 17:07:54.475 T:2215 debug : CVideoPlayer::ProcessVideoData size:86771 dts:680.597 pts:680.638 dur:41.000ms, clock:663.701 level:100
2026-03-06 17:07:54.476 T:2215 debug : CVideoPlayer::ProcessVideoData size:108394 dts:680.638 pts:680.889 dur:41.000ms, clock:663.702 level:100
2026-03-06 17:07:54.505 T:2219 debug : CVideoPlayerVideo::OutputPicture - ttd:558ms pts:664.289 Clock:663.731 Level:8
2026-03-06 17:07:54.506 T:2215 debug : CVideoPlayer::ProcessVideoData size:116079 dts:680.680 pts:680.805 dur:41.000ms, clock:663.732 level:100
2026-03-06 17:07:54.547 T:2215 debug : CVideoPlayer::ProcessVideoData size:101975 dts:680.722 pts:680.722 dur:41.000ms, clock:663.773 level:100
2026-03-06 17:07:54.548 T:2219 debug : CVideoPlayerVideo::OutputPicture - ttd:555ms pts:664.330 Clock:663.774 Level:8
2026-03-06 17:07:54.588 T:2219 debug : CVideoPlayerVideo::OutputPicture - ttd:558ms pts:664.372 Clock:663.814 Level:8
2026-03-06 17:07:54.598 T:2215 debug : CVideoPlayer::ProcessVideoData size:101122 dts:680.763 pts:680.763 dur:41.000ms, clock:663.824 level:100
2026-03-06 17:07:54.632 T:2219 debug : CVideoPlayerVideo::OutputPicture - ttd:556ms pts:664.414 Clock:663.858 Level:8
2026-03-06 17:07:54.638 T:2215 debug : CVideoPlayer::ProcessVideoData size:101355 dts:680.805 pts:680.847 dur:41.000ms, clock:663.864 level:100
2026-03-06 17:07:54.671 T:2219 debug : CVideoPlayerVideo::OutputPicture - ttd:557ms pts:664.455 Clock:663.897 Level:8
2026-03-06 17:07:54.679 T:2215 debug : CVideoPlayer::ProcessVideoData size:130818 dts:680.847 pts:681.014 dur:41.000ms, clock:663.905 level:100
2026-03-06 17:07:54.713 T:2219 debug : CVideoPlayerVideo::OutputPicture - ttd:557ms pts:664.497 Clock:663.939 Level:8
2026-03-06 17:07:54.719 T:2215 debug : CVideoPlayer::ProcessVideoData size:121216 dts:680.889 pts:680.972 dur:41.000ms, clock:663.945 level:100
2026-03-06 17:07:54.757 T:2219 debug : CVideoPlayerVideo::OutputPicture - ttd:555ms pts:664.539 Clock:663.983 Level:8
2026-03-06 17:07:54.760 T:2215 debug : CVideoPlayer::ProcessVideoData size:99559 dts:680.930 pts:680.930 dur:41.000ms, clock:663.986 level:100
2026-03-06 17:07:54.796 T:2219 debug : CVideoPlayerVideo::OutputPicture - ttd:558ms pts:664.581 Clock:664.022 Level:8
2026-03-06 17:07:54.839 T:2219 debug : CVideoPlayerVideo::OutputPicture - ttd:557ms pts:664.622 Clock:664.065 Level:8
2026-03-06 17:07:54.841 T:2215 debug : CVideoPlayer::ProcessVideoData size:135929 dts:680.972 pts:681.180 dur:41.000ms, clock:664.067 level:100
2026-03-06 17:07:54.881 T:2215 debug : CVideoPlayer::ProcessVideoData size:147740 dts:681.014 pts:681.097 dur:41.000ms, clock:664.107 level:100
2026-03-06 17:07:54.882 T:2219 debug : CVideoPlayerVideo::OutputPicture - ttd:555ms pts:664.664 Clock:664.108 Level:8
2026-03-06 17:07:54.922 T:2219 debug : CVideoPlayerVideo::OutputPicture - ttd:558ms pts:664.706 Clock:664.148 Level:8
2026-03-06 17:07:54.932 T:2215 debug : CVideoPlayer::ProcessVideoData size:112801 dts:681.055 pts:681.055 dur:41.000ms, clock:664.158 level:100
2026-03-06 17:07:54.964 T:2219 debug : CVideoPlayerVideo::OutputPicture - ttd:556ms pts:664.747 Clock:664.190 Level:8
2026-03-06 17:07:54.973 T:2215 debug : CVideoPlayer::ProcessVideoData size:106994 dts:681.097 pts:681.139 dur:41.000ms, clock:664.199 level:100
2026-03-06 17:07:55.007 T:2219 debug : CVideoPlayerVideo::OutputPicture - ttd:555ms pts:664.789 Clock:664.233 Level:8
2026-03-06 17:07:55.013 T:2215 debug : CVideoPlayer::ProcessVideoData size:133064 dts:681.139 pts:681.264 dur:41.000ms, clock:664.239 level:100
2026-03-06 17:07:55.049 T:2219 debug : CVideoPlayerVideo::OutputPicture - ttd:556ms pts:664.831 Clock:664.275 Level:8
2026-03-06 17:07:55.054 T:2215 debug : CVideoPlayer::ProcessVideoData size:99783 dts:681.180 pts:681.222 dur:41.000ms, clock:664.280 level:100
2026-03-06 17:07:55.091 T:2219 debug : CVideoPlayerVideo::OutputPicture - ttd:556ms pts:664.873 Clock:664.317 Level:8
2026-03-06 17:07:55.095 T:2215 debug : CVideoPlayer::ProcessVideoData size:146681 dts:681.222 pts:681.431 dur:41.000ms, clock:664.321 level:100
2026-03-06 17:07:55.132 T:2219 debug : CVideoPlayerVideo::OutputPicture - ttd:555ms pts:664.914 Clock:664.358 Level:8
2026-03-06 17:07:55.135 T:2215 debug : CVideoPlayer::ProcessVideoData size:137364 dts:681.264 pts:681.347 dur:41.000ms, clock:664.361 level:100
2026-03-06 17:07:55.174 T:2219 debug : CVideoPlayerVideo::OutputPicture - ttd:556ms pts:664.956 Clock:664.400 Level:8
2026-03-06 17:07:55.176 T:2215 debug : CVideoPlayer::ProcessVideoData size:103739 dts:681.306 pts:681.306 dur:41.000ms, clock:664.402 level:100
2026-03-06 17:07:55.214 T:2219 debug : CVideoPlayerVideo::OutputPicture - ttd:557ms pts:664.998 Clock:664.440 Level:8
2026-03-06 17:07:55.216 T:2215 debug : CVideoPlayer::ProcessVideoData size:107768 dts:681.347 pts:681.389 dur:41.000ms, clock:664.442 level:100
2026-03-06 17:07:55.217 T:2215 debug : CVideoPlayer::ProcessVideoData size:148972 dts:681.389 pts:681.556 dur:41.000ms, clock:664.443 level:100
2026-03-06 17:07:55.241 T:1257 debug : CLibInputKeyboard::ProcessKey - using delay: 500ms repeat: 33ms
2026-03-06 17:07:55.241 T:2254 debug : Thread Timer start, auto delete: false
2026-03-06 17:07:55.250 T:1251 debug : Keyboard: scancode: 0x69, sym: 0x114 (left), unicode: 0x00, modifier: 0x0
2026-03-06 17:07:55.251 T:1251 debug : bool CInputManager::HandleKey(const CKey&): left (0xf082) pressed, window 12005, action is StepBack
2026-03-06 17:07:55.252 T:1251 debug : ------ Window Init (DialogSeekBar.xml) ------
2026-03-06 17:07:55.258 T:2219 debug : CVideoPlayerVideo::OutputPicture - ttd:555ms pts:665.039 Clock:664.484 Level:8
2026-03-06 17:07:55.281 T:2254 debug : Thread Timer 547107339680 terminating
2026-03-06 17:07:55.292 T:1251 debug : Keyboard: scancode: 0x69, sym: 0x114 (left), unicode: 0x00, modifier: 0x0
2026-03-06 17:07:55.292 T:1251 debug : ------ Window Init (Custom_1109_TopBarOverlay.xml) ------
2026-03-06 17:07:55.297 T:2219 debug : CVideoPlayerVideo::OutputPicture - ttd:557ms pts:665.081 Clock:664.523 Level:8
2026-03-06 17:07:55.308 T:2215 debug : CVideoPlayer::ProcessVideoData size:119739 dts:681.431 pts:681.514 dur:41.000ms, clock:664.534 level:100
2026-03-06 17:07:55.341 T:2219 debug : CVideoPlayerVideo::OutputPicture - ttd:556ms pts:665.123 Clock:664.567 Level:8
2026-03-06 17:07:55.348 T:2215 debug : CVideoPlayer::ProcessVideoData size:96205 dts:681.472 pts:681.472 dur:41.000ms, clock:664.574 level:100
2026-03-06 17:07:55.353 T:1257 debug : CLibInputKeyboard::ProcessKey - using delay: 500ms repeat: 33ms
2026-03-06 17:07:55.353 T:2255 debug : Thread Timer start, auto delete: false
2026-03-06 17:07:55.369 T:2255 debug : Thread Timer 547107339680 terminating
2026-03-06 17:07:55.375 T:1251 debug : Keyboard: scancode: 0x69, sym: 0x114 (left), unicode: 0x00, modifier: 0x0
2026-03-06 17:07:55.376 T:1251 debug : bool CInputManager::HandleKey(const CKey&): left (0xf082) pressed, window 12005, action is StepBack
2026-03-06 17:07:55.376 T:1251 debug : Keyboard: scancode: 0x69, sym: 0x114 (left), unicode: 0x00, modifier: 0x0
2026-03-06 17:07:55.383 T:2219 debug : CVideoPlayerVideo::OutputPicture - ttd:555ms pts:665.164 Clock:664.609 Level:8
2026-03-06 17:07:55.389 T:2215 debug : CVideoPlayer::ProcessVideoData size:151609 dts:681.514 pts:681.723 dur:41.000ms, clock:664.615 level:100
2026-03-06 17:07:55.425 T:2219 debug : CVideoPlayerVideo::OutputPicture - ttd:555ms pts:665.206 Clock:664.651 Level:8
2026-03-06 17:07:55.467 T:2219 debug : CVideoPlayerVideo::OutputPicture - ttd:555ms pts:665.248 Clock:664.693 Level:8
2026-03-06 17:07:55.470 T:2215 debug : CVideoPlayer::ProcessVideoData size:147502 dts:681.556 pts:681.639 dur:41.000ms, clock:664.696 level:100
2026-03-06 17:07:55.506 T:2219 debug : CVideoPlayerVideo::OutputPicture - ttd:557ms pts:665.290 Clock:664.732 Level:8
2026-03-06 17:07:55.510 T:2215 debug : CVideoPlayer::ProcessVideoData size:106228 dts:681.598 pts:681.598 dur:41.000ms, clock:664.737 level:100
2026-03-06 17:07:55.550 T:2219 debug : CVideoPlayerVideo::OutputPicture - ttd:555ms pts:665.331 Clock:664.776 Level:8
2026-03-06 17:07:55.551 T:2215 debug : CVideoPlayer::ProcessVideoData size:106132 dts:681.639 pts:681.681 dur:41.000ms, clock:664.777 level:100
2026-03-06 17:07:55.589 T:2219 debug : CVideoPlayerVideo::OutputPicture - ttd:557ms pts:665.373 Clock:664.815 Level:8
2026-03-06 17:07:55.592 T:2215 debug : CVideoPlayer::ProcessVideoData size:151696 dts:681.681 pts:681.890 dur:41.000ms, clock:664.818 level:100
2026-03-06 17:07:55.631 T:2219 debug : CVideoPlayerVideo::OutputPicture - ttd:557ms pts:665.415 Clock:664.857 Level:8
2026-03-06 17:07:55.642 T:2215 debug : CVideoPlayer::ProcessVideoData size:129297 dts:681.723 pts:681.806 dur:41.000ms, clock:664.868 level:100
2026-03-06 17:07:55.673 T:2219 debug : CVideoPlayerVideo::OutputPicture - ttd:557ms pts:665.456 Clock:664.899 Level:8
2026-03-06 17:07:55.714 T:2219 debug : CVideoPlayerVideo::OutputPicture - ttd:557ms pts:665.498 Clock:664.940 Level:8
2026-03-06 17:07:55.723 T:2215 debug : CVideoPlayer::ProcessVideoData size:95203 dts:681.764 pts:681.764 dur:41.000ms, clock:664.949 level:100
2026-03-06 17:07:55.724 T:2215 debug : CVideoPlayer::ProcessVideoData size:94749 dts:681.806 pts:681.848 dur:41.000ms, clock:664.950 level:100
2026-03-06 17:07:55.758 T:2219 debug : CVideoPlayerVideo::OutputPicture - ttd:556ms pts:665.540 Clock:664.984 Level:8
2026-03-06 17:07:55.797 T:2219 debug : CVideoPlayerVideo::OutputPicture - ttd:558ms pts:665.582 Clock:665.023 Level:8
2026-03-06 17:07:55.805 T:2215 debug : CVideoPlayer::ProcessVideoData size:142472 dts:681.848 pts:682.056 dur:41.000ms, clock:665.031 level:100
2026-03-06 17:07:55.840 T:2219 debug : CVideoPlayerVideo::OutputPicture - ttd:557ms pts:665.623 Clock:665.066 Level:8
2026-03-06 17:07:55.845 T:2215 debug : CVideoPlayer::ProcessVideoData size:118708 dts:681.890 pts:681.973 dur:41.000ms, clock:665.071 level:100
2026-03-06 17:07:55.881 T:2219 debug : CVideoPlayerVideo::OutputPicture - ttd:557ms pts:665.665 Clock:665.107 Level:8
2026-03-06 17:07:55.886 T:2215 debug : CVideoPlayer::ProcessVideoData size:96376 dts:681.931 pts:681.931 dur:41.000ms, clock:665.112 level:100
2026-03-06 17:07:55.924 T:2219 debug : CVideoPlayerVideo::OutputPicture - ttd:556ms pts:665.707 Clock:665.150 Level:8
2026-03-06 17:07:55.926 T:2215 debug : CVideoPlayer::ProcessVideoData size:82923 dts:681.973 pts:682.015 dur:41.000ms, clock:665.152 level:100
2026-03-06 17:07:55.965 T:2219 debug : CVideoPlayerVideo::OutputPicture - ttd:557ms pts:665.748 Clock:665.191 Level:8
2026-03-06 17:07:55.967 T:2215 debug : CVideoPlayer::ProcessVideoData size:156294 dts:682.015 pts:682.265 dur:41.000ms, clock:665.193 level:100
2026-03-06 17:07:56.008 T:2215 debug : CVideoPlayer::ProcessVideoData size:118683 dts:682.056 pts:682.181 dur:41.000ms, clock:665.234 level:100
2026-03-06 17:07:56.008 T:2219 debug : CVideoPlayerVideo::OutputPicture - ttd:556ms pts:665.790 Clock:665.234 Level:8
2026-03-06 17:07:56.049 T:2219 debug : CVideoPlayerVideo::OutputPicture - ttd:557ms pts:665.832 Clock:665.275 Level:8
2026-03-06 17:07:56.092 T:2219 debug : CVideoPlayerVideo::OutputPicture - ttd:556ms pts:665.874 Clock:665.318 Level:8
2026-03-06 17:07:56.099 T:2215 debug : CVideoPlayer::ProcessVideoData size:90072 dts:682.098 pts:682.098 dur:41.000ms, clock:665.325 level:100
2026-03-06 17:07:56.129 T:2215 debug : demuxer seek to: 635355.000000
2026-03-06 17:07:56.133 T:2219 debug : CVideoPlayerVideo::OutputPicture - ttd:556ms pts:665.915 Clock:665.359 Level:8
2026-03-06 17:07:56.133 T:2217 debug : CDoubleCache::Reset - (0x7f4a41b3e0) Cache miss for 1720486998 with new=89570926-123125358 and old=1862799288-1896353720
2026-03-06 17:07:56.133 T:2217 debug : CFileCache::Process - cache completely reset for seek to position 1720486998
2026-03-06 17:07:56.173 T:2219 debug : CVideoPlayerVideo::OutputPicture - ttd:558ms pts:665.957 Clock:665.399 Level:8
2026-03-06 17:07:56.184 T:2215 debug : SeekTime - seek ended up on time 630046
2026-03-06 17:07:56.184 T:2215 debug : demuxer seek to: 635355.000000, success
2026-03-06 17:07:56.184 T:2215 debug : CVideoPlayer::FlushBuffers - flushing buffers
2026-03-06 17:07:56.186 T:2219 debug : CAMLCodec::Reset
2026-03-06 17:07:56.245 T:2220 debug : CDVDAudio::Flush - flush audio stream
2026-03-06 17:07:56.245 T:2220 debug : CDVDAudio::Pause - pausing audio stream
2026-03-06 17:07:56.245 T:2220 debug : CVideoPlayerAudio - CDVDMsg::GENERAL_SYNCHRONIZE
2026-03-06 17:07:56.245 T:2219 debug : CVideoPlayerVideo - CDVDMsg::GENERAL_SYNCHRONIZE
2026-03-06 17:07:56.245 T:2215 debug : CDVDClock::SetSpeedAdjust - adjusted:0.000000
2026-03-06 17:07:56.245 T:2219 debug : CAMLCodec::SetSpeed, speed(0)
2026-03-06 17:07:56.246 T:2215 debug : CVideoPlayer::ProcessVideoData size:263262 dts:18442240474082.180 pts:630.046 dur:41.000ms, clock:665.471 level:0
2026-03-06 17:07:56.246 T:2219 debug : CVideoPlayerVideo - Stillframe left, switching to normal playback
2026-03-06 17:07:56.246 T:2215 debug : CVideoPlayer::ProcessVideoData size:198380 dts:18442240474082.180 pts:630.171 dur:41.000ms, clock:665.471 level:0
2026-03-06 17:07:56.247 T:2215 debug : CVideoPlayer::CheckContinuity - wrapback :2, prev:630171000.000000, curr:630046000.000000, diff:-125000.000000
2026-03-06 17:07:56.247 T:2215 debug : CVideoPlayer::ProcessVideoData size:97279 dts:630.046 pts:630.129 dur:41.000ms, clock:665.471 level:0
2026-03-06 17:07:56.247 T:2215 debug : CVideoPlayer::ProcessVideoData size:56095 dts:630.088 pts:630.088 dur:41.000ms, clock:665.471 level:0
2026-03-06 17:07:56.247 T:2215 debug : CVideoPlayer::ProcessVideoData size:201886 dts:630.129 pts:630.338 dur:41.000ms, clock:665.471 level:0
2026-03-06 17:07:56.247 T:2215 debug : CVideoPlayer::ProcessVideoData size:114221 dts:630.171 pts:630.255 dur:41.000ms, clock:665.471 level:1
2026-03-06 17:07:56.248 T:2215 debug : CVideoPlayer::ProcessVideoData size:57949 dts:630.213 pts:630.213 dur:41.000ms, clock:665.471 level:1
2026-03-06 17:07:56.248 T:2215 debug : CVideoPlayer::ProcessVideoData size:54808 dts:630.255 pts:630.296 dur:41.000ms, clock:665.471 level:1
2026-03-06 17:07:56.248 T:2215 debug : CVideoPlayer::ProcessVideoData size:221934 dts:630.296 pts:630.505 dur:41.000ms, clock:665.471 level:2
2026-03-06 17:07:56.248 T:2215 debug : CVideoPlayer::ProcessVideoData size:101261 dts:630.338 pts:630.421 dur:41.000ms, clock:665.471 level:2
2026-03-06 17:07:56.249 T:2215 debug : CVideoPlayer::ProcessVideoData size:57927 dts:630.380 pts:630.380 dur:41.000ms, clock:665.471 level:3
2026-03-06 17:07:56.249 T:2215 debug : CVideoPlayer::ProcessVideoData size:51523 dts:630.421 pts:630.463 dur:41.000ms, clock:665.471 level:3
2026-03-06 17:07:56.250 T:2215 debug : CVideoPlayer::ProcessVideoData size:206791 dts:630.463 pts:630.672 dur:41.000ms, clock:665.471 level:5
2026-03-06 17:07:56.250 T:2215 debug : CVideoPlayer::ProcessVideoData size:92541 dts:630.505 pts:630.588 dur:41.000ms, clock:665.471 level:6
2026-03-06 17:07:56.250 T:2215 debug : CVideoPlayer::ProcessVideoData size:48460 dts:630.547 pts:630.547 dur:41.000ms, clock:665.471 level:6
2026-03-06 17:07:56.250 T:2215 debug : CVideoPlayer::ProcessVideoData size:50238 dts:630.588 pts:630.630 dur:41.000ms, clock:665.471 level:7
2026-03-06 17:07:56.250 T:2215 debug : CVideoPlayer::ProcessVideoData size:195072 dts:630.630 pts:630.839 dur:41.000ms, clock:665.471 level:7
2026-03-06 17:07:56.251 T:2215 debug : CVideoPlayer::ProcessVideoData size:95852 dts:630.672 pts:630.755 dur:41.000ms, clock:665.471 level:8
2026-03-06 17:07:56.251 T:2215 debug : CVideoPlayer::ProcessVideoData size:46551 dts:630.713 pts:630.713 dur:41.000ms, clock:665.471 level:8
2026-03-06 17:07:56.251 T:2215 debug : CVideoPlayer::ProcessVideoData size:47107 dts:630.755 pts:630.797 dur:41.000ms, clock:665.471 level:9
2026-03-06 17:07:56.251 T:2215 debug : CVideoPlayer::ProcessVideoData size:195758 dts:630.797 pts:631.005 dur:41.000ms, clock:665.471 level:9
2026-03-06 17:07:56.251 T:2215 debug : CVideoPlayer::ProcessVideoData size:85803 dts:630.839 pts:630.922 dur:41.000ms, clock:665.471 level:9
2026-03-06 17:07:56.251 T:2215 debug : CVideoPlayer::ProcessVideoData size:44856 dts:630.880 pts:630.880 dur:41.000ms, clock:665.471 level:10
2026-03-06 17:07:56.252 T:2215 debug : CVideoPlayer::ProcessVideoData size:42335 dts:630.922 pts:630.964 dur:41.000ms, clock:665.471 level:10
2026-03-06 17:07:56.252 T:2215 debug : CVideoPlayer::ProcessVideoData size:237451 dts:630.964 pts:631.172 dur:41.000ms, clock:665.471 level:11
2026-03-06 17:07:56.252 T:2215 debug : CVideoPlayer::ProcessVideoData size:83234 dts:631.005 pts:631.089 dur:41.000ms, clock:665.471 level:11
2026-03-06 17:07:56.252 T:2215 debug : CVideoPlayer::ProcessVideoData size:44425 dts:631.047 pts:631.047 dur:41.000ms, clock:665.471 level:12
2026-03-06 17:07:56.252 T:2215 debug : CVideoPlayer::ProcessVideoData size:39159 dts:631.089 pts:631.130 dur:41.000ms, clock:665.471 level:12
2026-03-06 17:07:56.253 T:2215 debug : CVideoPlayer::ProcessVideoData size:232574 dts:631.130 pts:631.339 dur:41.000ms, clock:665.471 level:13
2026-03-06 17:07:56.253 T:2215 debug : CVideoPlayer::ProcessVideoData size:79164 dts:631.172 pts:631.256 dur:41.000ms, clock:665.471 level:14
2026-03-06 17:07:56.253 T:2215 debug : CVideoPlayer::ProcessVideoData size:40194 dts:631.214 pts:631.214 dur:41.000ms, clock:665.471 level:14
2026-03-06 17:07:56.253 T:2215 debug : CVideoPlayer::ProcessVideoData size:40606 dts:631.256 pts:631.297 dur:41.000ms, clock:665.471 level:15
2026-03-06 17:07:56.254 T:2215 debug : CVideoPlayer::ProcessVideoData size:224613 dts:631.297 pts:631.506 dur:41.000ms, clock:665.471 level:15
2026-03-06 17:07:56.254 T:2215 debug : CVideoPlayer::ProcessVideoData size:88129 dts:631.339 pts:631.422 dur:41.000ms, clock:665.471 level:15
2026-03-06 17:07:56.254 T:2215 debug : CVideoPlayer::ProcessVideoData size:38585 dts:631.381 pts:631.381 dur:41.000ms, clock:665.471 level:16
2026-03-06 17:07:56.254 T:2215 debug : CVideoPlayer::ProcessVideoData size:39260 dts:631.422 pts:631.464 dur:41.000ms, clock:665.471 level:16
2026-03-06 17:07:56.255 T:2215 debug : CVideoPlayer::ProcessVideoData size:182429 dts:631.464 pts:631.631 dur:41.000ms, clock:665.471 level:17
2026-03-06 17:07:56.255 T:2220 debug : CDVDAudio::Pause - pausing audio stream
2026-03-06 17:07:56.255 T:2215 debug : CVideoPlayer::ProcessVideoData size:77617 dts:631.506 pts:631.589 dur:41.000ms, clock:665.471 level:17
2026-03-06 17:07:56.256 T:2215 debug : CVideoPlayer::ProcessVideoData size:42411 dts:631.548 pts:631.548 dur:41.000ms, clock:665.471 level:18
2026-03-06 17:07:56.259 T:2215 debug : CVideoPlayer::ProcessVideoData size:185428 dts:631.589 pts:631.756 dur:41.000ms, clock:665.471 level:17
2026-03-06 17:07:56.259 T:2215 debug : CVideoPlayer::ProcessVideoData size:65013 dts:631.631 pts:631.714 dur:41.000ms, clock:665.471 level:18
2026-03-06 17:07:56.261 T:2215 debug : CVideoPlayer::ProcessVideoData size:41631 dts:631.673 pts:631.673 dur:41.000ms, clock:665.471 level:18
2026-03-06 17:07:56.265 T:2215 debug : CVideoPlayer::ProcessVideoData size:209456 dts:631.714 pts:631.923 dur:41.000ms, clock:665.471 level:19
2026-03-06 17:07:56.266 T:2215 debug : CVideoPlayer::ProcessVideoData size:92046 dts:631.756 pts:631.840 dur:41.000ms, clock:665.471 level:19
2026-03-06 17:07:56.266 T:2215 debug : CVideoPlayer::ProcessVideoData size:46872 dts:631.798 pts:631.798 dur:41.000ms, clock:665.471 level:20
2026-03-06 17:07:56.266 T:2215 debug : CVideoPlayer::ProcessVideoData size:43053 dts:631.840 pts:631.881 dur:41.000ms, clock:665.471 level:20
2026-03-06 17:07:56.267 T:2220 debug : CVideoPlayerAudio::ProcessDecoderOutput: GetAudioChannelsSink: FL, FR
2026-03-06 17:07:56.267 T:2215 debug : CVideoPlayer::HandleMessages - player started 1
2026-03-06 17:07:56.267 T:2216 debug : virtual void CApplicationPlayerCallback::OnAVChange(): call
2026-03-06 17:07:56.268 T:2219 debug : CVideoPlayerVideo::OutputPicture - ttd:-35425ms pts:630.046 Clock:665.471 Level:0
2026-03-06 17:07:56.272 T:2215 debug : CVideoPlayer::ProcessVideoData size:225215 dts:631.881 pts:632.090 dur:41.000ms, clock:665.471 level:21
2026-03-06 17:07:56.273 T:2215 debug : CVideoPlayer::ProcessVideoData size:93090 dts:631.923 pts:632.006 dur:41.000ms, clock:665.471 level:21
2026-03-06 17:07:56.273 T:2215 debug : CVideoPlayer::ProcessVideoData size:45112 dts:631.965 pts:631.965 dur:41.000ms, clock:665.471 level:22
2026-03-06 17:07:56.273 T:2215 debug : CVideoPlayer::ProcessVideoData size:40277 dts:632.006 pts:632.048 dur:41.000ms, clock:665.471 level:22
2026-03-06 17:07:56.278 T:2215 debug : CVideoPlayer::ProcessVideoData size:220115 dts:632.048 pts:632.257 dur:41.000ms, clock:665.471 level:23
2026-03-06 17:07:56.278 T:2215 debug : CVideoPlayer::ProcessVideoData size:87525 dts:632.090 pts:632.173 dur:41.000ms, clock:665.471 level:23
2026-03-06 17:07:56.280 T:2215 debug : CVideoPlayer::ProcessVideoData size:41760 dts:632.131 pts:632.131 dur:41.000ms, clock:665.471 level:24
2026-03-06 17:07:56.280 T:2215 debug : CVideoPlayer::ProcessVideoData size:42067 dts:632.173 pts:632.215 dur:41.000ms, clock:665.471 level:24
2026-03-06 17:07:56.285 T:2215 debug : CVideoPlayer::ProcessVideoData size:231886 dts:632.215 pts:632.423 dur:41.000ms, clock:665.471 level:25
2026-03-06 17:07:56.285 T:2215 debug : CVideoPlayer::ProcessVideoData size:93034 dts:632.257 pts:632.340 dur:41.000ms, clock:665.471 level:26
2026-03-06 17:07:56.287 T:2215 debug : CVideoPlayer::ProcessVideoData size:38596 dts:632.298 pts:632.298 dur:41.000ms, clock:665.471 level:26
2026-03-06 17:07:56.287 T:2215 debug : CVideoPlayer::ProcessVideoData size:40862 dts:632.340 pts:632.382 dur:41.000ms, clock:665.471 level:27
2026-03-06 17:07:56.292 T:2215 debug : CVideoPlayer::ProcessVideoData size:255958 dts:632.382 pts:632.632 dur:41.000ms, clock:665.471 level:27
2026-03-06 17:07:56.294 T:2215 debug : CVideoPlayer::ProcessVideoData size:112733 dts:632.423 pts:632.549 dur:41.000ms, clock:665.471 level:28
2026-03-06 17:07:56.294 T:2215 debug : CVideoPlayer::ProcessVideoData size:56379 dts:632.465 pts:632.465 dur:41.000ms, clock:665.471 level:28
2026-03-06 17:07:56.294 T:2215 debug : CVideoPlayer::ProcessVideoData size:61444 dts:632.507 pts:632.507 dur:41.000ms, clock:665.471 level:29
2026-03-06 17:07:56.299 T:2215 debug : CVideoPlayer::ProcessVideoData size:49095 dts:632.549 pts:632.590 dur:41.000ms, clock:665.471 level:29
2026-03-06 17:07:56.299 T:2215 debug : CVideoPlayer::HandleMessages - player started 2
2026-03-06 17:07:56.299 T:2215 debug : VideoPlayer::Sync - Audio - pts: 630.346, cache: 0.309, totalcache: 0.800, packets:243 level:29
2026-03-06 17:07:56.299 T:2215 debug : VideoPlayer::Sync - Video - pts: 630.046, cache: 0.050, totalcache: 0.100, packets:63 level:30
2026-03-06 17:07:56.299 T:2215 debug : CDVDClock::SetSpeedAdjust - adjusted:0.000000
2026-03-06 17:07:56.299 T:2219 debug : CVideoPlayerVideo - CDVDMsg::GENERAL_RESYNC(629946000.000000)
2026-03-06 17:07:56.299 T:2219 debug : CVideoPlayerVideo - OUTPUT_AGAIN - vfmt, interlace should be checked.
2026-03-06 17:07:56.299 T:2219 debug : CAMLCodec::SetSpeed, speed(1000)
2026-03-06 17:07:56.299 T:2220 debug : CDVDAudio::Resume - resume audio stream
2026-03-06 17:07:56.299 T:1265 debug : ActiveAE - start sync of audio stream
2026-03-06 17:07:56.302 T:2219 debug : CVideoPlayerVideo::OutputPicture - ttd:138ms pts:630.088 Clock:629.950 Level:0
2026-03-06 17:07:56.303 T:2215 debug : CVideoPlayer::ProcessVideoData size:201391 dts:632.590 pts:632.757 dur:41.000ms, clock:629.950 level:29
2026-03-06 17:07:56.303 T:2219 debug : CVideoPlayerVideo - CDVDMsg::DEMUXER_PACKET - checking interlace vfmt: null
2026-03-06 17:07:56.304 T:2219 debug : CVideoPlayerVideo::OutputPicture - ttd:177ms pts:630.129 Clock:629.951 Level:1
2026-03-06 17:07:56.305 T:2215 debug : CVideoPlayer::ProcessVideoData size:97164 dts:632.632 pts:632.715 dur:41.000ms, clock:629.952 level:30
2026-03-06 17:07:56.305 T:2215 debug : CVideoPlayer::ProcessVideoData size:44304 dts:632.674 pts:632.674 dur:41.000ms, clock:629.952 level:30
2026-03-06 17:07:56.308 T:2219 debug : CVideoPlayerVideo::OutputPicture - ttd:215ms pts:630.171 Clock:629.955 Level:2
2026-03-06 17:07:56.309 T:2219 debug : CVideoPlayerVideo::OutputPicture - ttd:256ms pts:630.213 Clock:629.957 Level:3
2026-03-06 17:07:56.310 T:2215 debug : CVideoPlayer::ProcessVideoData size:221385 dts:632.715 pts:632.924 dur:41.000ms, clock:629.957 level:30
2026-03-06 17:07:56.311 T:2215 debug : CVideoPlayer::ProcessVideoData size:104807 dts:632.757 pts:632.841 dur:41.000ms, clock:629.959 level:30
2026-03-06 17:07:56.312 T:2215 debug : CVideoPlayer::ProcessVideoData size:45905 dts:632.799 pts:632.799 dur:41.000ms, clock:629.959 level:31
2026-03-06 17:07:56.312 T:2215 debug : CVideoPlayer::ProcessVideoData size:49270 dts:632.841 pts:632.882 dur:41.000ms, clock:629.959 level:31
2026-03-06 17:07:56.314 T:2219 debug : CVideoPlayerVideo::OutputPicture - ttd:294ms pts:630.255 Clock:629.961 Level:4
2026-03-06 17:07:56.316 T:2215 debug : CVideoPlayer::ProcessVideoData size:205619 dts:632.882 pts:633.091 dur:41.000ms, clock:629.963 level:31
2026-03-06 17:07:56.317 T:2219 debug : CVideoPlayerVideo::OutputPicture - ttd:331ms pts:630.296 Clock:629.965 Level:5
2026-03-06 17:07:56.318 T:2215 debug : CVideoPlayer::ProcessVideoData size:99841 dts:632.924 pts:633.007 dur:41.000ms, clock:629.965 level:32
2026-03-06 17:07:56.319 T:2215 debug : CVideoPlayer::ProcessVideoData size:44070 dts:632.966 pts:632.966 dur:41.000ms, clock:629.967 level:32
2026-03-06 17:07:56.319 T:2215 debug : CVideoPlayer::ProcessVideoData size:45882 dts:633.007 pts:633.049 dur:41.000ms, clock:629.967 level:32
2026-03-06 17:07:56.321 T:2215 debug : CVideoPlayer::ProcessVideoData size:129296 dts:633.049 pts:633.132 dur:41.000ms, clock:629.968 level:32
2026-03-06 17:07:56.323 T:2219 debug : CVideoPlayerVideo::OutputPicture - ttd:367ms pts:630.338 Clock:629.971 Level:6
2026-03-06 17:07:56.324 T:2219 debug : CVideoPlayerVideo - CDVDMsg::DEMUXER_PACKET - checking interlace vfmt: null
2026-03-06 17:07:56.325 T:2215 debug : CVideoPlayer::ProcessVideoData size:206867 dts:633.091 pts:633.258 dur:41.000ms, clock:629.972 level:33
2026-03-06 17:07:56.327 T:2215 debug : CVideoPlayer::ProcessVideoData size:62011 dts:633.132 pts:633.216 dur:41.000ms, clock:629.974 level:33
2026-03-06 17:07:56.327 T:2215 debug : CVideoPlayer::ProcessVideoData size:43241 dts:633.174 pts:633.174 dur:41.000ms, clock:629.974 level:33
2026-03-06 17:07:56.328 T:2219 debug : CVideoPlayerVideo::OutputPicture - ttd:404ms pts:630.380 Clock:629.976 Level:7
2026-03-06 17:07:56.330 T:2215 debug : CVideoPlayer::ProcessVideoData size:183777 dts:633.216 pts:633.383 dur:41.000ms, clock:629.977 level:33
2026-03-06 17:07:56.332 T:2215 debug : CVideoPlayer::ProcessVideoData size:73256 dts:633.258 pts:633.341 dur:41.000ms, clock:629.979 level:34
2026-03-06 17:07:56.332 T:2215 debug : CVideoPlayer::ProcessVideoData size:43135 dts:633.299 pts:633.299 dur:41.000ms, clock:629.979 level:34
2026-03-06 17:07:56.332 T:2219 debug : CVideoPlayerVideo::OutputPicture - ttd:441ms pts:630.421 Clock:629.979 Level:8
2026-03-06 17:07:56.335 T:2215 debug : CVideoPlayer::ProcessVideoData size:196324 dts:633.341 pts:633.508 dur:41.000ms, clock:629.983 level:34
2026-03-06 17:07:56.336 T:2215 debug : CVideoPlayer::ProcessVideoData size:58329 dts:633.383 pts:633.466 dur:41.000ms, clock:629.983 level:34
2026-03-06 17:07:56.337 T:2215 debug : CVideoPlayer::ProcessVideoData size:41364 dts:633.424 pts:633.424 dur:41.000ms, clock:629.984 level:34
2026-03-06 17:07:56.338 T:2219 debug : CVideoPlayerVideo::OutputPicture - ttd:477ms pts:630.463 Clock:629.986 Level:7
2026-03-06 17:07:56.339 T:2219 debug : CVideoPlayerVideo - CDVDMsg::DEMUXER_PACKET - checking interlace vfmt: null
2026-03-06 17:07:56.341 T:2215 debug : CVideoPlayer::ProcessVideoData size:187966 dts:633.466 pts:633.633 dur:41.000ms, clock:629.988 level:34
2026-03-06 17:07:56.341 T:2215 debug : CVideoPlayer::ProcessVideoData size:61237 dts:633.508 pts:633.591 dur:41.000ms, clock:629.988 level:35
2026-03-06 17:07:56.342 T:2219 debug : CVideoPlayerVideo::OutputPicture - ttd:515ms pts:630.505 Clock:629.990 Level:8
2026-03-06 17:07:56.343 T:2215 debug : CVideoPlayer::ProcessVideoData size:40518 dts:633.550 pts:633.550 dur:41.000ms, clock:629.990 level:35
2026-03-06 17:07:56.345 T:2215 debug : CVideoPlayer::ProcessVideoData size:165244 dts:633.591 pts:633.716 dur:41.000ms, clock:629.992 level:34
2026-03-06 17:07:56.345 T:2215 debug : CVideoPlayer::ProcessVideoData size:41480 dts:633.633 pts:633.675 dur:41.000ms, clock:629.992 level:35
2026-03-06 17:07:56.348 T:2215 debug : CVideoPlayer::ProcessVideoData size:133697 dts:633.675 pts:633.758 dur:41.000ms, clock:629.995 level:35
2026-03-06 17:07:56.349 T:2219 debug : CVideoPlayerVideo - CDVDMsg::DEMUXER_PACKET - checking interlace vfmt: null
2026-03-06 17:07:56.350 T:2215 debug : CVideoPlayer::ProcessVideoData size:170611 dts:633.716 pts:633.842 dur:41.000ms, clock:629.997 level:34
2026-03-06 17:07:56.352 T:2215 debug : CVideoPlayer::ProcessVideoData size:40929 dts:633.758 pts:633.800 dur:41.000ms, clock:629.999 level:34
2026-03-06 17:07:56.355 T:2215 debug : CVideoPlayer::ProcessVideoData size:199389 dts:633.800 pts:634.008 dur:41.000ms, clock:630.003 level:35
2026-03-06 17:07:56.360 T:2215 debug : CVideoPlayer::ProcessVideoData size:90640 dts:633.842 pts:633.925 dur:41.000ms, clock:630.007 level:35
2026-03-06 17:07:56.360 T:2215 debug : CVideoPlayer::ProcessVideoData size:36715 dts:633.883 pts:633.883 dur:41.000ms, clock:630.007 level:36
2026-03-06 17:07:56.360 T:2215 debug : CVideoPlayer::ProcessVideoData size:41664 dts:633.925 pts:633.967 dur:41.000ms, clock:630.007 level:36
2026-03-06 17:07:56.363 T:2215 debug : CVideoPlayer::ProcessVideoData size:160978 dts:633.967 pts:634.092 dur:41.000ms, clock:630.010 level:37
2026-03-06 17:07:56.363 T:2215 debug : CVideoPlayer::ProcessVideoData size:43276 dts:634.008 pts:634.050 dur:41.000ms, clock:630.011 level:38
2026-03-06 17:07:56.367 T:2215 debug : CVideoPlayer::ProcessVideoData size:175145 dts:634.050 pts:634.175 dur:41.000ms, clock:630.014 level:38
2026-03-06 17:07:56.367 T:2215 debug : CVideoPlayer::ProcessVideoData size:42826 dts:634.092 pts:634.133 dur:41.000ms, clock:630.014 level:39
2026-03-06 17:07:56.371 T:2215 debug : CVideoPlayer::ProcessVideoData size:180030 dts:634.133 pts:634.259 dur:41.000ms, clock:630.018 level:39
2026-03-06 17:07:56.371 T:2215 debug : CVideoPlayer::ProcessVideoData size:46223 dts:634.175 pts:634.217 dur:41.000ms, clock:630.018 level:40
2026-03-06 17:07:56.375 T:2215 debug : CVideoPlayer::ProcessVideoData size:183635 dts:634.217 pts:634.342 dur:41.000ms, clock:630.022 level:40
2026-03-06 17:07:56.377 T:2215 debug : CVideoPlayer::ProcessVideoData size:50921 dts:634.259 pts:634.300 dur:41.000ms, clock:630.024 level:41
2026-03-06 17:07:56.381 T:2215 debug : CVideoPlayer::ProcessVideoData size:227271 dts:634.300 pts:634.509 dur:41.000ms, clock:630.028 level:41
2026-03-06 17:07:56.382 T:2219 debug : CVideoPlayerVideo::OutputPicture - ttd:518ms pts:630.547 Clock:630.029 Level:8
2026-03-06 17:07:56.383 T:2215 debug : CVideoPlayer::ProcessVideoData size:109057 dts:634.342 pts:634.425 dur:41.000ms, clock:630.030 level:42
2026-03-06 17:07:56.383 T:2215 debug : CVideoPlayer::ProcessVideoData size:49977 dts:634.384 pts:634.384 dur:41.000ms, clock:630.030 level:42
2026-03-06 17:07:56.383 T:2215 debug : CVideoPlayer::ProcessVideoData size:52471 dts:634.425 pts:634.467 dur:41.000ms, clock:630.030 level:43
2026-03-06 17:07:56.389 T:2215 debug : CVideoPlayer::ProcessVideoData size:211109 dts:634.467 pts:634.634 dur:41.000ms, clock:630.036 level:43
2026-03-06 17:07:56.389 T:2215 debug : CVideoPlayer::ProcessVideoData size:93829 dts:634.509 pts:634.592 dur:41.000ms, clock:630.036 level:44
2026-03-06 17:07:56.390 T:2215 debug : CVideoPlayer::ProcessVideoData size:52600 dts:634.551 pts:634.551 dur:41.000ms, clock:630.038 level:44
2026-03-06 17:07:56.394 T:2215 debug : CVideoPlayer::ProcessVideoData size:230210 dts:634.592 pts:634.801 dur:41.000ms, clock:630.041 level:45
2026-03-06 17:07:56.396 T:2215 debug : CVideoPlayer::ProcessVideoData size:114778 dts:634.634 pts:634.717 dur:41.000ms, clock:630.043 level:45
2026-03-06 17:07:56.397 T:2215 debug : CVideoPlayer::ProcessVideoData size:55969 dts:634.676 pts:634.676 dur:41.000ms, clock:630.045 level:46
2026-03-06 17:07:56.398 T:2215 debug : CVideoPlayer::ProcessVideoData size:56472 dts:634.717 pts:634.759 dur:41.000ms, clock:630.045 level:46
2026-03-06 17:07:56.401 T:2215 debug : CVideoPlayer::ProcessVideoData size:210390 dts:634.759 pts:634.926 dur:41.000ms, clock:630.048 level:47
2026-03-06 17:07:56.403 T:2215 debug : CVideoPlayer::ProcessVideoData size:92018 dts:634.801 pts:634.884 dur:41.000ms, clock:630.050 level:47
2026-03-06 17:07:56.403 T:2215 debug : CVideoPlayer::ProcessVideoData size:60883 dts:634.843 pts:634.843 dur:41.000ms, clock:630.050 level:48
2026-03-06 17:07:56.408 T:2215 debug : CVideoPlayer::ProcessVideoData size:234495 dts:634.884 pts:635.093 dur:41.000ms, clock:630.055 level:48
2026-03-06 17:07:56.410 T:2215 debug : CVideoPlayer::ProcessVideoData size:114984 dts:634.926 pts:635.009 dur:41.000ms, clock:630.057 level:49
2026-03-06 17:07:56.410 T:2215 debug : CVideoPlayer::ProcessVideoData size:66142 dts:634.968 pts:634.968 dur:41.000ms, clock:630.057 level:50
2026-03-06 17:07:56.412 T:2215 debug : CVideoPlayer::ProcessVideoData size:64221 dts:635.009 pts:635.051 dur:41.000ms, clock:630.059 level:50
2026-03-06 17:07:56.416 T:2215 debug : CVideoPlayer::ProcessVideoData size:248391 dts:635.051 pts:635.260 dur:41.000ms, clock:630.063 level:51
2026-03-06 17:07:56.417 T:2215 debug : CVideoPlayer::ProcessVideoData size:118027 dts:635.093 pts:635.176 dur:41.000ms, clock:630.065 level:51
2026-03-06 17:07:56.422 T:2215 debug : CVideoPlayer::ProcessVideoData size:67303 dts:635.134 pts:635.134 dur:41.000ms, clock:630.069 level:52
2026-03-06 17:07:56.422 T:2215 debug : CVideoPlayer::ProcessVideoData size:72314 dts:635.176 pts:635.218 dur:41.000ms, clock:630.069 level:52
2026-03-06 17:07:56.423 T:2219 debug : CVideoPlayerVideo::OutputPicture - ttd:517ms pts:630.588 Clock:630.070 Level:8
2026-03-06 17:07:56.428 T:2215 debug : CVideoPlayer::ProcessVideoData size:240817 dts:635.218 pts:635.426 dur:41.000ms, clock:630.075 level:53
