2026-03-06 17:07:35.203 T:2215 debug : CVideoPlayer::ProcessVideoData size:18072 dts:75.701 pts:75.784 dur:41.000ms, clock:5.977 level:100
2026-03-06 17:07:35.203 T:2215 debug : CVideoPlayer::ProcessVideoData size:3595 dts:75.742 pts:75.742 dur:41.000ms, clock:5.977 level:100
2026-03-06 17:07:35.203 T:2215 debug : CVideoPlayer::ProcessVideoData size:3342 dts:75.784 pts:75.826 dur:41.000ms, clock:5.977 level:100
2026-03-06 17:07:35.235 T:2219 debug : CVideoPlayerVideo::OutputPicture - ttd:539ms pts:6.548 Clock:6.009 Level:8
2026-03-06 17:07:35.277 T:2219 debug : CVideoPlayerVideo::OutputPicture - ttd:539ms pts:6.590 Clock:6.050 Level:8
2026-03-06 17:07:35.319 T:2219 debug : CVideoPlayerVideo::OutputPicture - ttd:539ms pts:6.632 Clock:6.092 Level:8
2026-03-06 17:07:35.355 T:2215 debug : CVideoPlayer::ProcessVideoData size:132705 dts:75.826 pts:76.076 dur:41.000ms, clock:6.129 level:100
2026-03-06 17:07:35.356 T:2215 debug : CVideoPlayer::ProcessVideoData size:20194 dts:75.867 pts:75.993 dur:41.000ms, clock:6.129 level:100
2026-03-06 17:07:35.356 T:2215 debug : CVideoPlayer::ProcessVideoData size:4863 dts:75.909 pts:75.909 dur:41.000ms, clock:6.129 level:100
2026-03-06 17:07:35.356 T:2215 debug : CVideoPlayer::ProcessVideoData size:4393 dts:75.951 pts:75.951 dur:41.000ms, clock:6.129 level:100
2026-03-06 17:07:35.356 T:2215 debug : CVideoPlayer::ProcessVideoData size:3991 dts:75.993 pts:76.034 dur:41.000ms, clock:6.129 level:100
2026-03-06 17:07:35.360 T:2219 debug : CVideoPlayerVideo::OutputPicture - ttd:539ms pts:6.673 Clock:6.134 Level:8
2026-03-06 17:07:35.402 T:2219 debug : CVideoPlayerVideo::OutputPicture - ttd:539ms pts:6.715 Clock:6.176 Level:8
2026-03-06 17:07:35.444 T:2219 debug : CVideoPlayerVideo::OutputPicture - ttd:539ms pts:6.757 Clock:6.217 Level:8
2026-03-06 17:07:35.447 T:2215 debug : CVideoPlayer::ProcessVideoData size:131696 dts:76.034 pts:76.243 dur:41.000ms, clock:6.221 level:100
2026-03-06 17:07:35.447 T:2215 debug : CVideoPlayer::ProcessVideoData size:17842 dts:76.076 pts:76.159 dur:41.000ms, clock:6.221 level:100
2026-03-06 17:07:35.447 T:2215 debug : CVideoPlayer::ProcessVideoData size:3244 dts:76.118 pts:76.118 dur:41.000ms, clock:6.221 level:100
2026-03-06 17:07:35.447 T:2215 debug : CVideoPlayer::ProcessVideoData size:5183 dts:76.159 pts:76.201 dur:41.000ms, clock:6.221 level:100
2026-03-06 17:07:35.486 T:2219 debug : CVideoPlayerVideo::OutputPicture - ttd:538ms pts:6.798 Clock:6.259 Level:8
2026-03-06 17:07:35.528 T:2219 debug : CVideoPlayerVideo::OutputPicture - ttd:538ms pts:6.840 Clock:6.301 Level:8
2026-03-06 17:07:35.549 T:2215 debug : CVideoPlayer::ProcessVideoData size:119438 dts:76.201 pts:76.410 dur:41.000ms, clock:6.322 level:100
2026-03-06 17:07:35.549 T:2215 debug : CVideoPlayer::ProcessVideoData size:18483 dts:76.243 pts:76.326 dur:41.000ms, clock:6.322 level:100
2026-03-06 17:07:35.549 T:2215 debug : CVideoPlayer::ProcessVideoData size:3014 dts:76.285 pts:76.285 dur:41.000ms, clock:6.322 level:100
2026-03-06 17:07:35.549 T:2215 debug : CVideoPlayer::ProcessVideoData size:2896 dts:76.326 pts:76.368 dur:41.000ms, clock:6.323 level:100
2026-03-06 17:07:35.569 T:2219 debug : CVideoPlayerVideo::OutputPicture - ttd:539ms pts:6.882 Clock:6.343 Level:8
2026-03-06 17:07:35.611 T:2219 debug : CVideoPlayerVideo::OutputPicture - ttd:539ms pts:6.924 Clock:6.385 Level:8
2026-03-06 17:07:35.654 T:2219 debug : CVideoPlayerVideo::OutputPicture - ttd:537ms pts:6.965 Clock:6.428 Level:8
2026-03-06 17:07:35.694 T:2219 debug : CVideoPlayerVideo::OutputPicture - ttd:539ms pts:7.007 Clock:6.467 Level:8
2026-03-06 17:07:35.701 T:2215 debug : CVideoPlayer::ProcessVideoData size:127196 dts:76.368 pts:76.618 dur:41.000ms, clock:6.475 level:100
2026-03-06 17:07:35.701 T:2215 debug : CVideoPlayer::ProcessVideoData size:19895 dts:76.410 pts:76.535 dur:41.000ms, clock:6.475 level:100
2026-03-06 17:07:35.701 T:2215 debug : CVideoPlayer::ProcessVideoData size:4839 dts:76.451 pts:76.451 dur:41.000ms, clock:6.475 level:100
2026-03-06 17:07:35.701 T:2215 debug : CVideoPlayer::ProcessVideoData size:4622 dts:76.493 pts:76.493 dur:41.000ms, clock:6.475 level:100
2026-03-06 17:07:35.701 T:2215 debug : CVideoPlayer::ProcessVideoData size:3780 dts:76.535 pts:76.576 dur:41.000ms, clock:6.475 level:100
2026-03-06 17:07:35.736 T:2219 debug : CVideoPlayerVideo::OutputPicture - ttd:539ms pts:7.049 Clock:6.509 Level:8
2026-03-06 17:07:35.777 T:2219 debug : CVideoPlayerVideo::OutputPicture - ttd:538ms pts:7.090 Clock:6.551 Level:8
2026-03-06 17:07:35.803 T:2215 debug : CVideoPlayer::ProcessVideoData size:113351 dts:76.576 pts:76.785 dur:41.000ms, clock:6.576 level:100
2026-03-06 17:07:35.803 T:2215 debug : CVideoPlayer::ProcessVideoData size:17320 dts:76.618 pts:76.702 dur:41.000ms, clock:6.577 level:100
2026-03-06 17:07:35.803 T:2215 debug : CVideoPlayer::ProcessVideoData size:3524 dts:76.660 pts:76.660 dur:41.000ms, clock:6.577 level:100
2026-03-06 17:07:35.803 T:2215 debug : CVideoPlayer::ProcessVideoData size:3351 dts:76.702 pts:76.743 dur:41.000ms, clock:6.577 level:100
2026-03-06 17:07:35.819 T:2219 debug : CVideoPlayerVideo::OutputPicture - ttd:539ms pts:7.132 Clock:6.593 Level:8
2026-03-06 17:07:35.861 T:2219 debug : CVideoPlayerVideo::OutputPicture - ttd:539ms pts:7.174 Clock:6.634 Level:8
2026-03-06 17:07:35.902 T:2219 debug : CVideoPlayerVideo::OutputPicture - ttd:539ms pts:7.216 Clock:6.676 Level:8
2026-03-06 17:07:35.904 T:2215 debug : CVideoPlayer::ProcessVideoData size:123349 dts:76.743 pts:76.994 dur:41.000ms, clock:6.678 level:100
2026-03-06 17:07:35.904 T:2215 debug : CVideoPlayer::ProcessVideoData size:20394 dts:76.785 pts:76.910 dur:41.000ms, clock:6.678 level:100
2026-03-06 17:07:35.904 T:2215 debug : CVideoPlayer::ProcessVideoData size:4309 dts:76.827 pts:76.827 dur:41.000ms, clock:6.678 level:100
2026-03-06 17:07:35.904 T:2215 debug : CVideoPlayer::ProcessVideoData size:4511 dts:76.868 pts:76.868 dur:41.000ms, clock:6.678 level:100
2026-03-06 17:07:35.904 T:2215 debug : CVideoPlayer::ProcessVideoData size:4201 dts:76.910 pts:76.952 dur:41.000ms, clock:6.678 level:100
2026-03-06 17:07:35.944 T:2219 debug : CVideoPlayerVideo::OutputPicture - ttd:539ms pts:7.257 Clock:6.718 Level:8
2026-03-06 17:07:35.987 T:2219 debug : CVideoPlayerVideo::OutputPicture - ttd:538ms pts:7.299 Clock:6.760 Level:8
2026-03-06 17:07:36.006 T:2215 debug : CVideoPlayer::ProcessVideoData size:120370 dts:76.952 pts:77.160 dur:41.000ms, clock:6.779 level:100
2026-03-06 17:07:36.006 T:2215 debug : CVideoPlayer::ProcessVideoData size:16919 dts:76.994 pts:77.077 dur:41.000ms, clock:6.780 level:100
2026-03-06 17:07:36.006 T:2215 debug : CVideoPlayer::ProcessVideoData size:3073 dts:77.035 pts:77.035 dur:41.000ms, clock:6.780 level:100
2026-03-06 17:07:36.006 T:2215 debug : CVideoPlayer::ProcessVideoData size:4891 dts:77.077 pts:77.119 dur:41.000ms, clock:6.780 level:100
2026-03-06 17:07:36.029 T:2219 debug : CVideoPlayerVideo::OutputPicture - ttd:538ms pts:7.341 Clock:6.802 Level:8
2026-03-06 17:07:36.070 T:2219 debug : CVideoPlayerVideo::OutputPicture - ttd:538ms pts:7.382 Clock:6.844 Level:8
2026-03-06 17:07:36.097 T:2215 debug : CVideoPlayer::ProcessVideoData size:113243 dts:77.119 pts:77.327 dur:41.000ms, clock:6.871 level:100
2026-03-06 17:07:36.097 T:2215 debug : CVideoPlayer::ProcessVideoData size:18315 dts:77.160 pts:77.244 dur:41.000ms, clock:6.871 level:100
2026-03-06 17:07:36.097 T:2215 debug : CVideoPlayer::ProcessVideoData size:2872 dts:77.202 pts:77.202 dur:41.000ms, clock:6.871 level:100
2026-03-06 17:07:36.097 T:2215 debug : CVideoPlayer::ProcessVideoData size:3290 dts:77.244 pts:77.286 dur:41.000ms, clock:6.871 level:100
2026-03-06 17:07:36.111 T:2219 debug : CVideoPlayerVideo::OutputPicture - ttd:538ms pts:7.424 Clock:6.885 Level:8
2026-03-06 17:07:36.153 T:2219 debug : CVideoPlayerVideo::OutputPicture - ttd:539ms pts:7.466 Clock:6.927 Level:8
2026-03-06 17:07:36.195 T:2219 debug : CVideoPlayerVideo::OutputPicture - ttd:538ms pts:7.507 Clock:6.969 Level:8
2026-03-06 17:07:36.237 T:2219 debug : CVideoPlayerVideo::OutputPicture - ttd:538ms pts:7.549 Clock:7.010 Level:8
2026-03-06 17:07:36.249 T:2215 debug : CVideoPlayer::ProcessVideoData size:124014 dts:77.286 pts:77.536 dur:41.000ms, clock:7.023 level:100
2026-03-06 17:07:36.249 T:2215 debug : CVideoPlayer::ProcessVideoData size:21899 dts:77.327 pts:77.452 dur:41.000ms, clock:7.023 level:100
2026-03-06 17:07:36.249 T:2215 debug : CVideoPlayer::ProcessVideoData size:5313 dts:77.369 pts:77.369 dur:41.000ms, clock:7.023 level:100
2026-03-06 17:07:36.250 T:2215 debug : CVideoPlayer::ProcessVideoData size:5363 dts:77.411 pts:77.411 dur:41.000ms, clock:7.023 level:100
2026-03-06 17:07:36.250 T:2215 debug : CVideoPlayer::ProcessVideoData size:3954 dts:77.452 pts:77.494 dur:41.000ms, clock:7.023 level:100
2026-03-06 17:07:36.280 T:2219 debug : CVideoPlayerVideo::OutputPicture - ttd:537ms pts:7.591 Clock:7.053 Level:8
2026-03-06 17:07:36.319 T:2219 debug : CVideoPlayerVideo::OutputPicture - ttd:539ms pts:7.633 Clock:7.093 Level:8
2026-03-06 17:07:36.361 T:2219 debug : CVideoPlayerVideo::OutputPicture - ttd:539ms pts:7.674 Clock:7.135 Level:8
2026-03-06 17:07:36.401 T:2215 debug : CVideoPlayer::ProcessVideoData size:110325 dts:77.494 pts:77.703 dur:41.000ms, clock:7.175 level:100
2026-03-06 17:07:36.401 T:2215 debug : CVideoPlayer::ProcessVideoData size:18072 dts:77.536 pts:77.619 dur:41.000ms, clock:7.175 level:100
2026-03-06 17:07:36.402 T:2215 debug : CVideoPlayer::ProcessVideoData size:2811 dts:77.577 pts:77.577 dur:41.000ms, clock:7.175 level:100
2026-03-06 17:07:36.402 T:2215 debug : CVideoPlayer::ProcessVideoData size:3045 dts:77.619 pts:77.661 dur:41.000ms, clock:7.175 level:100
2026-03-06 17:07:36.403 T:2219 debug : CVideoPlayerVideo::OutputPicture - ttd:539ms pts:7.716 Clock:7.176 Level:8
2026-03-06 17:07:36.447 T:2219 debug : CVideoPlayerVideo::OutputPicture - ttd:537ms pts:7.758 Clock:7.220 Level:8
2026-03-06 17:07:36.487 T:2219 debug : CVideoPlayerVideo::OutputPicture - ttd:538ms pts:7.799 Clock:7.261 Level:8
2026-03-06 17:07:36.503 T:2215 debug : CVideoPlayer::ProcessVideoData size:116818 dts:77.661 pts:77.911 dur:41.000ms, clock:7.277 level:100
2026-03-06 17:07:36.503 T:2215 debug : CVideoPlayer::ProcessVideoData size:19670 dts:77.703 pts:77.828 dur:41.000ms, clock:7.277 level:100
2026-03-06 17:07:36.503 T:2215 debug : CVideoPlayer::ProcessVideoData size:4571 dts:77.744 pts:77.744 dur:41.000ms, clock:7.277 level:100
2026-03-06 17:07:36.503 T:2215 debug : CVideoPlayer::ProcessVideoData size:4436 dts:77.786 pts:77.786 dur:41.000ms, clock:7.277 level:100
2026-03-06 17:07:36.503 T:2215 debug : CVideoPlayer::ProcessVideoData size:3924 dts:77.828 pts:77.869 dur:41.000ms, clock:7.277 level:100
2026-03-06 17:07:36.529 T:2219 debug : CVideoPlayerVideo::OutputPicture - ttd:538ms pts:7.841 Clock:7.303 Level:8
2026-03-06 17:07:36.570 T:2219 debug : CVideoPlayerVideo::OutputPicture - ttd:539ms pts:7.883 Clock:7.343 Level:8
2026-03-06 17:07:36.604 T:2215 debug : CVideoPlayer::ProcessVideoData size:115192 dts:77.869 pts:78.078 dur:41.000ms, clock:7.378 level:100
2026-03-06 17:07:36.605 T:2215 debug : CVideoPlayer::ProcessVideoData size:16712 dts:77.911 pts:77.995 dur:41.000ms, clock:7.378 level:100
2026-03-06 17:07:36.605 T:2215 debug : CVideoPlayer::ProcessVideoData size:2792 dts:77.953 pts:77.953 dur:41.000ms, clock:7.378 level:100
2026-03-06 17:07:36.605 T:2215 debug : CVideoPlayer::ProcessVideoData size:4790 dts:77.995 pts:78.036 dur:41.000ms, clock:7.378 level:100
2026-03-06 17:07:36.612 T:2219 debug : CVideoPlayerVideo::OutputPicture - ttd:539ms pts:7.925 Clock:7.386 Level:8
2026-03-06 17:07:36.655 T:2219 debug : CVideoPlayerVideo::OutputPicture - ttd:537ms pts:7.966 Clock:7.429 Level:8
2026-03-06 17:07:36.695 T:2219 debug : CVideoPlayerVideo::OutputPicture - ttd:539ms pts:8.008 Clock:7.468 Level:8
2026-03-06 17:07:36.737 T:2219 debug : CVideoPlayerVideo::OutputPicture - ttd:539ms pts:8.050 Clock:7.510 Level:8
2026-03-06 17:07:36.746 T:2215 debug : CVideoPlayer::ProcessVideoData size:102866 dts:78.036 pts:78.245 dur:41.000ms, clock:7.520 level:100
2026-03-06 17:07:36.746 T:2215 debug : CVideoPlayer::ProcessVideoData size:16885 dts:78.078 pts:78.161 dur:41.000ms, clock:7.520 level:100
2026-03-06 17:07:36.746 T:2215 debug : CVideoPlayer::ProcessVideoData size:2997 dts:78.120 pts:78.120 dur:41.000ms, clock:7.520 level:100
2026-03-06 17:07:36.747 T:2215 debug : CVideoPlayer::ProcessVideoData size:2927 dts:78.161 pts:78.203 dur:41.000ms, clock:7.520 level:100
2026-03-06 17:07:36.779 T:2219 debug : CVideoPlayerVideo::OutputPicture - ttd:538ms pts:8.091 Clock:7.552 Level:8
2026-03-06 17:07:36.821 T:2219 debug : CVideoPlayerVideo::OutputPicture - ttd:538ms pts:8.133 Clock:7.594 Level:8
2026-03-06 17:07:36.862 T:2219 debug : CVideoPlayerVideo::OutputPicture - ttd:539ms pts:8.175 Clock:7.636 Level:8
2026-03-06 17:07:36.899 T:2215 debug : CVideoPlayer::ProcessVideoData size:105545 dts:78.203 pts:78.453 dur:41.000ms, clock:7.672 level:100
2026-03-06 17:07:36.899 T:2215 debug : CVideoPlayer::ProcessVideoData size:20443 dts:78.245 pts:78.370 dur:41.000ms, clock:7.673 level:100
2026-03-06 17:07:36.899 T:2215 debug : CVideoPlayer::ProcessVideoData size:4626 dts:78.287 pts:78.287 dur:41.000ms, clock:7.673 level:100
2026-03-06 17:07:36.899 T:2215 debug : CVideoPlayer::ProcessVideoData size:4810 dts:78.328 pts:78.328 dur:41.000ms, clock:7.673 level:100
2026-03-06 17:07:36.899 T:2215 debug : CVideoPlayer::ProcessVideoData size:3790 dts:78.370 pts:78.412 dur:41.000ms, clock:7.673 level:100
2026-03-06 17:07:36.903 T:2219 debug : CVideoPlayerVideo::OutputPicture - ttd:540ms pts:8.217 Clock:7.677 Level:8
2026-03-06 17:07:36.945 T:2219 debug : CVideoPlayerVideo::OutputPicture - ttd:539ms pts:8.258 Clock:7.719 Level:8
2026-03-06 17:07:36.950 T:2215 debug : CVideoPlayer::ProcessVideoData size:84451 dts:78.412 pts:78.620 dur:41.000ms, clock:7.723 level:100
2026-03-06 17:07:36.950 T:2215 debug : CVideoPlayer::ProcessVideoData size:17026 dts:78.453 pts:78.537 dur:41.000ms, clock:7.723 level:100
2026-03-06 17:07:36.950 T:2215 debug : CVideoPlayer::ProcessVideoData size:2637 dts:78.495 pts:78.495 dur:41.000ms, clock:7.723 level:100
2026-03-06 17:07:36.950 T:2215 debug : CVideoPlayer::ProcessVideoData size:2952 dts:78.537 pts:78.578 dur:41.000ms, clock:7.723 level:100
2026-03-06 17:07:36.987 T:2219 debug : CVideoPlayerVideo::OutputPicture - ttd:539ms pts:8.300 Clock:7.761 Level:8
2026-03-06 17:07:37.029 T:2219 debug : CVideoPlayerVideo::OutputPicture - ttd:539ms pts:8.342 Clock:7.803 Level:8
2026-03-06 17:07:37.071 T:2219 debug : CVideoPlayerVideo::OutputPicture - ttd:538ms pts:8.383 Clock:7.844 Level:8
2026-03-06 17:07:37.101 T:2215 debug : CVideoPlayer::ProcessVideoData size:49942 dts:78.578 pts:78.787 dur:41.000ms, clock:7.875 level:100
2026-03-06 17:07:37.102 T:2215 debug : CVideoPlayer::ProcessVideoData size:16405 dts:78.620 pts:78.704 dur:41.000ms, clock:7.875 level:100
2026-03-06 17:07:37.102 T:2215 debug : CVideoPlayer::ProcessVideoData size:3662 dts:78.662 pts:78.662 dur:41.000ms, clock:7.875 level:100
2026-03-06 17:07:37.102 T:2215 debug : CVideoPlayer::ProcessVideoData size:2685 dts:78.704 pts:78.745 dur:41.000ms, clock:7.875 level:100
2026-03-06 17:07:37.102 T:2215 debug : CVideoPlayer::ProcessVideoData size:340318 dts:78.745 pts:78.829 dur:41.000ms, clock:7.876 level:100
2026-03-06 17:07:37.112 T:2219 debug : CVideoPlayerVideo::OutputPicture - ttd:539ms pts:8.425 Clock:7.886 Level:8
2026-03-06 17:07:37.154 T:2219 debug : CVideoPlayerVideo::OutputPicture - ttd:539ms pts:8.467 Clock:7.928 Level:8
2026-03-06 17:07:37.196 T:2219 debug : CVideoPlayerVideo::OutputPicture - ttd:538ms pts:8.508 Clock:7.969 Level:8
2026-03-06 17:07:37.237 T:2219 debug : CVideoPlayerVideo::OutputPicture - ttd:538ms pts:8.550 Clock:8.011 Level:8
2026-03-06 17:07:37.255 T:2215 debug : CVideoPlayer::ProcessVideoData size:226599 dts:78.787 pts:78.996 dur:41.000ms, clock:8.028 level:100
2026-03-06 17:07:37.255 T:2215 debug : CVideoPlayer::ProcessVideoData size:77749 dts:78.829 pts:78.912 dur:41.000ms, clock:8.028 level:100
2026-03-06 17:07:37.255 T:2215 debug : CVideoPlayer::ProcessVideoData size:27382 dts:78.870 pts:78.870 dur:41.000ms, clock:8.029 level:100
2026-03-06 17:07:37.255 T:2215 debug : CVideoPlayer::ProcessVideoData size:30933 dts:78.912 pts:78.954 dur:41.000ms, clock:8.029 level:100
2026-03-06 17:07:37.281 T:2219 debug : CVideoPlayerVideo::OutputPicture - ttd:537ms pts:8.592 Clock:8.054 Level:8
2026-03-06 17:07:37.320 T:2219 debug : CVideoPlayerVideo::OutputPicture - ttd:539ms pts:8.634 Clock:8.094 Level:8
2026-03-06 17:07:37.347 T:2215 debug : CVideoPlayer::ProcessVideoData size:212514 dts:78.954 pts:79.162 dur:41.000ms, clock:8.120 level:100
2026-03-06 17:07:37.347 T:2215 debug : CVideoPlayer::ProcessVideoData size:80331 dts:78.996 pts:79.079 dur:41.000ms, clock:8.120 level:100
2026-03-06 17:07:37.347 T:2215 debug : CVideoPlayer::ProcessVideoData size:26519 dts:79.037 pts:79.037 dur:41.000ms, clock:8.120 level:100
2026-03-06 17:07:37.347 T:2215 debug : CVideoPlayer::ProcessVideoData size:27459 dts:79.079 pts:79.121 dur:41.000ms, clock:8.121 level:100
2026-03-06 17:07:37.363 T:2219 debug : CVideoPlayerVideo::OutputPicture - ttd:538ms pts:8.675 Clock:8.137 Level:8
2026-03-06 17:07:37.405 T:2219 debug : CVideoPlayerVideo::OutputPicture - ttd:538ms pts:8.717 Clock:8.178 Level:8
2026-03-06 17:07:37.445 T:2219 debug : CVideoPlayerVideo::OutputPicture - ttd:539ms pts:8.759 Clock:8.219 Level:8
2026-03-06 17:07:37.488 T:2219 debug : CVideoPlayerVideo::OutputPicture - ttd:538ms pts:8.800 Clock:8.262 Level:8
2026-03-06 17:07:37.499 T:2215 debug : CVideoPlayer::ProcessVideoData size:219534 dts:79.121 pts:79.371 dur:41.000ms, clock:8.273 level:100
2026-03-06 17:07:37.499 T:2215 debug : CVideoPlayer::ProcessVideoData size:90424 dts:79.162 pts:79.288 dur:41.000ms, clock:8.273 level:100
2026-03-06 17:07:37.499 T:2215 debug : CVideoPlayer::ProcessVideoData size:40004 dts:79.204 pts:79.204 dur:41.000ms, clock:8.273 level:100
2026-03-06 17:07:37.499 T:2215 debug : CVideoPlayer::ProcessVideoData size:38474 dts:79.246 pts:79.246 dur:41.000ms, clock:8.273 level:100
2026-03-06 17:07:37.499 T:2215 debug : CVideoPlayer::ProcessVideoData size:32030 dts:79.288 pts:79.329 dur:41.000ms, clock:8.273 level:100
2026-03-06 17:07:37.530 T:2219 debug : CVideoPlayerVideo::OutputPicture - ttd:538ms pts:8.842 Clock:8.303 Level:8
2026-03-06 17:07:37.571 T:2219 debug : CVideoPlayerVideo::OutputPicture - ttd:539ms pts:8.884 Clock:8.345 Level:8
2026-03-06 17:07:37.601 T:2215 debug : CVideoPlayer::ProcessVideoData size:205814 dts:79.329 pts:79.538 dur:41.000ms, clock:8.375 level:100
2026-03-06 17:07:37.601 T:2215 debug : CVideoPlayer::ProcessVideoData size:83887 dts:79.371 pts:79.454 dur:41.000ms, clock:8.375 level:100
2026-03-06 17:07:37.601 T:2215 debug : CVideoPlayer::ProcessVideoData size:29583 dts:79.413 pts:79.413 dur:41.000ms, clock:8.375 level:100
2026-03-06 17:07:37.601 T:2215 debug : CVideoPlayer::ProcessVideoData size:29626 dts:79.454 pts:79.496 dur:41.000ms, clock:8.375 level:100
2026-03-06 17:07:37.614 T:2219 debug : CVideoPlayerVideo::OutputPicture - ttd:538ms pts:8.926 Clock:8.388 Level:8
2026-03-06 17:07:37.655 T:2219 debug : CVideoPlayerVideo::OutputPicture - ttd:538ms pts:8.967 Clock:8.429 Level:8
2026-03-06 17:07:37.697 T:2219 debug : CVideoPlayerVideo::OutputPicture - ttd:538ms pts:9.009 Clock:8.470 Level:8
2026-03-06 17:07:37.738 T:2219 debug : CVideoPlayerVideo::OutputPicture - ttd:538ms pts:9.051 Clock:8.512 Level:8
2026-03-06 17:07:37.753 T:2215 debug : CVideoPlayer::ProcessVideoData size:215239 dts:79.496 pts:79.705 dur:41.000ms, clock:8.527 level:100
2026-03-06 17:07:37.754 T:2215 debug : CVideoPlayer::ProcessVideoData size:80285 dts:79.538 pts:79.621 dur:41.000ms, clock:8.527 level:100
2026-03-06 17:07:37.754 T:2215 debug : CVideoPlayer::ProcessVideoData size:33220 dts:79.579 pts:79.579 dur:41.000ms, clock:8.527 level:100
2026-03-06 17:07:37.754 T:2215 debug : CVideoPlayer::ProcessVideoData size:30780 dts:79.621 pts:79.663 dur:41.000ms, clock:8.527 level:100
2026-03-06 17:07:37.779 T:2219 debug : CVideoPlayerVideo::OutputPicture - ttd:538ms pts:9.092 Clock:8.553 Level:8
2026-03-06 17:07:37.821 T:2219 debug : CVideoPlayerVideo::OutputPicture - ttd:539ms pts:9.134 Clock:8.595 Level:8
2026-03-06 17:07:37.856 T:2215 debug : CVideoPlayer::ProcessVideoData size:231075 dts:79.663 pts:79.913 dur:41.000ms, clock:8.629 level:100
2026-03-06 17:07:37.856 T:2215 debug : CVideoPlayer::ProcessVideoData size:98412 dts:79.705 pts:79.830 dur:41.000ms, clock:8.629 level:100
2026-03-06 17:07:37.856 T:2215 debug : CVideoPlayer::ProcessVideoData size:50002 dts:79.746 pts:79.746 dur:41.000ms, clock:8.630 level:100
2026-03-06 17:07:37.856 T:2215 debug : CVideoPlayer::ProcessVideoData size:43853 dts:79.788 pts:79.788 dur:41.000ms, clock:8.630 level:100
2026-03-06 17:07:37.856 T:2215 debug : CVideoPlayer::ProcessVideoData size:35704 dts:79.830 pts:79.871 dur:41.000ms, clock:8.630 level:100
2026-03-06 17:07:37.864 T:2219 debug : CVideoPlayerVideo::OutputPicture - ttd:538ms pts:9.176 Clock:8.637 Level:8
2026-03-06 17:07:37.905 T:2219 debug : CVideoPlayerVideo::OutputPicture - ttd:539ms pts:9.218 Clock:8.679 Level:8
2026-03-06 17:07:37.946 T:2219 debug : CVideoPlayerVideo::OutputPicture - ttd:539ms pts:9.259 Clock:8.720 Level:8
2026-03-06 17:07:37.989 T:2219 debug : CVideoPlayerVideo::OutputPicture - ttd:538ms pts:9.301 Clock:8.762 Level:8
2026-03-06 17:07:37.999 T:2215 debug : CVideoPlayer::ProcessVideoData size:205145 dts:79.871 pts:80.080 dur:41.000ms, clock:8.773 level:100
2026-03-06 17:07:37.999 T:2215 debug : CVideoPlayer::ProcessVideoData size:87768 dts:79.913 pts:79.997 dur:41.000ms, clock:8.773 level:100
2026-03-06 17:07:37.999 T:2215 debug : CVideoPlayer::ProcessVideoData size:32779 dts:79.955 pts:79.955 dur:41.000ms, clock:8.773 level:100
2026-03-06 17:07:37.999 T:2215 debug : CVideoPlayer::ProcessVideoData size:34312 dts:79.997 pts:80.038 dur:41.000ms, clock:8.773 level:100
2026-03-06 17:07:38.030 T:2219 debug : CVideoPlayerVideo::OutputPicture - ttd:538ms pts:9.343 Clock:8.804 Level:8
2026-03-06 17:07:38.072 T:2219 debug : CVideoPlayerVideo::OutputPicture - ttd:538ms pts:9.384 Clock:8.846 Level:8
2026-03-06 17:07:38.101 T:2215 debug : CVideoPlayer::ProcessVideoData size:220451 dts:80.038 pts:80.247 dur:41.000ms, clock:8.875 level:100
2026-03-06 17:07:38.101 T:2215 debug : CVideoPlayer::ProcessVideoData size:85212 dts:80.080 pts:80.163 dur:41.000ms, clock:8.875 level:100
2026-03-06 17:07:38.101 T:2215 debug : CVideoPlayer::ProcessVideoData size:38343 dts:80.122 pts:80.122 dur:41.000ms, clock:8.875 level:100
2026-03-06 17:07:38.101 T:2215 debug : CVideoPlayer::ProcessVideoData size:35379 dts:80.163 pts:80.205 dur:41.000ms, clock:8.875 level:100
2026-03-06 17:07:38.113 T:2219 debug : CVideoPlayerVideo::OutputPicture - ttd:538ms pts:9.426 Clock:8.887 Level:8
2026-03-06 17:07:38.155 T:2219 debug : CVideoPlayerVideo::OutputPicture - ttd:539ms pts:9.468 Clock:8.929 Level:8
2026-03-06 17:07:38.197 T:2219 debug : CVideoPlayerVideo::OutputPicture - ttd:538ms pts:9.509 Clock:8.971 Level:8
2026-03-06 17:07:38.203 T:2215 debug : CVideoPlayer::ProcessVideoData size:213559 dts:80.205 pts:80.414 dur:41.000ms, clock:8.977 level:100
2026-03-06 17:07:38.203 T:2215 debug : CVideoPlayer::ProcessVideoData size:89299 dts:80.247 pts:80.330 dur:41.000ms, clock:8.977 level:100
2026-03-06 17:07:38.203 T:2215 debug : CVideoPlayer::ProcessVideoData size:36598 dts:80.289 pts:80.289 dur:41.000ms, clock:8.977 level:100
2026-03-06 17:07:38.203 T:2215 debug : CVideoPlayer::ProcessVideoData size:42031 dts:80.330 pts:80.372 dur:41.000ms, clock:8.977 level:100
2026-03-06 17:07:38.239 T:2219 debug : CVideoPlayerVideo::OutputPicture - ttd:538ms pts:9.551 Clock:9.012 Level:8
2026-03-06 17:07:38.281 T:2219 debug : CVideoPlayerVideo::OutputPicture - ttd:538ms pts:9.593 Clock:9.054 Level:8
2026-03-06 17:07:38.323 T:2219 debug : CVideoPlayerVideo::OutputPicture - ttd:537ms pts:9.635 Clock:9.097 Level:8
2026-03-06 17:07:38.356 T:2215 debug : CVideoPlayer::ProcessVideoData size:205999 dts:80.372 pts:80.580 dur:41.000ms, clock:9.129 level:100
2026-03-06 17:07:38.356 T:2215 debug : CVideoPlayer::ProcessVideoData size:95346 dts:80.414 pts:80.497 dur:41.000ms, clock:9.129 level:100
2026-03-06 17:07:38.356 T:2215 debug : CVideoPlayer::ProcessVideoData size:37619 dts:80.455 pts:80.455 dur:41.000ms, clock:9.130 level:100
2026-03-06 17:07:38.356 T:2215 debug : CVideoPlayer::ProcessVideoData size:38603 dts:80.497 pts:80.539 dur:41.000ms, clock:9.130 level:100
2026-03-06 17:07:38.364 T:2219 debug : CVideoPlayerVideo::OutputPicture - ttd:538ms pts:9.676 Clock:9.137 Level:8
2026-03-06 17:07:38.405 T:2219 debug : CVideoPlayerVideo::OutputPicture - ttd:538ms pts:9.718 Clock:9.179 Level:8
2026-03-06 17:07:38.447 T:2219 debug : CVideoPlayerVideo::OutputPicture - ttd:539ms pts:9.760 Clock:9.221 Level:8
2026-03-06 17:07:38.489 T:2219 debug : CVideoPlayerVideo::OutputPicture - ttd:538ms pts:9.801 Clock:9.263 Level:8
2026-03-06 17:07:38.498 T:2215 debug : CVideoPlayer::ProcessVideoData size:228872 dts:80.539 pts:80.747 dur:41.000ms, clock:9.272 level:100
2026-03-06 17:07:38.499 T:2215 debug : CVideoPlayer::ProcessVideoData size:104751 dts:80.580 pts:80.664 dur:41.000ms, clock:9.272 level:100
2026-03-06 17:07:38.499 T:2215 debug : CVideoPlayer::ProcessVideoData size:44948 dts:80.622 pts:80.622 dur:41.000ms, clock:9.272 level:100
2026-03-06 17:07:38.499 T:2215 debug : CVideoPlayer::ProcessVideoData size:39318 dts:80.664 pts:80.706 dur:41.000ms, clock:9.272 level:100
2026-03-06 17:07:38.531 T:2219 debug : CVideoPlayerVideo::OutputPicture - ttd:538ms pts:9.843 Clock:9.304 Level:8
2026-03-06 17:07:38.572 T:2219 debug : CVideoPlayerVideo::OutputPicture - ttd:538ms pts:9.885 Clock:9.346 Level:8
2026-03-06 17:07:38.600 T:2215 debug : CVideoPlayer::ProcessVideoData size:230789 dts:80.706 pts:80.914 dur:41.000ms, clock:9.374 level:100
2026-03-06 17:07:38.601 T:2215 debug : CVideoPlayer::ProcessVideoData size:92423 dts:80.747 pts:80.831 dur:41.000ms, clock:9.374 level:100
2026-03-06 17:07:38.601 T:2215 debug : CVideoPlayer::ProcessVideoData size:44012 dts:80.789 pts:80.789 dur:41.000ms, clock:9.375 level:100
2026-03-06 17:07:38.601 T:2215 debug : CVideoPlayer::ProcessVideoData size:39776 dts:80.831 pts:80.872 dur:41.000ms, clock:9.375 level:100
2026-03-06 17:07:38.616 T:2219 debug : CVideoPlayerVideo::OutputPicture - ttd:537ms pts:9.927 Clock:9.389 Level:8
2026-03-06 17:07:38.655 T:2219 debug : CVideoPlayerVideo::OutputPicture - ttd:539ms pts:9.968 Clock:9.429 Level:8
2026-03-06 17:07:38.697 T:2219 debug : CVideoPlayerVideo::OutputPicture - ttd:539ms pts:10.010 Clock:9.471 Level:8
2026-03-06 17:07:38.703 T:2215 debug : CVideoPlayer::ProcessVideoData size:222300 dts:80.872 pts:81.081 dur:41.000ms, clock:9.477 level:100
2026-03-06 17:07:38.703 T:2215 debug : CVideoPlayer::ProcessVideoData size:94652 dts:80.914 pts:80.998 dur:41.000ms, clock:9.477 level:100
2026-03-06 17:07:38.703 T:2215 debug : CVideoPlayer::ProcessVideoData size:39803 dts:80.956 pts:80.956 dur:41.000ms, clock:9.477 level:100
2026-03-06 17:07:38.703 T:2215 debug : CVideoPlayer::ProcessVideoData size:45318 dts:80.998 pts:81.039 dur:41.000ms, clock:9.477 level:100
2026-03-06 17:07:38.739 T:2219 debug : CVideoPlayerVideo::OutputPicture - ttd:539ms pts:10.052 Clock:9.513 Level:8
2026-03-06 17:07:38.781 T:2219 debug : CVideoPlayerVideo::OutputPicture - ttd:538ms pts:10.093 Clock:9.554 Level:8
2026-03-06 17:07:38.805 T:2215 debug : CVideoPlayer::ProcessVideoData size:216462 dts:81.039 pts:81.248 dur:41.000ms, clock:9.579 level:100
2026-03-06 17:07:38.806 T:2215 debug : CVideoPlayer::ProcessVideoData size:100528 dts:81.081 pts:81.164 dur:41.000ms, clock:9.579 level:100
2026-03-06 17:07:38.806 T:2215 debug : CVideoPlayer::ProcessVideoData size:39158 dts:81.123 pts:81.123 dur:41.000ms, clock:9.579 level:100
2026-03-06 17:07:38.806 T:2215 debug : CVideoPlayer::ProcessVideoData size:38905 dts:81.164 pts:81.206 dur:41.000ms, clock:9.579 level:100
2026-03-06 17:07:38.822 T:2219 debug : CVideoPlayerVideo::OutputPicture - ttd:539ms pts:10.135 Clock:9.595 Level:8
2026-03-06 17:07:38.864 T:2219 debug : CVideoPlayerVideo::OutputPicture - ttd:539ms pts:10.177 Clock:9.638 Level:8
2026-03-06 17:07:38.906 T:2219 debug : CVideoPlayerVideo::OutputPicture - ttd:539ms pts:10.219 Clock:9.680 Level:8
2026-03-06 17:07:38.948 T:2219 debug : CVideoPlayerVideo::OutputPicture - ttd:538ms pts:10.260 Clock:9.721 Level:8
2026-03-06 17:07:38.948 T:2215 debug : CVideoPlayer::ProcessVideoData size:223286 dts:81.206 pts:81.456 dur:41.000ms, clock:9.722 level:100
2026-03-06 17:07:38.949 T:2215 debug : CVideoPlayer::ProcessVideoData size:80372 dts:81.248 pts:81.373 dur:41.000ms, clock:9.722 level:100
2026-03-06 17:07:38.949 T:2215 debug : CVideoPlayer::ProcessVideoData size:55319 dts:81.290 pts:81.290 dur:41.000ms, clock:9.722 level:100
2026-03-06 17:07:38.949 T:2215 debug : CVideoPlayer::ProcessVideoData size:52112 dts:81.331 pts:81.331 dur:41.000ms, clock:9.722 level:100
2026-03-06 17:07:38.949 T:2215 debug : CVideoPlayer::ProcessVideoData size:46400 dts:81.373 pts:81.415 dur:41.000ms, clock:9.722 level:100
2026-03-06 17:07:38.989 T:2219 debug : CVideoPlayerVideo::OutputPicture - ttd:538ms pts:10.302 Clock:9.763 Level:8
2026-03-06 17:07:39.031 T:2219 debug : CVideoPlayerVideo::OutputPicture - ttd:539ms pts:10.344 Clock:9.805 Level:8
2026-03-06 17:07:39.050 T:2215 debug : CVideoPlayer::ProcessVideoData size:237502 dts:81.415 pts:81.623 dur:41.000ms, clock:9.824 level:100
2026-03-06 17:07:39.051 T:2215 debug : CVideoPlayer::ProcessVideoData size:102082 dts:81.456 pts:81.540 dur:41.000ms, clock:9.824 level:100
2026-03-06 17:07:39.051 T:2215 debug : CVideoPlayer::ProcessVideoData size:38194 dts:81.498 pts:81.498 dur:41.000ms, clock:9.825 level:100
2026-03-06 17:07:39.051 T:2215 debug : CVideoPlayer::ProcessVideoData size:50939 dts:81.540 pts:81.581 dur:41.000ms, clock:9.825 level:100
2026-03-06 17:07:39.072 T:2219 debug : CVideoPlayerVideo::OutputPicture - ttd:538ms pts:10.385 Clock:9.846 Level:8
2026-03-06 17:07:39.114 T:2219 debug : CVideoPlayerVideo::OutputPicture - ttd:539ms pts:10.427 Clock:9.888 Level:8
2026-03-06 17:07:39.153 T:2215 debug : CVideoPlayer::ProcessVideoData size:217578 dts:81.581 pts:81.790 dur:41.000ms, clock:9.926 level:100
2026-03-06 17:07:39.153 T:2215 debug : CVideoPlayer::ProcessVideoData size:99658 dts:81.623 pts:81.707 dur:41.000ms, clock:9.927 level:100
2026-03-06 17:07:39.153 T:2215 debug : CVideoPlayer::ProcessVideoData size:38746 dts:81.665 pts:81.665 dur:41.000ms, clock:9.927 level:100
2026-03-06 17:07:39.153 T:2215 debug : CVideoPlayer::ProcessVideoData size:39406 dts:81.707 pts:81.748 dur:41.000ms, clock:9.927 level:100
2026-03-06 17:07:39.157 T:2219 debug : CVideoPlayerVideo::OutputPicture - ttd:538ms pts:10.469 Clock:9.930 Level:8
2026-03-06 17:07:39.198 T:2219 debug : CVideoPlayerVideo::OutputPicture - ttd:538ms pts:10.510 Clock:9.972 Level:8
2026-03-06 17:07:39.240 T:2219 debug : CVideoPlayerVideo::OutputPicture - ttd:538ms pts:10.552 Clock:10.014 Level:8
2026-03-06 17:07:39.255 T:2215 debug : CVideoPlayer::ProcessVideoData size:231727 dts:81.748 pts:81.957 dur:41.000ms, clock:10.029 level:100
2026-03-06 17:07:39.255 T:2215 debug : CVideoPlayer::ProcessVideoData size:92952 dts:81.790 pts:81.873 dur:41.000ms, clock:10.029 level:100
2026-03-06 17:07:39.255 T:2215 debug : CVideoPlayer::ProcessVideoData size:44562 dts:81.832 pts:81.832 dur:41.000ms, clock:10.029 level:100
2026-03-06 17:07:39.255 T:2215 debug : CVideoPlayer::ProcessVideoData size:39636 dts:81.873 pts:81.915 dur:41.000ms, clock:10.029 level:100
2026-03-06 17:07:39.281 T:2219 debug : CVideoPlayerVideo::OutputPicture - ttd:539ms pts:10.594 Clock:10.055 Level:8
2026-03-06 17:07:39.323 T:2219 debug : CVideoPlayerVideo::OutputPicture - ttd:539ms pts:10.636 Clock:10.097 Level:8
2026-03-06 17:07:39.347 T:2215 debug : CVideoPlayer::ProcessVideoData size:221421 dts:81.915 pts:82.124 dur:41.000ms, clock:10.121 level:100
2026-03-06 17:07:39.347 T:2215 debug : CVideoPlayer::ProcessVideoData size:95611 dts:81.957 pts:82.040 dur:41.000ms, clock:10.121 level:100
2026-03-06 17:07:39.348 T:2215 debug : CVideoPlayer::ProcessVideoData size:40009 dts:81.999 pts:81.999 dur:41.000ms, clock:10.121 level:100
2026-03-06 17:07:39.348 T:2215 debug : CVideoPlayer::ProcessVideoData size:46082 dts:82.040 pts:82.082 dur:41.000ms, clock:10.121 level:100
2026-03-06 17:07:39.365 T:2219 debug : CVideoPlayerVideo::OutputPicture - ttd:538ms pts:10.677 Clock:10.138 Level:8
2026-03-06 17:07:39.407 T:2219 debug : CVideoPlayerVideo::OutputPicture - ttd:538ms pts:10.719 Clock:10.180 Level:8
2026-03-06 17:07:39.409 T:2215 debug : CVideoPlayer::ProcessVideoData size:216152 dts:82.082 pts:82.291 dur:41.000ms, clock:10.183 level:100
2026-03-06 17:07:39.409 T:2215 debug : CVideoPlayer::ProcessVideoData size:101243 dts:82.124 pts:82.207 dur:41.000ms, clock:10.183 level:100
2026-03-06 17:07:39.410 T:2215 debug : CVideoPlayer::ProcessVideoData size:39489 dts:82.165 pts:82.165 dur:41.000ms, clock:10.183 level:100
2026-03-06 17:07:39.410 T:2215 debug : CVideoPlayer::ProcessVideoData size:40908 dts:82.207 pts:82.249 dur:41.000ms, clock:10.183 level:100
2026-03-06 17:07:39.448 T:2219 debug : CVideoPlayerVideo::OutputPicture - ttd:539ms pts:10.761 Clock:10.222 Level:8
2026-03-06 17:07:39.490 T:2219 debug : CVideoPlayerVideo::OutputPicture - ttd:538ms pts:10.802 Clock:10.264 Level:8
2026-03-06 17:07:39.532 T:2219 debug : CVideoPlayerVideo::OutputPicture - ttd:538ms pts:10.844 Clock:10.306 Level:8
2026-03-06 17:07:39.552 T:2215 debug : CVideoPlayer::ProcessVideoData size:227220 dts:82.249 pts:82.457 dur:41.000ms, clock:10.325 level:100
2026-03-06 17:07:39.552 T:2215 debug : CVideoPlayer::ProcessVideoData size:95438 dts:82.291 pts:82.374 dur:41.000ms, clock:10.326 level:100
2026-03-06 17:07:39.552 T:2215 debug : CVideoPlayer::ProcessVideoData size:45901 dts:82.332 pts:82.332 dur:41.000ms, clock:10.326 level:100
2026-03-06 17:07:39.552 T:2215 debug : CVideoPlayer::ProcessVideoData size:40139 dts:82.374 pts:82.416 dur:41.000ms, clock:10.326 level:100
2026-03-06 17:07:39.573 T:2219 debug : CVideoPlayerVideo::OutputPicture - ttd:539ms pts:10.886 Clock:10.346 Level:8
2026-03-06 17:07:39.615 T:2219 debug : CVideoPlayerVideo::OutputPicture - ttd:539ms pts:10.928 Clock:10.388 Level:8
2026-03-06 17:07:39.654 T:2215 debug : CVideoPlayer::ProcessVideoData size:252522 dts:82.416 pts:82.624 dur:41.000ms, clock:10.428 level:100
2026-03-06 17:07:39.654 T:2215 debug : CVideoPlayer::ProcessVideoData size:104965 dts:82.457 pts:82.541 dur:41.000ms, clock:10.428 level:100
2026-03-06 17:07:39.655 T:2215 debug : CVideoPlayer::ProcessVideoData size:54055 dts:82.499 pts:82.499 dur:41.000ms, clock:10.428 level:100
2026-03-06 17:07:39.655 T:2215 debug : CVideoPlayer::ProcessVideoData size:40517 dts:82.541 pts:82.582 dur:41.000ms, clock:10.428 level:100
2026-03-06 17:07:39.657 T:2219 debug : CVideoPlayerVideo::OutputPicture - ttd:538ms pts:10.969 Clock:10.431 Level:8
2026-03-06 17:07:39.699 T:2219 debug : CVideoPlayerVideo::OutputPicture - ttd:538ms pts:11.011 Clock:10.472 Level:8
2026-03-06 17:07:39.740 T:2219 debug : CVideoPlayerVideo::OutputPicture - ttd:539ms pts:11.053 Clock:10.514 Level:8
2026-03-06 17:07:39.782 T:2219 debug : CVideoPlayerVideo::OutputPicture - ttd:538ms pts:11.094 Clock:10.556 Level:8
2026-03-06 17:07:39.807 T:2215 debug : CVideoPlayer::ProcessVideoData size:227089 dts:82.582 pts:82.791 dur:41.000ms, clock:10.581 level:100
2026-03-06 17:07:39.808 T:2215 debug : CVideoPlayer::ProcessVideoData size:96954 dts:82.624 pts:82.708 dur:41.000ms, clock:10.581 level:100
2026-03-06 17:07:39.808 T:2215 debug : CVideoPlayer::ProcessVideoData size:40552 dts:82.666 pts:82.666 dur:41.000ms, clock:10.582 level:100
2026-03-06 17:07:39.808 T:2215 debug : CVideoPlayer::ProcessVideoData size:45087 dts:82.708 pts:82.749 dur:41.000ms, clock:10.582 level:100
2026-03-06 17:07:39.823 T:2219 debug : CVideoPlayerVideo::OutputPicture - ttd:539ms pts:11.136 Clock:10.597 Level:8
2026-03-06 17:07:39.865 T:2219 debug : CVideoPlayerVideo::OutputPicture - ttd:539ms pts:11.178 Clock:10.639 Level:8
2026-03-06 17:07:39.907 T:2219 debug : CVideoPlayerVideo::OutputPicture - ttd:539ms pts:11.220 Clock:10.681 Level:8
2026-03-06 17:07:39.949 T:2219 debug : CVideoPlayerVideo::OutputPicture - ttd:538ms pts:11.261 Clock:10.722 Level:8
2026-03-06 17:07:39.950 T:2215 debug : CVideoPlayer::ProcessVideoData size:214884 dts:82.749 pts:82.958 dur:41.000ms, clock:10.724 level:100
2026-03-06 17:07:39.950 T:2215 debug : CVideoPlayer::ProcessVideoData size:99437 dts:82.791 pts:82.874 dur:41.000ms, clock:10.724 level:100
2026-03-06 17:07:39.950 T:2215 debug : CVideoPlayer::ProcessVideoData size:38536 dts:82.833 pts:82.833 dur:41.000ms, clock:10.724 level:100
2026-03-06 17:07:39.950 T:2215 debug : CVideoPlayer::ProcessVideoData size:39326 dts:82.874 pts:82.916 dur:41.000ms, clock:10.724 level:100
2026-03-06 17:07:39.985 T:1257 debug : CLibInputKeyboard::ProcessKey - using delay: 500ms repeat: 33ms
2026-03-06 17:07:39.985 T:2233 debug : Thread Timer start, auto delete: false
2026-03-06 17:07:39.990 T:2219 debug : CVideoPlayerVideo::OutputPicture - ttd:538ms pts:11.303 Clock:10.764 Level:8
2026-03-06 17:07:40.027 T:1251 debug : Keyboard: scancode: 0x6a, sym: 0x113 (right), unicode: 0x00, modifier: 0x0
2026-03-06 17:07:40.027 T:1251 debug : bool CInputManager::HandleKey(const CKey&): right (0xf083) pressed, window 12005, action is StepForward
2026-03-06 17:07:40.028 T:1251 debug : ------ Window Init (DialogSeekBar.xml) ------
2026-03-06 17:07:40.032 T:2219 debug : CVideoPlayerVideo::OutputPicture - ttd:539ms pts:11.345 Clock:10.806 Level:8
2026-03-06 17:07:40.052 T:2215 debug : CVideoPlayer::ProcessVideoData size:228281 dts:82.916 pts:83.125 dur:41.000ms, clock:10.826 level:100
2026-03-06 17:07:40.053 T:2215 debug : CVideoPlayer::ProcessVideoData size:92107 dts:82.958 pts:83.041 dur:41.000ms, clock:10.826 level:100
2026-03-06 17:07:40.053 T:2215 debug : CVideoPlayer::ProcessVideoData size:45139 dts:83.000 pts:83.000 dur:41.000ms, clock:10.826 level:100
2026-03-06 17:07:40.053 T:2215 debug : CVideoPlayer::ProcessVideoData size:39082 dts:83.041 pts:83.083 dur:41.000ms, clock:10.827 level:100
2026-03-06 17:07:40.069 T:1251 debug : ------ Window Init (Custom_1109_TopBarOverlay.xml) ------
2026-03-06 17:07:40.073 T:2219 debug : CVideoPlayerVideo::OutputPicture - ttd:539ms pts:11.386 Clock:10.847 Level:8
2026-03-06 17:07:40.105 T:2233 debug : Thread Timer 547107339680 terminating
2026-03-06 17:07:40.110 T:1251 debug : Keyboard: scancode: 0x6a, sym: 0x113 (right), unicode: 0x00, modifier: 0x0
2026-03-06 17:07:40.115 T:2219 debug : CVideoPlayerVideo::OutputPicture - ttd:539ms pts:11.428 Clock:10.889 Level:8
2026-03-06 17:07:40.157 T:2219 debug : CVideoPlayerVideo::OutputPicture - ttd:539ms pts:11.470 Clock:10.931 Level:8
2026-03-06 17:07:40.199 T:2219 debug : CVideoPlayerVideo::OutputPicture - ttd:538ms pts:11.511 Clock:10.973 Level:8
2026-03-06 17:07:40.205 T:2215 debug : CVideoPlayer::ProcessVideoData size:214366 dts:83.083 pts:83.292 dur:41.000ms, clock:10.979 level:100
2026-03-06 17:07:40.206 T:2215 debug : CVideoPlayer::ProcessVideoData size:92024 dts:83.125 pts:83.208 dur:41.000ms, clock:10.979 level:100
2026-03-06 17:07:40.206 T:2215 debug : CVideoPlayer::ProcessVideoData size:38261 dts:83.166 pts:83.166 dur:41.000ms, clock:10.979 level:100
2026-03-06 17:07:40.206 T:2215 debug : CVideoPlayer::ProcessVideoData size:44148 dts:83.208 pts:83.250 dur:41.000ms, clock:10.980 level:100
2026-03-06 17:07:40.240 T:2219 debug : CVideoPlayerVideo::OutputPicture - ttd:539ms pts:11.553 Clock:11.014 Level:8
2026-03-06 17:07:40.282 T:2219 debug : CVideoPlayerVideo::OutputPicture - ttd:539ms pts:11.595 Clock:11.056 Level:8
2026-03-06 17:07:40.324 T:2219 debug : CVideoPlayerVideo::OutputPicture - ttd:539ms pts:11.637 Clock:11.098 Level:8
2026-03-06 17:07:40.348 T:2215 debug : CVideoPlayer::ProcessVideoData size:238744 dts:83.250 pts:83.458 dur:41.000ms, clock:11.122 level:100
2026-03-06 17:07:40.349 T:2215 debug : CVideoPlayer::ProcessVideoData size:99092 dts:83.292 pts:83.375 dur:41.000ms, clock:11.122 level:100
2026-03-06 17:07:40.349 T:2215 debug : CVideoPlayer::ProcessVideoData size:37224 dts:83.333 pts:83.333 dur:41.000ms, clock:11.122 level:100
2026-03-06 17:07:40.349 T:2215 debug : CVideoPlayer::ProcessVideoData size:50186 dts:83.375 pts:83.417 dur:41.000ms, clock:11.123 level:100
2026-03-06 17:07:40.367 T:2219 debug : CVideoPlayerVideo::OutputPicture - ttd:537ms pts:11.678 Clock:11.141 Level:8
2026-03-06 17:07:40.407 T:2219 debug : CVideoPlayerVideo::OutputPicture - ttd:539ms pts:11.720 Clock:11.181 Level:8
2026-03-06 17:07:40.449 T:2219 debug : CVideoPlayerVideo::OutputPicture - ttd:539ms pts:11.762 Clock:11.222 Level:8
2026-03-06 17:07:40.451 T:2215 debug : CVideoPlayer::ProcessVideoData size:211493 dts:83.417 pts:83.625 dur:41.000ms, clock:11.224 level:100
2026-03-06 17:07:40.451 T:2215 debug : CVideoPlayer::ProcessVideoData size:99207 dts:83.458 pts:83.542 dur:41.000ms, clock:11.225 level:100
2026-03-06 17:07:40.451 T:2215 debug : CVideoPlayer::ProcessVideoData size:38535 dts:83.500 pts:83.500 dur:41.000ms, clock:11.225 level:100
2026-03-06 17:07:40.451 T:2215 debug : CVideoPlayer::ProcessVideoData size:39147 dts:83.542 pts:83.583 dur:41.000ms, clock:11.225 level:100
2026-03-06 17:07:40.491 T:2219 debug : CVideoPlayerVideo::OutputPicture - ttd:538ms pts:11.803 Clock:11.265 Level:8
2026-03-06 17:07:40.533 T:2219 debug : CVideoPlayerVideo::OutputPicture - ttd:538ms pts:11.845 Clock:11.306 Level:8
2026-03-06 17:07:40.553 T:2215 debug : CVideoPlayer::ProcessVideoData size:226218 dts:83.583 pts:83.792 dur:41.000ms, clock:11.326 level:100
2026-03-06 17:07:40.574 T:2219 debug : CVideoPlayerVideo::OutputPicture - ttd:539ms pts:11.887 Clock:11.348 Level:8
2026-03-06 17:07:40.584 T:2215 debug : CVideoPlayer::ProcessVideoData size:90672 dts:83.625 pts:83.709 dur:41.000ms, clock:11.357 level:100
2026-03-06 17:07:40.616 T:2219 debug : CVideoPlayerVideo::OutputPicture - ttd:539ms pts:11.929 Clock:11.390 Level:8
2026-03-06 17:07:40.658 T:2219 debug : CVideoPlayerVideo::OutputPicture - ttd:538ms pts:11.970 Clock:11.431 Level:8
2026-03-06 17:07:40.664 T:2215 debug : CVideoPlayer::ProcessVideoData size:44810 dts:83.667 pts:83.667 dur:41.000ms, clock:11.438 level:100
2026-03-06 17:07:40.664 T:2215 debug : CVideoPlayer::ProcessVideoData size:37757 dts:83.709 pts:83.750 dur:41.000ms, clock:11.438 level:100
2026-03-06 17:07:40.689 T:1257 debug : CLibInputKeyboard::ProcessKey - using delay: 500ms repeat: 33ms
2026-03-06 17:07:40.689 T:2234 debug : Thread Timer start, auto delete: false
2026-03-06 17:07:40.694 T:1251 debug : Keyboard: scancode: 0x6a, sym: 0x113 (right), unicode: 0x00, modifier: 0x0
2026-03-06 17:07:40.694 T:1251 debug : bool CInputManager::HandleKey(const CKey&): right (0xf083) pressed, window 12005, action is StepForward
2026-03-06 17:07:40.700 T:2219 debug : CVideoPlayerVideo::OutputPicture - ttd:538ms pts:12.012 Clock:11.473 Level:8
2026-03-06 17:07:40.741 T:2219 debug : CVideoPlayerVideo::OutputPicture - ttd:538ms pts:12.054 Clock:11.515 Level:8
2026-03-06 17:07:40.784 T:2219 debug : CVideoPlayerVideo::OutputPicture - ttd:537ms pts:12.095 Clock:11.558 Level:8
2026-03-06 17:07:40.786 T:2215 debug : CVideoPlayer::ProcessVideoData size:216535 dts:83.750 pts:83.959 dur:41.000ms, clock:11.560 level:100
2026-03-06 17:07:40.793 T:2234 debug : Thread Timer 547107339680 terminating
2026-03-06 17:07:40.819 T:1251 debug : Keyboard: scancode: 0x6a, sym: 0x113 (right), unicode: 0x00, modifier: 0x0
2026-03-06 17:07:40.825 T:2219 debug : CVideoPlayerVideo::OutputPicture - ttd:538ms pts:12.137 Clock:11.599 Level:8
2026-03-06 17:07:40.867 T:2219 debug : CVideoPlayerVideo::OutputPicture - ttd:538ms pts:12.179 Clock:11.640 Level:8
2026-03-06 17:07:40.908 T:2219 debug : CVideoPlayerVideo::OutputPicture - ttd:539ms pts:12.221 Clock:11.682 Level:8
2026-03-06 17:07:40.951 T:2219 debug : CVideoPlayerVideo::OutputPicture - ttd:537ms pts:12.262 Clock:11.725 Level:8
2026-03-06 17:07:40.991 T:2219 debug : CVideoPlayerVideo::OutputPicture - ttd:539ms pts:12.304 Clock:11.764 Level:8
2026-03-06 17:07:41.032 T:2219 debug : CVideoPlayerVideo::OutputPicture - ttd:539ms pts:12.346 Clock:11.806 Level:8
2026-03-06 17:07:41.074 T:2219 debug : CVideoPlayerVideo::OutputPicture - ttd:539ms pts:12.387 Clock:11.848 Level:8
2026-03-06 17:07:41.116 T:2219 debug : CVideoPlayerVideo::OutputPicture - ttd:539ms pts:12.429 Clock:11.890 Level:8
2026-03-06 17:07:41.158 T:2219 debug : CVideoPlayerVideo::OutputPicture - ttd:539ms pts:12.471 Clock:11.932 Level:8
2026-03-06 17:07:41.169 T:2215 debug : CVideoPlayer::ProcessVideoData size:91844 dts:83.792 pts:83.875 dur:41.000ms, clock:11.943 level:100
2026-03-06 17:07:41.199 T:2219 debug : CVideoPlayerVideo::OutputPicture - ttd:538ms pts:12.512 Clock:11.973 Level:8
2026-03-06 17:07:41.241 T:2219 debug : CVideoPlayerVideo::OutputPicture - ttd:539ms pts:12.554 Clock:12.015 Level:8
2026-03-06 17:07:41.283 T:2219 debug : CVideoPlayerVideo::OutputPicture - ttd:539ms pts:12.596 Clock:12.057 Level:8
2026-03-06 17:07:41.325 T:2219 debug : CVideoPlayerVideo::OutputPicture - ttd:539ms pts:12.638 Clock:12.099 Level:8
2026-03-06 17:07:41.331 T:2215 debug : CVideoPlayer::ProcessVideoData size:38483 dts:83.834 pts:83.834 dur:41.000ms, clock:12.104 level:100
2026-03-06 17:07:41.331 T:2215 debug : CVideoPlayer::ProcessVideoData size:44550 dts:83.875 pts:83.917 dur:41.000ms, clock:12.105 level:100
2026-03-06 17:07:41.332 T:2215 debug : CVideoPlayer::ProcessVideoData size:206717 dts:83.917 pts:84.126 dur:41.000ms, clock:12.105 level:100
2026-03-06 17:07:41.367 T:2219 debug : CVideoPlayerVideo::OutputPicture - ttd:538ms pts:12.679 Clock:12.141 Level:8
2026-03-06 17:07:41.409 T:2219 debug : CVideoPlayerVideo::OutputPicture - ttd:538ms pts:12.721 Clock:12.182 Level:8
2026-03-06 17:07:41.450 T:2219 debug : CVideoPlayerVideo::OutputPicture - ttd:538ms pts:12.763 Clock:12.224 Level:8
2026-03-06 17:07:41.453 T:2215 debug : demuxer seek to: 42226.000000
2026-03-06 17:07:41.455 T:2217 debug : CDoubleCache::Reset - (0x7f4a41b3e0) Cache miss for 19209025492 with new=19209419667-19209550739 and old=81526784-115081216
2026-03-06 17:07:41.455 T:2217 debug : CFileCache::Process - cache completely reset for seek to position 19209025492
2026-03-06 17:07:41.463 T:2217 debug : CFileCache::Process - source read hit eof
2026-03-06 17:07:41.477 T:2217 debug : CDoubleCache::Reset - (0x7f4a41b3e0) Cache miss for 44613230 with new=19209025492-19209550739 and old=81788928-115343360
2026-03-06 17:07:41.477 T:2217 debug : CFileCache::Process - cache completely reset for seek to position 44613230
2026-03-06 17:07:41.479 T:2215 debug : SeekTime - seek ended up on time 50342
2026-03-06 17:07:41.479 T:2215 debug : demuxer seek to: 42226.000000, success
2026-03-06 17:07:41.479 T:2215 debug : CVideoPlayer::FlushBuffers - flushing buffers
2026-03-06 17:07:41.489 T:2219 debug : CAMLCodec::Reset
2026-03-06 17:07:41.545 T:2220 debug : CDVDAudio::Flush - flush audio stream
2026-03-06 17:07:41.545 T:2220 debug : CDVDAudio::Pause - pausing audio stream
2026-03-06 17:07:41.545 T:2220 debug : CVideoPlayerAudio - CDVDMsg::GENERAL_SYNCHRONIZE
2026-03-06 17:07:41.545 T:2219 debug : CVideoPlayerVideo - CDVDMsg::GENERAL_SYNCHRONIZE
2026-03-06 17:07:41.545 T:2215 debug : CDVDClock::SetSpeedAdjust - adjusted:0.000000
2026-03-06 17:07:41.545 T:2219 debug : CAMLCodec::SetSpeed, speed(0)
2026-03-06 17:07:41.546 T:2215 debug : CVideoPlayer::ProcessVideoData size:3843 dts:18442240474082.180 pts:50.342 dur:41.000ms, clock:12.319 level:0
2026-03-06 17:07:41.546 T:2219 debug : CVideoPlayerVideo - Stillframe left, switching to normal playback
2026-03-06 17:07:41.546 T:2215 debug : CVideoPlayer::ProcessVideoData size:202 dts:18442240474082.180 pts:50.550 dur:41.000ms, clock:12.319 level:0
2026-03-06 17:07:41.546 T:2215 debug : CVideoPlayer::CheckContinuity - wrapback :2, prev:50550000.000000, curr:50342000.000000, diff:-208000.000000
2026-03-06 17:07:41.546 T:2215 debug : CVideoPlayer::ProcessVideoData size:202 dts:50.342 pts:50.467 dur:41.000ms, clock:12.319 level:0
2026-03-06 17:07:41.546 T:2215 debug : CVideoPlayer::ProcessVideoData size:202 dts:50.384 pts:50.384 dur:41.000ms, clock:12.319 level:0
2026-03-06 17:07:41.546 T:2215 debug : CVideoPlayer::ProcessVideoData size:202 dts:50.425 pts:50.425 dur:41.000ms, clock:12.319 level:0
2026-03-06 17:07:41.546 T:2215 debug : CVideoPlayer::ProcessVideoData size:202 dts:50.467 pts:50.509 dur:41.000ms, clock:12.319 level:0
2026-03-06 17:07:41.547 T:2215 debug : CVideoPlayer::ProcessVideoData size:203 dts:50.509 pts:50.676 dur:41.000ms, clock:12.319 level:0
2026-03-06 17:07:41.547 T:2215 debug : CVideoPlayer::ProcessVideoData size:202 dts:50.550 pts:50.634 dur:41.000ms, clock:12.319 level:0
2026-03-06 17:07:41.547 T:2215 debug : CVideoPlayer::ProcessVideoData size:203 dts:50.592 pts:50.592 dur:41.000ms, clock:12.319 level:0
2026-03-06 17:07:41.547 T:2215 debug : CVideoPlayer::ProcessVideoData size:204 dts:50.634 pts:50.717 dur:41.000ms, clock:12.319 level:0
2026-03-06 17:07:41.547 T:2215 debug : CVideoPlayer::ProcessVideoData size:204 dts:50.676 pts:50.759 dur:41.000ms, clock:12.319 level:0
2026-03-06 17:07:41.547 T:2215 debug : CVideoPlayer::ProcessVideoData size:204 dts:50.717 pts:50.884 dur:41.000ms, clock:12.319 level:0
2026-03-06 17:07:41.547 T:2215 debug : CVideoPlayer::ProcessVideoData size:202 dts:50.759 pts:50.842 dur:41.000ms, clock:12.319 level:0
2026-03-06 17:07:41.548 T:2215 debug : CVideoPlayer::ProcessVideoData size:202 dts:50.801 pts:50.801 dur:41.000ms, clock:12.319 level:0
