2026-03-06 17:07:42.000 T:2215 debug : CVideoPlayer::ProcessVideoData size:215239 dts:79.496 pts:79.705 dur:41.000ms, clock:50.627 level:100
2026-03-06 17:07:42.002 T:2215 debug : CVideoPlayer::ProcessVideoData size:80285 dts:79.538 pts:79.621 dur:41.000ms, clock:50.629 level:100
2026-03-06 17:07:42.002 T:2215 debug : CVideoPlayer::ProcessVideoData size:33220 dts:79.579 pts:79.579 dur:41.000ms, clock:50.629 level:100
2026-03-06 17:07:42.002 T:2215 debug : CVideoPlayer::ProcessVideoData size:30780 dts:79.621 pts:79.663 dur:41.000ms, clock:50.629 level:100
2026-03-06 17:07:42.008 T:2215 debug : CVideoPlayer::ProcessVideoData size:231075 dts:79.663 pts:79.913 dur:41.000ms, clock:50.635 level:100
2026-03-06 17:07:42.008 T:2215 debug : CVideoPlayer::ProcessVideoData size:98412 dts:79.705 pts:79.830 dur:41.000ms, clock:50.635 level:100
2026-03-06 17:07:42.009 T:2215 debug : CVideoPlayer::ProcessVideoData size:50002 dts:79.746 pts:79.746 dur:41.000ms, clock:50.636 level:100
2026-03-06 17:07:42.009 T:2215 debug : CVideoPlayer::ProcessVideoData size:43853 dts:79.788 pts:79.788 dur:41.000ms, clock:50.636 level:100
2026-03-06 17:07:42.009 T:2215 debug : CVideoPlayer::ProcessVideoData size:35704 dts:79.830 pts:79.871 dur:41.000ms, clock:50.636 level:100
2026-03-06 17:07:42.014 T:2215 debug : CVideoPlayer::ProcessVideoData size:205145 dts:79.871 pts:80.080 dur:41.000ms, clock:50.641 level:100
2026-03-06 17:07:42.016 T:2215 debug : CVideoPlayer::ProcessVideoData size:87768 dts:79.913 pts:79.997 dur:41.000ms, clock:50.643 level:100
2026-03-06 17:07:42.016 T:2215 debug : CVideoPlayer::ProcessVideoData size:32779 dts:79.955 pts:79.955 dur:41.000ms, clock:50.643 level:100
2026-03-06 17:07:42.016 T:2215 debug : CVideoPlayer::ProcessVideoData size:34312 dts:79.997 pts:80.038 dur:41.000ms, clock:50.643 level:100
2026-03-06 17:07:42.020 T:2215 debug : CVideoPlayer::ProcessVideoData size:220451 dts:80.038 pts:80.247 dur:41.000ms, clock:50.647 level:100
2026-03-06 17:07:42.021 T:2215 debug : CVideoPlayer::ProcessVideoData size:85212 dts:80.080 pts:80.163 dur:41.000ms, clock:50.648 level:100
2026-03-06 17:07:42.021 T:2215 debug : CVideoPlayer::ProcessVideoData size:38343 dts:80.122 pts:80.122 dur:41.000ms, clock:50.648 level:100
2026-03-06 17:07:42.023 T:2215 debug : CVideoPlayer::ProcessVideoData size:35379 dts:80.163 pts:80.205 dur:41.000ms, clock:50.650 level:100
2026-03-06 17:07:42.026 T:2215 debug : CVideoPlayer::ProcessVideoData size:213559 dts:80.205 pts:80.414 dur:41.000ms, clock:50.653 level:100
2026-03-06 17:07:42.027 T:2215 debug : CVideoPlayer::ProcessVideoData size:89299 dts:80.247 pts:80.330 dur:41.000ms, clock:50.654 level:100
2026-03-06 17:07:42.028 T:2215 debug : CVideoPlayer::ProcessVideoData size:36598 dts:80.289 pts:80.289 dur:41.000ms, clock:50.655 level:100
2026-03-06 17:07:42.028 T:2215 debug : CVideoPlayer::ProcessVideoData size:42031 dts:80.330 pts:80.372 dur:41.000ms, clock:50.655 level:100
2026-03-06 17:07:42.032 T:2215 debug : CVideoPlayer::ProcessVideoData size:205999 dts:80.372 pts:80.580 dur:41.000ms, clock:50.659 level:100
2026-03-06 17:07:42.033 T:2219 debug : CVideoPlayerVideo::OutputPicture - ttd:557ms pts:51.218 Clock:50.660 Level:8
2026-03-06 17:07:42.034 T:2215 debug : CVideoPlayer::ProcessVideoData size:95346 dts:80.414 pts:80.497 dur:41.000ms, clock:50.661 level:100
2026-03-06 17:07:42.034 T:2215 debug : CVideoPlayer::ProcessVideoData size:37619 dts:80.455 pts:80.455 dur:41.000ms, clock:50.661 level:100
2026-03-06 17:07:42.036 T:2215 debug : CVideoPlayer::ProcessVideoData size:38603 dts:80.497 pts:80.539 dur:41.000ms, clock:50.663 level:100
2026-03-06 17:07:42.040 T:2215 debug : CVideoPlayer::ProcessVideoData size:228872 dts:80.539 pts:80.747 dur:41.000ms, clock:50.667 level:100
2026-03-06 17:07:42.042 T:2215 debug : CVideoPlayer::ProcessVideoData size:104751 dts:80.580 pts:80.664 dur:41.000ms, clock:50.669 level:100
2026-03-06 17:07:42.042 T:2215 debug : CVideoPlayer::ProcessVideoData size:44948 dts:80.622 pts:80.622 dur:41.000ms, clock:50.669 level:100
2026-03-06 17:07:42.042 T:2215 debug : CVideoPlayer::ProcessVideoData size:39318 dts:80.664 pts:80.706 dur:41.000ms, clock:50.669 level:100
2026-03-06 17:07:42.047 T:2215 debug : CVideoPlayer::ProcessVideoData size:230789 dts:80.706 pts:80.914 dur:41.000ms, clock:50.674 level:100
2026-03-06 17:07:42.047 T:2215 debug : CVideoPlayer::ProcessVideoData size:92423 dts:80.747 pts:80.831 dur:41.000ms, clock:50.674 level:100
2026-03-06 17:07:42.049 T:2215 debug : CVideoPlayer::ProcessVideoData size:44012 dts:80.789 pts:80.789 dur:41.000ms, clock:50.676 level:100
2026-03-06 17:07:42.049 T:2215 debug : CVideoPlayer::ProcessVideoData size:39776 dts:80.831 pts:80.872 dur:41.000ms, clock:50.676 level:100
2026-03-06 17:07:42.052 T:2215 debug : CVideoPlayer::ProcessVideoData size:222300 dts:80.872 pts:81.081 dur:41.000ms, clock:50.679 level:100
2026-03-06 17:07:42.054 T:2215 debug : CVideoPlayer::ProcessVideoData size:94652 dts:80.914 pts:80.998 dur:41.000ms, clock:50.681 level:100
2026-03-06 17:07:42.054 T:2215 debug : CVideoPlayer::ProcessVideoData size:39803 dts:80.956 pts:80.956 dur:41.000ms, clock:50.681 level:100
2026-03-06 17:07:42.056 T:2215 debug : CVideoPlayer::ProcessVideoData size:45318 dts:80.998 pts:81.039 dur:41.000ms, clock:50.683 level:100
2026-03-06 17:07:42.059 T:2215 debug : CVideoPlayer::ProcessVideoData size:216462 dts:81.039 pts:81.248 dur:41.000ms, clock:50.686 level:100
2026-03-06 17:07:42.061 T:2215 debug : CVideoPlayer::ProcessVideoData size:100528 dts:81.081 pts:81.164 dur:41.000ms, clock:50.688 level:100
2026-03-06 17:07:42.061 T:2215 debug : CVideoPlayer::ProcessVideoData size:39158 dts:81.123 pts:81.123 dur:41.000ms, clock:50.688 level:100
2026-03-06 17:07:42.061 T:2215 debug : CVideoPlayer::ProcessVideoData size:38905 dts:81.164 pts:81.206 dur:41.000ms, clock:50.688 level:100
2026-03-06 17:07:42.066 T:2215 debug : CVideoPlayer::ProcessVideoData size:223286 dts:81.206 pts:81.456 dur:41.000ms, clock:50.693 level:100
2026-03-06 17:07:42.066 T:2215 debug : CVideoPlayer::ProcessVideoData size:80372 dts:81.248 pts:81.373 dur:41.000ms, clock:50.694 level:100
2026-03-06 17:07:42.068 T:2215 debug : CVideoPlayer::ProcessVideoData size:55319 dts:81.290 pts:81.290 dur:41.000ms, clock:50.695 level:100
2026-03-06 17:07:42.068 T:2215 debug : CVideoPlayer::ProcessVideoData size:52112 dts:81.331 pts:81.331 dur:41.000ms, clock:50.695 level:100
2026-03-06 17:07:42.070 T:2215 debug : CVideoPlayer::ProcessVideoData size:46400 dts:81.373 pts:81.415 dur:41.000ms, clock:50.697 level:100
2026-03-06 17:07:42.073 T:2215 debug : CVideoPlayer::ProcessVideoData size:237502 dts:81.415 pts:81.623 dur:41.000ms, clock:50.701 level:100
2026-03-06 17:07:42.075 T:2215 debug : CVideoPlayer::ProcessVideoData size:102082 dts:81.456 pts:81.540 dur:41.000ms, clock:50.702 level:100
2026-03-06 17:07:42.076 T:2215 debug : CVideoPlayer::ProcessVideoData size:38194 dts:81.498 pts:81.498 dur:41.000ms, clock:50.703 level:100
2026-03-06 17:07:42.076 T:2215 debug : CVideoPlayer::ProcessVideoData size:50939 dts:81.540 pts:81.581 dur:41.000ms, clock:50.703 level:100
2026-03-06 17:07:42.077 T:2219 debug : CVideoPlayerVideo::OutputPicture - ttd:556ms pts:51.260 Clock:50.704 Level:8
2026-03-06 17:07:42.079 T:2215 debug : CVideoPlayer::ProcessVideoData size:217578 dts:81.581 pts:81.790 dur:41.000ms, clock:50.706 level:100
2026-03-06 17:07:42.081 T:2215 debug : CVideoPlayer::ProcessVideoData size:99658 dts:81.623 pts:81.707 dur:41.000ms, clock:50.708 level:100
2026-03-06 17:07:42.083 T:2215 debug : CVideoPlayer::ProcessVideoData size:38746 dts:81.665 pts:81.665 dur:41.000ms, clock:50.710 level:100
2026-03-06 17:07:42.083 T:2215 debug : CVideoPlayer::ProcessVideoData size:39406 dts:81.707 pts:81.748 dur:41.000ms, clock:50.710 level:100
2026-03-06 17:07:42.086 T:2215 debug : CVideoPlayer::ProcessVideoData size:231727 dts:81.748 pts:81.957 dur:41.000ms, clock:50.713 level:100
2026-03-06 17:07:42.088 T:2215 debug : CVideoPlayer::ProcessVideoData size:92952 dts:81.790 pts:81.873 dur:41.000ms, clock:50.715 level:100
2026-03-06 17:07:42.088 T:2215 debug : CVideoPlayer::ProcessVideoData size:44562 dts:81.832 pts:81.832 dur:41.000ms, clock:50.715 level:100
2026-03-06 17:07:42.089 T:2215 debug : CVideoPlayer::ProcessVideoData size:39636 dts:81.873 pts:81.915 dur:41.000ms, clock:50.716 level:100
2026-03-06 17:07:42.093 T:2215 debug : CVideoPlayer::ProcessVideoData size:221421 dts:81.915 pts:82.124 dur:41.000ms, clock:50.720 level:100
2026-03-06 17:07:42.095 T:2215 debug : CVideoPlayer::ProcessVideoData size:95611 dts:81.957 pts:82.040 dur:41.000ms, clock:50.722 level:100
2026-03-06 17:07:42.095 T:2215 debug : CVideoPlayer::ProcessVideoData size:40009 dts:81.999 pts:81.999 dur:41.000ms, clock:50.722 level:100
2026-03-06 17:07:42.095 T:2215 debug : CVideoPlayer::ProcessVideoData size:46082 dts:82.040 pts:82.082 dur:41.000ms, clock:50.722 level:100
2026-03-06 17:07:42.098 T:2215 debug : CVideoPlayer::ProcessVideoData size:216152 dts:82.082 pts:82.291 dur:41.000ms, clock:50.725 level:100
2026-03-06 17:07:42.100 T:2215 debug : CVideoPlayer::ProcessVideoData size:101243 dts:82.124 pts:82.207 dur:41.000ms, clock:50.727 level:100
2026-03-06 17:07:42.102 T:2215 debug : CVideoPlayer::ProcessVideoData size:39489 dts:82.165 pts:82.165 dur:41.000ms, clock:50.729 level:100
2026-03-06 17:07:42.102 T:2215 debug : CVideoPlayer::ProcessVideoData size:40908 dts:82.207 pts:82.249 dur:41.000ms, clock:50.729 level:100
2026-03-06 17:07:42.105 T:2215 debug : CVideoPlayer::ProcessVideoData size:227220 dts:82.249 pts:82.457 dur:41.000ms, clock:50.732 level:100
2026-03-06 17:07:42.107 T:2215 debug : CVideoPlayer::ProcessVideoData size:95438 dts:82.291 pts:82.374 dur:41.000ms, clock:50.734 level:100
2026-03-06 17:07:42.107 T:2215 debug : CVideoPlayer::ProcessVideoData size:45901 dts:82.332 pts:82.332 dur:41.000ms, clock:50.734 level:100
2026-03-06 17:07:42.108 T:2215 debug : CVideoPlayer::ProcessVideoData size:40139 dts:82.374 pts:82.416 dur:41.000ms, clock:50.735 level:100
2026-03-06 17:07:42.112 T:2215 debug : CVideoPlayer::ProcessVideoData size:252522 dts:82.416 pts:82.624 dur:41.000ms, clock:50.740 level:100
2026-03-06 17:07:42.114 T:2215 debug : CVideoPlayer::ProcessVideoData size:104965 dts:82.457 pts:82.541 dur:41.000ms, clock:50.741 level:100
2026-03-06 17:07:42.115 T:2215 debug : CVideoPlayer::ProcessVideoData size:54055 dts:82.499 pts:82.499 dur:41.000ms, clock:50.742 level:100
2026-03-06 17:07:42.116 T:2215 debug : CVideoPlayer::ProcessVideoData size:40517 dts:82.541 pts:82.582 dur:41.000ms, clock:50.743 level:100
2026-03-06 17:07:42.117 T:2219 debug : CVideoPlayerVideo::OutputPicture - ttd:556ms pts:51.301 Clock:50.744 Level:8
2026-03-06 17:07:42.120 T:2215 debug : CVideoPlayer::ProcessVideoData size:227089 dts:82.582 pts:82.791 dur:41.000ms, clock:50.747 level:100
2026-03-06 17:07:42.122 T:2215 debug : CVideoPlayer::ProcessVideoData size:96954 dts:82.624 pts:82.708 dur:41.000ms, clock:50.749 level:100
2026-03-06 17:07:42.122 T:2215 debug : CVideoPlayer::ProcessVideoData size:40552 dts:82.666 pts:82.666 dur:41.000ms, clock:50.749 level:100
2026-03-06 17:07:42.122 T:2215 debug : CVideoPlayer::ProcessVideoData size:45087 dts:82.708 pts:82.749 dur:41.000ms, clock:50.749 level:100
2026-03-06 17:07:42.127 T:2215 debug : CVideoPlayer::ProcessVideoData size:214884 dts:82.749 pts:82.958 dur:41.000ms, clock:50.754 level:100
2026-03-06 17:07:42.128 T:2215 debug : CVideoPlayer::ProcessVideoData size:99437 dts:82.791 pts:82.874 dur:41.000ms, clock:50.755 level:100
2026-03-06 17:07:42.129 T:2215 debug : CVideoPlayer::ProcessVideoData size:38536 dts:82.833 pts:82.833 dur:41.000ms, clock:50.756 level:100
2026-03-06 17:07:42.129 T:2215 debug : CVideoPlayer::ProcessVideoData size:39326 dts:82.874 pts:82.916 dur:41.000ms, clock:50.756 level:100
2026-03-06 17:07:42.133 T:2215 debug : CVideoPlayer::ProcessVideoData size:228281 dts:82.916 pts:83.125 dur:41.000ms, clock:50.760 level:100
2026-03-06 17:07:42.135 T:2215 debug : CVideoPlayer::ProcessVideoData size:92107 dts:82.958 pts:83.041 dur:41.000ms, clock:50.762 level:100
2026-03-06 17:07:42.135 T:2215 debug : CVideoPlayer::ProcessVideoData size:45139 dts:83.000 pts:83.000 dur:41.000ms, clock:50.762 level:100
2026-03-06 17:07:42.137 T:2215 debug : CVideoPlayer::ProcessVideoData size:39082 dts:83.041 pts:83.083 dur:41.000ms, clock:50.764 level:100
2026-03-06 17:07:42.141 T:2215 debug : CVideoPlayer::ProcessVideoData size:214366 dts:83.083 pts:83.292 dur:41.000ms, clock:50.768 level:100
2026-03-06 17:07:42.142 T:2215 debug : CVideoPlayer::ProcessVideoData size:92024 dts:83.125 pts:83.208 dur:41.000ms, clock:50.769 level:100
2026-03-06 17:07:42.143 T:2215 debug : CVideoPlayer::ProcessVideoData size:38261 dts:83.166 pts:83.166 dur:41.000ms, clock:50.770 level:100
2026-03-06 17:07:42.143 T:2215 debug : CVideoPlayer::ProcessVideoData size:44148 dts:83.208 pts:83.250 dur:41.000ms, clock:50.770 level:100
2026-03-06 17:07:42.148 T:2215 debug : CVideoPlayer::ProcessVideoData size:238744 dts:83.250 pts:83.458 dur:41.000ms, clock:50.775 level:100
2026-03-06 17:07:42.148 T:2215 debug : CVideoPlayer::ProcessVideoData size:99092 dts:83.292 pts:83.375 dur:41.000ms, clock:50.775 level:100
2026-03-06 17:07:42.150 T:2215 debug : CVideoPlayer::ProcessVideoData size:37224 dts:83.333 pts:83.333 dur:41.000ms, clock:50.777 level:100
2026-03-06 17:07:42.150 T:2215 debug : CVideoPlayer::ProcessVideoData size:50186 dts:83.375 pts:83.417 dur:41.000ms, clock:50.777 level:100
2026-03-06 17:07:42.154 T:2215 debug : CVideoPlayer::ProcessVideoData size:211493 dts:83.417 pts:83.625 dur:41.000ms, clock:50.781 level:100
2026-03-06 17:07:42.155 T:2215 debug : CVideoPlayer::ProcessVideoData size:99207 dts:83.458 pts:83.542 dur:41.000ms, clock:50.782 level:100
2026-03-06 17:07:42.156 T:2215 debug : CVideoPlayer::ProcessVideoData size:38535 dts:83.500 pts:83.500 dur:41.000ms, clock:50.783 level:100
2026-03-06 17:07:42.157 T:2215 debug : CVideoPlayer::ProcessVideoData size:39147 dts:83.542 pts:83.583 dur:41.000ms, clock:50.784 level:100
2026-03-06 17:07:42.159 T:2219 debug : CVideoPlayerVideo::OutputPicture - ttd:557ms pts:51.343 Clock:50.785 Level:8
2026-03-06 17:07:42.161 T:2215 debug : CVideoPlayer::ProcessVideoData size:226218 dts:83.583 pts:83.792 dur:41.000ms, clock:50.789 level:100
2026-03-06 17:07:42.162 T:2215 debug : CVideoPlayer::ProcessVideoData size:90672 dts:83.625 pts:83.709 dur:41.000ms, clock:50.789 level:100
2026-03-06 17:07:42.163 T:2215 debug : CVideoPlayer::ProcessVideoData size:44810 dts:83.667 pts:83.667 dur:41.000ms, clock:50.790 level:100
2026-03-06 17:07:42.163 T:2215 debug : CVideoPlayer::ProcessVideoData size:37757 dts:83.709 pts:83.750 dur:41.000ms, clock:50.790 level:100
2026-03-06 17:07:42.167 T:2215 debug : CVideoPlayer::ProcessVideoData size:216535 dts:83.750 pts:83.959 dur:41.000ms, clock:50.794 level:100
2026-03-06 17:07:42.169 T:2215 debug : CVideoPlayer::ProcessVideoData size:91844 dts:83.792 pts:83.875 dur:41.000ms, clock:50.796 level:100
2026-03-06 17:07:42.169 T:2215 debug : CVideoPlayer::ProcessVideoData size:38483 dts:83.834 pts:83.834 dur:41.000ms, clock:50.796 level:100
2026-03-06 17:07:42.171 T:2215 debug : CVideoPlayer::ProcessVideoData size:44550 dts:83.875 pts:83.917 dur:41.000ms, clock:50.798 level:100
2026-03-06 17:07:42.175 T:2215 debug : CVideoPlayer::ProcessVideoData size:206717 dts:83.917 pts:84.126 dur:41.000ms, clock:50.802 level:100
2026-03-06 17:07:42.176 T:2215 debug : CVideoPlayer::ProcessVideoData size:98151 dts:83.959 pts:84.042 dur:41.000ms, clock:50.803 level:100
2026-03-06 17:07:42.177 T:2215 debug : CVideoPlayer::ProcessVideoData size:38049 dts:84.001 pts:84.001 dur:41.000ms, clock:50.804 level:100
2026-03-06 17:07:42.177 T:2215 debug : CVideoPlayer::ProcessVideoData size:38806 dts:84.042 pts:84.084 dur:41.000ms, clock:50.804 level:100
2026-03-06 17:07:42.180 T:2215 debug : CVideoPlayer::ProcessVideoData size:217182 dts:84.084 pts:84.293 dur:41.000ms, clock:50.807 level:100
2026-03-06 17:07:42.182 T:2215 debug : CVideoPlayer::ProcessVideoData size:90707 dts:84.126 pts:84.209 dur:41.000ms, clock:50.809 level:100
2026-03-06 17:07:42.182 T:2215 debug : CVideoPlayer::ProcessVideoData size:44060 dts:84.167 pts:84.167 dur:41.000ms, clock:50.809 level:100
2026-03-06 17:07:42.184 T:2215 debug : CVideoPlayer::ProcessVideoData size:38160 dts:84.209 pts:84.251 dur:41.000ms, clock:50.811 level:100
2026-03-06 17:07:42.188 T:2215 debug : CVideoPlayer::ProcessVideoData size:241334 dts:84.251 pts:84.459 dur:41.000ms, clock:50.815 level:100
2026-03-06 17:07:42.190 T:2215 debug : CVideoPlayer::ProcessVideoData size:99831 dts:84.293 pts:84.376 dur:41.000ms, clock:50.817 level:100
2026-03-06 17:07:42.190 T:2215 debug : CVideoPlayer::ProcessVideoData size:52457 dts:84.334 pts:84.334 dur:41.000ms, clock:50.817 level:100
2026-03-06 17:07:42.192 T:2215 debug : CVideoPlayer::ProcessVideoData size:38178 dts:84.376 pts:84.418 dur:41.000ms, clock:50.819 level:100
2026-03-06 17:07:42.196 T:2215 debug : CVideoPlayer::ProcessVideoData size:211429 dts:84.418 pts:84.626 dur:41.000ms, clock:50.823 level:100
2026-03-06 17:07:42.197 T:2215 debug : CVideoPlayer::ProcessVideoData size:91742 dts:84.459 pts:84.543 dur:41.000ms, clock:50.824 level:100
2026-03-06 17:07:42.198 T:2215 debug : CVideoPlayer::ProcessVideoData size:38024 dts:84.501 pts:84.501 dur:41.000ms, clock:50.825 level:100
2026-03-06 17:07:42.198 T:2215 debug : CVideoPlayer::ProcessVideoData size:43716 dts:84.543 pts:84.584 dur:41.000ms, clock:50.825 level:100
2026-03-06 17:07:42.200 T:2219 debug : CVideoPlayerVideo::OutputPicture - ttd:557ms pts:51.385 Clock:50.827 Level:8
2026-03-06 17:07:42.202 T:2215 debug : CVideoPlayer::ProcessVideoData size:201354 dts:84.584 pts:84.793 dur:41.000ms, clock:50.829 level:100
2026-03-06 17:07:42.203 T:2215 debug : CVideoPlayer::ProcessVideoData size:95434 dts:84.626 pts:84.710 dur:41.000ms, clock:50.830 level:100
2026-03-06 17:07:42.203 T:2215 debug : CVideoPlayer::ProcessVideoData size:37617 dts:84.668 pts:84.668 dur:41.000ms, clock:50.830 level:100
2026-03-06 17:07:42.205 T:2215 debug : CVideoPlayer::ProcessVideoData size:38126 dts:84.710 pts:84.751 dur:41.000ms, clock:50.832 level:100
2026-03-06 17:07:42.209 T:2215 debug : CVideoPlayer::ProcessVideoData size:213860 dts:84.751 pts:84.960 dur:41.000ms, clock:50.836 level:100
2026-03-06 17:07:42.209 T:2215 debug : CVideoPlayer::ProcessVideoData size:88424 dts:84.793 pts:84.876 dur:41.000ms, clock:50.836 level:100
2026-03-06 17:07:42.211 T:2215 debug : CVideoPlayer::ProcessVideoData size:43228 dts:84.835 pts:84.835 dur:41.000ms, clock:50.838 level:100
2026-03-06 17:07:42.211 T:2215 debug : CVideoPlayer::ProcessVideoData size:37038 dts:84.876 pts:84.918 dur:41.000ms, clock:50.838 level:100
2026-03-06 17:07:42.215 T:2215 debug : CVideoPlayer::ProcessVideoData size:203153 dts:84.918 pts:85.127 dur:41.000ms, clock:50.842 level:100
2026-03-06 17:07:42.216 T:2215 debug : CVideoPlayer::ProcessVideoData size:87465 dts:84.960 pts:85.043 dur:41.000ms, clock:50.843 level:100
2026-03-06 17:07:42.217 T:2215 debug : CVideoPlayer::ProcessVideoData size:36026 dts:85.002 pts:85.002 dur:41.000ms, clock:50.844 level:100
2026-03-06 17:07:42.218 T:2215 debug : CVideoPlayer::ProcessVideoData size:41513 dts:85.043 pts:85.085 dur:41.000ms, clock:50.845 level:100
2026-03-06 17:07:42.222 T:2215 debug : CVideoPlayer::ProcessVideoData size:225061 dts:85.085 pts:85.294 dur:41.000ms, clock:50.849 level:100
2026-03-06 17:07:42.223 T:2215 debug : CVideoPlayer::ProcessVideoData size:91463 dts:85.127 pts:85.210 dur:41.000ms, clock:50.850 level:100
2026-03-06 17:07:42.224 T:2215 debug : CVideoPlayer::ProcessVideoData size:33958 dts:85.168 pts:85.168 dur:41.000ms, clock:50.851 level:100
2026-03-06 17:07:42.224 T:2215 debug : CVideoPlayer::ProcessVideoData size:44953 dts:85.210 pts:85.252 dur:41.000ms, clock:50.851 level:100
2026-03-06 17:07:42.227 T:2215 debug : CVideoPlayer::ProcessVideoData size:197152 dts:85.252 pts:85.460 dur:41.000ms, clock:50.854 level:100
2026-03-06 17:07:42.229 T:2215 debug : CVideoPlayer::ProcessVideoData size:89271 dts:85.294 pts:85.377 dur:41.000ms, clock:50.856 level:100
2026-03-06 17:07:42.229 T:2215 debug : CVideoPlayer::ProcessVideoData size:33060 dts:85.335 pts:85.335 dur:41.000ms, clock:50.856 level:100
2026-03-06 17:07:42.229 T:2215 debug : CVideoPlayer::ProcessVideoData size:33071 dts:85.377 pts:85.419 dur:41.000ms, clock:50.857 level:100
2026-03-06 17:07:42.235 T:2215 debug : CVideoPlayer::ProcessVideoData size:210721 dts:85.419 pts:85.627 dur:41.000ms, clock:50.862 level:100
2026-03-06 17:07:42.235 T:2215 debug : CVideoPlayer::ProcessVideoData size:78836 dts:85.460 pts:85.544 dur:41.000ms, clock:50.862 level:100
2026-03-06 17:07:42.236 T:2215 debug : CVideoPlayer::ProcessVideoData size:37547 dts:85.502 pts:85.502 dur:41.000ms, clock:50.863 level:100
2026-03-06 17:07:42.236 T:2215 debug : CVideoPlayer::ProcessVideoData size:31744 dts:85.544 pts:85.585 dur:41.000ms, clock:50.863 level:100
2026-03-06 17:07:42.240 T:2215 debug : CVideoPlayer::ProcessVideoData size:197194 dts:85.585 pts:85.794 dur:41.000ms, clock:50.867 level:100
2026-03-06 17:07:42.242 T:2215 debug : CVideoPlayer::ProcessVideoData size:80248 dts:85.627 pts:85.711 dur:41.000ms, clock:50.869 level:100
2026-03-06 17:07:42.242 T:2215 debug : CVideoPlayer::ProcessVideoData size:31057 dts:85.669 pts:85.669 dur:41.000ms, clock:50.869 level:100
2026-03-06 17:07:42.242 T:2215 debug : CVideoPlayer::ProcessVideoData size:37022 dts:85.711 pts:85.752 dur:41.000ms, clock:50.869 level:100
2026-03-06 17:07:42.243 T:2219 debug : CVideoPlayerVideo::OutputPicture - ttd:555ms pts:51.426 Clock:50.870 Level:8
2026-03-06 17:07:42.246 T:2215 debug : CVideoPlayer::ProcessVideoData size:191914 dts:85.752 pts:85.961 dur:41.000ms, clock:50.873 level:100
2026-03-06 17:07:42.248 T:2215 debug : CVideoPlayer::ProcessVideoData size:85653 dts:85.794 pts:85.877 dur:41.000ms, clock:50.875 level:100
2026-03-06 17:07:42.248 T:2215 debug : CVideoPlayer::ProcessVideoData size:31640 dts:85.836 pts:85.836 dur:41.000ms, clock:50.875 level:100
2026-03-06 17:07:42.248 T:2215 debug : CVideoPlayer::ProcessVideoData size:32915 dts:85.877 pts:85.919 dur:41.000ms, clock:50.875 level:100
2026-03-06 17:07:42.254 T:2215 debug : CVideoPlayer::ProcessVideoData size:201871 dts:85.919 pts:86.128 dur:41.000ms, clock:50.881 level:100
2026-03-06 17:07:42.254 T:2215 debug : CVideoPlayer::ProcessVideoData size:80344 dts:85.961 pts:86.044 dur:41.000ms, clock:50.881 level:100
2026-03-06 17:07:42.254 T:2215 debug : CVideoPlayer::ProcessVideoData size:36842 dts:86.003 pts:86.003 dur:41.000ms, clock:50.881 level:100
2026-03-06 17:07:42.255 T:2215 debug : CVideoPlayer::ProcessVideoData size:31580 dts:86.044 pts:86.086 dur:41.000ms, clock:50.883 level:100
2026-03-06 17:07:42.260 T:2215 debug : CVideoPlayer::ProcessVideoData size:228063 dts:86.086 pts:86.295 dur:41.000ms, clock:50.887 level:100
2026-03-06 17:07:42.262 T:2215 debug : CVideoPlayer::ProcessVideoData size:88301 dts:86.128 pts:86.211 dur:41.000ms, clock:50.889 level:100
2026-03-06 17:07:42.262 T:2215 debug : CVideoPlayer::ProcessVideoData size:43982 dts:86.169 pts:86.169 dur:41.000ms, clock:50.889 level:100
2026-03-06 17:07:42.262 T:2215 debug : CVideoPlayer::ProcessVideoData size:31472 dts:86.211 pts:86.253 dur:41.000ms, clock:50.889 level:100
2026-03-06 17:07:42.265 T:2215 debug : CVideoPlayer::ProcessVideoData size:200894 dts:86.253 pts:86.461 dur:41.000ms, clock:50.892 level:100
2026-03-06 17:07:42.267 T:2215 debug : CVideoPlayer::ProcessVideoData size:80168 dts:86.295 pts:86.378 dur:41.000ms, clock:50.894 level:100
2026-03-06 17:07:42.267 T:2215 debug : CVideoPlayer::ProcessVideoData size:30524 dts:86.336 pts:86.336 dur:41.000ms, clock:50.894 level:100
2026-03-06 17:07:42.269 T:2215 debug : CVideoPlayer::ProcessVideoData size:35506 dts:86.378 pts:86.420 dur:41.000ms, clock:50.896 level:100
2026-03-06 17:07:42.273 T:2215 debug : CVideoPlayer::ProcessVideoData size:191046 dts:86.420 pts:86.628 dur:41.000ms, clock:50.900 level:100
2026-03-06 17:07:42.273 T:2215 debug : CVideoPlayer::ProcessVideoData size:82746 dts:86.461 pts:86.545 dur:41.000ms, clock:50.900 level:100
2026-03-06 17:07:42.275 T:2215 debug : CVideoPlayer::ProcessVideoData size:30542 dts:86.503 pts:86.503 dur:41.000ms, clock:50.902 level:100
2026-03-06 17:07:42.275 T:2215 debug : CVideoPlayer::ProcessVideoData size:30788 dts:86.545 pts:86.586 dur:41.000ms, clock:50.902 level:100
2026-03-06 17:07:42.278 T:2215 debug : CVideoPlayer::ProcessVideoData size:204617 dts:86.586 pts:86.795 dur:41.000ms, clock:50.905 level:100
2026-03-06 17:07:42.280 T:2215 debug : CVideoPlayer::ProcessVideoData size:77689 dts:86.628 pts:86.712 dur:41.000ms, clock:50.907 level:100
2026-03-06 17:07:42.280 T:2215 debug : CVideoPlayer::ProcessVideoData size:34830 dts:86.670 pts:86.670 dur:41.000ms, clock:50.907 level:100
2026-03-06 17:07:42.280 T:2215 debug : CVideoPlayer::ProcessVideoData size:29925 dts:86.712 pts:86.753 dur:41.000ms, clock:50.907 level:100
2026-03-06 17:07:42.284 T:2219 debug : CVideoPlayerVideo::OutputPicture - ttd:557ms pts:51.468 Clock:50.911 Level:8
2026-03-06 17:07:42.284 T:2215 debug : CVideoPlayer::ProcessVideoData size:194002 dts:86.753 pts:86.962 dur:41.000ms, clock:50.911 level:100
2026-03-06 17:07:42.286 T:2215 debug : CVideoPlayer::ProcessVideoData size:79378 dts:86.795 pts:86.878 dur:41.000ms, clock:50.913 level:100
2026-03-06 17:07:42.286 T:2215 debug : CVideoPlayer::ProcessVideoData size:30236 dts:86.837 pts:86.837 dur:41.000ms, clock:50.913 level:100
2026-03-06 17:07:42.286 T:2215 debug : CVideoPlayer::ProcessVideoData size:34935 dts:86.878 pts:86.920 dur:41.000ms, clock:50.913 level:100
2026-03-06 17:07:42.292 T:2215 debug : CVideoPlayer::ProcessVideoData size:217330 dts:86.920 pts:87.129 dur:41.000ms, clock:50.919 level:100
2026-03-06 17:07:42.292 T:2215 debug : CVideoPlayer::ProcessVideoData size:83708 dts:86.962 pts:87.045 dur:41.000ms, clock:50.919 level:100
2026-03-06 17:07:42.292 T:2215 debug : CVideoPlayer::ProcessVideoData size:29150 dts:87.004 pts:87.004 dur:41.000ms, clock:50.919 level:100
2026-03-06 17:07:42.294 T:2215 debug : CVideoPlayer::ProcessVideoData size:39130 dts:87.045 pts:87.087 dur:41.000ms, clock:50.921 level:100
2026-03-06 17:07:42.298 T:2215 debug : CVideoPlayer::ProcessVideoData size:194639 dts:87.087 pts:87.296 dur:41.000ms, clock:50.925 level:100
2026-03-06 17:07:42.299 T:2215 debug : CVideoPlayer::ProcessVideoData size:84502 dts:87.129 pts:87.212 dur:41.000ms, clock:50.926 level:100
2026-03-06 17:07:42.300 T:2215 debug : CVideoPlayer::ProcessVideoData size:28854 dts:87.170 pts:87.170 dur:41.000ms, clock:50.927 level:100
2026-03-06 17:07:42.300 T:2215 debug : CVideoPlayer::ProcessVideoData size:29903 dts:87.212 pts:87.254 dur:41.000ms, clock:50.927 level:100
2026-03-06 17:07:42.303 T:2215 debug : CVideoPlayer::ProcessVideoData size:206566 dts:87.254 pts:87.462 dur:41.000ms, clock:50.930 level:100
2026-03-06 17:07:42.305 T:2215 debug : CVideoPlayer::ProcessVideoData size:78110 dts:87.296 pts:87.379 dur:41.000ms, clock:50.932 level:100
2026-03-06 17:07:42.305 T:2215 debug : CVideoPlayer::ProcessVideoData size:35319 dts:87.337 pts:87.337 dur:41.000ms, clock:50.932 level:100
2026-03-06 17:07:42.305 T:2215 debug : CVideoPlayer::ProcessVideoData size:29764 dts:87.379 pts:87.421 dur:41.000ms, clock:50.932 level:100
2026-03-06 17:07:42.309 T:2215 debug : CVideoPlayer::ProcessVideoData size:198595 dts:87.421 pts:87.629 dur:41.000ms, clock:50.936 level:100
2026-03-06 17:07:42.311 T:2215 debug : CVideoPlayer::ProcessVideoData size:80504 dts:87.462 pts:87.546 dur:41.000ms, clock:50.938 level:100
2026-03-06 17:07:42.311 T:2215 debug : CVideoPlayer::ProcessVideoData size:30281 dts:87.504 pts:87.504 dur:41.000ms, clock:50.938 level:100
2026-03-06 17:07:42.313 T:2215 debug : CVideoPlayer::ProcessVideoData size:35386 dts:87.546 pts:87.587 dur:41.000ms, clock:50.940 level:100
2026-03-06 17:07:42.315 T:2215 debug : CVideoPlayer::ProcessVideoData size:192062 dts:87.587 pts:87.796 dur:41.000ms, clock:50.942 level:100
2026-03-06 17:07:42.317 T:2215 debug : CVideoPlayer::ProcessVideoData size:85563 dts:87.629 pts:87.713 dur:41.000ms, clock:50.944 level:100
2026-03-06 17:07:42.317 T:2215 debug : CVideoPlayer::ProcessVideoData size:30625 dts:87.671 pts:87.671 dur:41.000ms, clock:50.944 level:100
2026-03-06 17:07:42.317 T:2215 debug : CVideoPlayer::ProcessVideoData size:30889 dts:87.713 pts:87.754 dur:41.000ms, clock:50.944 level:100
2026-03-06 17:07:42.322 T:2215 debug : CVideoPlayer::ProcessVideoData size:202252 dts:87.754 pts:87.963 dur:41.000ms, clock:50.949 level:100
2026-03-06 17:07:42.323 T:2215 debug : CVideoPlayer::ProcessVideoData size:77941 dts:87.796 pts:87.879 dur:41.000ms, clock:50.950 level:100
2026-03-06 17:07:42.323 T:2215 debug : CVideoPlayer::ProcessVideoData size:34592 dts:87.838 pts:87.838 dur:41.000ms, clock:50.950 level:100
2026-03-06 17:07:42.324 T:2215 debug : CVideoPlayer::ProcessVideoData size:29808 dts:87.879 pts:87.921 dur:41.000ms, clock:50.951 level:100
2026-03-06 17:07:42.325 T:2219 debug : CVideoPlayerVideo::OutputPicture - ttd:557ms pts:51.510 Clock:50.952 Level:8
2026-03-06 17:07:42.328 T:2215 debug : CVideoPlayer::ProcessVideoData size:226969 dts:87.921 pts:88.130 dur:41.000ms, clock:50.955 level:100
2026-03-06 17:07:42.330 T:2215 debug : CVideoPlayer::ProcessVideoData size:87287 dts:87.963 pts:88.046 dur:41.000ms, clock:50.957 level:100
2026-03-06 17:07:42.330 T:2215 debug : CVideoPlayer::ProcessVideoData size:40224 dts:88.005 pts:88.005 dur:41.000ms, clock:50.957 level:100
2026-03-06 17:07:42.330 T:2215 debug : CVideoPlayer::ProcessVideoData size:29325 dts:88.046 pts:88.088 dur:41.000ms, clock:50.957 level:100
2026-03-06 17:07:42.334 T:2215 debug : CVideoPlayer::ProcessVideoData size:201888 dts:88.088 pts:88.297 dur:41.000ms, clock:50.961 level:100
2026-03-06 17:07:42.335 T:2215 debug : CVideoPlayer::ProcessVideoData size:79054 dts:88.130 pts:88.213 dur:41.000ms, clock:50.962 level:100
2026-03-06 17:07:42.336 T:2215 debug : CVideoPlayer::ProcessVideoData size:28964 dts:88.171 pts:88.171 dur:41.000ms, clock:50.963 level:100
2026-03-06 17:07:42.336 T:2215 debug : CVideoPlayer::ProcessVideoData size:34133 dts:88.213 pts:88.255 dur:41.000ms, clock:50.963 level:100
2026-03-06 17:07:42.339 T:2215 debug : CVideoPlayer::ProcessVideoData size:194987 dts:88.255 pts:88.463 dur:41.000ms, clock:50.966 level:100
2026-03-06 17:07:42.341 T:2215 debug : CVideoPlayer::ProcessVideoData size:84154 dts:88.297 pts:88.380 dur:41.000ms, clock:50.968 level:100
2026-03-06 17:07:42.341 T:2215 debug : CVideoPlayer::ProcessVideoData size:29828 dts:88.338 pts:88.338 dur:41.000ms, clock:50.968 level:100
2026-03-06 17:07:42.343 T:2215 debug : CVideoPlayer::ProcessVideoData size:29733 dts:88.380 pts:88.422 dur:41.000ms, clock:50.970 level:100
2026-03-06 17:07:42.347 T:2215 debug : CVideoPlayer::ProcessVideoData size:197914 dts:88.422 pts:88.672 dur:41.000ms, clock:50.974 level:100
2026-03-06 17:07:42.348 T:2215 debug : CVideoPlayer::ProcessVideoData size:67748 dts:88.463 pts:88.588 dur:41.000ms, clock:50.975 level:100
2026-03-06 17:07:42.348 T:2215 debug : CVideoPlayer::ProcessVideoData size:44558 dts:88.505 pts:88.505 dur:41.000ms, clock:50.976 level:100
2026-03-06 17:07:42.367 T:2219 debug : CVideoPlayerVideo::OutputPicture - ttd:557ms pts:51.551 Clock:50.994 Level:8
2026-03-06 17:07:42.409 T:2219 debug : CVideoPlayerVideo::OutputPicture - ttd:557ms pts:51.593 Clock:51.036 Level:8
2026-03-06 17:07:42.450 T:2219 debug : CVideoPlayerVideo::OutputPicture - ttd:557ms pts:51.635 Clock:51.077 Level:8
2026-03-06 17:07:42.492 T:2219 debug : CVideoPlayerVideo::OutputPicture - ttd:557ms pts:51.677 Clock:51.119 Level:8
2026-03-06 17:07:42.500 T:2215 debug : CVideoPlayer::ProcessVideoData size:42645 dts:88.547 pts:88.547 dur:41.000ms, clock:51.127 level:100
2026-03-06 17:07:42.535 T:2219 debug : CVideoPlayerVideo::OutputPicture - ttd:556ms pts:51.718 Clock:51.162 Level:8
2026-03-06 17:07:42.575 T:2219 debug : CVideoPlayerVideo::OutputPicture - ttd:557ms pts:51.760 Clock:51.202 Level:8
2026-03-06 17:07:42.617 T:2219 debug : CVideoPlayerVideo::OutputPicture - ttd:557ms pts:51.802 Clock:51.244 Level:8
2026-03-06 17:07:42.659 T:2219 debug : CVideoPlayerVideo::OutputPicture - ttd:556ms pts:51.843 Clock:51.286 Level:8
2026-03-06 17:07:42.661 T:2219 debug : CVideoPlayerVideo - CDVDMsg::DEMUXER_PACKET - checking interlace vfmt: null
2026-03-06 17:07:42.701 T:2219 debug : CVideoPlayerVideo::OutputPicture - ttd:556ms pts:51.885 Clock:51.328 Level:8
2026-03-06 17:07:42.743 T:2219 debug : CVideoPlayerVideo::OutputPicture - ttd:557ms pts:51.927 Clock:51.370 Level:8
2026-03-06 17:07:42.784 T:2219 debug : CVideoPlayerVideo::OutputPicture - ttd:558ms pts:51.969 Clock:51.411 Level:8
2026-03-06 17:07:42.796 T:2220 debug : CDVDClock::ErrorAdjust - CVideoPlayerAudio::OutputPacket - error:-72348.663204, adjusted:-41708.333333
2026-03-06 17:07:42.828 T:2219 debug : CVideoPlayerVideo::OutputPicture - ttd:597ms pts:52.010 Clock:51.413 Level:8
2026-03-06 17:07:42.833 T:2215 debug : CVideoPlayer::ProcessVideoData size:35265 dts:88.588 pts:88.630 dur:41.000ms, clock:51.418 level:100
2026-03-06 17:07:42.867 T:2219 debug : CVideoPlayerVideo::OutputPicture - ttd:599ms pts:52.052 Clock:51.453 Level:9
2026-03-06 17:07:42.909 T:2219 debug : CVideoPlayerVideo::OutputPicture - ttd:599ms pts:52.094 Clock:51.494 Level:9
2026-03-06 17:07:42.993 T:2219 debug : CVideoPlayerVideo::OutputPicture - ttd:556ms pts:52.135 Clock:51.579 Level:8
2026-03-06 17:07:43.034 T:2219 debug : CVideoPlayerVideo::OutputPicture - ttd:557ms pts:52.177 Clock:51.619 Level:8
2026-03-06 17:07:43.076 T:2219 debug : CVideoPlayerVideo::OutputPicture - ttd:557ms pts:52.219 Clock:51.661 Level:8
2026-03-06 17:07:43.119 T:2219 debug : CVideoPlayerVideo::OutputPicture - ttd:557ms pts:52.261 Clock:51.704 Level:8
2026-03-06 17:07:43.160 T:2219 debug : CVideoPlayerVideo::OutputPicture - ttd:556ms pts:52.302 Clock:51.746 Level:8
2026-03-06 17:07:43.177 T:1257 debug : CLibInputKeyboard::ProcessKey - using delay: 500ms repeat: 33ms
2026-03-06 17:07:43.177 T:2242 debug : Thread Timer start, auto delete: false
2026-03-06 17:07:43.196 T:1251 debug : Keyboard: scancode: 0x6a, sym: 0x113 (right), unicode: 0x00, modifier: 0x0
2026-03-06 17:07:43.197 T:1251 debug : bool CInputManager::HandleKey(const CKey&): right (0xf083) pressed, window 12005, action is StepForward
2026-03-06 17:07:43.202 T:2219 debug : CVideoPlayerVideo::OutputPicture - ttd:556ms pts:52.344 Clock:51.787 Level:8
2026-03-06 17:07:43.244 T:2219 debug : CVideoPlayerVideo::OutputPicture - ttd:557ms pts:52.386 Clock:51.829 Level:8
2026-03-06 17:07:43.247 T:2215 debug : CVideoPlayer::ProcessVideoData size:105836 dts:88.630 pts:88.797 dur:41.000ms, clock:51.833 level:100
2026-03-06 17:07:43.285 T:2219 debug : CVideoPlayerVideo::OutputPicture - ttd:556ms pts:52.427 Clock:51.870 Level:8
2026-03-06 17:07:43.313 T:2242 debug : Thread Timer 547107339680 terminating
2026-03-06 17:07:43.322 T:1251 debug : Keyboard: scancode: 0x6a, sym: 0x113 (right), unicode: 0x00, modifier: 0x0
2026-03-06 17:07:43.327 T:2219 debug : CVideoPlayerVideo::OutputPicture - ttd:557ms pts:52.469 Clock:51.912 Level:8
2026-03-06 17:07:43.369 T:2219 debug : CVideoPlayerVideo::OutputPicture - ttd:557ms pts:52.511 Clock:51.954 Level:8
2026-03-06 17:07:43.385 T:1257 debug : CLibInputKeyboard::ProcessKey - using delay: 500ms repeat: 33ms
2026-03-06 17:07:43.385 T:2243 debug : Thread Timer start, auto delete: false
2026-03-06 17:07:43.405 T:1251 debug : Keyboard: scancode: 0x6a, sym: 0x113 (right), unicode: 0x00, modifier: 0x0
2026-03-06 17:07:43.405 T:1251 debug : bool CInputManager::HandleKey(const CKey&): right (0xf083) pressed, window 12005, action is StepForward
2026-03-06 17:07:43.410 T:2219 debug : CVideoPlayerVideo::OutputPicture - ttd:556ms pts:52.552 Clock:51.996 Level:8
2026-03-06 17:07:43.451 T:2219 debug : CVideoPlayerVideo::OutputPicture - ttd:557ms pts:52.594 Clock:52.036 Level:8
2026-03-06 17:07:43.453 T:2219 debug : CVideoPlayerVideo - CDVDMsg::DEMUXER_PACKET - checking interlace vfmt: null
2026-03-06 17:07:43.493 T:2219 debug : CVideoPlayerVideo::OutputPicture - ttd:557ms pts:52.636 Clock:52.078 Level:8
2026-03-06 17:07:43.529 T:2243 debug : Thread Timer 547107339680 terminating
2026-03-06 17:07:43.530 T:1251 debug : Keyboard: scancode: 0x6a, sym: 0x113 (right), unicode: 0x00, modifier: 0x0
2026-03-06 17:07:43.535 T:2219 debug : CVideoPlayerVideo::OutputPicture - ttd:558ms pts:52.678 Clock:52.120 Level:8
2026-03-06 17:07:43.576 T:2219 debug : CVideoPlayerVideo::OutputPicture - ttd:557ms pts:52.719 Clock:52.162 Level:8
2026-03-06 17:07:43.618 T:2219 debug : CVideoPlayerVideo::OutputPicture - ttd:557ms pts:52.761 Clock:52.204 Level:8
2026-03-06 17:07:43.625 T:1257 debug : CLibInputKeyboard::ProcessKey - using delay: 500ms repeat: 33ms
2026-03-06 17:07:43.625 T:2244 debug : Thread Timer start, auto delete: false
2026-03-06 17:07:43.656 T:1251 debug : Keyboard: scancode: 0x6a, sym: 0x113 (right), unicode: 0x00, modifier: 0x0
2026-03-06 17:07:43.656 T:1251 debug : bool CInputManager::HandleKey(const CKey&): right (0xf083) pressed, window 12005, action is StepForward
2026-03-06 17:07:43.660 T:2219 debug : CVideoPlayerVideo::OutputPicture - ttd:557ms pts:52.803 Clock:52.245 Level:8
2026-03-06 17:07:43.702 T:2219 debug : CVideoPlayerVideo::OutputPicture - ttd:556ms pts:52.844 Clock:52.287 Level:8
2026-03-06 17:07:43.729 T:2244 debug : Thread Timer 547107339680 terminating
2026-03-06 17:07:43.739 T:1251 debug : Keyboard: scancode: 0x6a, sym: 0x113 (right), unicode: 0x00, modifier: 0x0
2026-03-06 17:07:43.743 T:2219 debug : CVideoPlayerVideo::OutputPicture - ttd:557ms pts:52.886 Clock:52.329 Level:8
2026-03-06 17:07:43.785 T:2219 debug : CVideoPlayerVideo::OutputPicture - ttd:557ms pts:52.928 Clock:52.370 Level:8
2026-03-06 17:07:43.801 T:1257 debug : CLibInputKeyboard::ProcessKey - using delay: 500ms repeat: 33ms
2026-03-06 17:07:43.801 T:2245 debug : Thread Timer start, auto delete: false
2026-03-06 17:07:43.822 T:1251 debug : Keyboard: scancode: 0x6a, sym: 0x113 (right), unicode: 0x00, modifier: 0x0
2026-03-06 17:07:43.822 T:1251 debug : bool CInputManager::HandleKey(const CKey&): right (0xf083) pressed, window 12005, action is StepForward
2026-03-06 17:07:43.827 T:2219 debug : CVideoPlayerVideo::OutputPicture - ttd:557ms pts:52.970 Clock:52.412 Level:8
2026-03-06 17:07:43.869 T:2219 debug : CVideoPlayerVideo::OutputPicture - ttd:557ms pts:53.011 Clock:52.454 Level:8
2026-03-06 17:07:43.889 T:2245 debug : Thread Timer 547107339680 terminating
2026-03-06 17:07:43.906 T:1251 debug : Keyboard: scancode: 0x6a, sym: 0x113 (right), unicode: 0x00, modifier: 0x0
2026-03-06 17:07:43.910 T:2219 debug : CVideoPlayerVideo::OutputPicture - ttd:557ms pts:53.053 Clock:52.496 Level:8
2026-03-06 17:07:43.952 T:2219 debug : CVideoPlayerVideo::OutputPicture - ttd:557ms pts:53.095 Clock:52.537 Level:8
2026-03-06 17:07:43.969 T:1257 debug : CLibInputKeyboard::ProcessKey - using delay: 500ms repeat: 33ms
2026-03-06 17:07:43.969 T:2246 debug : Thread Timer start, auto delete: false
2026-03-06 17:07:43.989 T:1251 debug : Keyboard: scancode: 0x6a, sym: 0x113 (right), unicode: 0x00, modifier: 0x0
2026-03-06 17:07:43.989 T:1251 debug : bool CInputManager::HandleKey(const CKey&): right (0xf083) pressed, window 12005, action is StepForward
2026-03-06 17:07:43.994 T:2219 debug : CVideoPlayerVideo::OutputPicture - ttd:556ms pts:53.136 Clock:52.579 Level:8
2026-03-06 17:07:44.036 T:2219 debug : CVideoPlayerVideo::OutputPicture - ttd:557ms pts:53.178 Clock:52.621 Level:8
2026-03-06 17:07:44.057 T:2246 debug : Thread Timer 547107339680 terminating
2026-03-06 17:07:44.073 T:1251 debug : Keyboard: scancode: 0x6a, sym: 0x113 (right), unicode: 0x00, modifier: 0x0
2026-03-06 17:07:44.077 T:2219 debug : CVideoPlayerVideo::OutputPicture - ttd:557ms pts:53.220 Clock:52.663 Level:8
2026-03-06 17:07:44.119 T:2219 debug : CVideoPlayerVideo::OutputPicture - ttd:557ms pts:53.262 Clock:52.704 Level:8
2026-03-06 17:07:44.137 T:1257 debug : CLibInputKeyboard::ProcessKey - using delay: 500ms repeat: 33ms
2026-03-06 17:07:44.137 T:2247 debug : Thread Timer start, auto delete: false
2026-03-06 17:07:44.156 T:1251 debug : Keyboard: scancode: 0x6a, sym: 0x113 (right), unicode: 0x00, modifier: 0x0
2026-03-06 17:07:44.156 T:1251 debug : bool CInputManager::HandleKey(const CKey&): right (0xf083) pressed, window 12005, action is StepForward
2026-03-06 17:07:44.161 T:2219 debug : CVideoPlayerVideo::OutputPicture - ttd:556ms pts:53.303 Clock:52.746 Level:8
2026-03-06 17:07:44.202 T:2219 debug : CVideoPlayerVideo::OutputPicture - ttd:557ms pts:53.345 Clock:52.788 Level:8
2026-03-06 17:07:44.206 T:2215 debug : CVideoPlayer::ProcessVideoData size:74730 dts:88.672 pts:88.755 dur:41.000ms, clock:52.791 level:100
2026-03-06 17:07:44.217 T:2247 debug : Thread Timer 547107339680 terminating
2026-03-06 17:07:44.239 T:1251 debug : Keyboard: scancode: 0x6a, sym: 0x113 (right), unicode: 0x00, modifier: 0x0
2026-03-06 17:07:44.244 T:2219 debug : CVideoPlayerVideo::OutputPicture - ttd:557ms pts:53.387 Clock:52.829 Level:8
2026-03-06 17:07:44.286 T:2219 debug : CVideoPlayerVideo::OutputPicture - ttd:556ms pts:53.428 Clock:52.871 Level:8
2026-03-06 17:07:44.328 T:2219 debug : CVideoPlayerVideo::OutputPicture - ttd:556ms pts:53.470 Clock:52.913 Level:8
2026-03-06 17:07:44.370 T:2219 debug : CVideoPlayerVideo::OutputPicture - ttd:557ms pts:53.512 Clock:52.955 Level:8
2026-03-06 17:07:44.411 T:2219 debug : CVideoPlayerVideo::OutputPicture - ttd:556ms pts:53.553 Clock:52.997 Level:8
2026-03-06 17:07:44.453 T:2219 debug : CVideoPlayerVideo::OutputPicture - ttd:556ms pts:53.595 Clock:53.038 Level:8
2026-03-06 17:07:44.495 T:2219 debug : CVideoPlayerVideo::OutputPicture - ttd:556ms pts:53.637 Clock:53.080 Level:8
2026-03-06 17:07:44.537 T:2219 debug : CVideoPlayerVideo::OutputPicture - ttd:557ms pts:53.679 Clock:53.122 Level:8
2026-03-06 17:07:44.577 T:2219 debug : CVideoPlayerVideo::OutputPicture - ttd:557ms pts:53.720 Clock:53.163 Level:8
2026-03-06 17:07:44.620 T:2219 debug : CVideoPlayerVideo::OutputPicture - ttd:556ms pts:53.762 Clock:53.205 Level:8
2026-03-06 17:07:44.661 T:2219 debug : CVideoPlayerVideo::OutputPicture - ttd:557ms pts:53.804 Clock:53.246 Level:8
2026-03-06 17:07:44.703 T:2219 debug : CVideoPlayerVideo::OutputPicture - ttd:556ms pts:53.845 Clock:53.289 Level:8
2026-03-06 17:07:44.745 T:2219 debug : CVideoPlayerVideo::OutputPicture - ttd:556ms pts:53.887 Clock:53.330 Level:8
2026-03-06 17:07:44.788 T:2219 debug : CVideoPlayerVideo::OutputPicture - ttd:555ms pts:53.929 Clock:53.373 Level:8
2026-03-06 17:07:44.791 T:2215 debug : CVideoPlayer::ProcessVideoData size:29461 dts:88.714 pts:88.714 dur:41.000ms, clock:53.376 level:100
2026-03-06 17:07:44.791 T:2215 debug : CVideoPlayer::ProcessVideoData size:269512 dts:88.755 pts:88.839 dur:41.000ms, clock:53.377 level:100
2026-03-06 17:07:44.828 T:2219 debug : CVideoPlayerVideo::OutputPicture - ttd:558ms pts:53.971 Clock:53.413 Level:8
2026-03-06 17:07:44.869 T:2219 debug : CVideoPlayerVideo::OutputPicture - ttd:557ms pts:54.012 Clock:53.455 Level:8
2026-03-06 17:07:44.911 T:2219 debug : CVideoPlayerVideo::OutputPicture - ttd:557ms pts:54.054 Clock:53.496 Level:8
2026-03-06 17:07:44.912 T:2215 debug : demuxer seek to: 653498.000000
2026-03-06 17:07:44.914 T:2217 debug : CDoubleCache::Reset - (0x7f4a41b3e0) Cache miss for 1787563960 with new=81788928-115343360 and old=89570926-123125358
2026-03-06 17:07:44.914 T:2217 debug : CFileCache::Process - cache completely reset for seek to position 1787563960
2026-03-06 17:07:44.949 T:2215 debug : SeekTime - seek ended up on time 654445
2026-03-06 17:07:44.949 T:2215 debug : demuxer seek to: 653498.000000, success
2026-03-06 17:07:44.949 T:2215 debug : CVideoPlayer::FlushBuffers - flushing buffers
2026-03-06 17:07:44.954 T:2219 debug : CVideoPlayerVideo::OutputPicture - ttd:557ms pts:54.096 Clock:53.539 Level:8
2026-03-06 17:07:44.954 T:2219 debug : CAMLCodec::Reset
2026-03-06 17:07:45.045 T:2220 debug : CDVDAudio::Flush - flush audio stream
2026-03-06 17:07:45.045 T:2220 debug : CDVDAudio::Pause - pausing audio stream
2026-03-06 17:07:45.045 T:2220 debug : CVideoPlayerAudio - CDVDMsg::GENERAL_SYNCHRONIZE
2026-03-06 17:07:45.045 T:2219 debug : CVideoPlayerVideo - CDVDMsg::GENERAL_SYNCHRONIZE
2026-03-06 17:07:45.045 T:2215 debug : CDVDClock::SetSpeedAdjust - adjusted:0.000000
2026-03-06 17:07:45.045 T:2219 debug : CAMLCodec::SetSpeed, speed(0)
2026-03-06 17:07:45.046 T:2215 debug : CVideoPlayer::ProcessVideoData size:193367 dts:18442240474082.180 pts:654.445 dur:41.000ms, clock:53.630 level:0
2026-03-06 17:07:45.046 T:2219 debug : CVideoPlayerVideo - Stillframe left, switching to normal playback
2026-03-06 17:07:45.046 T:2215 debug : CVideoPlayer::ProcessVideoData size:157630 dts:18442240474082.180 pts:654.571 dur:41.000ms, clock:53.630 level:0
2026-03-06 17:07:45.046 T:2215 debug : CVideoPlayer::CheckContinuity - wrapback :2, prev:654571000.000000, curr:654445000.000000, diff:-126000.000000
2026-03-06 17:07:45.046 T:2215 debug : CVideoPlayer::ProcessVideoData size:159268 dts:654.445 pts:654.529 dur:41.000ms, clock:53.630 level:0
2026-03-06 17:07:45.046 T:2215 debug : CVideoPlayer::ProcessVideoData size:140963 dts:654.487 pts:654.487 dur:41.000ms, clock:53.630 level:0
2026-03-06 17:07:45.047 T:2215 debug : CVideoPlayer::ProcessVideoData size:134166 dts:654.529 pts:654.737 dur:41.000ms, clock:53.630 level:1
2026-03-06 17:07:45.047 T:2215 debug : CVideoPlayer::ProcessVideoData size:161468 dts:654.571 pts:654.654 dur:41.000ms, clock:53.630 level:1
2026-03-06 17:07:45.047 T:2215 debug : CVideoPlayer::ProcessVideoData size:131983 dts:654.612 pts:654.612 dur:41.000ms, clock:53.630 level:1
2026-03-06 17:07:45.047 T:2215 debug : CVideoPlayer::ProcessVideoData size:123340 dts:654.654 pts:654.696 dur:41.000ms, clock:53.630 level:1
2026-03-06 17:07:45.047 T:2215 debug : CVideoPlayer::ProcessVideoData size:139089 dts:654.696 pts:654.904 dur:41.000ms, clock:53.630 level:2
2026-03-06 17:07:45.047 T:2215 debug : CVideoPlayer::ProcessVideoData size:147161 dts:654.737 pts:654.821 dur:41.000ms, clock:53.630 level:2
2026-03-06 17:07:45.047 T:2215 debug : CVideoPlayer::ProcessVideoData size:112020 dts:654.779 pts:654.779 dur:41.000ms, clock:53.630 level:3
2026-03-06 17:07:45.048 T:2215 debug : CVideoPlayer::ProcessVideoData size:121180 dts:654.821 pts:654.863 dur:41.000ms, clock:53.630 level:3
2026-03-06 17:07:45.048 T:2215 debug : CVideoPlayer::ProcessVideoData size:154691 dts:654.863 pts:655.029 dur:41.000ms, clock:53.630 level:4
2026-03-06 17:07:45.048 T:2215 debug : CVideoPlayer::ProcessVideoData size:140671 dts:654.904 pts:654.988 dur:41.000ms, clock:53.630 level:4
2026-03-06 17:07:45.048 T:2215 debug : CVideoPlayer::ProcessVideoData size:117011 dts:654.946 pts:654.946 dur:41.000ms, clock:53.630 level:5
2026-03-06 17:07:45.048 T:2215 debug : CVideoPlayer::ProcessVideoData size:151977 dts:654.988 pts:655.154 dur:41.000ms, clock:53.630 level:7
2026-03-06 17:07:45.048 T:2215 debug : CVideoPlayer::ProcessVideoData size:154386 dts:655.029 pts:655.113 dur:41.000ms, clock:53.630 level:7
2026-03-06 17:07:45.049 T:2215 debug : CVideoPlayer::ProcessVideoData size:130689 dts:655.071 pts:655.071 dur:41.000ms, clock:53.630 level:8
2026-03-06 17:07:45.049 T:2215 debug : CVideoPlayer::ProcessVideoData size:131838 dts:655.113 pts:655.238 dur:41.000ms, clock:53.630 level:8
2026-03-06 17:07:45.049 T:2215 debug : CVideoPlayer::ProcessVideoData size:110848 dts:655.154 pts:655.196 dur:41.000ms, clock:53.630 level:9
2026-03-06 17:07:45.049 T:2215 debug : CVideoPlayer::ProcessVideoData size:138571 dts:655.196 pts:655.321 dur:41.000ms, clock:53.630 level:9
2026-03-06 17:07:45.049 T:2215 debug : CVideoPlayer::ProcessVideoData size:116484 dts:655.238 pts:655.280 dur:41.000ms, clock:53.630 level:10
2026-03-06 17:07:45.049 T:2215 debug : CVideoPlayer::ProcessVideoData size:145027 dts:655.280 pts:655.405 dur:41.000ms, clock:53.630 level:10
2026-03-06 17:07:45.049 T:2215 debug : CVideoPlayer::ProcessVideoData size:116805 dts:655.321 pts:655.363 dur:41.000ms, clock:53.630 level:11
2026-03-06 17:07:45.050 T:2215 debug : CVideoPlayer::ProcessVideoData size:153178 dts:655.363 pts:655.530 dur:41.000ms, clock:53.630 level:11
2026-03-06 17:07:45.050 T:2215 debug : CVideoPlayer::ProcessVideoData size:151615 dts:655.405 pts:655.488 dur:41.000ms, clock:53.630 level:12
2026-03-06 17:07:45.050 T:2215 debug : CVideoPlayer::ProcessVideoData size:131541 dts:655.446 pts:655.446 dur:41.000ms, clock:53.630 level:12
2026-03-06 17:07:45.050 T:2215 debug : CVideoPlayer::ProcessVideoData size:139298 dts:655.488 pts:655.655 dur:41.000ms, clock:53.630 level:13
2026-03-06 17:07:45.050 T:2215 debug : CVideoPlayer::ProcessVideoData size:150730 dts:655.530 pts:655.613 dur:41.000ms, clock:53.630 level:14
2026-03-06 17:07:45.050 T:2215 debug : CVideoPlayer::ProcessVideoData size:127913 dts:655.572 pts:655.572 dur:41.000ms, clock:53.630 level:14
2026-03-06 17:07:45.050 T:2215 debug : CVideoPlayer::ProcessVideoData size:142975 dts:655.613 pts:655.780 dur:41.000ms, clock:53.630 level:15
2026-03-06 17:07:45.051 T:2215 debug : CVideoPlayer::ProcessVideoData size:138143 dts:655.655 pts:655.738 dur:41.000ms, clock:53.630 level:15
2026-03-06 17:07:45.051 T:2215 debug : CVideoPlayer::ProcessVideoData size:130003 dts:655.697 pts:655.697 dur:41.000ms, clock:53.630 level:16
2026-03-06 17:07:45.051 T:2215 debug : CVideoPlayer::ProcessVideoData size:127373 dts:655.738 pts:655.864 dur:41.000ms, clock:53.630 level:16
2026-03-06 17:07:45.051 T:2215 debug : CVideoPlayer::ProcessVideoData size:125589 dts:655.780 pts:655.822 dur:41.000ms, clock:53.630 level:16
