2019-12-02 09:29:17.026 T:3772773248 DEBUG: CVideoPlayerVideo::OutputPicture - ttd:109ms pts:567.400 Clock:567.291 Level:4
2019-12-02 09:29:17.071 T:3772773248 DEBUG: CVideoPlayerVideo::OutputPicture - ttd:105ms pts:567.442 Clock:567.336 Level:3
2019-12-02 09:29:17.101 T:3901322112 DEBUG: CVideoPlayer::ProcessVideoData size:12965 dts:575.700 pts:575.867 dur:41.000ms, clock:567.366 level:87
2019-12-02 09:29:17.102 T:3901322112 DEBUG: CVideoPlayer::ProcessVideoData size:1388 dts:575.742 pts:575.825 dur:41.000ms, clock:567.366 level:88
2019-12-02 09:29:17.102 T:3901322112 DEBUG: CVideoPlayer::ProcessVideoData size:611 dts:575.784 pts:575.784 dur:41.000ms, clock:567.367 level:88
2019-12-02 09:29:17.102 T:3901322112 DEBUG: CVideoPlayer::ProcessVideoData size:7199 dts:575.825 pts:575.950 dur:41.000ms, clock:567.367 level:89
2019-12-02 09:29:17.102 T:3901322112 DEBUG: CVideoPlayer::ProcessVideoData size:4491 dts:575.867 pts:575.909 dur:41.000ms, clock:567.367 level:89
2019-12-02 09:29:17.103 T:3901322112 DEBUG: CVideoPlayer::ProcessVideoData size:111735 dts:575.909 pts:575.992 dur:41.000ms, clock:567.368 level:90
2019-12-02 09:29:17.111 T:3772773248 DEBUG: CVideoPlayerVideo::OutputPicture - ttd:108ms pts:567.484 Clock:567.376 Level:3
2019-12-02 09:29:17.150 T:3772773248 DEBUG: CVideoPlayerVideo::OutputPicture - ttd:110ms pts:567.525 Clock:567.415 Level:4
2019-12-02 09:29:17.195 T:3772773248 DEBUG: CVideoPlayerVideo::OutputPicture - ttd:106ms pts:567.567 Clock:567.460 Level:3
2019-12-02 09:29:17.234 T:3772773248 DEBUG: CVideoPlayerVideo::OutputPicture - ttd:109ms pts:567.609 Clock:567.499 Level:4
2019-12-02 09:29:17.280 T:3772773248 DEBUG: CVideoPlayerVideo::OutputPicture - ttd:105ms pts:567.650 Clock:567.545 Level:3
2019-12-02 09:29:17.320 T:3772773248 DEBUG: CVideoPlayerVideo::OutputPicture - ttd:107ms pts:567.692 Clock:567.585 Level:3
2019-12-02 09:29:17.358 T:3901322112 DEBUG: CVideoPlayer::ProcessVideoData size:25812 dts:575.950 pts:576.201 dur:41.000ms, clock:567.622 level:88
2019-12-02 09:29:17.358 T:3901322112 DEBUG: CVideoPlayer::ProcessVideoData size:4099 dts:575.992 pts:576.117 dur:41.000ms, clock:567.623 level:88
2019-12-02 09:29:17.359 T:3901322112 DEBUG: CVideoPlayer::ProcessVideoData size:2105 dts:576.034 pts:576.034 dur:41.000ms, clock:567.623 level:89
2019-12-02 09:29:17.359 T:3901322112 DEBUG: CVideoPlayer::ProcessVideoData size:4070 dts:576.075 pts:576.075 dur:41.000ms, clock:567.624 level:89
2019-12-02 09:29:17.359 T:3901322112 DEBUG: CVideoPlayer::ProcessVideoData size:2667 dts:576.117 pts:576.159 dur:41.000ms, clock:567.624 level:90
2019-12-02 09:29:17.360 T:3772773248 DEBUG: CVideoPlayerVideo::OutputPicture - ttd:108ms pts:567.734 Clock:567.625 Level:3
2019-12-02 09:29:17.406 T:3772773248 DEBUG: CVideoPlayerVideo::OutputPicture - ttd:105ms pts:567.776 Clock:567.670 Level:3
2019-12-02 09:29:17.445 T:3772773248 DEBUG: CVideoPlayerVideo::OutputPicture - ttd:107ms pts:567.817 Clock:567.709 Level:3
2019-12-02 09:29:17.484 T:3772773248 DEBUG: CVideoPlayerVideo::OutputPicture - ttd:110ms pts:567.859 Clock:567.748 Level:4
2019-12-02 09:29:17.526 T:3772773248 DEBUG: CVideoPlayerVideo::OutputPicture - ttd:110ms pts:567.901 Clock:567.790 Level:3
2019-12-02 09:29:17.571 T:3772773248 DEBUG: CVideoPlayerVideo::OutputPicture - ttd:105ms pts:567.942 Clock:567.836 Level:3
2019-12-02 09:29:17.603 T:3901322112 DEBUG: CVideoPlayer::ProcessVideoData size:18679 dts:576.159 pts:576.409 dur:41.000ms, clock:567.868 level:89
2019-12-02 09:29:17.604 T:3901322112 DEBUG: CVideoPlayer::ProcessVideoData size:5055 dts:576.201 pts:576.326 dur:41.000ms, clock:567.868 level:89
2019-12-02 09:29:17.604 T:3901322112 DEBUG: CVideoPlayer::ProcessVideoData size:2998 dts:576.242 pts:576.242 dur:41.000ms, clock:567.868 level:90
2019-12-02 09:29:17.604 T:3901322112 DEBUG: CVideoPlayer::ProcessVideoData size:3279 dts:576.284 pts:576.284 dur:41.000ms, clock:567.869 level:90
2019-12-02 09:29:17.604 T:3901322112 DEBUG: CVideoPlayer::ProcessVideoData size:2621 dts:576.326 pts:576.367 dur:41.000ms, clock:567.869 level:91
2019-12-02 09:29:17.612 T:3772773248 DEBUG: CVideoPlayerVideo::OutputPicture - ttd:107ms pts:567.984 Clock:567.877 Level:3
2019-12-02 09:29:17.650 T:3772773248 DEBUG: CVideoPlayerVideo::OutputPicture - ttd:111ms pts:568.026 Clock:567.915 Level:4
2019-12-02 09:29:17.694 T:3772773248 DEBUG: CVideoPlayerVideo::OutputPicture - ttd:108ms pts:568.067 Clock:567.959 Level:3
2019-12-02 09:29:17.737 T:3772773248 DEBUG: CVideoPlayerVideo::OutputPicture - ttd:107ms pts:568.109 Clock:568.001 Level:3
2019-12-02 09:29:17.776 T:3772773248 DEBUG: CVideoPlayerVideo::OutputPicture - ttd:110ms pts:568.151 Clock:568.041 Level:4
2019-12-02 09:29:17.821 T:3772773248 DEBUG: CVideoPlayerVideo::OutputPicture - ttd:107ms pts:568.193 Clock:568.086 Level:3
2019-12-02 09:29:17.859 T:3772773248 DEBUG: CVideoPlayerVideo::OutputPicture - ttd:110ms pts:568.234 Clock:568.124 Level:4
2019-12-02 09:29:17.903 T:3772773248 DEBUG: CVideoPlayerVideo::OutputPicture - ttd:108ms pts:568.276 Clock:568.168 Level:3
2019-12-02 09:29:17.910 T:3901322112 DEBUG: CVideoPlayer::ProcessVideoData size:25385 dts:576.367 pts:576.576 dur:41.000ms, clock:568.174 level:88
2019-12-02 09:29:17.910 T:3901322112 DEBUG: CVideoPlayer::ProcessVideoData size:8915 dts:576.409 pts:576.493 dur:41.000ms, clock:568.175 level:88
2019-12-02 09:29:17.910 T:3901322112 DEBUG: CVideoPlayer::ProcessVideoData size:25476 dts:576.451 pts:576.451 dur:41.000ms, clock:568.175 level:88
2019-12-02 09:29:17.911 T:3901322112 DEBUG: CVideoPlayer::ProcessVideoData size:3647 dts:576.493 pts:576.534 dur:41.000ms, clock:568.175 level:89
2019-12-02 09:29:17.911 T:3901322112 DEBUG: CVideoPlayer::ProcessVideoData size:23680 dts:576.534 pts:576.743 dur:41.000ms, clock:568.176 level:89
2019-12-02 09:29:17.911 T:3901322112 DEBUG: CVideoPlayer::ProcessVideoData size:9689 dts:576.576 pts:576.659 dur:41.000ms, clock:568.176 level:90
2019-12-02 09:29:17.912 T:3901322112 DEBUG: CVideoPlayer::ProcessVideoData size:3645 dts:576.618 pts:576.618 dur:41.000ms, clock:568.176 level:90
2019-12-02 09:29:17.912 T:3901322112 DEBUG: CVideoPlayer::ProcessVideoData size:3519 dts:576.659 pts:576.701 dur:41.000ms, clock:568.177 level:91
2019-12-02 09:29:17.948 T:3772773248 DEBUG: CVideoPlayerVideo::OutputPicture - ttd:105ms pts:568.318 Clock:568.212 Level:3
2019-12-02 09:29:17.986 T:3772773248 DEBUG: CVideoPlayerVideo::OutputPicture - ttd:108ms pts:568.359 Clock:568.250 Level:3
2019-12-02 09:29:18.030 T:3772773248 DEBUG: CVideoPlayerVideo::OutputPicture - ttd:106ms pts:568.401 Clock:568.295 Level:3
2019-12-02 09:29:18.068 T:3772773248 DEBUG: CVideoPlayerVideo::OutputPicture - ttd:109ms pts:568.443 Clock:568.333 Level:4
2019-12-02 09:29:18.113 T:3772773248 DEBUG: CVideoPlayerVideo::OutputPicture - ttd:107ms pts:568.485 Clock:568.378 Level:3
2019-12-02 09:29:18.156 T:3901322112 DEBUG: CVideoPlayer::ProcessVideoData size:22492 dts:576.701 pts:576.910 dur:41.000ms, clock:568.420 level:88
2019-12-02 09:29:18.156 T:3901322112 DEBUG: CVideoPlayer::ProcessVideoData size:7158 dts:576.743 pts:576.826 dur:41.000ms, clock:568.421 level:89
2019-12-02 09:29:18.157 T:3901322112 DEBUG: CVideoPlayer::ProcessVideoData size:6489 dts:576.785 pts:576.785 dur:41.000ms, clock:568.421 level:89
2019-12-02 09:29:18.157 T:3901322112 DEBUG: CVideoPlayer::ProcessVideoData size:3218 dts:576.826 pts:576.868 dur:41.000ms, clock:568.421 level:90
2019-12-02 09:29:18.158 T:3772773248 DEBUG: CVideoPlayerVideo::OutputPicture - ttd:103ms pts:568.526 Clock:568.423 Level:3
2019-12-02 09:29:18.197 T:3772773248 DEBUG: CVideoPlayerVideo::OutputPicture - ttd:106ms pts:568.568 Clock:568.462 Level:3
2019-12-02 09:29:18.235 T:3772773248 DEBUG: CVideoPlayerVideo::OutputPicture - ttd:110ms pts:568.610 Clock:568.500 Level:4
2019-12-02 09:29:18.280 T:3772773248 DEBUG: CVideoPlayerVideo::OutputPicture - ttd:106ms pts:568.651 Clock:568.544 Level:3
2019-12-02 09:29:18.318 T:3772773248 DEBUG: CVideoPlayerVideo::OutputPicture - ttd:110ms pts:568.693 Clock:568.582 Level:4
2019-12-02 09:29:18.362 T:3772773248 DEBUG: CVideoPlayerVideo::OutputPicture - ttd:108ms pts:568.735 Clock:568.626 Level:3
2019-12-02 09:29:18.401 T:3901322112 DEBUG: CVideoPlayer::ProcessVideoData size:23644 dts:576.868 pts:577.076 dur:41.000ms, clock:568.665 level:88
2019-12-02 09:29:18.401 T:3901322112 DEBUG: CVideoPlayer::ProcessVideoData size:7325 dts:576.910 pts:576.993 dur:41.000ms, clock:568.666 level:88
2019-12-02 09:29:18.402 T:3901322112 DEBUG: CVideoPlayer::ProcessVideoData size:14691 dts:576.951 pts:576.951 dur:41.000ms, clock:568.666 level:89
2019-12-02 09:29:18.402 T:3901322112 DEBUG: CVideoPlayer::ProcessVideoData size:6997 dts:576.993 pts:577.035 dur:41.000ms, clock:568.666 level:89
2019-12-02 09:29:18.402 T:3901322112 DEBUG: CVideoPlayer::ProcessVideoData size:19653 dts:577.035 pts:577.202 dur:41.000ms, clock:568.667 level:90
2019-12-02 09:29:18.403 T:3901322112 DEBUG: CVideoPlayer::ProcessVideoData size:5889 dts:577.076 pts:577.160 dur:41.000ms, clock:568.667 level:90
2019-12-02 09:29:18.403 T:3901322112 DEBUG: CVideoPlayer::ProcessVideoData size:2741 dts:577.118 pts:577.118 dur:41.000ms, clock:568.667 level:91
2019-12-02 09:29:18.404 T:3772773248 DEBUG: CVideoPlayerVideo::OutputPicture - ttd:108ms pts:568.777 Clock:568.669 Level:3
2019-12-02 09:29:18.448 T:3772773248 DEBUG: CVideoPlayerVideo::OutputPicture - ttd:105ms pts:568.818 Clock:568.713 Level:3
2019-12-02 09:29:18.487 T:3772773248 DEBUG: CVideoPlayerVideo::OutputPicture - ttd:108ms pts:568.860 Clock:568.752 Level:3
2019-12-02 09:29:18.531 T:3772773248 DEBUG: CVideoPlayerVideo::OutputPicture - ttd:106ms pts:568.902 Clock:568.795 Level:3
2019-12-02 09:29:18.570 T:3772773248 DEBUG: CVideoPlayerVideo::OutputPicture - ttd:108ms pts:568.943 Clock:568.835 Level:3
2019-12-02 09:29:18.615 T:3772773248 DEBUG: CVideoPlayerVideo::OutputPicture - ttd:106ms pts:568.985 Clock:568.879 Level:3
2019-12-02 09:29:18.653 T:3772773248 DEBUG: CVideoPlayerVideo::OutputPicture - ttd:110ms pts:569.027 Clock:568.917 Level:3
2019-12-02 09:29:18.657 T:3901322112 DEBUG: CVideoPlayer::ProcessVideoData size:20923 dts:577.160 pts:577.368 dur:41.000ms, clock:568.921 level:88
2019-12-02 09:29:18.657 T:3901322112 DEBUG: CVideoPlayer::ProcessVideoData size:5657 dts:577.202 pts:577.285 dur:41.000ms, clock:568.921 level:89
2019-12-02 09:29:18.657 T:3901322112 DEBUG: CVideoPlayer::ProcessVideoData size:1820 dts:577.243 pts:577.243 dur:41.000ms, clock:568.922 level:89
2019-12-02 09:29:18.657 T:3901322112 DEBUG: CVideoPlayer::ProcessVideoData size:5550 dts:577.285 pts:577.327 dur:41.000ms, clock:568.922 level:90
2019-12-02 09:29:18.658 T:3901322112 DEBUG: CVideoPlayer::ProcessVideoData size:20513 dts:577.327 pts:577.535 dur:41.000ms, clock:568.922 level:90
2019-12-02 09:29:18.658 T:3901322112 DEBUG: CVideoPlayer::ProcessVideoData size:4905 dts:577.368 pts:577.452 dur:41.000ms, clock:568.922 level:91
2019-12-02 09:29:18.658 T:3901322112 DEBUG: CVideoPlayer::ProcessVideoData size:1710 dts:577.410 pts:577.410 dur:41.000ms, clock:568.923 level:91
2019-12-02 09:29:18.659 T:3901322112 DEBUG: CVideoPlayer::ProcessVideoData size:1368 dts:577.452 pts:577.494 dur:41.000ms, clock:568.923 level:92
2019-12-02 09:29:18.696 T:3772773248 DEBUG: CVideoPlayerVideo::OutputPicture - ttd:107ms pts:569.068 Clock:568.960 Level:3
2019-12-02 09:29:18.735 T:3772773248 DEBUG: CVideoPlayerVideo::OutputPicture - ttd:110ms pts:569.110 Clock:568.999 Level:4
2019-12-02 09:29:18.779 T:3772773248 DEBUG: CVideoPlayerVideo::OutputPicture - ttd:108ms pts:569.152 Clock:569.044 Level:3
2019-12-02 09:29:18.824 T:3772773248 DEBUG: CVideoPlayerVideo::OutputPicture - ttd:106ms pts:569.194 Clock:569.088 Level:3
2019-12-02 09:29:18.862 T:3772773248 DEBUG: CVideoPlayerVideo::OutputPicture - ttd:109ms pts:569.235 Clock:569.126 Level:4
2019-12-02 09:29:18.903 T:3901322112 DEBUG: CVideoPlayer::ProcessVideoData size:19498 dts:577.494 pts:577.660 dur:41.000ms, clock:569.167 level:89
2019-12-02 09:29:18.903 T:3901322112 DEBUG: CVideoPlayer::ProcessVideoData size:2545 dts:577.535 pts:577.619 dur:41.000ms, clock:569.167 level:89
2019-12-02 09:29:18.903 T:3901322112 DEBUG: CVideoPlayer::ProcessVideoData size:1423 dts:577.577 pts:577.577 dur:41.000ms, clock:569.167 level:90
2019-12-02 09:29:18.905 T:3772773248 DEBUG: CVideoPlayerVideo::OutputPicture - ttd:107ms pts:569.277 Clock:569.169 Level:3
2019-12-02 09:29:18.944 T:3772773248 DEBUG: CVideoPlayerVideo::OutputPicture - ttd:110ms pts:569.319 Clock:569.208 Level:4
2019-12-02 09:29:18.988 T:3772773248 DEBUG: CVideoPlayerVideo::OutputPicture - ttd:107ms pts:569.360 Clock:569.253 Level:3
2019-12-02 09:29:19.032 T:3772773248 DEBUG: CVideoPlayerVideo::OutputPicture - ttd:105ms pts:569.402 Clock:569.297 Level:3
2019-12-02 09:29:19.075 T:3772773248 DEBUG: CVideoPlayerVideo::OutputPicture - ttd:105ms pts:569.444 Clock:569.339 Level:3
2019-12-02 09:29:19.107 T:3901322112 DEBUG: CVideoPlayer::ProcessVideoData size:22101 dts:577.619 pts:577.827 dur:41.000ms, clock:569.371 level:88
2019-12-02 09:29:19.107 T:3901322112 DEBUG: CVideoPlayer::ProcessVideoData size:5748 dts:577.660 pts:577.744 dur:41.000ms, clock:569.371 level:88
2019-12-02 09:29:19.107 T:3901322112 DEBUG: CVideoPlayer::ProcessVideoData size:1377 dts:577.702 pts:577.702 dur:41.000ms, clock:569.372 level:89
2019-12-02 09:29:19.108 T:3901322112 DEBUG: CVideoPlayer::ProcessVideoData size:1392 dts:577.744 pts:577.786 dur:41.000ms, clock:569.372 level:89
2019-12-02 09:29:19.108 T:3901322112 DEBUG: CVideoPlayer::ProcessVideoData size:10743 dts:577.786 pts:577.911 dur:41.000ms, clock:569.372 level:90
2019-12-02 09:29:19.108 T:3901322112 DEBUG: CVideoPlayer::ProcessVideoData size:1462 dts:577.827 pts:577.869 dur:41.000ms, clock:569.372 level:90
2019-12-02 09:29:19.109 T:3901322112 DEBUG: CVideoPlayer::ProcessVideoData size:51288 dts:577.869 pts:577.952 dur:41.000ms, clock:569.373 level:91
2019-12-02 09:29:19.110 T:3772773248 DEBUG: CVideoPlayerVideo::OutputPicture - ttd:111ms pts:569.486 Clock:569.375 Level:4
2019-12-02 09:29:19.156 T:3772773248 DEBUG: CVideoPlayerVideo::OutputPicture - ttd:106ms pts:569.527 Clock:569.420 Level:3
2019-12-02 09:29:19.194 T:3772773248 DEBUG: CVideoPlayerVideo::OutputPicture - ttd:111ms pts:569.569 Clock:569.458 Level:4
2019-12-02 09:29:19.238 T:3772773248 DEBUG: CVideoPlayerVideo::OutputPicture - ttd:108ms pts:569.611 Clock:569.502 Level:3
2019-12-02 09:29:19.278 T:3772773248 DEBUG: CVideoPlayerVideo::OutputPicture - ttd:109ms pts:569.652 Clock:569.543 Level:4
2019-12-02 09:29:19.322 T:3772773248 DEBUG: CVideoPlayerVideo::OutputPicture - ttd:108ms pts:569.694 Clock:569.586 Level:3
2019-12-02 09:29:19.353 T:3901322112 DEBUG: CVideoPlayer::ProcessVideoData size:22735 dts:577.911 pts:578.119 dur:41.000ms, clock:569.617 level:89
2019-12-02 09:29:19.353 T:3901322112 DEBUG: CVideoPlayer::ProcessVideoData size:5303 dts:577.952 pts:578.036 dur:41.000ms, clock:569.618 level:89
2019-12-02 09:29:19.354 T:3901322112 DEBUG: CVideoPlayer::ProcessVideoData size:2119 dts:577.994 pts:577.994 dur:41.000ms, clock:569.618 level:90
2019-12-02 09:29:19.354 T:3901322112 DEBUG: CVideoPlayer::ProcessVideoData size:2307 dts:578.036 pts:578.077 dur:41.000ms, clock:569.618 level:90
2019-12-02 09:29:19.362 T:3772773248 DEBUG: CVideoPlayerVideo::OutputPicture - ttd:110ms pts:569.736 Clock:569.626 Level:4
2019-12-02 09:29:19.403 T:3772773248 DEBUG: CVideoPlayerVideo::OutputPicture - ttd:111ms pts:569.778 Clock:569.667 Level:4
2019-12-02 09:29:19.448 T:3772773248 DEBUG: CVideoPlayerVideo::OutputPicture - ttd:106ms pts:569.819 Clock:569.712 Level:3
2019-12-02 09:29:19.487 T:3772773248 DEBUG: CVideoPlayerVideo::OutputPicture - ttd:109ms pts:569.861 Clock:569.751 Level:4
2019-12-02 09:29:19.532 T:3772773248 DEBUG: CVideoPlayerVideo::OutputPicture - ttd:106ms pts:569.903 Clock:569.797 Level:3
2019-12-02 09:29:19.571 T:3772773248 DEBUG: CVideoPlayerVideo::OutputPicture - ttd:109ms pts:569.944 Clock:569.835 Level:3
2019-12-02 09:29:19.608 T:3901322112 DEBUG: CVideoPlayer::ProcessVideoData size:23615 dts:578.077 pts:578.286 dur:41.000ms, clock:569.872 level:87
2019-12-02 09:29:19.609 T:3901322112 DEBUG: CVideoPlayer::ProcessVideoData size:5621 dts:578.119 pts:578.203 dur:41.000ms, clock:569.873 level:87
2019-12-02 09:29:19.609 T:3901322112 DEBUG: CVideoPlayer::ProcessVideoData size:11587 dts:578.161 pts:578.161 dur:41.000ms, clock:569.873 level:88
2019-12-02 09:29:19.609 T:3901322112 DEBUG: CVideoPlayer::ProcessVideoData size:1791 dts:578.203 pts:578.244 dur:41.000ms, clock:569.873 level:88
2019-12-02 09:29:19.609 T:3901322112 DEBUG: CVideoPlayer::ProcessVideoData size:23919 dts:578.244 pts:578.453 dur:41.000ms, clock:569.873 level:89
2019-12-02 09:29:19.610 T:3901322112 DEBUG: CVideoPlayer::ProcessVideoData size:5605 dts:578.286 pts:578.369 dur:41.000ms, clock:569.874 level:89
2019-12-02 09:29:19.610 T:3901322112 DEBUG: CVideoPlayer::ProcessVideoData size:1360 dts:578.328 pts:578.328 dur:41.000ms, clock:569.874 level:90
2019-12-02 09:29:19.610 T:3901322112 DEBUG: CVideoPlayer::ProcessVideoData size:1821 dts:578.369 pts:578.411 dur:41.000ms, clock:569.874 level:90
2019-12-02 09:29:19.613 T:3772773248 DEBUG: CVideoPlayerVideo::OutputPicture - ttd:109ms pts:569.986 Clock:569.877 Level:3
2019-12-02 09:29:19.658 T:3772773248 DEBUG: CVideoPlayerVideo::OutputPicture - ttd:105ms pts:570.028 Clock:569.922 Level:3
2019-12-02 09:29:19.697 T:3772773248 DEBUG: CVideoPlayerVideo::OutputPicture - ttd:107ms pts:570.069 Clock:569.961 Level:3
2019-12-02 09:29:19.741 T:3772773248 DEBUG: CVideoPlayerVideo::OutputPicture - ttd:105ms pts:570.111 Clock:570.005 Level:3
2019-12-02 09:29:19.779 T:3772773248 DEBUG: CVideoPlayerVideo::OutputPicture - ttd:109ms pts:570.153 Clock:570.043 Level:4
2019-12-02 09:29:19.822 T:3772773248 DEBUG: CVideoPlayerVideo::OutputPicture - ttd:109ms pts:570.195 Clock:570.086 Level:4
2019-12-02 09:29:19.854 T:3901322112 DEBUG: CVideoPlayer::ProcessVideoData size:27757 dts:578.411 pts:578.661 dur:41.000ms, clock:570.118 level:88
2019-12-02 09:29:19.854 T:3901322112 DEBUG: CVideoPlayer::ProcessVideoData size:6289 dts:578.453 pts:578.578 dur:41.000ms, clock:570.118 level:89
2019-12-02 09:29:19.855 T:3901322112 DEBUG: CVideoPlayer::ProcessVideoData size:2793 dts:578.495 pts:578.495 dur:41.000ms, clock:570.119 level:89
2019-12-02 09:29:19.855 T:3901322112 DEBUG: CVideoPlayer::ProcessVideoData size:3399 dts:578.536 pts:578.536 dur:41.000ms, clock:570.119 level:90
2019-12-02 09:29:19.855 T:3901322112 DEBUG: CVideoPlayer::ProcessVideoData size:7520 dts:578.578 pts:578.620 dur:41.000ms, clock:570.119 level:90
2019-12-02 09:29:19.863 T:3772773248 DEBUG: CVideoPlayerVideo::OutputPicture - ttd:108ms pts:570.236 Clock:570.127 Level:4
2019-12-02 09:29:19.908 T:3772773248 DEBUG: CVideoPlayerVideo::OutputPicture - ttd:105ms pts:570.278 Clock:570.172 Level:3
2019-12-02 09:29:19.945 T:3772773248 DEBUG: CVideoPlayerVideo::OutputPicture - ttd:110ms pts:570.320 Clock:570.209 Level:3
2019-12-02 09:29:19.987 T:3772773248 DEBUG: CVideoPlayerVideo::OutputPicture - ttd:110ms pts:570.361 Clock:570.251 Level:4
2019-12-02 09:29:20.032 T:3772773248 DEBUG: CVideoPlayerVideo::OutputPicture - ttd:106ms pts:570.403 Clock:570.296 Level:3
2019-12-02 09:29:20.071 T:3772773248 DEBUG: CVideoPlayerVideo::OutputPicture - ttd:109ms pts:570.445 Clock:570.335 Level:4
2019-12-02 09:29:20.109 T:3901322112 DEBUG: CVideoPlayer::ProcessVideoData size:28876 dts:578.620 pts:578.870 dur:41.000ms, clock:570.373 level:88
2019-12-02 09:29:20.109 T:3901322112 DEBUG: CVideoPlayer::ProcessVideoData size:11516 dts:578.661 pts:578.787 dur:41.000ms, clock:570.373 level:89
2019-12-02 09:29:20.110 T:3901322112 DEBUG: CVideoPlayer::ProcessVideoData size:4954 dts:578.703 pts:578.703 dur:41.000ms, clock:570.374 level:89
2019-12-02 09:29:20.110 T:3901322112 DEBUG: CVideoPlayer::ProcessVideoData size:5322 dts:578.745 pts:578.745 dur:41.000ms, clock:570.374 level:90
2019-12-02 09:29:20.110 T:3901322112 DEBUG: CVideoPlayer::ProcessVideoData size:3541 dts:578.787 pts:578.828 dur:41.000ms, clock:570.374 level:90
2019-12-02 09:29:20.112 T:3772773248 DEBUG: CVideoPlayerVideo::OutputPicture - ttd:111ms pts:570.487 Clock:570.375 Level:4
2019-12-02 09:29:20.156 T:3772773248 DEBUG: CVideoPlayerVideo::OutputPicture - ttd:108ms pts:570.528 Clock:570.420 Level:3
2019-12-02 09:29:20.198 T:3772773248 DEBUG: CVideoPlayerVideo::OutputPicture - ttd:107ms pts:570.570 Clock:570.462 Level:3
2019-12-02 09:29:20.237 T:3772773248 DEBUG: CVideoPlayerVideo::OutputPicture - ttd:111ms pts:570.612 Clock:570.501 Level:4
2019-12-02 09:29:20.283 T:3772773248 DEBUG: CVideoPlayerVideo::OutputPicture - ttd:106ms pts:570.653 Clock:570.546 Level:3
2019-12-02 09:29:20.321 T:3772773248 DEBUG: CVideoPlayerVideo::OutputPicture - ttd:109ms pts:570.695 Clock:570.585 Level:4
2019-12-02 09:29:20.366 T:3772773248 DEBUG: CVideoPlayerVideo::OutputPicture - ttd:107ms pts:570.737 Clock:570.630 Level:3
2019-12-02 09:29:20.404 T:3772773248 DEBUG: CVideoPlayerVideo::OutputPicture - ttd:110ms pts:570.779 Clock:570.668 Level:4
2019-12-02 09:29:20.405 T:3901322112 DEBUG: CVideoPlayer::ProcessVideoData size:28031 dts:578.828 pts:579.037 dur:41.000ms, clock:570.669 level:87
2019-12-02 09:29:20.406 T:3901322112 DEBUG: CVideoPlayer::ProcessVideoData size:11796 dts:578.870 pts:578.953 dur:41.000ms, clock:570.670 level:88
2019-12-02 09:29:20.406 T:3901322112 DEBUG: CVideoPlayer::ProcessVideoData size:4911 dts:578.912 pts:578.912 dur:41.000ms, clock:570.670 level:88
2019-12-02 09:29:20.407 T:3901322112 DEBUG: CVideoPlayer::ProcessVideoData size:3989 dts:578.953 pts:578.995 dur:41.000ms, clock:570.670 level:89
2019-12-02 09:29:20.407 T:3901322112 DEBUG: CVideoPlayer::ProcessVideoData size:23128 dts:578.995 pts:579.204 dur:41.000ms, clock:570.671 level:89
2019-12-02 09:29:20.408 T:3901322112 DEBUG: CVideoPlayer::ProcessVideoData size:15985 dts:579.037 pts:579.120 dur:41.000ms, clock:570.671 level:90
2019-12-02 09:29:20.408 T:3901322112 DEBUG: CVideoPlayer::ProcessVideoData size:9571 dts:579.078 pts:579.078 dur:41.000ms, clock:570.672 level:90
2019-12-02 09:29:20.408 T:3901322112 DEBUG: CVideoPlayer::ProcessVideoData size:10299 dts:579.120 pts:579.162 dur:41.000ms, clock:570.672 level:91
2019-12-02 09:29:20.409 T:3901322112 DEBUG: CVideoPlayer::ProcessVideoData size:18532 dts:579.162 pts:579.245 dur:41.000ms, clock:570.673 level:91
2019-12-02 09:29:20.447 T:3772773248 DEBUG: CVideoPlayerVideo::OutputPicture - ttd:109ms pts:570.820 Clock:570.711 Level:4
2019-12-02 09:29:20.491 T:3772773248 DEBUG: CVideoPlayerVideo::OutputPicture - ttd:106ms pts:570.862 Clock:570.755 Level:3
2019-12-02 09:29:20.529 T:3772773248 DEBUG: CVideoPlayerVideo::OutputPicture - ttd:111ms pts:570.904 Clock:570.793 Level:4
2019-12-02 09:29:20.573 T:3772773248 DEBUG: CVideoPlayerVideo::OutputPicture - ttd:108ms pts:570.945 Clock:570.836 Level:4
2019-12-02 09:29:20.618 T:3772773248 DEBUG: CVideoPlayerVideo::OutputPicture - ttd:105ms pts:570.987 Clock:570.882 Level:3
2019-12-02 09:29:20.653 T:3901322112 DEBUG: CVideoPlayer::ProcessVideoData size:16442 dts:579.204 pts:579.287 dur:41.000ms, clock:570.917 level:89
2019-12-02 09:29:20.653 T:3901322112 DEBUG: CVideoPlayer::ProcessVideoData size:15086 dts:579.245 pts:579.454 dur:41.000ms, clock:570.917 level:89
2019-12-02 09:29:20.654 T:3901322112 DEBUG: CVideoPlayer::ProcessVideoData size:9852 dts:579.287 pts:579.370 dur:41.000ms, clock:570.917 level:90
2019-12-02 09:29:20.654 T:3901322112 DEBUG: CVideoPlayer::ProcessVideoData size:8334 dts:579.329 pts:579.329 dur:41.000ms, clock:570.918 level:90
2019-12-02 09:29:20.654 T:3901322112 DEBUG: CVideoPlayer::ProcessVideoData size:9125 dts:579.370 pts:579.412 dur:41.000ms, clock:570.918 level:91
2019-12-02 09:29:20.655 T:3901322112 DEBUG: CVideoPlayer::ProcessVideoData size:77609 dts:579.412 pts:579.496 dur:41.000ms, clock:570.919 level:91
2019-12-02 09:29:20.656 T:3772773248 DEBUG: CVideoPlayerVideo::OutputPicture - ttd:108ms pts:571.029 Clock:570.920 Level:3
2019-12-02 09:29:20.701 T:3772773248 DEBUG: CVideoPlayerVideo::OutputPicture - ttd:105ms pts:571.070 Clock:570.964 Level:3
2019-12-02 09:29:20.739 T:3772773248 DEBUG: CVideoPlayerVideo::OutputPicture - ttd:109ms pts:571.112 Clock:571.002 Level:4
2019-12-02 09:29:20.783 T:3772773248 DEBUG: CVideoPlayerVideo::OutputPicture - ttd:107ms pts:571.154 Clock:571.047 Level:3
2019-12-02 09:29:20.821 T:3772773248 DEBUG: CVideoPlayerVideo::OutputPicture - ttd:111ms pts:571.196 Clock:571.085 Level:4
2019-12-02 09:29:20.866 T:3772773248 DEBUG: CVideoPlayerVideo::OutputPicture - ttd:107ms pts:571.237 Clock:571.129 Level:3
2019-12-02 09:29:20.909 T:3901322112 DEBUG: CVideoPlayer::ProcessVideoData size:45272 dts:579.454 pts:579.704 dur:41.000ms, clock:571.173 level:89
2019-12-02 09:29:20.910 T:3901322112 DEBUG: CVideoPlayer::ProcessVideoData size:20556 dts:579.496 pts:579.621 dur:41.000ms, clock:571.173 level:89
2019-12-02 09:29:20.910 T:3901322112 DEBUG: CVideoPlayer::ProcessVideoData size:10555 dts:579.537 pts:579.537 dur:41.000ms, clock:571.174 level:90
2019-12-02 09:29:20.910 T:3901322112 DEBUG: CVideoPlayer::ProcessVideoData size:12103 dts:579.579 pts:579.579 dur:41.000ms, clock:571.174 level:90
2019-12-02 09:29:20.911 T:3901322112 DEBUG: CVideoPlayer::ProcessVideoData size:11771 dts:579.621 pts:579.662 dur:41.000ms, clock:571.174 level:91
2019-12-02 09:29:20.912 T:3772773248 DEBUG: CVideoPlayerVideo::OutputPicture - ttd:103ms pts:571.279 Clock:571.176 Level:3
2019-12-02 09:29:20.950 T:3772773248 DEBUG: CVideoPlayerVideo::OutputPicture - ttd:107ms pts:571.321 Clock:571.214 Level:3
2019-12-02 09:29:20.988 T:3772773248 DEBUG: CVideoPlayerVideo::OutputPicture - ttd:110ms pts:571.362 Clock:571.252 Level:4
2019-12-02 09:29:21.031 T:3772773248 DEBUG: CVideoPlayerVideo::OutputPicture - ttd:109ms pts:571.404 Clock:571.295 Level:4
2019-12-02 09:29:21.077 T:3772773248 DEBUG: CVideoPlayerVideo::OutputPicture - ttd:105ms pts:571.446 Clock:571.340 Level:3
2019-12-02 09:29:21.115 T:3772773248 DEBUG: CVideoPlayerVideo::OutputPicture - ttd:109ms pts:571.488 Clock:571.378 Level:4
2019-12-02 09:29:21.155 T:3901322112 DEBUG: CVideoPlayer::ProcessVideoData size:45222 dts:579.662 pts:579.913 dur:41.000ms, clock:571.419 level:88
2019-12-02 09:29:21.155 T:3901322112 DEBUG: CVideoPlayer::ProcessVideoData size:14586 dts:579.704 pts:579.829 dur:41.000ms, clock:571.419 level:89
2019-12-02 09:29:21.156 T:3901322112 DEBUG: CVideoPlayer::ProcessVideoData size:8349 dts:579.746 pts:579.746 dur:41.000ms, clock:571.419 level:89
2019-12-02 09:29:21.156 T:3901322112 DEBUG: CVideoPlayer::ProcessVideoData size:7782 dts:579.788 pts:579.788 dur:41.000ms, clock:571.420 level:90
2019-12-02 09:29:21.156 T:3901322112 DEBUG: CVideoPlayer::ProcessVideoData size:13362 dts:579.829 pts:579.871 dur:41.000ms, clock:571.420 level:90
2019-12-02 09:29:21.159 T:3772773248 DEBUG: CVideoPlayerVideo::OutputPicture - ttd:106ms pts:571.529 Clock:571.422 Level:4
2019-12-02 09:29:21.197 T:3772773248 DEBUG: CVideoPlayerVideo::OutputPicture - ttd:110ms pts:571.571 Clock:571.460 Level:4
2019-12-02 09:29:21.243 T:3772773248 DEBUG: CVideoPlayerVideo::OutputPicture - ttd:106ms pts:571.613 Clock:571.507 Level:3
2019-12-02 09:29:21.282 T:3772773248 DEBUG: CVideoPlayerVideo::OutputPicture - ttd:108ms pts:571.654 Clock:571.546 Level:3
2019-12-02 09:29:21.322 T:3772773248 DEBUG: CVideoPlayerVideo::OutputPicture - ttd:110ms pts:571.696 Clock:571.585 Level:4
2019-12-02 09:29:21.367 T:3772773248 DEBUG: CVideoPlayerVideo::OutputPicture - ttd:107ms pts:571.738 Clock:571.631 Level:3
2019-12-02 09:29:21.406 T:3772773248 DEBUG: CVideoPlayerVideo::OutputPicture - ttd:110ms pts:571.780 Clock:571.670 Level:4
2019-12-02 09:29:21.411 T:3901322112 DEBUG: CVideoPlayer::ProcessVideoData size:51137 dts:579.871 pts:580.121 dur:41.000ms, clock:571.674 level:88
2019-12-02 09:29:21.411 T:3901322112 DEBUG: CVideoPlayer::ProcessVideoData size:17289 dts:579.913 pts:580.038 dur:41.000ms, clock:571.675 level:88
2019-12-02 09:29:21.412 T:3901322112 DEBUG: CVideoPlayer::ProcessVideoData size:6574 dts:579.954 pts:579.954 dur:41.000ms, clock:571.675 level:89
2019-12-02 09:29:21.412 T:3901322112 DEBUG: CVideoPlayer::ProcessVideoData size:4763 dts:579.996 pts:579.996 dur:41.000ms, clock:571.675 level:89
2019-12-02 09:29:21.412 T:3901322112 DEBUG: CVideoPlayer::ProcessVideoData size:3646 dts:580.038 pts:580.079 dur:41.000ms, clock:571.676 level:90
2019-12-02 09:29:21.447 T:3772773248 DEBUG: CVideoPlayerVideo::OutputPicture - ttd:110ms pts:571.821 Clock:571.710 Level:4
2019-12-02 09:29:21.492 T:3772773248 DEBUG: CVideoPlayerVideo::OutputPicture - ttd:107ms pts:571.863 Clock:571.756 Level:3
2019-12-02 09:29:21.531 T:3772773248 DEBUG: CVideoPlayerVideo::OutputPicture - ttd:110ms pts:571.905 Clock:571.795 Level:4
2019-12-02 09:29:21.576 T:3772773248 DEBUG: CVideoPlayerVideo::OutputPicture - ttd:106ms pts:571.946 Clock:571.840 Level:3
2019-12-02 09:29:21.615 T:3772773248 DEBUG: CVideoPlayerVideo::OutputPicture - ttd:109ms pts:571.988 Clock:571.879 Level:4
2019-12-02 09:29:21.656 T:3772773248 DEBUG: CVideoPlayerVideo::OutputPicture - ttd:110ms pts:572.030 Clock:571.919 Level:3
2019-12-02 09:29:21.656 T:3901322112 DEBUG: CVideoPlayer::ProcessVideoData size:40390 dts:580.079 pts:580.288 dur:41.000ms, clock:571.920 level:85
2019-12-02 09:29:21.657 T:3901322112 DEBUG: CVideoPlayer::ProcessVideoData size:8751 dts:580.121 pts:580.205 dur:41.000ms, clock:571.920 level:85
2019-12-02 09:29:21.657 T:3901322112 DEBUG: CVideoPlayer::ProcessVideoData size:1779 dts:580.163 pts:580.163 dur:41.000ms, clock:571.921 level:86
2019-12-02 09:29:21.657 T:3901322112 DEBUG: CVideoPlayer::ProcessVideoData size:1893 dts:580.205 pts:580.246 dur:41.000ms, clock:571.921 level:87
2019-12-02 09:29:21.658 T:3901322112 DEBUG: CVideoPlayer::ProcessVideoData size:47882 dts:580.246 pts:580.497 dur:41.000ms, clock:571.921 level:87
2019-12-02 09:29:21.658 T:3901322112 DEBUG: CVideoPlayer::ProcessVideoData size:5429 dts:580.288 pts:580.413 dur:41.000ms, clock:571.922 level:88
2019-12-02 09:29:21.659 T:3901322112 DEBUG: CVideoPlayer::ProcessVideoData size:3146 dts:580.330 pts:580.330 dur:41.000ms, clock:571.922 level:88
2019-12-02 09:29:21.659 T:3901322112 DEBUG: CVideoPlayer::ProcessVideoData size:2995 dts:580.371 pts:580.371 dur:41.000ms, clock:571.923 level:89
2019-12-02 09:29:21.659 T:3901322112 DEBUG: CVideoPlayer::ProcessVideoData size:1664 dts:580.413 pts:580.455 dur:41.000ms, clock:571.923 level:89
2019-12-02 09:29:21.699 T:3772773248 DEBUG: CVideoPlayerVideo::OutputPicture - ttd:108ms pts:572.071 Clock:571.962 Level:3
2019-12-02 09:29:21.744 T:3772773248 DEBUG: CVideoPlayerVideo::OutputPicture - ttd:105ms pts:572.113 Clock:572.008 Level:3
2019-12-02 09:29:21.783 T:3772773248 DEBUG: CVideoPlayerVideo::OutputPicture - ttd:108ms pts:572.155 Clock:572.047 Level:4
2019-12-02 09:29:21.823 T:3772773248 DEBUG: CVideoPlayerVideo::OutputPicture - ttd:111ms pts:572.197 Clock:572.086 Level:4
2019-12-02 09:29:21.867 T:3772773248 DEBUG: CVideoPlayerVideo::OutputPicture - ttd:107ms pts:572.238 Clock:572.130 Level:3
2019-12-02 09:29:21.904 T:3901322112 DEBUG: CVideoPlayer::ProcessVideoData size:47849 dts:580.455 pts:580.705 dur:41.000ms, clock:572.167 level:89
2019-12-02 09:29:21.904 T:3901322112 DEBUG: CVideoPlayer::ProcessVideoData size:5023 dts:580.497 pts:580.622 dur:41.000ms, clock:572.168 level:89
2019-12-02 09:29:21.904 T:3901322112 DEBUG: CVideoPlayer::ProcessVideoData size:2443 dts:580.538 pts:580.538 dur:41.000ms, clock:572.168 level:90
2019-12-02 09:29:21.905 T:3901322112 DEBUG: CVideoPlayer::ProcessVideoData size:2538 dts:580.580 pts:580.580 dur:41.000ms, clock:572.168 level:90
2019-12-02 09:29:21.905 T:3901322112 DEBUG: CVideoPlayer::ProcessVideoData size:6615 dts:580.622 pts:580.663 dur:41.000ms, clock:572.168 level:91
2019-12-02 09:29:21.906 T:3772773248 DEBUG: CVideoPlayerVideo::OutputPicture - ttd:110ms pts:572.280 Clock:572.170 Level:4
2019-12-02 09:29:21.950 T:3772773248 DEBUG: CVideoPlayerVideo::OutputPicture - ttd:109ms pts:572.322 Clock:572.213 Level:4
2019-12-02 09:29:21.995 T:3772773248 DEBUG: CVideoPlayerVideo::OutputPicture - ttd:104ms pts:572.363 Clock:572.258 Level:3
2019-12-02 09:29:22.033 T:3772773248 DEBUG: CVideoPlayerVideo::OutputPicture - ttd:108ms pts:572.405 Clock:572.296 Level:3
2019-12-02 09:29:22.073 T:3772773248 DEBUG: CVideoPlayerVideo::OutputPicture - ttd:110ms pts:572.447 Clock:572.337 Level:4
2019-12-02 09:29:22.119 T:3772773248 DEBUG: CVideoPlayerVideo::OutputPicture - ttd:106ms pts:572.489 Clock:572.382 Level:3
2019-12-02 09:29:22.158 T:3772773248 DEBUG: CVideoPlayerVideo::OutputPicture - ttd:108ms pts:572.530 Clock:572.421 Level:4
2019-12-02 09:29:22.160 T:3901322112 DEBUG: CVideoPlayer::ProcessVideoData size:53380 dts:580.663 pts:580.914 dur:41.000ms, clock:572.423 level:87
2019-12-02 09:29:22.160 T:3901322112 DEBUG: CVideoPlayer::ProcessVideoData size:5243 dts:580.705 pts:580.830 dur:41.000ms, clock:572.423 level:88
2019-12-02 09:29:22.160 T:3901322112 DEBUG: CVideoPlayer::ProcessVideoData size:2517 dts:580.747 pts:580.747 dur:41.000ms, clock:572.424 level:88
2019-12-02 09:29:22.161 T:3901322112 DEBUG: CVideoPlayer::ProcessVideoData size:2795 dts:580.789 pts:580.789 dur:41.000ms, clock:572.424 level:89
2019-12-02 09:29:22.161 T:3901322112 DEBUG: CVideoPlayer::ProcessVideoData size:2422 dts:580.830 pts:580.872 dur:41.000ms, clock:572.424 level:89
2019-12-02 09:29:22.203 T:3772773248 DEBUG: CVideoPlayerVideo::OutputPicture - ttd:105ms pts:572.572 Clock:572.467 Level:3
2019-12-02 09:29:22.242 T:3772773248 DEBUG: CVideoPlayerVideo::OutputPicture - ttd:108ms pts:572.614 Clock:572.506 Level:3
2019-12-02 09:29:22.287 T:3772773248 DEBUG: CVideoPlayerVideo::OutputPicture - ttd:104ms pts:572.655 Clock:572.550 Level:3
2019-12-02 09:29:22.324 T:3772773248 DEBUG: CVideoPlayerVideo::OutputPicture - ttd:110ms pts:572.697 Clock:572.587 Level:3
2019-12-02 09:29:22.369 T:3772773248 DEBUG: CVideoPlayerVideo::OutputPicture - ttd:106ms pts:572.739 Clock:572.632 Level:3
2019-12-02 09:29:22.405 T:3901322112 DEBUG: CVideoPlayer::ProcessVideoData size:51057 dts:580.872 pts:581.080 dur:41.000ms, clock:572.669 level:88
2019-12-02 09:29:22.406 T:3901322112 DEBUG: CVideoPlayer::ProcessVideoData size:8826 dts:580.914 pts:580.997 dur:41.000ms, clock:572.669 level:88
2019-12-02 09:29:22.406 T:3901322112 DEBUG: CVideoPlayer::ProcessVideoData size:2005 dts:580.955 pts:580.955 dur:41.000ms, clock:572.669 level:89
2019-12-02 09:29:22.406 T:3901322112 DEBUG: CVideoPlayer::ProcessVideoData size:1988 dts:580.997 pts:581.039 dur:41.000ms, clock:572.670 level:89
2019-12-02 09:29:22.407 T:3901322112 DEBUG: CVideoPlayer::ProcessVideoData size:51659 dts:581.039 pts:581.289 dur:41.000ms, clock:572.670 level:90
2019-12-02 09:29:22.407 T:3901322112 DEBUG: CVideoPlayer::ProcessVideoData size:5503 dts:581.080 pts:581.206 dur:41.000ms, clock:572.670 level:90
2019-12-02 09:29:22.408 T:3901322112 DEBUG: CVideoPlayer::ProcessVideoData size:2878 dts:581.122 pts:581.122 dur:41.000ms, clock:572.671 level:91
2019-12-02 09:29:22.408 T:3901322112 DEBUG: CVideoPlayer::ProcessVideoData size:3277 dts:581.164 pts:581.164 dur:41.000ms, clock:572.671 level:91
2019-12-02 09:29:22.408 T:3901322112 DEBUG: CVideoPlayer::ProcessVideoData size:2872 dts:581.206 pts:581.247 dur:41.000ms, clock:572.671 level:92
2019-12-02 09:29:22.410 T:3772773248 DEBUG: CVideoPlayerVideo::OutputPicture - ttd:108ms pts:572.781 Clock:572.673 Level:4
2019-12-02 09:29:22.450 T:3772773248 DEBUG: CVideoPlayerVideo::OutputPicture - ttd:108ms pts:572.822 Clock:572.713 Level:4
2019-12-02 09:29:22.495 T:3772773248 DEBUG: CVideoPlayerVideo::OutputPicture - ttd:106ms pts:572.864 Clock:572.758 Level:3
2019-12-02 09:29:22.533 T:3772773248 DEBUG: CVideoPlayerVideo::OutputPicture - ttd:110ms pts:572.906 Clock:572.796 Level:3
2019-12-02 09:29:22.577 T:3772773248 DEBUG: CVideoPlayerVideo::OutputPicture - ttd:107ms pts:572.947 Clock:572.840 Level:3
2019-12-02 09:29:22.620 T:3772773248 DEBUG: CVideoPlayerVideo::OutputPicture - ttd:105ms pts:572.989 Clock:572.883 Level:3
2019-12-02 09:29:22.659 T:3772773248 DEBUG: CVideoPlayerVideo::OutputPicture - ttd:108ms pts:573.031 Clock:572.922 Level:3
2019-12-02 09:29:22.703 T:3901322112 DEBUG: CVideoPlayer::ProcessVideoData size:50531 dts:581.247 pts:581.498 dur:41.000ms, clock:572.966 level:89
2019-12-02 09:29:22.703 T:3901322112 DEBUG: CVideoPlayer::ProcessVideoData size:16943 dts:581.289 pts:581.414 dur:41.000ms, clock:572.967 level:89
2019-12-02 09:29:22.704 T:3901322112 DEBUG: CVideoPlayer::ProcessVideoData size:3355 dts:581.331 pts:581.331 dur:41.000ms, clock:572.967 level:90
2019-12-02 09:29:22.704 T:3901322112 DEBUG: CVideoPlayer::ProcessVideoData size:4477 dts:581.372 pts:581.372 dur:41.000ms, clock:572.967 level:90
2019-12-02 09:29:22.704 T:3901322112 DEBUG: CVideoPlayer::ProcessVideoData size:9783 dts:581.414 pts:581.456 dur:41.000ms, clock:572.967 level:91
2019-12-02 09:29:22.706 T:3772773248 DEBUG: CVideoPlayerVideo::OutputPicture - ttd:103ms pts:573.072 Clock:572.969 Level:3
2019-12-02 09:29:22.744 T:3772773248 DEBUG: CVideoPlayerVideo::OutputPicture - ttd:107ms pts:573.114 Clock:573.007 Level:3
2019-12-02 09:29:22.788 T:3772773248 DEBUG: CVideoPlayerVideo::OutputPicture - ttd:105ms pts:573.156 Clock:573.051 Level:3
2019-12-02 09:29:22.826 T:3772773248 DEBUG: CVideoPlayerVideo::OutputPicture - ttd:108ms pts:573.198 Clock:573.089 Level:4
2019-12-02 09:29:22.869 T:3772773248 DEBUG: CVideoPlayerVideo::OutputPicture - ttd:106ms pts:573.239 Clock:573.132 Level:3
2019-12-02 09:29:22.908 T:3772773248 DEBUG: CVideoPlayerVideo::OutputPicture - ttd:109ms pts:573.281 Clock:573.171 Level:4
2019-12-02 09:29:22.952 T:3772773248 DEBUG: CVideoPlayerVideo::OutputPicture - ttd:108ms pts:573.323 Clock:573.215 Level:3
2019-12-02 09:29:22.959 T:3901322112 DEBUG: CVideoPlayer::ProcessVideoData size:46987 dts:581.456 pts:581.664 dur:41.000ms, clock:573.222 level:88
2019-12-02 09:29:22.959 T:3901322112 DEBUG: CVideoPlayer::ProcessVideoData size:8238 dts:581.498 pts:581.581 dur:41.000ms, clock:573.222 level:88
2019-12-02 09:29:22.959 T:3901322112 DEBUG: CVideoPlayer::ProcessVideoData size:2987 dts:581.539 pts:581.539 dur:41.000ms, clock:573.222 level:89
2019-12-02 09:29:22.960 T:3901322112 DEBUG: CVideoPlayer::ProcessVideoData size:2930 dts:581.581 pts:581.623 dur:41.000ms, clock:573.223 level:89
2019-12-02 09:29:22.992 T:3772773248 DEBUG: CVideoPlayerVideo::OutputPicture - ttd:108ms pts:573.364 Clock:573.255 Level:4
2019-12-02 09:29:23.035 T:3772773248 DEBUG: CVideoPlayerVideo::OutputPicture - ttd:108ms pts:573.406 Clock:573.298 Level:3
2019-12-02 09:29:23.074 T:3772773248 DEBUG: CVideoPlayerVideo::OutputPicture - ttd:111ms pts:573.448 Clock:573.337 Level:4
2019-12-02 09:29:23.119 T:3772773248 DEBUG: CVideoPlayerVideo::OutputPicture - ttd:107ms pts:573.490 Clock:573.382 Level:3
2019-12-02 09:29:23.163 T:3772773248 DEBUG: CVideoPlayerVideo::OutputPicture - ttd:104ms pts:573.531 Clock:573.426 Level:3
2019-12-02 09:29:23.202 T:3772773248 DEBUG: CVideoPlayerVideo::OutputPicture - ttd:107ms pts:573.573 Clock:573.465 Level:3
2019-12-02 09:29:23.204 T:3901322112 DEBUG: CVideoPlayer::ProcessVideoData size:45819 dts:581.623 pts:581.873 dur:41.000ms, clock:573.467 level:84
2019-12-02 09:29:23.204 T:3901322112 DEBUG: CVideoPlayer::ProcessVideoData size:7160 dts:581.664 pts:581.790 dur:41.000ms, clock:573.467 level:85
2019-12-02 09:29:23.205 T:3901322112 DEBUG: CVideoPlayer::ProcessVideoData size:3875 dts:581.706 pts:581.706 dur:41.000ms, clock:573.468 level:85
2019-12-02 09:29:23.205 T:3901322112 DEBUG: CVideoPlayer::ProcessVideoData size:3906 dts:581.748 pts:581.748 dur:41.000ms, clock:573.468 level:86
2019-12-02 09:29:23.205 T:3901322112 DEBUG: CVideoPlayer::ProcessVideoData size:2966 dts:581.790 pts:581.831 dur:41.000ms, clock:573.468 level:87
2019-12-02 09:29:23.206 T:3901322112 DEBUG: CVideoPlayer::ProcessVideoData size:41111 dts:581.831 pts:581.998 dur:41.000ms, clock:573.468 level:87
2019-12-02 09:29:23.206 T:3901322112 DEBUG: CVideoPlayer::ProcessVideoData size:14432 dts:581.873 pts:581.956 dur:41.000ms, clock:573.469 level:88
2019-12-02 09:29:23.206 T:3901322112 DEBUG: CVideoPlayer::ProcessVideoData size:3233 dts:581.915 pts:581.915 dur:41.000ms, clock:573.469 level:88
2019-12-02 09:29:23.241 T:3772773248 DEBUG: CVideoPlayerVideo::OutputPicture - ttd:111ms pts:573.615 Clock:573.504 Level:4
2019-12-02 09:29:23.286 T:3772773248 DEBUG: CVideoPlayerVideo::OutputPicture - ttd:106ms pts:573.656 Clock:573.549 Level:3
2019-12-02 09:29:23.325 T:3772773248 DEBUG: CVideoPlayerVideo::OutputPicture - ttd:109ms pts:573.698 Clock:573.588 Level:4
2019-12-02 09:29:23.371 T:3772773248 DEBUG: CVideoPlayerVideo::OutputPicture - ttd:106ms pts:573.740 Clock:573.633 Level:3
2019-12-02 09:29:23.410 T:3772773248 DEBUG: CVideoPlayerVideo::OutputPicture - ttd:109ms pts:573.782 Clock:573.672 Level:4
2019-12-02 09:29:23.454 T:3772773248 DEBUG: CVideoPlayerVideo::OutputPicture - ttd:106ms pts:573.823 Clock:573.716 Level:3
2019-12-02 09:29:23.461 T:3901322112 DEBUG: CVideoPlayer::ProcessVideoData size:48274 dts:581.956 pts:582.165 dur:41.000ms, clock:573.723 level:88
2019-12-02 09:29:23.461 T:3901322112 DEBUG: CVideoPlayer::ProcessVideoData size:11261 dts:581.998 pts:582.081 dur:41.000ms, clock:573.724 level:88
2019-12-02 09:29:23.461 T:3901322112 DEBUG: CVideoPlayer::ProcessVideoData size:3878 dts:582.040 pts:582.040 dur:41.000ms, clock:573.724 level:89
2019-12-02 09:29:23.462 T:3901322112 DEBUG: CVideoPlayer::ProcessVideoData size:6759 dts:582.081 pts:582.123 dur:41.000ms, clock:573.724 level:89
2019-12-02 09:29:23.462 T:3901322112 DEBUG: CVideoPlayer::ProcessVideoData size:46363 dts:582.123 pts:582.290 dur:41.000ms, clock:573.725 level:90
2019-12-02 09:29:23.462 T:3901322112 DEBUG: CVideoPlayer::ProcessVideoData size:5409 dts:582.165 pts:582.248 dur:41.000ms, clock:573.725 level:90
2019-12-02 09:29:23.462 T:3901322112 DEBUG: CVideoPlayer::ProcessVideoData size:2945 dts:582.207 pts:582.207 dur:41.000ms, clock:573.725 level:91
2019-12-02 09:29:23.491 T:3772773248 DEBUG: CVideoPlayerVideo::OutputPicture - ttd:110ms pts:573.865 Clock:573.754 Level:4
2019-12-02 09:29:23.536 T:3772773248 DEBUG: CVideoPlayerVideo::OutputPicture - ttd:108ms pts:573.907 Clock:573.799 Level:3
2019-12-02 09:29:23.576 T:3772773248 DEBUG: CVideoPlayerVideo::OutputPicture - ttd:109ms pts:573.948 Clock:573.839 Level:4
2019-12-02 09:29:23.621 T:3772773248 DEBUG: CVideoPlayerVideo::OutputPicture - ttd:105ms pts:573.990 Clock:573.884 Level:3
2019-12-02 09:29:23.656 T:3901322112 DEBUG: CVideoPlayer::ProcessVideoData size:58992 dts:582.248 pts:582.499 dur:41.000ms, clock:573.918 level:88
2019-12-02 09:29:23.656 T:3901322112 DEBUG: CVideoPlayer::ProcessVideoData size:19415 dts:582.290 pts:582.415 dur:41.000ms, clock:573.919 level:89
2019-12-02 09:29:23.656 T:3901322112 DEBUG: CVideoPlayer::ProcessVideoData size:5426 dts:582.332 pts:582.332 dur:41.000ms, clock:573.919 level:89
2019-12-02 09:29:23.657 T:3901322112 DEBUG: CVideoPlayer::ProcessVideoData size:7181 dts:582.373 pts:582.373 dur:41.000ms, clock:573.919 level:90
2019-12-02 09:29:23.657 T:3901322112 DEBUG: CVideoPlayer::ProcessVideoData size:3843 dts:582.415 pts:582.457 dur:41.000ms, clock:573.920 level:90
2019-12-02 09:29:23.660 T:3772773248 DEBUG: CVideoPlayerVideo::OutputPicture - ttd:108ms pts:574.032 Clock:573.923 Level:4
2019-12-02 09:29:23.700 T:3772773248 DEBUG: CVideoPlayerVideo::OutputPicture - ttd:110ms pts:574.073 Clock:573.962 Level:4
2019-12-02 09:29:23.745 T:3772773248 DEBUG: CVideoPlayerVideo::OutputPicture - ttd:107ms pts:574.115 Clock:574.008 Level:3
2019-12-02 09:29:23.787 T:3772773248 DEBUG: CVideoPlayerVideo::OutputPicture - ttd:107ms pts:574.157 Clock:574.050 Level:3
2019-12-02 09:29:23.826 T:3772773248 DEBUG: CVideoPlayerVideo::OutputPicture - ttd:110ms pts:574.199 Clock:574.089 Level:4
2019-12-02 09:29:23.871 T:3772773248 DEBUG: CVideoPlayerVideo::OutputPicture - ttd:105ms pts:574.240 Clock:574.134 Level:3
2019-12-02 09:29:23.909 T:3772773248 DEBUG: CVideoPlayerVideo::OutputPicture - ttd:110ms pts:574.282 Clock:574.172 Level:4
2019-12-02 09:29:23.912 T:3901322112 DEBUG: CVideoPlayer::ProcessVideoData size:53318 dts:582.457 pts:582.665 dur:41.000ms, clock:574.175 level:85
2019-12-02 09:29:23.912 T:3901322112 DEBUG: CVideoPlayer::ProcessVideoData size:12892 dts:582.499 pts:582.582 dur:41.000ms, clock:574.175 level:86
2019-12-02 09:29:23.913 T:3901322112 DEBUG: CVideoPlayer::ProcessVideoData size:3151 dts:582.540 pts:582.540 dur:41.000ms, clock:574.175 level:87
2019-12-02 09:29:23.913 T:3901322112 DEBUG: CVideoPlayer::ProcessVideoData size:3287 dts:582.582 pts:582.624 dur:41.000ms, clock:574.176 level:87
2019-12-02 09:29:23.953 T:3772773248 DEBUG: CVideoPlayerVideo::OutputPicture - ttd:108ms pts:574.324 Clock:574.216 Level:3
2019-12-02 09:29:23.992 T:3772773248 DEBUG: CVideoPlayerVideo::OutputPicture - ttd:110ms pts:574.365 Clock:574.255 Level:4
2019-12-02 09:29:24.037 T:3772773248 DEBUG: CVideoPlayerVideo::OutputPicture - ttd:106ms pts:574.407 Clock:574.300 Level:3
2019-12-02 09:29:24.076 T:3772773248 DEBUG: CVideoPlayerVideo::OutputPicture - ttd:109ms pts:574.449 Clock:574.339 Level:3
2019-12-02 09:29:24.122 T:3772773248 DEBUG: CVideoPlayerVideo::OutputPicture - ttd:106ms pts:574.491 Clock:574.384 Level:3
2019-12-02 09:29:24.158 T:3901322112 DEBUG: CVideoPlayer::ProcessVideoData size:57909 dts:582.624 pts:582.874 dur:41.000ms, clock:574.420 level:87
2019-12-02 09:29:24.158 T:3901322112 DEBUG: CVideoPlayer::ProcessVideoData size:15471 dts:582.665 pts:582.791 dur:41.000ms, clock:574.421 level:88
2019-12-02 09:29:24.158 T:3901322112 DEBUG: CVideoPlayer::ProcessVideoData size:5545 dts:582.707 pts:582.707 dur:41.000ms, clock:574.421 level:88
2019-12-02 09:29:24.160 T:3901322112 DEBUG: CVideoPlayer::ProcessVideoData size:13316 dts:582.749 pts:582.749 dur:41.000ms, clock:574.422 level:89
2019-12-02 09:29:24.160 T:3901322112 DEBUG: CVideoPlayer::ProcessVideoData size:4841 dts:582.791 pts:582.832 dur:41.000ms, clock:574.423 level:89
2019-12-02 09:29:24.162 T:3772773248 DEBUG: CVideoPlayerVideo::OutputPicture - ttd:107ms pts:574.532 Clock:574.424 Level:3
2019-12-02 09:29:24.192 T:3658863488 DEBUG: CecLogMessage - >> 01:44:35
2019-12-02 09:29:24.192 T:3658863488 DEBUG: CecLogMessage - SetCurrentButton display information (35) D:0ms cur:35
2019-12-02 09:29:24.192 T:3658863488 DEBUG: CecLogMessage - key pressed: display information (35) current(ff) duration(0)
2019-12-02 09:29:24.192 T:3658863488 DEBUG: CecLogMessage - Changed key display information (35) D:0ms cur:ff
2019-12-02 09:29:24.192 T:3658863488 DEBUG: CecLogMessage - key pressed: display information (35, 0)
2019-12-02 09:29:24.192 T:3658863488 DEBUG: PushCecKeypress - received key c3 duration 0
2019-12-02 09:29:24.193 T:3658863488 DEBUG: CecLogMessage - CheckKeypressTimeout T:273.433
2019-12-02 09:29:24.193 T:3658863488 DEBUG: CecLogMessage - Key display information: idle (duration:0) (35) timeout:-621114232ms (rel:500,rep:0,prs:500,rel:0)
2019-12-02 09:29:24.193 T:3658863488 DEBUG: CecLogMessage - >> TV (0) -> Recorder 1 (1): user control pressed (44)
2019-12-02 09:29:24.201 T:3772773248 DEBUG: CVideoPlayerVideo::OutputPicture - ttd:110ms pts:574.574 Clock:574.463 Level:4
2019-12-02 09:29:24.203 T:4065601376 DEBUG: HandleKey: launch_media_center (0xc3) pressed, action is codecinfo
2019-12-02 09:29:24.203 T:4065601376 DEBUG: Activating window ID: 10116
2019-12-02 09:29:24.203 T:4065601376 DEBUG: ------ Window Init (DialogPlayerProcessInfo.xml) ------
2019-12-02 09:29:24.204 T:3415044992 DEBUG: Thread LanguageInvoker start, auto delete: false
2019-12-02 09:29:24.205 T:4065601376 DEBUG: ------ Window Init (DialogSeekBar.xml) ------
2019-12-02 09:29:24.208 T:3415044992 INFO: initializing python engine.
2019-12-02 09:29:24.208 T:3415044992 DEBUG: CPythonInvoker(8, /usr/share/kodi/addons/script.amlogic.displayinfo/default.py): start processing
2019-12-02 09:29:24.240 T:3415044992 DEBUG: -->Python Interpreter Initialized<--
2019-12-02 09:29:24.240 T:3415044992 DEBUG: CPythonInvoker(8, /usr/share/kodi/addons/script.amlogic.displayinfo/default.py): the source file to load is "/usr/share/kodi/addons/script.amlogic.displayinfo/default.py"
2019-12-02 09:29:24.240 T:3415044992 DEBUG: CPythonInvoker(8, /usr/share/kodi/addons/script.amlogic.displayinfo/default.py): setting the Python path to /usr/share/kodi/addons/script.amlogic.displayinfo:/usr/lib/python27.zip:/usr/lib/python2.7:/usr/lib/python2.7/plat-linux2:/usr/lib/python2.7/lib-tk:/usr/lib/python2.7/lib-old:/usr/lib/python2.7/lib-dynload:/usr/lib/python2.7/site-packages:/usr/lib/python2.7/site-packages/gtk-2.0
2019-12-02 09:29:24.240 T:3415044992 DEBUG: CPythonInvoker(8, /usr/share/kodi/addons/script.amlogic.displayinfo/default.py): entering source directory /usr/share/kodi/addons/script.amlogic.displayinfo
2019-12-02 09:29:24.240 T:3415044992 DEBUG: CPythonInvoker(8, /usr/share/kodi/addons/script.amlogic.displayinfo/default.py): instantiating addon using automatically obtained id of "script.amlogic.displayinfo" dependent on version 2.1.0 of the xbmc.python api
2019-12-02 09:29:24.243 T:3772773248 DEBUG: CVideoPlayerVideo::OutputPicture - ttd:110ms pts:574.616 Clock:574.506 Level:4
2019-12-02 09:29:24.244 T:3415044992 DEBUG: script.amlogic.displayinfo: script version 9.2.100 started
2019-12-02 09:29:24.244 T:3415044992 DEBUG: script.amlogic.displayinfo: Parsing cur_VIC as 32
2019-12-02 09:29:24.244 T:3415044992 DEBUG: script.amlogic.displayinfo: Parsing VIC as 32 1920x1080p24hz
2019-12-02 09:29:24.244 T:3415044992 DEBUG: script.amlogic.displayinfo: Parsing Colour depth as 10-bit
2019-12-02 09:29:24.244 T:3415044992 DEBUG: script.amlogic.displayinfo: Parsing Colourspace as YUV444
2019-12-02 09:29:24.244 T:3415044992 DEBUG: script.amlogic.displayinfo: Parsing Colour range as default
2019-12-02 09:29:24.244 T:4065601376 DEBUG: ------ Window Init (Custom_1109_TopBarOverlay.xml) ------
