2019-12-02 09:25:50.906 T:3901322112 DEBUG: CVideoPlayer::ProcessVideoData size:1452 dts:369.661 pts:369.786 dur:41.000ms, clock:361.272 level:90
2019-12-02 09:25:50.906 T:3901322112 DEBUG: CVideoPlayer::ProcessVideoData size:630 dts:369.703 pts:369.703 dur:41.000ms, clock:361.273 level:90
2019-12-02 09:25:50.906 T:3901322112 DEBUG: CVideoPlayer::ProcessVideoData size:731 dts:369.744 pts:369.744 dur:41.000ms, clock:361.273 level:91
2019-12-02 09:25:50.907 T:3901322112 DEBUG: CVideoPlayer::ProcessVideoData size:485 dts:369.786 pts:369.828 dur:41.000ms, clock:361.273 level:91
2019-12-02 09:25:50.927 T:3772773248 DEBUG: CVideoPlayerVideo::OutputPicture - ttd:109ms pts:361.403 Clock:361.293 Level:4
2019-12-02 09:25:50.971 T:3772773248 DEBUG: CVideoPlayerVideo::OutputPicture - ttd:106ms pts:361.444 Clock:361.338 Level:3
2019-12-02 09:25:51.013 T:3772773248 DEBUG: CVideoPlayerVideo::OutputPicture - ttd:106ms pts:361.486 Clock:361.380 Level:3
2019-12-02 09:25:51.052 T:3772773248 DEBUG: CVideoPlayerVideo::OutputPicture - ttd:109ms pts:361.528 Clock:361.419 Level:4
2019-12-02 09:25:51.097 T:3772773248 DEBUG: CVideoPlayerVideo::OutputPicture - ttd:106ms pts:361.570 Clock:361.464 Level:3
2019-12-02 09:25:51.135 T:3772773248 DEBUG: CVideoPlayerVideo::OutputPicture - ttd:109ms pts:361.611 Clock:361.502 Level:3
2019-12-02 09:25:51.151 T:3901322112 DEBUG: CVideoPlayer::ProcessVideoData size:11778 dts:369.828 pts:370.036 dur:41.000ms, clock:361.517 level:89
2019-12-02 09:25:51.151 T:3901322112 DEBUG: CVideoPlayer::ProcessVideoData size:1813 dts:369.869 pts:369.953 dur:41.000ms, clock:361.518 level:89
2019-12-02 09:25:51.152 T:3901322112 DEBUG: CVideoPlayer::ProcessVideoData size:321 dts:369.911 pts:369.911 dur:41.000ms, clock:361.518 level:90
2019-12-02 09:25:51.152 T:3901322112 DEBUG: CVideoPlayer::ProcessVideoData size:349 dts:369.953 pts:369.995 dur:41.000ms, clock:361.518 level:90
2019-12-02 09:25:51.182 T:3772773248 DEBUG: CVideoPlayerVideo::OutputPicture - ttd:104ms pts:361.653 Clock:361.548 Level:3
2019-12-02 09:25:51.219 T:3772773248 DEBUG: CVideoPlayerVideo::OutputPicture - ttd:109ms pts:361.695 Clock:361.585 Level:4
2019-12-02 09:25:51.264 T:3772773248 DEBUG: CVideoPlayerVideo::OutputPicture - ttd:105ms pts:361.736 Clock:361.630 Level:3
2019-12-02 09:25:51.302 T:3772773248 DEBUG: CVideoPlayerVideo::OutputPicture - ttd:109ms pts:361.778 Clock:361.668 Level:4
2019-12-02 09:25:51.345 T:3772773248 DEBUG: CVideoPlayerVideo::OutputPicture - ttd:108ms pts:361.820 Clock:361.712 Level:3
2019-12-02 09:25:51.390 T:3772773248 DEBUG: CVideoPlayerVideo::OutputPicture - ttd:105ms pts:361.861 Clock:361.756 Level:3
2019-12-02 09:25:51.406 T:3901322112 DEBUG: CVideoPlayer::ProcessVideoData size:11612 dts:369.995 pts:370.203 dur:41.000ms, clock:361.772 level:88
2019-12-02 09:25:51.406 T:3901322112 DEBUG: CVideoPlayer::ProcessVideoData size:1471 dts:370.036 pts:370.120 dur:41.000ms, clock:361.772 level:88
2019-12-02 09:25:51.407 T:3901322112 DEBUG: CVideoPlayer::ProcessVideoData size:357 dts:370.078 pts:370.078 dur:41.000ms, clock:361.773 level:89
2019-12-02 09:25:51.407 T:3901322112 DEBUG: CVideoPlayer::ProcessVideoData size:338 dts:370.120 pts:370.161 dur:41.000ms, clock:361.773 level:89
2019-12-02 09:25:51.429 T:3772773248 DEBUG: CVideoPlayerVideo::OutputPicture - ttd:108ms pts:361.903 Clock:361.795 Level:3
2019-12-02 09:25:51.470 T:3772773248 DEBUG: CVideoPlayerVideo::OutputPicture - ttd:109ms pts:361.945 Clock:361.836 Level:3
2019-12-02 09:25:51.515 T:3772773248 DEBUG: CVideoPlayerVideo::OutputPicture - ttd:105ms pts:361.987 Clock:361.881 Level:3
2019-12-02 09:25:51.554 T:3772773248 DEBUG: CVideoPlayerVideo::OutputPicture - ttd:107ms pts:362.028 Clock:361.920 Level:3
2019-12-02 09:25:51.593 T:3772773248 DEBUG: CVideoPlayerVideo::OutputPicture - ttd:110ms pts:362.070 Clock:361.959 Level:4
2019-12-02 09:25:51.640 T:3772773248 DEBUG: CVideoPlayerVideo::OutputPicture - ttd:106ms pts:362.112 Clock:362.006 Level:3
2019-12-02 09:25:51.651 T:3901322112 DEBUG: CVideoPlayer::ProcessVideoData size:9045 dts:370.161 pts:370.412 dur:41.000ms, clock:362.017 level:85
2019-12-02 09:25:51.652 T:3901322112 DEBUG: CVideoPlayer::ProcessVideoData size:2731 dts:370.203 pts:370.328 dur:41.000ms, clock:362.017 level:85
2019-12-02 09:25:51.652 T:3901322112 DEBUG: CVideoPlayer::ProcessVideoData size:710 dts:370.245 pts:370.245 dur:41.000ms, clock:362.018 level:86
2019-12-02 09:25:51.652 T:3901322112 DEBUG: CVideoPlayer::ProcessVideoData size:769 dts:370.287 pts:370.287 dur:41.000ms, clock:362.018 level:87
2019-12-02 09:25:51.652 T:3901322112 DEBUG: CVideoPlayer::ProcessVideoData size:472 dts:370.328 pts:370.370 dur:41.000ms, clock:362.018 level:87
2019-12-02 09:25:51.653 T:3901322112 DEBUG: CVideoPlayer::ProcessVideoData size:6900 dts:370.370 pts:370.579 dur:41.000ms, clock:362.019 level:88
2019-12-02 09:25:51.653 T:3901322112 DEBUG: CVideoPlayer::ProcessVideoData size:1646 dts:370.412 pts:370.495 dur:41.000ms, clock:362.019 level:88
2019-12-02 09:25:51.653 T:3901322112 DEBUG: CVideoPlayer::ProcessVideoData size:407 dts:370.453 pts:370.453 dur:41.000ms, clock:362.019 level:89
2019-12-02 09:25:51.653 T:3901322112 DEBUG: CVideoPlayer::ProcessVideoData size:3337 dts:370.495 pts:370.537 dur:41.000ms, clock:362.019 level:89
2019-12-02 09:25:51.680 T:3772773248 DEBUG: CVideoPlayerVideo::OutputPicture - ttd:107ms pts:362.153 Clock:362.046 Level:3
2019-12-02 09:25:51.719 T:3772773248 DEBUG: CVideoPlayerVideo::OutputPicture - ttd:110ms pts:362.195 Clock:362.085 Level:4
2019-12-02 09:25:51.764 T:3772773248 DEBUG: CVideoPlayerVideo::OutputPicture - ttd:107ms pts:362.237 Clock:362.130 Level:3
2019-12-02 09:25:51.803 T:3772773248 DEBUG: CVideoPlayerVideo::OutputPicture - ttd:110ms pts:362.279 Clock:362.169 Level:3
2019-12-02 09:25:51.848 T:3772773248 DEBUG: CVideoPlayerVideo::OutputPicture - ttd:106ms pts:362.320 Clock:362.214 Level:3
2019-12-02 09:25:51.887 T:3772773248 DEBUG: CVideoPlayerVideo::OutputPicture - ttd:108ms pts:362.362 Clock:362.253 Level:3
2019-12-02 09:25:51.907 T:3901322112 DEBUG: CVideoPlayer::ProcessVideoData size:3444 dts:370.537 pts:370.662 dur:41.000ms, clock:362.273 level:87
2019-12-02 09:25:51.908 T:3901322112 DEBUG: CVideoPlayer::ProcessVideoData size:446 dts:370.579 pts:370.620 dur:41.000ms, clock:362.273 level:87
2019-12-02 09:25:51.908 T:3901322112 DEBUG: CVideoPlayer::ProcessVideoData size:29241 dts:370.620 pts:370.829 dur:41.000ms, clock:362.274 level:88
2019-12-02 09:25:51.908 T:3901322112 DEBUG: CVideoPlayer::ProcessVideoData size:11072 dts:370.662 pts:370.745 dur:41.000ms, clock:362.274 level:88
2019-12-02 09:25:51.909 T:3901322112 DEBUG: CVideoPlayer::ProcessVideoData size:7100 dts:370.704 pts:370.704 dur:41.000ms, clock:362.275 level:89
2019-12-02 09:25:51.909 T:3901322112 DEBUG: CVideoPlayer::ProcessVideoData size:3530 dts:370.745 pts:370.787 dur:41.000ms, clock:362.275 level:89
2019-12-02 09:25:51.932 T:3772773248 DEBUG: CVideoPlayerVideo::OutputPicture - ttd:105ms pts:362.404 Clock:362.298 Level:3
2019-12-02 09:25:51.937 T:3658863488 DEBUG: CecLogMessage - >> 01:44:35
2019-12-02 09:25:51.938 T:3658863488 DEBUG: CecLogMessage - SetCurrentButton display information (35) D:0ms cur:35
2019-12-02 09:25:51.938 T:3658863488 DEBUG: CecLogMessage - key pressed: display information (35) current(ff) duration(0)
2019-12-02 09:25:51.938 T:3658863488 DEBUG: CecLogMessage - Changed key display information (35) D:0ms cur:ff
2019-12-02 09:25:51.938 T:3658863488 DEBUG: CecLogMessage - key pressed: display information (35, 0)
2019-12-02 09:25:51.938 T:3658863488 DEBUG: PushCecKeypress - received key c3 duration 0
2019-12-02 09:25:51.938 T:3658863488 DEBUG: CecLogMessage - CheckKeypressTimeout T:61.179
2019-12-02 09:25:51.938 T:3658863488 DEBUG: CecLogMessage - Key display information: idle (duration:0) (35) timeout:-621114232ms (rel:500,rep:0,prs:500,rel:0)
2019-12-02 09:25:51.938 T:3658863488 DEBUG: CecLogMessage - >> TV (0) -> Recorder 1 (1): user control pressed (44)
2019-12-02 09:25:51.969 T:4065601376 DEBUG: HandleKey: launch_media_center (0xc3) pressed, action is codecinfo
2019-12-02 09:25:51.969 T:4065601376 DEBUG: Activating window ID: 10116
2019-12-02 09:25:51.969 T:4065601376 DEBUG: ------ Window Init (DialogPlayerProcessInfo.xml) ------
2019-12-02 09:25:51.970 T:3392721792 DEBUG: Thread LanguageInvoker start, auto delete: false
2019-12-02 09:25:51.971 T:4065601376 DEBUG: ------ Window Init (DialogSeekBar.xml) ------
2019-12-02 09:25:51.975 T:3772773248 DEBUG: CVideoPlayerVideo::OutputPicture - ttd:104ms pts:362.445 Clock:362.340 Level:3
2019-12-02 09:25:51.976 T:3392721792 INFO: initializing python engine.
2019-12-02 09:25:51.976 T:3392721792 DEBUG: CPythonInvoker(6, /usr/share/kodi/addons/script.amlogic.displayinfo/default.py): start processing
2019-12-02 09:25:52.000 T:3392721792 DEBUG: -->Python Interpreter Initialized<--
2019-12-02 09:25:52.000 T:3392721792 DEBUG: CPythonInvoker(6, /usr/share/kodi/addons/script.amlogic.displayinfo/default.py): the source file to load is "/usr/share/kodi/addons/script.amlogic.displayinfo/default.py"
2019-12-02 09:25:52.000 T:3392721792 DEBUG: CPythonInvoker(6, /usr/share/kodi/addons/script.amlogic.displayinfo/default.py): setting the Python path to /usr/share/kodi/addons/script.amlogic.displayinfo:/usr/lib/python27.zip:/usr/lib/python2.7:/usr/lib/python2.7/plat-linux2:/usr/lib/python2.7/lib-tk:/usr/lib/python2.7/lib-old:/usr/lib/python2.7/lib-dynload:/usr/lib/python2.7/site-packages:/usr/lib/python2.7/site-packages/gtk-2.0
2019-12-02 09:25:52.000 T:3392721792 DEBUG: CPythonInvoker(6, /usr/share/kodi/addons/script.amlogic.displayinfo/default.py): entering source directory /usr/share/kodi/addons/script.amlogic.displayinfo
2019-12-02 09:25:52.000 T:3392721792 DEBUG: CPythonInvoker(6, /usr/share/kodi/addons/script.amlogic.displayinfo/default.py): instantiating addon using automatically obtained id of "script.amlogic.displayinfo" dependent on version 2.1.0 of the xbmc.python api
2019-12-02 09:25:52.003 T:3392721792 DEBUG: script.amlogic.displayinfo: script version 9.2.100 started
2019-12-02 09:25:52.004 T:3392721792 DEBUG: script.amlogic.displayinfo: Parsing cur_VIC as 32
2019-12-02 09:25:52.004 T:3392721792 DEBUG: script.amlogic.displayinfo: Parsing VIC as 32 1920x1080p24hz
2019-12-02 09:25:52.004 T:3392721792 DEBUG: script.amlogic.displayinfo: Parsing Colour depth as 10-bit
2019-12-02 09:25:52.004 T:3392721792 DEBUG: script.amlogic.displayinfo: Parsing Colourspace as YUV444
2019-12-02 09:25:52.004 T:3392721792 DEBUG: script.amlogic.displayinfo: Parsing Colour range as default
2019-12-02 09:25:52.004 T:3392721792 DEBUG: script.amlogic.displayinfo: Parsing EOTF as SDR
2019-12-02 09:25:52.004 T:3392721792 DEBUG: script.amlogic.displayinfo: Parsing YCC colour range as limited
2019-12-02 09:25:52.004 T:3392721792 DEBUG: script.amlogic.displayinfo: Parsing Colourimetry as BT.709
2019-12-02 09:25:52.004 T:3392721792 DEBUG: script.amlogic.displayinfo: Parsing PLL clock as 0xdb15049a, Vid clock div 0x000b0000
2019-12-02 09:25:52.004 T:3392721792 DEBUG: script.amlogic.displayinfo: Parsing audio config as on
2019-12-02 09:25:52.004 T:3392721792 DEBUG: script.amlogic.displayinfo: Parsing audio on/off as on
2019-12-02 09:25:52.004 T:3392721792 DEBUG: script.amlogic.displayinfo: Parsing audio source as SPDIF
2019-12-02 09:25:52.004 T:3392721792 DEBUG: script.amlogic.displayinfo: Parsing audio type as AC-3
2019-12-02 09:25:52.004 T:3392721792 DEBUG: script.amlogic.displayinfo: Parsing audio channel num as 2 channels
2019-12-02 09:25:52.004 T:3392721792 DEBUG: script.amlogic.displayinfo: Parsing audio sample rate as 48kHz
2019-12-02 09:25:52.004 T:3392721792 DEBUG: script.amlogic.displayinfo: Parsing audio sample size as 16bit
2019-12-02 09:25:52.004 T:3392721792 DEBUG: script.amlogic.displayinfo: Parsing 3D config as off
2019-12-02 09:25:52.004 T:3392721792 INFO: CPythonInvoker(6, /usr/share/kodi/addons/script.amlogic.displayinfo/default.py): script successfully run
2019-12-02 09:25:52.004 T:3392721792 DEBUG: onExecutionDone(6, /usr/share/kodi/addons/script.amlogic.displayinfo/default.py)
2019-12-02 09:25:52.012 T:4065601376 DEBUG: ------ Window Init (Custom_1109_TopBarOverlay.xml) ------
2019-12-02 09:25:52.016 T:3772773248 DEBUG: CVideoPlayerVideo::OutputPicture - ttd:105ms pts:362.487 Clock:362.382 Level:3
2019-12-02 09:25:52.026 T:3392721792 INFO: Python interpreter stopped
2019-12-02 09:25:52.026 T:3392721792 DEBUG: Thread LanguageInvoker 3392721792 terminating
2019-12-02 09:25:52.055 T:3772773248 DEBUG: CVideoPlayerVideo::OutputPicture - ttd:108ms pts:362.529 Clock:362.421 Level:4
2019-12-02 09:25:52.098 T:3772773248 DEBUG: CVideoPlayerVideo::OutputPicture - ttd:107ms pts:362.571 Clock:362.464 Level:4
2019-12-02 09:25:52.133 T:3658863488 DEBUG: CecLogMessage - >> 01:45
2019-12-02 09:25:52.133 T:3658863488 DEBUG: CecLogMessage - key released: display information (35) D:195ms
2019-12-02 09:25:52.133 T:3658863488 DEBUG: PushCecKeypress - received key c3 duration 195
2019-12-02 09:25:52.133 T:3658863488 DEBUG: CecLogMessage - >> TV (0) -> Recorder 1 (1): user control release (45)
2019-12-02 09:25:52.137 T:3772773248 DEBUG: CVideoPlayerVideo::OutputPicture - ttd:109ms pts:362.612 Clock:362.503 Level:4
2019-12-02 09:25:52.183 T:3772773248 DEBUG: CVideoPlayerVideo::OutputPicture - ttd:105ms pts:362.654 Clock:362.548 Level:3
2019-12-02 09:25:52.204 T:3901322112 DEBUG: CVideoPlayer::ProcessVideoData size:26084 dts:370.787 pts:370.996 dur:41.000ms, clock:362.569 level:88
2019-12-02 09:25:52.204 T:3901322112 DEBUG: CVideoPlayer::ProcessVideoData size:9997 dts:370.829 pts:370.912 dur:41.000ms, clock:362.570 level:88
2019-12-02 09:25:52.204 T:3901322112 DEBUG: CVideoPlayer::ProcessVideoData size:3857 dts:370.870 pts:370.870 dur:41.000ms, clock:362.570 level:89
2019-12-02 09:25:52.205 T:3901322112 DEBUG: CVideoPlayer::ProcessVideoData size:3732 dts:370.912 pts:370.954 dur:41.000ms, clock:362.570 level:89
2019-12-02 09:25:52.221 T:3772773248 DEBUG: CVideoPlayerVideo::OutputPicture - ttd:109ms pts:362.696 Clock:362.586 Level:4
2019-12-02 09:25:52.265 T:3772773248 DEBUG: CVideoPlayerVideo::OutputPicture - ttd:106ms pts:362.737 Clock:362.631 Level:4
2019-12-02 09:25:52.307 T:3772773248 DEBUG: CVideoPlayerVideo::OutputPicture - ttd:106ms pts:362.779 Clock:362.672 Level:4
2019-12-02 09:25:52.346 T:3772773248 DEBUG: CVideoPlayerVideo::OutputPicture - ttd:109ms pts:362.821 Clock:362.711 Level:4
2019-12-02 09:25:52.391 T:3772773248 DEBUG: CVideoPlayerVideo::OutputPicture - ttd:105ms pts:362.862 Clock:362.757 Level:3
2019-12-02 09:25:52.431 T:3772773248 DEBUG: CVideoPlayerVideo::OutputPicture - ttd:107ms pts:362.904 Clock:362.796 Level:4
2019-12-02 09:25:52.460 T:3901322112 DEBUG: CVideoPlayer::ProcessVideoData size:24412 dts:370.954 pts:371.204 dur:41.000ms, clock:362.825 level:87
2019-12-02 09:25:52.460 T:3901322112 DEBUG: CVideoPlayer::ProcessVideoData size:7508 dts:370.996 pts:371.121 dur:41.000ms, clock:362.825 level:87
2019-12-02 09:25:52.460 T:3901322112 DEBUG: CVideoPlayer::ProcessVideoData size:5032 dts:371.037 pts:371.037 dur:41.000ms, clock:362.826 level:88
2019-12-02 09:25:52.461 T:3901322112 DEBUG: CVideoPlayer::ProcessVideoData size:5035 dts:371.079 pts:371.079 dur:41.000ms, clock:362.826 level:88
2019-12-02 09:25:52.461 T:3901322112 DEBUG: CVideoPlayer::ProcessVideoData size:2921 dts:371.121 pts:371.162 dur:41.000ms, clock:362.826 level:89
2019-12-02 09:25:52.461 T:3901322112 DEBUG: CVideoPlayer::ProcessVideoData size:17147 dts:371.162 pts:371.371 dur:41.000ms, clock:362.827 level:89
2019-12-02 09:25:52.462 T:3901322112 DEBUG: CVideoPlayer::ProcessVideoData size:5299 dts:371.204 pts:371.288 dur:41.000ms, clock:362.827 level:90
2019-12-02 09:25:52.462 T:3901322112 DEBUG: CVideoPlayer::ProcessVideoData size:2322 dts:371.246 pts:371.246 dur:41.000ms, clock:362.827 level:90
2019-12-02 09:25:52.462 T:3901322112 DEBUG: CVideoPlayer::ProcessVideoData size:2284 dts:371.288 pts:371.329 dur:41.000ms, clock:362.828 level:91
2019-12-02 09:25:52.470 T:3772773248 DEBUG: CVideoPlayerVideo::OutputPicture - ttd:110ms pts:362.946 Clock:362.835 Level:4
2019-12-02 09:25:52.511 T:3772773248 DEBUG: CVideoPlayerVideo::OutputPicture - ttd:111ms pts:362.988 Clock:362.877 Level:4
2019-12-02 09:25:52.557 T:3772773248 DEBUG: CVideoPlayerVideo::OutputPicture - ttd:107ms pts:363.029 Clock:362.922 Level:4
2019-12-02 09:25:52.596 T:3772773248 DEBUG: CVideoPlayerVideo::OutputPicture - ttd:110ms pts:363.071 Clock:362.961 Level:4
2019-12-02 09:25:52.641 T:3772773248 DEBUG: CVideoPlayerVideo::OutputPicture - ttd:106ms pts:363.113 Clock:363.007 Level:3
2019-12-02 09:25:52.679 T:3772773248 DEBUG: CVideoPlayerVideo::OutputPicture - ttd:109ms pts:363.154 Clock:363.045 Level:4
2019-12-02 09:25:52.707 T:3901322112 DEBUG: CVideoPlayer::ProcessVideoData size:14989 dts:371.329 pts:371.538 dur:41.000ms, clock:363.072 level:87
2019-12-02 09:25:52.707 T:3901322112 DEBUG: CVideoPlayer::ProcessVideoData size:8373 dts:371.371 pts:371.454 dur:41.000ms, clock:363.072 level:87
2019-12-02 09:25:52.707 T:3901322112 DEBUG: CVideoPlayer::ProcessVideoData size:3126 dts:371.413 pts:371.413 dur:41.000ms, clock:363.073 level:88
2019-12-02 09:25:52.708 T:3901322112 DEBUG: CVideoPlayer::ProcessVideoData size:3741 dts:371.454 pts:371.496 dur:41.000ms, clock:363.073 level:88
2019-12-02 09:25:52.722 T:3772773248 DEBUG: CVideoPlayerVideo::OutputPicture - ttd:109ms pts:363.196 Clock:363.087 Level:4
2019-12-02 09:25:52.767 T:3772773248 DEBUG: CVideoPlayerVideo::OutputPicture - ttd:106ms pts:363.238 Clock:363.132 Level:3
2019-12-02 09:25:52.806 T:3772773248 DEBUG: CVideoPlayerVideo::OutputPicture - ttd:109ms pts:363.280 Clock:363.171 Level:4
2019-12-02 09:25:52.851 T:3772773248 DEBUG: CVideoPlayerVideo::OutputPicture - ttd:104ms pts:363.321 Clock:363.216 Level:3
2019-12-02 09:25:52.867 T:3658863488 DEBUG: CecLogMessage - >> 01:44:0d
2019-12-02 09:25:52.868 T:3658863488 DEBUG: CecLogMessage - SetCurrentButton exit (d) D:0ms cur:d
2019-12-02 09:25:52.868 T:3658863488 DEBUG: CecLogMessage - key pressed: exit (d) current(ff) duration(0)
2019-12-02 09:25:52.868 T:3658863488 DEBUG: CecLogMessage - Changed key exit (d) D:0ms cur:ff
2019-12-02 09:25:52.868 T:3658863488 DEBUG: CecLogMessage - key pressed: exit (d, 0)
2019-12-02 09:25:52.868 T:3658863488 DEBUG: PushCecKeypress - received key d8 duration 0
2019-12-02 09:25:52.868 T:3658863488 DEBUG: CecLogMessage - CheckKeypressTimeout T:62.109
2019-12-02 09:25:52.868 T:3658863488 DEBUG: CecLogMessage - Key exit: idle (duration:0) (d) timeout:-621114232ms (rel:500,rep:0,prs:500,rel:0)
2019-12-02 09:25:52.868 T:3658863488 DEBUG: CecLogMessage - >> TV (0) -> Recorder 1 (1): user control pressed (44)
2019-12-02 09:25:52.889 T:4065601376 DEBUG: HandleKey: menu (0xd8) pressed, action is Back
2019-12-02 09:25:52.889 T:3772773248 DEBUG: CVideoPlayerVideo::OutputPicture - ttd:108ms pts:363.363 Clock:363.254 Level:4
2019-12-02 09:25:52.932 T:3772773248 DEBUG: CVideoPlayerVideo::OutputPicture - ttd:107ms pts:363.405 Clock:363.297 Level:4
2019-12-02 09:25:52.952 T:3901322112 DEBUG: CVideoPlayer::ProcessVideoData size:17444 dts:371.496 pts:371.705 dur:41.000ms, clock:363.318 level:87
2019-12-02 09:25:52.953 T:3901322112 DEBUG: CVideoPlayer::ProcessVideoData size:8042 dts:371.538 pts:371.621 dur:41.000ms, clock:363.318 level:87
2019-12-02 09:25:52.953 T:3901322112 DEBUG: CVideoPlayer::ProcessVideoData size:4142 dts:371.580 pts:371.580 dur:41.000ms, clock:363.318 level:88
2019-12-02 09:25:52.953 T:3901322112 DEBUG: CVideoPlayer::ProcessVideoData size:4001 dts:371.621 pts:371.663 dur:41.000ms, clock:363.318 level:88
2019-12-02 09:25:52.954 T:3901322112 DEBUG: CVideoPlayer::ProcessVideoData size:18621 dts:371.663 pts:371.871 dur:41.000ms, clock:363.319 level:89
2019-12-02 09:25:52.954 T:3901322112 DEBUG: CVideoPlayer::ProcessVideoData size:7177 dts:371.705 pts:371.788 dur:41.000ms, clock:363.319 level:89
2019-12-02 09:25:52.954 T:3901322112 DEBUG: CVideoPlayer::ProcessVideoData size:3464 dts:371.746 pts:371.746 dur:41.000ms, clock:363.319 level:90
2019-12-02 09:25:52.955 T:3901322112 DEBUG: CVideoPlayer::ProcessVideoData size:3555 dts:371.788 pts:371.830 dur:41.000ms, clock:363.320 level:90
2019-12-02 09:25:52.971 T:3772773248 DEBUG: CVideoPlayerVideo::OutputPicture - ttd:109ms pts:363.446 Clock:363.336 Level:4
2019-12-02 09:25:53.017 T:3772773248 DEBUG: CVideoPlayerVideo::OutputPicture - ttd:106ms pts:363.488 Clock:363.382 Level:4
2019-12-02 09:25:53.052 T:3658863488 DEBUG: CecLogMessage - >> 01:45
2019-12-02 09:25:53.052 T:3658863488 DEBUG: CecLogMessage - key released: exit (d) D:185ms
2019-12-02 09:25:53.052 T:3658863488 DEBUG: PushCecKeypress - received key d8 duration 185
2019-12-02 09:25:53.053 T:3658863488 DEBUG: CecLogMessage - >> TV (0) -> Recorder 1 (1): user control release (45)
2019-12-02 09:25:53.055 T:3772773248 DEBUG: CVideoPlayerVideo::OutputPicture - ttd:110ms pts:363.530 Clock:363.420 Level:4
2019-12-02 09:25:53.100 T:3772773248 DEBUG: CVideoPlayerVideo::OutputPicture - ttd:107ms pts:363.572 Clock:363.465 Level:4
2019-12-02 09:25:53.104 T:4065601376 DEBUG: ------ Window Deinit (DialogPlayerProcessInfo.xml) ------
2019-12-02 09:25:53.141 T:3772773248 DEBUG: CVideoPlayerVideo::OutputPicture - ttd:106ms pts:363.613 Clock:363.506 Level:4
2019-12-02 09:25:53.180 T:3772773248 DEBUG: CVideoPlayerVideo::OutputPicture - ttd:109ms pts:363.655 Clock:363.545 Level:4
2019-12-02 09:25:53.209 T:3901322112 DEBUG: CVideoPlayer::ProcessVideoData size:17557 dts:371.830 pts:371.997 dur:41.000ms, clock:363.574 level:88
2019-12-02 09:25:53.210 T:3901322112 DEBUG: CVideoPlayer::ProcessVideoData size:6167 dts:371.871 pts:371.955 dur:41.000ms, clock:363.575 level:88
2019-12-02 09:25:53.210 T:3901322112 DEBUG: CVideoPlayer::ProcessVideoData size:3955 dts:371.913 pts:371.913 dur:41.000ms, clock:363.575 level:89
2019-12-02 09:25:53.210 T:3901322112 DEBUG: CVideoPlayer::ProcessVideoData size:18571 dts:371.955 pts:372.163 dur:41.000ms, clock:363.575 level:89
2019-12-02 09:25:53.211 T:3901322112 DEBUG: CVideoPlayer::ProcessVideoData size:8714 dts:371.997 pts:372.080 dur:41.000ms, clock:363.576 level:90
2019-12-02 09:25:53.211 T:3901322112 DEBUG: CVideoPlayer::ProcessVideoData size:4206 dts:372.038 pts:372.038 dur:41.000ms, clock:363.576 level:90
2019-12-02 09:25:53.211 T:3901322112 DEBUG: CVideoPlayer::ProcessVideoData size:3706 dts:372.080 pts:372.122 dur:41.000ms, clock:363.576 level:91
2019-12-02 09:25:53.226 T:3772773248 DEBUG: CVideoPlayerVideo::OutputPicture - ttd:106ms pts:363.697 Clock:363.591 Level:3
2019-12-02 09:25:53.227 T:4065601376 DEBUG: ------ Window Deinit (DialogSeekBar.xml) ------
2019-12-02 09:25:53.265 T:3772773248 DEBUG: CVideoPlayerVideo::OutputPicture - ttd:108ms pts:363.738 Clock:363.630 Level:4
2019-12-02 09:25:53.268 T:4065601376 DEBUG: ------ Window Deinit (Custom_1109_TopBarOverlay.xml) ------
2019-12-02 09:25:53.308 T:3772773248 DEBUG: CVideoPlayerVideo::OutputPicture - ttd:107ms pts:363.780 Clock:363.672 Level:3
2019-12-02 09:25:53.346 T:3772773248 DEBUG: CVideoPlayerVideo::OutputPicture - ttd:110ms pts:363.822 Clock:363.711 Level:4
2019-12-02 09:25:53.392 T:3772773248 DEBUG: CVideoPlayerVideo::OutputPicture - ttd:106ms pts:363.863 Clock:363.757 Level:3
2019-12-02 09:25:53.434 T:3772773248 DEBUG: CVideoPlayerVideo::OutputPicture - ttd:106ms pts:363.905 Clock:363.799 Level:3
2019-12-02 09:25:53.456 T:3901322112 DEBUG: CVideoPlayer::ProcessVideoData size:17802 dts:372.122 pts:372.330 dur:41.000ms, clock:363.820 level:88
2019-12-02 09:25:53.456 T:3901322112 DEBUG: CVideoPlayer::ProcessVideoData size:7249 dts:372.163 pts:372.247 dur:41.000ms, clock:363.821 level:89
2019-12-02 09:25:53.456 T:3901322112 DEBUG: CVideoPlayer::ProcessVideoData size:2998 dts:372.205 pts:372.205 dur:41.000ms, clock:363.821 level:89
2019-12-02 09:25:53.456 T:3901322112 DEBUG: CVideoPlayer::ProcessVideoData size:2800 dts:372.247 pts:372.289 dur:41.000ms, clock:363.821 level:90
2019-12-02 09:25:53.473 T:3772773248 DEBUG: CVideoPlayerVideo::OutputPicture - ttd:109ms pts:363.947 Clock:363.838 Level:3
2019-12-02 09:25:53.518 T:3772773248 DEBUG: CVideoPlayerVideo::OutputPicture - ttd:106ms pts:363.989 Clock:363.883 Level:3
2019-12-02 09:25:53.555 T:3772773248 DEBUG: CVideoPlayerVideo::OutputPicture - ttd:110ms pts:364.030 Clock:363.920 Level:4
2019-12-02 09:25:53.600 T:3772773248 DEBUG: CVideoPlayerVideo::OutputPicture - ttd:106ms pts:364.072 Clock:363.965 Level:3
2019-12-02 09:25:53.609 T:3901322112 DEBUG: CVideoPlayer::ProcessVideoData size:14013 dts:372.289 pts:372.497 dur:41.000ms, clock:363.974 level:89
2019-12-02 09:25:53.609 T:3901322112 DEBUG: CVideoPlayer::ProcessVideoData size:4337 dts:372.330 pts:372.414 dur:41.000ms, clock:363.974 level:89
2019-12-02 09:25:53.610 T:3901322112 DEBUG: CVideoPlayer::ProcessVideoData size:1732 dts:372.372 pts:372.372 dur:41.000ms, clock:363.974 level:90
2019-12-02 09:25:53.610 T:3901322112 DEBUG: CVideoPlayer::ProcessVideoData size:1288 dts:372.414 pts:372.455 dur:41.000ms, clock:363.974 level:90
2019-12-02 09:25:53.638 T:3772773248 DEBUG: CVideoPlayerVideo::OutputPicture - ttd:111ms pts:364.114 Clock:364.003 Level:4
2019-12-02 09:25:53.681 T:3772773248 DEBUG: CVideoPlayerVideo::OutputPicture - ttd:109ms pts:364.155 Clock:364.046 Level:4
2019-12-02 09:25:53.727 T:3772773248 DEBUG: CVideoPlayerVideo::OutputPicture - ttd:105ms pts:364.197 Clock:364.091 Level:3
2019-12-02 09:25:53.765 T:3772773248 DEBUG: CVideoPlayerVideo::OutputPicture - ttd:109ms pts:364.239 Clock:364.129 Level:4
2019-12-02 09:25:53.808 T:3772773248 DEBUG: CVideoPlayerVideo::OutputPicture - ttd:108ms pts:364.281 Clock:364.173 Level:3
2019-12-02 09:25:53.847 T:3772773248 DEBUG: CVideoPlayerVideo::OutputPicture - ttd:110ms pts:364.322 Clock:364.211 Level:4
2019-12-02 09:25:53.892 T:3772773248 DEBUG: CVideoPlayerVideo::OutputPicture - ttd:107ms pts:364.364 Clock:364.256 Level:3
2019-12-02 09:25:53.905 T:3901322112 DEBUG: CVideoPlayer::ProcessVideoData size:12843 dts:372.455 pts:372.664 dur:41.000ms, clock:364.270 level:87
2019-12-02 09:25:53.906 T:3901322112 DEBUG: CVideoPlayer::ProcessVideoData size:3930 dts:372.497 pts:372.581 dur:41.000ms, clock:364.270 level:87
2019-12-02 09:25:53.906 T:3901322112 DEBUG: CVideoPlayer::ProcessVideoData size:1363 dts:372.539 pts:372.539 dur:41.000ms, clock:364.270 level:88
2019-12-02 09:25:53.906 T:3901322112 DEBUG: CVideoPlayer::ProcessVideoData size:1215 dts:372.581 pts:372.622 dur:41.000ms, clock:364.270 level:88
2019-12-02 09:25:53.935 T:3772773248 DEBUG: CVideoPlayerVideo::OutputPicture - ttd:106ms pts:364.406 Clock:364.299 Level:3
2019-12-02 09:25:53.974 T:3772773248 DEBUG: CVideoPlayerVideo::OutputPicture - ttd:108ms pts:364.447 Clock:364.338 Level:3
2019-12-02 09:25:54.015 T:3772773248 DEBUG: CVideoPlayerVideo::OutputPicture - ttd:109ms pts:364.489 Clock:364.379 Level:3
2019-12-02 09:25:54.060 T:3772773248 DEBUG: CVideoPlayerVideo::OutputPicture - ttd:106ms pts:364.531 Clock:364.425 Level:3
2019-12-02 09:25:54.099 T:3772773248 DEBUG: CVideoPlayerVideo::OutputPicture - ttd:109ms pts:364.573 Clock:364.464 Level:4
2019-12-02 09:25:54.145 T:3772773248 DEBUG: CVideoPlayerVideo::OutputPicture - ttd:105ms pts:364.614 Clock:364.509 Level:3
2019-12-02 09:25:54.160 T:3901322112 DEBUG: CVideoPlayer::ProcessVideoData size:15170 dts:372.622 pts:372.872 dur:41.000ms, clock:364.524 level:86
2019-12-02 09:25:54.161 T:3901322112 DEBUG: CVideoPlayer::ProcessVideoData size:4812 dts:372.664 pts:372.789 dur:41.000ms, clock:364.525 level:87
2019-12-02 09:25:54.161 T:3901322112 DEBUG: CVideoPlayer::ProcessVideoData size:2220 dts:372.706 pts:372.706 dur:41.000ms, clock:364.525 level:87
2019-12-02 09:25:54.161 T:3901322112 DEBUG: CVideoPlayer::ProcessVideoData size:2243 dts:372.747 pts:372.747 dur:41.000ms, clock:364.525 level:88
2019-12-02 09:25:54.161 T:3901322112 DEBUG: CVideoPlayer::ProcessVideoData size:1941 dts:372.789 pts:372.831 dur:41.000ms, clock:364.525 level:88
2019-12-02 09:25:54.161 T:3901322112 DEBUG: CVideoPlayer::ProcessVideoData size:18286 dts:372.831 pts:373.081 dur:41.000ms, clock:364.526 level:89
2019-12-02 09:25:54.162 T:3901322112 DEBUG: CVideoPlayer::ProcessVideoData size:5487 dts:372.872 pts:372.998 dur:41.000ms, clock:364.526 level:89
2019-12-02 09:25:54.162 T:3901322112 DEBUG: CVideoPlayer::ProcessVideoData size:2577 dts:372.914 pts:372.914 dur:41.000ms, clock:364.526 level:90
2019-12-02 09:25:54.162 T:3901322112 DEBUG: CVideoPlayer::ProcessVideoData size:2751 dts:372.956 pts:372.956 dur:41.000ms, clock:364.526 level:90
2019-12-02 09:25:54.162 T:3901322112 DEBUG: CVideoPlayer::ProcessVideoData size:2287 dts:372.998 pts:373.039 dur:41.000ms, clock:364.526 level:91
2019-12-02 09:25:54.183 T:3772773248 DEBUG: CVideoPlayerVideo::OutputPicture - ttd:109ms pts:364.656 Clock:364.547 Level:4
2019-12-02 09:25:54.225 T:3772773248 DEBUG: CVideoPlayerVideo::OutputPicture - ttd:108ms pts:364.698 Clock:364.589 Level:3
2019-12-02 09:25:54.264 T:3772773248 DEBUG: CVideoPlayerVideo::OutputPicture - ttd:110ms pts:364.739 Clock:364.628 Level:4
2019-12-02 09:25:54.309 T:3772773248 DEBUG: CVideoPlayerVideo::OutputPicture - ttd:107ms pts:364.781 Clock:364.673 Level:3
2019-12-02 09:25:54.353 T:3772773248 DEBUG: CVideoPlayerVideo::OutputPicture - ttd:105ms pts:364.823 Clock:364.717 Level:3
2019-12-02 09:25:54.395 T:3772773248 DEBUG: CVideoPlayerVideo::OutputPicture - ttd:105ms pts:364.864 Clock:364.759 Level:3
2019-12-02 09:25:54.407 T:3901322112 DEBUG: CVideoPlayer::ProcessVideoData size:18295 dts:373.039 pts:373.290 dur:41.000ms, clock:364.771 level:87
2019-12-02 09:25:54.407 T:3901322112 DEBUG: CVideoPlayer::ProcessVideoData size:5926 dts:373.081 pts:373.206 dur:41.000ms, clock:364.771 level:88
2019-12-02 09:25:54.407 T:3901322112 DEBUG: CVideoPlayer::ProcessVideoData size:3835 dts:373.123 pts:373.123 dur:41.000ms, clock:364.771 level:88
2019-12-02 09:25:54.407 T:3901322112 DEBUG: CVideoPlayer::ProcessVideoData size:3592 dts:373.164 pts:373.164 dur:41.000ms, clock:364.771 level:89
2019-12-02 09:25:54.408 T:3901322112 DEBUG: CVideoPlayer::ProcessVideoData size:1923 dts:373.206 pts:373.248 dur:41.000ms, clock:364.772 level:89
2019-12-02 09:25:54.434 T:3772773248 DEBUG: CVideoPlayerVideo::OutputPicture - ttd:107ms pts:364.906 Clock:364.798 Level:3
2019-12-02 09:25:54.473 T:3772773248 DEBUG: CVideoPlayerVideo::OutputPicture - ttd:110ms pts:364.948 Clock:364.837 Level:4
2019-12-02 09:25:54.519 T:3772773248 DEBUG: CVideoPlayerVideo::OutputPicture - ttd:107ms pts:364.990 Clock:364.883 Level:3
2019-12-02 09:25:54.556 T:3772773248 DEBUG: CVideoPlayerVideo::OutputPicture - ttd:110ms pts:365.031 Clock:364.920 Level:4
2019-12-02 09:25:54.600 T:3772773248 DEBUG: CVideoPlayerVideo::OutputPicture - ttd:109ms pts:365.073 Clock:364.964 Level:4
2019-12-02 09:25:54.611 T:3901322112 DEBUG: CVideoPlayer::ProcessVideoData size:12493 dts:373.248 pts:373.498 dur:41.000ms, clock:364.975 level:88
2019-12-02 09:25:54.611 T:3901322112 DEBUG: CVideoPlayer::ProcessVideoData size:5178 dts:373.290 pts:373.415 dur:41.000ms, clock:364.975 level:89
2019-12-02 09:25:54.611 T:3901322112 DEBUG: CVideoPlayer::ProcessVideoData size:2164 dts:373.331 pts:373.331 dur:41.000ms, clock:364.975 level:89
2019-12-02 09:25:54.612 T:3901322112 DEBUG: CVideoPlayer::ProcessVideoData size:2367 dts:373.373 pts:373.373 dur:41.000ms, clock:364.976 level:90
2019-12-02 09:25:54.612 T:3901322112 DEBUG: CVideoPlayer::ProcessVideoData size:1917 dts:373.415 pts:373.456 dur:41.000ms, clock:364.976 level:90
2019-12-02 09:25:54.613 T:3901322112 DEBUG: CVideoPlayer::ProcessVideoData size:165084 dts:373.456 pts:373.540 dur:41.000ms, clock:364.977 level:91
2019-12-02 09:25:54.645 T:3772773248 DEBUG: CVideoPlayerVideo::OutputPicture - ttd:105ms pts:365.115 Clock:365.009 Level:3
2019-12-02 09:25:54.685 T:3772773248 DEBUG: CVideoPlayerVideo::OutputPicture - ttd:107ms pts:365.156 Clock:365.048 Level:3
2019-12-02 09:25:54.724 T:3772773248 DEBUG: CVideoPlayerVideo::OutputPicture - ttd:110ms pts:365.198 Clock:365.088 Level:4
2019-12-02 09:25:54.769 T:3772773248 DEBUG: CVideoPlayerVideo::OutputPicture - ttd:106ms pts:365.240 Clock:365.133 Level:3
2019-12-02 09:25:54.808 T:3772773248 DEBUG: CVideoPlayerVideo::OutputPicture - ttd:109ms pts:365.282 Clock:365.172 Level:3
2019-12-02 09:25:54.853 T:3772773248 DEBUG: CVideoPlayerVideo::OutputPicture - ttd:105ms pts:365.323 Clock:365.217 Level:3
2019-12-02 09:25:54.858 T:3901322112 DEBUG: CVideoPlayer::ProcessVideoData size:44939 dts:373.498 pts:373.748 dur:41.000ms, clock:365.221 level:88
2019-12-02 09:25:54.858 T:3901322112 DEBUG: CVideoPlayer::ProcessVideoData size:10608 dts:373.540 pts:373.665 dur:41.000ms, clock:365.222 level:89
2019-12-02 09:25:54.858 T:3901322112 DEBUG: CVideoPlayer::ProcessVideoData size:7361 dts:373.582 pts:373.582 dur:41.000ms, clock:365.222 level:89
2019-12-02 09:25:54.858 T:3901322112 DEBUG: CVideoPlayer::ProcessVideoData size:7879 dts:373.623 pts:373.623 dur:41.000ms, clock:365.222 level:90
2019-12-02 09:25:54.859 T:3901322112 DEBUG: CVideoPlayer::ProcessVideoData size:6391 dts:373.665 pts:373.707 dur:41.000ms, clock:365.222 level:90
2019-12-02 09:25:54.892 T:3772773248 DEBUG: CVideoPlayerVideo::OutputPicture - ttd:109ms pts:365.365 Clock:365.256 Level:3
2019-12-02 09:25:54.937 T:3772773248 DEBUG: CVideoPlayerVideo::OutputPicture - ttd:106ms pts:365.407 Clock:365.300 Level:3
2019-12-02 09:25:54.975 T:3772773248 DEBUG: CVideoPlayerVideo::OutputPicture - ttd:109ms pts:365.448 Clock:365.338 Level:3
2019-12-02 09:25:55.019 T:3772773248 DEBUG: CVideoPlayerVideo::OutputPicture - ttd:107ms pts:365.490 Clock:365.382 Level:3
2019-12-02 09:25:55.062 T:3772773248 DEBUG: CVideoPlayerVideo::OutputPicture - ttd:106ms pts:365.532 Clock:365.426 Level:3
2019-12-02 09:25:55.100 T:3772773248 DEBUG: CVideoPlayerVideo::OutputPicture - ttd:110ms pts:365.574 Clock:365.463 Level:4
2019-12-02 09:25:55.103 T:3901322112 DEBUG: CVideoPlayer::ProcessVideoData size:45779 dts:373.707 pts:373.957 dur:41.000ms, clock:365.466 level:88
2019-12-02 09:25:55.103 T:3901322112 DEBUG: CVideoPlayer::ProcessVideoData size:10876 dts:373.748 pts:373.873 dur:41.000ms, clock:365.467 level:89
2019-12-02 09:25:55.103 T:3901322112 DEBUG: CVideoPlayer::ProcessVideoData size:7258 dts:373.790 pts:373.790 dur:41.000ms, clock:365.467 level:89
2019-12-02 09:25:55.103 T:3901322112 DEBUG: CVideoPlayer::ProcessVideoData size:7893 dts:373.832 pts:373.832 dur:41.000ms, clock:365.467 level:90
2019-12-02 09:25:55.103 T:3901322112 DEBUG: CVideoPlayer::ProcessVideoData size:6475 dts:373.873 pts:373.915 dur:41.000ms, clock:365.467 level:90
2019-12-02 09:25:55.144 T:3772773248 DEBUG: CVideoPlayerVideo::OutputPicture - ttd:107ms pts:365.615 Clock:365.507 Level:4
2019-12-02 09:25:55.188 T:3772773248 DEBUG: CVideoPlayerVideo::OutputPicture - ttd:105ms pts:365.657 Clock:365.551 Level:3
2019-12-02 09:25:55.226 T:3772773248 DEBUG: CVideoPlayerVideo::OutputPicture - ttd:109ms pts:365.699 Clock:365.589 Level:4
2019-12-02 09:25:55.270 T:3772773248 DEBUG: CVideoPlayerVideo::OutputPicture - ttd:106ms pts:365.740 Clock:365.634 Level:3
2019-12-02 09:25:55.308 T:3772773248 DEBUG: CVideoPlayerVideo::OutputPicture - ttd:110ms pts:365.782 Clock:365.672 Level:4
2019-12-02 09:25:55.352 T:3772773248 DEBUG: CVideoPlayerVideo::OutputPicture - ttd:108ms pts:365.824 Clock:365.716 Level:3
2019-12-02 09:25:55.357 T:3901322112 DEBUG: CVideoPlayer::ProcessVideoData size:42757 dts:373.915 pts:374.124 dur:41.000ms, clock:365.721 level:88
2019-12-02 09:25:55.358 T:3901322112 DEBUG: CVideoPlayer::ProcessVideoData size:14680 dts:373.957 pts:374.040 dur:41.000ms, clock:365.721 level:88
2019-12-02 09:25:55.358 T:3901322112 DEBUG: CVideoPlayer::ProcessVideoData size:11722 dts:373.999 pts:373.999 dur:41.000ms, clock:365.721 level:89
2019-12-02 09:25:55.358 T:3901322112 DEBUG: CVideoPlayer::ProcessVideoData size:6663 dts:374.040 pts:374.082 dur:41.000ms, clock:365.722 level:89
2019-12-02 09:25:55.359 T:3901322112 DEBUG: CVideoPlayer::ProcessVideoData size:50953 dts:374.082 pts:374.291 dur:41.000ms, clock:365.722 level:90
2019-12-02 09:25:55.359 T:3901322112 DEBUG: CVideoPlayer::ProcessVideoData size:15265 dts:374.124 pts:374.207 dur:41.000ms, clock:365.723 level:90
2019-12-02 09:25:55.360 T:3901322112 DEBUG: CVideoPlayer::ProcessVideoData size:7219 dts:374.165 pts:374.165 dur:41.000ms, clock:365.723 level:90
2019-12-02 09:25:55.360 T:3901322112 DEBUG: CVideoPlayer::ProcessVideoData size:10477 dts:374.207 pts:374.249 dur:41.000ms, clock:365.723 level:91
2019-12-02 09:25:55.391 T:3772773248 DEBUG: CVideoPlayerVideo::OutputPicture - ttd:110ms pts:365.865 Clock:365.755 Level:4
2019-12-02 09:25:55.435 T:3772773248 DEBUG: CVideoPlayerVideo::OutputPicture - ttd:108ms pts:365.907 Clock:365.799 Level:3
2019-12-02 09:25:55.480 T:3772773248 DEBUG: CVideoPlayerVideo::OutputPicture - ttd:106ms pts:365.949 Clock:365.843 Level:3
2019-12-02 09:25:55.518 T:3772773248 DEBUG: CVideoPlayerVideo::OutputPicture - ttd:110ms pts:365.991 Clock:365.881 Level:4
2019-12-02 09:25:55.562 T:3772773248 DEBUG: CVideoPlayerVideo::OutputPicture - ttd:106ms pts:366.032 Clock:365.925 Level:3
2019-12-02 09:25:55.600 T:3772773248 DEBUG: CVideoPlayerVideo::OutputPicture - ttd:110ms pts:366.074 Clock:365.963 Level:4
2019-12-02 09:25:55.605 T:3901322112 DEBUG: CVideoPlayer::ProcessVideoData size:45369 dts:374.249 pts:374.499 dur:41.000ms, clock:365.968 level:89
2019-12-02 09:25:55.605 T:3901322112 DEBUG: CVideoPlayer::ProcessVideoData size:23750 dts:374.291 pts:374.416 dur:41.000ms, clock:365.969 level:89
2019-12-02 09:25:55.606 T:3901322112 DEBUG: CVideoPlayer::ProcessVideoData size:7948 dts:374.332 pts:374.332 dur:41.000ms, clock:365.969 level:90
2019-12-02 09:25:55.606 T:3901322112 DEBUG: CVideoPlayer::ProcessVideoData size:8383 dts:374.374 pts:374.374 dur:41.000ms, clock:365.969 level:90
2019-12-02 09:25:55.606 T:3901322112 DEBUG: CVideoPlayer::ProcessVideoData size:7402 dts:374.416 pts:374.457 dur:41.000ms, clock:365.969 level:91
2019-12-02 09:25:55.645 T:3772773248 DEBUG: CVideoPlayerVideo::OutputPicture - ttd:108ms pts:366.116 Clock:366.008 Level:4
2019-12-02 09:25:55.689 T:3772773248 DEBUG: CVideoPlayerVideo::OutputPicture - ttd:104ms pts:366.157 Clock:366.052 Level:3
2019-12-02 09:25:55.727 T:3772773248 DEBUG: CVideoPlayerVideo::OutputPicture - ttd:108ms pts:366.199 Clock:366.090 Level:4
2019-12-02 09:25:55.772 T:3772773248 DEBUG: CVideoPlayerVideo::OutputPicture - ttd:106ms pts:366.241 Clock:366.135 Level:3
2019-12-02 09:25:55.810 T:3772773248 DEBUG: CVideoPlayerVideo::OutputPicture - ttd:110ms pts:366.283 Clock:366.173 Level:4
2019-12-02 09:25:55.817 T:3658863488 DEBUG: CecLogMessage - >> 01
2019-12-02 09:25:55.817 T:3658863488 DEBUG: CecLogMessage - << POLL: TV (0) -> Recorder 1 (1)
2019-12-02 09:25:55.854 T:3772773248 DEBUG: CVideoPlayerVideo::OutputPicture - ttd:106ms pts:366.324 Clock:366.217 Level:3
2019-12-02 09:25:55.861 T:3901322112 DEBUG: CVideoPlayer::ProcessVideoData size:49829 dts:374.457 pts:374.666 dur:41.000ms, clock:366.224 level:88
2019-12-02 09:25:55.862 T:3901322112 DEBUG: CVideoPlayer::ProcessVideoData size:15784 dts:374.499 pts:374.583 dur:41.000ms, clock:366.225 level:88
2019-12-02 09:25:55.862 T:3901322112 DEBUG: CVideoPlayer::ProcessVideoData size:7285 dts:374.541 pts:374.541 dur:41.000ms, clock:366.225 level:89
2019-12-02 09:25:55.862 T:3901322112 DEBUG: CVideoPlayer::ProcessVideoData size:8004 dts:374.583 pts:374.624 dur:41.000ms, clock:366.225 level:89
2019-12-02 09:25:55.863 T:3901322112 DEBUG: CVideoPlayer::ProcessVideoData size:44647 dts:374.624 pts:374.833 dur:41.000ms, clock:366.226 level:90
2019-12-02 09:25:55.863 T:3901322112 DEBUG: CVideoPlayer::ProcessVideoData size:13921 dts:374.666 pts:374.749 dur:41.000ms, clock:366.226 level:90
2019-12-02 09:25:55.863 T:3901322112 DEBUG: CVideoPlayer::ProcessVideoData size:6851 dts:374.708 pts:374.708 dur:41.000ms, clock:366.226 level:91
2019-12-02 09:25:55.864 T:3901322112 DEBUG: CVideoPlayer::ProcessVideoData size:7130 dts:374.749 pts:374.791 dur:41.000ms, clock:366.227 level:91
2019-12-02 09:25:55.892 T:3772773248 DEBUG: CVideoPlayerVideo::OutputPicture - ttd:111ms pts:366.366 Clock:366.255 Level:4
2019-12-02 09:25:55.937 T:3772773248 DEBUG: CVideoPlayerVideo::OutputPicture - ttd:108ms pts:366.408 Clock:366.300 Level:3
2019-12-02 09:25:55.977 T:3772773248 DEBUG: CVideoPlayerVideo::OutputPicture - ttd:108ms pts:366.449 Clock:366.340 Level:4
2019-12-02 09:25:56.020 T:3772773248 DEBUG: CVideoPlayerVideo::OutputPicture - ttd:107ms pts:366.491 Clock:366.383 Level:4
2019-12-02 09:25:56.059 T:3772773248 DEBUG: CVideoPlayerVideo::OutputPicture - ttd:110ms pts:366.533 Clock:366.422 Level:4
2019-12-02 09:25:56.104 T:3772773248 DEBUG: CVideoPlayerVideo::OutputPicture - ttd:107ms pts:366.575 Clock:366.467 Level:3
2019-12-02 09:25:56.108 T:3901322112 DEBUG: CVideoPlayer::ProcessVideoData size:56787 dts:374.791 pts:375.041 dur:41.000ms, clock:366.471 level:89
2019-12-02 09:25:56.108 T:3901322112 DEBUG: CVideoPlayer::ProcessVideoData size:12503 dts:374.833 pts:374.958 dur:41.000ms, clock:366.471 level:90
2019-12-02 09:25:56.109 T:3901322112 DEBUG: CVideoPlayer::ProcessVideoData size:16454 dts:374.874 pts:374.874 dur:41.000ms, clock:366.471 level:90
2019-12-02 09:25:56.109 T:3901322112 DEBUG: CVideoPlayer::ProcessVideoData size:10249 dts:374.916 pts:374.916 dur:41.000ms, clock:366.472 level:91
2019-12-02 09:25:56.109 T:3901322112 DEBUG: CVideoPlayer::ProcessVideoData size:7531 dts:374.958 pts:375.000 dur:41.000ms, clock:366.472 level:91
2019-12-02 09:25:56.142 T:3772773248 DEBUG: CVideoPlayerVideo::OutputPicture - ttd:110ms pts:366.616 Clock:366.505 Level:4
2019-12-02 09:25:56.187 T:3772773248 DEBUG: CVideoPlayerVideo::OutputPicture - ttd:107ms pts:366.658 Clock:366.550 Level:3
2019-12-02 09:25:56.232 T:3772773248 DEBUG: CVideoPlayerVideo::OutputPicture - ttd:105ms pts:366.700 Clock:366.594 Level:3
2019-12-02 09:25:56.274 T:3772773248 DEBUG: CVideoPlayerVideo::OutputPicture - ttd:104ms pts:366.741 Clock:366.636 Level:3
2019-12-02 09:25:56.313 T:3772773248 DEBUG: CVideoPlayerVideo::OutputPicture - ttd:107ms pts:366.783 Clock:366.675 Level:3
2019-12-02 09:25:56.351 T:3772773248 DEBUG: CVideoPlayerVideo::OutputPicture - ttd:110ms pts:366.825 Clock:366.714 Level:4
2019-12-02 09:25:56.354 T:3901322112 DEBUG: CVideoPlayer::ProcessVideoData size:45081 dts:375.000 pts:375.250 dur:41.000ms, clock:366.717 level:89
2019-12-02 09:25:56.355 T:3901322112 DEBUG: CVideoPlayer::ProcessVideoData size:12035 dts:375.041 pts:375.166 dur:41.000ms, clock:366.717 level:89
2019-12-02 09:25:56.355 T:3901322112 DEBUG: CVideoPlayer::ProcessVideoData size:7085 dts:375.083 pts:375.083 dur:41.000ms, clock:366.718 level:90
2019-12-02 09:25:56.356 T:3901322112 DEBUG: CVideoPlayer::ProcessVideoData size:7670 dts:375.125 pts:375.125 dur:41.000ms, clock:366.718 level:90
2019-12-02 09:25:56.356 T:3901322112 DEBUG: CVideoPlayer::ProcessVideoData size:14523 dts:375.166 pts:375.208 dur:41.000ms, clock:366.719 level:91
2019-12-02 09:25:56.395 T:3772773248 DEBUG: CVideoPlayerVideo::OutputPicture - ttd:108ms pts:366.866 Clock:366.757 Level:4
2019-12-02 09:25:56.440 T:3772773248 DEBUG: CVideoPlayerVideo::OutputPicture - ttd:105ms pts:366.908 Clock:366.803 Level:3
2019-12-02 09:25:56.479 T:3772773248 DEBUG: CVideoPlayerVideo::OutputPicture - ttd:107ms pts:366.950 Clock:366.842 Level:3
2019-12-02 09:25:56.518 T:3772773248 DEBUG: CVideoPlayerVideo::OutputPicture - ttd:111ms pts:366.992 Clock:366.881 Level:4
2019-12-02 09:25:56.564 T:3772773248 DEBUG: CVideoPlayerVideo::OutputPicture - ttd:106ms pts:367.033 Clock:366.926 Level:3
2019-12-02 09:25:56.603 T:3772773248 DEBUG: CVideoPlayerVideo::OutputPicture - ttd:109ms pts:367.075 Clock:366.965 Level:4
2019-12-02 09:25:56.648 T:3772773248 DEBUG: CVideoPlayerVideo::OutputPicture - ttd:106ms pts:367.117 Clock:367.010 Level:3
2019-12-02 09:25:56.661 T:3901322112 DEBUG: CVideoPlayer::ProcessVideoData size:56022 dts:375.208 pts:375.458 dur:41.000ms, clock:367.023 level:87
2019-12-02 09:25:56.661 T:3901322112 DEBUG: CVideoPlayer::ProcessVideoData size:12674 dts:375.250 pts:375.375 dur:41.000ms, clock:367.024 level:88
2019-12-02 09:25:56.661 T:3901322112 DEBUG: CVideoPlayer::ProcessVideoData size:9270 dts:375.292 pts:375.292 dur:41.000ms, clock:367.024 level:88
2019-12-02 09:25:56.662 T:3901322112 DEBUG: CVideoPlayer::ProcessVideoData size:8782 dts:375.333 pts:375.333 dur:41.000ms, clock:367.024 level:89
2019-12-02 09:25:56.662 T:3901322112 DEBUG: CVideoPlayer::ProcessVideoData size:7175 dts:375.375 pts:375.417 dur:41.000ms, clock:367.025 level:89
2019-12-02 09:25:56.689 T:3772773248 DEBUG: CVideoPlayerVideo::OutputPicture - ttd:107ms pts:367.158 Clock:367.051 Level:3
2019-12-02 09:25:56.733 T:3772773248 DEBUG: CVideoPlayerVideo::OutputPicture - ttd:104ms pts:367.200 Clock:367.095 Level:3
2019-12-02 09:25:56.771 T:3772773248 DEBUG: CVideoPlayerVideo::OutputPicture - ttd:108ms pts:367.242 Clock:367.133 Level:4
2019-12-02 09:25:56.815 T:3772773248 DEBUG: CVideoPlayerVideo::OutputPicture - ttd:106ms pts:367.284 Clock:367.177 Level:3
2019-12-02 09:25:56.853 T:3772773248 DEBUG: CVideoPlayerVideo::OutputPicture - ttd:109ms pts:367.325 Clock:367.215 Level:3
2019-12-02 09:25:56.895 T:3772773248 DEBUG: CVideoPlayerVideo::OutputPicture - ttd:109ms pts:367.367 Clock:367.258 Level:3
2019-12-02 09:25:56.906 T:3901322112 DEBUG: CVideoPlayer::ProcessVideoData size:53220 dts:375.417 pts:375.667 dur:41.000ms, clock:367.269 level:86
2019-12-02 09:25:56.907 T:3901322112 DEBUG: CVideoPlayer::ProcessVideoData size:12868 dts:375.458 pts:375.584 dur:41.000ms, clock:367.269 level:87
2019-12-02 09:25:56.907 T:3901322112 DEBUG: CVideoPlayer::ProcessVideoData size:8847 dts:375.500 pts:375.500 dur:41.000ms, clock:367.269 level:87
2019-12-02 09:25:56.908 T:3901322112 DEBUG: CVideoPlayer::ProcessVideoData size:9129 dts:375.542 pts:375.542 dur:41.000ms, clock:367.270 level:88
2019-12-02 09:25:56.908 T:3901322112 DEBUG: CVideoPlayer::ProcessVideoData size:9146 dts:375.584 pts:375.625 dur:41.000ms, clock:367.270 level:88
2019-12-02 09:25:56.941 T:3772773248 DEBUG: CVideoPlayerVideo::OutputPicture - ttd:105ms pts:367.409 Clock:367.303 Level:3
2019-12-02 09:25:56.980 T:3772773248 DEBUG: CVideoPlayerVideo::OutputPicture - ttd:107ms pts:367.450 Clock:367.342 Level:3
2019-12-02 09:25:57.025 T:3772773248 DEBUG: CVideoPlayerVideo::OutputPicture - ttd:104ms pts:367.492 Clock:367.388 Level:3
2019-12-02 09:25:57.062 T:3772773248 DEBUG: CVideoPlayerVideo::OutputPicture - ttd:109ms pts:367.534 Clock:367.424 Level:4
2019-12-02 09:25:57.107 T:3772773248 DEBUG: CVideoPlayerVideo::OutputPicture - ttd:107ms pts:367.576 Clock:367.469 Level:3
2019-12-02 09:25:57.145 T:3772773248 DEBUG: CVideoPlayerVideo::OutputPicture - ttd:110ms pts:367.617 Clock:367.507 Level:4
2019-12-02 09:25:57.162 T:3901322112 DEBUG: CVideoPlayer::ProcessVideoData size:51644 dts:375.625 pts:375.875 dur:41.000ms, clock:367.524 level:86
2019-12-02 09:25:57.163 T:3901322112 DEBUG: CVideoPlayer::ProcessVideoData size:13826 dts:375.667 pts:375.792 dur:41.000ms, clock:367.525 level:87
2019-12-02 09:25:57.163 T:3901322112 DEBUG: CVideoPlayer::ProcessVideoData size:9543 dts:375.709 pts:375.709 dur:41.000ms, clock:367.525 level:87
2019-12-02 09:25:57.163 T:3901322112 DEBUG: CVideoPlayer::ProcessVideoData size:9339 dts:375.750 pts:375.750 dur:41.000ms, clock:367.526 level:88
2019-12-02 09:25:57.164 T:3901322112 DEBUG: CVideoPlayer::ProcessVideoData size:8382 dts:375.792 pts:375.834 dur:41.000ms, clock:367.526 level:88
2019-12-02 09:25:57.164 T:3901322112 DEBUG: CVideoPlayer::ProcessVideoData size:52687 dts:375.834 pts:376.084 dur:41.000ms, clock:367.526 level:89
2019-12-02 09:25:57.165 T:3901322112 DEBUG: CVideoPlayer::ProcessVideoData size:27766 dts:375.875 pts:376.001 dur:41.000ms, clock:367.527 level:89
2019-12-02 09:25:57.165 T:3901322112 DEBUG: CVideoPlayer::ProcessVideoData size:9831 dts:375.917 pts:375.917 dur:41.000ms, clock:367.527 level:90
2019-12-02 09:25:57.166 T:3901322112 DEBUG: CVideoPlayer::ProcessVideoData size:10840 dts:375.959 pts:375.959 dur:41.000ms, clock:367.528 level:90
2019-12-02 09:25:57.166 T:3901322112 DEBUG: CVideoPlayer::ProcessVideoData size:9621 dts:376.001 pts:376.042 dur:41.000ms, clock:367.528 level:91
2019-12-02 09:25:57.186 T:3772773248 DEBUG: CVideoPlayerVideo::OutputPicture - ttd:110ms pts:367.659 Clock:367.548 Level:4
2019-12-02 09:25:57.231 T:3772773248 DEBUG: CVideoPlayerVideo::OutputPicture - ttd:108ms pts:367.701 Clock:367.593 Level:3
2019-12-02 09:25:57.259 T:3901322112 DEBUG: CVideoPlayer::ProcessVideoData size:49255 dts:376.042 pts:376.251 dur:41.000ms, clock:367.621 level:90
2019-12-02 09:25:57.260 T:3901322112 DEBUG: CVideoPlayer::ProcessVideoData size:18115 dts:376.084 pts:376.167 dur:41.000ms, clock:367.622 level:91
2019-12-02 09:25:57.261 T:3901322112 DEBUG: CVideoPlayer::ProcessVideoData size:8280 dts:376.126 pts:376.126 dur:41.000ms, clock:367.623 level:91
2019-12-02 09:25:57.261 T:3901322112 DEBUG: CVideoPlayer::ProcessVideoData size:8291 dts:376.167 pts:376.209 dur:41.000ms, clock:367.623 level:92
2019-12-02 09:25:57.275 T:3772773248 DEBUG: CVideoPlayerVideo::OutputPicture - ttd:104ms pts:367.742 Clock:367.637 Level:3
2019-12-02 09:25:57.313 T:3772773248 DEBUG: CVideoPlayerVideo::OutputPicture - ttd:108ms pts:367.784 Clock:367.675 Level:4
2019-12-02 09:25:57.358 T:3772773248 DEBUG: CVideoPlayerVideo::OutputPicture - ttd:106ms pts:367.826 Clock:367.719 Level:3
2019-12-02 09:25:57.395 T:3772773248 DEBUG: CVideoPlayerVideo::OutputPicture - ttd:109ms pts:367.867 Clock:367.757 Level:4
2019-12-02 09:25:57.440 T:3772773248 DEBUG: CVideoPlayerVideo::OutputPicture - ttd:107ms pts:367.909 Clock:367.802 Level:3
2019-12-02 09:25:57.484 T:3772773248 DEBUG: CVideoPlayerVideo::OutputPicture - ttd:105ms pts:367.951 Clock:367.846 Level:3
2019-12-02 09:25:57.506 T:3901322112 DEBUG: CVideoPlayer::ProcessVideoData size:46393 dts:376.209 pts:376.376 dur:41.000ms, clock:367.868 level:89
