2019-12-02 09:25:41.022 T:3901322112 DEBUG: CVideoPlayer::ProcessVideoData size:26384 dts:355.981 pts:356.231 dur:41.000ms, clock:351.733 level:44
2019-12-02 09:25:41.022 T:3901322112 DEBUG: CVideoPlayer::ProcessVideoData size:2421 dts:356.022 pts:356.147 dur:41.000ms, clock:351.733 level:45
2019-12-02 09:25:41.022 T:4065601376 DEBUG: CAMLCodec::SetVideoRect:display(0,0,1920,1080)
2019-12-02 09:25:41.022 T:4065601376 DEBUG: CAMLCodec::SetVideoRect:gui(0,0,1920,1080)
2019-12-02 09:25:41.022 T:3901322112 DEBUG: CVideoPlayer::ProcessVideoData size:1053 dts:356.064 pts:356.064 dur:41.000ms, clock:351.733 level:45
2019-12-02 09:25:41.022 T:4065601376 DEBUG: CAMLCodec::SetVideoRect:m_dst_rect(0,140,1920,800)
2019-12-02 09:25:41.022 T:4065601376 DEBUG: CAMLCodec::SetVideoRect:dst_rect(0,140,1920,800)
2019-12-02 09:25:41.022 T:4065601376 DEBUG: CAMLCodec::SetVideoRect:m_guiStereoMode(0)
2019-12-02 09:25:41.022 T:4065601376 DEBUG: CAMLCodec::SetVideoRect:m_guiStereoView(0)
2019-12-02 09:25:41.022 T:3901322112 DEBUG: CVideoPlayer::ProcessVideoData size:1035 dts:356.106 pts:356.106 dur:41.000ms, clock:351.733 level:46
2019-12-02 09:25:41.022 T:3901322112 DEBUG: CVideoPlayer::ProcessVideoData size:647 dts:356.147 pts:356.189 dur:41.000ms, clock:351.733 level:46
2019-12-02 09:25:41.024 T:3901322112 DEBUG: CVideoPlayer::ProcessVideoData size:21788 dts:356.189 pts:356.439 dur:41.000ms, clock:351.733 level:47
2019-12-02 09:25:41.024 T:3901322112 DEBUG: CVideoPlayer::ProcessVideoData size:1882 dts:356.231 pts:356.356 dur:41.000ms, clock:351.733 level:47
2019-12-02 09:25:41.024 T:3901322112 DEBUG: CVideoPlayer::ProcessVideoData size:800 dts:356.273 pts:356.273 dur:41.000ms, clock:351.733 level:48
2019-12-02 09:25:41.024 T:3901322112 DEBUG: CVideoPlayer::ProcessVideoData size:1266 dts:356.314 pts:356.314 dur:41.000ms, clock:351.733 level:48
2019-12-02 09:25:41.025 T:3901322112 DEBUG: CVideoPlayer::ProcessVideoData size:687 dts:356.356 pts:356.398 dur:41.000ms, clock:351.733 level:49
2019-12-02 09:25:41.025 T:3901322112 DEBUG: CVideoPlayer::ProcessVideoData size:23487 dts:356.398 pts:356.606 dur:41.000ms, clock:351.733 level:50
2019-12-02 09:25:41.025 T:3901322112 DEBUG: CVideoPlayer::ProcessVideoData size:2996 dts:356.439 pts:356.523 dur:41.000ms, clock:351.733 level:50
2019-12-02 09:25:41.025 T:3901322112 DEBUG: CVideoPlayer::ProcessVideoData size:631 dts:356.481 pts:356.481 dur:41.000ms, clock:351.733 level:51
2019-12-02 09:25:41.025 T:3901322112 DEBUG: CVideoPlayer::ProcessVideoData size:543 dts:356.523 pts:356.565 dur:41.000ms, clock:351.733 level:51
2019-12-02 09:25:41.027 T:4032820096 INFO: CActiveAESink::OpenSink - initialize sink
2019-12-02 09:25:41.028 T:3901322112 DEBUG: CVideoPlayer::ProcessVideoData size:25027 dts:356.565 pts:356.815 dur:41.000ms, clock:351.733 level:52
2019-12-02 09:25:41.029 T:3901322112 DEBUG: CVideoPlayer::ProcessVideoData size:2340 dts:356.606 pts:356.731 dur:41.000ms, clock:351.733 level:52
2019-12-02 09:25:41.029 T:3901322112 DEBUG: CVideoPlayer::ProcessVideoData size:989 dts:356.648 pts:356.648 dur:41.000ms, clock:351.733 level:53
2019-12-02 09:25:41.029 T:3901322112 DEBUG: CVideoPlayer::ProcessVideoData size:1156 dts:356.690 pts:356.690 dur:41.000ms, clock:351.733 level:53
2019-12-02 09:25:41.029 T:3901322112 DEBUG: CVideoPlayer::ProcessVideoData size:694 dts:356.731 pts:356.773 dur:41.000ms, clock:351.733 level:54
2019-12-02 09:25:41.033 T:3901322112 DEBUG: CVideoPlayer::ProcessVideoData size:25924 dts:356.773 pts:357.023 dur:41.000ms, clock:351.733 level:54
2019-12-02 09:25:41.033 T:3901322112 DEBUG: CVideoPlayer::ProcessVideoData size:3279 dts:356.815 pts:356.940 dur:41.000ms, clock:351.733 level:55
2019-12-02 09:25:41.033 T:3901322112 DEBUG: CVideoPlayer::ProcessVideoData size:1272 dts:356.856 pts:356.856 dur:41.000ms, clock:351.733 level:55
2019-12-02 09:25:41.034 T:3901322112 DEBUG: CVideoPlayer::ProcessVideoData size:2264 dts:356.898 pts:356.898 dur:41.000ms, clock:351.733 level:56
2019-12-02 09:25:41.034 T:3901322112 DEBUG: CVideoPlayer::ProcessVideoData size:1284 dts:356.940 pts:356.982 dur:41.000ms, clock:351.733 level:56
2019-12-02 09:25:41.035 T:3901322112 DEBUG: CVideoPlayer::ProcessVideoData size:30993 dts:356.982 pts:357.232 dur:41.000ms, clock:351.733 level:57
2019-12-02 09:25:41.035 T:3901322112 DEBUG: CVideoPlayer::ProcessVideoData size:3329 dts:357.023 pts:357.148 dur:41.000ms, clock:351.733 level:57
2019-12-02 09:25:41.035 T:3901322112 DEBUG: CVideoPlayer::ProcessVideoData size:1527 dts:357.065 pts:357.065 dur:41.000ms, clock:351.733 level:58
2019-12-02 09:25:41.036 T:3901322112 DEBUG: CVideoPlayer::ProcessVideoData size:1650 dts:357.107 pts:357.107 dur:41.000ms, clock:351.733 level:58
2019-12-02 09:25:41.036 T:3901322112 DEBUG: CVideoPlayer::ProcessVideoData size:751 dts:357.148 pts:357.190 dur:41.000ms, clock:351.733 level:59
2019-12-02 09:25:41.036 T:3901322112 DEBUG: CVideoPlayer::ProcessVideoData size:27478 dts:357.190 pts:357.399 dur:41.000ms, clock:351.733 level:59
2019-12-02 09:25:41.037 T:3901322112 DEBUG: CVideoPlayer::ProcessVideoData size:3658 dts:357.232 pts:357.315 dur:41.000ms, clock:351.733 level:60
2019-12-02 09:25:41.037 T:3901322112 DEBUG: CVideoPlayer::ProcessVideoData size:1133 dts:357.274 pts:357.274 dur:41.000ms, clock:351.733 level:60
2019-12-02 09:25:41.038 T:3901322112 DEBUG: CVideoPlayer::ProcessVideoData size:822 dts:357.315 pts:357.357 dur:41.000ms, clock:351.733 level:61
2019-12-02 09:25:41.040 T:3901322112 DEBUG: CVideoPlayer::ProcessVideoData size:31585 dts:357.357 pts:357.607 dur:41.000ms, clock:351.733 level:61
2019-12-02 09:25:41.040 T:3901322112 DEBUG: CVideoPlayer::ProcessVideoData size:4224 dts:357.399 pts:357.524 dur:41.000ms, clock:351.733 level:62
2019-12-02 09:25:41.041 T:3901322112 DEBUG: CVideoPlayer::ProcessVideoData size:1440 dts:357.440 pts:357.440 dur:41.000ms, clock:351.733 level:63
2019-12-02 09:25:41.041 T:3901322112 DEBUG: CVideoPlayer::ProcessVideoData size:2056 dts:357.482 pts:357.482 dur:41.000ms, clock:351.733 level:63
2019-12-02 09:25:41.041 T:3901322112 DEBUG: CVideoPlayer::ProcessVideoData size:955 dts:357.524 pts:357.566 dur:41.000ms, clock:351.733 level:64
2019-12-02 09:25:41.043 T:3901322112 DEBUG: CVideoPlayer::ProcessVideoData size:34682 dts:357.566 pts:357.816 dur:41.000ms, clock:351.733 level:64
2019-12-02 09:25:41.043 T:3901322112 DEBUG: CVideoPlayer::ProcessVideoData size:4231 dts:357.607 pts:357.732 dur:41.000ms, clock:351.733 level:65
2019-12-02 09:25:41.044 T:3901322112 DEBUG: CVideoPlayer::ProcessVideoData size:1797 dts:357.649 pts:357.649 dur:41.000ms, clock:351.733 level:65
2019-12-02 09:25:41.045 T:3901322112 DEBUG: CVideoPlayer::ProcessVideoData size:2657 dts:357.691 pts:357.691 dur:41.000ms, clock:351.733 level:66
2019-12-02 09:25:41.046 T:3901322112 DEBUG: CVideoPlayer::ProcessVideoData size:5064 dts:357.732 pts:357.774 dur:41.000ms, clock:351.733 level:66
2019-12-02 09:25:41.051 T:3901322112 DEBUG: CVideoPlayer::ProcessVideoData size:33035 dts:357.774 pts:357.983 dur:41.000ms, clock:351.733 level:67
2019-12-02 09:25:41.051 T:3901322112 DEBUG: CVideoPlayer::ProcessVideoData size:5628 dts:357.816 pts:357.899 dur:41.000ms, clock:351.733 level:67
2019-12-02 09:25:41.051 T:3901322112 DEBUG: CVideoPlayer::ProcessVideoData size:1574 dts:357.857 pts:357.857 dur:41.000ms, clock:351.733 level:68
2019-12-02 09:25:41.051 T:3901322112 DEBUG: CVideoPlayer::ProcessVideoData size:1704 dts:357.899 pts:357.941 dur:41.000ms, clock:351.733 level:68
2019-12-02 09:25:41.052 T:3901322112 DEBUG: CVideoPlayer::ProcessVideoData size:34185 dts:357.941 pts:358.149 dur:41.000ms, clock:351.733 level:69
2019-12-02 09:25:41.053 T:3901322112 DEBUG: CVideoPlayer::ProcessVideoData size:7506 dts:357.983 pts:358.066 dur:41.000ms, clock:351.733 level:69
2019-12-02 09:25:41.053 T:3901322112 DEBUG: CVideoPlayer::ProcessVideoData size:1783 dts:358.024 pts:358.024 dur:41.000ms, clock:351.733 level:70
2019-12-02 09:25:41.054 T:3901322112 DEBUG: CVideoPlayer::ProcessVideoData size:2378 dts:358.066 pts:358.108 dur:41.000ms, clock:351.733 level:70
2019-12-02 09:25:41.056 T:3901322112 DEBUG: CVideoPlayer::ProcessVideoData size:43569 dts:358.108 pts:358.316 dur:41.000ms, clock:351.733 level:71
2019-12-02 09:25:41.057 T:3901322112 DEBUG: CVideoPlayer::ProcessVideoData size:9322 dts:358.149 pts:358.233 dur:41.000ms, clock:351.733 level:71
2019-12-02 09:25:41.057 T:3901322112 DEBUG: CVideoPlayer::ProcessVideoData size:2733 dts:358.191 pts:358.191 dur:41.000ms, clock:351.733 level:72
2019-12-02 09:25:41.058 T:3901322112 DEBUG: CVideoPlayer::ProcessVideoData size:5071 dts:358.233 pts:358.275 dur:41.000ms, clock:351.733 level:72
2019-12-02 09:25:41.061 T:3901322112 DEBUG: CVideoPlayer::ProcessVideoData size:30975 dts:358.275 pts:358.441 dur:41.000ms, clock:351.733 level:73
2019-12-02 09:25:41.061 T:3901322112 DEBUG: CVideoPlayer::ProcessVideoData size:3274 dts:358.316 pts:358.400 dur:41.000ms, clock:351.733 level:73
2019-12-02 09:25:41.061 T:3901322112 DEBUG: CVideoPlayer::ProcessVideoData size:1578 dts:358.358 pts:358.358 dur:41.000ms, clock:351.733 level:74
2019-12-02 09:25:41.063 T:3901322112 DEBUG: CVideoPlayer::ProcessVideoData size:36264 dts:358.400 pts:358.608 dur:41.000ms, clock:351.733 level:75
2019-12-02 09:25:41.064 T:3901322112 DEBUG: CVideoPlayer::ProcessVideoData size:4912 dts:358.441 pts:358.525 dur:41.000ms, clock:351.733 level:75
2019-12-02 09:25:41.065 T:3901322112 DEBUG: CVideoPlayer::ProcessVideoData size:1277 dts:358.483 pts:358.483 dur:41.000ms, clock:351.733 level:76
2019-12-02 09:25:41.065 T:3901322112 DEBUG: CVideoPlayer::ProcessVideoData size:726 dts:358.525 pts:358.567 dur:41.000ms, clock:351.733 level:76
2019-12-02 09:25:41.070 T:3901322112 DEBUG: CVideoPlayer::ProcessVideoData size:32040 dts:358.567 pts:358.775 dur:41.000ms, clock:351.733 level:77
2019-12-02 09:25:41.070 T:3901322112 DEBUG: CVideoPlayer::ProcessVideoData size:3756 dts:358.608 pts:358.692 dur:41.000ms, clock:351.733 level:77
2019-12-02 09:25:41.071 T:3901322112 DEBUG: CVideoPlayer::ProcessVideoData size:1146 dts:358.650 pts:358.650 dur:41.000ms, clock:351.733 level:78
2019-12-02 09:25:41.071 T:3901322112 DEBUG: CVideoPlayer::ProcessVideoData size:859 dts:358.692 pts:358.733 dur:41.000ms, clock:351.733 level:78
2019-12-02 09:25:41.072 T:3901322112 DEBUG: CVideoPlayer::ProcessVideoData size:40151 dts:358.733 pts:358.942 dur:41.000ms, clock:351.733 level:79
2019-12-02 09:25:41.073 T:3901322112 DEBUG: CVideoPlayer::ProcessVideoData size:5506 dts:358.775 pts:358.858 dur:41.000ms, clock:351.733 level:79
2019-12-02 09:25:41.073 T:3901322112 DEBUG: CVideoPlayer::ProcessVideoData size:823 dts:358.817 pts:358.817 dur:41.000ms, clock:351.733 level:80
2019-12-02 09:25:41.074 T:3901322112 DEBUG: CVideoPlayer::ProcessVideoData size:780 dts:358.858 pts:358.900 dur:41.000ms, clock:351.733 level:80
2019-12-02 09:25:41.076 T:3901322112 DEBUG: CVideoPlayer::ProcessVideoData size:39273 dts:358.900 pts:359.150 dur:41.000ms, clock:351.733 level:81
2019-12-02 09:25:41.077 T:3901322112 DEBUG: CVideoPlayer::ProcessVideoData size:2351 dts:358.942 pts:359.067 dur:41.000ms, clock:351.733 level:81
2019-12-02 09:25:41.077 T:3901322112 DEBUG: CVideoPlayer::ProcessVideoData size:945 dts:358.984 pts:358.984 dur:41.000ms, clock:351.733 level:82
2019-12-02 09:25:41.077 T:3901322112 DEBUG: CVideoPlayer::ProcessVideoData size:1372 dts:359.025 pts:359.025 dur:41.000ms, clock:351.733 level:82
2019-12-02 09:25:41.078 T:3901322112 DEBUG: CVideoPlayer::ProcessVideoData size:1458 dts:359.067 pts:359.109 dur:41.000ms, clock:351.733 level:83
2019-12-02 09:25:41.080 T:3901322112 DEBUG: CVideoPlayer::ProcessVideoData size:31592 dts:359.109 pts:359.359 dur:41.000ms, clock:351.733 level:83
2019-12-02 09:25:41.080 T:3901322112 DEBUG: CVideoPlayer::ProcessVideoData size:2377 dts:359.150 pts:359.276 dur:41.000ms, clock:351.733 level:84
2019-12-02 09:25:41.081 T:3901322112 DEBUG: CVideoPlayer::ProcessVideoData size:1183 dts:359.192 pts:359.192 dur:41.000ms, clock:351.733 level:84
2019-12-02 09:25:41.081 T:3901322112 DEBUG: CVideoPlayer::ProcessVideoData size:965 dts:359.234 pts:359.234 dur:41.000ms, clock:351.733 level:85
2019-12-02 09:25:41.081 T:3901322112 DEBUG: CVideoPlayer::ProcessVideoData size:1181 dts:359.276 pts:359.317 dur:41.000ms, clock:351.733 level:85
2019-12-02 09:25:41.090 T:3901322112 DEBUG: CVideoPlayer::ProcessVideoData size:33674 dts:359.317 pts:359.526 dur:41.000ms, clock:351.733 level:86
2019-12-02 09:25:41.091 T:3901322112 DEBUG: CVideoPlayer::ProcessVideoData size:2012 dts:359.359 pts:359.442 dur:41.000ms, clock:351.733 level:87
2019-12-02 09:25:41.091 T:3901322112 DEBUG: CVideoPlayer::ProcessVideoData size:982 dts:359.401 pts:359.401 dur:41.000ms, clock:351.733 level:87
2019-12-02 09:25:41.091 T:3901322112 DEBUG: CVideoPlayer::ProcessVideoData size:1164 dts:359.442 pts:359.484 dur:41.000ms, clock:351.733 level:88
2019-12-02 09:25:41.092 T:3901322112 DEBUG: CVideoPlayer::ProcessVideoData size:42186 dts:359.484 pts:359.693 dur:41.000ms, clock:351.733 level:88
2019-12-02 09:25:41.093 T:3901322112 DEBUG: CVideoPlayer::ProcessVideoData size:2910 dts:359.526 pts:359.609 dur:41.000ms, clock:351.733 level:89
2019-12-02 09:25:41.093 T:3901322112 DEBUG: CVideoPlayer::ProcessVideoData size:692 dts:359.568 pts:359.568 dur:41.000ms, clock:351.733 level:89
2019-12-02 09:25:41.094 T:3901322112 DEBUG: CVideoPlayer::ProcessVideoData size:603 dts:359.609 pts:359.651 dur:41.000ms, clock:351.733 level:90
2019-12-02 09:25:41.096 T:3901322112 DEBUG: CVideoPlayer::ProcessVideoData size:33629 dts:359.651 pts:359.859 dur:41.000ms, clock:351.733 level:90
2019-12-02 09:25:41.096 T:3901322112 DEBUG: CVideoPlayer::ProcessVideoData size:3901 dts:359.693 pts:359.776 dur:41.000ms, clock:351.733 level:91
2019-12-02 09:25:41.097 T:3901322112 DEBUG: CVideoPlayer::ProcessVideoData size:597 dts:359.734 pts:359.734 dur:41.000ms, clock:351.733 level:91
2019-12-02 09:25:41.097 T:3901322112 DEBUG: CVideoPlayer::ProcessVideoData size:773 dts:359.776 pts:359.818 dur:41.000ms, clock:351.733 level:92
2019-12-02 09:25:41.099 T:3901322112 DEBUG: CVideoPlayer::ProcessVideoData size:26566 dts:359.818 pts:360.068 dur:41.000ms, clock:351.733 level:92
2019-12-02 09:25:41.099 T:3901322112 DEBUG: CVideoPlayer::ProcessVideoData size:3339 dts:359.859 pts:359.985 dur:41.000ms, clock:351.733 level:93
2019-12-02 09:25:41.100 T:3901322112 DEBUG: CVideoPlayer::ProcessVideoData size:966 dts:359.901 pts:359.901 dur:41.000ms, clock:351.733 level:93
2019-12-02 09:25:41.100 T:3901322112 DEBUG: CVideoPlayer::ProcessVideoData size:1215 dts:359.943 pts:359.943 dur:41.000ms, clock:351.733 level:94
2019-12-02 09:25:41.100 T:3901322112 DEBUG: CVideoPlayer::ProcessVideoData size:954 dts:359.985 pts:360.026 dur:41.000ms, clock:351.733 level:94
2019-12-02 09:25:41.100 T:3901322112 DEBUG: CVideoPlayer::ProcessVideoData size:25678 dts:360.026 pts:360.193 dur:41.000ms, clock:351.733 level:95
2019-12-02 09:25:41.101 T:3901322112 DEBUG: CVideoPlayer::ProcessVideoData size:2429 dts:360.068 pts:360.151 dur:41.000ms, clock:351.733 level:95
2019-12-02 09:25:41.102 T:3901322112 DEBUG: CVideoPlayer::ProcessVideoData size:1583 dts:360.110 pts:360.110 dur:41.000ms, clock:351.733 level:96
2019-12-02 09:25:41.109 T:3901322112 DEBUG: CVideoPlayer::ProcessVideoData size:27035 dts:360.151 pts:360.318 dur:41.000ms, clock:351.733 level:96
2019-12-02 09:25:41.110 T:3901322112 DEBUG: CVideoPlayer::ProcessVideoData size:3073 dts:360.193 pts:360.277 dur:41.000ms, clock:351.733 level:97
2019-12-02 09:25:41.111 T:3901322112 DEBUG: CVideoPlayer::ProcessVideoData size:1600 dts:360.235 pts:360.235 dur:41.000ms, clock:351.733 level:97
2019-12-02 09:25:41.112 T:3901322112 DEBUG: CVideoPlayer::ProcessVideoData size:35527 dts:360.277 pts:360.443 dur:41.000ms, clock:351.733 level:98
2019-12-02 09:25:41.112 T:3901322112 DEBUG: CVideoPlayer::ProcessVideoData size:4120 dts:360.318 pts:360.402 dur:41.000ms, clock:351.733 level:99
2019-12-02 09:25:41.113 T:3901322112 DEBUG: CVideoPlayer::ProcessVideoData size:2520 dts:360.360 pts:360.360 dur:41.000ms, clock:351.733 level:99
2019-12-02 09:25:41.229 T:4032820096 DEBUG: CActiveAESink::OpenSink - trying to open device ALSA:hdmi:CARD=AMLAUGESOUND,DEV=0
2019-12-02 09:25:41.229 T:4032820096 INFO: CAESinkALSA::Initialize - Attempting to open device "hdmi:CARD=AMLAUGESOUND,DEV=0"
2019-12-02 09:25:41.232 T:4032820096 INFO: CAESinkALSA::Initialize - Opened device "hdmi:CARD=AMLAUGESOUND,DEV=0,AES0=0x06,AES1=0x82,AES2=0x00,AES3=0x02"
2019-12-02 09:25:41.233 T:4032820096 DEBUG: CAESinkALSA::InitializeHW - Request: periodSize 2400, bufferSize 9600
2019-12-02 09:25:41.233 T:4032820096 DEBUG: CAESinkALSA::InitializeHW - Got: periodSize 2400, bufferSize 9600
2019-12-02 09:25:41.233 T:4032820096 DEBUG: CAESinkALSA::InitializeHW - Setting timeout to 200 ms
2019-12-02 09:25:41.233 T:4032820096 DEBUG: CAESinkALSA::GetChannelLayout - Input Channel Count: 2 Output Channel Count: 2
2019-12-02 09:25:41.233 T:4032820096 DEBUG: CAESinkALSA::GetChannelLayout - Requested Layout: RAW, RAW
2019-12-02 09:25:41.233 T:4032820096 DEBUG: CAESinkALSA::GetChannelLayout - Got Layout: RAW, RAW (ALSA: none)
2019-12-02 09:25:41.233 T:4032820096 DEBUG: CActiveAESink::OpenSink - ALSA Initialized:
2019-12-02 09:25:41.233 T:4032820096 DEBUG: Output Device : AML-AUGESOUND
2019-12-02 09:25:41.233 T:4032820096 DEBUG: Sample Rate : 48000
2019-12-02 09:25:41.233 T:4032820096 DEBUG: Sample Format : AE_FMT_S16NE
2019-12-02 09:25:41.233 T:4032820096 DEBUG: Channel Count : 2
2019-12-02 09:25:41.233 T:4032820096 DEBUG: Channel Layout: RAW, RAW
2019-12-02 09:25:41.233 T:4032820096 DEBUG: Frames : 2400
2019-12-02 09:25:41.233 T:4032820096 DEBUG: Frame Size : 4
2019-12-02 09:25:41.235 T:4042916736 DEBUG: CActiveAE::ClearDiscardedBuffers - buffer pool deleted
2019-12-02 09:25:41.245 T:3901322112 DEBUG: Previous line repeats 1 times.
2019-12-02 09:25:41.245 T:3901322112 DEBUG: CVideoPlayer::HandleMessages - player started 1
2019-12-02 09:25:41.245 T:3901322112 DEBUG: CDVDClock::SetSpeedAdjust - adjusted:0.000000
2019-12-02 09:25:41.246 T:3353285504 DEBUG: Previous line repeats 1 times.
2019-12-02 09:25:41.246 T:3353285504 DEBUG: OnAVChange: CApplication::OnAVChange
2019-12-02 09:25:41.246 T:3772773248 DEBUG: CAMLCodec::SetSpeed, speed(1000)
2019-12-02 09:25:41.247 T:3901322112 DEBUG: VideoPlayer::Sync - Audio - pts: 354.304, cache: 0.348, totalcache: 0.800, packets:263 level:76
2019-12-02 09:25:41.248 T:3901322112 DEBUG: VideoPlayer::Sync - Video - pts: 352.018, cache: 0.050, totalcache: 0.100, packets:203 level:100
2019-12-02 09:25:41.249 T:3772773248 DEBUG: CVideoPlayerVideo - CDVDMsg::GENERAL_RESYNC(351918000.000000)
2019-12-02 09:25:41.249 T:3569505152 DEBUG: CDVDAudio::Resume - resume audio stream
2019-12-02 09:25:41.249 T:4042916736 DEBUG: ActiveAE - start sync of audio stream
2019-12-02 09:25:41.250 T:3353285504 DEBUG: OnAVStarted: CApplication::OnAVStarted
2019-12-02 09:25:41.250 T:3772773248 DEBUG: CVideoPlayerVideo::OutputPicture - ttd:140ms pts:352.060 Clock:351.919 Level:0
2019-12-02 09:25:41.251 T:3772773248 DEBUG: CVideoPlayerVideo::OutputPicture - ttd:181ms pts:352.102 Clock:351.921 Level:1
2019-12-02 09:25:41.253 T:3772773248 DEBUG: CVideoPlayerVideo::OutputPicture - ttd:220ms pts:352.143 Clock:351.922 Level:2
2019-12-02 09:25:41.253 T:3901322112 DEBUG: CVideoPlayer::ProcessVideoData size:49850 dts:360.402 pts:360.610 dur:41.000ms, clock:351.923 level:97
2019-12-02 09:25:41.253 T:3901322112 DEBUG: CVideoPlayer::ProcessVideoData size:8317 dts:360.443 pts:360.527 dur:41.000ms, clock:351.923 level:97
2019-12-02 09:25:41.254 T:3901322112 DEBUG: CVideoPlayer::ProcessVideoData size:2644 dts:360.485 pts:360.485 dur:41.000ms, clock:351.923 level:98
2019-12-02 09:25:41.254 T:3901322112 DEBUG: CVideoPlayer::ProcessVideoData size:2250 dts:360.527 pts:360.569 dur:41.000ms, clock:351.924 level:99
2019-12-02 09:25:41.255 T:3901322112 DEBUG: CVideoPlayer::ProcessVideoData size:30781 dts:360.569 pts:360.777 dur:41.000ms, clock:351.924 level:99
2019-12-02 09:25:41.256 T:3772773248 DEBUG: CVideoPlayerVideo::OutputPicture - ttd:259ms pts:352.185 Clock:351.926 Level:3
2019-12-02 09:25:41.258 T:3772773248 DEBUG: CVideoPlayerVideo::OutputPicture - ttd:299ms pts:352.227 Clock:351.927 Level:4
2019-12-02 09:25:41.259 T:3772773248 DEBUG: CVideoPlayerVideo::OutputPicture - ttd:340ms pts:352.269 Clock:351.928 Level:5
2019-12-02 09:25:41.259 T:3406652288 DEBUG: ffmpeg[CB0D6380]: [swscaler] No accelerated colorspace conversion found from yuv420p to bgra.
2019-12-02 09:25:41.263 T:4065601376 DEBUG: Activating window ID: 12005
2019-12-02 09:25:41.263 T:4065601376 DEBUG: ------ Window Deinit (Home.xml) ------
2019-12-02 09:25:41.264 T:4065601376 DEBUG: FreeVisualisation() done
2019-12-02 09:25:41.265 T:4065601376 DEBUG: ------ Window Init (VideoFullScreen.xml) ------
2019-12-02 09:25:41.265 T:4065601376 INFO: Loading skin file: VideoFullScreen.xml, load type: KEEP_IN_MEMORY
2019-12-02 09:25:41.267 T:3415044992 DEBUG: ffmpeg[CB8D7380]: [swscaler] No accelerated colorspace conversion found from yuv420p to bgra.
2019-12-02 09:25:41.268 T:3901322112 DEBUG: CVideoPlayer::ProcessVideoData size:5239 dts:360.610 pts:360.694 dur:41.000ms, clock:351.937 level:99
2019-12-02 09:25:41.270 T:3353285504 DEBUG: ffmpeg[C7DF1380]: [swscaler] No accelerated colorspace conversion found from yuv420p to bgra.
2019-12-02 09:25:41.273 T:4065601376 NOTICE: Whitelist search for: width: 1920, height: 800, fps: 23.976, 3D: false
2019-12-02 09:25:41.273 T:4065601376 DEBUG: Whitelist is empty using default one
2019-12-02 09:25:41.273 T:4065601376 DEBUG: Trying to find exact refresh rate
2019-12-02 09:25:41.273 T:4065601376 DEBUG: Matched exact whitelisted Resolution 1920x1080 @ 23.98 - Full Screen (35)
2019-12-02 09:25:41.273 T:4065601376 NOTICE: Display resolution ADJUST : 1920x1080 @ 23.98 - Full Screen (35) (weight: 0.030)
2019-12-02 09:25:41.276 T:3406652288 DEBUG: ffmpeg[CB0D6380]: [swscaler] No accelerated colorspace conversion found from yuv420p to bgra.
2019-12-02 09:25:41.280 T:3901322112 DEBUG: CVideoPlayer::ProcessVideoData size:2066 dts:360.652 pts:360.652 dur:41.000ms, clock:351.949 level:99
2019-12-02 09:25:41.280 T:3901322112 DEBUG: CVideoPlayer::ProcessVideoData size:1627 dts:360.694 pts:360.735 dur:41.000ms, clock:351.950 level:99
2019-12-02 09:25:41.283 T:3415044992 DEBUG: ffmpeg[CB8D7380]: [swscaler] No accelerated colorspace conversion found from yuv420p to bgra.
2019-12-02 09:25:41.284 T:3353285504 DEBUG: ffmpeg[C7DF1380]: [swscaler] No accelerated colorspace conversion found from yuv420p to bgra.
2019-12-02 09:25:41.292 T:3901322112 DEBUG: CVideoPlayer::ProcessVideoData size:35580 dts:360.735 pts:360.944 dur:41.000ms, clock:351.961 level:96
2019-12-02 09:25:41.292 T:3901322112 DEBUG: CVideoPlayer::ProcessVideoData size:6217 dts:360.777 pts:360.860 dur:41.000ms, clock:351.962 level:96
2019-12-02 09:25:41.292 T:3901322112 DEBUG: CVideoPlayer::ProcessVideoData size:1889 dts:360.819 pts:360.819 dur:41.000ms, clock:351.962 level:97
2019-12-02 09:25:41.292 T:3901322112 DEBUG: CVideoPlayer::ProcessVideoData size:1776 dts:360.860 pts:360.902 dur:41.000ms, clock:351.962 level:97
2019-12-02 09:25:41.293 T:3901322112 DEBUG: CVideoPlayer::ProcessVideoData size:35490 dts:360.902 pts:361.111 dur:41.000ms, clock:351.962 level:98
2019-12-02 09:25:41.293 T:3901322112 DEBUG: CVideoPlayer::ProcessVideoData size:5287 dts:360.944 pts:361.027 dur:41.000ms, clock:351.963 level:99
2019-12-02 09:25:41.293 T:3901322112 DEBUG: CVideoPlayer::ProcessVideoData size:1565 dts:360.986 pts:360.986 dur:41.000ms, clock:351.963 level:99
2019-12-02 09:25:41.304 T:3901322112 DEBUG: CVideoPlayer::ProcessVideoData size:1738 dts:361.027 pts:361.069 dur:41.000ms, clock:351.973 level:99
2019-12-02 09:25:41.306 T:3901322112 DEBUG: CVideoPlayer::ProcessVideoData size:29002 dts:361.069 pts:361.236 dur:41.000ms, clock:351.975 level:99
2019-12-02 09:25:41.306 T:3901322112 DEBUG: CVideoPlayer::ProcessVideoData size:1891 dts:361.111 pts:361.194 dur:41.000ms, clock:351.975 level:99
2019-12-02 09:25:41.316 T:3901322112 DEBUG: CVideoPlayer::ProcessVideoData size:1349 dts:361.152 pts:361.152 dur:41.000ms, clock:351.986 level:99
2019-12-02 09:25:41.318 T:3901322112 DEBUG: CVideoPlayer::ProcessVideoData size:45706 dts:361.194 pts:361.444 dur:41.000ms, clock:351.987 level:99
2019-12-02 09:25:41.328 T:3901322112 DEBUG: CVideoPlayer::ProcessVideoData size:4124 dts:361.236 pts:361.361 dur:41.000ms, clock:351.998 level:99
2019-12-02 09:25:41.328 T:3901322112 DEBUG: CVideoPlayer::ProcessVideoData size:1598 dts:361.278 pts:361.278 dur:41.000ms, clock:351.998 level:99
2019-12-02 09:25:41.339 T:3901322112 DEBUG: CVideoPlayer::ProcessVideoData size:1848 dts:361.319 pts:361.319 dur:41.000ms, clock:352.008 level:99
2019-12-02 09:25:41.339 T:3901322112 DEBUG: CVideoPlayer::ProcessVideoData size:3992 dts:361.361 pts:361.403 dur:41.000ms, clock:352.009 level:99
2019-12-02 09:25:41.351 T:3901322112 DEBUG: CVideoPlayer::ProcessVideoData size:45904 dts:361.403 pts:361.653 dur:41.000ms, clock:352.020 level:99
2019-12-02 09:25:41.351 T:3901322112 DEBUG: CVideoPlayer::ProcessVideoData size:4803 dts:361.444 pts:361.570 dur:41.000ms, clock:352.021 level:99
2019-12-02 09:25:41.362 T:3901322112 DEBUG: CVideoPlayer::ProcessVideoData size:1597 dts:361.486 pts:361.486 dur:41.000ms, clock:352.031 level:99
2019-12-02 09:25:41.362 T:3901322112 DEBUG: CVideoPlayer::ProcessVideoData size:2632 dts:361.528 pts:361.528 dur:41.000ms, clock:352.031 level:99
2019-12-02 09:25:41.372 T:3901322112 DEBUG: CVideoPlayer::ProcessVideoData size:983 dts:361.570 pts:361.611 dur:41.000ms, clock:352.042 level:99
2019-12-02 09:25:41.373 T:3901322112 DEBUG: CVideoPlayer::ProcessVideoData size:44478 dts:361.611 pts:361.820 dur:41.000ms, clock:352.042 level:99
2019-12-02 09:25:41.383 T:3901322112 DEBUG: CVideoPlayer::ProcessVideoData size:3992 dts:361.653 pts:361.736 dur:41.000ms, clock:352.053 level:99
2019-12-02 09:25:41.383 T:3901322112 DEBUG: CVideoPlayer::ProcessVideoData size:3155 dts:361.695 pts:361.695 dur:41.000ms, clock:352.053 level:99
2019-12-02 09:25:41.394 T:3901322112 DEBUG: CVideoPlayer::ProcessVideoData size:707 dts:361.736 pts:361.778 dur:41.000ms, clock:352.063 level:99
2019-12-02 09:25:41.396 T:3901322112 DEBUG: CVideoPlayer::ProcessVideoData size:42327 dts:361.778 pts:361.987 dur:41.000ms, clock:352.065 level:99
2019-12-02 09:25:41.488 T:4065601376 NOTICE: VideoPlayer: OnLostDisplay received
2019-12-02 09:25:41.488 T:4065601376 DEBUG: Flush - flushing renderer
2019-12-02 09:25:41.488 T:4065601376 DEBUG: AMLUtils::aml_handle_display_stereo_mode old mode 3doff new mode 3doff
2019-12-02 09:25:41.488 T:4065601376 DEBUG: AMLUtils::aml_handle_display_stereo_mode - no change needed
2019-12-02 09:25:41.490 T:3772773248 DEBUG: CVideoPlayerVideo - CDVDMsg::GENERAL_PAUSE: 1
2019-12-02 09:25:41.784 T:4065601376 DEBUG: AMLUtils::aml_handle_display_stereo_mode old mode 3doff new mode 3doff
2019-12-02 09:25:41.784 T:4065601376 DEBUG: AMLUtils::aml_handle_display_stereo_mode - no change needed
2019-12-02 09:25:41.784 T:4065601376 NOTICE: VideoPlayer: OnResetDisplay received
2019-12-02 09:25:41.784 T:4042916736 DEBUG: CActiveAE - display reset event
2019-12-02 09:25:41.784 T:3772773248 DEBUG: CVideoPlayerVideo - CDVDMsg::GENERAL_PAUSE: 0
2019-12-02 09:25:41.784 T:4032820096 INFO: CActiveAESink::OpenSink - initialize sink
2019-12-02 09:25:41.784 T:4032820096 DEBUG: CActiveAESink::OpenSink - trying to open device ALSA:hdmi:CARD=AMLAUGESOUND,DEV=0
2019-12-02 09:25:41.785 T:4032820096 INFO: CAESinkALSA::Initialize - Attempting to open device "hdmi:CARD=AMLAUGESOUND,DEV=0"
2019-12-02 09:25:41.785 T:4065601376 INFO: GLES: Maximum texture width: 8192
2019-12-02 09:25:41.785 T:3772773248 DEBUG: CVideoPlayerVideo::OutputPicture - ttd:152ms pts:352.310 Clock:352.158 Level:6
2019-12-02 09:25:41.786 T:3772773248 DEBUG: CVideoPlayerVideo::OutputPicture - ttd:192ms pts:352.352 Clock:352.159 Level:6
2019-12-02 09:25:41.788 T:4065601376 DEBUG: ------ Window Deinit (DialogBusy.xml) ------
2019-12-02 09:25:41.788 T:4032820096 INFO: CAESinkALSA::Initialize - Opened device "hdmi:CARD=AMLAUGESOUND,DEV=0,AES0=0x06,AES1=0x82,AES2=0x00,AES3=0x02"
2019-12-02 09:25:41.788 T:4032820096 DEBUG: CAESinkALSA::InitializeHW - Request: periodSize 2400, bufferSize 9600
2019-12-02 09:25:41.788 T:4032820096 DEBUG: CAESinkALSA::InitializeHW - Got: periodSize 2400, bufferSize 9600
2019-12-02 09:25:41.789 T:4032820096 DEBUG: CAESinkALSA::InitializeHW - Setting timeout to 200 ms
2019-12-02 09:25:41.789 T:4032820096 DEBUG: CAESinkALSA::GetChannelLayout - Input Channel Count: 2 Output Channel Count: 2
2019-12-02 09:25:41.789 T:4032820096 DEBUG: CAESinkALSA::GetChannelLayout - Requested Layout: RAW, RAW
2019-12-02 09:25:41.789 T:4032820096 DEBUG: CAESinkALSA::GetChannelLayout - Got Layout: RAW, RAW (ALSA: none)
2019-12-02 09:25:41.789 T:4032820096 DEBUG: CActiveAESink::OpenSink - ALSA Initialized:
2019-12-02 09:25:41.789 T:4032820096 DEBUG: Output Device : AML-AUGESOUND
2019-12-02 09:25:41.789 T:4032820096 DEBUG: Sample Rate : 48000
2019-12-02 09:25:41.789 T:4032820096 DEBUG: Sample Format : AE_FMT_S16NE
2019-12-02 09:25:41.789 T:4032820096 DEBUG: Channel Count : 2
2019-12-02 09:25:41.789 T:4032820096 DEBUG: Channel Layout: RAW, RAW
2019-12-02 09:25:41.789 T:4032820096 DEBUG: Frames : 2400
2019-12-02 09:25:41.789 T:4032820096 DEBUG: Frame Size : 4
2019-12-02 09:25:41.789 T:3772773248 DEBUG: CVideoPlayerVideo::OutputPicture - ttd:233ms pts:352.394 Clock:352.160 Level:6
2019-12-02 09:25:41.791 T:4042916736 DEBUG: CActiveAE::ClearDiscardedBuffers - buffer pool deleted
2019-12-02 09:25:41.792 T:3569505152 DEBUG: Previous line repeats 2 times.
2019-12-02 09:25:41.792 T:3569505152 DEBUG: CVideoPlayerAudio - CDVDMsg::GENERAL_PAUSE: 1
2019-12-02 09:25:41.792 T:3569505152 DEBUG: CVideoPlayerAudio - CDVDMsg::GENERAL_PAUSE: 0
2019-12-02 09:25:41.792 T:4042916736 DEBUG: ActiveAE::SyncStream - average error of 1952.326928, start adjusting
2019-12-02 09:25:41.799 T:3415044992 DEBUG: OnAVChange: CApplication::OnAVChange
2019-12-02 09:25:41.799 T:3901322112 DEBUG: CVideoPlayer::ProcessVideoData size:3611 dts:361.820 pts:361.903 dur:41.000ms, clock:352.172 level:99
2019-12-02 09:25:41.828 T:3772773248 DEBUG: CVideoPlayerVideo::OutputPicture - ttd:271ms pts:352.435 Clock:352.163 Level:6
2019-12-02 09:25:41.873 T:3772773248 DEBUG: CVideoPlayerVideo::OutputPicture - ttd:274ms pts:352.477 Clock:352.202 Level:6
2019-12-02 09:25:41.913 T:3772773248 DEBUG: CVideoPlayerVideo::OutputPicture - ttd:271ms pts:352.519 Clock:352.248 Level:6
2019-12-02 09:25:41.997 T:4065601376 DEBUG: CAMLCodec::SetVideoRect:display(0,0,1920,1080)
2019-12-02 09:25:41.997 T:4065601376 DEBUG: CAMLCodec::SetVideoRect:gui(0,0,1920,1080)
2019-12-02 09:25:41.997 T:4065601376 DEBUG: CAMLCodec::SetVideoRect:m_dst_rect(0,140,1920,800)
2019-12-02 09:25:41.997 T:4065601376 DEBUG: CAMLCodec::SetVideoRect:dst_rect(0,140,1920,800)
2019-12-02 09:25:41.997 T:4065601376 DEBUG: CAMLCodec::SetVideoRect:m_guiStereoMode(0)
2019-12-02 09:25:41.997 T:4065601376 DEBUG: CAMLCodec::SetVideoRect:m_guiStereoView(0)
2019-12-02 09:25:42.077 T:3772773248 DEBUG: CVideoPlayerVideo::OutputPicture - ttd:111ms pts:352.561 Clock:352.450 Level:4
2019-12-02 09:25:42.123 T:3772773248 DEBUG: CVideoPlayerVideo::OutputPicture - ttd:106ms pts:352.602 Clock:352.495 Level:3
2019-12-02 09:25:42.161 T:3772773248 DEBUG: CVideoPlayerVideo::OutputPicture - ttd:109ms pts:352.644 Clock:352.534 Level:4
2019-12-02 09:25:42.207 T:3772773248 DEBUG: CVideoPlayerVideo::OutputPicture - ttd:106ms pts:352.686 Clock:352.579 Level:3
2019-12-02 09:25:42.246 T:3772773248 DEBUG: CVideoPlayerVideo::OutputPicture - ttd:108ms pts:352.727 Clock:352.618 Level:4
2019-12-02 09:25:42.291 T:3772773248 DEBUG: CVideoPlayerVideo::OutputPicture - ttd:105ms pts:352.769 Clock:352.664 Level:3
2019-12-02 09:25:42.330 T:3772773248 DEBUG: CVideoPlayerVideo::OutputPicture - ttd:108ms pts:352.811 Clock:352.703 Level:4
2019-12-02 09:25:42.344 T:3901322112 DEBUG: CVideoPlayer::ProcessVideoData size:902 dts:361.861 pts:361.861 dur:41.000ms, clock:352.717 level:99
2019-12-02 09:25:42.344 T:3901322112 DEBUG: CVideoPlayer::ProcessVideoData size:734 dts:361.903 pts:361.945 dur:41.000ms, clock:352.717 level:99
2019-12-02 09:25:42.356 T:3901322112 DEBUG: CVideoPlayer::ProcessVideoData size:33750 dts:361.945 pts:362.195 dur:41.000ms, clock:352.729 level:99
2019-12-02 09:25:42.372 T:3772773248 DEBUG: CVideoPlayerVideo::OutputPicture - ttd:107ms pts:352.852 Clock:352.745 Level:3
2019-12-02 09:25:42.411 T:3772773248 DEBUG: CVideoPlayerVideo::OutputPicture - ttd:110ms pts:352.894 Clock:352.784 Level:4
2019-12-02 09:25:42.456 T:3772773248 DEBUG: CVideoPlayerVideo::OutputPicture - ttd:106ms pts:352.936 Clock:352.829 Level:3
2019-12-02 09:25:42.467 T:3901322112 DEBUG: CVideoPlayer::ProcessVideoData size:2057 dts:361.987 pts:362.112 dur:41.000ms, clock:352.840 level:99
2019-12-02 09:25:42.494 T:3772773248 DEBUG: CVideoPlayerVideo::OutputPicture - ttd:110ms pts:352.978 Clock:352.867 Level:4
2019-12-02 09:25:42.508 T:3901322112 DEBUG: CVideoPlayer::ProcessVideoData size:1303 dts:362.028 pts:362.028 dur:41.000ms, clock:352.880 level:99
2019-12-02 09:25:42.539 T:3772773248 DEBUG: CVideoPlayerVideo::OutputPicture - ttd:107ms pts:353.019 Clock:352.911 Level:3
2019-12-02 09:25:42.549 T:3901322112 DEBUG: CVideoPlayer::ProcessVideoData size:1225 dts:362.070 pts:362.070 dur:41.000ms, clock:352.921 level:99
2019-12-02 09:25:42.559 T:3901322112 DEBUG: CVideoPlayer::ProcessVideoData size:1731 dts:362.112 pts:362.153 dur:41.000ms, clock:352.932 level:99
2019-12-02 09:25:42.561 T:3901322112 DEBUG: CVideoPlayer::ProcessVideoData size:26492 dts:362.153 pts:362.404 dur:41.000ms, clock:352.933 level:99
2019-12-02 09:25:42.582 T:3772773248 DEBUG: CVideoPlayerVideo::OutputPicture - ttd:106ms pts:353.061 Clock:352.954 Level:3
2019-12-02 09:25:42.621 T:3772773248 DEBUG: CVideoPlayerVideo::OutputPicture - ttd:109ms pts:353.103 Clock:352.993 Level:4
2019-12-02 09:25:42.666 T:3772773248 DEBUG: CVideoPlayerVideo::OutputPicture - ttd:105ms pts:353.144 Clock:353.038 Level:3
2019-12-02 09:25:42.682 T:3901322112 DEBUG: CVideoPlayer::ProcessVideoData size:2092 dts:362.195 pts:362.320 dur:41.000ms, clock:353.055 level:99
2019-12-02 09:25:42.704 T:3772773248 DEBUG: CVideoPlayerVideo::OutputPicture - ttd:109ms pts:353.186 Clock:353.076 Level:4
2019-12-02 09:25:42.713 T:3901322112 DEBUG: CVideoPlayer::ProcessVideoData size:924 dts:362.237 pts:362.237 dur:41.000ms, clock:353.085 level:99
2019-12-02 09:25:42.723 T:3901322112 DEBUG: CVideoPlayer::ProcessVideoData size:736 dts:362.279 pts:362.279 dur:41.000ms, clock:353.096 level:99
2019-12-02 09:25:42.724 T:3901322112 DEBUG: CVideoPlayer::ProcessVideoData size:600 dts:362.320 pts:362.362 dur:41.000ms, clock:353.096 level:99
2019-12-02 09:25:42.746 T:3772773248 DEBUG: CVideoPlayerVideo::OutputPicture - ttd:109ms pts:353.228 Clock:353.119 Level:4
2019-12-02 09:25:42.792 T:3772773248 DEBUG: CVideoPlayerVideo::OutputPicture - ttd:105ms pts:353.270 Clock:353.164 Level:3
2019-12-02 09:25:42.831 T:3772773248 DEBUG: CVideoPlayerVideo::OutputPicture - ttd:107ms pts:353.311 Clock:353.203 Level:4
2019-12-02 09:25:42.845 T:3901322112 DEBUG: CVideoPlayer::ProcessVideoData size:16802 dts:362.362 pts:362.571 dur:41.000ms, clock:353.217 level:99
2019-12-02 09:25:42.875 T:3772773248 DEBUG: CVideoPlayerVideo::OutputPicture - ttd:105ms pts:353.353 Clock:353.247 Level:3
2019-12-02 09:25:42.886 T:3901322112 DEBUG: CVideoPlayer::ProcessVideoData size:1665 dts:362.404 pts:362.487 dur:41.000ms, clock:353.258 level:99
2019-12-02 09:25:42.896 T:3901322112 DEBUG: CVideoPlayer::ProcessVideoData size:933 dts:362.445 pts:362.445 dur:41.000ms, clock:353.268 level:99
2019-12-02 09:25:42.915 T:3772773248 DEBUG: CVideoPlayerVideo::OutputPicture - ttd:108ms pts:353.395 Clock:353.287 Level:4
2019-12-02 09:25:42.953 T:3772773248 DEBUG: CVideoPlayerVideo::OutputPicture - ttd:110ms pts:353.436 Clock:353.326 Level:4
2019-12-02 09:25:42.967 T:3901322112 DEBUG: CVideoPlayer::ProcessVideoData size:500 dts:362.487 pts:362.529 dur:41.000ms, clock:353.339 level:99
2019-12-02 09:25:42.968 T:3901322112 DEBUG: CVideoPlayer::ProcessVideoData size:5502 dts:362.529 pts:362.737 dur:41.000ms, clock:353.340 level:99
2019-12-02 09:25:42.997 T:3772773248 DEBUG: CVideoPlayerVideo::OutputPicture - ttd:108ms pts:353.478 Clock:353.369 Level:4
2019-12-02 09:25:43.042 T:3772773248 DEBUG: CVideoPlayerVideo::OutputPicture - ttd:105ms pts:353.520 Clock:353.414 Level:3
2019-12-02 09:25:43.049 T:3901322112 DEBUG: CVideoPlayer::ProcessVideoData size:5302 dts:362.571 pts:362.654 dur:41.000ms, clock:353.421 level:99
2019-12-02 09:25:43.059 T:3901322112 DEBUG: CVideoPlayer::ProcessVideoData size:568 dts:362.612 pts:362.612 dur:41.000ms, clock:353.432 level:99
2019-12-02 09:25:43.080 T:3772773248 DEBUG: CVideoPlayerVideo::OutputPicture - ttd:110ms pts:353.562 Clock:353.452 Level:4
2019-12-02 09:25:43.125 T:3772773248 DEBUG: CVideoPlayerVideo::OutputPicture - ttd:105ms pts:353.603 Clock:353.497 Level:3
2019-12-02 09:25:43.140 T:3901322112 DEBUG: CVideoPlayer::ProcessVideoData size:526 dts:362.654 pts:362.696 dur:41.000ms, clock:353.513 level:99
2019-12-02 09:25:43.141 T:3901322112 DEBUG: CVideoPlayer::ProcessVideoData size:97594 dts:362.696 pts:362.779 dur:41.000ms, clock:353.513 level:99
2019-12-02 09:25:43.163 T:3772773248 DEBUG: CVideoPlayerVideo::OutputPicture - ttd:110ms pts:353.645 Clock:353.535 Level:4
2019-12-02 09:25:43.208 T:3772773248 DEBUG: CVideoPlayerVideo::OutputPicture - ttd:107ms pts:353.687 Clock:353.580 Level:3
2019-12-02 09:25:43.247 T:3772773248 DEBUG: CVideoPlayerVideo::OutputPicture - ttd:109ms pts:353.728 Clock:353.619 Level:4
2019-12-02 09:25:43.292 T:3772773248 DEBUG: CVideoPlayerVideo::OutputPicture - ttd:105ms pts:353.770 Clock:353.664 Level:3
2019-12-02 09:25:43.329 T:3772773248 DEBUG: CVideoPlayerVideo::OutputPicture - ttd:111ms pts:353.812 Clock:353.701 Level:4
2019-12-02 09:25:43.374 T:3772773248 DEBUG: CVideoPlayerVideo::OutputPicture - ttd:106ms pts:353.853 Clock:353.746 Level:3
2019-12-02 09:25:43.400 T:3569505152 ERROR: CDVDAudio::AddPacketsRenderer - timeout adding data to renderer
2019-12-02 09:25:43.413 T:3772773248 DEBUG: CVideoPlayerVideo::OutputPicture - ttd:110ms pts:353.895 Clock:353.785 Level:4
2019-12-02 09:25:43.457 T:3772773248 DEBUG: CVideoPlayerVideo::OutputPicture - ttd:107ms pts:353.937 Clock:353.829 Level:4
2019-12-02 09:25:43.499 T:3772773248 DEBUG: CVideoPlayerVideo::OutputPicture - ttd:108ms pts:353.979 Clock:353.871 Level:3
2019-12-02 09:25:43.538 T:3772773248 DEBUG: CVideoPlayerVideo::OutputPicture - ttd:110ms pts:354.020 Clock:353.910 Level:4
2019-12-02 09:25:43.583 T:3772773248 DEBUG: CVideoPlayerVideo::OutputPicture - ttd:106ms pts:354.062 Clock:353.955 Level:3
2019-12-02 09:25:43.623 T:3772773248 DEBUG: CVideoPlayerVideo::OutputPicture - ttd:109ms pts:354.104 Clock:353.994 Level:4
2019-12-02 09:25:43.667 T:3772773248 DEBUG: CVideoPlayerVideo::OutputPicture - ttd:106ms pts:354.145 Clock:354.038 Level:3
2019-12-02 09:25:43.693 T:4042916736 DEBUG: ActiveAE::SyncStream - average error 0.083985, last average error: 1952.326928
2019-12-02 09:25:43.709 T:3772773248 DEBUG: CVideoPlayerVideo::OutputPicture - ttd:106ms pts:354.187 Clock:354.081 Level:3
2019-12-02 09:25:43.748 T:3772773248 DEBUG: CVideoPlayerVideo::OutputPicture - ttd:109ms pts:354.229 Clock:354.120 Level:4
2019-12-02 09:25:43.793 T:4042916736 DEBUG: ActiveAE::SyncStream - average error of -33.923932, start adjusting
2019-12-02 09:25:43.793 T:4042916736 DEBUG: ActiveAE::SyncStream - average error -1.923932 below threshold of 30.000000
2019-12-02 09:25:43.793 T:3772773248 DEBUG: CVideoPlayerVideo::OutputPicture - ttd:105ms pts:354.271 Clock:354.165 Level:3
2019-12-02 09:25:43.831 T:3772773248 DEBUG: CVideoPlayerVideo::OutputPicture - ttd:109ms pts:354.312 Clock:354.203 Level:4
2019-12-02 09:25:43.874 T:3772773248 DEBUG: CVideoPlayerVideo::OutputPicture - ttd:107ms pts:354.354 Clock:354.246 Level:3
2019-12-02 09:25:43.913 T:3772773248 DEBUG: CVideoPlayerVideo::OutputPicture - ttd:110ms pts:354.396 Clock:354.285 Level:4
2019-12-02 09:25:43.959 T:3772773248 DEBUG: CVideoPlayerVideo::OutputPicture - ttd:106ms pts:354.437 Clock:354.330 Level:3
2019-12-02 09:25:43.999 T:3772773248 DEBUG: CVideoPlayerVideo::OutputPicture - ttd:108ms pts:354.479 Clock:354.370 Level:3
2019-12-02 09:25:44.042 T:3772773248 DEBUG: CVideoPlayerVideo::OutputPicture - ttd:107ms pts:354.521 Clock:354.413 Level:3
2019-12-02 09:25:44.052 T:3901322112 DEBUG: CVideoPlayer::ProcessVideoData size:32308 dts:362.737 pts:362.988 dur:41.000ms, clock:354.424 level:88
2019-12-02 09:25:44.053 T:3901322112 DEBUG: CVideoPlayer::ProcessVideoData size:8053 dts:362.779 pts:362.904 dur:41.000ms, clock:354.424 level:89
2019-12-02 09:25:44.053 T:3901322112 DEBUG: CVideoPlayer::ProcessVideoData size:4285 dts:362.821 pts:362.821 dur:41.000ms, clock:354.424 level:89
2019-12-02 09:25:44.053 T:3901322112 DEBUG: CVideoPlayer::ProcessVideoData size:5048 dts:362.862 pts:362.862 dur:41.000ms, clock:354.425 level:90
2019-12-02 09:25:44.053 T:3901322112 DEBUG: CVideoPlayer::ProcessVideoData size:3265 dts:362.904 pts:362.946 dur:41.000ms, clock:354.425 level:90
2019-12-02 09:25:44.081 T:3772773248 DEBUG: CVideoPlayerVideo::OutputPicture - ttd:110ms pts:354.563 Clock:354.452 Level:4
2019-12-02 09:25:44.126 T:3772773248 DEBUG: CVideoPlayerVideo::OutputPicture - ttd:106ms pts:354.604 Clock:354.498 Level:3
2019-12-02 09:25:44.165 T:3772773248 DEBUG: CVideoPlayerVideo::OutputPicture - ttd:109ms pts:354.646 Clock:354.536 Level:4
2019-12-02 09:25:44.209 T:3772773248 DEBUG: CVideoPlayerVideo::OutputPicture - ttd:107ms pts:354.688 Clock:354.581 Level:3
2019-12-02 09:25:44.252 T:3772773248 DEBUG: CVideoPlayerVideo::OutputPicture - ttd:105ms pts:354.729 Clock:354.624 Level:3
2019-12-02 09:25:44.292 T:3772773248 DEBUG: CVideoPlayerVideo::OutputPicture - ttd:108ms pts:354.771 Clock:354.663 Level:3
2019-12-02 09:25:44.298 T:3901322112 DEBUG: CVideoPlayer::ProcessVideoData size:31106 dts:362.946 pts:363.196 dur:41.000ms, clock:354.669 level:89
2019-12-02 09:25:44.299 T:3901322112 DEBUG: CVideoPlayer::ProcessVideoData size:8906 dts:362.988 pts:363.113 dur:41.000ms, clock:354.670 level:89
2019-12-02 09:25:44.299 T:3901322112 DEBUG: CVideoPlayer::ProcessVideoData size:4019 dts:363.029 pts:363.029 dur:41.000ms, clock:354.670 level:89
2019-12-02 09:25:44.299 T:3901322112 DEBUG: CVideoPlayer::ProcessVideoData size:4100 dts:363.071 pts:363.071 dur:41.000ms, clock:354.670 level:90
2019-12-02 09:25:44.299 T:3901322112 DEBUG: CVideoPlayer::ProcessVideoData size:3806 dts:363.113 pts:363.154 dur:41.000ms, clock:354.671 level:90
2019-12-02 09:25:44.336 T:3772773248 DEBUG: CVideoPlayerVideo::OutputPicture - ttd:105ms pts:354.813 Clock:354.707 Level:3
2019-12-02 09:25:44.375 T:3772773248 DEBUG: CVideoPlayerVideo::OutputPicture - ttd:108ms pts:354.854 Clock:354.746 Level:4
2019-12-02 09:25:44.419 T:3772773248 DEBUG: CVideoPlayerVideo::OutputPicture - ttd:105ms pts:354.896 Clock:354.790 Level:3
2019-12-02 09:25:44.456 T:3772773248 DEBUG: CVideoPlayerVideo::OutputPicture - ttd:110ms pts:354.938 Clock:354.827 Level:4
2019-12-02 09:25:44.501 T:3772773248 DEBUG: CVideoPlayerVideo::OutputPicture - ttd:107ms pts:354.980 Clock:354.873 Level:3
2019-12-02 09:25:44.547 T:3772773248 DEBUG: CVideoPlayerVideo::OutputPicture - ttd:103ms pts:355.021 Clock:354.918 Level:3
2019-12-02 09:25:44.554 T:3901322112 DEBUG: CVideoPlayer::ProcessVideoData size:35723 dts:363.154 pts:363.405 dur:41.000ms, clock:354.925 level:88
2019-12-02 09:25:44.554 T:3901322112 DEBUG: CVideoPlayer::ProcessVideoData size:7309 dts:363.196 pts:363.321 dur:41.000ms, clock:354.926 level:89
2019-12-02 09:25:44.555 T:3901322112 DEBUG: CVideoPlayer::ProcessVideoData size:3699 dts:363.238 pts:363.238 dur:41.000ms, clock:354.926 level:89
2019-12-02 09:25:44.555 T:3901322112 DEBUG: CVideoPlayer::ProcessVideoData size:3607 dts:363.280 pts:363.280 dur:41.000ms, clock:354.926 level:90
2019-12-02 09:25:44.555 T:3901322112 DEBUG: CVideoPlayer::ProcessVideoData size:2909 dts:363.321 pts:363.363 dur:41.000ms, clock:354.926 level:90
2019-12-02 09:25:44.556 T:3901322112 DEBUG: CVideoPlayer::ProcessVideoData size:28037 dts:363.363 pts:363.530 dur:41.000ms, clock:354.927 level:91
2019-12-02 09:25:44.556 T:3901322112 DEBUG: CVideoPlayer::ProcessVideoData size:7025 dts:363.405 pts:363.488 dur:41.000ms, clock:354.927 level:91
2019-12-02 09:25:44.556 T:3901322112 DEBUG: CVideoPlayer::ProcessVideoData size:3129 dts:363.446 pts:363.446 dur:41.000ms, clock:354.927 level:92
2019-12-02 09:25:44.584 T:3772773248 DEBUG: CVideoPlayerVideo::OutputPicture - ttd:108ms pts:355.063 Clock:354.955 Level:4
2019-12-02 09:25:44.628 T:3772773248 DEBUG: CVideoPlayerVideo::OutputPicture - ttd:106ms pts:355.105 Clock:354.999 Level:3
2019-12-02 09:25:44.665 T:3772773248 DEBUG: CVideoPlayerVideo::OutputPicture - ttd:110ms pts:355.146 Clock:355.036 Level:4
2019-12-02 09:25:44.710 T:3772773248 DEBUG: CVideoPlayerVideo::OutputPicture - ttd:106ms pts:355.188 Clock:355.081 Level:3
2019-12-02 09:25:44.748 T:3772773248 DEBUG: CVideoPlayerVideo::OutputPicture - ttd:111ms pts:355.230 Clock:355.119 Level:4
2019-12-02 09:25:44.791 T:3772773248 DEBUG: CVideoPlayerVideo::OutputPicture - ttd:110ms pts:355.272 Clock:355.162 Level:4
2019-12-02 09:25:44.800 T:3901322112 DEBUG: CVideoPlayer::ProcessVideoData size:28850 dts:363.488 pts:363.697 dur:41.000ms, clock:355.171 level:89
2019-12-02 09:25:44.800 T:3901322112 DEBUG: CVideoPlayer::ProcessVideoData size:7408 dts:363.530 pts:363.613 dur:41.000ms, clock:355.171 level:89
2019-12-02 09:25:44.800 T:3901322112 DEBUG: CVideoPlayer::ProcessVideoData size:12510 dts:363.572 pts:363.572 dur:41.000ms, clock:355.171 level:90
2019-12-02 09:25:44.801 T:3901322112 DEBUG: CVideoPlayer::ProcessVideoData size:6422 dts:363.613 pts:363.655 dur:41.000ms, clock:355.172 level:90
2019-12-02 09:25:44.835 T:3772773248 DEBUG: CVideoPlayerVideo::OutputPicture - ttd:106ms pts:355.313 Clock:355.206 Level:3
2019-12-02 09:25:44.873 T:3772773248 DEBUG: CVideoPlayerVideo::OutputPicture - ttd:110ms pts:355.355 Clock:355.244 Level:4
2019-12-02 09:25:44.919 T:3772773248 DEBUG: CVideoPlayerVideo::OutputPicture - ttd:107ms pts:355.397 Clock:355.289 Level:4
2019-12-02 09:25:44.957 T:3772773248 DEBUG: CVideoPlayerVideo::OutputPicture - ttd:110ms pts:355.438 Clock:355.327 Level:4
2019-12-02 09:25:45.001 T:3772773248 DEBUG: CVideoPlayerVideo::OutputPicture - ttd:107ms pts:355.480 Clock:355.372 Level:3
2019-12-02 09:25:45.044 T:3772773248 DEBUG: CVideoPlayerVideo::OutputPicture - ttd:107ms pts:355.522 Clock:355.414 Level:3
2019-12-02 09:25:45.083 T:3772773248 DEBUG: CVideoPlayerVideo::OutputPicture - ttd:110ms pts:355.564 Clock:355.453 Level:4
2019-12-02 09:25:45.095 T:3901322112 DEBUG: CVideoPlayer::ProcessVideoData size:26255 dts:363.655 pts:363.905 dur:41.000ms, clock:355.466 level:86
2019-12-02 09:25:45.095 T:3901322112 DEBUG: CVideoPlayer::ProcessVideoData size:5255 dts:363.697 pts:363.822 dur:41.000ms, clock:355.466 level:87
2019-12-02 09:25:45.095 T:3901322112 DEBUG: CVideoPlayer::ProcessVideoData size:2561 dts:363.738 pts:363.738 dur:41.000ms, clock:355.466 level:87
2019-12-02 09:25:45.096 T:3901322112 DEBUG: CVideoPlayer::ProcessVideoData size:3438 dts:363.780 pts:363.780 dur:41.000ms, clock:355.466 level:88
2019-12-02 09:25:45.096 T:3901322112 DEBUG: CVideoPlayer::ProcessVideoData size:4208 dts:363.822 pts:363.863 dur:41.000ms, clock:355.467 level:88
2019-12-02 09:25:45.127 T:3772773248 DEBUG: CVideoPlayerVideo::OutputPicture - ttd:107ms pts:355.605 Clock:355.497 Level:3
2019-12-02 09:25:45.166 T:3772773248 DEBUG: CVideoPlayerVideo::OutputPicture - ttd:110ms pts:355.647 Clock:355.536 Level:4
2019-12-02 09:25:45.210 T:3772773248 DEBUG: CVideoPlayerVideo::OutputPicture - ttd:108ms pts:355.689 Clock:355.581 Level:3
2019-12-02 09:25:45.249 T:3772773248 DEBUG: CVideoPlayerVideo::OutputPicture - ttd:110ms pts:355.730 Clock:355.620 Level:4
2019-12-02 09:25:45.291 T:3772773248 DEBUG: CVideoPlayerVideo::OutputPicture - ttd:110ms pts:355.772 Clock:355.662 Level:4
2019-12-02 09:25:45.336 T:3772773248 DEBUG: CVideoPlayerVideo::OutputPicture - ttd:107ms pts:355.814 Clock:355.707 Level:3
2019-12-02 09:25:45.351 T:3901322112 DEBUG: CVideoPlayer::ProcessVideoData size:29722 dts:363.863 pts:364.072 dur:41.000ms, clock:355.721 level:87
2019-12-02 09:25:45.351 T:3901322112 DEBUG: CVideoPlayer::ProcessVideoData size:8177 dts:363.905 pts:363.989 dur:41.000ms, clock:355.722 level:87
2019-12-02 09:25:45.351 T:3901322112 DEBUG: CVideoPlayer::ProcessVideoData size:2770 dts:363.947 pts:363.947 dur:41.000ms, clock:355.722 level:88
2019-12-02 09:25:45.352 T:3901322112 DEBUG: CVideoPlayer::ProcessVideoData size:3209 dts:363.989 pts:364.030 dur:41.000ms, clock:355.722 level:88
2019-12-02 09:25:45.352 T:3901322112 DEBUG: CVideoPlayer::ProcessVideoData size:32468 dts:364.030 pts:364.281 dur:41.000ms, clock:355.722 level:89
2019-12-02 09:25:45.352 T:3901322112 DEBUG: CVideoPlayer::ProcessVideoData size:8690 dts:364.072 pts:364.197 dur:41.000ms, clock:355.723 level:89
2019-12-02 09:25:45.353 T:3901322112 DEBUG: CVideoPlayer::ProcessVideoData size:6399 dts:364.114 pts:364.114 dur:41.000ms, clock:355.723 level:90
2019-12-02 09:25:45.353 T:3901322112 DEBUG: CVideoPlayer::ProcessVideoData size:6240 dts:364.155 pts:364.155 dur:41.000ms, clock:355.723 level:90
2019-12-02 09:25:45.353 T:3901322112 DEBUG: CVideoPlayer::ProcessVideoData size:3563 dts:364.197 pts:364.239 dur:41.000ms, clock:355.724 level:91
2019-12-02 09:25:45.376 T:3772773248 DEBUG: CVideoPlayerVideo::OutputPicture - ttd:108ms pts:355.855 Clock:355.746 Level:4
2019-12-02 09:25:45.421 T:3772773248 DEBUG: CVideoPlayerVideo::OutputPicture - ttd:105ms pts:355.897 Clock:355.791 Level:3
