2019-12-02 09:25:45.460 T:3772773248 DEBUG: CVideoPlayerVideo::OutputPicture - ttd:108ms pts:355.939 Clock:355.830 Level:4
2019-12-02 09:25:45.505 T:3772773248 DEBUG: CVideoPlayerVideo::OutputPicture - ttd:105ms pts:355.981 Clock:355.876 Level:3
2019-12-02 09:25:45.544 T:3772773248 DEBUG: CVideoPlayerVideo::OutputPicture - ttd:107ms pts:356.022 Clock:355.915 Level:3
2019-12-02 09:25:45.583 T:3772773248 DEBUG: CVideoPlayerVideo::OutputPicture - ttd:110ms pts:356.064 Clock:355.954 Level:4
2019-12-02 09:25:45.598 T:3901322112 DEBUG: CVideoPlayer::ProcessVideoData size:31855 dts:364.239 pts:364.489 dur:41.000ms, clock:355.968 level:87
2019-12-02 09:25:45.598 T:3901322112 DEBUG: CVideoPlayer::ProcessVideoData size:8549 dts:364.281 pts:364.406 dur:41.000ms, clock:355.968 level:88
2019-12-02 09:25:45.599 T:3901322112 DEBUG: CVideoPlayer::ProcessVideoData size:3885 dts:364.322 pts:364.322 dur:41.000ms, clock:355.969 level:88
2019-12-02 09:25:45.599 T:3901322112 DEBUG: CVideoPlayer::ProcessVideoData size:4541 dts:364.364 pts:364.364 dur:41.000ms, clock:355.969 level:89
2019-12-02 09:25:45.599 T:3901322112 DEBUG: CVideoPlayer::ProcessVideoData size:3484 dts:364.406 pts:364.447 dur:41.000ms, clock:355.969 level:89
2019-12-02 09:25:45.629 T:3772773248 DEBUG: CVideoPlayerVideo::OutputPicture - ttd:107ms pts:356.106 Clock:355.999 Level:3
2019-12-02 09:25:45.668 T:3772773248 DEBUG: CVideoPlayerVideo::OutputPicture - ttd:109ms pts:356.147 Clock:356.038 Level:4
2019-12-02 09:25:45.713 T:3772773248 DEBUG: CVideoPlayerVideo::OutputPicture - ttd:105ms pts:356.189 Clock:356.083 Level:3
2019-12-02 09:25:45.752 T:3772773248 DEBUG: CVideoPlayerVideo::OutputPicture - ttd:108ms pts:356.231 Clock:356.122 Level:4
2019-12-02 09:25:45.797 T:3772773248 DEBUG: CVideoPlayerVideo::OutputPicture - ttd:105ms pts:356.273 Clock:356.167 Level:3
2019-12-02 09:25:45.836 T:3772773248 DEBUG: CVideoPlayerVideo::OutputPicture - ttd:107ms pts:356.314 Clock:356.206 Level:4
2019-12-02 09:25:45.854 T:3901322112 DEBUG: CVideoPlayer::ProcessVideoData size:32069 dts:364.447 pts:364.698 dur:41.000ms, clock:356.224 level:88
2019-12-02 09:25:45.854 T:3901322112 DEBUG: CVideoPlayer::ProcessVideoData size:5930 dts:364.489 pts:364.614 dur:41.000ms, clock:356.224 level:88
2019-12-02 09:25:45.854 T:3901322112 DEBUG: CVideoPlayer::ProcessVideoData size:3393 dts:364.531 pts:364.531 dur:41.000ms, clock:356.224 level:89
2019-12-02 09:25:45.855 T:3901322112 DEBUG: CVideoPlayer::ProcessVideoData size:3987 dts:364.573 pts:364.573 dur:41.000ms, clock:356.225 level:89
2019-12-02 09:25:45.855 T:3901322112 DEBUG: CVideoPlayer::ProcessVideoData size:2902 dts:364.614 pts:364.656 dur:41.000ms, clock:356.225 level:90
2019-12-02 09:25:45.876 T:3772773248 DEBUG: CVideoPlayerVideo::OutputPicture - ttd:109ms pts:356.356 Clock:356.246 Level:4
2019-12-02 09:25:45.921 T:3772773248 DEBUG: CVideoPlayerVideo::OutputPicture - ttd:107ms pts:356.398 Clock:356.291 Level:3
2019-12-02 09:25:45.959 T:3772773248 DEBUG: CVideoPlayerVideo::OutputPicture - ttd:110ms pts:356.439 Clock:356.329 Level:4
2019-12-02 09:25:46.003 T:3772773248 DEBUG: CVideoPlayerVideo::OutputPicture - ttd:107ms pts:356.481 Clock:356.373 Level:3
2019-12-02 09:25:46.042 T:3772773248 DEBUG: CVideoPlayerVideo::OutputPicture - ttd:110ms pts:356.523 Clock:356.412 Level:4
2019-12-02 09:25:46.088 T:3772773248 DEBUG: CVideoPlayerVideo::OutputPicture - ttd:107ms pts:356.565 Clock:356.458 Level:3
2019-12-02 09:25:46.099 T:3901322112 DEBUG: CVideoPlayer::ProcessVideoData size:35918 dts:364.656 pts:364.864 dur:41.000ms, clock:356.469 level:85
2019-12-02 09:25:46.100 T:3901322112 DEBUG: CVideoPlayer::ProcessVideoData size:13990 dts:364.698 pts:364.781 dur:41.000ms, clock:356.470 level:86
2019-12-02 09:25:46.100 T:3901322112 DEBUG: CVideoPlayer::ProcessVideoData size:3829 dts:364.739 pts:364.739 dur:41.000ms, clock:356.470 level:87
2019-12-02 09:25:46.100 T:3901322112 DEBUG: CVideoPlayer::ProcessVideoData size:3842 dts:364.781 pts:364.823 dur:41.000ms, clock:356.470 level:87
2019-12-02 09:25:46.101 T:3901322112 DEBUG: CVideoPlayer::ProcessVideoData size:39044 dts:364.823 pts:365.073 dur:41.000ms, clock:356.471 level:88
2019-12-02 09:25:46.101 T:3901322112 DEBUG: CVideoPlayer::ProcessVideoData size:8224 dts:364.864 pts:364.990 dur:41.000ms, clock:356.471 level:88
2019-12-02 09:25:46.102 T:3901322112 DEBUG: CVideoPlayer::ProcessVideoData size:3716 dts:364.906 pts:364.906 dur:41.000ms, clock:356.472 level:89
2019-12-02 09:25:46.102 T:3901322112 DEBUG: CVideoPlayer::ProcessVideoData size:3798 dts:364.948 pts:364.948 dur:41.000ms, clock:356.472 level:89
2019-12-02 09:25:46.102 T:3901322112 DEBUG: CVideoPlayer::ProcessVideoData size:5902 dts:364.990 pts:365.031 dur:41.000ms, clock:356.472 level:90
2019-12-02 09:25:46.129 T:3772773248 DEBUG: CVideoPlayerVideo::OutputPicture - ttd:107ms pts:356.606 Clock:356.499 Level:3
2019-12-02 09:25:46.168 T:3772773248 DEBUG: CVideoPlayerVideo::OutputPicture - ttd:110ms pts:356.648 Clock:356.538 Level:4
2019-12-02 09:25:46.213 T:3772773248 DEBUG: CVideoPlayerVideo::OutputPicture - ttd:106ms pts:356.690 Clock:356.583 Level:3
2019-12-02 09:25:46.252 T:3772773248 DEBUG: CVideoPlayerVideo::OutputPicture - ttd:108ms pts:356.731 Clock:356.622 Level:4
2019-12-02 09:25:46.296 T:3772773248 DEBUG: CVideoPlayerVideo::OutputPicture - ttd:108ms pts:356.773 Clock:356.664 Level:4
2019-12-02 09:25:46.335 T:3772773248 DEBUG: CVideoPlayerVideo::OutputPicture - ttd:110ms pts:356.815 Clock:356.704 Level:4
2019-12-02 09:25:46.347 T:3901322112 DEBUG: CVideoPlayer::ProcessVideoData size:33422 dts:365.031 pts:365.282 dur:41.000ms, clock:356.717 level:89
2019-12-02 09:25:46.347 T:3901322112 DEBUG: CVideoPlayer::ProcessVideoData size:8200 dts:365.073 pts:365.198 dur:41.000ms, clock:356.717 level:89
2019-12-02 09:25:46.348 T:3901322112 DEBUG: CVideoPlayer::ProcessVideoData size:3416 dts:365.115 pts:365.115 dur:41.000ms, clock:356.717 level:90
2019-12-02 09:25:46.348 T:3901322112 DEBUG: CVideoPlayer::ProcessVideoData size:5132 dts:365.156 pts:365.156 dur:41.000ms, clock:356.718 level:90
2019-12-02 09:25:46.348 T:3901322112 DEBUG: CVideoPlayer::ProcessVideoData size:3008 dts:365.198 pts:365.240 dur:41.000ms, clock:356.718 level:91
2019-12-02 09:25:46.381 T:3772773248 DEBUG: CVideoPlayerVideo::OutputPicture - ttd:105ms pts:356.856 Clock:356.751 Level:3
2019-12-02 09:25:46.423 T:3772773248 DEBUG: CVideoPlayerVideo::OutputPicture - ttd:105ms pts:356.898 Clock:356.793 Level:3
2019-12-02 09:25:46.462 T:3772773248 DEBUG: CVideoPlayerVideo::OutputPicture - ttd:108ms pts:356.940 Clock:356.832 Level:3
2019-12-02 09:25:46.501 T:3772773248 DEBUG: CVideoPlayerVideo::OutputPicture - ttd:111ms pts:356.982 Clock:356.871 Level:4
2019-12-02 09:25:46.545 T:3772773248 DEBUG: CVideoPlayerVideo::OutputPicture - ttd:108ms pts:357.023 Clock:356.914 Level:4
2019-12-02 09:25:46.590 T:3772773248 DEBUG: CPtsTracker: detected pattern of length 1: 41708.33, frameduration: 41708.333333
2019-12-02 09:25:46.590 T:3772773248 DEBUG: CVideoPlayerVideo::OutputPicture - ttd:105ms pts:357.065 Clock:356.960 Level:3
2019-12-02 09:25:46.591 T:3658863488 DEBUG: CecLogMessage - >> 01:44:35
2019-12-02 09:25:46.592 T:3658863488 DEBUG: CecLogMessage - SetCurrentButton display information (35) D:0ms cur:35
2019-12-02 09:25:46.592 T:3658863488 DEBUG: CecLogMessage - key pressed: display information (35) current(ff) duration(0)
2019-12-02 09:25:46.592 T:3658863488 DEBUG: CecLogMessage - Changed key display information (35) D:0ms cur:ff
2019-12-02 09:25:46.592 T:3658863488 DEBUG: CecLogMessage - key pressed: display information (35, 0)
2019-12-02 09:25:46.592 T:3658863488 DEBUG: PushCecKeypress - received key c3 duration 0
2019-12-02 09:25:46.592 T:3658863488 DEBUG: CecLogMessage - CheckKeypressTimeout T:55.833
2019-12-02 09:25:46.592 T:3658863488 DEBUG: CecLogMessage - Key display information: idle (duration:0) (35) timeout:-621114232ms (rel:500,rep:0,prs:500,rel:0)
2019-12-02 09:25:46.592 T:3658863488 DEBUG: CecLogMessage - >> TV (0) -> Recorder 1 (1): user control pressed (44)
2019-12-02 09:25:46.603 T:3901322112 DEBUG: CVideoPlayer::ProcessVideoData size:28605 dts:365.240 pts:365.490 dur:41.000ms, clock:356.972 level:85
2019-12-02 09:25:46.603 T:3901322112 DEBUG: CVideoPlayer::ProcessVideoData size:5960 dts:365.282 pts:365.407 dur:41.000ms, clock:356.973 level:86
2019-12-02 09:25:46.604 T:3901322112 DEBUG: CVideoPlayer::ProcessVideoData size:4612 dts:365.323 pts:365.323 dur:41.000ms, clock:356.973 level:87
2019-12-02 09:25:46.604 T:3901322112 DEBUG: CVideoPlayer::ProcessVideoData size:4101 dts:365.365 pts:365.365 dur:41.000ms, clock:356.973 level:87
2019-12-02 09:25:46.604 T:3901322112 DEBUG: CVideoPlayer::ProcessVideoData size:2238 dts:365.407 pts:365.448 dur:41.000ms, clock:356.974 level:88
2019-12-02 09:25:46.628 T:4065601376 DEBUG: HandleKey: launch_media_center (0xc3) pressed, action is codecinfo
2019-12-02 09:25:46.628 T:4065601376 DEBUG: Activating window ID: 10116
2019-12-02 09:25:46.628 T:4065601376 DEBUG: ------ Window Init (DialogPlayerProcessInfo.xml) ------
2019-12-02 09:25:46.628 T:4065601376 INFO: Loading skin file: DialogPlayerProcessInfo.xml, load type: KEEP_IN_MEMORY
2019-12-02 09:25:46.631 T:3772773248 DEBUG: CVideoPlayerVideo::OutputPicture - ttd:106ms pts:357.107 Clock:357.000 Level:4
2019-12-02 09:25:46.641 T:3392721792 DEBUG: Thread LanguageInvoker start, auto delete: false
2019-12-02 09:25:46.641 T:3392721792 INFO: initializing python engine.
2019-12-02 09:25:46.641 T:3392721792 DEBUG: CPythonInvoker(4, /usr/share/kodi/addons/script.amlogic.displayinfo/default.py): start processing
2019-12-02 09:25:46.642 T:4065601376 DEBUG: ------ Window Init (DialogSeekBar.xml) ------
2019-12-02 09:25:46.670 T:3772773248 DEBUG: CVideoPlayerVideo::OutputPicture - ttd:108ms pts:357.148 Clock:357.040 Level:4
2019-12-02 09:25:46.672 T:4065601376 DEBUG: ------ Window Init (Custom_1109_TopBarOverlay.xml) ------
2019-12-02 09:25:46.673 T:3392721792 DEBUG: -->Python Interpreter Initialized<--
2019-12-02 09:25:46.673 T:3392721792 DEBUG: CPythonInvoker(4, /usr/share/kodi/addons/script.amlogic.displayinfo/default.py): the source file to load is "/usr/share/kodi/addons/script.amlogic.displayinfo/default.py"
2019-12-02 09:25:46.673 T:3392721792 DEBUG: CPythonInvoker(4, /usr/share/kodi/addons/script.amlogic.displayinfo/default.py): setting the Python path to /usr/share/kodi/addons/script.amlogic.displayinfo:/usr/lib/python27.zip:/usr/lib/python2.7:/usr/lib/python2.7/plat-linux2:/usr/lib/python2.7/lib-tk:/usr/lib/python2.7/lib-old:/usr/lib/python2.7/lib-dynload:/usr/lib/python2.7/site-packages:/usr/lib/python2.7/site-packages/gtk-2.0
2019-12-02 09:25:46.673 T:3392721792 DEBUG: CPythonInvoker(4, /usr/share/kodi/addons/script.amlogic.displayinfo/default.py): entering source directory /usr/share/kodi/addons/script.amlogic.displayinfo
2019-12-02 09:25:46.673 T:3392721792 DEBUG: CPythonInvoker(4, /usr/share/kodi/addons/script.amlogic.displayinfo/default.py): instantiating addon using automatically obtained id of "script.amlogic.displayinfo" dependent on version 2.1.0 of the xbmc.python api
2019-12-02 09:25:46.680 T:3392721792 DEBUG: script.amlogic.displayinfo: script version 9.2.100 started
2019-12-02 09:25:46.681 T:3392721792 DEBUG: script.amlogic.displayinfo: Parsing cur_VIC as 32
2019-12-02 09:25:46.681 T:3392721792 DEBUG: script.amlogic.displayinfo: Parsing VIC as 32 1920x1080p24hz
2019-12-02 09:25:46.681 T:3392721792 DEBUG: script.amlogic.displayinfo: Parsing Colour depth as 10-bit
2019-12-02 09:25:46.681 T:3392721792 DEBUG: script.amlogic.displayinfo: Parsing Colourspace as YUV444
2019-12-02 09:25:46.681 T:3392721792 DEBUG: script.amlogic.displayinfo: Parsing Colour range as default
2019-12-02 09:25:46.681 T:3392721792 DEBUG: script.amlogic.displayinfo: Parsing EOTF as SDR
2019-12-02 09:25:46.681 T:3392721792 DEBUG: script.amlogic.displayinfo: Parsing YCC colour range as limited
2019-12-02 09:25:46.681 T:3392721792 DEBUG: script.amlogic.displayinfo: Parsing Colourimetry as BT.709
2019-12-02 09:25:46.681 T:3392721792 DEBUG: script.amlogic.displayinfo: Parsing PLL clock as 0xdb15049a, Vid clock div 0x000b0000
2019-12-02 09:25:46.681 T:3392721792 DEBUG: script.amlogic.displayinfo: Parsing audio config as on
2019-12-02 09:25:46.681 T:3392721792 DEBUG: script.amlogic.displayinfo: Parsing audio on/off as on
2019-12-02 09:25:46.681 T:3392721792 DEBUG: script.amlogic.displayinfo: Parsing audio source as SPDIF
2019-12-02 09:25:46.681 T:3392721792 DEBUG: script.amlogic.displayinfo: Parsing audio type as AC-3
2019-12-02 09:25:46.681 T:3392721792 DEBUG: script.amlogic.displayinfo: Parsing audio channel num as 2 channels
2019-12-02 09:25:46.681 T:3392721792 DEBUG: script.amlogic.displayinfo: Parsing audio sample rate as 48kHz
2019-12-02 09:25:46.681 T:3392721792 DEBUG: script.amlogic.displayinfo: Parsing audio sample size as 16bit
2019-12-02 09:25:46.681 T:3392721792 DEBUG: script.amlogic.displayinfo: Parsing 3D config as off
2019-12-02 09:25:46.681 T:3392721792 INFO: CPythonInvoker(4, /usr/share/kodi/addons/script.amlogic.displayinfo/default.py): script successfully run
2019-12-02 09:25:46.681 T:3392721792 DEBUG: onExecutionDone(4, /usr/share/kodi/addons/script.amlogic.displayinfo/default.py)
2019-12-02 09:25:46.703 T:3392721792 INFO: Python interpreter stopped
2019-12-02 09:25:46.703 T:3392721792 DEBUG: Thread LanguageInvoker 3392721792 terminating
2019-12-02 09:25:46.716 T:3772773248 DEBUG: CVideoPlayerVideo::OutputPicture - ttd:104ms pts:357.190 Clock:357.085 Level:4
2019-12-02 09:25:46.755 T:3772773248 DEBUG: CVideoPlayerVideo::OutputPicture - ttd:107ms pts:357.232 Clock:357.124 Level:4
2019-12-02 09:25:46.781 T:3658863488 DEBUG: CecLogMessage - >> 01:45
2019-12-02 09:25:46.781 T:3658863488 DEBUG: CecLogMessage - key released: display information (35) D:189ms
2019-12-02 09:25:46.781 T:3658863488 DEBUG: PushCecKeypress - received key c3 duration 189
2019-12-02 09:25:46.781 T:3658863488 DEBUG: CecLogMessage - >> TV (0) -> Recorder 1 (1): user control release (45)
2019-12-02 09:25:46.794 T:3772773248 DEBUG: CVideoPlayerVideo::OutputPicture - ttd:110ms pts:357.274 Clock:357.164 Level:4
2019-12-02 09:25:46.840 T:3772773248 DEBUG: CVideoPlayerVideo::OutputPicture - ttd:105ms pts:357.315 Clock:357.210 Level:4
2019-12-02 09:25:46.850 T:3901322112 DEBUG: CVideoPlayer::ProcessVideoData size:34839 dts:365.448 pts:365.615 dur:41.000ms, clock:357.219 level:88
2019-12-02 09:25:46.850 T:3901322112 DEBUG: CVideoPlayer::ProcessVideoData size:6021 dts:365.490 pts:365.574 dur:41.000ms, clock:357.219 level:88
2019-12-02 09:25:46.850 T:3901322112 DEBUG: CVideoPlayer::ProcessVideoData size:3347 dts:365.532 pts:365.532 dur:41.000ms, clock:357.220 level:89
2019-12-02 09:25:46.851 T:3901322112 DEBUG: CVideoPlayer::ProcessVideoData size:31151 dts:365.574 pts:365.824 dur:41.000ms, clock:357.220 level:89
2019-12-02 09:25:46.851 T:3901322112 DEBUG: CVideoPlayer::ProcessVideoData size:8426 dts:365.615 pts:365.740 dur:41.000ms, clock:357.221 level:90
2019-12-02 09:25:46.852 T:3901322112 DEBUG: CVideoPlayer::ProcessVideoData size:4851 dts:365.657 pts:365.657 dur:41.000ms, clock:357.221 level:90
2019-12-02 09:25:46.852 T:3901322112 DEBUG: CVideoPlayer::ProcessVideoData size:5503 dts:365.699 pts:365.699 dur:41.000ms, clock:357.222 level:90
2019-12-02 09:25:46.852 T:3901322112 DEBUG: CVideoPlayer::ProcessVideoData size:4643 dts:365.740 pts:365.782 dur:41.000ms, clock:357.222 level:91
2019-12-02 09:25:46.881 T:3772773248 DEBUG: CVideoPlayerVideo::OutputPicture - ttd:106ms pts:357.357 Clock:357.250 Level:4
2019-12-02 09:25:46.920 T:3772773248 DEBUG: CVideoPlayerVideo::OutputPicture - ttd:109ms pts:357.399 Clock:357.289 Level:4
2019-12-02 09:25:46.966 T:3772773248 DEBUG: CVideoPlayerVideo::OutputPicture - ttd:104ms pts:357.440 Clock:357.335 Level:4
2019-12-02 09:25:47.005 T:3772773248 DEBUG: CVideoPlayerVideo::OutputPicture - ttd:107ms pts:357.482 Clock:357.374 Level:4
2019-12-02 09:25:47.044 T:3772773248 DEBUG: CVideoPlayerVideo::OutputPicture - ttd:110ms pts:357.524 Clock:357.413 Level:4
2019-12-02 09:25:47.087 T:3772773248 DEBUG: CVideoPlayerVideo::OutputPicture - ttd:109ms pts:357.566 Clock:357.456 Level:4
2019-12-02 09:25:47.097 T:3901322112 DEBUG: CVideoPlayer::ProcessVideoData size:34671 dts:365.782 pts:366.032 dur:41.000ms, clock:357.466 level:89
2019-12-02 09:25:47.097 T:3901322112 DEBUG: CVideoPlayer::ProcessVideoData size:22450 dts:365.824 pts:365.949 dur:41.000ms, clock:357.467 level:89
2019-12-02 09:25:47.098 T:3901322112 DEBUG: CVideoPlayer::ProcessVideoData size:7070 dts:365.865 pts:365.865 dur:41.000ms, clock:357.467 level:90
2019-12-02 09:25:47.098 T:3901322112 DEBUG: CVideoPlayer::ProcessVideoData size:8638 dts:365.907 pts:365.907 dur:41.000ms, clock:357.467 level:90
2019-12-02 09:25:47.098 T:3901322112 DEBUG: CVideoPlayer::ProcessVideoData size:7287 dts:365.949 pts:365.991 dur:41.000ms, clock:357.468 level:91
2019-12-02 09:25:47.133 T:3772773248 DEBUG: CVideoPlayerVideo::OutputPicture - ttd:105ms pts:357.607 Clock:357.502 Level:3
2019-12-02 09:25:47.171 T:3772773248 DEBUG: CVideoPlayerVideo::OutputPicture - ttd:109ms pts:357.649 Clock:357.540 Level:4
2019-12-02 09:25:47.213 T:3772773248 DEBUG: CVideoPlayerVideo::OutputPicture - ttd:108ms pts:357.691 Clock:357.583 Level:4
2019-12-02 09:25:47.253 T:3772773248 DEBUG: CVideoPlayerVideo::OutputPicture - ttd:109ms pts:357.732 Clock:357.622 Level:4
2019-12-02 09:25:47.298 T:3772773248 DEBUG: CVideoPlayerVideo::OutputPicture - ttd:106ms pts:357.774 Clock:357.667 Level:4
2019-12-02 09:25:47.340 T:3772773248 DEBUG: CVideoPlayerVideo::OutputPicture - ttd:107ms pts:357.816 Clock:357.709 Level:4
2019-12-02 09:25:47.353 T:3901322112 DEBUG: CVideoPlayer::ProcessVideoData size:22089 dts:365.991 pts:366.241 dur:41.000ms, clock:357.722 level:87
2019-12-02 09:25:47.353 T:3901322112 DEBUG: CVideoPlayer::ProcessVideoData size:7298 dts:366.032 pts:366.157 dur:41.000ms, clock:357.722 level:88
2019-12-02 09:25:47.353 T:3901322112 DEBUG: CVideoPlayer::ProcessVideoData size:4974 dts:366.074 pts:366.074 dur:41.000ms, clock:357.723 level:88
2019-12-02 09:25:47.354 T:3901322112 DEBUG: CVideoPlayer::ProcessVideoData size:4702 dts:366.116 pts:366.116 dur:41.000ms, clock:357.723 level:89
2019-12-02 09:25:47.354 T:3901322112 DEBUG: CVideoPlayer::ProcessVideoData size:6679 dts:366.157 pts:366.199 dur:41.000ms, clock:357.723 level:89
2019-12-02 09:25:47.354 T:3901322112 DEBUG: CVideoPlayer::ProcessVideoData size:7236 dts:366.199 pts:366.283 dur:41.000ms, clock:357.723 level:90
2019-12-02 09:25:47.355 T:3901322112 DEBUG: CVideoPlayer::ProcessVideoData size:46406 dts:366.241 pts:366.324 dur:41.000ms, clock:357.725 level:90
2019-12-02 09:25:47.382 T:3772773248 DEBUG: CVideoPlayerVideo::OutputPicture - ttd:105ms pts:357.857 Clock:357.751 Level:3
2019-12-02 09:25:47.422 T:3772773248 DEBUG: CVideoPlayerVideo::OutputPicture - ttd:108ms pts:357.899 Clock:357.791 Level:4
2019-12-02 09:25:47.467 T:3772773248 DEBUG: CVideoPlayerVideo::OutputPicture - ttd:105ms pts:357.941 Clock:357.836 Level:3
2019-12-02 09:25:47.504 T:3772773248 DEBUG: CVideoPlayerVideo::OutputPicture - ttd:110ms pts:357.983 Clock:357.873 Level:4
2019-12-02 09:25:47.550 T:3772773248 DEBUG: CVideoPlayerVideo::OutputPicture - ttd:105ms pts:358.024 Clock:357.919 Level:4
2019-12-02 09:25:47.588 T:3772773248 DEBUG: CVideoPlayerVideo::OutputPicture - ttd:109ms pts:358.066 Clock:357.957 Level:4
2019-12-02 09:25:47.600 T:3901322112 DEBUG: CVideoPlayer::ProcessVideoData size:7508 dts:366.283 pts:366.408 dur:41.000ms, clock:357.968 level:89
2019-12-02 09:25:47.600 T:3901322112 DEBUG: CVideoPlayer::ProcessVideoData size:4057 dts:366.324 pts:366.366 dur:41.000ms, clock:357.969 level:89
2019-12-02 09:25:47.633 T:3772773248 DEBUG: CVideoPlayerVideo::OutputPicture - ttd:106ms pts:358.108 Clock:358.002 Level:3
2019-12-02 09:25:47.671 T:3772773248 DEBUG: CVideoPlayerVideo::OutputPicture - ttd:109ms pts:358.149 Clock:358.040 Level:4
2019-12-02 09:25:47.715 T:3772773248 DEBUG: CVideoPlayerVideo::OutputPicture - ttd:106ms pts:358.191 Clock:358.084 Level:4
2019-12-02 09:25:47.753 T:3772773248 DEBUG: CVideoPlayerVideo::OutputPicture - ttd:110ms pts:358.233 Clock:358.122 Level:4
2019-12-02 09:25:47.796 T:3772773248 DEBUG: CVideoPlayerVideo::OutputPicture - ttd:110ms pts:358.275 Clock:358.165 Level:4
2019-12-02 09:25:47.841 T:3772773248 DEBUG: CVideoPlayerVideo::OutputPicture - ttd:105ms pts:358.316 Clock:358.210 Level:4
2019-12-02 09:25:47.854 T:3901322112 DEBUG: CVideoPlayer::ProcessVideoData size:13065 dts:366.366 pts:366.616 dur:41.000ms, clock:358.223 level:87
2019-12-02 09:25:47.855 T:3901322112 DEBUG: CVideoPlayer::ProcessVideoData size:5155 dts:366.408 pts:366.533 dur:41.000ms, clock:358.223 level:87
2019-12-02 09:25:47.855 T:3901322112 DEBUG: CVideoPlayer::ProcessVideoData size:1598 dts:366.449 pts:366.449 dur:41.000ms, clock:358.224 level:88
2019-12-02 09:25:47.855 T:3901322112 DEBUG: CVideoPlayer::ProcessVideoData size:1941 dts:366.491 pts:366.491 dur:41.000ms, clock:358.224 level:88
2019-12-02 09:25:47.855 T:3901322112 DEBUG: CVideoPlayer::ProcessVideoData size:1765 dts:366.533 pts:366.575 dur:41.000ms, clock:358.224 level:89
2019-12-02 09:25:47.856 T:3901322112 DEBUG: CVideoPlayer::ProcessVideoData size:12283 dts:366.575 pts:366.825 dur:41.000ms, clock:358.224 level:89
2019-12-02 09:25:47.856 T:3901322112 DEBUG: CVideoPlayer::ProcessVideoData size:5922 dts:366.616 pts:366.741 dur:41.000ms, clock:358.225 level:90
2019-12-02 09:25:47.856 T:3901322112 DEBUG: CVideoPlayer::ProcessVideoData size:2245 dts:366.658 pts:366.658 dur:41.000ms, clock:358.225 level:90
2019-12-02 09:25:47.856 T:3901322112 DEBUG: CVideoPlayer::ProcessVideoData size:2531 dts:366.700 pts:366.700 dur:41.000ms, clock:358.225 level:91
2019-12-02 09:25:47.857 T:3901322112 DEBUG: CVideoPlayer::ProcessVideoData size:2036 dts:366.741 pts:366.783 dur:41.000ms, clock:358.225 level:91
2019-12-02 09:25:47.883 T:3772773248 DEBUG: CVideoPlayerVideo::OutputPicture - ttd:106ms pts:358.358 Clock:358.252 Level:3
2019-12-02 09:25:47.921 T:3772773248 DEBUG: CVideoPlayerVideo::OutputPicture - ttd:109ms pts:358.400 Clock:358.290 Level:4
2019-12-02 09:25:47.966 T:3772773248 DEBUG: CVideoPlayerVideo::OutputPicture - ttd:106ms pts:358.441 Clock:358.334 Level:4
2019-12-02 09:25:47.980 T:3658863488 DEBUG: CecLogMessage - >> 01:44:0d
2019-12-02 09:25:47.980 T:3658863488 DEBUG: CecLogMessage - SetCurrentButton exit (d) D:0ms cur:d
2019-12-02 09:25:47.980 T:3658863488 DEBUG: CecLogMessage - key pressed: exit (d) current(ff) duration(0)
2019-12-02 09:25:47.980 T:3658863488 DEBUG: CecLogMessage - Changed key exit (d) D:0ms cur:ff
2019-12-02 09:25:47.980 T:3658863488 DEBUG: CecLogMessage - key pressed: exit (d, 0)
2019-12-02 09:25:47.980 T:3658863488 DEBUG: PushCecKeypress - received key d8 duration 0
2019-12-02 09:25:47.980 T:3658863488 DEBUG: CecLogMessage - CheckKeypressTimeout T:57.221
2019-12-02 09:25:47.980 T:3658863488 DEBUG: CecLogMessage - Key exit: idle (duration:0) (d) timeout:-621114232ms (rel:500,rep:0,prs:500,rel:0)
2019-12-02 09:25:47.980 T:3658863488 DEBUG: CecLogMessage - >> TV (0) -> Recorder 1 (1): user control pressed (44)
2019-12-02 09:25:48.006 T:3772773248 DEBUG: CVideoPlayerVideo::OutputPicture - ttd:108ms pts:358.483 Clock:358.374 Level:4
2019-12-02 09:25:48.007 T:4065601376 DEBUG: HandleKey: menu (0xd8) pressed, action is Back
2019-12-02 09:25:48.051 T:3772773248 DEBUG: CVideoPlayerVideo::OutputPicture - ttd:105ms pts:358.525 Clock:358.420 Level:3
2019-12-02 09:25:48.091 T:3772773248 DEBUG: CVideoPlayerVideo::OutputPicture - ttd:107ms pts:358.567 Clock:358.459 Level:4
2019-12-02 09:25:48.102 T:3901322112 DEBUG: CVideoPlayer::ProcessVideoData size:13852 dts:366.783 pts:367.033 dur:41.000ms, clock:358.470 level:88
2019-12-02 09:25:48.102 T:3901322112 DEBUG: CVideoPlayer::ProcessVideoData size:3986 dts:366.825 pts:366.950 dur:41.000ms, clock:358.470 level:88
2019-12-02 09:25:48.102 T:3901322112 DEBUG: CVideoPlayer::ProcessVideoData size:1936 dts:366.866 pts:366.866 dur:41.000ms, clock:358.471 level:89
2019-12-02 09:25:48.102 T:3901322112 DEBUG: CVideoPlayer::ProcessVideoData size:2182 dts:366.908 pts:366.908 dur:41.000ms, clock:358.471 level:89
2019-12-02 09:25:48.103 T:3901322112 DEBUG: CVideoPlayer::ProcessVideoData size:2507 dts:366.950 pts:366.992 dur:41.000ms, clock:358.471 level:90
2019-12-02 09:25:48.130 T:3772773248 DEBUG: CVideoPlayerVideo::OutputPicture - ttd:109ms pts:358.608 Clock:358.498 Level:4
2019-12-02 09:25:48.168 T:3658863488 DEBUG: CecLogMessage - >> 01:45
2019-12-02 09:25:48.168 T:3658863488 DEBUG: CecLogMessage - key released: exit (d) D:188ms
2019-12-02 09:25:48.168 T:3658863488 DEBUG: PushCecKeypress - received key d8 duration 188
2019-12-02 09:25:48.168 T:3658863488 DEBUG: CecLogMessage - >> TV (0) -> Recorder 1 (1): user control release (45)
2019-12-02 09:25:48.176 T:3772773248 DEBUG: CVideoPlayerVideo::OutputPicture - ttd:105ms pts:358.650 Clock:358.544 Level:3
2019-12-02 09:25:48.215 T:3772773248 DEBUG: CVideoPlayerVideo::OutputPicture - ttd:108ms pts:358.692 Clock:358.584 Level:4
2019-12-02 09:25:48.220 T:4065601376 DEBUG: ------ Window Deinit (DialogPlayerProcessInfo.xml) ------
2019-12-02 09:25:48.259 T:3772773248 DEBUG: CVideoPlayerVideo::OutputPicture - ttd:105ms pts:358.733 Clock:358.628 Level:3
2019-12-02 09:25:48.302 T:3772773248 DEBUG: CVideoPlayerVideo::OutputPicture - ttd:104ms pts:358.775 Clock:358.670 Level:3
2019-12-02 09:25:48.341 T:3772773248 DEBUG: CVideoPlayerVideo::OutputPicture - ttd:108ms pts:358.817 Clock:358.709 Level:4
2019-12-02 09:25:48.345 T:4065601376 DEBUG: ------ Window Deinit (DialogSeekBar.xml) ------
2019-12-02 09:25:48.357 T:3901322112 DEBUG: CVideoPlayer::ProcessVideoData size:11479 dts:366.992 pts:367.242 dur:41.000ms, clock:358.725 level:88
2019-12-02 09:25:48.357 T:3901322112 DEBUG: CVideoPlayer::ProcessVideoData size:3299 dts:367.033 pts:367.158 dur:41.000ms, clock:358.726 level:89
2019-12-02 09:25:48.357 T:3901322112 DEBUG: CVideoPlayer::ProcessVideoData size:3750 dts:367.075 pts:367.075 dur:41.000ms, clock:358.726 level:89
2019-12-02 09:25:48.358 T:3901322112 DEBUG: CVideoPlayer::ProcessVideoData size:2048 dts:367.117 pts:367.117 dur:41.000ms, clock:358.726 level:90
2019-12-02 09:25:48.358 T:3901322112 DEBUG: CVideoPlayer::ProcessVideoData size:1560 dts:367.158 pts:367.200 dur:41.000ms, clock:358.726 level:90
2019-12-02 09:25:48.380 T:3772773248 DEBUG: CVideoPlayerVideo::OutputPicture - ttd:109ms pts:358.858 Clock:358.748 Level:4
2019-12-02 09:25:48.384 T:4065601376 DEBUG: ------ Window Deinit (Custom_1109_TopBarOverlay.xml) ------
2019-12-02 09:25:48.424 T:3772773248 DEBUG: CVideoPlayerVideo::OutputPicture - ttd:107ms pts:358.900 Clock:358.792 Level:3
2019-12-02 09:25:48.465 T:3772773248 DEBUG: CVideoPlayerVideo::OutputPicture - ttd:108ms pts:358.942 Clock:358.833 Level:4
2019-12-02 09:25:48.504 T:3772773248 DEBUG: CVideoPlayerVideo::OutputPicture - ttd:111ms pts:358.984 Clock:358.873 Level:4
2019-12-02 09:25:48.550 T:3772773248 DEBUG: CVideoPlayerVideo::OutputPicture - ttd:107ms pts:359.025 Clock:358.918 Level:3
2019-12-02 09:25:48.589 T:3772773248 DEBUG: CVideoPlayerVideo::OutputPicture - ttd:109ms pts:359.067 Clock:358.957 Level:4
2019-12-02 09:25:48.602 T:3901322112 DEBUG: CVideoPlayer::ProcessVideoData size:11897 dts:367.200 pts:367.450 dur:41.000ms, clock:358.970 level:87
2019-12-02 09:25:48.602 T:3901322112 DEBUG: CVideoPlayer::ProcessVideoData size:4527 dts:367.242 pts:367.367 dur:41.000ms, clock:358.970 level:88
2019-12-02 09:25:48.603 T:3901322112 DEBUG: CVideoPlayer::ProcessVideoData size:2577 dts:367.284 pts:367.284 dur:41.000ms, clock:358.971 level:88
2019-12-02 09:25:48.603 T:3901322112 DEBUG: CVideoPlayer::ProcessVideoData size:2850 dts:367.325 pts:367.325 dur:41.000ms, clock:358.971 level:89
2019-12-02 09:25:48.603 T:3901322112 DEBUG: CVideoPlayer::ProcessVideoData size:2124 dts:367.367 pts:367.409 dur:41.000ms, clock:358.971 level:89
2019-12-02 09:25:48.603 T:3901322112 DEBUG: CVideoPlayer::ProcessVideoData size:5627 dts:367.409 pts:367.534 dur:41.000ms, clock:358.971 level:90
2019-12-02 09:25:48.603 T:3901322112 DEBUG: CVideoPlayer::ProcessVideoData size:1730 dts:367.450 pts:367.492 dur:41.000ms, clock:358.972 level:90
2019-12-02 09:25:48.604 T:3901322112 DEBUG: CVideoPlayer::ProcessVideoData size:81458 dts:367.492 pts:367.576 dur:41.000ms, clock:358.972 level:91
2019-12-02 09:25:48.636 T:3772773248 DEBUG: CVideoPlayerVideo::OutputPicture - ttd:105ms pts:359.109 Clock:359.004 Level:3
2019-12-02 09:25:48.675 T:3772773248 DEBUG: CVideoPlayerVideo::OutputPicture - ttd:107ms pts:359.150 Clock:359.043 Level:3
2019-12-02 09:25:48.714 T:3772773248 DEBUG: CVideoPlayerVideo::OutputPicture - ttd:110ms pts:359.192 Clock:359.082 Level:4
2019-12-02 09:25:48.759 T:3772773248 DEBUG: CVideoPlayerVideo::OutputPicture - ttd:106ms pts:359.234 Clock:359.127 Level:3
2019-12-02 09:25:48.798 T:3772773248 DEBUG: CVideoPlayerVideo::OutputPicture - ttd:109ms pts:359.276 Clock:359.166 Level:4
2019-12-02 09:25:48.841 T:3772773248 DEBUG: CVideoPlayerVideo::OutputPicture - ttd:107ms pts:359.317 Clock:359.209 Level:3
2019-12-02 09:25:48.848 T:3901322112 DEBUG: CVideoPlayer::ProcessVideoData size:19293 dts:367.534 pts:367.617 dur:41.000ms, clock:359.216 level:85
2019-12-02 09:25:48.849 T:3901322112 DEBUG: CVideoPlayer::ProcessVideoData size:26811 dts:367.576 pts:367.826 dur:41.000ms, clock:359.217 level:86
2019-12-02 09:25:48.849 T:3901322112 DEBUG: CVideoPlayer::ProcessVideoData size:8175 dts:367.617 pts:367.742 dur:41.000ms, clock:359.217 level:87
2019-12-02 09:25:48.849 T:3901322112 DEBUG: CVideoPlayer::ProcessVideoData size:3232 dts:367.659 pts:367.659 dur:41.000ms, clock:359.217 level:87
2019-12-02 09:25:48.850 T:3901322112 DEBUG: CVideoPlayer::ProcessVideoData size:4572 dts:367.701 pts:367.701 dur:41.000ms, clock:359.217 level:88
2019-12-02 09:25:48.850 T:3901322112 DEBUG: CVideoPlayer::ProcessVideoData size:4597 dts:367.742 pts:367.784 dur:41.000ms, clock:359.218 level:88
2019-12-02 09:25:48.883 T:3772773248 DEBUG: CVideoPlayerVideo::OutputPicture - ttd:107ms pts:359.359 Clock:359.251 Level:4
2019-12-02 09:25:48.922 T:3772773248 DEBUG: CVideoPlayerVideo::OutputPicture - ttd:110ms pts:359.401 Clock:359.290 Level:4
2019-12-02 09:25:48.968 T:3772773248 DEBUG: CVideoPlayerVideo::OutputPicture - ttd:106ms pts:359.442 Clock:359.336 Level:3
2019-12-02 09:25:49.007 T:3772773248 DEBUG: CVideoPlayerVideo::OutputPicture - ttd:109ms pts:359.484 Clock:359.375 Level:4
2019-12-02 09:25:49.052 T:3772773248 DEBUG: CVideoPlayerVideo::OutputPicture - ttd:106ms pts:359.526 Clock:359.420 Level:3
2019-12-02 09:25:49.091 T:3772773248 DEBUG: CVideoPlayerVideo::OutputPicture - ttd:109ms pts:359.568 Clock:359.459 Level:3
2019-12-02 09:25:49.104 T:3901322112 DEBUG: CVideoPlayer::ProcessVideoData size:22703 dts:367.784 pts:368.034 dur:41.000ms, clock:359.472 level:89
2019-12-02 09:25:49.104 T:3901322112 DEBUG: CVideoPlayer::ProcessVideoData size:15597 dts:367.826 pts:367.951 dur:41.000ms, clock:359.472 level:89
2019-12-02 09:25:49.105 T:3901322112 DEBUG: CVideoPlayer::ProcessVideoData size:7351 dts:367.867 pts:367.867 dur:41.000ms, clock:359.472 level:90
2019-12-02 09:25:49.105 T:3901322112 DEBUG: CVideoPlayer::ProcessVideoData size:9754 dts:367.909 pts:367.909 dur:41.000ms, clock:359.473 level:90
2019-12-02 09:25:49.105 T:3901322112 DEBUG: CVideoPlayer::ProcessVideoData size:9313 dts:367.951 pts:367.993 dur:41.000ms, clock:359.473 level:91
2019-12-02 09:25:49.132 T:3772773248 DEBUG: CVideoPlayerVideo::OutputPicture - ttd:109ms pts:359.609 Clock:359.499 Level:3
2019-12-02 09:25:49.176 T:3772773248 DEBUG: CVideoPlayerVideo::OutputPicture - ttd:107ms pts:359.651 Clock:359.544 Level:3
2019-12-02 09:25:49.214 T:3772773248 DEBUG: CVideoPlayerVideo::OutputPicture - ttd:111ms pts:359.693 Clock:359.582 Level:4
2019-12-02 09:25:49.258 T:3772773248 DEBUG: CVideoPlayerVideo::OutputPicture - ttd:108ms pts:359.734 Clock:359.626 Level:4
2019-12-02 09:25:49.297 T:3772773248 DEBUG: CVideoPlayerVideo::OutputPicture - ttd:110ms pts:359.776 Clock:359.665 Level:4
2019-12-02 09:25:49.343 T:3772773248 DEBUG: CVideoPlayerVideo::OutputPicture - ttd:107ms pts:359.818 Clock:359.710 Level:3
2019-12-02 09:25:49.350 T:3901322112 DEBUG: CVideoPlayer::ProcessVideoData size:29674 dts:367.993 pts:368.243 dur:41.000ms, clock:359.717 level:87
2019-12-02 09:25:49.350 T:3901322112 DEBUG: CVideoPlayer::ProcessVideoData size:12295 dts:368.034 pts:368.159 dur:41.000ms, clock:359.718 level:87
2019-12-02 09:25:49.350 T:3901322112 DEBUG: CVideoPlayer::ProcessVideoData size:12765 dts:368.076 pts:368.076 dur:41.000ms, clock:359.718 level:88
2019-12-02 09:25:49.351 T:3901322112 DEBUG: CVideoPlayer::ProcessVideoData size:8151 dts:368.118 pts:368.118 dur:41.000ms, clock:359.718 level:88
2019-12-02 09:25:49.351 T:3901322112 DEBUG: CVideoPlayer::ProcessVideoData size:5587 dts:368.159 pts:368.201 dur:41.000ms, clock:359.719 level:89
2019-12-02 09:25:49.384 T:3772773248 DEBUG: CVideoPlayerVideo::OutputPicture - ttd:107ms pts:359.859 Clock:359.751 Level:3
2019-12-02 09:25:49.423 T:3772773248 DEBUG: CVideoPlayerVideo::OutputPicture - ttd:110ms pts:359.901 Clock:359.790 Level:4
2019-12-02 09:25:49.425 T:3658863488 DEBUG: CecLogMessage - >> 01:44:35
2019-12-02 09:25:49.425 T:3658863488 DEBUG: CecLogMessage - SetCurrentButton display information (35) D:0ms cur:35
2019-12-02 09:25:49.425 T:3658863488 DEBUG: CecLogMessage - key pressed: display information (35) current(ff) duration(0)
2019-12-02 09:25:49.425 T:3658863488 DEBUG: CecLogMessage - Changed key display information (35) D:0ms cur:ff
2019-12-02 09:25:49.425 T:3658863488 DEBUG: CecLogMessage - key pressed: display information (35, 0)
2019-12-02 09:25:49.425 T:3658863488 DEBUG: PushCecKeypress - received key c3 duration 0
2019-12-02 09:25:49.425 T:3658863488 DEBUG: CecLogMessage - CheckKeypressTimeout T:58.666
2019-12-02 09:25:49.425 T:3658863488 DEBUG: CecLogMessage - Key display information: idle (duration:0) (35) timeout:-621114232ms (rel:500,rep:0,prs:500,rel:0)
2019-12-02 09:25:49.425 T:3658863488 DEBUG: CecLogMessage - >> TV (0) -> Recorder 1 (1): user control pressed (44)
2019-12-02 09:25:49.466 T:4065601376 DEBUG: HandleKey: launch_media_center (0xc3) pressed, action is codecinfo
2019-12-02 09:25:49.466 T:4065601376 DEBUG: Activating window ID: 10116
2019-12-02 09:25:49.466 T:4065601376 DEBUG: ------ Window Init (DialogPlayerProcessInfo.xml) ------
2019-12-02 09:25:49.468 T:3392721792 DEBUG: Thread LanguageInvoker start, auto delete: false
2019-12-02 09:25:49.469 T:4065601376 DEBUG: ------ Window Init (DialogSeekBar.xml) ------
2019-12-02 09:25:49.471 T:3772773248 DEBUG: CVideoPlayerVideo::OutputPicture - ttd:104ms pts:359.943 Clock:359.838 Level:4
2019-12-02 09:25:49.474 T:3392721792 INFO: initializing python engine.
2019-12-02 09:25:49.474 T:3392721792 DEBUG: CPythonInvoker(5, /usr/share/kodi/addons/script.amlogic.displayinfo/default.py): start processing
2019-12-02 09:25:49.500 T:3392721792 DEBUG: -->Python Interpreter Initialized<--
2019-12-02 09:25:49.500 T:3392721792 DEBUG: CPythonInvoker(5, /usr/share/kodi/addons/script.amlogic.displayinfo/default.py): the source file to load is "/usr/share/kodi/addons/script.amlogic.displayinfo/default.py"
2019-12-02 09:25:49.500 T:3392721792 DEBUG: CPythonInvoker(5, /usr/share/kodi/addons/script.amlogic.displayinfo/default.py): setting the Python path to /usr/share/kodi/addons/script.amlogic.displayinfo:/usr/lib/python27.zip:/usr/lib/python2.7:/usr/lib/python2.7/plat-linux2:/usr/lib/python2.7/lib-tk:/usr/lib/python2.7/lib-old:/usr/lib/python2.7/lib-dynload:/usr/lib/python2.7/site-packages:/usr/lib/python2.7/site-packages/gtk-2.0
2019-12-02 09:25:49.500 T:3392721792 DEBUG: CPythonInvoker(5, /usr/share/kodi/addons/script.amlogic.displayinfo/default.py): entering source directory /usr/share/kodi/addons/script.amlogic.displayinfo
2019-12-02 09:25:49.500 T:3392721792 DEBUG: CPythonInvoker(5, /usr/share/kodi/addons/script.amlogic.displayinfo/default.py): instantiating addon using automatically obtained id of "script.amlogic.displayinfo" dependent on version 2.1.0 of the xbmc.python api
2019-12-02 09:25:49.503 T:3392721792 DEBUG: script.amlogic.displayinfo: script version 9.2.100 started
2019-12-02 09:25:49.504 T:3392721792 DEBUG: script.amlogic.displayinfo: Parsing cur_VIC as 32
2019-12-02 09:25:49.504 T:3392721792 DEBUG: script.amlogic.displayinfo: Parsing VIC as 32 1920x1080p24hz
2019-12-02 09:25:49.504 T:3392721792 DEBUG: script.amlogic.displayinfo: Parsing Colour depth as 10-bit
2019-12-02 09:25:49.504 T:3392721792 DEBUG: script.amlogic.displayinfo: Parsing Colourspace as YUV444
2019-12-02 09:25:49.504 T:3392721792 DEBUG: script.amlogic.displayinfo: Parsing Colour range as default
2019-12-02 09:25:49.504 T:3392721792 DEBUG: script.amlogic.displayinfo: Parsing EOTF as SDR
2019-12-02 09:25:49.504 T:3392721792 DEBUG: script.amlogic.displayinfo: Parsing YCC colour range as limited
2019-12-02 09:25:49.504 T:3392721792 DEBUG: script.amlogic.displayinfo: Parsing Colourimetry as BT.709
2019-12-02 09:25:49.504 T:3392721792 DEBUG: script.amlogic.displayinfo: Parsing PLL clock as 0xdb15049a, Vid clock div 0x000b0000
2019-12-02 09:25:49.504 T:3392721792 DEBUG: script.amlogic.displayinfo: Parsing audio config as on
2019-12-02 09:25:49.504 T:3392721792 DEBUG: script.amlogic.displayinfo: Parsing audio on/off as on
2019-12-02 09:25:49.504 T:3392721792 DEBUG: script.amlogic.displayinfo: Parsing audio source as SPDIF
2019-12-02 09:25:49.504 T:3392721792 DEBUG: script.amlogic.displayinfo: Parsing audio type as AC-3
2019-12-02 09:25:49.504 T:3392721792 DEBUG: script.amlogic.displayinfo: Parsing audio channel num as 2 channels
2019-12-02 09:25:49.504 T:3392721792 DEBUG: script.amlogic.displayinfo: Parsing audio sample rate as 48kHz
2019-12-02 09:25:49.504 T:3392721792 DEBUG: script.amlogic.displayinfo: Parsing audio sample size as 16bit
2019-12-02 09:25:49.504 T:3392721792 DEBUG: script.amlogic.displayinfo: Parsing 3D config as off
2019-12-02 09:25:49.504 T:3392721792 INFO: CPythonInvoker(5, /usr/share/kodi/addons/script.amlogic.displayinfo/default.py): script successfully run
2019-12-02 09:25:49.504 T:3392721792 DEBUG: onExecutionDone(5, /usr/share/kodi/addons/script.amlogic.displayinfo/default.py)
2019-12-02 09:25:49.508 T:4065601376 DEBUG: ------ Window Init (Custom_1109_TopBarOverlay.xml) ------
2019-12-02 09:25:49.510 T:3772773248 DEBUG: CVideoPlayerVideo::OutputPicture - ttd:107ms pts:359.985 Clock:359.878 Level:4
2019-12-02 09:25:49.526 T:3392721792 INFO: Python interpreter stopped
2019-12-02 09:25:49.526 T:3392721792 DEBUG: Thread LanguageInvoker 3392721792 terminating
2019-12-02 09:25:49.553 T:3772773248 DEBUG: CVideoPlayerVideo::OutputPicture - ttd:105ms pts:360.026 Clock:359.920 Level:4
2019-12-02 09:25:49.592 T:3772773248 DEBUG: CVideoPlayerVideo::OutputPicture - ttd:108ms pts:360.068 Clock:359.959 Level:4
2019-12-02 09:25:49.606 T:3901322112 DEBUG: CVideoPlayer::ProcessVideoData size:20884 dts:368.201 pts:368.368 dur:41.000ms, clock:359.973 level:88
2019-12-02 09:25:49.606 T:3901322112 DEBUG: CVideoPlayer::ProcessVideoData size:10978 dts:368.243 pts:368.326 dur:41.000ms, clock:359.974 level:88
2019-12-02 09:25:49.606 T:3901322112 DEBUG: CVideoPlayer::ProcessVideoData size:4364 dts:368.285 pts:368.285 dur:41.000ms, clock:359.974 level:89
2019-12-02 09:25:49.607 T:3901322112 DEBUG: CVideoPlayer::ProcessVideoData size:9127 dts:368.326 pts:368.451 dur:41.000ms, clock:359.974 level:89
2019-12-02 09:25:49.607 T:3901322112 DEBUG: CVideoPlayer::ProcessVideoData size:2871 dts:368.368 pts:368.410 dur:41.000ms, clock:359.974 level:90
2019-12-02 09:25:49.607 T:3901322112 DEBUG: CVideoPlayer::ProcessVideoData size:43000 dts:368.410 pts:368.493 dur:41.000ms, clock:359.975 level:90
2019-12-02 09:25:49.618 T:3658863488 DEBUG: CecLogMessage - >> 01:45
2019-12-02 09:25:49.618 T:3658863488 DEBUG: CecLogMessage - key released: display information (35) D:193ms
2019-12-02 09:25:49.618 T:3658863488 DEBUG: PushCecKeypress - received key c3 duration 193
2019-12-02 09:25:49.618 T:3658863488 DEBUG: CecLogMessage - >> TV (0) -> Recorder 1 (1): user control release (45)
2019-12-02 09:25:49.634 T:3772773248 DEBUG: CVideoPlayerVideo::OutputPicture - ttd:108ms pts:360.110 Clock:360.001 Level:4
2019-12-02 09:25:49.674 T:3772773248 DEBUG: CVideoPlayerVideo::OutputPicture - ttd:109ms pts:360.151 Clock:360.042 Level:4
2019-12-02 09:25:49.720 T:3772773248 DEBUG: CVideoPlayerVideo::OutputPicture - ttd:105ms pts:360.193 Clock:360.088 Level:3
2019-12-02 09:25:49.759 T:3772773248 DEBUG: CVideoPlayerVideo::OutputPicture - ttd:108ms pts:360.235 Clock:360.127 Level:4
2019-12-02 09:25:49.798 T:3772773248 DEBUG: CVideoPlayerVideo::OutputPicture - ttd:111ms pts:360.277 Clock:360.166 Level:4
2019-12-02 09:25:49.844 T:3772773248 DEBUG: CVideoPlayerVideo::OutputPicture - ttd:106ms pts:360.318 Clock:360.211 Level:4
2019-12-02 09:25:49.882 T:3772773248 DEBUG: CVideoPlayerVideo::OutputPicture - ttd:110ms pts:360.360 Clock:360.249 Level:4
2019-12-02 09:25:49.902 T:3901322112 DEBUG: CVideoPlayer::ProcessVideoData size:8172 dts:368.451 pts:368.618 dur:41.000ms, clock:360.270 level:87
2019-12-02 09:25:49.903 T:3901322112 DEBUG: CVideoPlayer::ProcessVideoData size:6069 dts:368.493 pts:368.577 dur:41.000ms, clock:360.270 level:88
2019-12-02 09:25:49.903 T:3901322112 DEBUG: CVideoPlayer::ProcessVideoData size:1297 dts:368.535 pts:368.535 dur:41.000ms, clock:360.270 level:88
2019-12-02 09:25:49.903 T:3901322112 DEBUG: CVideoPlayer::ProcessVideoData size:12453 dts:368.577 pts:368.827 dur:41.000ms, clock:360.270 level:89
2019-12-02 09:25:49.903 T:3901322112 DEBUG: CVideoPlayer::ProcessVideoData size:2741 dts:368.618 pts:368.743 dur:41.000ms, clock:360.270 level:89
2019-12-02 09:25:49.903 T:3901322112 DEBUG: CVideoPlayer::ProcessVideoData size:1744 dts:368.660 pts:368.660 dur:41.000ms, clock:360.270 level:90
2019-12-02 09:25:49.903 T:3901322112 DEBUG: CVideoPlayer::ProcessVideoData size:1715 dts:368.702 pts:368.702 dur:41.000ms, clock:360.271 level:90
2019-12-02 09:25:49.903 T:3901322112 DEBUG: CVideoPlayer::ProcessVideoData size:1060 dts:368.743 pts:368.785 dur:41.000ms, clock:360.271 level:91
2019-12-02 09:25:49.926 T:3772773248 DEBUG: CVideoPlayerVideo::OutputPicture - ttd:108ms pts:360.402 Clock:360.293 Level:4
2019-12-02 09:25:49.969 T:3772773248 DEBUG: CVideoPlayerVideo::OutputPicture - ttd:106ms pts:360.443 Clock:360.337 Level:3
2019-12-02 09:25:50.012 T:3772773248 DEBUG: CVideoPlayerVideo::OutputPicture - ttd:105ms pts:360.485 Clock:360.380 Level:3
2019-12-02 09:25:50.051 T:3772773248 DEBUG: CVideoPlayerVideo::OutputPicture - ttd:108ms pts:360.527 Clock:360.418 Level:4
2019-12-02 09:25:50.092 T:3772773248 DEBUG: CVideoPlayerVideo::OutputPicture - ttd:110ms pts:360.569 Clock:360.459 Level:4
2019-12-02 09:25:50.137 T:3772773248 DEBUG: CVideoPlayerVideo::OutputPicture - ttd:105ms pts:360.610 Clock:360.504 Level:3
2019-12-02 09:25:50.157 T:3901322112 DEBUG: CVideoPlayer::ProcessVideoData size:12994 dts:368.785 pts:369.035 dur:41.000ms, clock:360.524 level:87
2019-12-02 09:25:50.158 T:3901322112 DEBUG: CVideoPlayer::ProcessVideoData size:3954 dts:368.827 pts:368.952 dur:41.000ms, clock:360.525 level:88
2019-12-02 09:25:50.158 T:3901322112 DEBUG: CVideoPlayer::ProcessVideoData size:1551 dts:368.868 pts:368.868 dur:41.000ms, clock:360.525 level:88
2019-12-02 09:25:50.158 T:3901322112 DEBUG: CVideoPlayer::ProcessVideoData size:1736 dts:368.910 pts:368.910 dur:41.000ms, clock:360.525 level:89
2019-12-02 09:25:50.158 T:3901322112 DEBUG: CVideoPlayer::ProcessVideoData size:1808 dts:368.952 pts:368.994 dur:41.000ms, clock:360.525 level:89
2019-12-02 09:25:50.179 T:3772773248 DEBUG: CVideoPlayerVideo::OutputPicture - ttd:106ms pts:360.652 Clock:360.546 Level:3
2019-12-02 09:25:50.218 T:3772773248 DEBUG: CVideoPlayerVideo::OutputPicture - ttd:109ms pts:360.694 Clock:360.585 Level:4
2019-12-02 09:25:50.263 T:3772773248 DEBUG: CVideoPlayerVideo::OutputPicture - ttd:104ms pts:360.735 Clock:360.630 Level:3
2019-12-02 09:25:50.299 T:3772773248 DEBUG: CVideoPlayerVideo::OutputPicture - ttd:110ms pts:360.777 Clock:360.666 Level:4
2019-12-02 09:25:50.344 T:3772773248 DEBUG: CVideoPlayerVideo::OutputPicture - ttd:107ms pts:360.819 Clock:360.711 Level:4
2019-12-02 09:25:50.378 T:3658863488 DEBUG: CecLogMessage - >> 01:44:0d
2019-12-02 09:25:50.378 T:3658863488 DEBUG: CecLogMessage - SetCurrentButton exit (d) D:0ms cur:d
2019-12-02 09:25:50.378 T:3658863488 DEBUG: CecLogMessage - key pressed: exit (d) current(ff) duration(0)
2019-12-02 09:25:50.378 T:3658863488 DEBUG: CecLogMessage - Changed key exit (d) D:0ms cur:ff
2019-12-02 09:25:50.378 T:3658863488 DEBUG: CecLogMessage - key pressed: exit (d, 0)
2019-12-02 09:25:50.378 T:3658863488 DEBUG: PushCecKeypress - received key d8 duration 0
2019-12-02 09:25:50.378 T:3658863488 DEBUG: CecLogMessage - CheckKeypressTimeout T:59.619
2019-12-02 09:25:50.378 T:3658863488 DEBUG: CecLogMessage - Key exit: idle (duration:0) (d) timeout:-621114232ms (rel:500,rep:0,prs:500,rel:0)
2019-12-02 09:25:50.378 T:3658863488 DEBUG: CecLogMessage - >> TV (0) -> Recorder 1 (1): user control pressed (44)
2019-12-02 09:25:50.383 T:3772773248 DEBUG: CVideoPlayerVideo::OutputPicture - ttd:109ms pts:360.860 Clock:360.750 Level:4
2019-12-02 09:25:50.385 T:4065601376 DEBUG: HandleKey: menu (0xd8) pressed, action is Back
2019-12-02 09:25:50.403 T:3901322112 DEBUG: CVideoPlayer::ProcessVideoData size:19238 dts:368.994 pts:369.244 dur:41.000ms, clock:360.769 level:87
2019-12-02 09:25:50.403 T:3901322112 DEBUG: CVideoPlayer::ProcessVideoData size:4184 dts:369.035 pts:369.160 dur:41.000ms, clock:360.770 level:87
2019-12-02 09:25:50.403 T:3901322112 DEBUG: CVideoPlayer::ProcessVideoData size:3734 dts:369.077 pts:369.077 dur:41.000ms, clock:360.770 level:88
2019-12-02 09:25:50.404 T:3901322112 DEBUG: CVideoPlayer::ProcessVideoData size:5298 dts:369.119 pts:369.119 dur:41.000ms, clock:360.770 level:88
2019-12-02 09:25:50.404 T:3901322112 DEBUG: CVideoPlayer::ProcessVideoData size:4436 dts:369.160 pts:369.202 dur:41.000ms, clock:360.771 level:89
2019-12-02 09:25:50.425 T:3772773248 DEBUG: CVideoPlayerVideo::OutputPicture - ttd:110ms pts:360.902 Clock:360.791 Level:4
2019-12-02 09:25:50.470 T:3772773248 DEBUG: CVideoPlayerVideo::OutputPicture - ttd:107ms pts:360.944 Clock:360.837 Level:4
2019-12-02 09:25:50.509 T:3772773248 DEBUG: CVideoPlayerVideo::OutputPicture - ttd:110ms pts:360.986 Clock:360.876 Level:4
2019-12-02 09:25:50.555 T:3772773248 DEBUG: CVideoPlayerVideo::OutputPicture - ttd:105ms pts:361.027 Clock:360.922 Level:3
2019-12-02 09:25:50.570 T:3658863488 DEBUG: CecLogMessage - >> 01:45
2019-12-02 09:25:50.570 T:3658863488 DEBUG: CecLogMessage - key released: exit (d) D:192ms
2019-12-02 09:25:50.570 T:3658863488 DEBUG: PushCecKeypress - received key d8 duration 192
2019-12-02 09:25:50.570 T:3658863488 DEBUG: CecLogMessage - >> TV (0) -> Recorder 1 (1): user control release (45)
2019-12-02 09:25:50.597 T:3772773248 DEBUG: CVideoPlayerVideo::OutputPicture - ttd:105ms pts:361.069 Clock:360.964 Level:3
2019-12-02 09:25:50.600 T:4065601376 DEBUG: ------ Window Deinit (DialogPlayerProcessInfo.xml) ------
2019-12-02 09:25:50.636 T:3772773248 DEBUG: CVideoPlayerVideo::OutputPicture - ttd:108ms pts:361.111 Clock:361.003 Level:4
2019-12-02 09:25:50.659 T:3901322112 DEBUG: CVideoPlayer::ProcessVideoData size:17749 dts:369.202 pts:369.452 dur:41.000ms, clock:361.025 level:87
2019-12-02 09:25:50.659 T:3901322112 DEBUG: CVideoPlayer::ProcessVideoData size:2966 dts:369.244 pts:369.369 dur:41.000ms, clock:361.026 level:88
2019-12-02 09:25:50.659 T:3901322112 DEBUG: CVideoPlayer::ProcessVideoData size:1823 dts:369.286 pts:369.286 dur:41.000ms, clock:361.026 level:88
2019-12-02 09:25:50.659 T:3901322112 DEBUG: CVideoPlayer::ProcessVideoData size:1859 dts:369.327 pts:369.327 dur:41.000ms, clock:361.026 level:89
2019-12-02 09:25:50.660 T:3901322112 DEBUG: CVideoPlayer::ProcessVideoData size:4786 dts:369.369 pts:369.411 dur:41.000ms, clock:361.026 level:89
2019-12-02 09:25:50.676 T:3772773248 DEBUG: CVideoPlayerVideo::OutputPicture - ttd:109ms pts:361.152 Clock:361.043 Level:4
2019-12-02 09:25:50.720 T:3772773248 DEBUG: CVideoPlayerVideo::OutputPicture - ttd:107ms pts:361.194 Clock:361.087 Level:4
2019-12-02 09:25:50.722 T:4065601376 DEBUG: ------ Window Deinit (DialogSeekBar.xml) ------
2019-12-02 09:25:50.763 T:4065601376 DEBUG: ------ Window Deinit (Custom_1109_TopBarOverlay.xml) ------
2019-12-02 09:25:50.763 T:3772773248 DEBUG: CVideoPlayerVideo::OutputPicture - ttd:105ms pts:361.236 Clock:361.130 Level:3
2019-12-02 09:25:50.803 T:3772773248 DEBUG: CVideoPlayerVideo::OutputPicture - ttd:108ms pts:361.278 Clock:361.170 Level:4
2019-12-02 09:25:50.846 T:3772773248 DEBUG: CVideoPlayerVideo::OutputPicture - ttd:106ms pts:361.319 Clock:361.213 Level:3
2019-12-02 09:25:50.885 T:3772773248 DEBUG: CVideoPlayerVideo::OutputPicture - ttd:109ms pts:361.361 Clock:361.252 Level:4
2019-12-02 09:25:50.904 T:3901322112 DEBUG: CVideoPlayer::ProcessVideoData size:16377 dts:369.411 pts:369.661 dur:41.000ms, clock:361.270 level:87
2019-12-02 09:25:50.904 T:3901322112 DEBUG: CVideoPlayer::ProcessVideoData size:1904 dts:369.452 pts:369.578 dur:41.000ms, clock:361.271 level:87
2019-12-02 09:25:50.905 T:3901322112 DEBUG: CVideoPlayer::ProcessVideoData size:1133 dts:369.494 pts:369.494 dur:41.000ms, clock:361.271 level:88
2019-12-02 09:25:50.905 T:3901322112 DEBUG: CVideoPlayer::ProcessVideoData size:1290 dts:369.536 pts:369.536 dur:41.000ms, clock:361.271 level:88
2019-12-02 09:25:50.905 T:3901322112 DEBUG: CVideoPlayer::ProcessVideoData size:622 dts:369.578 pts:369.619 dur:41.000ms, clock:361.272 level:89
2019-12-02 09:25:50.905 T:3901322112 DEBUG: CVideoPlayer::ProcessVideoData size:14328 dts:369.619 pts:369.869 dur:41.000ms, clock:361.272 level:89
