2019-12-02 09:26:43.833 T:3901322112 DEBUG: CVideoPlayer::ProcessVideoData size:2754 dts:422.422 pts:422.547 dur:41.000ms, clock:414.165 level:88
2019-12-02 09:26:43.834 T:3901322112 DEBUG: CVideoPlayer::ProcessVideoData size:1356 dts:422.464 pts:422.464 dur:41.000ms, clock:414.166 level:89
2019-12-02 09:26:43.834 T:3901322112 DEBUG: CVideoPlayer::ProcessVideoData size:1689 dts:422.505 pts:422.505 dur:41.000ms, clock:414.166 level:89
2019-12-02 09:26:43.834 T:3901322112 DEBUG: CVideoPlayer::ProcessVideoData size:733 dts:422.547 pts:422.589 dur:41.000ms, clock:414.166 level:90
2019-12-02 09:26:43.851 T:3772773248 DEBUG: CVideoPlayerVideo::OutputPicture - ttd:105ms pts:414.289 Clock:414.183 Level:3
2019-12-02 09:26:43.889 T:3772773248 DEBUG: CVideoPlayerVideo::OutputPicture - ttd:109ms pts:414.331 Clock:414.221 Level:3
2019-12-02 09:26:43.933 T:3772773248 DEBUG: CVideoPlayerVideo::OutputPicture - ttd:106ms pts:414.372 Clock:414.266 Level:3
2019-12-02 09:26:43.976 T:3772773248 DEBUG: CVideoPlayerVideo::OutputPicture - ttd:106ms pts:414.414 Clock:414.308 Level:3
2019-12-02 09:26:44.015 T:3772773248 DEBUG: CVideoPlayerVideo::OutputPicture - ttd:109ms pts:414.456 Clock:414.347 Level:3
2019-12-02 09:26:44.060 T:3772773248 DEBUG: CVideoPlayerVideo::OutputPicture - ttd:105ms pts:414.497 Clock:414.392 Level:3
2019-12-02 09:26:44.088 T:3901322112 DEBUG: CVideoPlayer::ProcessVideoData size:14042 dts:422.589 pts:422.839 dur:41.000ms, clock:414.420 level:87
2019-12-02 09:26:44.088 T:3901322112 DEBUG: CVideoPlayer::ProcessVideoData size:2780 dts:422.631 pts:422.756 dur:41.000ms, clock:414.420 level:88
2019-12-02 09:26:44.089 T:3901322112 DEBUG: CVideoPlayer::ProcessVideoData size:9612 dts:422.672 pts:422.672 dur:41.000ms, clock:414.421 level:88
2019-12-02 09:26:44.089 T:3901322112 DEBUG: CVideoPlayer::ProcessVideoData size:1435 dts:422.714 pts:422.714 dur:41.000ms, clock:414.421 level:89
2019-12-02 09:26:44.090 T:3901322112 DEBUG: CVideoPlayer::ProcessVideoData size:933 dts:422.756 pts:422.797 dur:41.000ms, clock:414.422 level:89
2019-12-02 09:26:44.098 T:3772773248 DEBUG: CVideoPlayerVideo::OutputPicture - ttd:108ms pts:414.539 Clock:414.430 Level:4
2019-12-02 09:26:44.139 T:3772773248 DEBUG: CVideoPlayerVideo::OutputPicture - ttd:109ms pts:414.581 Clock:414.471 Level:4
2019-12-02 09:26:44.184 T:3772773248 DEBUG: CVideoPlayerVideo::OutputPicture - ttd:106ms pts:414.623 Clock:414.516 Level:3
2019-12-02 09:26:44.224 T:3772773248 DEBUG: CVideoPlayerVideo::OutputPicture - ttd:108ms pts:414.664 Clock:414.555 Level:4
2019-12-02 09:26:44.269 T:3772773248 DEBUG: CVideoPlayerVideo::OutputPicture - ttd:105ms pts:414.706 Clock:414.601 Level:3
2019-12-02 09:26:44.307 T:3772773248 DEBUG: CVideoPlayerVideo::OutputPicture - ttd:109ms pts:414.748 Clock:414.639 Level:4
2019-12-02 09:26:44.335 T:3901322112 DEBUG: CVideoPlayer::ProcessVideoData size:13687 dts:422.797 pts:423.048 dur:41.000ms, clock:414.666 level:85
2019-12-02 09:26:44.335 T:3901322112 DEBUG: CVideoPlayer::ProcessVideoData size:12403 dts:422.839 pts:422.964 dur:41.000ms, clock:414.667 level:85
2019-12-02 09:26:44.335 T:3901322112 DEBUG: CVideoPlayer::ProcessVideoData size:1931 dts:422.881 pts:422.881 dur:41.000ms, clock:414.667 level:86
2019-12-02 09:26:44.335 T:3901322112 DEBUG: CVideoPlayer::ProcessVideoData size:2487 dts:422.922 pts:422.922 dur:41.000ms, clock:414.667 level:87
2019-12-02 09:26:44.336 T:3901322112 DEBUG: CVideoPlayer::ProcessVideoData size:1862 dts:422.964 pts:423.006 dur:41.000ms, clock:414.668 level:87
2019-12-02 09:26:44.336 T:3901322112 DEBUG: CVideoPlayer::ProcessVideoData size:13063 dts:423.006 pts:423.214 dur:41.000ms, clock:414.668 level:88
2019-12-02 09:26:44.336 T:3901322112 DEBUG: CVideoPlayer::ProcessVideoData size:4536 dts:423.048 pts:423.131 dur:41.000ms, clock:414.668 level:88
2019-12-02 09:26:44.337 T:3901322112 DEBUG: CVideoPlayer::ProcessVideoData size:1335 dts:423.089 pts:423.089 dur:41.000ms, clock:414.669 level:89
2019-12-02 09:26:44.337 T:3901322112 DEBUG: CVideoPlayer::ProcessVideoData size:1486 dts:423.131 pts:423.173 dur:41.000ms, clock:414.669 level:89
2019-12-02 09:26:44.351 T:3772773248 DEBUG: CVideoPlayerVideo::OutputPicture - ttd:106ms pts:414.789 Clock:414.683 Level:3
2019-12-02 09:26:44.390 T:3772773248 DEBUG: CVideoPlayerVideo::OutputPicture - ttd:109ms pts:414.831 Clock:414.722 Level:4
2019-12-02 09:26:44.435 T:3772773248 DEBUG: CVideoPlayerVideo::OutputPicture - ttd:105ms pts:414.873 Clock:414.767 Level:3
2019-12-02 09:26:44.474 T:3772773248 DEBUG: CVideoPlayerVideo::OutputPicture - ttd:108ms pts:414.914 Clock:414.806 Level:4
2019-12-02 09:26:44.514 T:3772773248 DEBUG: CVideoPlayerVideo::OutputPicture - ttd:109ms pts:414.956 Clock:414.846 Level:4
2019-12-02 09:26:44.560 T:3772773248 DEBUG: CVideoPlayerVideo::OutputPicture - ttd:106ms pts:414.998 Clock:414.892 Level:3
2019-12-02 09:26:44.591 T:3901322112 DEBUG: CVideoPlayer::ProcessVideoData size:12190 dts:423.173 pts:423.298 dur:41.000ms, clock:414.923 level:87
2019-12-02 09:26:44.592 T:3901322112 DEBUG: CVideoPlayer::ProcessVideoData size:1667 dts:423.214 pts:423.256 dur:41.000ms, clock:414.923 level:88
2019-12-02 09:26:44.592 T:3901322112 DEBUG: CVideoPlayer::ProcessVideoData size:15232 dts:423.256 pts:423.506 dur:41.000ms, clock:414.924 level:88
2019-12-02 09:26:44.592 T:3901322112 DEBUG: CVideoPlayer::ProcessVideoData size:8537 dts:423.298 pts:423.423 dur:41.000ms, clock:414.924 level:89
2019-12-02 09:26:44.592 T:3901322112 DEBUG: CVideoPlayer::ProcessVideoData size:2975 dts:423.340 pts:423.340 dur:41.000ms, clock:414.924 level:89
2019-12-02 09:26:44.593 T:3901322112 DEBUG: CVideoPlayer::ProcessVideoData size:3393 dts:423.381 pts:423.381 dur:41.000ms, clock:414.924 level:90
2019-12-02 09:26:44.593 T:3901322112 DEBUG: CVideoPlayer::ProcessVideoData size:2066 dts:423.423 pts:423.465 dur:41.000ms, clock:414.925 level:90
2019-12-02 09:26:44.601 T:3772773248 DEBUG: CVideoPlayerVideo::OutputPicture - ttd:107ms pts:415.040 Clock:414.933 Level:3
2019-12-02 09:26:44.640 T:3772773248 DEBUG: CVideoPlayerVideo::OutputPicture - ttd:109ms pts:415.081 Clock:414.972 Level:4
2019-12-02 09:26:44.685 T:3772773248 DEBUG: CVideoPlayerVideo::OutputPicture - ttd:106ms pts:415.123 Clock:415.017 Level:3
2019-12-02 09:26:44.723 T:3772773248 DEBUG: CVideoPlayerVideo::OutputPicture - ttd:110ms pts:415.165 Clock:415.055 Level:4
2019-12-02 09:26:44.768 T:3772773248 DEBUG: CVideoPlayerVideo::OutputPicture - ttd:106ms pts:415.206 Clock:415.099 Level:3
2019-12-02 09:26:44.805 T:3772773248 DEBUG: CVideoPlayerVideo::OutputPicture - ttd:110ms pts:415.248 Clock:415.137 Level:4
2019-12-02 09:26:44.837 T:3901322112 DEBUG: CVideoPlayer::ProcessVideoData size:15064 dts:423.465 pts:423.715 dur:41.000ms, clock:415.169 level:89
2019-12-02 09:26:44.838 T:3901322112 DEBUG: CVideoPlayer::ProcessVideoData size:4131 dts:423.506 pts:423.632 dur:41.000ms, clock:415.169 level:89
2019-12-02 09:26:44.838 T:3901322112 DEBUG: CVideoPlayer::ProcessVideoData size:4016 dts:423.548 pts:423.548 dur:41.000ms, clock:415.169 level:90
2019-12-02 09:26:44.838 T:3901322112 DEBUG: CVideoPlayer::ProcessVideoData size:2177 dts:423.590 pts:423.590 dur:41.000ms, clock:415.170 level:90
2019-12-02 09:26:44.838 T:3901322112 DEBUG: CVideoPlayer::ProcessVideoData size:1081 dts:423.632 pts:423.673 dur:41.000ms, clock:415.170 level:91
2019-12-02 09:26:44.850 T:3772773248 DEBUG: CVideoPlayerVideo::OutputPicture - ttd:108ms pts:415.290 Clock:415.181 Level:3
2019-12-02 09:26:44.893 T:3772773248 DEBUG: CVideoPlayerVideo::OutputPicture - ttd:107ms pts:415.332 Clock:415.225 Level:3
2019-12-02 09:26:44.932 T:3772773248 DEBUG: CVideoPlayerVideo::OutputPicture - ttd:109ms pts:415.373 Clock:415.263 Level:3
2019-12-02 09:26:44.976 T:3772773248 DEBUG: CVideoPlayerVideo::OutputPicture - ttd:107ms pts:415.415 Clock:415.307 Level:3
2019-12-02 09:26:45.017 T:3772773248 DEBUG: CVideoPlayerVideo::OutputPicture - ttd:108ms pts:415.457 Clock:415.349 Level:3
2019-12-02 09:26:45.056 T:3772773248 DEBUG: CVideoPlayerVideo::OutputPicture - ttd:110ms pts:415.498 Clock:415.388 Level:4
2019-12-02 09:26:45.102 T:3772773248 DEBUG: CVideoPlayerVideo::OutputPicture - ttd:106ms pts:415.540 Clock:415.433 Level:3
2019-12-02 09:26:45.141 T:3772773248 DEBUG: CVideoPlayerVideo::OutputPicture - ttd:109ms pts:415.582 Clock:415.472 Level:4
2019-12-02 09:26:45.143 T:3901322112 DEBUG: CVideoPlayer::ProcessVideoData size:16386 dts:423.673 pts:423.923 dur:41.000ms, clock:415.475 level:88
2019-12-02 09:26:45.144 T:3901322112 DEBUG: CVideoPlayer::ProcessVideoData size:3464 dts:423.715 pts:423.840 dur:41.000ms, clock:415.475 level:88
2019-12-02 09:26:45.144 T:3901322112 DEBUG: CVideoPlayer::ProcessVideoData size:1787 dts:423.757 pts:423.757 dur:41.000ms, clock:415.475 level:89
2019-12-02 09:26:45.144 T:3901322112 DEBUG: CVideoPlayer::ProcessVideoData size:1874 dts:423.798 pts:423.798 dur:41.000ms, clock:415.475 level:89
2019-12-02 09:26:45.144 T:3901322112 DEBUG: CVideoPlayer::ProcessVideoData size:939 dts:423.840 pts:423.882 dur:41.000ms, clock:415.476 level:90
2019-12-02 09:26:45.185 T:3772773248 DEBUG: CVideoPlayerVideo::OutputPicture - ttd:107ms pts:415.624 Clock:415.517 Level:3
2019-12-02 09:26:45.229 T:3772773248 DEBUG: CVideoPlayerVideo::OutputPicture - ttd:105ms pts:415.665 Clock:415.560 Level:3
2019-12-02 09:26:45.267 T:3772773248 DEBUG: CVideoPlayerVideo::OutputPicture - ttd:108ms pts:415.707 Clock:415.599 Level:3
2019-12-02 09:26:45.310 T:3772773248 DEBUG: CVideoPlayerVideo::OutputPicture - ttd:108ms pts:415.749 Clock:415.641 Level:3
2019-12-02 09:26:45.349 T:3772773248 DEBUG: CVideoPlayerVideo::OutputPicture - ttd:110ms pts:415.790 Clock:415.680 Level:4
2019-12-02 09:26:45.389 T:3901322112 DEBUG: CVideoPlayer::ProcessVideoData size:18372 dts:423.882 pts:424.132 dur:41.000ms, clock:415.720 level:87
2019-12-02 09:26:45.389 T:3901322112 DEBUG: CVideoPlayer::ProcessVideoData size:3296 dts:423.923 pts:424.049 dur:41.000ms, clock:415.720 level:88
2019-12-02 09:26:45.389 T:3901322112 DEBUG: CVideoPlayer::ProcessVideoData size:1572 dts:423.965 pts:423.965 dur:41.000ms, clock:415.721 level:88
2019-12-02 09:26:45.390 T:3901322112 DEBUG: CVideoPlayer::ProcessVideoData size:1653 dts:424.007 pts:424.007 dur:41.000ms, clock:415.721 level:89
2019-12-02 09:26:45.390 T:3901322112 DEBUG: CVideoPlayer::ProcessVideoData size:786 dts:424.049 pts:424.090 dur:41.000ms, clock:415.721 level:89
2019-12-02 09:26:45.394 T:3772773248 DEBUG: CVideoPlayerVideo::OutputPicture - ttd:106ms pts:415.832 Clock:415.725 Level:3
2019-12-02 09:26:45.432 T:3772773248 DEBUG: CVideoPlayerVideo::OutputPicture - ttd:110ms pts:415.874 Clock:415.763 Level:3
2019-12-02 09:26:45.477 T:3772773248 DEBUG: CVideoPlayerVideo::OutputPicture - ttd:107ms pts:415.915 Clock:415.808 Level:3
2019-12-02 09:26:45.521 T:3772773248 DEBUG: CVideoPlayerVideo::OutputPicture - ttd:104ms pts:415.957 Clock:415.852 Level:3
2019-12-02 09:26:45.559 T:3772773248 DEBUG: CVideoPlayerVideo::OutputPicture - ttd:108ms pts:415.999 Clock:415.891 Level:3
2019-12-02 09:26:45.604 T:3772773248 DEBUG: CVideoPlayerVideo::OutputPicture - ttd:106ms pts:416.041 Clock:415.935 Level:3
2019-12-02 09:26:45.634 T:3901322112 DEBUG: CVideoPlayer::ProcessVideoData size:15818 dts:424.090 pts:424.341 dur:41.000ms, clock:415.965 level:87
2019-12-02 09:26:45.634 T:3901322112 DEBUG: CVideoPlayer::ProcessVideoData size:2186 dts:424.132 pts:424.257 dur:41.000ms, clock:415.966 level:87
2019-12-02 09:26:45.635 T:3901322112 DEBUG: CVideoPlayer::ProcessVideoData size:1133 dts:424.174 pts:424.174 dur:41.000ms, clock:415.966 level:88
2019-12-02 09:26:45.635 T:3901322112 DEBUG: CVideoPlayer::ProcessVideoData size:1205 dts:424.215 pts:424.215 dur:41.000ms, clock:415.966 level:88
2019-12-02 09:26:45.635 T:3901322112 DEBUG: CVideoPlayer::ProcessVideoData size:639 dts:424.257 pts:424.299 dur:41.000ms, clock:415.966 level:89
2019-12-02 09:26:45.636 T:3901322112 DEBUG: CVideoPlayer::ProcessVideoData size:13466 dts:424.299 pts:424.549 dur:41.000ms, clock:415.967 level:89
2019-12-02 09:26:45.636 T:3901322112 DEBUG: CVideoPlayer::ProcessVideoData size:2963 dts:424.341 pts:424.466 dur:41.000ms, clock:415.967 level:90
2019-12-02 09:26:45.636 T:3901322112 DEBUG: CVideoPlayer::ProcessVideoData size:1136 dts:424.382 pts:424.382 dur:41.000ms, clock:415.967 level:90
2019-12-02 09:26:45.636 T:3901322112 DEBUG: CVideoPlayer::ProcessVideoData size:1107 dts:424.424 pts:424.424 dur:41.000ms, clock:415.968 level:91
2019-12-02 09:26:45.637 T:3901322112 DEBUG: CVideoPlayer::ProcessVideoData size:1321 dts:424.466 pts:424.507 dur:41.000ms, clock:415.968 level:91
2019-12-02 09:26:45.644 T:3772773248 DEBUG: CVideoPlayerVideo::OutputPicture - ttd:106ms pts:416.082 Clock:415.975 Level:3
2019-12-02 09:26:45.683 T:3772773248 DEBUG: CVideoPlayerVideo::OutputPicture - ttd:109ms pts:416.124 Clock:416.014 Level:4
2019-12-02 09:26:45.728 T:3772773248 DEBUG: CVideoPlayerVideo::OutputPicture - ttd:107ms pts:416.166 Clock:416.059 Level:3
2019-12-02 09:26:45.766 T:3772773248 DEBUG: CVideoPlayerVideo::OutputPicture - ttd:110ms pts:416.207 Clock:416.097 Level:4
2019-12-02 09:26:45.809 T:3772773248 DEBUG: CVideoPlayerVideo::OutputPicture - ttd:109ms pts:416.249 Clock:416.140 Level:4
2019-12-02 09:26:45.854 T:3772773248 DEBUG: CVideoPlayerVideo::OutputPicture - ttd:105ms pts:416.291 Clock:416.185 Level:3
2019-12-02 09:26:45.891 T:3901322112 DEBUG: CVideoPlayer::ProcessVideoData size:21938 dts:424.507 pts:424.758 dur:41.000ms, clock:416.222 level:89
2019-12-02 09:26:45.891 T:3901322112 DEBUG: CVideoPlayer::ProcessVideoData size:9487 dts:424.549 pts:424.674 dur:41.000ms, clock:416.222 level:89
2019-12-02 09:26:45.892 T:3901322112 DEBUG: CVideoPlayer::ProcessVideoData size:2566 dts:424.591 pts:424.591 dur:41.000ms, clock:416.223 level:90
2019-12-02 09:26:45.892 T:3901322112 DEBUG: CVideoPlayer::ProcessVideoData size:3364 dts:424.633 pts:424.633 dur:41.000ms, clock:416.223 level:90
2019-12-02 09:26:45.892 T:3901322112 DEBUG: CVideoPlayer::ProcessVideoData size:4883 dts:424.674 pts:424.716 dur:41.000ms, clock:416.223 level:91
2019-12-02 09:26:45.894 T:3772773248 DEBUG: CVideoPlayerVideo::OutputPicture - ttd:108ms pts:416.333 Clock:416.225 Level:3
2019-12-02 09:26:45.937 T:3772773248 DEBUG: CVideoPlayerVideo::OutputPicture - ttd:106ms pts:416.374 Clock:416.268 Level:3
2019-12-02 09:26:45.976 T:3772773248 DEBUG: CVideoPlayerVideo::OutputPicture - ttd:109ms pts:416.416 Clock:416.307 Level:4
2019-12-02 09:26:46.020 T:3772773248 DEBUG: CVideoPlayerVideo::OutputPicture - ttd:106ms pts:416.458 Clock:416.351 Level:3
2019-12-02 09:26:46.063 T:3772773248 DEBUG: CVideoPlayerVideo::OutputPicture - ttd:104ms pts:416.499 Clock:416.394 Level:3
2019-12-02 09:26:46.102 T:3772773248 DEBUG: CVideoPlayerVideo::OutputPicture - ttd:107ms pts:416.541 Clock:416.433 Level:3
2019-12-02 09:26:46.136 T:3901322112 DEBUG: CVideoPlayer::ProcessVideoData size:19254 dts:424.716 pts:424.924 dur:41.000ms, clock:416.467 level:88
2019-12-02 09:26:46.137 T:3901322112 DEBUG: CVideoPlayer::ProcessVideoData size:7076 dts:424.758 pts:424.841 dur:41.000ms, clock:416.467 level:89
2019-12-02 09:26:46.137 T:3901322112 DEBUG: CVideoPlayer::ProcessVideoData size:2547 dts:424.799 pts:424.799 dur:41.000ms, clock:416.468 level:89
2019-12-02 09:26:46.137 T:3901322112 DEBUG: CVideoPlayer::ProcessVideoData size:1387 dts:424.841 pts:424.883 dur:41.000ms, clock:416.468 level:90
2019-12-02 09:26:46.147 T:3772773248 DEBUG: CVideoPlayerVideo::OutputPicture - ttd:105ms pts:416.583 Clock:416.477 Level:3
2019-12-02 09:26:46.189 T:3772773248 DEBUG: CVideoPlayerVideo::OutputPicture - ttd:105ms pts:416.625 Clock:416.519 Level:3
2019-12-02 09:26:46.228 T:3772773248 DEBUG: CVideoPlayerVideo::OutputPicture - ttd:107ms pts:416.666 Clock:416.558 Level:3
2019-12-02 09:26:46.266 T:3772773248 DEBUG: CVideoPlayerVideo::OutputPicture - ttd:111ms pts:416.708 Clock:416.597 Level:4
2019-12-02 09:26:46.310 T:3772773248 DEBUG: CVideoPlayerVideo::OutputPicture - ttd:109ms pts:416.750 Clock:416.640 Level:3
2019-12-02 09:26:46.348 T:3658863488 DEBUG: CecLogMessage - >> 01:44:35
2019-12-02 09:26:46.348 T:3658863488 DEBUG: CecLogMessage - SetCurrentButton display information (35) D:0ms cur:35
2019-12-02 09:26:46.348 T:3658863488 DEBUG: CecLogMessage - key pressed: display information (35) current(ff) duration(0)
2019-12-02 09:26:46.348 T:3658863488 DEBUG: CecLogMessage - Changed key display information (35) D:0ms cur:ff
2019-12-02 09:26:46.348 T:3658863488 DEBUG: CecLogMessage - key pressed: display information (35, 0)
2019-12-02 09:26:46.348 T:3658863488 DEBUG: PushCecKeypress - received key c3 duration 0
2019-12-02 09:26:46.348 T:3658863488 DEBUG: CecLogMessage - CheckKeypressTimeout T:115.589
2019-12-02 09:26:46.348 T:3658863488 DEBUG: CecLogMessage - Key display information: idle (duration:0) (35) timeout:-621114232ms (rel:500,rep:0,prs:500,rel:0)
2019-12-02 09:26:46.348 T:3658863488 DEBUG: CecLogMessage - >> TV (0) -> Recorder 1 (1): user control pressed (44)
2019-12-02 09:26:46.351 T:4065601376 DEBUG: HandleKey: launch_media_center (0xc3) pressed, action is codecinfo
2019-12-02 09:26:46.351 T:4065601376 DEBUG: Activating window ID: 10116
2019-12-02 09:26:46.351 T:4065601376 DEBUG: ------ Window Init (DialogPlayerProcessInfo.xml) ------
2019-12-02 09:26:46.353 T:3415044992 DEBUG: Thread LanguageInvoker start, auto delete: false
2019-12-02 09:26:46.354 T:4065601376 DEBUG: ------ Window Init (DialogSeekBar.xml) ------
2019-12-02 09:26:46.354 T:3772773248 DEBUG: CVideoPlayerVideo::OutputPicture - ttd:106ms pts:416.791 Clock:416.685 Level:4
2019-12-02 09:26:46.359 T:3415044992 INFO: initializing python engine.
2019-12-02 09:26:46.359 T:3415044992 DEBUG: CPythonInvoker(7, /usr/share/kodi/addons/script.amlogic.displayinfo/default.py): start processing
2019-12-02 09:26:46.382 T:3415044992 DEBUG: -->Python Interpreter Initialized<--
2019-12-02 09:26:46.382 T:3415044992 DEBUG: CPythonInvoker(7, /usr/share/kodi/addons/script.amlogic.displayinfo/default.py): the source file to load is "/usr/share/kodi/addons/script.amlogic.displayinfo/default.py"
2019-12-02 09:26:46.382 T:3415044992 DEBUG: CPythonInvoker(7, /usr/share/kodi/addons/script.amlogic.displayinfo/default.py): setting the Python path to /usr/share/kodi/addons/script.amlogic.displayinfo:/usr/lib/python27.zip:/usr/lib/python2.7:/usr/lib/python2.7/plat-linux2:/usr/lib/python2.7/lib-tk:/usr/lib/python2.7/lib-old:/usr/lib/python2.7/lib-dynload:/usr/lib/python2.7/site-packages:/usr/lib/python2.7/site-packages/gtk-2.0
2019-12-02 09:26:46.382 T:3415044992 DEBUG: CPythonInvoker(7, /usr/share/kodi/addons/script.amlogic.displayinfo/default.py): entering source directory /usr/share/kodi/addons/script.amlogic.displayinfo
2019-12-02 09:26:46.383 T:3415044992 DEBUG: CPythonInvoker(7, /usr/share/kodi/addons/script.amlogic.displayinfo/default.py): instantiating addon using automatically obtained id of "script.amlogic.displayinfo" dependent on version 2.1.0 of the xbmc.python api
2019-12-02 09:26:46.386 T:3415044992 DEBUG: script.amlogic.displayinfo: script version 9.2.100 started
2019-12-02 09:26:46.386 T:3415044992 DEBUG: script.amlogic.displayinfo: Parsing cur_VIC as 32
2019-12-02 09:26:46.386 T:3415044992 DEBUG: script.amlogic.displayinfo: Parsing VIC as 32 1920x1080p24hz
2019-12-02 09:26:46.386 T:3415044992 DEBUG: script.amlogic.displayinfo: Parsing Colour depth as 10-bit
2019-12-02 09:26:46.386 T:3415044992 DEBUG: script.amlogic.displayinfo: Parsing Colourspace as YUV444
2019-12-02 09:26:46.386 T:3415044992 DEBUG: script.amlogic.displayinfo: Parsing Colour range as default
2019-12-02 09:26:46.386 T:3415044992 DEBUG: script.amlogic.displayinfo: Parsing EOTF as SDR
2019-12-02 09:26:46.386 T:3415044992 DEBUG: script.amlogic.displayinfo: Parsing YCC colour range as limited
2019-12-02 09:26:46.386 T:3415044992 DEBUG: script.amlogic.displayinfo: Parsing Colourimetry as BT.709
2019-12-02 09:26:46.386 T:3415044992 DEBUG: script.amlogic.displayinfo: Parsing PLL clock as 0xdb15049a, Vid clock div 0x000b0000
2019-12-02 09:26:46.386 T:3415044992 DEBUG: script.amlogic.displayinfo: Parsing audio config as on
2019-12-02 09:26:46.386 T:3415044992 DEBUG: script.amlogic.displayinfo: Parsing audio on/off as on
2019-12-02 09:26:46.386 T:3415044992 DEBUG: script.amlogic.displayinfo: Parsing audio source as SPDIF
2019-12-02 09:26:46.386 T:3415044992 DEBUG: script.amlogic.displayinfo: Parsing audio type as AC-3
2019-12-02 09:26:46.387 T:3415044992 DEBUG: script.amlogic.displayinfo: Parsing audio channel num as 2 channels
2019-12-02 09:26:46.387 T:3415044992 DEBUG: script.amlogic.displayinfo: Parsing audio sample rate as 48kHz
2019-12-02 09:26:46.387 T:3415044992 DEBUG: script.amlogic.displayinfo: Parsing audio sample size as 16bit
2019-12-02 09:26:46.387 T:3415044992 DEBUG: script.amlogic.displayinfo: Parsing 3D config as off
2019-12-02 09:26:46.387 T:3415044992 INFO: CPythonInvoker(7, /usr/share/kodi/addons/script.amlogic.displayinfo/default.py): script successfully run
2019-12-02 09:26:46.387 T:3415044992 DEBUG: onExecutionDone(7, /usr/share/kodi/addons/script.amlogic.displayinfo/default.py)
2019-12-02 09:26:46.391 T:3901322112 DEBUG: CVideoPlayer::ProcessVideoData size:21750 dts:424.883 pts:425.091 dur:41.000ms, clock:416.722 level:87
2019-12-02 09:26:46.392 T:3901322112 DEBUG: CVideoPlayer::ProcessVideoData size:7267 dts:424.924 pts:425.008 dur:41.000ms, clock:416.722 level:88
2019-12-02 09:26:46.392 T:3901322112 DEBUG: CVideoPlayer::ProcessVideoData size:1568 dts:424.966 pts:424.966 dur:41.000ms, clock:416.723 level:88
2019-12-02 09:26:46.393 T:3901322112 DEBUG: CVideoPlayer::ProcessVideoData size:3705 dts:425.008 pts:425.050 dur:41.000ms, clock:416.723 level:89
2019-12-02 09:26:46.393 T:4065601376 DEBUG: ------ Window Init (Custom_1109_TopBarOverlay.xml) ------
2019-12-02 09:26:46.393 T:3901322112 DEBUG: CVideoPlayer::ProcessVideoData size:21716 dts:425.050 pts:425.300 dur:41.000ms, clock:416.724 level:89
2019-12-02 09:26:46.394 T:3901322112 DEBUG: CVideoPlayer::ProcessVideoData size:6044 dts:425.091 pts:425.216 dur:41.000ms, clock:416.725 level:90
2019-12-02 09:26:46.396 T:3901322112 DEBUG: CVideoPlayer::ProcessVideoData size:3914 dts:425.133 pts:425.133 dur:41.000ms, clock:416.727 level:90
2019-12-02 09:26:46.396 T:3901322112 DEBUG: CVideoPlayer::ProcessVideoData size:3908 dts:425.175 pts:425.175 dur:41.000ms, clock:416.727 level:91
2019-12-02 09:26:46.397 T:3901322112 DEBUG: CVideoPlayer::ProcessVideoData size:2589 dts:425.216 pts:425.258 dur:41.000ms, clock:416.727 level:91
2019-12-02 09:26:46.398 T:3772773248 DEBUG: CVideoPlayerVideo::OutputPicture - ttd:103ms pts:416.833 Clock:416.729 Level:3
2019-12-02 09:26:46.410 T:3415044992 INFO: Python interpreter stopped
2019-12-02 09:26:46.410 T:3415044992 DEBUG: Thread LanguageInvoker 3415044992 terminating
2019-12-02 09:26:46.437 T:3772773248 DEBUG: CVideoPlayerVideo::OutputPicture - ttd:107ms pts:416.875 Clock:416.767 Level:4
2019-12-02 09:26:46.475 T:3772773248 DEBUG: CVideoPlayerVideo::OutputPicture - ttd:110ms pts:416.916 Clock:416.805 Level:4
2019-12-02 09:26:46.519 T:3772773248 DEBUG: CVideoPlayerVideo::OutputPicture - ttd:108ms pts:416.958 Clock:416.850 Level:4
2019-12-02 09:26:46.533 T:3658863488 DEBUG: CecLogMessage - >> 01:45
2019-12-02 09:26:46.533 T:3658863488 DEBUG: CecLogMessage - key released: display information (35) D:185ms
2019-12-02 09:26:46.533 T:3658863488 DEBUG: PushCecKeypress - received key c3 duration 185
2019-12-02 09:26:46.533 T:3658863488 DEBUG: CecLogMessage - >> TV (0) -> Recorder 1 (1): user control release (45)
2019-12-02 09:26:46.564 T:3772773248 DEBUG: CVideoPlayerVideo::OutputPicture - ttd:105ms pts:417.000 Clock:416.894 Level:3
2019-12-02 09:26:46.602 T:3772773248 DEBUG: CVideoPlayerVideo::OutputPicture - ttd:109ms pts:417.042 Clock:416.933 Level:4
2019-12-02 09:26:46.641 T:3901322112 DEBUG: CVideoPlayer::ProcessVideoData size:21316 dts:425.258 pts:425.508 dur:41.000ms, clock:416.972 level:89
2019-12-02 09:26:46.642 T:3901322112 DEBUG: CVideoPlayer::ProcessVideoData size:7557 dts:425.300 pts:425.425 dur:41.000ms, clock:416.972 level:89
2019-12-02 09:26:46.642 T:3901322112 DEBUG: CVideoPlayer::ProcessVideoData size:5617 dts:425.342 pts:425.342 dur:41.000ms, clock:416.973 level:90
2019-12-02 09:26:46.642 T:3901322112 DEBUG: CVideoPlayer::ProcessVideoData size:3617 dts:425.383 pts:425.383 dur:41.000ms, clock:416.973 level:90
2019-12-02 09:26:46.643 T:3901322112 DEBUG: CVideoPlayer::ProcessVideoData size:2706 dts:425.425 pts:425.467 dur:41.000ms, clock:416.973 level:91
2019-12-02 09:26:46.649 T:3772773248 DEBUG: CVideoPlayerVideo::OutputPicture - ttd:103ms pts:417.083 Clock:416.980 Level:3
2019-12-02 09:26:46.688 T:3772773248 DEBUG: CVideoPlayerVideo::OutputPicture - ttd:106ms pts:417.125 Clock:417.018 Level:4
2019-12-02 09:26:46.731 T:3772773248 DEBUG: CVideoPlayerVideo::OutputPicture - ttd:105ms pts:417.167 Clock:417.061 Level:3
2019-12-02 09:26:46.769 T:3772773248 DEBUG: CVideoPlayerVideo::OutputPicture - ttd:109ms pts:417.208 Clock:417.099 Level:4
2019-12-02 09:26:46.813 T:3772773248 DEBUG: CVideoPlayerVideo::OutputPicture - ttd:106ms pts:417.250 Clock:417.143 Level:3
2019-12-02 09:26:46.851 T:3772773248 DEBUG: CVideoPlayerVideo::OutputPicture - ttd:110ms pts:417.292 Clock:417.181 Level:4
2019-12-02 09:26:46.887 T:3901322112 DEBUG: CVideoPlayer::ProcessVideoData size:19326 dts:425.467 pts:425.675 dur:41.000ms, clock:417.218 level:87
2019-12-02 09:26:46.887 T:3901322112 DEBUG: CVideoPlayer::ProcessVideoData size:8311 dts:425.508 pts:425.592 dur:41.000ms, clock:417.218 level:88
2019-12-02 09:26:46.888 T:3901322112 DEBUG: CVideoPlayer::ProcessVideoData size:4504 dts:425.550 pts:425.550 dur:41.000ms, clock:417.218 level:88
2019-12-02 09:26:46.888 T:3901322112 DEBUG: CVideoPlayer::ProcessVideoData size:2703 dts:425.592 pts:425.634 dur:41.000ms, clock:417.218 level:89
2019-12-02 09:26:46.893 T:3772773248 DEBUG: CVideoPlayerVideo::OutputPicture - ttd:110ms pts:417.334 Clock:417.223 Level:4
2019-12-02 09:26:46.938 T:3772773248 DEBUG: CVideoPlayerVideo::OutputPicture - ttd:106ms pts:417.375 Clock:417.268 Level:3
2019-12-02 09:26:46.977 T:3772773248 DEBUG: CVideoPlayerVideo::OutputPicture - ttd:109ms pts:417.417 Clock:417.307 Level:4
2019-12-02 09:26:47.021 T:3772773248 DEBUG: CVideoPlayerVideo::OutputPicture - ttd:107ms pts:417.459 Clock:417.351 Level:3
2019-12-02 09:26:47.063 T:3772773248 DEBUG: CVideoPlayerVideo::OutputPicture - ttd:106ms pts:417.500 Clock:417.393 Level:3
2019-12-02 09:26:47.102 T:3772773248 DEBUG: CVideoPlayerVideo::OutputPicture - ttd:110ms pts:417.542 Clock:417.432 Level:4
2019-12-02 09:26:47.142 T:3901322112 DEBUG: CVideoPlayer::ProcessVideoData size:20958 dts:425.634 pts:425.884 dur:41.000ms, clock:417.472 level:87
2019-12-02 09:26:47.143 T:3901322112 DEBUG: CVideoPlayer::ProcessVideoData size:7197 dts:425.675 pts:425.800 dur:41.000ms, clock:417.473 level:88
2019-12-02 09:26:47.143 T:3901322112 DEBUG: CVideoPlayer::ProcessVideoData size:3867 dts:425.717 pts:425.717 dur:41.000ms, clock:417.473 level:88
2019-12-02 09:26:47.144 T:3901322112 DEBUG: CVideoPlayer::ProcessVideoData size:4206 dts:425.759 pts:425.759 dur:41.000ms, clock:417.474 level:89
2019-12-02 09:26:47.144 T:3901322112 DEBUG: CVideoPlayer::ProcessVideoData size:2918 dts:425.800 pts:425.842 dur:41.000ms, clock:417.474 level:89
2019-12-02 09:26:47.145 T:3901322112 DEBUG: CVideoPlayer::ProcessVideoData size:21474 dts:425.842 pts:426.092 dur:41.000ms, clock:417.475 level:90
2019-12-02 09:26:47.145 T:3901322112 DEBUG: CVideoPlayer::ProcessVideoData size:6549 dts:425.884 pts:426.009 dur:41.000ms, clock:417.476 level:90
2019-12-02 09:26:47.146 T:3901322112 DEBUG: CVideoPlayer::ProcessVideoData size:3355 dts:425.925 pts:425.925 dur:41.000ms, clock:417.476 level:91
2019-12-02 09:26:47.147 T:3901322112 DEBUG: CVideoPlayer::ProcessVideoData size:3723 dts:425.967 pts:425.967 dur:41.000ms, clock:417.477 level:91
2019-12-02 09:26:47.147 T:3901322112 DEBUG: CVideoPlayer::ProcessVideoData size:5682 dts:426.009 pts:426.051 dur:41.000ms, clock:417.477 level:92
2019-12-02 09:26:47.149 T:3772773248 DEBUG: CVideoPlayerVideo::OutputPicture - ttd:105ms pts:417.584 Clock:417.479 Level:3
2019-12-02 09:26:47.187 T:3772773248 DEBUG: CVideoPlayerVideo::OutputPicture - ttd:109ms pts:417.626 Clock:417.517 Level:4
2019-12-02 09:26:47.228 T:3772773248 DEBUG: CVideoPlayerVideo::OutputPicture - ttd:108ms pts:417.667 Clock:417.558 Level:4
2019-12-02 09:26:47.274 T:3772773248 DEBUG: CVideoPlayerVideo::OutputPicture - ttd:105ms pts:417.709 Clock:417.604 Level:3
2019-12-02 09:26:47.313 T:3772773248 DEBUG: CVideoPlayerVideo::OutputPicture - ttd:107ms pts:417.751 Clock:417.643 Level:4
2019-12-02 09:26:47.339 T:3658863488 DEBUG: CecLogMessage - >> 01:44:0d
2019-12-02 09:26:47.339 T:3658863488 DEBUG: CecLogMessage - SetCurrentButton exit (d) D:0ms cur:d
2019-12-02 09:26:47.339 T:3658863488 DEBUG: CecLogMessage - key pressed: exit (d) current(ff) duration(0)
2019-12-02 09:26:47.339 T:3658863488 DEBUG: CecLogMessage - Changed key exit (d) D:0ms cur:ff
2019-12-02 09:26:47.339 T:3658863488 DEBUG: CecLogMessage - key pressed: exit (d, 0)
2019-12-02 09:26:47.339 T:3658863488 DEBUG: PushCecKeypress - received key d8 duration 0
2019-12-02 09:26:47.339 T:3658863488 DEBUG: CecLogMessage - CheckKeypressTimeout T:116.580
2019-12-02 09:26:47.339 T:3658863488 DEBUG: CecLogMessage - Key exit: idle (duration:0) (d) timeout:-621114232ms (rel:500,rep:0,prs:500,rel:0)
2019-12-02 09:26:47.339 T:3658863488 DEBUG: CecLogMessage - >> TV (0) -> Recorder 1 (1): user control pressed (44)
2019-12-02 09:26:47.352 T:3772773248 DEBUG: CVideoPlayerVideo::OutputPicture - ttd:109ms pts:417.792 Clock:417.683 Level:4
2019-12-02 09:26:47.353 T:4065601376 DEBUG: HandleKey: menu (0xd8) pressed, action is Back
2019-12-02 09:26:47.395 T:3772773248 DEBUG: CVideoPlayerVideo::OutputPicture - ttd:109ms pts:417.834 Clock:417.725 Level:4
2019-12-02 09:26:47.440 T:3772773248 DEBUG: CVideoPlayerVideo::OutputPicture - ttd:105ms pts:417.876 Clock:417.770 Level:3
2019-12-02 09:26:47.443 T:3901322112 DEBUG: CVideoPlayer::ProcessVideoData size:23075 dts:426.051 pts:426.301 dur:41.000ms, clock:417.773 level:88
2019-12-02 09:26:47.443 T:3901322112 DEBUG: CVideoPlayer::ProcessVideoData size:17719 dts:426.092 pts:426.217 dur:41.000ms, clock:417.773 level:89
2019-12-02 09:26:47.443 T:3901322112 DEBUG: CVideoPlayer::ProcessVideoData size:4900 dts:426.134 pts:426.134 dur:41.000ms, clock:417.773 level:89
2019-12-02 09:26:47.444 T:3901322112 DEBUG: CVideoPlayer::ProcessVideoData size:5497 dts:426.176 pts:426.176 dur:41.000ms, clock:417.774 level:90
2019-12-02 09:26:47.444 T:3901322112 DEBUG: CVideoPlayer::ProcessVideoData size:4419 dts:426.217 pts:426.259 dur:41.000ms, clock:417.774 level:90
2019-12-02 09:26:47.479 T:3772773248 DEBUG: CVideoPlayerVideo::OutputPicture - ttd:107ms pts:417.917 Clock:417.809 Level:4
2019-12-02 09:26:47.522 T:3772773248 DEBUG: CVideoPlayerVideo::OutputPicture - ttd:107ms pts:417.959 Clock:417.852 Level:4
2019-12-02 09:26:47.533 T:3658863488 DEBUG: CecLogMessage - >> 01:45
2019-12-02 09:26:47.534 T:3658863488 DEBUG: CecLogMessage - key released: exit (d) D:195ms
2019-12-02 09:26:47.534 T:3658863488 DEBUG: PushCecKeypress - received key d8 duration 195
2019-12-02 09:26:47.534 T:3658863488 DEBUG: CecLogMessage - >> TV (0) -> Recorder 1 (1): user control release (45)
2019-12-02 09:26:47.561 T:3772773248 DEBUG: CVideoPlayerVideo::OutputPicture - ttd:109ms pts:418.001 Clock:417.891 Level:4
2019-12-02 09:26:47.567 T:4065601376 DEBUG: ------ Window Deinit (DialogPlayerProcessInfo.xml) ------
2019-12-02 09:26:47.607 T:3772773248 DEBUG: CVideoPlayerVideo::OutputPicture - ttd:106ms pts:418.043 Clock:417.937 Level:3
2019-12-02 09:26:47.644 T:3772773248 DEBUG: CVideoPlayerVideo::OutputPicture - ttd:110ms pts:418.084 Clock:417.974 Level:4
2019-12-02 09:26:47.689 T:3901322112 DEBUG: CVideoPlayer::ProcessVideoData size:22132 dts:426.259 pts:426.468 dur:41.000ms, clock:418.019 level:88
2019-12-02 09:26:47.689 T:3901322112 DEBUG: CVideoPlayer::ProcessVideoData size:9156 dts:426.301 pts:426.384 dur:41.000ms, clock:418.019 level:89
2019-12-02 09:26:47.690 T:3901322112 DEBUG: CVideoPlayer::ProcessVideoData size:3833 dts:426.343 pts:426.343 dur:41.000ms, clock:418.019 level:89
2019-12-02 09:26:47.690 T:3901322112 DEBUG: CVideoPlayer::ProcessVideoData size:3088 dts:426.384 pts:426.426 dur:41.000ms, clock:418.020 level:90
2019-12-02 09:26:47.691 T:3772773248 DEBUG: CVideoPlayerVideo::OutputPicture - ttd:104ms pts:418.126 Clock:418.021 Level:3
2019-12-02 09:26:47.693 T:4065601376 DEBUG: ------ Window Deinit (DialogSeekBar.xml) ------
2019-12-02 09:26:47.728 T:3772773248 DEBUG: CVideoPlayerVideo::OutputPicture - ttd:109ms pts:418.168 Clock:418.058 Level:4
2019-12-02 09:26:47.731 T:4065601376 DEBUG: ------ Window Deinit (Custom_1109_TopBarOverlay.xml) ------
2019-12-02 09:26:47.774 T:3772773248 DEBUG: CVideoPlayerVideo::OutputPicture - ttd:105ms pts:418.209 Clock:418.104 Level:3
2019-12-02 09:26:47.812 T:3772773248 DEBUG: CVideoPlayerVideo::OutputPicture - ttd:109ms pts:418.251 Clock:418.142 Level:4
2019-12-02 09:26:47.856 T:3772773248 DEBUG: CVideoPlayerVideo::OutputPicture - ttd:106ms pts:418.293 Clock:418.186 Level:3
2019-12-02 09:26:47.894 T:3772773248 DEBUG: CVideoPlayerVideo::OutputPicture - ttd:110ms pts:418.335 Clock:418.224 Level:4
2019-12-02 09:26:47.935 T:3772773248 DEBUG: CVideoPlayerVideo::OutputPicture - ttd:110ms pts:418.376 Clock:418.265 Level:4
2019-12-02 09:26:47.945 T:3901322112 DEBUG: CVideoPlayer::ProcessVideoData size:19420 dts:426.426 pts:426.676 dur:41.000ms, clock:418.274 level:85
2019-12-02 09:26:47.945 T:3901322112 DEBUG: CVideoPlayer::ProcessVideoData size:5837 dts:426.468 pts:426.593 dur:41.000ms, clock:418.275 level:86
2019-12-02 09:26:47.945 T:3901322112 DEBUG: CVideoPlayer::ProcessVideoData size:3872 dts:426.509 pts:426.509 dur:41.000ms, clock:418.275 level:87
2019-12-02 09:26:47.945 T:3901322112 DEBUG: CVideoPlayer::ProcessVideoData size:3670 dts:426.551 pts:426.551 dur:41.000ms, clock:418.275 level:87
2019-12-02 09:26:47.946 T:3901322112 DEBUG: CVideoPlayer::ProcessVideoData size:2766 dts:426.593 pts:426.635 dur:41.000ms, clock:418.275 level:88
2019-12-02 09:26:47.981 T:3772773248 DEBUG: CVideoPlayerVideo::OutputPicture - ttd:107ms pts:418.418 Clock:418.310 Level:3
2019-12-02 09:26:48.020 T:3772773248 DEBUG: CVideoPlayerVideo::OutputPicture - ttd:110ms pts:418.460 Clock:418.349 Level:3
2019-12-02 09:26:48.065 T:3772773248 DEBUG: CVideoPlayerVideo::OutputPicture - ttd:106ms pts:418.501 Clock:418.395 Level:3
2019-12-02 09:26:48.088 T:3901322112 DEBUG: CVideoPlayer::ProcessVideoData size:16595 dts:426.635 pts:426.885 dur:41.000ms, clock:418.418 level:88
2019-12-02 09:26:48.088 T:3901322112 DEBUG: CVideoPlayer::ProcessVideoData size:5208 dts:426.676 pts:426.801 dur:41.000ms, clock:418.418 level:88
2019-12-02 09:26:48.089 T:3901322112 DEBUG: CVideoPlayer::ProcessVideoData size:2987 dts:426.718 pts:426.718 dur:41.000ms, clock:418.418 level:89
2019-12-02 09:26:48.089 T:3901322112 DEBUG: CVideoPlayer::ProcessVideoData size:3123 dts:426.760 pts:426.760 dur:41.000ms, clock:418.418 level:89
2019-12-02 09:26:48.089 T:3901322112 DEBUG: CVideoPlayer::ProcessVideoData size:2532 dts:426.801 pts:426.843 dur:41.000ms, clock:418.419 level:90
2019-12-02 09:26:48.103 T:3772773248 DEBUG: CVideoPlayerVideo::OutputPicture - ttd:110ms pts:418.543 Clock:418.433 Level:4
2019-12-02 09:26:48.146 T:3772773248 DEBUG: CVideoPlayerVideo::OutputPicture - ttd:109ms pts:418.585 Clock:418.475 Level:4
2019-12-02 09:26:48.191 T:3772773248 DEBUG: CVideoPlayerVideo::OutputPicture - ttd:106ms pts:418.627 Clock:418.520 Level:3
2019-12-02 09:26:48.192 T:3901322112 DEBUG: CVideoPlayer::ProcessVideoData size:19143 dts:426.843 pts:427.093 dur:41.000ms, clock:418.521 level:89
2019-12-02 09:26:48.192 T:3901322112 DEBUG: CVideoPlayer::ProcessVideoData size:12106 dts:426.885 pts:427.010 dur:41.000ms, clock:418.522 level:89
2019-12-02 09:26:48.192 T:3901322112 DEBUG: CVideoPlayer::ProcessVideoData size:4252 dts:426.926 pts:426.926 dur:41.000ms, clock:418.522 level:90
2019-12-02 09:26:48.192 T:3901322112 DEBUG: CVideoPlayer::ProcessVideoData size:7408 dts:426.968 pts:426.968 dur:41.000ms, clock:418.522 level:90
2019-12-02 09:26:48.193 T:3901322112 DEBUG: CVideoPlayer::ProcessVideoData size:8727 dts:427.010 pts:427.052 dur:41.000ms, clock:418.522 level:91
2019-12-02 09:26:48.193 T:3901322112 DEBUG: CVideoPlayer::ProcessVideoData size:40894 dts:427.052 pts:427.135 dur:41.000ms, clock:418.523 level:91
2019-12-02 09:26:48.232 T:3772773248 DEBUG: CVideoPlayerVideo::OutputPicture - ttd:106ms pts:418.668 Clock:418.562 Level:3
2019-12-02 09:26:48.270 T:3772773248 DEBUG: CVideoPlayerVideo::OutputPicture - ttd:110ms pts:418.710 Clock:418.600 Level:4
2019-12-02 09:26:48.315 T:3772773248 DEBUG: CVideoPlayerVideo::OutputPicture - ttd:107ms pts:418.752 Clock:418.644 Level:3
2019-12-02 09:26:48.359 T:3772773248 DEBUG: CVideoPlayerVideo::OutputPicture - ttd:104ms pts:418.793 Clock:418.688 Level:3
2019-12-02 09:26:48.397 T:3772773248 DEBUG: CVideoPlayerVideo::OutputPicture - ttd:108ms pts:418.835 Clock:418.726 Level:3
2019-12-02 09:26:48.437 T:3901322112 DEBUG: CVideoPlayer::ProcessVideoData size:28196 dts:427.093 pts:427.218 dur:41.000ms, clock:418.767 level:89
2019-12-02 09:26:48.438 T:3901322112 DEBUG: CVideoPlayer::ProcessVideoData size:15099 dts:427.135 pts:427.177 dur:41.000ms, clock:418.767 level:90
2019-12-02 09:26:48.438 T:3901322112 DEBUG: CVideoPlayer::ProcessVideoData size:28899 dts:427.177 pts:427.260 dur:41.000ms, clock:418.767 level:90
2019-12-02 09:26:48.439 T:3901322112 DEBUG: CVideoPlayer::ProcessVideoData size:27429 dts:427.218 pts:427.302 dur:41.000ms, clock:418.768 level:91
2019-12-02 09:26:48.441 T:3772773248 DEBUG: CVideoPlayerVideo::OutputPicture - ttd:106ms pts:418.877 Clock:418.771 Level:3
2019-12-02 09:26:48.479 T:3772773248 DEBUG: CVideoPlayerVideo::OutputPicture - ttd:109ms pts:418.918 Clock:418.808 Level:3
2019-12-02 09:26:48.523 T:3772773248 DEBUG: CVideoPlayerVideo::OutputPicture - ttd:107ms pts:418.960 Clock:418.853 Level:3
2019-12-02 09:26:48.567 T:3772773248 DEBUG: CVideoPlayerVideo::OutputPicture - ttd:105ms pts:419.002 Clock:418.897 Level:3
2019-12-02 09:26:48.605 T:3772773248 DEBUG: CVideoPlayerVideo::OutputPicture - ttd:109ms pts:419.044 Clock:418.935 Level:3
2019-12-02 09:26:48.650 T:3772773248 DEBUG: CVideoPlayerVideo::OutputPicture - ttd:105ms pts:419.085 Clock:418.979 Level:3
2019-12-02 09:26:48.688 T:3772773248 DEBUG: CVideoPlayerVideo::OutputPicture - ttd:109ms pts:419.127 Clock:419.017 Level:4
2019-12-02 09:26:48.693 T:3901322112 DEBUG: CVideoPlayer::ProcessVideoData size:24185 dts:427.260 pts:427.427 dur:41.000ms, clock:419.022 level:88
2019-12-02 09:26:48.693 T:3901322112 DEBUG: CVideoPlayer::ProcessVideoData size:11374 dts:427.302 pts:427.385 dur:41.000ms, clock:419.022 level:89
2019-12-02 09:26:48.693 T:3901322112 DEBUG: CVideoPlayer::ProcessVideoData size:11221 dts:427.344 pts:427.344 dur:41.000ms, clock:419.023 level:89
2019-12-02 09:26:48.694 T:3901322112 DEBUG: CVideoPlayer::ProcessVideoData size:21145 dts:427.385 pts:427.636 dur:41.000ms, clock:419.023 level:90
2019-12-02 09:26:48.694 T:3901322112 DEBUG: CVideoPlayer::ProcessVideoData size:10988 dts:427.427 pts:427.552 dur:41.000ms, clock:419.023 level:90
2019-12-02 09:26:48.694 T:3901322112 DEBUG: CVideoPlayer::ProcessVideoData size:6709 dts:427.469 pts:427.469 dur:41.000ms, clock:419.023 level:91
2019-12-02 09:26:48.695 T:3901322112 DEBUG: CVideoPlayer::ProcessVideoData size:7173 dts:427.510 pts:427.510 dur:41.000ms, clock:419.024 level:91
2019-12-02 09:26:48.695 T:3901322112 DEBUG: CVideoPlayer::ProcessVideoData size:9156 dts:427.552 pts:427.594 dur:41.000ms, clock:419.024 level:91
2019-12-02 09:26:48.732 T:3772773248 DEBUG: CVideoPlayerVideo::OutputPicture - ttd:107ms pts:419.169 Clock:419.062 Level:3
2019-12-02 09:26:48.770 T:3772773248 DEBUG: CVideoPlayerVideo::OutputPicture - ttd:110ms pts:419.210 Clock:419.099 Level:4
2019-12-02 09:26:48.815 T:3772773248 DEBUG: CVideoPlayerVideo::OutputPicture - ttd:107ms pts:419.252 Clock:419.144 Level:3
2019-12-02 09:26:48.859 T:3772773248 DEBUG: CVideoPlayerVideo::OutputPicture - ttd:105ms pts:419.294 Clock:419.188 Level:3
2019-12-02 09:26:48.896 T:3772773248 DEBUG: CVideoPlayerVideo::OutputPicture - ttd:110ms pts:419.336 Clock:419.225 Level:4
2019-12-02 09:26:48.939 T:3901322112 DEBUG: CVideoPlayer::ProcessVideoData size:9073 dts:427.594 pts:427.677 dur:41.000ms, clock:419.268 level:89
2019-12-02 09:26:48.940 T:3901322112 DEBUG: CVideoPlayer::ProcessVideoData size:71552 dts:427.636 pts:427.719 dur:41.000ms, clock:419.269 level:90
2019-12-02 09:26:48.940 T:3901322112 DEBUG: CVideoPlayer::ProcessVideoData size:15504 dts:427.677 pts:427.802 dur:41.000ms, clock:419.270 level:90
2019-12-02 09:26:48.941 T:3901322112 DEBUG: CVideoPlayer::ProcessVideoData size:26322 dts:427.719 pts:427.761 dur:41.000ms, clock:419.270 level:91
2019-12-02 09:26:48.941 T:3901322112 DEBUG: CVideoPlayer::ProcessVideoData size:19242 dts:427.761 pts:427.844 dur:41.000ms, clock:419.270 level:91
2019-12-02 09:26:48.943 T:3772773248 DEBUG: CVideoPlayerVideo::OutputPicture - ttd:105ms pts:419.377 Clock:419.272 Level:3
2019-12-02 09:26:48.981 T:3772773248 DEBUG: CVideoPlayerVideo::OutputPicture - ttd:109ms pts:419.419 Clock:419.310 Level:3
2019-12-02 09:26:49.025 T:3772773248 DEBUG: CVideoPlayerVideo::OutputPicture - ttd:106ms pts:419.461 Clock:419.354 Level:3
2019-12-02 09:26:49.063 T:3772773248 DEBUG: CVideoPlayerVideo::OutputPicture - ttd:110ms pts:419.502 Clock:419.392 Level:4
2019-12-02 09:26:49.107 T:3772773248 DEBUG: CVideoPlayerVideo::OutputPicture - ttd:107ms pts:419.544 Clock:419.436 Level:3
2019-12-02 09:26:49.152 T:3772773248 DEBUG: CVideoPlayerVideo::OutputPicture - ttd:105ms pts:419.586 Clock:419.481 Level:3
2019-12-02 09:26:49.190 T:3772773248 DEBUG: CVideoPlayerVideo::OutputPicture - ttd:109ms pts:419.628 Clock:419.519 Level:4
2019-12-02 09:26:49.196 T:3901322112 DEBUG: CVideoPlayer::ProcessVideoData size:14447 dts:427.802 pts:427.927 dur:41.000ms, clock:419.525 level:89
2019-12-02 09:26:49.196 T:3901322112 DEBUG: CVideoPlayer::ProcessVideoData size:13032 dts:427.844 pts:427.886 dur:41.000ms, clock:419.525 level:89
2019-12-02 09:26:49.196 T:3901322112 DEBUG: CVideoPlayer::ProcessVideoData size:15219 dts:427.886 pts:428.011 dur:41.000ms, clock:419.525 level:89
2019-12-02 09:26:49.197 T:3901322112 DEBUG: CVideoPlayer::ProcessVideoData size:9635 dts:427.927 pts:427.969 dur:41.000ms, clock:419.526 level:90
2019-12-02 09:26:49.197 T:3901322112 DEBUG: CVideoPlayer::ProcessVideoData size:17539 dts:427.969 pts:428.053 dur:41.000ms, clock:419.526 level:90
2019-12-02 09:26:49.197 T:3901322112 DEBUG: CVideoPlayer::ProcessVideoData size:23111 dts:428.011 pts:428.094 dur:41.000ms, clock:419.526 level:91
2019-12-02 09:26:49.198 T:3901322112 DEBUG: CVideoPlayer::ProcessVideoData size:27266 dts:428.053 pts:428.136 dur:41.000ms, clock:419.527 level:91
2019-12-02 09:26:49.234 T:3772773248 DEBUG: CVideoPlayerVideo::OutputPicture - ttd:105ms pts:419.669 Clock:419.563 Level:3
2019-12-02 09:26:49.272 T:3772773248 DEBUG: CVideoPlayerVideo::OutputPicture - ttd:110ms pts:419.711 Clock:419.601 Level:4
2019-12-02 09:26:49.315 T:3772773248 DEBUG: CVideoPlayerVideo::OutputPicture - ttd:108ms pts:419.753 Clock:419.644 Level:3
2019-12-02 09:26:49.355 T:3772773248 DEBUG: CVideoPlayerVideo::OutputPicture - ttd:110ms pts:419.794 Clock:419.684 Level:4
2019-12-02 09:26:49.399 T:3772773248 DEBUG: CVideoPlayerVideo::OutputPicture - ttd:107ms pts:419.836 Clock:419.728 Level:3
2019-12-02 09:26:49.443 T:3772773248 DEBUG: CVideoPlayerVideo::OutputPicture - ttd:105ms pts:419.878 Clock:419.772 Level:3
2019-12-02 09:26:49.481 T:3772773248 DEBUG: CVideoPlayerVideo::OutputPicture - ttd:108ms pts:419.919 Clock:419.810 Level:3
2019-12-02 09:26:49.492 T:3901322112 DEBUG: CVideoPlayer::ProcessVideoData size:59018 dts:428.094 pts:428.303 dur:41.000ms, clock:419.821 level:88
2019-12-02 09:26:49.493 T:3901322112 DEBUG: CVideoPlayer::ProcessVideoData size:23025 dts:428.136 pts:428.219 dur:41.000ms, clock:419.822 level:89
2019-12-02 09:26:49.493 T:3901322112 DEBUG: CVideoPlayer::ProcessVideoData size:18994 dts:428.178 pts:428.178 dur:41.000ms, clock:419.822 level:89
2019-12-02 09:26:49.494 T:3901322112 DEBUG: CVideoPlayer::ProcessVideoData size:11737 dts:428.219 pts:428.261 dur:41.000ms, clock:419.823 level:90
2019-12-02 09:26:49.527 T:3772773248 DEBUG: CVideoPlayerVideo::OutputPicture - ttd:105ms pts:419.961 Clock:419.855 Level:3
2019-12-02 09:26:49.565 T:3772773248 DEBUG: CVideoPlayerVideo::OutputPicture - ttd:109ms pts:420.003 Clock:419.893 Level:4
2019-12-02 09:26:49.609 T:3772773248 DEBUG: CVideoPlayerVideo::OutputPicture - ttd:107ms pts:420.045 Clock:419.938 Level:3
2019-12-02 09:26:49.647 T:3772773248 DEBUG: CVideoPlayerVideo::OutputPicture - ttd:110ms pts:420.086 Clock:419.976 Level:4
2019-12-02 09:26:49.691 T:3772773248 DEBUG: CVideoPlayerVideo::OutputPicture - ttd:108ms pts:420.128 Clock:420.020 Level:3
2019-12-02 09:26:49.735 T:3772773248 DEBUG: CVideoPlayerVideo::OutputPicture - ttd:105ms pts:420.170 Clock:420.064 Level:3
2019-12-02 09:26:49.738 T:3901322112 DEBUG: CVideoPlayer::ProcessVideoData size:72486 dts:428.261 pts:428.428 dur:41.000ms, clock:420.067 level:88
2019-12-02 09:26:49.738 T:3901322112 DEBUG: CVideoPlayer::ProcessVideoData size:11500 dts:428.303 pts:428.386 dur:41.000ms, clock:420.067 level:88
2019-12-02 09:26:49.739 T:3901322112 DEBUG: CVideoPlayer::ProcessVideoData size:8975 dts:428.345 pts:428.345 dur:41.000ms, clock:420.068 level:89
2019-12-02 09:26:49.739 T:3901322112 DEBUG: CVideoPlayer::ProcessVideoData size:58235 dts:428.386 pts:428.595 dur:41.000ms, clock:420.068 level:89
2019-12-02 09:26:49.740 T:3901322112 DEBUG: CVideoPlayer::ProcessVideoData size:14867 dts:428.428 pts:428.511 dur:41.000ms, clock:420.068 level:90
2019-12-02 09:26:49.740 T:3901322112 DEBUG: CVideoPlayer::ProcessVideoData size:5574 dts:428.470 pts:428.470 dur:41.000ms, clock:420.069 level:90
2019-12-02 09:26:49.740 T:3901322112 DEBUG: CVideoPlayer::ProcessVideoData size:4893 dts:428.511 pts:428.553 dur:41.000ms, clock:420.069 level:91
2019-12-02 09:26:49.777 T:3772773248 DEBUG: CVideoPlayerVideo::OutputPicture - ttd:104ms pts:420.211 Clock:420.106 Level:3
2019-12-02 09:26:49.816 T:3772773248 DEBUG: CVideoPlayerVideo::OutputPicture - ttd:107ms pts:420.253 Clock:420.145 Level:3
2019-12-02 09:26:49.855 T:3772773248 DEBUG: CVideoPlayerVideo::OutputPicture - ttd:110ms pts:420.295 Clock:420.184 Level:4
2019-12-02 09:26:49.900 T:3772773248 DEBUG: CVideoPlayerVideo::OutputPicture - ttd:108ms pts:420.337 Clock:420.229 Level:3
2019-12-02 09:26:49.944 T:3772773248 DEBUG: CVideoPlayerVideo::OutputPicture - ttd:105ms pts:420.378 Clock:420.273 Level:3
2019-12-02 09:26:49.982 T:3772773248 DEBUG: CVideoPlayerVideo::OutputPicture - ttd:109ms pts:420.420 Clock:420.311 Level:3
2019-12-02 09:26:49.995 T:3901322112 DEBUG: CVideoPlayer::ProcessVideoData size:51089 dts:428.553 pts:428.762 dur:41.000ms, clock:420.323 level:87
2019-12-02 09:26:49.995 T:3901322112 DEBUG: CVideoPlayer::ProcessVideoData size:12035 dts:428.595 pts:428.678 dur:41.000ms, clock:420.324 level:88
2019-12-02 09:26:49.996 T:3901322112 DEBUG: CVideoPlayer::ProcessVideoData size:4643 dts:428.637 pts:428.637 dur:41.000ms, clock:420.324 level:88
2019-12-02 09:26:49.996 T:3901322112 DEBUG: CVideoPlayer::ProcessVideoData size:4315 dts:428.678 pts:428.720 dur:41.000ms, clock:420.324 level:89
2019-12-02 09:26:50.025 T:3772773248 DEBUG: CVideoPlayerVideo::OutputPicture - ttd:108ms pts:420.462 Clock:420.354 Level:3
2019-12-02 09:26:50.065 T:3772773248 DEBUG: CVideoPlayerVideo::OutputPicture - ttd:109ms pts:420.503 Clock:420.393 Level:4
2019-12-02 09:26:50.110 T:3772773248 DEBUG: CVideoPlayerVideo::OutputPicture - ttd:106ms pts:420.545 Clock:420.438 Level:3
2019-12-02 09:26:50.148 T:3772773248 DEBUG: CVideoPlayerVideo::OutputPicture - ttd:110ms pts:420.587 Clock:420.477 Level:4
2019-12-02 09:26:50.193 T:3772773248 DEBUG: CVideoPlayerVideo::OutputPicture - ttd:107ms pts:420.629 Clock:420.521 Level:3
2019-12-02 09:26:50.237 T:3772773248 DEBUG: CVideoPlayerVideo::OutputPicture - ttd:104ms pts:420.670 Clock:420.565 Level:3
2019-12-02 09:26:50.240 T:3901322112 DEBUG: CVideoPlayer::ProcessVideoData size:50657 dts:428.720 pts:428.928 dur:41.000ms, clock:420.568 level:87
2019-12-02 09:26:50.240 T:3901322112 DEBUG: CVideoPlayer::ProcessVideoData size:10629 dts:428.762 pts:428.845 dur:41.000ms, clock:420.569 level:88
2019-12-02 09:26:50.241 T:3901322112 DEBUG: CVideoPlayer::ProcessVideoData size:8842 dts:428.803 pts:428.803 dur:41.000ms, clock:420.569 level:88
2019-12-02 09:26:50.241 T:3901322112 DEBUG: CVideoPlayer::ProcessVideoData size:4335 dts:428.845 pts:428.887 dur:41.000ms, clock:420.569 level:89
2019-12-02 09:26:50.242 T:3901322112 DEBUG: CVideoPlayer::ProcessVideoData size:40378 dts:428.887 pts:429.054 dur:41.000ms, clock:420.570 level:89
2019-12-02 09:26:50.242 T:3901322112 DEBUG: CVideoPlayer::ProcessVideoData size:11660 dts:428.928 pts:429.012 dur:41.000ms, clock:420.570 level:90
2019-12-02 09:26:50.242 T:3901322112 DEBUG: CVideoPlayer::ProcessVideoData size:4437 dts:428.970 pts:428.970 dur:41.000ms, clock:420.571 level:90
2019-12-02 09:26:50.274 T:3772773248 DEBUG: CVideoPlayerVideo::OutputPicture - ttd:109ms pts:420.712 Clock:420.602 Level:4
2019-12-02 09:26:50.319 T:3772773248 DEBUG: CVideoPlayerVideo::OutputPicture - ttd:106ms pts:420.754 Clock:420.648 Level:3
2019-12-02 09:26:50.357 T:3772773248 DEBUG: CVideoPlayerVideo::OutputPicture - ttd:109ms pts:420.795 Clock:420.686 Level:4
2019-12-02 09:26:50.402 T:3772773248 DEBUG: CVideoPlayerVideo::OutputPicture - ttd:106ms pts:420.837 Clock:420.730 Level:3
2019-12-02 09:26:50.440 T:3772773248 DEBUG: CVideoPlayerVideo::OutputPicture - ttd:110ms pts:420.879 Clock:420.768 Level:4
