2019-12-02 09:29:24.247 T:3415044992 DEBUG: script.amlogic.displayinfo: Parsing EOTF as SDR
2019-12-02 09:29:24.247 T:3415044992 DEBUG: script.amlogic.displayinfo: Parsing YCC colour range as limited
2019-12-02 09:29:24.247 T:3415044992 DEBUG: script.amlogic.displayinfo: Parsing Colourimetry as BT.709
2019-12-02 09:29:24.248 T:3415044992 DEBUG: script.amlogic.displayinfo: Parsing PLL clock as 0xdb15049a, Vid clock div 0x000b0000
2019-12-02 09:29:24.248 T:3415044992 DEBUG: script.amlogic.displayinfo: Parsing audio config as on
2019-12-02 09:29:24.248 T:3415044992 DEBUG: script.amlogic.displayinfo: Parsing audio on/off as on
2019-12-02 09:29:24.248 T:3415044992 DEBUG: script.amlogic.displayinfo: Parsing audio source as SPDIF
2019-12-02 09:29:24.248 T:3415044992 DEBUG: script.amlogic.displayinfo: Parsing audio type as AC-3
2019-12-02 09:29:24.248 T:3415044992 DEBUG: script.amlogic.displayinfo: Parsing audio channel num as 2 channels
2019-12-02 09:29:24.248 T:3415044992 DEBUG: script.amlogic.displayinfo: Parsing audio sample rate as 48kHz
2019-12-02 09:29:24.248 T:3415044992 DEBUG: script.amlogic.displayinfo: Parsing audio sample size as 16bit
2019-12-02 09:29:24.248 T:3415044992 DEBUG: script.amlogic.displayinfo: Parsing 3D config as off
2019-12-02 09:29:24.248 T:3415044992 INFO: CPythonInvoker(8, /usr/share/kodi/addons/script.amlogic.displayinfo/default.py): script successfully run
2019-12-02 09:29:24.248 T:3415044992 DEBUG: onExecutionDone(8, /usr/share/kodi/addons/script.amlogic.displayinfo/default.py)
2019-12-02 09:29:24.269 T:3415044992 INFO: Python interpreter stopped
2019-12-02 09:29:24.269 T:3415044992 DEBUG: Thread LanguageInvoker 3415044992 terminating
2019-12-02 09:29:24.289 T:3772773248 DEBUG: CVideoPlayerVideo::OutputPicture - ttd:105ms pts:574.657 Clock:574.551 Level:3
2019-12-02 09:29:24.328 T:3772773248 DEBUG: CVideoPlayerVideo::OutputPicture - ttd:108ms pts:574.699 Clock:574.590 Level:4
2019-12-02 09:29:24.367 T:3772773248 DEBUG: CVideoPlayerVideo::OutputPicture - ttd:111ms pts:574.741 Clock:574.630 Level:4
2019-12-02 09:29:24.373 T:3658863488 DEBUG: CecLogMessage - >> 01:45
2019-12-02 09:29:24.373 T:3658863488 DEBUG: CecLogMessage - key released: display information (35) D:181ms
2019-12-02 09:29:24.373 T:3658863488 DEBUG: PushCecKeypress - received key c3 duration 181
2019-12-02 09:29:24.373 T:3658863488 DEBUG: CecLogMessage - >> TV (0) -> Recorder 1 (1): user control release (45)
2019-12-02 09:29:24.406 T:3901322112 DEBUG: CVideoPlayer::ProcessVideoData size:57375 dts:582.832 pts:583.082 dur:41.000ms, clock:574.669 level:87
2019-12-02 09:29:24.407 T:3901322112 DEBUG: CVideoPlayer::ProcessVideoData size:10606 dts:582.874 pts:582.999 dur:41.000ms, clock:574.669 level:88
2019-12-02 09:29:24.407 T:3901322112 DEBUG: CVideoPlayer::ProcessVideoData size:5944 dts:582.916 pts:582.916 dur:41.000ms, clock:574.669 level:88
2019-12-02 09:29:24.407 T:3901322112 DEBUG: CVideoPlayer::ProcessVideoData size:6354 dts:582.957 pts:582.957 dur:41.000ms, clock:574.670 level:89
2019-12-02 09:29:24.407 T:3901322112 DEBUG: CVideoPlayer::ProcessVideoData size:4975 dts:582.999 pts:583.041 dur:41.000ms, clock:574.670 level:89
2019-12-02 09:29:24.408 T:3901322112 DEBUG: CVideoPlayer::ProcessVideoData size:51392 dts:583.041 pts:583.249 dur:41.000ms, clock:574.670 level:90
2019-12-02 09:29:24.408 T:3901322112 DEBUG: CVideoPlayer::ProcessVideoData size:15619 dts:583.082 pts:583.166 dur:41.000ms, clock:574.671 level:90
2019-12-02 09:29:24.408 T:3901322112 DEBUG: CVideoPlayer::ProcessVideoData size:5165 dts:583.124 pts:583.124 dur:41.000ms, clock:574.671 level:91
2019-12-02 09:29:24.409 T:3901322112 DEBUG: CVideoPlayer::ProcessVideoData size:5332 dts:583.166 pts:583.208 dur:41.000ms, clock:574.671 level:91
2019-12-02 09:29:24.411 T:3772773248 DEBUG: CVideoPlayerVideo::OutputPicture - ttd:109ms pts:574.783 Clock:574.674 Level:4
2019-12-02 09:29:24.451 T:3772773248 DEBUG: CVideoPlayerVideo::OutputPicture - ttd:110ms pts:574.824 Clock:574.713 Level:4
2019-12-02 09:29:24.496 T:3772773248 DEBUG: CVideoPlayerVideo::OutputPicture - ttd:106ms pts:574.866 Clock:574.759 Level:4
2019-12-02 09:29:24.539 T:3772773248 DEBUG: CVideoPlayerVideo::OutputPicture - ttd:106ms pts:574.908 Clock:574.801 Level:4
2019-12-02 09:29:24.578 T:3772773248 DEBUG: CVideoPlayerVideo::OutputPicture - ttd:108ms pts:574.949 Clock:574.841 Level:4
2019-12-02 09:29:24.618 T:3772773248 DEBUG: CVideoPlayerVideo::OutputPicture - ttd:110ms pts:574.991 Clock:574.880 Level:4
2019-12-02 09:29:24.661 T:3772773248 DEBUG: CVideoPlayerVideo::OutputPicture - ttd:109ms pts:575.033 Clock:574.923 Level:4
2019-12-02 09:29:24.664 T:3901322112 DEBUG: CVideoPlayer::ProcessVideoData size:56450 dts:583.208 pts:583.416 dur:41.000ms, clock:574.926 level:88
2019-12-02 09:29:24.664 T:3901322112 DEBUG: CVideoPlayer::ProcessVideoData size:15869 dts:583.249 pts:583.333 dur:41.000ms, clock:574.927 level:89
2019-12-02 09:29:24.665 T:3901322112 DEBUG: CVideoPlayer::ProcessVideoData size:6497 dts:583.291 pts:583.291 dur:41.000ms, clock:574.927 level:89
2019-12-02 09:29:24.665 T:3901322112 DEBUG: CVideoPlayer::ProcessVideoData size:7395 dts:583.333 pts:583.374 dur:41.000ms, clock:574.928 level:90
2019-12-02 09:29:24.706 T:3772773248 DEBUG: CVideoPlayerVideo::OutputPicture - ttd:105ms pts:575.074 Clock:574.969 Level:3
2019-12-02 09:29:24.745 T:3772773248 DEBUG: CVideoPlayerVideo::OutputPicture - ttd:108ms pts:575.116 Clock:575.008 Level:4
2019-12-02 09:29:24.790 T:3772773248 DEBUG: CVideoPlayerVideo::OutputPicture - ttd:105ms pts:575.158 Clock:575.052 Level:3
2019-12-02 09:29:24.828 T:3772773248 DEBUG: CVideoPlayerVideo::OutputPicture - ttd:109ms pts:575.200 Clock:575.091 Level:4
2019-12-02 09:29:24.872 T:3772773248 DEBUG: CVideoPlayerVideo::OutputPicture - ttd:106ms pts:575.241 Clock:575.134 Level:3
2019-12-02 09:29:24.910 T:3901322112 DEBUG: CVideoPlayer::ProcessVideoData size:55367 dts:583.374 pts:583.583 dur:41.000ms, clock:575.172 level:88
2019-12-02 09:29:24.910 T:3901322112 DEBUG: CVideoPlayer::ProcessVideoData size:17991 dts:583.416 pts:583.500 dur:41.000ms, clock:575.173 level:88
2019-12-02 09:29:24.911 T:3901322112 DEBUG: CVideoPlayer::ProcessVideoData size:7055 dts:583.458 pts:583.458 dur:41.000ms, clock:575.173 level:89
2019-12-02 09:29:24.911 T:3901322112 DEBUG: CVideoPlayer::ProcessVideoData size:14996 dts:583.500 pts:583.541 dur:41.000ms, clock:575.173 level:89
2019-12-02 09:29:24.912 T:3901322112 DEBUG: CVideoPlayer::ProcessVideoData size:52247 dts:583.541 pts:583.750 dur:41.000ms, clock:575.174 level:90
2019-12-02 09:29:24.912 T:3901322112 DEBUG: CVideoPlayer::ProcessVideoData size:19506 dts:583.583 pts:583.666 dur:41.000ms, clock:575.175 level:90
2019-12-02 09:29:24.913 T:3901322112 DEBUG: CVideoPlayer::ProcessVideoData size:9231 dts:583.625 pts:583.625 dur:41.000ms, clock:575.175 level:91
2019-12-02 09:29:24.914 T:3901322112 DEBUG: CVideoPlayer::ProcessVideoData size:7812 dts:583.666 pts:583.708 dur:41.000ms, clock:575.176 level:91
2019-12-02 09:29:24.915 T:3772773248 DEBUG: CVideoPlayerVideo::OutputPicture - ttd:105ms pts:575.283 Clock:575.177 Level:3
2019-12-02 09:29:24.957 T:3772773248 DEBUG: CVideoPlayerVideo::OutputPicture - ttd:105ms pts:575.325 Clock:575.219 Level:3
2019-12-02 09:29:24.996 T:3772773248 DEBUG: CVideoPlayerVideo::OutputPicture - ttd:107ms pts:575.366 Clock:575.258 Level:4
2019-12-02 09:29:25.035 T:3772773248 DEBUG: CVideoPlayerVideo::OutputPicture - ttd:110ms pts:575.408 Clock:575.297 Level:4
2019-12-02 09:29:25.079 T:3772773248 DEBUG: CVideoPlayerVideo::OutputPicture - ttd:108ms pts:575.450 Clock:575.342 Level:3
2019-12-02 09:29:25.124 T:3772773248 DEBUG: CVideoPlayerVideo::OutputPicture - ttd:105ms pts:575.492 Clock:575.387 Level:3
2019-12-02 09:29:25.162 T:3772773248 DEBUG: CVideoPlayerVideo::OutputPicture - ttd:108ms pts:575.533 Clock:575.425 Level:4
2019-12-02 09:29:25.208 T:3772773248 DEBUG: CVideoPlayerVideo::OutputPicture - ttd:105ms pts:575.575 Clock:575.470 Level:3
2019-12-02 09:29:25.209 T:3901322112 DEBUG: CVideoPlayer::ProcessVideoData size:55036 dts:583.708 pts:583.875 dur:41.000ms, clock:575.471 level:85
2019-12-02 09:29:25.209 T:3901322112 DEBUG: CVideoPlayer::ProcessVideoData size:15609 dts:583.750 pts:583.833 dur:41.000ms, clock:575.471 level:86
2019-12-02 09:29:25.209 T:3901322112 DEBUG: CVideoPlayer::ProcessVideoData size:10281 dts:583.792 pts:583.792 dur:41.000ms, clock:575.472 level:87
2019-12-02 09:29:25.210 T:3901322112 DEBUG: CVideoPlayer::ProcessVideoData size:55991 dts:583.833 pts:584.042 dur:41.000ms, clock:575.472 level:87
2019-12-02 09:29:25.210 T:3901322112 DEBUG: CVideoPlayer::ProcessVideoData size:19039 dts:583.875 pts:583.958 dur:41.000ms, clock:575.472 level:88
2019-12-02 09:29:25.211 T:3901322112 DEBUG: CVideoPlayer::ProcessVideoData size:8879 dts:583.917 pts:583.917 dur:41.000ms, clock:575.473 level:88
2019-12-02 09:29:25.211 T:3901322112 DEBUG: CVideoPlayer::ProcessVideoData size:9310 dts:583.958 pts:584.000 dur:41.000ms, clock:575.473 level:89
2019-12-02 09:29:25.244 T:3772773248 DEBUG: CVideoPlayerVideo::OutputPicture - ttd:110ms pts:575.617 Clock:575.506 Level:4
2019-12-02 09:29:25.289 T:3772773248 DEBUG: CVideoPlayerVideo::OutputPicture - ttd:106ms pts:575.658 Clock:575.551 Level:3
2019-12-02 09:29:25.328 T:3772773248 DEBUG: CVideoPlayerVideo::OutputPicture - ttd:109ms pts:575.700 Clock:575.591 Level:4
2019-12-02 09:29:25.374 T:3772773248 DEBUG: CVideoPlayerVideo::OutputPicture - ttd:105ms pts:575.742 Clock:575.636 Level:3
2019-12-02 09:29:25.413 T:3772773248 DEBUG: CVideoPlayerVideo::OutputPicture - ttd:108ms pts:575.784 Clock:575.675 Level:4
2019-12-02 09:29:25.456 T:3901322112 DEBUG: CVideoPlayer::ProcessVideoData size:68427 dts:584.000 pts:584.209 dur:41.000ms, clock:575.718 level:88
2019-12-02 09:29:25.456 T:3901322112 DEBUG: CVideoPlayer::ProcessVideoData size:21151 dts:584.042 pts:584.125 dur:41.000ms, clock:575.718 level:89
2019-12-02 09:29:25.457 T:3901322112 DEBUG: CVideoPlayer::ProcessVideoData size:10516 dts:584.083 pts:584.083 dur:41.000ms, clock:575.719 level:89
2019-12-02 09:29:25.457 T:3901322112 DEBUG: CVideoPlayer::ProcessVideoData size:11616 dts:584.125 pts:584.167 dur:41.000ms, clock:575.719 level:90
2019-12-02 09:29:25.458 T:3772773248 DEBUG: CVideoPlayerVideo::OutputPicture - ttd:104ms pts:575.825 Clock:575.720 Level:4
2019-12-02 09:29:25.497 T:3772773248 DEBUG: CVideoPlayerVideo::OutputPicture - ttd:107ms pts:575.867 Clock:575.760 Level:4
2019-12-02 09:29:25.535 T:3772773248 DEBUG: CVideoPlayerVideo::OutputPicture - ttd:111ms pts:575.909 Clock:575.798 Level:4
2019-12-02 09:29:25.582 T:3772773248 DEBUG: CVideoPlayerVideo::OutputPicture - ttd:105ms pts:575.950 Clock:575.844 Level:3
2019-12-02 09:29:25.621 T:3772773248 DEBUG: CVideoPlayerVideo::OutputPicture - ttd:108ms pts:575.992 Clock:575.883 Level:4
2019-12-02 09:29:25.667 T:3772773248 DEBUG: CVideoPlayerVideo::OutputPicture - ttd:105ms pts:576.034 Clock:575.929 Level:3
2019-12-02 09:29:25.706 T:3772773248 DEBUG: CVideoPlayerVideo::OutputPicture - ttd:107ms pts:576.075 Clock:575.968 Level:4
2019-12-02 09:29:25.712 T:3901322112 DEBUG: CVideoPlayer::ProcessVideoData size:75746 dts:584.167 pts:584.375 dur:41.000ms, clock:575.974 level:87
2019-12-02 09:29:25.712 T:3901322112 DEBUG: CVideoPlayer::ProcessVideoData size:30494 dts:584.209 pts:584.292 dur:41.000ms, clock:575.975 level:88
2019-12-02 09:29:25.713 T:3901322112 DEBUG: CVideoPlayer::ProcessVideoData size:13936 dts:584.250 pts:584.250 dur:41.000ms, clock:575.975 level:88
2019-12-02 09:29:25.713 T:3901322112 DEBUG: CVideoPlayer::ProcessVideoData size:22568 dts:584.292 pts:584.334 dur:41.000ms, clock:575.975 level:89
2019-12-02 09:29:25.746 T:3772773248 DEBUG: CVideoPlayerVideo::OutputPicture - ttd:108ms pts:576.117 Clock:576.008 Level:4
2019-12-02 09:29:25.790 T:3772773248 DEBUG: CVideoPlayerVideo::OutputPicture - ttd:107ms pts:576.159 Clock:576.052 Level:4
2019-12-02 09:29:25.829 T:3772773248 DEBUG: CVideoPlayerVideo::OutputPicture - ttd:110ms pts:576.201 Clock:576.091 Level:4
2019-12-02 09:29:25.871 T:3772773248 DEBUG: CVideoPlayerVideo::OutputPicture - ttd:108ms pts:576.242 Clock:576.133 Level:4
2019-12-02 09:29:25.917 T:3772773248 DEBUG: CVideoPlayerVideo::OutputPicture - ttd:104ms pts:576.284 Clock:576.179 Level:3
2019-12-02 09:29:25.956 T:3772773248 DEBUG: CVideoPlayerVideo::OutputPicture - ttd:107ms pts:576.326 Clock:576.218 Level:4
2019-12-02 09:29:25.957 T:3901322112 DEBUG: CVideoPlayer::ProcessVideoData size:77110 dts:584.334 pts:584.584 dur:41.000ms, clock:576.219 level:87
2019-12-02 09:29:25.958 T:3901322112 DEBUG: CVideoPlayer::ProcessVideoData size:23606 dts:584.375 pts:584.501 dur:41.000ms, clock:576.220 level:87
2019-12-02 09:29:25.958 T:3901322112 DEBUG: CVideoPlayer::ProcessVideoData size:26794 dts:584.417 pts:584.417 dur:41.000ms, clock:576.220 level:88
2019-12-02 09:29:25.959 T:3901322112 DEBUG: CVideoPlayer::ProcessVideoData size:16877 dts:584.459 pts:584.459 dur:41.000ms, clock:576.221 level:88
2019-12-02 09:29:25.959 T:3901322112 DEBUG: CVideoPlayer::ProcessVideoData size:14777 dts:584.501 pts:584.542 dur:41.000ms, clock:576.221 level:89
2019-12-02 09:29:25.960 T:3901322112 DEBUG: CVideoPlayer::ProcessVideoData size:67737 dts:584.542 pts:584.751 dur:41.000ms, clock:576.222 level:89
2019-12-02 09:29:25.960 T:3901322112 DEBUG: CVideoPlayer::ProcessVideoData size:25498 dts:584.584 pts:584.667 dur:41.000ms, clock:576.222 level:90
2019-12-02 09:29:25.960 T:3901322112 DEBUG: CVideoPlayer::ProcessVideoData size:14359 dts:584.626 pts:584.626 dur:41.000ms, clock:576.223 level:90
2019-12-02 09:29:25.961 T:3901322112 DEBUG: CVideoPlayer::ProcessVideoData size:14026 dts:584.667 pts:584.709 dur:41.000ms, clock:576.223 level:91
2019-12-02 09:29:25.999 T:3772773248 DEBUG: CVideoPlayerVideo::OutputPicture - ttd:105ms pts:576.367 Clock:576.261 Level:3
2019-12-02 09:29:26.037 T:3772773248 DEBUG: CVideoPlayerVideo::OutputPicture - ttd:109ms pts:576.409 Clock:576.299 Level:4
2019-12-02 09:29:26.043 T:3658863488 DEBUG: CecLogMessage - >> 01
2019-12-02 09:29:26.043 T:3658863488 DEBUG: CecLogMessage - << POLL: TV (0) -> Recorder 1 (1)
2019-12-02 09:29:26.063 T:3901322112 DEBUG: CVideoPlayer::ProcessVideoData size:66948 dts:584.709 pts:584.918 dur:41.000ms, clock:576.325 level:89
2019-12-02 09:29:26.064 T:3901322112 DEBUG: CVideoPlayer::ProcessVideoData size:23498 dts:584.751 pts:584.834 dur:41.000ms, clock:576.326 level:90
2019-12-02 09:29:26.065 T:3901322112 DEBUG: CVideoPlayer::ProcessVideoData size:13608 dts:584.793 pts:584.793 dur:41.000ms, clock:576.327 level:90
2019-12-02 09:29:26.065 T:3901322112 DEBUG: CVideoPlayer::ProcessVideoData size:12349 dts:584.834 pts:584.876 dur:41.000ms, clock:576.327 level:91
2019-12-02 09:29:26.081 T:3772773248 DEBUG: CVideoPlayerVideo::OutputPicture - ttd:107ms pts:576.451 Clock:576.343 Level:4
2019-12-02 09:29:26.120 T:3772773248 DEBUG: CVideoPlayerVideo::OutputPicture - ttd:110ms pts:576.493 Clock:576.382 Level:4
2019-12-02 09:29:26.165 T:3772773248 DEBUG: CVideoPlayerVideo::OutputPicture - ttd:107ms pts:576.534 Clock:576.427 Level:4
2019-12-02 09:29:26.207 T:3772773248 DEBUG: CVideoPlayerVideo::OutputPicture - ttd:107ms pts:576.576 Clock:576.469 Level:4
2019-12-02 09:29:26.246 T:3772773248 DEBUG: CVideoPlayerVideo::OutputPicture - ttd:109ms pts:576.618 Clock:576.508 Level:4
2019-12-02 09:29:26.292 T:3772773248 DEBUG: CVideoPlayerVideo::OutputPicture - ttd:105ms pts:576.659 Clock:576.554 Level:3
2019-12-02 09:29:26.299 T:3658863488 DEBUG: CecLogMessage - >> 01:44:0d
2019-12-02 09:29:26.299 T:3658863488 DEBUG: CecLogMessage - SetCurrentButton exit (d) D:0ms cur:d
2019-12-02 09:29:26.299 T:3658863488 DEBUG: CecLogMessage - key pressed: exit (d) current(ff) duration(0)
2019-12-02 09:29:26.299 T:3658863488 DEBUG: CecLogMessage - Changed key exit (d) D:0ms cur:ff
2019-12-02 09:29:26.299 T:3658863488 DEBUG: CecLogMessage - key pressed: exit (d, 0)
2019-12-02 09:29:26.299 T:3658863488 DEBUG: PushCecKeypress - received key d8 duration 0
2019-12-02 09:29:26.299 T:3658863488 DEBUG: CecLogMessage - CheckKeypressTimeout T:275.540
2019-12-02 09:29:26.299 T:3658863488 DEBUG: CecLogMessage - Key exit: idle (duration:0) (d) timeout:-621114232ms (rel:500,rep:0,prs:500,rel:0)
2019-12-02 09:29:26.299 T:3658863488 DEBUG: CecLogMessage - >> TV (0) -> Recorder 1 (1): user control pressed (44)
2019-12-02 09:29:26.310 T:3901322112 DEBUG: CVideoPlayer::ProcessVideoData size:68191 dts:584.876 pts:585.084 dur:41.000ms, clock:576.571 level:89
2019-12-02 09:29:26.310 T:3901322112 DEBUG: CVideoPlayer::ProcessVideoData size:24623 dts:584.918 pts:585.001 dur:41.000ms, clock:576.572 level:89
2019-12-02 09:29:26.310 T:3901322112 DEBUG: CVideoPlayer::ProcessVideoData size:13140 dts:584.959 pts:584.959 dur:41.000ms, clock:576.572 level:90
2019-12-02 09:29:26.311 T:3901322112 DEBUG: CVideoPlayer::ProcessVideoData size:14184 dts:585.001 pts:585.043 dur:41.000ms, clock:576.573 level:90
2019-12-02 09:29:26.330 T:4065601376 DEBUG: HandleKey: menu (0xd8) pressed, action is Back
2019-12-02 09:29:26.331 T:3772773248 DEBUG: CVideoPlayerVideo::OutputPicture - ttd:108ms pts:576.701 Clock:576.593 Level:4
2019-12-02 09:29:26.375 T:3772773248 DEBUG: CVideoPlayerVideo::OutputPicture - ttd:105ms pts:576.743 Clock:576.637 Level:3
2019-12-02 09:29:26.415 T:3772773248 DEBUG: CVideoPlayerVideo::OutputPicture - ttd:108ms pts:576.785 Clock:576.677 Level:4
2019-12-02 09:29:26.454 T:3772773248 DEBUG: CVideoPlayerVideo::OutputPicture - ttd:110ms pts:576.826 Clock:576.716 Level:4
2019-12-02 09:29:26.496 T:3772773248 DEBUG: CVideoPlayerVideo::OutputPicture - ttd:109ms pts:576.868 Clock:576.758 Level:4
2019-12-02 09:29:26.520 T:3658863488 DEBUG: CecLogMessage - >> 01:45
2019-12-02 09:29:26.520 T:3658863488 DEBUG: CecLogMessage - key released: exit (d) D:221ms
2019-12-02 09:29:26.520 T:3658863488 DEBUG: PushCecKeypress - received key d8 duration 221
2019-12-02 09:29:26.520 T:3658863488 DEBUG: CecLogMessage - >> TV (0) -> Recorder 1 (1): user control release (45)
2019-12-02 09:29:26.542 T:3772773248 DEBUG: CVideoPlayerVideo::OutputPicture - ttd:106ms pts:576.910 Clock:576.804 Level:3
2019-12-02 09:29:26.544 T:4065601376 DEBUG: ------ Window Deinit (DialogPlayerProcessInfo.xml) ------
2019-12-02 09:29:26.555 T:3901322112 DEBUG: CVideoPlayer::ProcessVideoData size:58321 dts:585.043 pts:585.251 dur:41.000ms, clock:576.817 level:88
2019-12-02 09:29:26.556 T:3901322112 DEBUG: CVideoPlayer::ProcessVideoData size:25222 dts:585.084 pts:585.168 dur:41.000ms, clock:576.817 level:88
2019-12-02 09:29:26.556 T:3901322112 DEBUG: CVideoPlayer::ProcessVideoData size:14176 dts:585.126 pts:585.126 dur:41.000ms, clock:576.818 level:89
2019-12-02 09:29:26.556 T:3901322112 DEBUG: CVideoPlayer::ProcessVideoData size:13615 dts:585.168 pts:585.210 dur:41.000ms, clock:576.818 level:89
2019-12-02 09:29:26.557 T:3901322112 DEBUG: CVideoPlayer::ProcessVideoData size:69236 dts:585.210 pts:585.418 dur:41.000ms, clock:576.819 level:90
2019-12-02 09:29:26.557 T:3901322112 DEBUG: CVideoPlayer::ProcessVideoData size:33146 dts:585.251 pts:585.335 dur:41.000ms, clock:576.819 level:90
2019-12-02 09:29:26.558 T:3901322112 DEBUG: CVideoPlayer::ProcessVideoData size:13687 dts:585.293 pts:585.293 dur:41.000ms, clock:576.820 level:91
2019-12-02 09:29:26.558 T:3901322112 DEBUG: CVideoPlayer::ProcessVideoData size:17594 dts:585.335 pts:585.376 dur:41.000ms, clock:576.820 level:91
2019-12-02 09:29:26.584 T:3772773248 DEBUG: CVideoPlayerVideo::OutputPicture - ttd:104ms pts:576.951 Clock:576.846 Level:3
2019-12-02 09:29:26.623 T:3772773248 DEBUG: CVideoPlayerVideo::OutputPicture - ttd:108ms pts:576.993 Clock:576.885 Level:4
2019-12-02 09:29:26.665 T:3772773248 DEBUG: CVideoPlayerVideo::OutputPicture - ttd:108ms pts:577.035 Clock:576.927 Level:4
2019-12-02 09:29:26.667 T:4065601376 DEBUG: ------ Window Deinit (DialogSeekBar.xml) ------
2019-12-02 09:29:26.704 T:3772773248 DEBUG: CVideoPlayerVideo::OutputPicture - ttd:109ms pts:577.076 Clock:576.966 Level:4
2019-12-02 09:29:26.708 T:4065601376 DEBUG: ------ Window Deinit (Custom_1109_TopBarOverlay.xml) ------
2019-12-02 09:29:26.750 T:3772773248 DEBUG: CVideoPlayerVideo::OutputPicture - ttd:106ms pts:577.118 Clock:577.011 Level:3
2019-12-02 09:29:26.787 T:3772773248 DEBUG: CVideoPlayerVideo::OutputPicture - ttd:110ms pts:577.160 Clock:577.049 Level:4
2019-12-02 09:29:26.812 T:3901322112 DEBUG: CVideoPlayer::ProcessVideoData size:56428 dts:585.376 pts:585.585 dur:41.000ms, clock:577.074 level:88
2019-12-02 09:29:26.812 T:3901322112 DEBUG: CVideoPlayer::ProcessVideoData size:29171 dts:585.418 pts:585.502 dur:41.000ms, clock:577.074 level:88
2019-12-02 09:29:26.813 T:3901322112 DEBUG: CVideoPlayer::ProcessVideoData size:15875 dts:585.460 pts:585.460 dur:41.000ms, clock:577.074 level:89
2019-12-02 09:29:26.813 T:3901322112 DEBUG: CVideoPlayer::ProcessVideoData size:13739 dts:585.502 pts:585.543 dur:41.000ms, clock:577.075 level:89
2019-12-02 09:29:26.830 T:3772773248 DEBUG: CVideoPlayerVideo::OutputPicture - ttd:110ms pts:577.202 Clock:577.091 Level:4
2019-12-02 09:29:26.875 T:3772773248 DEBUG: CVideoPlayerVideo::OutputPicture - ttd:106ms pts:577.243 Clock:577.137 Level:3
2019-12-02 09:29:26.914 T:3772773248 DEBUG: CVideoPlayerVideo::OutputPicture - ttd:109ms pts:577.285 Clock:577.176 Level:4
2019-12-02 09:29:26.958 T:3772773248 DEBUG: CVideoPlayerVideo::OutputPicture - ttd:106ms pts:577.327 Clock:577.220 Level:3
2019-12-02 09:29:27.001 T:3772773248 DEBUG: CVideoPlayerVideo::OutputPicture - ttd:105ms pts:577.368 Clock:577.262 Level:3
2019-12-02 09:29:27.039 T:3772773248 DEBUG: CVideoPlayerVideo::OutputPicture - ttd:108ms pts:577.410 Clock:577.301 Level:3
2019-12-02 09:29:27.057 T:3901322112 DEBUG: CVideoPlayer::ProcessVideoData size:57681 dts:585.543 pts:585.794 dur:41.000ms, clock:577.319 level:88
2019-12-02 09:29:27.058 T:3901322112 DEBUG: CVideoPlayer::ProcessVideoData size:19835 dts:585.585 pts:585.710 dur:41.000ms, clock:577.319 level:88
2019-12-02 09:29:27.058 T:3901322112 DEBUG: CVideoPlayer::ProcessVideoData size:18670 dts:585.627 pts:585.627 dur:41.000ms, clock:577.320 level:89
2019-12-02 09:29:27.058 T:3901322112 DEBUG: CVideoPlayer::ProcessVideoData size:14244 dts:585.668 pts:585.668 dur:41.000ms, clock:577.320 level:89
2019-12-02 09:29:27.059 T:3901322112 DEBUG: CVideoPlayer::ProcessVideoData size:14742 dts:585.710 pts:585.752 dur:41.000ms, clock:577.321 level:90
2019-12-02 09:29:27.080 T:3772773248 DEBUG: CVideoPlayerVideo::OutputPicture - ttd:110ms pts:577.452 Clock:577.341 Level:4
2019-12-02 09:29:27.125 T:3772773248 DEBUG: CVideoPlayerVideo::OutputPicture - ttd:107ms pts:577.494 Clock:577.387 Level:3
2019-12-02 09:29:27.167 T:3772773248 DEBUG: CVideoPlayerVideo::OutputPicture - ttd:106ms pts:577.535 Clock:577.429 Level:3
2019-12-02 09:29:27.206 T:3772773248 DEBUG: CVideoPlayerVideo::OutputPicture - ttd:108ms pts:577.577 Clock:577.468 Level:4
2019-12-02 09:29:27.252 T:3772773248 DEBUG: CVideoPlayerVideo::OutputPicture - ttd:105ms pts:577.619 Clock:577.513 Level:3
2019-12-02 09:29:27.294 T:3772773248 DEBUG: CVideoPlayerVideo::OutputPicture - ttd:104ms pts:577.660 Clock:577.555 Level:3
2019-12-02 09:29:27.313 T:3901322112 DEBUG: CVideoPlayer::ProcessVideoData size:59854 dts:585.752 pts:585.960 dur:41.000ms, clock:577.575 level:87
2019-12-02 09:29:27.314 T:3901322112 DEBUG: CVideoPlayer::ProcessVideoData size:26741 dts:585.794 pts:585.877 dur:41.000ms, clock:577.575 level:87
2019-12-02 09:29:27.314 T:3901322112 DEBUG: CVideoPlayer::ProcessVideoData size:15006 dts:585.835 pts:585.835 dur:41.000ms, clock:577.576 level:88
2019-12-02 09:29:27.315 T:3901322112 DEBUG: CVideoPlayer::ProcessVideoData size:14465 dts:585.877 pts:585.919 dur:41.000ms, clock:577.576 level:88
2019-12-02 09:29:27.315 T:3901322112 DEBUG: CVideoPlayer::ProcessVideoData size:65218 dts:585.919 pts:586.127 dur:41.000ms, clock:577.577 level:89
2019-12-02 09:29:27.316 T:3901322112 DEBUG: CVideoPlayer::ProcessVideoData size:25485 dts:585.960 pts:586.044 dur:41.000ms, clock:577.577 level:89
2019-12-02 09:29:27.316 T:3901322112 DEBUG: CVideoPlayer::ProcessVideoData size:14486 dts:586.002 pts:586.002 dur:41.000ms, clock:577.578 level:90
2019-12-02 09:29:27.316 T:3901322112 DEBUG: CVideoPlayer::ProcessVideoData size:14444 dts:586.044 pts:586.085 dur:41.000ms, clock:577.578 level:90
2019-12-02 09:29:27.331 T:3772773248 DEBUG: CVideoPlayerVideo::OutputPicture - ttd:109ms pts:577.702 Clock:577.592 Level:4
2019-12-02 09:29:27.376 T:3772773248 DEBUG: CVideoPlayerVideo::OutputPicture - ttd:106ms pts:577.744 Clock:577.638 Level:3
2019-12-02 09:29:27.413 T:3772773248 DEBUG: CVideoPlayerVideo::OutputPicture - ttd:111ms pts:577.786 Clock:577.675 Level:4
2019-12-02 09:29:27.459 T:3772773248 DEBUG: CVideoPlayerVideo::OutputPicture - ttd:106ms pts:577.827 Clock:577.720 Level:3
2019-12-02 09:29:27.496 T:3772773248 DEBUG: CVideoPlayerVideo::OutputPicture - ttd:110ms pts:577.869 Clock:577.758 Level:4
2019-12-02 09:29:27.541 T:3772773248 DEBUG: CVideoPlayerVideo::OutputPicture - ttd:108ms pts:577.911 Clock:577.802 Level:3
2019-12-02 09:29:27.583 T:3772773248 DEBUG: CVideoPlayerVideo::OutputPicture - ttd:107ms pts:577.952 Clock:577.844 Level:3
2019-12-02 09:29:27.611 T:3901322112 DEBUG: CVideoPlayer::ProcessVideoData size:58224 dts:586.085 pts:586.294 dur:41.000ms, clock:577.873 level:87
2019-12-02 09:29:27.612 T:3901322112 DEBUG: CVideoPlayer::ProcessVideoData size:24970 dts:586.127 pts:586.211 dur:41.000ms, clock:577.873 level:88
2019-12-02 09:29:27.612 T:3901322112 DEBUG: CVideoPlayer::ProcessVideoData size:13452 dts:586.169 pts:586.169 dur:41.000ms, clock:577.874 level:88
2019-12-02 09:29:27.612 T:3901322112 DEBUG: CVideoPlayer::ProcessVideoData size:19244 dts:586.211 pts:586.252 dur:41.000ms, clock:577.874 level:89
2019-12-02 09:29:27.613 T:3901322112 DEBUG: CVideoPlayer::ProcessVideoData size:57551 dts:586.252 pts:586.461 dur:41.000ms, clock:577.874 level:89
2019-12-02 09:29:27.613 T:3901322112 DEBUG: CVideoPlayer::ProcessVideoData size:26732 dts:586.294 pts:586.377 dur:41.000ms, clock:577.875 level:90
2019-12-02 09:29:27.614 T:3901322112 DEBUG: CVideoPlayer::ProcessVideoData size:13058 dts:586.336 pts:586.336 dur:41.000ms, clock:577.875 level:90
2019-12-02 09:29:27.614 T:3901322112 DEBUG: CVideoPlayer::ProcessVideoData size:12684 dts:586.377 pts:586.419 dur:41.000ms, clock:577.876 level:91
2019-12-02 09:29:27.622 T:3772773248 DEBUG: CVideoPlayerVideo::OutputPicture - ttd:110ms pts:577.994 Clock:577.884 Level:4
2019-12-02 09:29:27.667 T:3772773248 DEBUG: CVideoPlayerVideo::OutputPicture - ttd:107ms pts:578.036 Clock:577.929 Level:3
2019-12-02 09:29:27.708 T:3772773248 DEBUG: CVideoPlayerVideo::OutputPicture - ttd:107ms pts:578.077 Clock:577.970 Level:3
2019-12-02 09:29:27.747 T:3772773248 DEBUG: CVideoPlayerVideo::OutputPicture - ttd:110ms pts:578.119 Clock:578.009 Level:4
2019-12-02 09:29:27.793 T:3772773248 DEBUG: CVideoPlayerVideo::OutputPicture - ttd:106ms pts:578.161 Clock:578.054 Level:3
2019-12-02 09:29:27.832 T:3772773248 DEBUG: CVideoPlayerVideo::OutputPicture - ttd:109ms pts:578.203 Clock:578.093 Level:3
2019-12-02 09:29:27.859 T:3901322112 DEBUG: CVideoPlayer::ProcessVideoData size:62023 dts:586.419 pts:586.628 dur:41.000ms, clock:578.120 level:87
2019-12-02 09:29:27.859 T:3901322112 DEBUG: CVideoPlayer::ProcessVideoData size:23528 dts:586.461 pts:586.544 dur:41.000ms, clock:578.121 level:88
2019-12-02 09:29:27.859 T:3901322112 DEBUG: CVideoPlayer::ProcessVideoData size:19741 dts:586.503 pts:586.503 dur:41.000ms, clock:578.121 level:88
2019-12-02 09:29:27.860 T:3901322112 DEBUG: CVideoPlayer::ProcessVideoData size:12412 dts:586.544 pts:586.586 dur:41.000ms, clock:578.121 level:89
2019-12-02 09:29:27.875 T:3772773248 DEBUG: CVideoPlayerVideo::OutputPicture - ttd:107ms pts:578.244 Clock:578.137 Level:3
2019-12-02 09:29:27.914 T:3772773248 DEBUG: CVideoPlayerVideo::OutputPicture - ttd:110ms pts:578.286 Clock:578.176 Level:4
2019-12-02 09:29:27.960 T:3772773248 DEBUG: CVideoPlayerVideo::OutputPicture - ttd:106ms pts:578.328 Clock:578.221 Level:3
2019-12-02 09:29:27.999 T:3772773248 DEBUG: CVideoPlayerVideo::OutputPicture - ttd:108ms pts:578.369 Clock:578.260 Level:4
2019-12-02 09:29:28.039 T:3772773248 DEBUG: CVideoPlayerVideo::OutputPicture - ttd:110ms pts:578.411 Clock:578.301 Level:4
2019-12-02 09:29:28.085 T:3772773248 DEBUG: CVideoPlayerVideo::OutputPicture - ttd:106ms pts:578.453 Clock:578.346 Level:3
2019-12-02 09:29:28.104 T:3901322112 DEBUG: CVideoPlayer::ProcessVideoData size:54437 dts:586.586 pts:586.795 dur:41.000ms, clock:578.366 level:87
2019-12-02 09:29:28.105 T:3901322112 DEBUG: CVideoPlayer::ProcessVideoData size:21986 dts:586.628 pts:586.711 dur:41.000ms, clock:578.366 level:87
2019-12-02 09:29:28.105 T:3901322112 DEBUG: CVideoPlayer::ProcessVideoData size:12218 dts:586.669 pts:586.669 dur:41.000ms, clock:578.366 level:88
2019-12-02 09:29:28.105 T:3901322112 DEBUG: CVideoPlayer::ProcessVideoData size:12867 dts:586.711 pts:586.753 dur:41.000ms, clock:578.367 level:88
2019-12-02 09:29:28.106 T:3901322112 DEBUG: CVideoPlayer::ProcessVideoData size:57117 dts:586.753 pts:586.961 dur:41.000ms, clock:578.367 level:89
2019-12-02 09:29:28.107 T:3901322112 DEBUG: CVideoPlayer::ProcessVideoData size:22340 dts:586.795 pts:586.878 dur:41.000ms, clock:578.368 level:89
2019-12-02 09:29:28.107 T:3901322112 DEBUG: CVideoPlayer::ProcessVideoData size:13550 dts:586.836 pts:586.836 dur:41.000ms, clock:578.369 level:90
2019-12-02 09:29:28.108 T:3901322112 DEBUG: CVideoPlayer::ProcessVideoData size:25397 dts:586.878 pts:586.920 dur:41.000ms, clock:578.369 level:90
2019-12-02 09:29:28.128 T:3772773248 DEBUG: CVideoPlayerVideo::OutputPicture - ttd:105ms pts:578.495 Clock:578.389 Level:3
2019-12-02 09:29:28.167 T:3772773248 DEBUG: CVideoPlayerVideo::OutputPicture - ttd:107ms pts:578.536 Clock:578.429 Level:3
2019-12-02 09:29:28.206 T:3772773248 DEBUG: CVideoPlayerVideo::OutputPicture - ttd:110ms pts:578.578 Clock:578.468 Level:4
2019-12-02 09:29:28.253 T:3772773248 DEBUG: CVideoPlayerVideo::OutputPicture - ttd:105ms pts:578.620 Clock:578.514 Level:3
2019-12-02 09:29:28.292 T:3772773248 DEBUG: CVideoPlayerVideo::OutputPicture - ttd:107ms pts:578.661 Clock:578.553 Level:3
2019-12-02 09:29:28.331 T:3772773248 DEBUG: CVideoPlayerVideo::OutputPicture - ttd:110ms pts:578.703 Clock:578.592 Level:4
2019-12-02 09:29:28.362 T:3901322112 DEBUG: CVideoPlayer::ProcessVideoData size:64238 dts:586.920 pts:587.170 dur:41.000ms, clock:578.623 level:88
2019-12-02 09:29:28.363 T:3901322112 DEBUG: CVideoPlayer::ProcessVideoData size:32444 dts:586.961 pts:587.086 dur:41.000ms, clock:578.624 level:89
2019-12-02 09:29:28.363 T:3901322112 DEBUG: CVideoPlayer::ProcessVideoData size:14479 dts:587.003 pts:587.003 dur:41.000ms, clock:578.624 level:89
2019-12-02 09:29:28.363 T:3901322112 DEBUG: CVideoPlayer::ProcessVideoData size:15218 dts:587.045 pts:587.045 dur:41.000ms, clock:578.625 level:90
2019-12-02 09:29:28.364 T:3901322112 DEBUG: CVideoPlayer::ProcessVideoData size:14168 dts:587.086 pts:587.128 dur:41.000ms, clock:578.625 level:90
2019-12-02 09:29:28.378 T:3772773248 DEBUG: CVideoPlayerVideo::OutputPicture - ttd:105ms pts:578.745 Clock:578.639 Level:3
2019-12-02 09:29:28.417 T:3772773248 DEBUG: CVideoPlayerVideo::OutputPicture - ttd:108ms pts:578.787 Clock:578.678 Level:3
2019-12-02 09:29:28.457 T:3772773248 DEBUG: CVideoPlayerVideo::OutputPicture - ttd:109ms pts:578.828 Clock:578.719 Level:4
2019-12-02 09:29:28.500 T:3772773248 DEBUG: CVideoPlayerVideo::OutputPicture - ttd:109ms pts:578.870 Clock:578.761 Level:4
2019-12-02 09:29:28.545 T:3772773248 DEBUG: CVideoPlayerVideo::OutputPicture - ttd:105ms pts:578.912 Clock:578.806 Level:3
2019-12-02 09:29:28.584 T:3772773248 DEBUG: CVideoPlayerVideo::OutputPicture - ttd:107ms pts:578.953 Clock:578.845 Level:3
2019-12-02 09:29:28.608 T:3901322112 DEBUG: CVideoPlayer::ProcessVideoData size:58346 dts:587.128 pts:587.337 dur:41.000ms, clock:578.869 level:88
2019-12-02 09:29:28.609 T:3901322112 DEBUG: CVideoPlayer::ProcessVideoData size:21436 dts:587.170 pts:587.253 dur:41.000ms, clock:578.870 level:89
2019-12-02 09:29:28.609 T:3901322112 DEBUG: CVideoPlayer::ProcessVideoData size:12885 dts:587.212 pts:587.212 dur:41.000ms, clock:578.870 level:89
2019-12-02 09:29:28.609 T:3901322112 DEBUG: CVideoPlayer::ProcessVideoData size:12748 dts:587.253 pts:587.295 dur:41.000ms, clock:578.870 level:90
2019-12-02 09:29:28.623 T:3772773248 DEBUG: CVideoPlayerVideo::OutputPicture - ttd:110ms pts:578.995 Clock:578.884 Level:4
2019-12-02 09:29:28.664 T:3772773248 DEBUG: CVideoPlayerVideo::OutputPicture - ttd:111ms pts:579.037 Clock:578.926 Level:4
2019-12-02 09:29:28.710 T:3772773248 DEBUG: CVideoPlayerVideo::OutputPicture - ttd:106ms pts:579.078 Clock:578.971 Level:3
2019-12-02 09:29:28.749 T:3772773248 DEBUG: CVideoPlayerVideo::OutputPicture - ttd:109ms pts:579.120 Clock:579.010 Level:4
2019-12-02 09:29:28.795 T:3772773248 DEBUG: CVideoPlayerVideo::OutputPicture - ttd:106ms pts:579.162 Clock:579.056 Level:3
2019-12-02 09:29:28.836 T:3772773248 DEBUG: CVideoPlayerVideo::OutputPicture - ttd:107ms pts:579.204 Clock:579.097 Level:3
2019-12-02 09:29:28.864 T:3901322112 DEBUG: CVideoPlayer::ProcessVideoData size:59657 dts:587.295 pts:587.504 dur:41.000ms, clock:579.125 level:86
2019-12-02 09:29:28.864 T:3901322112 DEBUG: CVideoPlayer::ProcessVideoData size:21030 dts:587.337 pts:587.420 dur:41.000ms, clock:579.125 level:87
2019-12-02 09:29:28.864 T:3901322112 DEBUG: CVideoPlayer::ProcessVideoData size:12173 dts:587.378 pts:587.378 dur:41.000ms, clock:579.126 level:87
2019-12-02 09:29:28.865 T:3901322112 DEBUG: CVideoPlayer::ProcessVideoData size:12507 dts:587.420 pts:587.462 dur:41.000ms, clock:579.126 level:88
2019-12-02 09:29:28.865 T:3901322112 DEBUG: CVideoPlayer::ProcessVideoData size:63553 dts:587.462 pts:587.712 dur:41.000ms, clock:579.126 level:88
2019-12-02 09:29:28.866 T:3901322112 DEBUG: CVideoPlayer::ProcessVideoData size:21663 dts:587.504 pts:587.629 dur:41.000ms, clock:579.127 level:89
2019-12-02 09:29:28.866 T:3901322112 DEBUG: CVideoPlayer::ProcessVideoData size:15465 dts:587.545 pts:587.545 dur:41.000ms, clock:579.127 level:89
2019-12-02 09:29:28.866 T:3901322112 DEBUG: CVideoPlayer::ProcessVideoData size:16127 dts:587.587 pts:587.587 dur:41.000ms, clock:579.127 level:90
2019-12-02 09:29:28.867 T:3901322112 DEBUG: CVideoPlayer::ProcessVideoData size:19203 dts:587.629 pts:587.670 dur:41.000ms, clock:579.128 level:90
2019-12-02 09:29:28.875 T:3772773248 DEBUG: CVideoPlayerVideo::OutputPicture - ttd:108ms pts:579.245 Clock:579.136 Level:4
2019-12-02 09:29:28.920 T:3772773248 DEBUG: CVideoPlayerVideo::OutputPicture - ttd:105ms pts:579.287 Clock:579.181 Level:3
2019-12-02 09:29:28.959 T:3772773248 DEBUG: CVideoPlayerVideo::OutputPicture - ttd:108ms pts:579.329 Clock:579.220 Level:4
2019-12-02 09:29:29.004 T:3772773248 DEBUG: CVideoPlayerVideo::OutputPicture - ttd:105ms pts:579.370 Clock:579.265 Level:3
2019-12-02 09:29:29.042 T:3772773248 DEBUG: CVideoPlayerVideo::OutputPicture - ttd:109ms pts:579.412 Clock:579.303 Level:3
2019-12-02 09:29:29.086 T:3772773248 DEBUG: CVideoPlayerVideo::OutputPicture - ttd:106ms pts:579.454 Clock:579.347 Level:3
2019-12-02 09:29:29.111 T:3901322112 DEBUG: CVideoPlayer::ProcessVideoData size:54878 dts:587.670 pts:587.879 dur:41.000ms, clock:579.372 level:89
2019-12-02 09:29:29.112 T:3901322112 DEBUG: CVideoPlayer::ProcessVideoData size:25180 dts:587.712 pts:587.796 dur:41.000ms, clock:579.373 level:89
2019-12-02 09:29:29.112 T:3901322112 DEBUG: CVideoPlayer::ProcessVideoData size:13700 dts:587.754 pts:587.754 dur:41.000ms, clock:579.373 level:90
2019-12-02 09:29:29.112 T:3901322112 DEBUG: CVideoPlayer::ProcessVideoData size:15267 dts:587.796 pts:587.837 dur:41.000ms, clock:579.374 level:90
2019-12-02 09:29:29.126 T:3772773248 DEBUG: CVideoPlayerVideo::OutputPicture - ttd:108ms pts:579.496 Clock:579.388 Level:3
2019-12-02 09:29:29.170 T:3772773248 DEBUG: CVideoPlayerVideo::OutputPicture - ttd:105ms pts:579.537 Clock:579.432 Level:3
2019-12-02 09:29:29.208 T:3772773248 DEBUG: CVideoPlayerVideo::OutputPicture - ttd:109ms pts:579.579 Clock:579.469 Level:4
2019-12-02 09:29:29.248 T:3772773248 DEBUG: CVideoPlayerVideo::OutputPicture - ttd:111ms pts:579.621 Clock:579.510 Level:4
2019-12-02 09:29:29.293 T:3772773248 DEBUG: CVideoPlayerVideo::OutputPicture - ttd:107ms pts:579.662 Clock:579.555 Level:3
2019-12-02 09:29:29.338 T:3772773248 DEBUG: CVideoPlayerVideo::OutputPicture - ttd:105ms pts:579.704 Clock:579.599 Level:3
2019-12-02 09:29:29.357 T:3901322112 DEBUG: CVideoPlayer::ProcessVideoData size:68595 dts:587.837 pts:588.004 dur:41.000ms, clock:579.618 level:88
2019-12-02 09:29:29.357 T:3901322112 DEBUG: CVideoPlayer::ProcessVideoData size:31570 dts:587.879 pts:587.962 dur:41.000ms, clock:579.618 level:88
2019-12-02 09:29:29.358 T:3901322112 DEBUG: CVideoPlayer::ProcessVideoData size:21850 dts:587.921 pts:587.921 dur:41.000ms, clock:579.619 level:89
2019-12-02 09:29:29.358 T:3901322112 DEBUG: CVideoPlayer::ProcessVideoData size:75412 dts:587.962 pts:588.213 dur:41.000ms, clock:579.619 level:89
2019-12-02 09:29:29.359 T:3901322112 DEBUG: CVideoPlayer::ProcessVideoData size:28645 dts:588.004 pts:588.129 dur:41.000ms, clock:579.620 level:90
2019-12-02 09:29:29.359 T:3901322112 DEBUG: CVideoPlayer::ProcessVideoData size:25659 dts:588.046 pts:588.046 dur:41.000ms, clock:579.620 level:90
2019-12-02 09:29:29.359 T:3901322112 DEBUG: CVideoPlayer::ProcessVideoData size:20368 dts:588.087 pts:588.087 dur:41.000ms, clock:579.621 level:91
2019-12-02 09:29:29.360 T:3901322112 DEBUG: CVideoPlayer::ProcessVideoData size:22890 dts:588.129 pts:588.171 dur:41.000ms, clock:579.621 level:91
2019-12-02 09:29:29.376 T:3772773248 DEBUG: CVideoPlayerVideo::OutputPicture - ttd:109ms pts:579.746 Clock:579.637 Level:3
2019-12-02 09:29:29.420 T:3772773248 DEBUG: CVideoPlayerVideo::OutputPicture - ttd:106ms pts:579.788 Clock:579.681 Level:3
2019-12-02 09:29:29.460 T:3772773248 DEBUG: CVideoPlayerVideo::OutputPicture - ttd:107ms pts:579.829 Clock:579.721 Level:3
2019-12-02 09:29:29.505 T:3772773248 DEBUG: CVideoPlayerVideo::OutputPicture - ttd:105ms pts:579.871 Clock:579.766 Level:3
2019-12-02 09:29:29.543 T:3772773248 DEBUG: CVideoPlayerVideo::OutputPicture - ttd:109ms pts:579.913 Clock:579.804 Level:4
2019-12-02 09:29:29.587 T:3772773248 DEBUG: CVideoPlayerVideo::OutputPicture - ttd:105ms pts:579.954 Clock:579.848 Level:3
2019-12-02 09:29:29.615 T:3901322112 DEBUG: CVideoPlayer::ProcessVideoData size:73420 dts:588.171 pts:588.338 dur:41.000ms, clock:579.876 level:89
2019-12-02 09:29:29.615 T:3901322112 DEBUG: CVideoPlayer::ProcessVideoData size:30755 dts:588.213 pts:588.296 dur:41.000ms, clock:579.876 level:89
2019-12-02 09:29:29.615 T:3901322112 DEBUG: CVideoPlayer::ProcessVideoData size:20472 dts:588.254 pts:588.254 dur:41.000ms, clock:579.876 level:90
2019-12-02 09:29:29.616 T:3901322112 DEBUG: CVideoPlayer::ProcessVideoData size:75252 dts:588.296 pts:588.505 dur:41.000ms, clock:579.877 level:90
2019-12-02 09:29:29.616 T:3901322112 DEBUG: CVideoPlayer::ProcessVideoData size:33849 dts:588.338 pts:588.421 dur:41.000ms, clock:579.877 level:91
2019-12-02 09:29:29.617 T:3901322112 DEBUG: CVideoPlayer::ProcessVideoData size:24233 dts:588.379 pts:588.379 dur:41.000ms, clock:579.878 level:91
2019-12-02 09:29:29.617 T:3901322112 DEBUG: CVideoPlayer::ProcessVideoData size:20645 dts:588.421 pts:588.463 dur:41.000ms, clock:579.878 level:92
2019-12-02 09:29:29.627 T:3772773248 DEBUG: CVideoPlayerVideo::OutputPicture - ttd:107ms pts:579.996 Clock:579.888 Level:3
2019-12-02 09:29:29.672 T:3772773248 DEBUG: CVideoPlayerVideo::OutputPicture - ttd:105ms pts:580.038 Clock:579.933 Level:3
2019-12-02 09:29:29.710 T:3772773248 DEBUG: CVideoPlayerVideo::OutputPicture - ttd:108ms pts:580.079 Clock:579.971 Level:4
2019-12-02 09:29:29.754 T:3772773248 DEBUG: CVideoPlayerVideo::OutputPicture - ttd:106ms pts:580.121 Clock:580.015 Level:3
2019-12-02 09:29:29.793 T:3772773248 DEBUG: CVideoPlayerVideo::OutputPicture - ttd:109ms pts:580.163 Clock:580.054 Level:4
2019-12-02 09:29:29.838 T:3772773248 DEBUG: CVideoPlayerVideo::OutputPicture - ttd:105ms pts:580.205 Clock:580.099 Level:3
2019-12-02 09:29:29.878 T:3772773248 DEBUG: CVideoPlayerVideo::OutputPicture - ttd:106ms pts:580.246 Clock:580.139 Level:3
2019-12-02 09:29:29.912 T:3901322112 DEBUG: CVideoPlayer::ProcessVideoData size:61357 dts:588.463 pts:588.630 dur:41.000ms, clock:580.173 level:87
2019-12-02 09:29:29.913 T:3901322112 DEBUG: CVideoPlayer::ProcessVideoData size:34956 dts:588.505 pts:588.588 dur:41.000ms, clock:580.174 level:88
2019-12-02 09:29:29.913 T:3901322112 DEBUG: CVideoPlayer::ProcessVideoData size:22865 dts:588.546 pts:588.546 dur:41.000ms, clock:580.174 level:88
2019-12-02 09:29:29.914 T:3901322112 DEBUG: CVideoPlayer::ProcessVideoData size:59729 dts:588.588 pts:588.797 dur:41.000ms, clock:580.175 level:89
2019-12-02 09:29:29.915 T:3901322112 DEBUG: CVideoPlayer::ProcessVideoData size:34339 dts:588.630 pts:588.713 dur:41.000ms, clock:580.176 level:89
2019-12-02 09:29:29.915 T:3901322112 DEBUG: CVideoPlayer::ProcessVideoData size:20698 dts:588.671 pts:588.671 dur:41.000ms, clock:580.176 level:90
2019-12-02 09:29:29.916 T:3901322112 DEBUG: CVideoPlayer::ProcessVideoData size:20797 dts:588.713 pts:588.755 dur:41.000ms, clock:580.176 level:90
2019-12-02 09:29:29.917 T:3772773248 DEBUG: CVideoPlayerVideo::OutputPicture - ttd:109ms pts:580.288 Clock:580.178 Level:4
2019-12-02 09:29:29.963 T:3772773248 DEBUG: CVideoPlayerVideo::OutputPicture - ttd:106ms pts:580.330 Clock:580.223 Level:3
2019-12-02 09:29:30.002 T:3772773248 DEBUG: CVideoPlayerVideo::OutputPicture - ttd:108ms pts:580.371 Clock:580.263 Level:4
2019-12-02 09:29:30.047 T:3772773248 DEBUG: CVideoPlayerVideo::OutputPicture - ttd:105ms pts:580.413 Clock:580.308 Level:3
2019-12-02 09:29:30.089 T:3772773248 DEBUG: CVideoPlayerVideo::OutputPicture - ttd:105ms pts:580.455 Clock:580.350 Level:3
2019-12-02 09:29:30.128 T:3772773248 DEBUG: CVideoPlayerVideo::OutputPicture - ttd:108ms pts:580.497 Clock:580.389 Level:3
2019-12-02 09:29:30.160 T:3901322112 DEBUG: CVideoPlayer::ProcessVideoData size:58403 dts:588.755 pts:588.963 dur:41.000ms, clock:580.420 level:89
2019-12-02 09:29:30.160 T:3901322112 DEBUG: CVideoPlayer::ProcessVideoData size:33241 dts:588.797 pts:588.880 dur:41.000ms, clock:580.421 level:90
2019-12-02 09:29:30.160 T:3901322112 DEBUG: CVideoPlayer::ProcessVideoData size:24661 dts:588.838 pts:588.838 dur:41.000ms, clock:580.421 level:90
2019-12-02 09:29:30.160 T:3901322112 DEBUG: CVideoPlayer::ProcessVideoData size:20669 dts:588.880 pts:588.922 dur:41.000ms, clock:580.421 level:91
2019-12-02 09:29:30.168 T:3772773248 DEBUG: CVideoPlayerVideo::OutputPicture - ttd:109ms pts:580.538 Clock:580.428 Level:3
2019-12-02 09:29:30.210 T:3772773248 DEBUG: CVideoPlayerVideo::OutputPicture - ttd:109ms pts:580.580 Clock:580.471 Level:3
2019-12-02 09:29:30.255 T:3772773248 DEBUG: CVideoPlayerVideo::OutputPicture - ttd:106ms pts:580.622 Clock:580.516 Level:3
2019-12-02 09:29:30.293 T:3772773248 DEBUG: CVideoPlayerVideo::OutputPicture - ttd:109ms pts:580.663 Clock:580.554 Level:4
2019-12-02 09:29:30.337 T:3772773248 DEBUG: CVideoPlayerVideo::OutputPicture - ttd:106ms pts:580.705 Clock:580.598 Level:3
2019-12-02 09:29:30.375 T:3772773248 DEBUG: CVideoPlayerVideo::OutputPicture - ttd:110ms pts:580.747 Clock:580.636 Level:4
2019-12-02 09:29:30.415 T:3901322112 DEBUG: CVideoPlayer::ProcessVideoData size:63065 dts:588.922 pts:589.130 dur:41.000ms, clock:580.675 level:88
2019-12-02 09:29:30.415 T:3901322112 DEBUG: CVideoPlayer::ProcessVideoData size:35220 dts:588.963 pts:589.047 dur:41.000ms, clock:580.676 level:88
2019-12-02 09:29:30.415 T:3901322112 DEBUG: CVideoPlayer::ProcessVideoData size:26150 dts:589.005 pts:589.005 dur:41.000ms, clock:580.676 level:89
2019-12-02 09:29:30.416 T:3901322112 DEBUG: CVideoPlayer::ProcessVideoData size:23741 dts:589.047 pts:589.088 dur:41.000ms, clock:580.677 level:89
2019-12-02 09:29:30.420 T:3772773248 DEBUG: CVideoPlayerVideo::OutputPicture - ttd:108ms pts:580.789 Clock:580.681 Level:3
2019-12-02 09:29:30.459 T:3772773248 DEBUG: CVideoPlayerVideo::OutputPicture - ttd:110ms pts:580.830 Clock:580.720 Level:4
2019-12-02 09:29:30.503 T:3772773248 DEBUG: CVideoPlayerVideo::OutputPicture - ttd:108ms pts:580.872 Clock:580.764 Level:3
2019-12-02 09:29:30.546 T:3772773248 DEBUG: CVideoPlayerVideo::OutputPicture - ttd:107ms pts:580.914 Clock:580.807 Level:3
2019-12-02 09:29:30.585 T:3772773248 DEBUG: CVideoPlayerVideo::OutputPicture - ttd:109ms pts:580.955 Clock:580.846 Level:4
2019-12-02 09:29:30.631 T:3772773248 DEBUG: CVideoPlayerVideo::OutputPicture - ttd:105ms pts:580.997 Clock:580.891 Level:3
2019-12-02 09:29:30.673 T:3772773248 DEBUG: CVideoPlayerVideo::OutputPicture - ttd:105ms pts:581.039 Clock:580.934 Level:3
2019-12-02 09:29:30.711 T:3901322112 DEBUG: CVideoPlayer::ProcessVideoData size:60215 dts:589.088 pts:589.339 dur:41.000ms, clock:580.971 level:85
2019-12-02 09:29:30.711 T:3901322112 DEBUG: CVideoPlayer::ProcessVideoData size:35031 dts:589.130 pts:589.255 dur:41.000ms, clock:580.972 level:85
2019-12-02 09:29:30.712 T:3901322112 DEBUG: CVideoPlayer::ProcessVideoData size:25801 dts:589.172 pts:589.172 dur:41.000ms, clock:580.973 level:86
2019-12-02 09:29:30.713 T:3901322112 DEBUG: CVideoPlayer::ProcessVideoData size:27303 dts:589.214 pts:589.214 dur:41.000ms, clock:580.973 level:87
2019-12-02 09:29:30.713 T:3901322112 DEBUG: CVideoPlayer::ProcessVideoData size:29043 dts:589.255 pts:589.297 dur:41.000ms, clock:580.974 level:87
2019-12-02 09:29:30.714 T:3901322112 DEBUG: CVideoPlayer::ProcessVideoData size:46732 dts:589.297 pts:589.506 dur:41.000ms, clock:580.974 level:88
2019-12-02 09:29:30.714 T:3901322112 DEBUG: CVideoPlayer::ProcessVideoData size:37217 dts:589.339 pts:589.422 dur:41.000ms, clock:580.975 level:88
2019-12-02 09:29:30.715 T:3901322112 DEBUG: CVideoPlayer::ProcessVideoData size:26781 dts:589.380 pts:589.380 dur:41.000ms, clock:580.975 level:89
2019-12-02 09:29:30.715 T:3901322112 DEBUG: CVideoPlayer::ProcessVideoData size:29997 dts:589.422 pts:589.464 dur:41.000ms, clock:580.976 level:89
2019-12-02 09:29:30.717 T:3772773248 DEBUG: CVideoPlayerVideo::OutputPicture - ttd:102ms pts:581.080 Clock:580.977 Level:3
2019-12-02 09:29:30.756 T:3772773248 DEBUG: CVideoPlayerVideo::OutputPicture - ttd:105ms pts:581.122 Clock:581.016 Level:3
2019-12-02 09:29:30.795 T:3772773248 DEBUG: CVideoPlayerVideo::OutputPicture - ttd:108ms pts:581.164 Clock:581.055 Level:3
2019-12-02 09:29:30.808 T:3901322112 DEBUG: CVideoPlayer::ProcessVideoData size:86301 dts:589.464 pts:589.672 dur:41.000ms, clock:581.069 level:90
2019-12-02 09:29:30.809 T:3901322112 DEBUG: CVideoPlayer::ProcessVideoData size:37780 dts:589.506 pts:589.589 dur:41.000ms, clock:581.069 level:90
2019-12-02 09:29:30.809 T:3901322112 DEBUG: CVideoPlayer::ProcessVideoData size:30213 dts:589.547 pts:589.547 dur:41.000ms, clock:581.070 level:91
2019-12-02 09:29:30.810 T:3901322112 DEBUG: CVideoPlayer::ProcessVideoData size:27704 dts:589.589 pts:589.631 dur:41.000ms, clock:581.070 level:91
2019-12-02 09:29:30.836 T:3772773248 DEBUG: CVideoPlayerVideo::OutputPicture - ttd:109ms pts:581.206 Clock:581.097 Level:4
2019-12-02 09:29:30.879 T:3772773248 DEBUG: CVideoPlayerVideo::OutputPicture - ttd:107ms pts:581.247 Clock:581.139 Level:4
2019-12-02 09:29:30.918 T:3772773248 DEBUG: CVideoPlayerVideo::OutputPicture - ttd:110ms pts:581.289 Clock:581.178 Level:4
2019-12-02 09:29:30.963 T:3772773248 DEBUG: CVideoPlayerVideo::OutputPicture - ttd:107ms pts:581.331 Clock:581.224 Level:3
2019-12-02 09:29:31.001 T:3772773248 DEBUG: CVideoPlayerVideo::OutputPicture - ttd:110ms pts:581.372 Clock:581.262 Level:4
2019-12-02 09:29:31.048 T:3772773248 DEBUG: CVideoPlayerVideo::OutputPicture - ttd:105ms pts:581.414 Clock:581.308 Level:3
2019-12-02 09:29:31.064 T:3901322112 DEBUG: CVideoPlayer::ProcessVideoData size:43762 dts:589.631 pts:589.714 dur:41.000ms, clock:581.325 level:88
2019-12-02 09:29:31.065 T:3901322112 DEBUG: CVideoPlayer::ProcessVideoData size:43580 dts:589.672 pts:589.923 dur:41.000ms, clock:581.325 level:89
2019-12-02 09:29:31.065 T:3901322112 DEBUG: CVideoPlayer::ProcessVideoData size:33739 dts:589.714 pts:589.839 dur:41.000ms, clock:581.326 level:89
2019-12-02 09:29:31.066 T:3901322112 DEBUG: CVideoPlayer::ProcessVideoData size:27439 dts:589.756 pts:589.756 dur:41.000ms, clock:581.326 level:89
2019-12-02 09:29:31.066 T:3901322112 DEBUG: CVideoPlayer::ProcessVideoData size:25124 dts:589.798 pts:589.798 dur:41.000ms, clock:581.327 level:90
2019-12-02 09:29:31.067 T:3901322112 DEBUG: CVideoPlayer::ProcessVideoData size:26401 dts:589.839 pts:589.881 dur:41.000ms, clock:581.327 level:90
2019-12-02 09:29:31.090 T:3772773248 DEBUG: CVideoPlayerVideo::OutputPicture - ttd:105ms pts:581.456 Clock:581.351 Level:3
2019-12-02 09:29:31.130 T:3772773248 DEBUG: CVideoPlayerVideo::OutputPicture - ttd:107ms pts:581.498 Clock:581.390 Level:3
2019-12-02 09:29:31.169 T:3772773248 DEBUG: CVideoPlayerVideo::OutputPicture - ttd:109ms pts:581.539 Clock:581.429 Level:4
2019-12-02 09:29:31.215 T:3772773248 DEBUG: CVideoPlayerVideo::OutputPicture - ttd:105ms pts:581.581 Clock:581.476 Level:3
2019-12-02 09:29:31.252 T:3772773248 DEBUG: CVideoPlayerVideo::OutputPicture - ttd:110ms pts:581.623 Clock:581.512 Level:4
2019-12-02 09:29:31.297 T:3772773248 DEBUG: CVideoPlayerVideo::OutputPicture - ttd:106ms pts:581.664 Clock:581.558 Level:3
2019-12-02 09:29:31.311 T:3901322112 DEBUG: CVideoPlayer::ProcessVideoData size:37090 dts:589.881 pts:590.131 dur:41.000ms, clock:581.571 level:88
2019-12-02 09:29:31.311 T:3901322112 DEBUG: CVideoPlayer::ProcessVideoData size:27393 dts:589.923 pts:590.048 dur:41.000ms, clock:581.572 level:89
2019-12-02 09:29:31.312 T:3901322112 DEBUG: CVideoPlayer::ProcessVideoData size:26496 dts:589.964 pts:589.964 dur:41.000ms, clock:581.572 level:89
