2019-12-02 09:24:57.868 T:4065601376 DEBUG: POParser: id:30041 was recently re-used in the English string file, which is not yet changed in the translated file. Using the English string instead
2019-12-02 09:24:57.868 T:4065601376 DEBUG: POParser: id:30043 was recently re-used in the English string file, which is not yet changed in the translated file. Using the English string instead
2019-12-02 09:24:57.869 T:4065601376 DEBUG: POParser: id:30046 was recently re-used in the English string file, which is not yet changed in the translated file. Using the English string instead
2019-12-02 09:24:57.869 T:4065601376 DEBUG: POParser: id:30110 was recently re-used in the English string file, which is not yet changed in the translated file. Using the English string instead
2019-12-02 09:24:57.869 T:4065601376 DEBUG: POParser: id:30115 was recently re-used in the English string file, which is not yet changed in the translated file. Using the English string instead
2019-12-02 09:24:57.869 T:4065601376 DEBUG: POParser: id:30304 was recently re-used in the English string file, which is not yet changed in the translated file. Using the English string instead
2019-12-02 09:24:57.869 T:4065601376 DEBUG: POParser: id:30305 was recently re-used in the English string file, which is not yet changed in the translated file. Using the English string instead
2019-12-02 09:24:57.869 T:4065601376 DEBUG: LocalizeStrings: loaded 38 strings from file /storage/.kodi/addons/metadata.universal/resources/language/resource.language.en_gb/strings.po
2019-12-02 09:24:57.873 T:4065601376 DEBUG: LocalizeStrings: loaded 45 strings from file /storage/.kodi/addons/script.module.youtube.dl/resources/language/English/strings.po
2019-12-02 09:24:57.877 T:4065601376 DEBUG: POParser: PO file has Win Style Line Endings. Converted in memory to Linux LF for file: /storage/.kodi/addons/plugin.video.amazon-test/resources/language/resource.language.de_de/strings.po
2019-12-02 09:24:57.878 T:4065601376 DEBUG: LocalizeStrings: loaded 145 strings from file /storage/.kodi/addons/plugin.video.amazon-test/resources/language/resource.language.de_de/strings.po
2019-12-02 09:24:57.879 T:4065601376 DEBUG: POParser: PO file has Win Style Line Endings. Converted in memory to Linux LF for file: /storage/.kodi/addons/plugin.video.amazon-test/resources/language/resource.language.en_gb/strings.po
2019-12-02 09:24:57.879 T:4065601376 DEBUG: LocalizeStrings: loaded 0 strings from file /storage/.kodi/addons/plugin.video.amazon-test/resources/language/resource.language.en_gb/strings.po
2019-12-02 09:24:57.881 T:3919545216 DEBUG: Thread JobWorker start, auto delete: true
2019-12-02 09:24:57.881 T:3919545216 DEBUG: Initialize, updating databases...
2019-12-02 09:24:57.883 T:3919545216 NOTICE: Running database version Addons27
2019-12-02 09:24:57.886 T:3919545216 NOTICE: Running database version ViewModes6
2019-12-02 09:24:57.941 T:3919545216 NOTICE: Running database version Textures13
2019-12-02 09:24:57.948 T:3919545216 NOTICE: Running database version MyMusic72
2019-12-02 09:24:58.068 T:3919545216 NOTICE: Running database version MyVideos116
2019-12-02 09:24:58.074 T:3919545216 NOTICE: Running database version TV32
2019-12-02 09:24:58.077 T:3919545216 NOTICE: Running database version Epg12
2019-12-02 09:24:58.077 T:3919545216 DEBUG: Initialize, updating databases... DONE
2019-12-02 09:24:58.077 T:4065601376 NOTICE: start dvd mediatype detection
2019-12-02 09:24:58.077 T:4065601376 INFO: DPMS: not supported on this platform
2019-12-02 09:24:58.086 T:4033942400 DEBUG: Thread DetectDVDMedia start, auto delete: false
2019-12-02 09:24:58.086 T:4033942400 DEBUG: Compiled with libcdio Version 0.94
2019-12-02 09:24:58.087 T:4033942400 DEBUG: Thread DetectDVDMedia 4033942400 terminating
2019-12-02 09:24:58.114 T:4065601376 INFO: Unloading old skin ...
2019-12-02 09:24:58.116 T:4065601376 NOTICE: load skin from: /usr/share/kodi/addons/skin.estuary (version: 2.0.26)
2019-12-02 09:24:58.116 T:4065601376 INFO: load fonts for skin...
2019-12-02 09:24:58.120 T:4065601376 INFO: Loading skin includes from /usr/share/kodi/addons/skin.estuary/xml/Includes.xml
2019-12-02 09:24:58.179 T:4065601376 INFO: Loading fonts from /usr/share/kodi/addons/skin.estuary/xml/Font.xml
2019-12-02 09:24:58.214 T:4065601376 DEBUG: LocalizeStrings: loaded 140 strings from file /usr/share/kodi/addons/skin.estuary/language/resource.language.de_de/strings.po
2019-12-02 09:24:58.214 T:4065601376 DEBUG: POParser: id:31098 was recently re-used in the English string file, which is not yet changed in the translated file. Using the English string instead
2019-12-02 09:24:58.214 T:4065601376 DEBUG: POParser: id:31119 was recently re-used in the English string file, which is not yet changed in the translated file. Using the English string instead
2019-12-02 09:24:58.215 T:4065601376 DEBUG: LocalizeStrings: loaded 5 strings from file /usr/share/kodi/addons/skin.estuary/language/resource.language.en_gb/strings.po
2019-12-02 09:24:58.215 T:4065601376 INFO: load new skin...
2019-12-02 09:24:58.215 T:4065601376 INFO: Loading custom window XMLs from skin path /usr/share/kodi/addons/skin.estuary/xml
2019-12-02 09:24:58.223 T:4065601376 DEBUG: Load Skin XML: 8.63ms
2019-12-02 09:24:58.223 T:4065601376 INFO: initialize new skin...
2019-12-02 09:24:58.223 T:4065601376 DEBUG: guilib: Fill viewport on change for solving rendering passes
2019-12-02 09:24:58.223 T:4065601376 INFO: Loading skin file: VideoOSD.xml, load type: LOAD_ON_GUI_INIT
2019-12-02 09:24:58.238 T:4065601376 DEBUG: OpenBundle - Opened bundle /usr/share/kodi/addons/skin.estuary/media/Textures.xbt
2019-12-02 09:24:58.247 T:4065601376 INFO: Loading skin file: DialogPVRChannelGuide.xml, load type: LOAD_ON_GUI_INIT
2019-12-02 09:24:58.251 T:4065601376 INFO: Loading skin file: Custom_1109_TopBarOverlay.xml, load type: LOAD_ON_GUI_INIT
2019-12-02 09:24:58.253 T:4065601376 INFO: Loading skin file: DialogPVRChannelsOSD.xml, load type: LOAD_ON_GUI_INIT
2019-12-02 09:24:58.257 T:4065601376 INFO: Loading skin file: DialogNotification.xml, load type: LOAD_ON_GUI_INIT
2019-12-02 09:24:58.258 T:4065601376 INFO: Loading skin file: DialogSeekBar.xml, load type: LOAD_ON_GUI_INIT
2019-12-02 09:24:58.270 T:4065601376 INFO: Loading skin file: DialogExtendedProgressBar.xml, load type: LOAD_ON_GUI_INIT
2019-12-02 09:24:58.272 T:4065601376 INFO: Loading skin file: DialogBusy.xml, load type: LOAD_ON_GUI_INIT
2019-12-02 09:24:58.273 T:4065601376 INFO: Loading skin file: DialogVolumeBar.xml, load type: LOAD_ON_GUI_INIT
2019-12-02 09:24:58.274 T:4065601376 INFO: Loading skin file: Pointer.xml, load type: LOAD_ON_GUI_INIT
2019-12-02 09:24:58.275 T:4065601376 INFO: Loading skin file: DialogSettings.xml, load type: LOAD_ON_GUI_INIT
2019-12-02 09:24:58.278 T:4065601376 DEBUG: [Warning] CGUITextureManager::GetTexturePath: could not find texture 'icons/logo.png'
2019-12-02 09:24:58.279 T:4065601376 DEBUG: Previous line repeats 1 times.
2019-12-02 09:24:58.279 T:4065601376 INFO: Loading skin file: DialogSettings.xml, load type: LOAD_ON_GUI_INIT
2019-12-02 09:24:58.283 T:4065601376 DEBUG: [Warning] CGUITextureManager::GetTexturePath: could not find texture 'icons/logo.png'
2019-12-02 09:24:58.283 T:4065601376 DEBUG: Previous line repeats 1 times.
2019-12-02 09:24:58.283 T:4065601376 INFO: Loading skin file: DialogBusy.xml, load type: LOAD_ON_GUI_INIT
2019-12-02 09:24:58.284 T:4065601376 INFO: Loading skin file: DialogSubtitles.xml, load type: LOAD_ON_GUI_INIT
2019-12-02 09:24:58.289 T:4065601376 DEBUG: [Warning] CGUITextureManager::GetTexturePath: could not find texture 'icons/logo.png'
2019-12-02 09:24:58.290 T:4065601376 DEBUG: Previous line repeats 1 times.
2019-12-02 09:24:58.290 T:4065601376 INFO: skin loaded...
2019-12-02 09:24:58.291 T:4065601376 DEBUG: Activating window ID: 12997
2019-12-02 09:24:58.291 T:4065601376 DEBUG: ------ Window Init () ------
2019-12-02 09:24:58.291 T:4065601376 DEBUG: Activating window ID: 12999
2019-12-02 09:24:58.291 T:4065601376 DEBUG: ------ Window Init (Startup.xml) ------
2019-12-02 09:24:58.291 T:4065601376 INFO: Loading skin file: Startup.xml, load type: LOAD_EVERY_TIME
2019-12-02 09:24:58.291 T:4065601376 DEBUG: Activating window ID: 10000
2019-12-02 09:24:58.291 T:4065601376 DEBUG: ------ Window Deinit (Startup.xml) ------
2019-12-02 09:24:58.291 T:4065601376 DEBUG: ------ Window Init (Home.xml) ------
2019-12-02 09:24:58.291 T:4065601376 INFO: Loading skin file: Home.xml, load type: KEEP_IN_MEMORY
2019-12-02 09:24:58.401 T:4065601376 DEBUG: CDirectoryProvider[library://video/movies/]: refreshing..
2019-12-02 09:24:58.401 T:4065601376 DEBUG: CDirectoryProvider[special://skin/playlists/inprogress_movies.xsp]: refreshing..
2019-12-02 09:24:58.402 T:4065601376 DEBUG: CDirectoryProvider[special://skin/playlists/recent_unwatched_movies.xsp]: refreshing..
2019-12-02 09:24:58.402 T:3909714816 DEBUG: Thread JobWorker start, auto delete: true
2019-12-02 09:24:58.402 T:4065601376 DEBUG: CDirectoryProvider[special://skin/playlists/unwatched_movies.xsp]: refreshing..
2019-12-02 09:24:58.403 T:4065601376 DEBUG: CDirectoryProvider[special://skin/playlists/random_movies.xsp]: refreshing..
2019-12-02 09:24:58.403 T:4065601376 DEBUG: CDirectoryProvider[videodb://movies/genres/]: refreshing..
2019-12-02 09:24:58.403 T:4065601376 DEBUG: CDirectoryProvider[videodb://movies/sets/]: refreshing..
2019-12-02 09:24:58.403 T:4065601376 DEBUG: CDirectoryProvider[library://video/tvshows/]: refreshing..
2019-12-02 09:24:58.403 T:4065601376 DEBUG: CDirectoryProvider[videodb://inprogresstvshows]: refreshing..
2019-12-02 09:24:58.403 T:4065601376 DEBUG: CDirectoryProvider[special://skin/playlists/recent_unwatched_episodes.xsp]: refreshing..
2019-12-02 09:24:58.403 T:4065601376 DEBUG: CDirectoryProvider[special://skin/playlists/unwatched_tvshows.xsp]: refreshing..
2019-12-02 09:24:58.403 T:4065601376 DEBUG: CDirectoryProvider[videodb://tvshows/genres/]: refreshing..
2019-12-02 09:24:58.403 T:4065601376 DEBUG: CDirectoryProvider[videodb://tvshows/studios/]: refreshing..
2019-12-02 09:24:58.403 T:4065601376 DEBUG: CDirectoryProvider[addons://]: refreshing..
2019-12-02 09:24:58.403 T:3901322112 DEBUG: Thread JobWorker start, auto delete: true
2019-12-02 09:24:58.404 T:4065601376 DEBUG: CDirectoryProvider[addons://sources/video/]: refreshing..
2019-12-02 09:24:58.404 T:4065601376 DEBUG: CDirectoryProvider[addons://sources/audio/]: refreshing..
2019-12-02 09:24:58.404 T:4065601376 DEBUG: CDirectoryProvider[addons://sources/game/]: refreshing..
2019-12-02 09:24:58.404 T:4065601376 DEBUG: CDirectoryProvider[addons://sources/executable/]: refreshing..
2019-12-02 09:24:58.404 T:4065601376 DEBUG: CDirectoryProvider[addons://sources/image/]: refreshing..
2019-12-02 09:24:58.404 T:4065601376 DEBUG: CDirectoryProvider[library://video/]: refreshing..
2019-12-02 09:24:58.404 T:4065601376 DEBUG: CDirectoryProvider[sources://video/]: refreshing..
2019-12-02 09:24:58.404 T:4065601376 DEBUG: CDirectoryProvider[special://videoplaylists/]: refreshing..
2019-12-02 09:24:58.404 T:4065601376 DEBUG: CDirectoryProvider[favourites://]: refreshing..
2019-12-02 09:24:58.404 T:4065601376 DEBUG: CDirectoryProvider[addons://sources/game/]: refreshing..
2019-12-02 09:24:58.427 T:4065601376 DEBUG: JSONRPC: JSON schema type definition references an unknown type Setting.Details.Setting
2019-12-02 09:24:58.427 T:4065601376 WARNING: JSONRPC: Could not parse type "Setting.Details.SettingList"
2019-12-02 09:24:58.427 T:4065601376 INFO: JSONRPC: Adding type "Setting.Details.SettingList" to list of incomplete definitions (waiting for "Setting.Details.Setting")
2019-12-02 09:24:58.427 T:4065601376 INFO: JSONRPC: Resolving incomplete types/methods referencing Setting.Details.Setting
2019-12-02 09:24:58.449 T:4065601376 INFO: JSONRPC v10.3.0: Successfully initialized
2019-12-02 09:24:58.450 T:4065601376 DEBUG: LoadMappings - loaded node "Motorola Nyxboard Hybrid"
2019-12-02 09:24:58.451 T:4065601376 DEBUG: LoadMappings - loaded node "CEC Adapter"
2019-12-02 09:24:58.451 T:4065601376 DEBUG: LoadMappings - loaded node "Pulse-Eight CEC Adapter"
2019-12-02 09:24:58.451 T:4065601376 DEBUG: LoadMappings - loaded node "iMON HID device"
2019-12-02 09:24:58.451 T:4065601376 DEBUG: LoadMappings - loaded node "WETEK Play remote"
2019-12-02 09:24:58.451 T:4065601376 DEBUG: LoadMappings - loaded node ""
2019-12-02 09:24:58.451 T:4065601376 DEBUG: CPeripheralBusUSB - initialised udev monitor
2019-12-02 09:24:58.452 T:4065601376 DEBUG: Add-on bus: Registering add-on peripheral.joystick
2019-12-02 09:24:58.452 T:4065601376 DEBUG: PERIPHERAL - CreateAddon - creating peripheral add-on instance 'Joystick Support'
2019-12-02 09:24:58.452 T:4065601376 DEBUG: ADDON: Dll Initializing - Joystick Support
2019-12-02 09:24:58.452 T:4065601376 DEBUG: SECTION:LoadDLL(/usr/lib/kodi/addons/peripheral.joystick/peripheral.joystick.so.1.4.8)
2019-12-02 09:24:58.452 T:4065601376 DEBUG: Loading: /usr/lib/kodi/addons/peripheral.joystick/peripheral.joystick.so.1.4.8
2019-12-02 09:24:58.460 T:4065601376 DEBUG: AddOnLog: Joystick Support: Loaded 14 joystick families with 97 total joysticks
2019-12-02 09:24:58.461 T:4065601376 DEBUG: Calling TransferSettings for: Joystick Support
2019-12-02 09:24:58.461 T:4065601376 DEBUG: CAddonSettings[peripheral.joystick]: loading setting definitions
2019-12-02 09:24:58.461 T:4065601376 INFO: AddOnLog: Joystick Support: Enabling joystick interface "linux"
2019-12-02 09:24:58.462 T:3818910592 DEBUG: Thread PeripBusUSBUdev start, auto delete: false
2019-12-02 09:24:58.462 T:3810517888 DEBUG: Thread PeripBusCEC start, auto delete: false
2019-12-02 09:24:58.463 T:3800036224 DEBUG: Thread PeripBusAddon start, auto delete: false
2019-12-02 09:24:58.483 T:4065601376 DEBUG: Initialise - initialised peripheral on 'keyboard' with 1 features and 0 sub devices
2019-12-02 09:24:58.483 T:4065601376 NOTICE: Register - new keyboard device registered on application->keyboard: Tastatur (0000:0000)
2019-12-02 09:24:58.484 T:4065601376 DEBUG: Initialise - initialised peripheral on 'mouse' with 1 features and 0 sub devices
2019-12-02 09:24:58.484 T:4065601376 NOTICE: Register - new mouse device registered on application->mouse: Maus (0000:0000)
2019-12-02 09:24:58.484 T:3783259008 DEBUG: Thread PeripEventScanner start, auto delete: false
2019-12-02 09:24:58.489 T:4065601376 DEBUG: ContextMenuManager: addon menus reloaded.
2019-12-02 09:24:58.489 T:4065601376 NOTICE: Loading player core factory settings from special://xbmc/system/playercorefactory.xml.
2019-12-02 09:24:58.491 T:4065601376 DEBUG: CPlayerCoreConfig::: created player VideoPlayer
2019-12-02 09:24:58.491 T:4065601376 DEBUG: CPlayerCoreConfig::: created player PAPlayer
2019-12-02 09:24:58.491 T:4065601376 DEBUG: CPlayerCoreConfig::: created player RetroPlayer
2019-12-02 09:24:58.491 T:4065601376 DEBUG: CPlayerSelectionRule::Initialize: creating rule: system rules
2019-12-02 09:24:58.491 T:4065601376 DEBUG: CPlayerSelectionRule::Initialize: creating rule: mms/udp
2019-12-02 09:24:58.491 T:4065601376 DEBUG: CPlayerSelectionRule::Initialize: creating rule: lastfm/shout
2019-12-02 09:24:58.491 T:4065601376 DEBUG: CPlayerSelectionRule::Initialize: creating rule: rtmp
2019-12-02 09:24:58.491 T:4065601376 DEBUG: CPlayerSelectionRule::Initialize: creating rule: rtsp
2019-12-02 09:24:58.491 T:4065601376 DEBUG: CPlayerSelectionRule::Initialize: creating rule: streams
2019-12-02 09:24:58.491 T:4065601376 DEBUG: CPlayerSelectionRule::Initialize: creating rule: aacp/sdp
2019-12-02 09:24:58.491 T:4065601376 DEBUG: CPlayerSelectionRule::Initialize: creating rule: mp2
2019-12-02 09:24:58.491 T:4065601376 DEBUG: CPlayerSelectionRule::Initialize: creating rule: dvd
2019-12-02 09:24:58.491 T:4065601376 DEBUG: CPlayerSelectionRule::Initialize: creating rule: dvdimage
2019-12-02 09:24:58.491 T:4065601376 DEBUG: CPlayerSelectionRule::Initialize: creating rule: sdp/asf
2019-12-02 09:24:58.492 T:4065601376 DEBUG: CPlayerSelectionRule::Initialize: creating rule: nsv
2019-12-02 09:24:58.492 T:4065601376 DEBUG: CPlayerSelectionRule::Initialize: creating rule: radio
2019-12-02 09:24:58.492 T:4065601376 NOTICE: Loaded playercorefactory configuration
2019-12-02 09:24:58.492 T:4065601376 NOTICE: Loading player core factory settings from special://masterprofile/playercorefactory.xml.
2019-12-02 09:24:58.492 T:4065601376 NOTICE: special://masterprofile/playercorefactory.xml does not exist. Skipping.
2019-12-02 09:24:58.492 T:4065601376 INFO: removing tempfiles
2019-12-02 09:24:58.516 T:4065601376 DEBUG: CRepositoryUpdater: previous update at 01.12.2019 17:50:13, next at 02.12.2019 17:50:13
2019-12-02 09:24:58.516 T:3891262336 DEBUG: Thread Timer start, auto delete: false
2019-12-02 09:24:58.521 T:4065601376 DEBUG: CServiceAddonManager: starting service.coreelec.settings
2019-12-02 09:24:58.521 T:3757781888 DEBUG: Thread LanguageInvoker start, auto delete: false
2019-12-02 09:24:58.521 T:4065601376 DEBUG: CServiceAddonManager: starting script.common.plugin.cache
2019-12-02 09:24:58.522 T:3757781888 INFO: initializing python engine.
2019-12-02 09:24:58.522 T:3749389184 DEBUG: Thread LanguageInvoker start, auto delete: false
2019-12-02 09:24:58.522 T:3749389184 INFO: initializing python engine.
2019-12-02 09:24:58.522 T:4065601376 DEBUG: CServiceAddonManager: starting script.advanced.wol
2019-12-02 09:24:58.522 T:3740996480 DEBUG: Thread LanguageInvoker start, auto delete: false
2019-12-02 09:24:58.522 T:4065601376 DEBUG: CServiceAddonManager: starting plugin.video.amazon-test
2019-12-02 09:24:58.523 T:3740996480 INFO: initializing python engine.
2019-12-02 09:24:58.523 T:3732603776 DEBUG: Thread LanguageInvoker start, auto delete: false
2019-12-02 09:24:58.523 T:4065601376 NOTICE: initialize done
2019-12-02 09:24:58.523 T:3732603776 INFO: initializing python engine.
2019-12-02 09:24:58.523 T:4065601376 NOTICE: Running the application...
2019-12-02 09:24:58.524 T:4065601376 DEBUG: no profile autoexec.py (/storage/.kodi/userdata/autoexec.py) found, skipping
2019-12-02 09:24:58.524 T:4065601376 DEBUG: NetworkMessage - Starting network services
2019-12-02 09:24:58.529 T:4065601376 DEBUG: CZeroconfAvahi::clientCallback: client is up and running
2019-12-02 09:24:58.530 T:4065601376 NOTICE: starting zeroconf publishing
2019-12-02 09:24:58.530 T:4065601376 NOTICE: CWebServer[8080]: Started
2019-12-02 09:24:58.532 T:3699032960 DEBUG: Thread EventServer start, auto delete: false
2019-12-02 09:24:58.532 T:3699032960 NOTICE: ES: Starting UDP Event server on port 9777
2019-12-02 09:24:58.532 T:3699032960 NOTICE: UDP: Listening on port 9777 (ipv6 : false)
2019-12-02 09:24:58.548 T:4065601376 INFO: JSONRPC Server: Successfully initialized
2019-12-02 09:24:58.548 T:4065601376 DEBUG: SECTION:LoadDLL(libshairplay.so.0)
2019-12-02 09:24:58.549 T:4065601376 DEBUG: Loading: libshairplay.so.0
2019-12-02 09:24:58.550 T:3690640256 DEBUG: Thread TCPServer start, auto delete: false
2019-12-02 09:24:58.612 T:3749389184 DEBUG: CPythonInvoker(1, /storage/.kodi/addons/script.common.plugin.cache/default.py): start processing
2019-12-02 09:24:58.613 T:3757781888 DEBUG: CPythonInvoker(0, /usr/share/kodi/addons/service.coreelec.settings/service.py): start processing
2019-12-02 09:24:58.613 T:3740996480 DEBUG: CPythonInvoker(2, /storage/.kodi/addons/script.advanced.wol/autostart.py): start processing
2019-12-02 09:24:58.613 T:3732603776 DEBUG: CPythonInvoker(3, /storage/.kodi/addons/plugin.video.amazon-test/service.py): start processing
2019-12-02 09:24:58.678 T:3810517888 DEBUG: GetMappingForDevice - device (0000:0000) mapped to CEC Adapter (type = cec)
2019-12-02 09:24:58.680 T:3810517888 DEBUG: InitialiseFeature - using libCEC v4.0.4
2019-12-02 09:24:58.680 T:3810517888 DEBUG: Initialise - initialised peripheral on 'AOCEC' with 2 features and 0 sub devices
2019-12-02 09:24:58.680 T:3810517888 NOTICE: Register - new cec device registered on cec->AOCEC: CEC Adapter (0000:0000)
2019-12-02 09:24:58.681 T:3650470784 DEBUG: Thread CECAdapter start, auto delete: false
2019-12-02 09:24:58.681 T:3650470784 DEBUG: OpenConnection - opening a connection to the CEC adapter: AOCEC
2019-12-02 09:24:58.682 T:3658863488 DEBUG: CecLogMessage - Broadcast (F): osd name set to 'Broadcast'
2019-12-02 09:24:58.687 T:3658863488 DEBUG: CecLogMessage - connection opened
2019-12-02 09:24:58.688 T:3658863488 DEBUG: CecLogMessage - << Broadcast (F) -> TV (0): POLL
2019-12-02 09:24:58.688 T:3658863488 DEBUG: CecLogMessage - << f0
2019-12-02 09:24:58.689 T:3658863488 DEBUG: CecLogMessage - processor thread started
2019-12-02 09:24:58.699 T:3740996480 DEBUG: -->Python Interpreter Initialized<--
2019-12-02 09:24:58.700 T:3740996480 DEBUG: CPythonInvoker(2, /storage/.kodi/addons/script.advanced.wol/autostart.py): the source file to load is "/storage/.kodi/addons/script.advanced.wol/autostart.py"
2019-12-02 09:24:58.716 T:3909714816 DEBUG: CAddonMgr::GetAvailableUpdates took 27 ms
2019-12-02 09:24:58.722 T:3749389184 DEBUG: -->Python Interpreter Initialized<--
2019-12-02 09:24:58.722 T:3749389184 DEBUG: CPythonInvoker(1, /storage/.kodi/addons/script.common.plugin.cache/default.py): the source file to load is "/storage/.kodi/addons/script.common.plugin.cache/default.py"
2019-12-02 09:24:58.749 T:3658863488 DEBUG: CecLogMessage - >> POLL sent
2019-12-02 09:24:58.749 T:3658863488 DEBUG: CecLogMessage - TV (0): device status changed into 'present'
2019-12-02 09:24:58.749 T:3658863488 DEBUG: CecLogMessage - << requesting vendor ID of 'TV' (0)
2019-12-02 09:24:58.749 T:3658863488 DEBUG: CecLogMessage - << f0:8c
2019-12-02 09:24:58.784 T:3901322112 DEBUG: CMultiPathDirectory::GetDirectory(multipath://special%3a%2f%2fprofile%2fplaylists%2fvideo/special%3a%2f%2fprofile%2fplaylists%2fmixed/)
2019-12-02 09:24:58.784 T:3901322112 DEBUG: Getting Directory (special://profile/playlists/video)
2019-12-02 09:24:58.785 T:3901322112 DEBUG: Getting Directory (special://profile/playlists/mixed)
2019-12-02 09:24:58.787 T:3901322112 DEBUG: CMultiPathDirectory::MergeItems, items = 0
2019-12-02 09:24:58.794 T:3740996480 DEBUG: CPythonInvoker(2, /storage/.kodi/addons/script.advanced.wol/autostart.py): setting the Python path to /storage/.kodi/addons/script.advanced.wol:/usr/lib/python27.zip:/usr/lib/python2.7:/usr/lib/python2.7/plat-linux2:/usr/lib/python2.7/lib-tk:/usr/lib/python2.7/lib-old:/usr/lib/python2.7/lib-dynload:/usr/lib/python2.7/site-packages:/usr/lib/python2.7/site-packages/gtk-2.0
2019-12-02 09:24:58.795 T:3740996480 DEBUG: CPythonInvoker(2, /storage/.kodi/addons/script.advanced.wol/autostart.py): entering source directory /storage/.kodi/addons/script.advanced.wol
2019-12-02 09:24:58.795 T:3740996480 DEBUG: CPythonInvoker(2, /storage/.kodi/addons/script.advanced.wol/autostart.py): instantiating addon using automatically obtained id of "script.advanced.wol" dependent on version 2.1.0 of the xbmc.python api
2019-12-02 09:24:58.796 T:3732603776 DEBUG: -->Python Interpreter Initialized<--
2019-12-02 09:24:58.796 T:3732603776 DEBUG: CPythonInvoker(3, /storage/.kodi/addons/plugin.video.amazon-test/service.py): the source file to load is "/storage/.kodi/addons/plugin.video.amazon-test/service.py"
2019-12-02 09:24:58.798 T:3749389184 DEBUG: CPythonInvoker(1, /storage/.kodi/addons/script.common.plugin.cache/default.py): setting the Python path to /storage/.kodi/addons/script.common.plugin.cache:/usr/lib/python27.zip:/usr/lib/python2.7:/usr/lib/python2.7/plat-linux2:/usr/lib/python2.7/lib-tk:/usr/lib/python2.7/lib-old:/usr/lib/python2.7/lib-dynload:/usr/lib/python2.7/site-packages:/usr/lib/python2.7/site-packages/gtk-2.0
2019-12-02 09:24:58.798 T:3749389184 DEBUG: CPythonInvoker(1, /storage/.kodi/addons/script.common.plugin.cache/default.py): entering source directory /storage/.kodi/addons/script.common.plugin.cache
2019-12-02 09:24:58.798 T:3749389184 DEBUG: CPythonInvoker(1, /storage/.kodi/addons/script.common.plugin.cache/default.py): instantiating addon using automatically obtained id of "script.common.plugin.cache" dependent on version 2.24.0 of the xbmc.python api
2019-12-02 09:24:58.807 T:3909714816 DEBUG: NFS: Context for 192.168.178.9/export/Video not open - get a new context.
2019-12-02 09:24:58.812 T:3740996480 DEBUG: CAddonSettings[script.advanced.wol]: loading setting definitions
2019-12-02 09:24:58.812 T:3740996480 DEBUG: CAddonSettings[script.advanced.wol]: trying to load setting definitions from old format...
2019-12-02 09:24:58.813 T:3740996480 DEBUG: CAddonSettings[script.advanced.wol]: loading setting values
2019-12-02 09:24:58.814 T:3740996480 INFO: CPythonInvoker(2, /storage/.kodi/addons/script.advanced.wol/autostart.py): script successfully run
2019-12-02 09:24:58.814 T:3740996480 DEBUG: onExecutionDone(2, /storage/.kodi/addons/script.advanced.wol/autostart.py)
2019-12-02 09:24:58.816 T:3901322112 DEBUG: CZeroconfAvahi::doPublishService identifier: servers.webserver type: _http._tcp name:Kodi (CoreELEC-N2) port:8080
2019-12-02 09:24:58.816 T:3901322112 DEBUG: CZeroconfAvahi::addService() named: Kodi (CoreELEC-N2) type: _http._tcp port:8080
2019-12-02 09:24:58.817 T:3749389184 DEBUG: CAddonSettings[script.common.plugin.cache]: loading setting definitions
2019-12-02 09:24:58.817 T:3749389184 DEBUG: CAddonSettings[script.common.plugin.cache]: trying to load setting definitions from old format...
2019-12-02 09:24:58.820 T:3772773248 DEBUG: Thread JobWorker start, auto delete: true
2019-12-02 09:24:58.823 T:3909714816 DEBUG: NFS: Connected to server 192.168.178.9 and export /export/Video
2019-12-02 09:24:58.823 T:3909714816 DEBUG: NFS: chunks: r/w 262144/262144
2019-12-02 09:24:58.831 T:3740996480 INFO: Python interpreter stopped
2019-12-02 09:24:58.831 T:3732603776 DEBUG: CPythonInvoker(3, /storage/.kodi/addons/plugin.video.amazon-test/service.py): setting the Python path to /storage/.kodi/addons/plugin.video.amazon-test:/storage/.kodi/addons/script.module.beautifulsoup4/lib:/storage/.kodi/addons/script.module.certifi/lib:/storage/.kodi/addons/script.module.chardet/lib:/storage/.kodi/addons/script.module.future/libs:/storage/.kodi/addons/script.module.idna/lib:/storage/.kodi/addons/script.module.inputstreamhelper/lib:/storage/.kodi/addons/script.module.kodi-six/libs:/storage/.kodi/addons/script.module.mechanicalsoup/lib:/storage/.kodi/addons/script.module.pydes/lib:/storage/.kodi/addons/script.module.pyxbmct/lib:/storage/.kodi/addons/script.module.requests/lib:/storage/.kodi/addons/script.module.six/lib:/storage/.kodi/addons/script.module.urllib3/lib:/usr/lib/python27.zip:/usr/lib/python2.7:/usr/lib/python2.7/plat-linux2:/usr/lib/python2.7/lib-tk:/usr/lib/python2.7/lib-old:/usr/lib/python2.7/lib-dynload:/usr/lib/python2.7/site-packages:/usr/lib/python2.7/site-packages/gtk-2.0
2019-12-02 09:24:58.831 T:3740996480 DEBUG: Thread LanguageInvoker 3740996480 terminating
2019-12-02 09:24:58.831 T:3732603776 DEBUG: CPythonInvoker(3, /storage/.kodi/addons/plugin.video.amazon-test/service.py): entering source directory /storage/.kodi/addons/plugin.video.amazon-test
2019-12-02 09:24:58.831 T:3732603776 DEBUG: CPythonInvoker(3, /storage/.kodi/addons/plugin.video.amazon-test/service.py): instantiating addon using automatically obtained id of "plugin.video.amazon-test" dependent on version 2.24.0 of the xbmc.python api
2019-12-02 09:24:58.833 T:3757781888 DEBUG: -->Python Interpreter Initialized<--
2019-12-02 09:24:58.833 T:3757781888 DEBUG: CPythonInvoker(0, /usr/share/kodi/addons/service.coreelec.settings/service.py): the source file to load is "/usr/share/kodi/addons/service.coreelec.settings/service.py"
2019-12-02 09:24:58.834 T:3901322112 DEBUG: ffmpeg[E8897380]: [swscaler] No accelerated colorspace conversion found from yuv420p to bgra.
2019-12-02 09:24:58.834 T:4065601376 DEBUG: ------ Window Init () ------
2019-12-02 09:24:58.835 T:3772773248 DEBUG: ffmpeg[E0DFF380]: [swscaler] No accelerated colorspace conversion found from yuv420p to bgra.
2019-12-02 09:24:58.838 T:4065601376 DEBUG: ------ Window Init (Pointer.xml) ------
2019-12-02 09:24:58.838 T:3919545216 DEBUG: CRecentlyAddedJob::UpdateMusic() - Running RecentlyAdded home screen update
2019-12-02 09:24:58.845 T:3919545216 DEBUG: GetRecentlyAddedAlbumSongs() query: SELECT songview.*, songartistview.* FROM (SELECT idAlbum FROM album ORDER BY idAlbum DESC LIMIT 10) AS recentalbums JOIN songview ON songview.idAlbum = recentalbums.idAlbum JOIN songartistview ON songview.idSong = songartistview.idSong ORDER BY songview.idAlbum DESC, songview.idSong, songartistview.idRole, songartistview.iOrder
2019-12-02 09:24:58.847 T:3919545216 DEBUG: GetRecentlyAddedAlbums query: SELECT albumview.*, albumartistview.* FROM (SELECT idAlbum FROM album WHERE strAlbum != '' ORDER BY idAlbum DESC LIMIT 10) AS recentalbums JOIN albumview ON albumview.idAlbum = recentalbums.idAlbum JOIN albumartistview ON albumview.idAlbum = albumartistview.idAlbum ORDER BY albumview.idAlbum desc, albumartistview.iOrder
2019-12-02 09:24:58.847 T:3901322112 DEBUG: ffmpeg[E8897380]: [swscaler] No accelerated colorspace conversion found from yuv420p to bgra.
2019-12-02 09:24:58.849 T:3919545216 DEBUG: CRecentlyAddedJob::UpdateVideos() - Running RecentlyAdded home screen update
2019-12-02 09:24:58.852 T:3772773248 DEBUG: ffmpeg[E0DFF380]: [swscaler] No accelerated colorspace conversion found from yuv420p to bgra.
2019-12-02 09:24:58.855 T:3909714816 DEBUG: NFS: Context for 192.168.178.9/export/Download not open - get a new context.
2019-12-02 09:24:58.859 T:3901322112 DEBUG: ffmpeg[E8897380]: [swscaler] No accelerated colorspace conversion found from yuv420p to bgra.
2019-12-02 09:24:58.872 T:3909714816 DEBUG: NFS: Connected to server 192.168.178.9 and export /export/Download
2019-12-02 09:24:58.872 T:3909714816 DEBUG: NFS: chunks: r/w 262144/262144
2019-12-02 09:24:58.873 T:3901322112 DEBUG: ffmpeg[E8897380]: [swscaler] No accelerated colorspace conversion found from yuv420p to bgra.
2019-12-02 09:24:58.873 T:3772773248 DEBUG: ffmpeg[E0DFF380]: [swscaler] No accelerated colorspace conversion found from yuv420p to bgra.
2019-12-02 09:24:58.888 T:3909714816 DEBUG: ffmpeg[E9098380]: [swscaler] No accelerated colorspace conversion found from yuv420p to bgra.
2019-12-02 09:24:58.890 T:3901322112 DEBUG: ffmpeg[E8897380]: [swscaler] No accelerated colorspace conversion found from yuv420p to bgra.
2019-12-02 09:24:58.894 T:3772773248 DEBUG: ffmpeg[E0DFF380]: [swscaler] No accelerated colorspace conversion found from yuv420p to bgra.
2019-12-02 09:24:58.900 T:4065601376 INFO: GLES: Enabling VSYNC
2019-12-02 09:24:58.904 T:3909714816 DEBUG: ffmpeg[E9098380]: [swscaler] No accelerated colorspace conversion found from yuv420p to bgra.
2019-12-02 09:24:58.906 T:3901322112 DEBUG: ffmpeg[E8897380]: [swscaler] No accelerated colorspace conversion found from yuv420p to bgra.
2019-12-02 09:24:58.911 T:3772773248 DEBUG: ffmpeg[E0DFF380]: [swscaler] No accelerated colorspace conversion found from yuv420p to bgra.
2019-12-02 09:24:58.916 T:3909714816 DEBUG: ffmpeg[E9098380]: [swscaler] No accelerated colorspace conversion found from yuv420p to bgra.
2019-12-02 09:24:58.923 T:3772773248 DEBUG: ffmpeg[E0DFF380]: [swscaler] No accelerated colorspace conversion found from yuv420p to bgra.
2019-12-02 09:24:58.925 T:3901322112 DEBUG: ffmpeg[E8897380]: [swscaler] No accelerated colorspace conversion found from yuv420p to bgra.
2019-12-02 09:24:58.931 T:3909714816 DEBUG: ffmpeg[E9098380]: [swscaler] No accelerated colorspace conversion found from yuv420p to bgra.
2019-12-02 09:24:58.938 T:3901322112 DEBUG: ffmpeg[E8897380]: [swscaler] No accelerated colorspace conversion found from yuv420p to bgra.
2019-12-02 09:24:58.940 T:3919545216 DEBUG: CRecentlyAddedJob::UpdateTotal() - Running RecentlyAdded home screen update
2019-12-02 09:24:58.942 T:3772773248 DEBUG: ffmpeg[E0DFF380]: [swscaler] No accelerated colorspace conversion found from yuv420p to bgra.
2019-12-02 09:24:58.945 T:3909714816 DEBUG: ffmpeg[E9098380]: [swscaler] No accelerated colorspace conversion found from yuv420p to bgra.
2019-12-02 09:24:58.945 T:3919545216 DEBUG: GetArtistsByWhere query: SELECT COUNT(DISTINCT artistview.idArtist) FROM artistview WHERE (EXISTS (SELECT 1 FROM song_artist WHERE song_artist.idArtist = artistview.idArtist AND song_artist.idRole = 1) OR EXISTS (SELECT 1 FROM album_artist WHERE album_artist.idArtist = artistview.idArtist)) AND (artistview.strArtist != '')
2019-12-02 09:24:58.956 T:3901322112 DEBUG: ffmpeg[E8897380]: [swscaler] No accelerated colorspace conversion found from yuv420p to bgra.
2019-12-02 09:24:58.968 T:3658863488 DEBUG: CecLogMessage - >> 0f:87:08:00:46
2019-12-02 09:24:58.969 T:3658863488 DEBUG: CecLogMessage - TV (0): vendor = Sony (080046)
2019-12-02 09:24:58.969 T:3658863488 DEBUG: CecLogMessage - >> TV (0) -> Broadcast (F): device vendor id (87)
2019-12-02 09:24:58.969 T:3658863488 DEBUG: CecLogMessage - expected response received (87: device vendor id)
2019-12-02 09:24:58.969 T:3658863488 DEBUG: CecLogMessage - registering new CEC client - v4.0.0
2019-12-02 09:24:58.970 T:3658863488 DEBUG: CecLogMessage - detecting logical address for type 'recording device'
2019-12-02 09:24:58.970 T:3658863488 DEBUG: CecLogMessage - trying logical address 'Recorder 1'
2019-12-02 09:24:58.971 T:3658863488 DEBUG: CecLogMessage - << Recorder 1 (1) -> Recorder 1 (1): POLL
2019-12-02 09:24:58.972 T:3658863488 DEBUG: CecLogMessage - << 11
2019-12-02 09:24:58.973 T:3909714816 DEBUG: ffmpeg[E9098380]: [swscaler] No accelerated colorspace conversion found from yuv420p to bgra.
2019-12-02 09:24:58.975 T:3772773248 DEBUG: ffmpeg[E0DFF380]: [swscaler] No accelerated colorspace conversion found from yuv420p to bgra.
2019-12-02 09:24:58.976 T:3901322112 DEBUG: ffmpeg[E8897380]: [swscaler] No accelerated colorspace conversion found from yuv420p to bgra.
2019-12-02 09:24:58.980 T:3909714816 DEBUG: CZeroconfAvahi::doPublishService identifier: servers.jsonrpc-http type: _xbmc-jsonrpc-h._tcp name:Kodi (CoreELEC-N2) port:8080
2019-12-02 09:24:58.980 T:3909714816 DEBUG: CZeroconfAvahi::addService() named: Kodi (CoreELEC-N2) type: _xbmc-jsonrpc-h._tcp port:8080
2019-12-02 09:24:58.981 T:3901322112 DEBUG: CZeroconfAvahi::doPublishService identifier: servers.eventserver type: _xbmc-events._udp name:Kodi (CoreELEC-N2) port:9777
2019-12-02 09:24:58.983 T:3909714816 DEBUG: CZeroconfAvahi::doPublishService identifier: servers.jsonrpc-tpc type: _xbmc-jsonrpc._tcp name:Kodi (CoreELEC-N2) port:9090
2019-12-02 09:24:58.983 T:3901322112 DEBUG: CZeroconfAvahi::addService() named: Kodi (CoreELEC-N2) type: _xbmc-events._udp port:9777
2019-12-02 09:24:58.985 T:3901322112 DEBUG: CZeroconfAvahi::doPublishService identifier: servers.airtunes type: _raop._tcp name:001E06420BF6@Kodi (CoreELEC-N2) port:36666
2019-12-02 09:24:58.985 T:3909714816 DEBUG: CZeroconfAvahi::addService() named: Kodi (CoreELEC-N2) type: _xbmc-jsonrpc._tcp port:9090
2019-12-02 09:24:58.987 T:3901322112 DEBUG: CZeroconfAvahi::addService() named: 001E06420BF6@Kodi (CoreELEC-N2) type: _raop._tcp port:36666
2019-12-02 09:24:58.989 T:3749389184 DEBUG: CAddonSettings[script.common.plugin.cache]: loading setting definitions
2019-12-02 09:24:58.989 T:3749389184 DEBUG: CAddonSettings[script.common.plugin.cache]: trying to load setting definitions from old format...
2019-12-02 09:24:58.992 T:3757781888 DEBUG: CPythonInvoker(0, /usr/share/kodi/addons/service.coreelec.settings/service.py): setting the Python path to /usr/share/kodi/addons/service.coreelec.settings:/usr/lib/python27.zip:/usr/lib/python2.7:/usr/lib/python2.7/plat-linux2:/usr/lib/python2.7/lib-tk:/usr/lib/python2.7/lib-old:/usr/lib/python2.7/lib-dynload:/usr/lib/python2.7/site-packages:/usr/lib/python2.7/site-packages/gtk-2.0
2019-12-02 09:24:58.992 T:3757781888 DEBUG: CPythonInvoker(0, /usr/share/kodi/addons/service.coreelec.settings/service.py): entering source directory /usr/share/kodi/addons/service.coreelec.settings
2019-12-02 09:24:58.992 T:3919545216 DEBUG: ffmpeg[E99F8380]: [swscaler] No accelerated colorspace conversion found from yuv420p to bgra.
2019-12-02 09:24:58.998 T:3757781888 DEBUG: CPythonInvoker(0, /usr/share/kodi/addons/service.coreelec.settings/service.py): instantiating addon using automatically obtained id of "service.coreelec.settings" dependent on version 2.1.0 of the xbmc.python api
2019-12-02 09:24:59.006 T:4065601376 DEBUG: LogindUPowerSyscall - Received unknown signal NameAcquired
2019-12-02 09:24:59.030 T:3749389184 DEBUG: StorageServer Module loaded RUN
2019-12-02 09:24:59.031 T:3749389184 DEBUG: StorageClient-2.5.4 Starting server
2019-12-02 09:24:59.107 T:3658863488 DEBUG: CecLogMessage - >> 0f:87:00:90:3e
2019-12-02 09:24:59.107 T:3658863488 DEBUG: CecLogMessage - TV (0): vendor = Philips (00903e)
2019-12-02 09:24:59.107 T:3658863488 DEBUG: CecLogMessage - >> TV (0) -> Broadcast (F): device vendor id (87)
2019-12-02 09:24:59.315 T:3658863488 WARNING: CecLogMessage - Write: write failed
2019-12-02 09:24:59.315 T:3658863488 DEBUG: CecLogMessage - << 11
2019-12-02 09:24:59.315 T:3658863488 WARNING: CecLogMessage - Write: write failed
2019-12-02 09:24:59.315 T:3658863488 DEBUG: CecLogMessage - >> POLL not sent
2019-12-02 09:24:59.315 T:3658863488 DEBUG: CecLogMessage - using logical address 'Recorder 1'
2019-12-02 09:24:59.315 T:3658863488 DEBUG: CecLogMessage - Recorder 1 (1): device status changed into 'handled by libCEC'
2019-12-02 09:24:59.315 T:3658863488 DEBUG: CecLogMessage - replacing the command handler for device 'TV' (0)
2019-12-02 09:24:59.315 T:3658863488 DEBUG: CecLogMessage - Recorder 1 (1): power status changed from 'unknown' to 'on'
2019-12-02 09:24:59.315 T:3658863488 DEBUG: CecLogMessage - Recorder 1 (1): vendor = Pulse Eight (001582)
2019-12-02 09:24:59.315 T:3658863488 DEBUG: CecLogMessage - Recorder 1 (1): CEC version 1.4
2019-12-02 09:24:59.315 T:3658863488 DEBUG: CecLogMessage - AllocateLogicalAddresses - device '0', type 'recording device', LA '1'
2019-12-02 09:24:59.317 T:3658863488 DEBUG: CecLogMessage - Recorder 1 (1): osd name set to 'Kodi'
2019-12-02 09:24:59.317 T:3658863488 DEBUG: CecLogMessage - Recorder 1 (1): menu language set to 'eng'
2019-12-02 09:24:59.317 T:3658863488 DEBUG: CecLogMessage - AutodetectPhysicalAddress - autodetected physical address '1000'
2019-12-02 09:24:59.317 T:3658863488 DEBUG: CecLogMessage - Recorder 1 (1): physical address changed from ffff to 1000
2019-12-02 09:24:59.317 T:3658863488 DEBUG: CecLogMessage - << Recorder 1 (1) -> broadcast (F): physical address 1000
2019-12-02 09:24:59.317 T:3658863488 DEBUG: CecLogMessage - << 1f:84:10:00:01
2019-12-02 09:24:59.471 T:3658863488 DEBUG: CecLogMessage - making Recorder 1 (1) the active source
2019-12-02 09:24:59.472 T:3658863488 DEBUG: CecLogMessage - TV (0): power status changed from 'unknown' to 'in transition from standby to on'
2019-12-02 09:24:59.472 T:3658863488 DEBUG: CecLogMessage - >> source activated: Recorder 1 (1)
2019-12-02 09:24:59.472 T:3658863488 DEBUG: CecLogMessage - scheduling active source message for 'Recorder 1'
2019-12-02 09:24:59.472 T:3658863488 DEBUG: CecLogMessage - CEC client registered: libCEC version = 4.0.4, client version = 4.0.0, firmware version = 5, logical address(es) = Recorder 1 (1) , physical address: 1.0.0.0, compiled on Wed Nov 27 08:01:29 UTC 2019 by adamg@zulu on Linux 4.15.0-71-generic (x86_64), features: P8_USB, DRM, P8_detect, AOCEC
2019-12-02 09:24:59.472 T:3658863488 DEBUG: CecLogMessage - Recorder 1 (1): vendor = Philips (00903e)
2019-12-02 09:24:59.472 T:3658863488 DEBUG: CecLogMessage - replacing the command handler for device 'Recorder 1' (1)
2019-12-02 09:24:59.472 T:3658863488 DEBUG: CecLogMessage - << Recorder 1 (1) -> TV (0): OSD name 'Kodi'
2019-12-02 09:24:59.472 T:3658863488 DEBUG: CecLogMessage - << 10:47:4b:6f:64:69
2019-12-02 09:24:59.500 T:3757781888 DEBUG: ## CoreELEC Addon ## 9.0.0
2019-12-02 09:24:59.545 T:3658863488 DEBUG: CecLogMessage - >> 01:46
2019-12-02 09:24:59.545 T:3658863488 DEBUG: CecLogMessage - >> TV (0) -> Recorder 1 (1): give osd name (46)
2019-12-02 09:24:59.697 T:3732603776 DEBUG: CAddonSettings[plugin.video.amazon-test]: loading setting definitions
2019-12-02 09:24:59.697 T:3732603776 DEBUG: CAddonSettings[plugin.video.amazon-test]: trying to load setting definitions from old format...
2019-12-02 09:24:59.700 T:3732603776 DEBUG: CAddonSettings[plugin.video.amazon-test]: loading setting values
2019-12-02 09:24:59.701 T:3732603776 DEBUG: CSettingsManager: requested setting (sub_lang) was not found.
2019-12-02 09:24:59.701 T:3732603776 DEBUG: CAddonSettings[plugin.video.amazon-test]: failed to find definition for setting sub_lang. Creating a setting on-the-fly...
2019-12-02 09:24:59.701 T:3732603776 NOTICE: [Amazon VOD] Service: Proxy bound to 127.0.0.1:45683
2019-12-02 09:24:59.717 T:3732603776 NOTICE: [Amazon VOD] Service: Proxy server started
2019-12-02 09:24:59.717 T:3732603776 NOTICE: [Amazon VOD] Service started
2019-12-02 09:24:59.748 T:3757781888 INFO: ## CoreELEC Addon ## system::set_hostname ## CoreELEC-N2
2019-12-02 09:24:59.749 T:3757781888 INFO: ## CoreELEC Addon ## system::set_keyboard_layout ## us
2019-12-02 09:24:59.749 T:3757781888 INFO: ## CoreELEC Addon ## system::set_keyboard_layout ## loadkmap < `ls -1 /usr/lib/keymaps/*/us.bmap`
2019-12-02 09:24:59.783 T:3724211072 DEBUG: CZeroconfAvahi::groupCallback: Service successfully established
2019-12-02 09:24:59.832 T:3658863488 DEBUG: CecLogMessage - << requesting power status of 'TV' (0)
2019-12-02 09:24:59.832 T:3658863488 DEBUG: CecLogMessage - << 10:8f
2019-12-02 09:24:59.945 T:3724211072 DEBUG: CZeroconfAvahi::groupCallback: Service successfully established
2019-12-02 09:25:00.005 T:3658863488 DEBUG: Previous line repeats 3 times.
2019-12-02 09:25:00.006 T:3658863488 DEBUG: CecLogMessage - << Recorder 1 (1) -> TV (0): OSD name 'Kodi'
2019-12-02 09:25:00.006 T:3658863488 DEBUG: CecLogMessage - << 10:47:4b:6f:64:69
2019-12-02 09:25:00.078 T:3757781888 INFO: ## CoreELEC Addon ## updates::updateThread ## Started
2019-12-02 09:25:00.078 T:3757781888 INFO: ## CoreELEC Addon ## updates::set_auto_update ## manual
2019-12-02 09:25:00.122 T:3594646400 INFO: ## CoreELEC Addon ## _service_::run ## WAITING:
2019-12-02 09:25:00.130 T:3603039104 INFO: ## CoreELEC Addon ## xdbus Monitor started. ##
2019-12-02 09:25:00.299 T:3658863488 DEBUG: CecLogMessage - << powering on 'TV' (0)
2019-12-02 09:25:00.299 T:3658863488 DEBUG: CecLogMessage - << 10:04
2019-12-02 09:25:00.469 T:3658863488 DEBUG: CecLogMessage - << Recorder 1 (1) -> broadcast (F): active source (1000)
2019-12-02 09:25:00.470 T:3658863488 DEBUG: CecLogMessage - << 1f:82:10:00
2019-12-02 09:25:00.714 T:3658863488 DEBUG: CecLogMessage - << Recorder 1 (1) -> TV (0): menu state 'activated'
2019-12-02 09:25:00.714 T:3658863488 DEBUG: CecLogMessage - << 10:8e:00
2019-12-02 09:25:00.878 T:3658863488 DEBUG: CecLogMessage - >> 01:8f
2019-12-02 09:25:00.878 T:3658863488 DEBUG: CecLogMessage - << Recorder 1 (1) -> TV (0): on
2019-12-02 09:25:00.878 T:3658863488 DEBUG: CecLogMessage - << 10:90:00
2019-12-02 09:25:00.878 T:3658863488 DEBUG: CecLogMessage - >> TV (0) -> Recorder 1 (1): give device power status (8F)
2019-12-02 09:25:00.933 T:4065601376 DEBUG: ------ Window Deinit (Pointer.xml) ------
2019-12-02 09:25:01.006 T:3658863488 DEBUG: CecLogMessage - expected response not received (90: report power status)
2019-12-02 09:25:01.126 T:3658863488 DEBUG: CecLogMessage - >> 01:8c
2019-12-02 09:25:01.126 T:3658863488 DEBUG: CecLogMessage - << Recorder 1 (1) -> TV (0): vendor id Philips (903e)
2019-12-02 09:25:01.126 T:3658863488 DEBUG: CecLogMessage - << 1f:87:00:15:82
2019-12-02 09:25:01.126 T:3658863488 DEBUG: CecLogMessage - >> TV (0) -> Recorder 1 (1): give device vendor id (8C)
2019-12-02 09:25:01.426 T:3658863488 DEBUG: CecLogMessage - >> 01:90:00
2019-12-02 09:25:01.427 T:3658863488 DEBUG: CecLogMessage - TV (0): power status changed from 'in transition from standby to on' to 'on'
2019-12-02 09:25:01.427 T:3658863488 DEBUG: CecLogMessage - >> 01:8f
2019-12-02 09:25:01.427 T:3658863488 DEBUG: CecLogMessage - << Recorder 1 (1) -> TV (0): on
2019-12-02 09:25:01.427 T:3658863488 DEBUG: CecLogMessage - << 10:90:00
2019-12-02 09:25:01.427 T:3658863488 DEBUG: CecLogMessage - >> TV (0) -> Recorder 1 (1): report power status (90)
2019-12-02 09:25:01.427 T:3658863488 DEBUG: CecLogMessage - >> TV (0) -> Recorder 1 (1): give device power status (8F)
2019-12-02 09:25:01.630 T:3658863488 DEBUG: CecLogMessage - >> 01:00:04:00
2019-12-02 09:25:01.630 T:3658863488 DEBUG: CecLogMessage - marking opcode 'image view on' as unsupported feature for device 'TV'
2019-12-02 09:25:01.630 T:3658863488 DEBUG: CecLogMessage - >> 01:00:8e:00
2019-12-02 09:25:01.630 T:3658863488 DEBUG: CecLogMessage - marking opcode 'menu status' as unsupported feature for device 'TV'
2019-12-02 09:25:01.630 T:3658863488 DEBUG: CecLogMessage - >> 0f:86:10:00
2019-12-02 09:25:01.630 T:3658863488 DEBUG: CecLogMessage - >> TV (0) sets stream path to physical address 1000
2019-12-02 09:25:01.630 T:3658863488 DEBUG: CecLogMessage - Recorder 1 (1) was already marked as active source
2019-12-02 09:25:01.630 T:3658863488 DEBUG: CecLogMessage - >> source activated: Recorder 1 (1)
2019-12-02 09:25:01.630 T:3658863488 DEBUG: CecLogMessage - << Recorder 1 (1) -> broadcast (F): active source (1000)
2019-12-02 09:25:01.630 T:3658863488 DEBUG: CecLogMessage - << 1f:82:10:00
2019-12-02 09:25:01.630 T:3658863488 DEBUG: CecLogMessage - >> TV (0) -> Recorder 1 (1): feature abort ( 0)
2019-12-02 09:25:01.630 T:3658863488 DEBUG: Previous line repeats 1 times.
2019-12-02 09:25:01.630 T:3658863488 DEBUG: CecLogMessage - >> TV (0) -> Broadcast (F): set stream path (86)
2019-12-02 09:25:01.906 T:3658863488 DEBUG: CecLogMessage - >> 01:8f
2019-12-02 09:25:01.906 T:3658863488 DEBUG: CecLogMessage - << Recorder 1 (1) -> TV (0): on
2019-12-02 09:25:01.906 T:3658863488 DEBUG: CecLogMessage - << 10:90:00
2019-12-02 09:25:01.906 T:3658863488 DEBUG: CecLogMessage - >> TV (0) -> Recorder 1 (1): give device power status (8F)
2019-12-02 09:25:02.014 T:3658863488 DEBUG: CecLogMessage - >> 0f:86:10:00
2019-12-02 09:25:02.014 T:3658863488 DEBUG: CecLogMessage - >> TV (0) sets stream path to physical address 1000
2019-12-02 09:25:02.014 T:3658863488 DEBUG: CecLogMessage - Recorder 1 (1) was already marked as active source
2019-12-02 09:25:02.014 T:3658863488 DEBUG: CecLogMessage - >> source activated: Recorder 1 (1)
2019-12-02 09:25:02.014 T:3658863488 DEBUG: CecLogMessage - << Recorder 1 (1) -> broadcast (F): active source (1000)
2019-12-02 09:25:02.014 T:3658863488 DEBUG: CecLogMessage - << 1f:82:10:00
2019-12-02 09:25:02.014 T:3658863488 DEBUG: CecLogMessage - >> TV (0) -> Broadcast (F): set stream path (86)
2019-12-02 09:25:02.146 T:3658863488 DEBUG: CecLogMessage - << 10:8f
2019-12-02 09:25:02.226 T:3650470784 DEBUG: OpenConnection - connection to the CEC adapter opened
2019-12-02 09:25:02.226 T:3650470784 DEBUG: SetConfigurationFromLibCEC - settings updated by libCEC
2019-12-02 09:25:02.226 T:3658863488 DEBUG: CecLogMessage - expected response received (90: report power status)
2019-12-02 09:25:02.232 T:3586253696 DEBUG: Thread CECAdapterUpdate start, auto delete: false
2019-12-02 09:25:02.233 T:3658863488 DEBUG: CecLogMessage - Recorder 1 (1) was already marked as active source
2019-12-02 09:25:02.233 T:3658863488 DEBUG: CecLogMessage - >> source activated: Recorder 1 (1)
2019-12-02 09:25:02.233 T:3658863488 DEBUG: CecLogMessage - sending active source message for 'Recorder 1'
2019-12-02 09:25:02.233 T:3658863488 DEBUG: CecLogMessage - << powering on 'TV' (0)
2019-12-02 09:25:02.233 T:3658863488 DEBUG: CecLogMessage - 'image view on' is marked as unsupported feature for device 'TV'
2019-12-02 09:25:02.233 T:3658863488 DEBUG: CecLogMessage - << Recorder 1 (1) -> broadcast (F): active source (1000)
2019-12-02 09:25:02.234 T:3658863488 DEBUG: CecLogMessage - << 1f:82:10:00
2019-12-02 09:25:02.327 T:3658863488 DEBUG: CecLogMessage - >> 01:90:00
2019-12-02 09:25:02.327 T:3658863488 DEBUG: CecLogMessage - >> TV (0) -> Recorder 1 (1): report power status (90)
2019-12-02 09:25:02.474 T:3586253696 DEBUG: UpdateMenuLanguage - using TV menu language is disabled
2019-12-02 09:25:02.474 T:3658863488 DEBUG: CecLogMessage - << Recorder 1 (1) -> TV (0): menu state 'activated'
2019-12-02 09:25:02.474 T:3658863488 DEBUG: CecLogMessage - 'menu status' is marked as unsupported feature for device 'TV'
2019-12-02 09:25:02.474 T:3658863488 DEBUG: CecLogMessage - << Recorder 1 (1) -> Recorder 2 (2): POLL
2019-12-02 09:25:02.474 T:3658863488 DEBUG: CecLogMessage - << 12
2019-12-02 09:25:02.668 T:3658863488 WARNING: CecLogMessage - Write: write failed
2019-12-02 09:25:02.669 T:3658863488 DEBUG: CecLogMessage - << 12
2019-12-02 09:25:02.864 T:3658863488 WARNING: CecLogMessage - Write: write failed
2019-12-02 09:25:02.864 T:3658863488 DEBUG: CecLogMessage - >> POLL not sent
2019-12-02 09:25:02.864 T:3658863488 DEBUG: CecLogMessage - Recorder 2 (2): device status changed into 'not present'
2019-12-02 09:25:02.864 T:3658863488 DEBUG: CecLogMessage - << Recorder 1 (1) -> Tuner 1 (3): POLL
2019-12-02 09:25:02.864 T:3658863488 DEBUG: CecLogMessage - << 13
2019-12-02 09:25:03.060 T:3658863488 WARNING: CecLogMessage - Write: write failed
2019-12-02 09:25:03.060 T:3658863488 DEBUG: CecLogMessage - << 13
2019-12-02 09:25:03.256 T:3658863488 WARNING: CecLogMessage - Write: write failed
2019-12-02 09:25:03.256 T:3658863488 DEBUG: CecLogMessage - >> POLL not sent
2019-12-02 09:25:03.256 T:3658863488 DEBUG: CecLogMessage - Tuner 1 (3): device status changed into 'not present'
2019-12-02 09:25:03.256 T:3658863488 DEBUG: CecLogMessage - << Recorder 1 (1) -> Playback 1 (4): POLL
2019-12-02 09:25:03.256 T:3658863488 DEBUG: CecLogMessage - << 14
2019-12-02 09:25:03.313 T:3658863488 DEBUG: CecLogMessage - >> POLL sent
