2024-02-22 19:40:55.151 T:4966 info : Closing stream player 1
2024-02-22 19:40:55.151 T:4966 info : Waiting for audio thread to exit
2024-02-22 19:40:55.152 T:6375 info : thread end: CVideoPlayerAudio::OnExit()
2024-02-22 19:40:55.152 T:4966 info : Closing audio device
2024-02-22 19:40:55.152 T:4966 info : Deleting audio codec
2024-02-22 19:40:55.152 T:4966 info : Closing stream player 3
2024-02-22 19:40:55.157 T:4966 info : Closing stream player 4
2024-02-22 19:40:55.157 T:4966 info : waiting for teletext data thread to exit
2024-02-22 19:40:55.157 T:6376 info : thread end: data_thread
2024-02-22 19:40:55.169 T:1077 info : GLES: Selecting YUV 2 RGB shader
2024-02-22 19:40:55.192 T:1118 info : CActiveAESink::OpenSink - initialize sink
2024-02-22 19:40:55.395 T:1118 info : CAESinkALSA::Initialize - Configure simple control for "AUGESOUND"
2024-02-22 19:40:55.395 T:1118 info : CAESinkALSA - Use card "hw:0" and set codec format "2 CH PCM"
2024-02-22 19:40:55.425 T:1118 info : CAESinkALSA - Set Spdif to HDMITX to "Spdif_b"
2024-02-22 19:40:55.425 T:1118 info : CAESinkALSA - Set codec for "Audio spdif_b format"
2024-02-22 19:40:55.425 T:1118 info : CAESinkALSA - Set codec for "Audio I2S to HDMITX Format"
2024-02-22 19:40:55.425 T:1118 info : CAESinkALSA - Set codec for "Audio spdif format"
2024-02-22 19:40:55.426 T:1118 info : CAESinkALSA::Initialize - Attempting to open device "hdmi:CARD=AMLAUGESOUND,DEV=0"
2024-02-22 19:40:55.429 T:1118 info : CAESinkALSA::Initialize - Opened device "hdmi:CARD=AMLAUGESOUND,DEV=0,AES0=0x04,AES1=0x82,AES2=0x00,AES3=0x00"
2024-02-22 19:40:55.429 T:1118 info : CAESinkALSA::InitializeHW - Your hardware does not support AE_FMT_FLOAT, trying other formats
2024-02-22 19:40:55.430 T:1118 info : CAESinkALSA::InitializeHW - Using data format AE_FMT_S16NE
2024-02-22 19:40:55.627 T:1148 error : CCurlFile::CReadState::FillBuffer - (0x7f08e95090) Failed: Transferred a partial file(18)
2024-02-22 19:40:55.627 T:1148 error : [ script.embuary.helper ] Image error: Could not get image for image://pvrchannel_tv@http%3a%2f%2f127.0.0.1%3a9981%2fimagecache%2f3/ (try 2) -> [Errno 2] No such file or directory: '/storage/.kodi/userdata/addon_data/script.embuary.helper/img/tmp/9bdf55f9b7cbf74561de48543c0f86bb.jpg'
2024-02-22 19:40:56.130 T:1148 error : CCurlFile::CReadState::FillBuffer - (0x7f08e95090) Failed: Transferred a partial file(18)
2024-02-22 19:40:56.131 T:1148 error : [ script.embuary.helper ] Image error: Could not get image for image://pvrchannel_tv@http%3a%2f%2f127.0.0.1%3a9981%2fimagecache%2f3/ (try 3) -> [Errno 2] No such file or directory: '/storage/.kodi/userdata/addon_data/script.embuary.helper/img/tmp/9bdf55f9b7cbf74561de48543c0f86bb.jpg'
2024-02-22 19:40:56.947 T:1148 error : CCurlFile::CReadState::FillBuffer - (0x7f08fc9a80) Failed: Transferred a partial file(18)
2024-02-22 19:40:56.947 T:1148 error : [ script.embuary.helper ] Image error: Could not get image for image://pvrchannel_tv@http%3a%2f%2f127.0.0.1%3a9981%2fimagecache%2f3/ (try 1) -> [Errno 2] No such file or directory: '/storage/.kodi/userdata/addon_data/script.embuary.helper/img/tmp/9bdf55f9b7cbf74561de48543c0f86bb.jpg'
2024-02-22 19:40:57.450 T:1148 error : CCurlFile::CReadState::FillBuffer - (0x7f08fc9a80) Failed: Transferred a partial file(18)
2024-02-22 19:40:57.451 T:1148 error : [ script.embuary.helper ] Image error: Could not get image for image://pvrchannel_tv@http%3a%2f%2f127.0.0.1%3a9981%2fimagecache%2f3/ (try 2) -> [Errno 2] No such file or directory: '/storage/.kodi/userdata/addon_data/script.embuary.helper/img/tmp/9bdf55f9b7cbf74561de48543c0f86bb.jpg'
2024-02-22 19:40:57.954 T:1148 error : CCurlFile::CReadState::FillBuffer - (0x7f08fc9a80) Failed: Transferred a partial file(18)
2024-02-22 19:40:57.954 T:1148 error : [ script.embuary.helper ] Image error: Could not get image for image://pvrchannel_tv@http%3a%2f%2f127.0.0.1%3a9981%2fimagecache%2f3/ (try 3) -> [Errno 2] No such file or directory: '/storage/.kodi/userdata/addon_data/script.embuary.helper/img/tmp/9bdf55f9b7cbf74561de48543c0f86bb.jpg'
2024-02-22 19:40:58.458 T:1148 error : CCurlFile::CReadState::FillBuffer - (0x7f08fc9a80) Failed: Transferred a partial file(18)
2024-02-22 19:40:58.458 T:1148 error : [ script.embuary.helper ] Image error: Could not get image for image://pvrchannel_tv@http%3a%2f%2f127.0.0.1%3a9981%2fimagecache%2f3/ (try 1) -> [Errno 2] No such file or directory: '/storage/.kodi/userdata/addon_data/script.embuary.helper/img/tmp/9bdf55f9b7cbf74561de48543c0f86bb.jpg'
2024-02-22 19:40:58.961 T:1148 error : CCurlFile::CReadState::FillBuffer - (0x7f08fc9a80) Failed: Transferred a partial file(18)
2024-02-22 19:40:58.962 T:1148 error : [ script.embuary.helper ] Image error: Could not get image for image://pvrchannel_tv@http%3a%2f%2f127.0.0.1%3a9981%2fimagecache%2f3/ (try 2) -> [Errno 2] No such file or directory: '/storage/.kodi/userdata/addon_data/script.embuary.helper/img/tmp/9bdf55f9b7cbf74561de48543c0f86bb.jpg'
2024-02-22 19:40:59.465 T:1148 error : CCurlFile::CReadState::FillBuffer - (0x7f08fc9a80) Failed: Transferred a partial file(18)
2024-02-22 19:40:59.465 T:1148 error : [ script.embuary.helper ] Image error: Could not get image for image://pvrchannel_tv@http%3a%2f%2f127.0.0.1%3a9981%2fimagecache%2f3/ (try 3) -> [Errno 2] No such file or directory: '/storage/.kodi/userdata/addon_data/script.embuary.helper/img/tmp/9bdf55f9b7cbf74561de48543c0f86bb.jpg'
2024-02-22 19:40:59.969 T:1148 error : CCurlFile::CReadState::FillBuffer - (0x7f08fc9a80) Failed: Transferred a partial file(18)
2024-02-22 19:40:59.969 T:1148 error : [ script.embuary.helper ] Image error: Could not get image for image://pvrchannel_tv@http%3a%2f%2f127.0.0.1%3a9981%2fimagecache%2f3/ (try 1) -> [Errno 2] No such file or directory: '/storage/.kodi/userdata/addon_data/script.embuary.helper/img/tmp/9bdf55f9b7cbf74561de48543c0f86bb.jpg'
2024-02-22 19:41:00.472 T:1148 error : CCurlFile::CReadState::FillBuffer - (0x7f08fc9a80) Failed: Transferred a partial file(18)
2024-02-22 19:41:00.473 T:1148 error : [ script.embuary.helper ] Image error: Could not get image for image://pvrchannel_tv@http%3a%2f%2f127.0.0.1%3a9981%2fimagecache%2f3/ (try 2) -> [Errno 2] No such file or directory: '/storage/.kodi/userdata/addon_data/script.embuary.helper/img/tmp/9bdf55f9b7cbf74561de48543c0f86bb.jpg'
2024-02-22 19:41:00.976 T:1148 error : CCurlFile::CReadState::FillBuffer - (0x7f08fc9a80) Failed: Transferred a partial file(18)
2024-02-22 19:41:00.976 T:1148 error : [ script.embuary.helper ] Image error: Could not get image for image://pvrchannel_tv@http%3a%2f%2f127.0.0.1%3a9981%2fimagecache%2f3/ (try 3) -> [Errno 2] No such file or directory: '/storage/.kodi/userdata/addon_data/script.embuary.helper/img/tmp/9bdf55f9b7cbf74561de48543c0f86bb.jpg'
2024-02-22 19:41:01.405 T:5343 error : CCurlFile::CReadState::FillBuffer - (0x288cc690) Failed: Transferred a partial file(18)
2024-02-22 19:41:01.408 T:4832 error : CCurlFile::Open - Failed with code 404:
2024-02-22 19:41:01.480 T:1148 error : CCurlFile::CReadState::FillBuffer - (0x7f08fc9a80) Failed: Transferred a partial file(18)
2024-02-22 19:41:01.481 T:1148 error : [ script.embuary.helper ] Image error: Could not get image for image://pvrchannel_tv@http%3a%2f%2f127.0.0.1%3a9981%2fimagecache%2f3/ (try 1) -> [Errno 2] No such file or directory: '/storage/.kodi/userdata/addon_data/script.embuary.helper/img/tmp/9bdf55f9b7cbf74561de48543c0f86bb.jpg'
2024-02-22 19:41:01.984 T:1148 error : CCurlFile::CReadState::FillBuffer - (0x7f08fc9a80) Failed: Transferred a partial file(18)
2024-02-22 19:41:01.984 T:1148 error : [ script.embuary.helper ] Image error: Could not get image for image://pvrchannel_tv@http%3a%2f%2f127.0.0.1%3a9981%2fimagecache%2f3/ (try 2) -> [Errno 2] No such file or directory: '/storage/.kodi/userdata/addon_data/script.embuary.helper/img/tmp/9bdf55f9b7cbf74561de48543c0f86bb.jpg'
2024-02-22 19:41:02.487 T:1148 error : CCurlFile::CReadState::FillBuffer - (0x7f08fc9a80) Failed: Transferred a partial file(18)
2024-02-22 19:41:02.488 T:1148 error : [ script.embuary.helper ] Image error: Could not get image for image://pvrchannel_tv@http%3a%2f%2f127.0.0.1%3a9981%2fimagecache%2f3/ (try 3) -> [Errno 2] No such file or directory: '/storage/.kodi/userdata/addon_data/script.embuary.helper/img/tmp/9bdf55f9b7cbf74561de48543c0f86bb.jpg'
2024-02-22 19:41:02.621 T:4832 error : CCurlFile::CReadState::FillBuffer - (0x7f4c0cc980) Failed: Transferred a partial file(18)
2024-02-22 19:41:02.623 T:4831 error : CCurlFile::Open - Failed with code 404:
2024-02-22 19:41:02.710 T:1154 info : [script.module.pvr.artwork] fetch data from cache: script.module.pvr.artwork.1.0.9.viaplay 2 hd
2024-02-22 19:41:02.994 T:1148 error : CCurlFile::CReadState::FillBuffer - (0x7f08fc9a80) Failed: Transferred a partial file(18)
2024-02-22 19:41:02.994 T:1148 error : [ script.embuary.helper ] Image error: Could not get image for image://pvrchannel_tv@http%3a%2f%2f127.0.0.1%3a9981%2fimagecache%2f3/ (try 1) -> [Errno 2] No such file or directory: '/storage/.kodi/userdata/addon_data/script.embuary.helper/img/tmp/9bdf55f9b7cbf74561de48543c0f86bb.jpg'
2024-02-22 19:41:03.497 T:1148 error : CCurlFile::CReadState::FillBuffer - (0x7f08fc9a80) Failed: Transferred a partial file(18)
2024-02-22 19:41:03.497 T:1148 error : [ script.embuary.helper ] Image error: Could not get image for image://pvrchannel_tv@http%3a%2f%2f127.0.0.1%3a9981%2fimagecache%2f3/ (try 2) -> [Errno 2] No such file or directory: '/storage/.kodi/userdata/addon_data/script.embuary.helper/img/tmp/9bdf55f9b7cbf74561de48543c0f86bb.jpg'
2024-02-22 19:41:03.981 T:1077 info : VideoPlayer::OpenFile: pvr://channels/tv/%20ASTRA%202A%2f2C%2f2E%2f2F%2028.5E@2025648334/1@pvr.hts_1072298365.pvr
2024-02-22 19:41:04.001 T:1148 error : CCurlFile::CReadState::FillBuffer - (0x7f08fc9a80) Failed: Transferred a partial file(18)
2024-02-22 19:41:04.001 T:1148 error : [ script.embuary.helper ] Image error: Could not get image for image://pvrchannel_tv@http%3a%2f%2f127.0.0.1%3a9981%2fimagecache%2f3/ (try 3) -> [Errno 2] No such file or directory: '/storage/.kodi/userdata/addon_data/script.embuary.helper/img/tmp/9bdf55f9b7cbf74561de48543c0f86bb.jpg'
2024-02-22 19:41:04.071 T:4966 warning : CDVDMessageQueue(audio)::Put MSGQ_NOT_INITIALIZED
2024-02-22 19:41:04.071 T:4966 warning : CDVDMessageQueue(video)::Put MSGQ_NOT_INITIALIZED
2024-02-22 19:41:04.071 T:4966 warning : CDVDMessageQueue(audio)::Put MSGQ_NOT_INITIALIZED
2024-02-22 19:41:04.071 T:4966 warning : CDVDMessageQueue(video)::Put MSGQ_NOT_INITIALIZED
2024-02-22 19:41:04.184 T:4833 error : CCurlFile::Open - Failed with code 404:
2024-02-22 19:41:04.226 T:1148 info : Skipped 1 duplicate messages..
2024-02-22 19:41:04.226 T:1148 error : [ script.embuary.helper ] Image error: Could not get image for image://pvrchannel_tv@http%3a%2f%2f127.0.0.1%3a9981%2fimagecache%2f1638/ (try 1) -> [Errno 2] No such file or directory: '/storage/.kodi/userdata/addon_data/script.embuary.helper/img/tmp/4dfaf9fcce2192904357987caf017724.jpg'
2024-02-22 19:41:04.245 T:1154 info : [script.module.pvr.artwork] fetch data from cache: script.module.pvr.artwork.1.0.9.videoplayer.label
2024-02-22 19:41:04.729 T:1148 error : CCurlFile::Open - Failed with code 404:
2024-02-22 19:41:04.729 T:1148 error : [ script.embuary.helper ] Image error: Could not get image for image://pvrchannel_tv@http%3a%2f%2f127.0.0.1%3a9981%2fimagecache%2f1638/ (try 2) -> [Errno 2] No such file or directory: '/storage/.kodi/userdata/addon_data/script.embuary.helper/img/tmp/4dfaf9fcce2192904357987caf017724.jpg'
2024-02-22 19:41:05.072 T:4966 info : Creating InputStream
2024-02-22 19:41:05.075 T:4966 info : Creating Demuxer
2024-02-22 19:41:05.086 T:1077 info : GLES: Selecting YUV 2 RGB shader
2024-02-22 19:41:05.350 T:1148 error : CCurlFile::Open - Failed with code 404:
2024-02-22 19:41:05.351 T:1148 error : [ script.embuary.helper ] Image error: Could not get image for image://pvrchannel_tv@http%3a%2f%2f127.0.0.1%3a9981%2fimagecache%2f1638/ (try 3) -> [Errno 2] No such file or directory: '/storage/.kodi/userdata/addon_data/script.embuary.helper/img/tmp/4dfaf9fcce2192904357987caf017724.jpg'
2024-02-22 19:41:06.426 T:1148 error : CCurlFile::CReadState::FillBuffer - (0x7f08e95090) Failed: Transferred a partial file(18)
2024-02-22 19:41:06.427 T:1148 error : [ script.embuary.helper ] Image error: Could not get image for image://pvrchannel_tv@http%3a%2f%2f127.0.0.1%3a9981%2fimagecache%2f3/ (try 3) -> [Errno 2] No such file or directory: '/storage/.kodi/userdata/addon_data/script.embuary.helper/img/tmp/9bdf55f9b7cbf74561de48543c0f86bb.jpg'
2024-02-22 19:41:06.931 T:1148 error : CCurlFile::Open - Failed with code 404:
2024-02-22 19:41:06.931 T:1148 error : [ script.embuary.helper ] Image error: Could not get image for image://pvrchannel_tv@http%3a%2f%2f127.0.0.1%3a9981%2fimagecache%2f1638/ (try 1) -> [Errno 2] No such file or directory: '/storage/.kodi/userdata/addon_data/script.embuary.helper/img/tmp/4dfaf9fcce2192904357987caf017724.jpg'
2024-02-22 19:41:07.435 T:1148 error : CCurlFile::Open - Failed with code 404:
2024-02-22 19:41:07.435 T:1148 error : [ script.embuary.helper ] Image error: Could not get image for image://pvrchannel_tv@http%3a%2f%2f127.0.0.1%3a9981%2fimagecache%2f1638/ (try 2) -> [Errno 2] No such file or directory: '/storage/.kodi/userdata/addon_data/script.embuary.helper/img/tmp/4dfaf9fcce2192904357987caf017724.jpg'
2024-02-22 19:41:07.938 T:1148 error : CCurlFile::Open - Failed with code 404:
2024-02-22 19:41:07.939 T:1148 error : [ script.embuary.helper ] Image error: Could not get image for image://pvrchannel_tv@http%3a%2f%2f127.0.0.1%3a9981%2fimagecache%2f1638/ (try 3) -> [Errno 2] No such file or directory: '/storage/.kodi/userdata/addon_data/script.embuary.helper/img/tmp/4dfaf9fcce2192904357987caf017724.jpg'
2024-02-22 19:41:08.444 T:1148 error : CCurlFile::Open - Failed with code 404:
2024-02-22 19:41:08.445 T:1148 error : [ script.embuary.helper ] Image error: Could not get image for image://pvrchannel_tv@http%3a%2f%2f127.0.0.1%3a9981%2fimagecache%2f1638/ (try 1) -> [Errno 2] No such file or directory: '/storage/.kodi/userdata/addon_data/script.embuary.helper/img/tmp/4dfaf9fcce2192904357987caf017724.jpg'
2024-02-22 19:41:08.948 T:1148 error : CCurlFile::Open - Failed with code 404:
2024-02-22 19:41:08.949 T:1148 error : [ script.embuary.helper ] Image error: Could not get image for image://pvrchannel_tv@http%3a%2f%2f127.0.0.1%3a9981%2fimagecache%2f1638/ (try 2) -> [Errno 2] No such file or directory: '/storage/.kodi/userdata/addon_data/script.embuary.helper/img/tmp/4dfaf9fcce2192904357987caf017724.jpg'
2024-02-22 19:41:09.452 T:1148 error : CCurlFile::Open - Failed with code 404:
2024-02-22 19:41:09.452 T:1148 error : [ script.embuary.helper ] Image error: Could not get image for image://pvrchannel_tv@http%3a%2f%2f127.0.0.1%3a9981%2fimagecache%2f1638/ (try 3) -> [Errno 2] No such file or directory: '/storage/.kodi/userdata/addon_data/script.embuary.helper/img/tmp/4dfaf9fcce2192904357987caf017724.jpg'
2024-02-22 19:41:09.956 T:1148 error : CCurlFile::Open - Failed with code 404:
2024-02-22 19:41:09.957 T:1148 error : [ script.embuary.helper ] Image error: Could not get image for image://pvrchannel_tv@http%3a%2f%2f127.0.0.1%3a9981%2fimagecache%2f1638/ (try 1) -> [Errno 2] No such file or directory: '/storage/.kodi/userdata/addon_data/script.embuary.helper/img/tmp/4dfaf9fcce2192904357987caf017724.jpg'
2024-02-22 19:41:10.460 T:1148 error : CCurlFile::Open - Failed with code 404:
2024-02-22 19:41:10.461 T:1148 error : [ script.embuary.helper ] Image error: Could not get image for image://pvrchannel_tv@http%3a%2f%2f127.0.0.1%3a9981%2fimagecache%2f1638/ (try 2) -> [Errno 2] No such file or directory: '/storage/.kodi/userdata/addon_data/script.embuary.helper/img/tmp/4dfaf9fcce2192904357987caf017724.jpg'
2024-02-22 19:41:10.964 T:1148 error : CCurlFile::Open - Failed with code 404:
2024-02-22 19:41:10.964 T:1148 error : [ script.embuary.helper ] Image error: Could not get image for image://pvrchannel_tv@http%3a%2f%2f127.0.0.1%3a9981%2fimagecache%2f1638/ (try 3) -> [Errno 2] No such file or directory: '/storage/.kodi/userdata/addon_data/script.embuary.helper/img/tmp/4dfaf9fcce2192904357987caf017724.jpg'
2024-02-22 19:41:11.469 T:1148 error : CCurlFile::Open - Failed with code 404:
2024-02-22 19:41:11.469 T:1148 error : [ script.embuary.helper ] Image error: Could not get image for image://pvrchannel_tv@http%3a%2f%2f127.0.0.1%3a9981%2fimagecache%2f1638/ (try 1) -> [Errno 2] No such file or directory: '/storage/.kodi/userdata/addon_data/script.embuary.helper/img/tmp/4dfaf9fcce2192904357987caf017724.jpg'
2024-02-22 19:41:11.973 T:1148 error : CCurlFile::Open - Failed with code 404:
2024-02-22 19:41:11.975 T:1148 error : [ script.embuary.helper ] Image error: Could not get image for image://pvrchannel_tv@http%3a%2f%2f127.0.0.1%3a9981%2fimagecache%2f1638/ (try 2) -> [Errno 2] No such file or directory: '/storage/.kodi/userdata/addon_data/script.embuary.helper/img/tmp/4dfaf9fcce2192904357987caf017724.jpg'
2024-02-22 19:41:12.479 T:1148 error : CCurlFile::Open - Failed with code 404:
2024-02-22 19:41:12.479 T:1148 error : [ script.embuary.helper ] Image error: Could not get image for image://pvrchannel_tv@http%3a%2f%2f127.0.0.1%3a9981%2fimagecache%2f1638/ (try 3) -> [Errno 2] No such file or directory: '/storage/.kodi/userdata/addon_data/script.embuary.helper/img/tmp/4dfaf9fcce2192904357987caf017724.jpg'
2024-02-22 19:41:12.746 T:4832 error : CCurlFile::CReadState::FillBuffer - (0x7f4c0cc980) Failed: Transferred a partial file(18)
2024-02-22 19:41:12.748 T:5343 error : CCurlFile::Open - Failed with code 404:
2024-02-22 19:41:12.851 T:1154 info : [script.module.pvr.artwork] fetch data from cache: script.module.pvr.artwork.1.0.9.viaplay 2 hd
2024-02-22 19:41:12.983 T:1148 error : CCurlFile::CReadState::FillBuffer - (0x7f08e65d80) Failed: Transferred a partial file(18)
2024-02-22 19:41:12.983 T:1148 error : [ script.embuary.helper ] Image error: Could not get image for image://pvrchannel_tv@http%3a%2f%2f127.0.0.1%3a9981%2fimagecache%2f3/ (try 2) -> [Errno 2] No such file or directory: '/storage/.kodi/userdata/addon_data/script.embuary.helper/img/tmp/9bdf55f9b7cbf74561de48543c0f86bb.jpg'
2024-02-22 19:41:13.486 T:1148 error : CCurlFile::CReadState::FillBuffer - (0x7f08e65d80) Failed: Transferred a partial file(18)
2024-02-22 19:41:13.487 T:1148 error : [ script.embuary.helper ] Image error: Could not get image for image://pvrchannel_tv@http%3a%2f%2f127.0.0.1%3a9981%2fimagecache%2f3/ (try 3) -> [Errno 2] No such file or directory: '/storage/.kodi/userdata/addon_data/script.embuary.helper/img/tmp/9bdf55f9b7cbf74561de48543c0f86bb.jpg'
2024-02-22 19:41:13.830 T:5343 error : CCurlFile::CReadState::FillBuffer - (0x288cc690) Failed: Transferred a partial file(18)
2024-02-22 19:41:13.832 T:4833 error : CCurlFile::Open - Failed with code 404:
2024-02-22 19:41:13.867 T:1154 info : [script.module.pvr.artwork] fetch data from cache: script.module.pvr.artwork.1.0.9.xxxpublicpikups
2024-02-22 19:41:13.992 T:1148 error : CCurlFile::Open - Failed with code 404:
2024-02-22 19:41:13.992 T:1148 error : [ script.embuary.helper ] Image error: Could not get image for image://pvrchannel_tv@http%3a%2f%2f127.0.0.1%3a9981%2fimagecache%2f1638/ (try 1) -> [Errno 2] No such file or directory: '/storage/.kodi/userdata/addon_data/script.embuary.helper/img/tmp/4dfaf9fcce2192904357987caf017724.jpg'
2024-02-22 19:41:14.150 T:5343 error : CCurlFile::CReadState::FillBuffer - (0x288cc690) Failed: Transferred a partial file(18)
2024-02-22 19:41:14.394 T:4841 error : CCurlFile::CReadState::FillBuffer - (0x7f60173710) Failed: Transferred a partial file(18)
2024-02-22 19:41:14.495 T:1148 error : CCurlFile::Open - Failed with code 404:
2024-02-22 19:41:14.496 T:1148 error : [ script.embuary.helper ] Image error: Could not get image for image://pvrchannel_tv@http%3a%2f%2f127.0.0.1%3a9981%2fimagecache%2f1638/ (try 2) -> [Errno 2] No such file or directory: '/storage/.kodi/userdata/addon_data/script.embuary.helper/img/tmp/4dfaf9fcce2192904357987caf017724.jpg'
2024-02-22 19:41:14.670 T:4833 error : CCurlFile::CReadState::FillBuffer - (0x7f48051980) Failed: Transferred a partial file(18)
2024-02-22 19:41:14.909 T:4831 error : CCurlFile::CReadState::FillBuffer - (0x7f30059cd0) Failed: Transferred a partial file(18)
2024-02-22 19:41:14.999 T:1148 error : CCurlFile::Open - Failed with code 404:
2024-02-22 19:41:14.999 T:1148 error : [ script.embuary.helper ] Image error: Could not get image for image://pvrchannel_tv@http%3a%2f%2f127.0.0.1%3a9981%2fimagecache%2f1638/ (try 3) -> [Errno 2] No such file or directory: '/storage/.kodi/userdata/addon_data/script.embuary.helper/img/tmp/4dfaf9fcce2192904357987caf017724.jpg'
2024-02-22 19:41:15.170 T:5343 error : CCurlFile::CReadState::FillBuffer - (0x288cc690) Failed: Transferred a partial file(18)
2024-02-22 19:41:15.503 T:1148 error : CCurlFile::Open - Failed with code 404:
2024-02-22 19:41:15.504 T:1148 error : [ script.embuary.helper ] Image error: Could not get image for image://pvrchannel_tv@http%3a%2f%2f127.0.0.1%3a9981%2fimagecache%2f1638/ (try 1) -> [Errno 2] No such file or directory: '/storage/.kodi/userdata/addon_data/script.embuary.helper/img/tmp/4dfaf9fcce2192904357987caf017724.jpg'
2024-02-22 19:41:16.008 T:1148 error : CCurlFile::Open - Failed with code 404:
2024-02-22 19:41:16.009 T:1148 error : [ script.embuary.helper ] Image error: Could not get image for image://pvrchannel_tv@http%3a%2f%2f127.0.0.1%3a9981%2fimagecache%2f1638/ (try 2) -> [Errno 2] No such file or directory: '/storage/.kodi/userdata/addon_data/script.embuary.helper/img/tmp/4dfaf9fcce2192904357987caf017724.jpg'
2024-02-22 19:41:16.431 T:1154 info : [script.module.pvr.artwork] fetch data from cache: script.module.pvr.artwork.1.0.9.videoplayer.label
2024-02-22 19:41:16.462 T:1077 info : VideoPlayer::OpenFile: pvr://channels/tv/%20ASTRA%202A%2f2C%2f2E%2f2F%2028.5E@2025648334/1@pvr.hts_783491543.pvr
2024-02-22 19:41:16.491 T:4966 warning : CDVDMessageQueue(audio)::Put MSGQ_NOT_INITIALIZED
2024-02-22 19:41:16.492 T:4966 warning : CDVDMessageQueue(video)::Put MSGQ_NOT_INITIALIZED
2024-02-22 19:41:16.492 T:4966 warning : CDVDMessageQueue(audio)::Put MSGQ_NOT_INITIALIZED
2024-02-22 19:41:16.492 T:4966 warning : CDVDMessageQueue(video)::Put MSGQ_NOT_INITIALIZED
2024-02-22 19:41:16.512 T:1148 error : CCurlFile::Open - Failed with code 404:
2024-02-22 19:41:16.512 T:1148 error : [ script.embuary.helper ] Image error: Could not get image for image://pvrchannel_tv@http%3a%2f%2f127.0.0.1%3a9981%2fimagecache%2f1638/ (try 3) -> [Errno 2] No such file or directory: '/storage/.kodi/userdata/addon_data/script.embuary.helper/img/tmp/4dfaf9fcce2192904357987caf017724.jpg'
2024-02-22 19:41:16.604 T:5343 error : CCurlFile::CReadState::FillBuffer - (0x288cc690) Failed: Transferred a partial file(18)
2024-02-22 19:41:16.624 T:1148 error : CCurlFile::CReadState::FillBuffer - (0x269d5220) Failed: Transferred a partial file(18)
2024-02-22 19:41:16.625 T:1148 error : [ script.embuary.helper ] Image error: Could not get image for image://pvrchannel_tv@http%3a%2f%2f127.0.0.1%3a9981%2fimagecache%2f3/ (try 1) -> [Errno 2] No such file or directory: '/storage/.kodi/userdata/addon_data/script.embuary.helper/img/tmp/9bdf55f9b7cbf74561de48543c0f86bb.jpg'
2024-02-22 19:41:16.944 T:1154 info : [script.module.pvr.artwork] fetch data from cache: script.module.pvr.artwork.1.0.9.videoplayer.label
2024-02-22 19:41:17.145 T:1148 error : CCurlFile::CReadState::FillBuffer - (0x269d5220) Failed: Transferred a partial file(18)
2024-02-22 19:41:17.146 T:1148 error : [ script.embuary.helper ] Image error: Could not get image for image://pvrchannel_tv@http%3a%2f%2f127.0.0.1%3a9981%2fimagecache%2f3/ (try 2) -> [Errno 2] No such file or directory: '/storage/.kodi/userdata/addon_data/script.embuary.helper/img/tmp/9bdf55f9b7cbf74561de48543c0f86bb.jpg'
2024-02-22 19:41:17.492 T:4966 info : Creating InputStream
2024-02-22 19:41:17.496 T:4966 info : Creating Demuxer
2024-02-22 19:41:17.510 T:1077 info : GLES: Selecting YUV 2 RGB shader
2024-02-22 19:41:17.738 T:1148 error : CCurlFile::CReadState::FillBuffer - (0x269d5220) Failed: Transferred a partial file(18)
2024-02-22 19:41:17.739 T:1148 error : [ script.embuary.helper ] Image error: Could not get image for image://pvrchannel_tv@http%3a%2f%2f127.0.0.1%3a9981%2fimagecache%2f3/ (try 3) -> [Errno 2] No such file or directory: '/storage/.kodi/userdata/addon_data/script.embuary.helper/img/tmp/9bdf55f9b7cbf74561de48543c0f86bb.jpg'
2024-02-22 19:41:18.534 T:1148 error : CCurlFile::CReadState::FillBuffer - (0x7f48014280) Failed: Transferred a partial file(18)
2024-02-22 19:41:18.535 T:1148 error : [ script.embuary.helper ] Image error: Could not get image for image://pvrchannel_tv@http%3a%2f%2f127.0.0.1%3a9981%2fimagecache%2f3/ (try 1) -> [Errno 2] No such file or directory: '/storage/.kodi/userdata/addon_data/script.embuary.helper/img/tmp/9bdf55f9b7cbf74561de48543c0f86bb.jpg'
2024-02-22 19:41:19.037 T:1148 error : CCurlFile::CReadState::FillBuffer - (0x7f48014280) Failed: Transferred a partial file(18)
2024-02-22 19:41:19.038 T:1148 error : [ script.embuary.helper ] Image error: Could not get image for image://pvrchannel_tv@http%3a%2f%2f127.0.0.1%3a9981%2fimagecache%2f3/ (try 2) -> [Errno 2] No such file or directory: '/storage/.kodi/userdata/addon_data/script.embuary.helper/img/tmp/9bdf55f9b7cbf74561de48543c0f86bb.jpg'
2024-02-22 19:41:19.265 T:1154 info : [script.module.pvr.artwork] fetch data from cache: script.module.pvr.artwork.1.0.9.adult nightly bundle
2024-02-22 19:41:19.541 T:1148 error : CCurlFile::CReadState::FillBuffer - (0x7f48014280) Failed: Transferred a partial file(18)
2024-02-22 19:41:19.542 T:1148 error : [ script.embuary.helper ] Image error: Could not get image for image://pvrchannel_tv@http%3a%2f%2f127.0.0.1%3a9981%2fimagecache%2f3/ (try 3) -> [Errno 2] No such file or directory: '/storage/.kodi/userdata/addon_data/script.embuary.helper/img/tmp/9bdf55f9b7cbf74561de48543c0f86bb.jpg'
2024-02-22 19:41:20.045 T:1148 error : CCurlFile::CReadState::FillBuffer - (0x7f48014280) Failed: Transferred a partial file(18)
2024-02-22 19:41:20.046 T:1148 error : [ script.embuary.helper ] Image error: Could not get image for image://pvrchannel_tv@http%3a%2f%2f127.0.0.1%3a9981%2fimagecache%2f3/ (try 1) -> [Errno 2] No such file or directory: '/storage/.kodi/userdata/addon_data/script.embuary.helper/img/tmp/9bdf55f9b7cbf74561de48543c0f86bb.jpg'
2024-02-22 19:41:20.565 T:1148 error : CCurlFile::CReadState::FillBuffer - (0x7f48014280) Failed: Transferred a partial file(18)
2024-02-22 19:41:20.566 T:1148 error : [ script.embuary.helper ] Image error: Could not get image for image://pvrchannel_tv@http%3a%2f%2f127.0.0.1%3a9981%2fimagecache%2f3/ (try 2) -> [Errno 2] No such file or directory: '/storage/.kodi/userdata/addon_data/script.embuary.helper/img/tmp/9bdf55f9b7cbf74561de48543c0f86bb.jpg'
2024-02-22 19:41:21.069 T:1148 error : CCurlFile::CReadState::FillBuffer - (0x7f48014280) Failed: Transferred a partial file(18)
2024-02-22 19:41:21.069 T:1148 error : [ script.embuary.helper ] Image error: Could not get image for image://pvrchannel_tv@http%3a%2f%2f127.0.0.1%3a9981%2fimagecache%2f3/ (try 3) -> [Errno 2] No such file or directory: '/storage/.kodi/userdata/addon_data/script.embuary.helper/img/tmp/9bdf55f9b7cbf74561de48543c0f86bb.jpg'
2024-02-22 19:41:25.068 T:4832 error : CCurlFile::CReadState::FillBuffer - (0x7f4c127f30) Failed: Transferred a partial file(18)
2024-02-22 19:41:25.078 T:4832 error : CCurlFile::Open - Failed with code 404:
2024-02-22 19:41:25.599 T:1154 info : [script.module.pvr.artwork] fetch data from cache: script.module.pvr.artwork.1.0.9.utsav bharat
2024-02-22 19:41:25.602 T:4833 error : CCurlFile::CReadState::FillBuffer - (0x7f48051980) Failed: Transferred a partial file(18)
2024-02-22 19:41:27.022 T:1077 info : Skipped 1 duplicate messages..
2024-02-22 19:41:27.022 T:1077 info : VideoPlayer::OpenFile: pvr://channels/tv/%20ASTRA%202A%2f2C%2f2E%2f2F%2028.5E@2025648334/1@pvr.hts_510328141.pvr
2024-02-22 19:41:27.109 T:4966 warning : CDVDMessageQueue(audio)::Put MSGQ_NOT_INITIALIZED
2024-02-22 19:41:27.109 T:4966 warning : CDVDMessageQueue(video)::Put MSGQ_NOT_INITIALIZED
2024-02-22 19:41:27.109 T:4966 warning : CDVDMessageQueue(audio)::Put MSGQ_NOT_INITIALIZED
2024-02-22 19:41:27.109 T:4966 warning : CDVDMessageQueue(video)::Put MSGQ_NOT_INITIALIZED
2024-02-22 19:41:27.173 T:1154 info : [script.module.pvr.artwork] no results in local databases
2024-02-22 19:41:27.204 T:1148 error : CCurlFile::CReadState::FillBuffer - (0x7f48014280) Failed: Transferred a partial file(18)
2024-02-22 19:41:27.205 T:1148 error : [ script.embuary.helper ] Image error: Could not get image for image://pvrchannel_tv@http%3a%2f%2f127.0.0.1%3a9981%2fimagecache%2f3/ (try 1) -> [Errno 2] No such file or directory: '/storage/.kodi/userdata/addon_data/script.embuary.helper/img/tmp/9bdf55f9b7cbf74561de48543c0f86bb.jpg'
2024-02-22 19:41:27.225 T:4831 error : CCurlFile::CReadState::FillBuffer - (0x7f300ce7c0) Failed: Transferred a partial file(18)
2024-02-22 19:41:27.708 T:1148 error : CCurlFile::CReadState::FillBuffer - (0x7f48014280) Failed: Transferred a partial file(18)
2024-02-22 19:41:27.708 T:1148 error : [ script.embuary.helper ] Image error: Could not get image for image://pvrchannel_tv@http%3a%2f%2f127.0.0.1%3a9981%2fimagecache%2f3/ (try 2) -> [Errno 2] No such file or directory: '/storage/.kodi/userdata/addon_data/script.embuary.helper/img/tmp/9bdf55f9b7cbf74561de48543c0f86bb.jpg'
2024-02-22 19:41:28.110 T:4966 info : Creating InputStream
2024-02-22 19:41:28.113 T:4966 info : Creating Demuxer
2024-02-22 19:41:28.127 T:1077 info : GLES: Selecting YUV 2 RGB shader
2024-02-22 19:41:28.355 T:1148 error : CCurlFile::CReadState::FillBuffer - (0x7f48014280) Failed: Transferred a partial file(18)
2024-02-22 19:41:28.355 T:1148 error : [ script.embuary.helper ] Image error: Could not get image for image://pvrchannel_tv@http%3a%2f%2f127.0.0.1%3a9981%2fimagecache%2f3/ (try 3) -> [Errno 2] No such file or directory: '/storage/.kodi/userdata/addon_data/script.embuary.helper/img/tmp/9bdf55f9b7cbf74561de48543c0f86bb.jpg'
2024-02-22 19:41:42.807 T:5343 error : CCurlFile::CReadState::FillBuffer - (0x288cc690) Failed: Transferred a partial file(18)
2024-02-22 19:41:43.451 T:1154 info : [script.module.pvr.artwork] fetch data from cache: script.module.pvr.artwork.1.0.9.tvx 40+
2024-02-22 19:41:43.453 T:4841 error : CCurlFile::CReadState::FillBuffer - (0x7f601cde20) Failed: Transferred a partial file(18)
2024-02-22 19:41:44.369 T:5343 error : CCurlFile::CReadState::FillBuffer - (0x288cc690) Failed: Transferred a partial file(18)
2024-02-22 19:41:45.082 T:4831 error : CCurlFile::CReadState::FillBuffer - (0x7f300ce7c0) Failed: Transferred a partial file(18)
2024-02-22 19:41:45.415 T:4841 error : CCurlFile::CReadState::FillBuffer - (0x7f601cde20) Failed: Transferred a partial file(18)
2024-02-22 19:41:45.510 T:1154 info : [script.module.pvr.artwork] fetch data from cache: script.module.pvr.artwork.1.0.9.tv one
2024-02-22 19:41:45.711 T:5343 error : CCurlFile::CReadState::FillBuffer - (0x288cc690) Failed: Transferred a partial file(18)
2024-02-22 19:41:46.193 T:4831 error : CCurlFile::CReadState::FillBuffer - (0x7f300ce7c0) Failed: Transferred a partial file(18)
2024-02-22 19:41:46.351 T:4841 error : CCurlFile::CReadState::FillBuffer - (0x7f601cde20) Failed: Transferred a partial file(18)
2024-02-22 19:41:46.412 T:4833 error : CCurlFile::CReadState::FillBuffer - (0x7f48051980) Failed: Transferred a partial file(18)
2024-02-22 19:41:46.592 T:4831 info : Skipped 1 duplicate messages..
2024-02-22 19:41:46.592 T:4831 error : CCurlFile::CReadState::FillBuffer - (0x7f300ce7c0) Failed: Transferred a partial file(18)
2024-02-22 19:41:46.671 T:4841 error : CCurlFile::CReadState::FillBuffer - (0x7f601cde20) Failed: Transferred a partial file(18)
2024-02-22 19:41:46.751 T:4833 error : CCurlFile::CReadState::FillBuffer - (0x7f48051980) Failed: Transferred a partial file(18)
2024-02-22 19:41:46.833 T:4841 error : CCurlFile::CReadState::FillBuffer - (0x7f601cde20) Failed: Transferred a partial file(18)
2024-02-22 19:41:46.912 T:5343 error : CCurlFile::CReadState::FillBuffer - (0x288cc690) Failed: Transferred a partial file(18)
2024-02-22 19:41:46.993 T:4833 error : CCurlFile::CReadState::FillBuffer - (0x7f48051980) Failed: Transferred a partial file(18)
2024-02-22 19:41:47.075 T:4831 error : CCurlFile::CReadState::FillBuffer - (0x7f300ce7c0) Failed: Transferred a partial file(18)
2024-02-22 19:41:47.153 T:5343 error : CCurlFile::CReadState::FillBuffer - (0x288cc690) Failed: Transferred a partial file(18)
2024-02-22 19:41:47.232 T:4832 error : CCurlFile::CReadState::FillBuffer - (0x7f4c15d630) Failed: Transferred a partial file(18)
2024-02-22 19:41:47.312 T:4831 error : CCurlFile::CReadState::FillBuffer - (0x7f300ce7c0) Failed: Transferred a partial file(18)
2024-02-22 19:41:47.433 T:5343 error : CCurlFile::CReadState::FillBuffer - (0x288cc690) Failed: Transferred a partial file(18)
2024-02-22 19:41:48.104 T:1154 info : [script.module.pvr.artwork] fetch data from cache: script.module.pvr.artwork.1.0.9.euronews now
2024-02-22 19:41:48.302 T:1077 info : VideoPlayer::OpenFile: pvr://channels/tv/%20ASTRA%202A%2f2C%2f2E%2f2F%2028.5E@2025648334/1@pvr.hts_1519475582.pvr
2024-02-22 19:41:48.341 T:4966 warning : CDVDMessageQueue(audio)::Put MSGQ_NOT_INITIALIZED
2024-02-22 19:41:48.341 T:4966 warning : CDVDMessageQueue(video)::Put MSGQ_NOT_INITIALIZED
2024-02-22 19:41:48.341 T:4966 warning : CDVDMessageQueue(audio)::Put MSGQ_NOT_INITIALIZED
2024-02-22 19:41:48.341 T:4966 warning : CDVDMessageQueue(video)::Put MSGQ_NOT_INITIALIZED
2024-02-22 19:41:48.446 T:1148 error : CCurlFile::CReadState::FillBuffer - (0x7f08b57b00) Failed: Transferred a partial file(18)
2024-02-22 19:41:48.447 T:1148 error : [ script.embuary.helper ] Image error: Could not get image for image://pvrchannel_tv@http%3a%2f%2f127.0.0.1%3a9981%2fimagecache%2f3/ (try 1) -> [Errno 2] No such file or directory: '/storage/.kodi/userdata/addon_data/script.embuary.helper/img/tmp/9bdf55f9b7cbf74561de48543c0f86bb.jpg'
2024-02-22 19:41:48.465 T:4841 error : CCurlFile::CReadState::FillBuffer - (0x7f601cde20) Failed: Transferred a partial file(18)
2024-02-22 19:41:48.950 T:1148 error : CCurlFile::CReadState::FillBuffer - (0x7f08b57b00) Failed: Transferred a partial file(18)
2024-02-22 19:41:48.950 T:1148 error : [ script.embuary.helper ] Image error: Could not get image for image://pvrchannel_tv@http%3a%2f%2f127.0.0.1%3a9981%2fimagecache%2f3/ (try 2) -> [Errno 2] No such file or directory: '/storage/.kodi/userdata/addon_data/script.embuary.helper/img/tmp/9bdf55f9b7cbf74561de48543c0f86bb.jpg'
2024-02-22 19:41:49.342 T:4966 info : Creating InputStream
2024-02-22 19:41:49.344 T:4966 info : Creating Demuxer
2024-02-22 19:41:49.348 T:1077 info : GLES: Selecting YUV 2 RGB shader
2024-02-22 19:41:49.587 T:1148 error : CCurlFile::CReadState::FillBuffer - (0x7f08b57b00) Failed: Transferred a partial file(18)
2024-02-22 19:41:49.587 T:1148 error : [ script.embuary.helper ] Image error: Could not get image for image://pvrchannel_tv@http%3a%2f%2f127.0.0.1%3a9981%2fimagecache%2f3/ (try 3) -> [Errno 2] No such file or directory: '/storage/.kodi/userdata/addon_data/script.embuary.helper/img/tmp/9bdf55f9b7cbf74561de48543c0f86bb.jpg'
2024-02-22 19:41:50.159 T:4966 info : Opening stream: 1001 source: 256
2024-02-22 19:41:50.159 T:4966 error : OpenStream: Codec id 2 require extradata.
2024-02-22 19:41:50.159 T:4966 warning : OpenStream - Unsupported stream 1001. Stream disabled.
2024-02-22 19:41:50.159 T:4966 info : Opening stream: 1002 source: 256
2024-02-22 19:41:50.159 T:4966 info : Finding audio codec for: 86016
2024-02-22 19:41:50.160 T:4966 info : CDVDAudioCodecFFmpeg::Open() Successful opened audio decoder mp2
2024-02-22 19:41:50.160 T:4966 info : OpenStream: Allowing max Out-Of-Sync Value of 16 ms
2024-02-22 19:41:50.160 T:4966 info : Creating audio thread
2024-02-22 19:41:50.160 T:6756 info : running thread: CVideoPlayerAudio::Process()
2024-02-22 19:41:50.166 T:4966 info : Opening stream: 1001 source: 256
2024-02-22 19:41:50.166 T:4966 info : Creating video codec with codec id: 2
2024-02-22 19:41:50.166 T:4966 info : CDVDVideoCodecFFmpeg::Open() Using codec: MPEG-2 video
2024-02-22 19:41:50.167 T:4966 info : Creating video thread
2024-02-22 19:41:50.167 T:4966 info : Opening stream: 1002 source: 256
2024-02-22 19:41:50.167 T:4966 info : Finding audio codec for: 86016
2024-02-22 19:41:50.167 T:4966 info : CDVDAudioCodecFFmpeg::Open() Successful opened audio decoder mp2
2024-02-22 19:41:50.168 T:6759 info : running thread: video_thread
2024-02-22 19:41:50.168 T:1077 info : [WHITELIST] Searching the whitelist for: width: 720, height: 576, fps: 50.000, 3D: false
2024-02-22 19:41:50.168 T:1077 info : Display resolution ADJUST : 1920x1080 @ 50.00 - Full Screen (16) (weight: 0.000)
2024-02-22 19:41:50.170 T:6756 info : OpenStream: Allowing max Out-Of-Sync Value of 16 ms
2024-02-22 19:41:50.172 T:6759 info : CDVDVideoCodecFFmpeg::Open() Using codec: MPEG-2 video
2024-02-22 19:41:50.182 T:1077 info : GLES: Maximum texture width: 16383
2024-02-22 19:41:50.251 T:6756 info : Creating audio stream (codec id: 86016, channels: 2, sample rate: 48000, no pass-through)
2024-02-22 19:41:50.261 T:1118 info : CActiveAESink::OpenSink - initialize sink
2024-02-22 19:41:50.267 T:1077 info : GLES: Selecting single pass rendering
2024-02-22 19:41:50.267 T:1077 info : GLES: Selecting YUV 2 RGB shader
2024-02-22 19:41:50.357 T:1077 info : [WHITELIST] Searching the whitelist for: width: 720, height: 576, fps: 50.000, 3D: false
2024-02-22 19:41:50.358 T:1077 info : Display resolution ADJUST : 1920x1080 @ 50.00 - Full Screen (16) (weight: 0.000)
2024-02-22 19:41:50.360 T:1077 info : GLES: Maximum texture width: 16383
2024-02-22 19:41:50.465 T:1118 info : CAESinkALSA::Initialize - Configure simple control for "AUGESOUND"
2024-02-22 19:41:50.465 T:1118 info : CAESinkALSA - Use card "hw:0" and set codec format "2 CH PCM"
2024-02-22 19:41:50.495 T:1118 info : CAESinkALSA - Set Spdif to HDMITX to "Spdif_b"
2024-02-22 19:41:50.495 T:1118 info : CAESinkALSA - Set codec for "Audio spdif_b format"
2024-02-22 19:41:50.495 T:1118 info : CAESinkALSA - Set codec for "Audio I2S to HDMITX Format"
2024-02-22 19:41:50.495 T:1118 info : CAESinkALSA - Set codec for "Audio spdif format"
2024-02-22 19:41:50.495 T:1118 info : CAESinkALSA::Initialize - Attempting to open device "hdmi:CARD=AMLAUGESOUND,DEV=0"
2024-02-22 19:41:50.499 T:1118 info : CAESinkALSA::Initialize - Opened device "hdmi:CARD=AMLAUGESOUND,DEV=0,AES0=0x04,AES1=0x82,AES2=0x00,AES3=0x02"
2024-02-22 19:41:50.499 T:1118 info : CAESinkALSA::InitializeHW - Your hardware does not support AE_FMT_FLOAT, trying other formats
2024-02-22 19:41:50.499 T:1118 info : CAESinkALSA::InitializeHW - Using data format AE_FMT_S16NE
2024-02-22 19:41:50.972 T:1148 error : CCurlFile::CReadState::FillBuffer - (0x269d5220) Failed: Transferred a partial file(18)
2024-02-22 19:41:50.973 T:1148 error : [ script.embuary.helper ] Image error: Could not get image for image://pvrchannel_tv@http%3a%2f%2f127.0.0.1%3a9981%2fimagecache%2f3/ (try 1) -> [Errno 2] No such file or directory: '/storage/.kodi/userdata/addon_data/script.embuary.helper/img/tmp/9bdf55f9b7cbf74561de48543c0f86bb.jpg'
2024-02-22 19:41:51.101 T:6759 warning : OutputPicture - timeout waiting for buffer
2024-02-22 19:41:51.476 T:1148 error : CCurlFile::CReadState::FillBuffer - (0x269d5220) Failed: Transferred a partial file(18)
2024-02-22 19:41:51.476 T:1148 error : [ script.embuary.helper ] Image error: Could not get image for image://pvrchannel_tv@http%3a%2f%2f127.0.0.1%3a9981%2fimagecache%2f3/ (try 2) -> [Errno 2] No such file or directory: '/storage/.kodi/userdata/addon_data/script.embuary.helper/img/tmp/9bdf55f9b7cbf74561de48543c0f86bb.jpg'
2024-02-22 19:41:51.548 T:4832 error : CCurlFile::CReadState::FillBuffer - (0x7f4c0e4750) Failed: Transferred a partial file(18)
2024-02-22 19:41:51.621 T:6759 warning : OutputPicture - timeout waiting for buffer
2024-02-22 19:41:51.979 T:1148 error : CCurlFile::CReadState::FillBuffer - (0x269d5220) Failed: Transferred a partial file(18)
2024-02-22 19:41:51.980 T:1148 error : [ script.embuary.helper ] Image error: Could not get image for image://pvrchannel_tv@http%3a%2f%2f127.0.0.1%3a9981%2fimagecache%2f3/ (try 3) -> [Errno 2] No such file or directory: '/storage/.kodi/userdata/addon_data/script.embuary.helper/img/tmp/9bdf55f9b7cbf74561de48543c0f86bb.jpg'
2024-02-22 19:41:52.141 T:6759 warning : OutputPicture - timeout waiting for buffer
2024-02-22 19:41:52.483 T:1148 error : CCurlFile::CReadState::FillBuffer - (0x269d5220) Failed: Transferred a partial file(18)
2024-02-22 19:41:52.484 T:1148 error : [ script.embuary.helper ] Image error: Could not get image for image://pvrchannel_tv@http%3a%2f%2f127.0.0.1%3a9981%2fimagecache%2f3/ (try 1) -> [Errno 2] No such file or directory: '/storage/.kodi/userdata/addon_data/script.embuary.helper/img/tmp/9bdf55f9b7cbf74561de48543c0f86bb.jpg'
2024-02-22 19:41:52.572 T:6759 info : CDVDVideoCodecFFmpeg::CDropControl: calculated diff time: 40000
2024-02-22 19:41:52.600 T:4841 error : CCurlFile::CReadState::FillBuffer - (0x7f601cde20) Failed: Transferred a partial file(18)
2024-02-22 19:41:52.854 T:1154 info : [script.module.pvr.artwork] no results in local databases
2024-02-22 19:41:52.987 T:1148 error : CCurlFile::CReadState::FillBuffer - (0x269d5220) Failed: Transferred a partial file(18)
2024-02-22 19:41:52.988 T:1148 error : [ script.embuary.helper ] Image error: Could not get image for image://pvrchannel_tv@http%3a%2f%2f127.0.0.1%3a9981%2fimagecache%2f3/ (try 2) -> [Errno 2] No such file or directory: '/storage/.kodi/userdata/addon_data/script.embuary.helper/img/tmp/9bdf55f9b7cbf74561de48543c0f86bb.jpg'
2024-02-22 19:41:53.077 T:4833 error : CCurlFile::CReadState::FillBuffer - (0x7f48051980) Failed: Transferred a partial file(18)
2024-02-22 19:41:53.234 T:4832 error : CCurlFile::CReadState::FillBuffer - (0x7f4c0e4750) Failed: Transferred a partial file(18)
2024-02-22 19:41:53.413 T:4841 error : CCurlFile::CReadState::FillBuffer - (0x7f601cde20) Failed: Transferred a partial file(18)
2024-02-22 19:41:53.491 T:1148 error : CCurlFile::CReadState::FillBuffer - (0x269d5220) Failed: Transferred a partial file(18)
2024-02-22 19:41:53.491 T:1148 error : [ script.embuary.helper ] Image error: Could not get image for image://pvrchannel_tv@http%3a%2f%2f127.0.0.1%3a9981%2fimagecache%2f3/ (try 3) -> [Errno 2] No such file or directory: '/storage/.kodi/userdata/addon_data/script.embuary.helper/img/tmp/9bdf55f9b7cbf74561de48543c0f86bb.jpg'
2024-02-22 19:41:53.557 T:4832 error : CCurlFile::CReadState::FillBuffer - (0x7f4c0e4750) Failed: Transferred a partial file(18)
2024-02-22 19:41:53.673 T:4831 error : CCurlFile::CReadState::FillBuffer - (0x7f300db090) Failed: Transferred a partial file(18)
2024-02-22 19:41:53.834 T:4832 error : CCurlFile::CReadState::FillBuffer - (0x7f4c0e4750) Failed: Transferred a partial file(18)
2024-02-22 19:41:53.996 T:1148 error : CCurlFile::CReadState::FillBuffer - (0x269d5220) Failed: Transferred a partial file(18)
2024-02-22 19:41:53.996 T:1148 error : [ script.embuary.helper ] Image error: Could not get image for image://pvrchannel_tv@http%3a%2f%2f127.0.0.1%3a9981%2fimagecache%2f3/ (try 1) -> [Errno 2] No such file or directory: '/storage/.kodi/userdata/addon_data/script.embuary.helper/img/tmp/9bdf55f9b7cbf74561de48543c0f86bb.jpg'
2024-02-22 19:41:54.451 T:1154 info : [script.module.pvr.artwork] no results in local databases
2024-02-22 19:41:54.499 T:1148 error : CCurlFile::CReadState::FillBuffer - (0x269d5220) Failed: Transferred a partial file(18)
2024-02-22 19:41:54.500 T:1148 error : [ script.embuary.helper ] Image error: Could not get image for image://pvrchannel_tv@http%3a%2f%2f127.0.0.1%3a9981%2fimagecache%2f3/ (try 2) -> [Errno 2] No such file or directory: '/storage/.kodi/userdata/addon_data/script.embuary.helper/img/tmp/9bdf55f9b7cbf74561de48543c0f86bb.jpg'
2024-02-22 19:41:54.872 T:4841 error : CCurlFile::CReadState::FillBuffer - (0x7f601cde20) Failed: Transferred a partial file(18)
2024-02-22 19:41:55.003 T:1148 error : CCurlFile::CReadState::FillBuffer - (0x269d5220) Failed: Transferred a partial file(18)
2024-02-22 19:41:55.004 T:1148 error : [ script.embuary.helper ] Image error: Could not get image for image://pvrchannel_tv@http%3a%2f%2f127.0.0.1%3a9981%2fimagecache%2f3/ (try 3) -> [Errno 2] No such file or directory: '/storage/.kodi/userdata/addon_data/script.embuary.helper/img/tmp/9bdf55f9b7cbf74561de48543c0f86bb.jpg'
2024-02-22 19:41:55.303 T:1077 info : VideoPlayer::OpenFile: pvr://channels/tv/%20ASTRA%202A%2f2C%2f2E%2f2F%2028.5E@2025648334/1@pvr.hts_1197462217.pvr
2024-02-22 19:41:55.463 T:4966 info : Creating InputStream
2024-02-22 19:41:55.469 T:4966 info : Creating Demuxer
2024-02-22 19:41:55.469 T:4966 info : Closing stream player 2
2024-02-22 19:41:55.469 T:4966 info : waiting for video thread to exit
2024-02-22 19:41:55.469 T:6759 info : thread end: video_thread
2024-02-22 19:41:55.469 T:4966 info : deleting video codec
2024-02-22 19:41:55.472 T:4966 info : Closing stream player 1
2024-02-22 19:41:55.472 T:4966 info : Waiting for audio thread to exit
2024-02-22 19:41:55.472 T:6756 info : thread end: CVideoPlayerAudio::OnExit()
2024-02-22 19:41:55.472 T:4966 info : Closing audio device
2024-02-22 19:41:55.473 T:4966 info : Deleting audio codec
2024-02-22 19:41:55.483 T:1077 info : GLES: Selecting YUV 2 RGB shader
2024-02-22 19:41:55.504 T:1118 info : CActiveAESink::OpenSink - initialize sink
2024-02-22 19:41:55.707 T:1118 info : CAESinkALSA::Initialize - Configure simple control for "AUGESOUND"
2024-02-22 19:41:55.707 T:1118 info : CAESinkALSA - Use card "hw:0" and set codec format "2 CH PCM"
2024-02-22 19:41:55.737 T:1118 info : CAESinkALSA - Set Spdif to HDMITX to "Spdif_b"
2024-02-22 19:41:55.737 T:1118 info : CAESinkALSA - Set codec for "Audio spdif_b format"
2024-02-22 19:41:55.737 T:1118 info : CAESinkALSA - Set codec for "Audio I2S to HDMITX Format"
2024-02-22 19:41:55.737 T:1118 info : CAESinkALSA - Set codec for "Audio spdif format"
2024-02-22 19:41:55.737 T:1118 info : CAESinkALSA::Initialize - Attempting to open device "hdmi:CARD=AMLAUGESOUND,DEV=0"
2024-02-22 19:41:55.741 T:1118 info : CAESinkALSA::Initialize - Opened device "hdmi:CARD=AMLAUGESOUND,DEV=0,AES0=0x04,AES1=0x82,AES2=0x00,AES3=0x00"
2024-02-22 19:41:55.741 T:1118 info : CAESinkALSA::InitializeHW - Your hardware does not support AE_FMT_FLOAT, trying other formats
2024-02-22 19:41:55.741 T:1118 info : CAESinkALSA::InitializeHW - Using data format AE_FMT_S16NE
2024-02-22 19:41:55.746 T:1148 error : CCurlFile::CReadState::FillBuffer - (0x269d5220) Failed: Transferred a partial file(18)
2024-02-22 19:41:55.747 T:1148 error : [ script.embuary.helper ] Image error: Could not get image for image://pvrchannel_tv@http%3a%2f%2f127.0.0.1%3a9981%2fimagecache%2f3/ (try 1) -> [Errno 2] No such file or directory: '/storage/.kodi/userdata/addon_data/script.embuary.helper/img/tmp/9bdf55f9b7cbf74561de48543c0f86bb.jpg'
2024-02-22 19:41:56.005 T:1154 info : [script.module.pvr.artwork] fetch data from cache: script.module.pvr.artwork.1.0.9.rasoi show desi flavours
2024-02-22 19:41:56.250 T:1148 error : CCurlFile::CReadState::FillBuffer - (0x269d5220) Failed: Transferred a partial file(18)
2024-02-22 19:41:56.250 T:1148 error : [ script.embuary.helper ] Image error: Could not get image for image://pvrchannel_tv@http%3a%2f%2f127.0.0.1%3a9981%2fimagecache%2f3/ (try 2) -> [Errno 2] No such file or directory: '/storage/.kodi/userdata/addon_data/script.embuary.helper/img/tmp/9bdf55f9b7cbf74561de48543c0f86bb.jpg'
2024-02-22 19:41:56.753 T:1148 error : CCurlFile::CReadState::FillBuffer - (0x269d5220) Failed: Transferred a partial file(18)
2024-02-22 19:41:56.753 T:1148 error : [ script.embuary.helper ] Image error: Could not get image for image://pvrchannel_tv@http%3a%2f%2f127.0.0.1%3a9981%2fimagecache%2f3/ (try 3) -> [Errno 2] No such file or directory: '/storage/.kodi/userdata/addon_data/script.embuary.helper/img/tmp/9bdf55f9b7cbf74561de48543c0f86bb.jpg'
2024-02-22 19:41:57.539 T:1148 error : CCurlFile::CReadState::FillBuffer - (0x7f48014280) Failed: Transferred a partial file(18)
2024-02-22 19:41:57.540 T:1148 error : [ script.embuary.helper ] Image error: Could not get image for image://pvrchannel_tv@http%3a%2f%2f127.0.0.1%3a9981%2fimagecache%2f3/ (try 1) -> [Errno 2] No such file or directory: '/storage/.kodi/userdata/addon_data/script.embuary.helper/img/tmp/9bdf55f9b7cbf74561de48543c0f86bb.jpg'
2024-02-22 19:41:58.043 T:1148 error : CCurlFile::CReadState::FillBuffer - (0x7f48014280) Failed: Transferred a partial file(18)
2024-02-22 19:41:58.043 T:1148 error : [ script.embuary.helper ] Image error: Could not get image for image://pvrchannel_tv@http%3a%2f%2f127.0.0.1%3a9981%2fimagecache%2f3/ (try 2) -> [Errno 2] No such file or directory: '/storage/.kodi/userdata/addon_data/script.embuary.helper/img/tmp/9bdf55f9b7cbf74561de48543c0f86bb.jpg'
2024-02-22 19:41:58.546 T:1148 error : CCurlFile::CReadState::FillBuffer - (0x7f48014280) Failed: Transferred a partial file(18)
2024-02-22 19:41:58.547 T:1148 error : [ script.embuary.helper ] Image error: Could not get image for image://pvrchannel_tv@http%3a%2f%2f127.0.0.1%3a9981%2fimagecache%2f3/ (try 3) -> [Errno 2] No such file or directory: '/storage/.kodi/userdata/addon_data/script.embuary.helper/img/tmp/9bdf55f9b7cbf74561de48543c0f86bb.jpg'
2024-02-22 19:41:58.887 T:4841 error : CCurlFile::CReadState::FillBuffer - (0x7f601cde20) Failed: Transferred a partial file(18)
