2024-02-22 19:41:59.051 T:1148 error : CCurlFile::CReadState::FillBuffer - (0x7f48014280) Failed: Transferred a partial file(18)
2024-02-22 19:41:59.052 T:1148 error : [ script.embuary.helper ] Image error: Could not get image for image://pvrchannel_tv@http%3a%2f%2f127.0.0.1%3a9981%2fimagecache%2f3/ (try 1) -> [Errno 2] No such file or directory: '/storage/.kodi/userdata/addon_data/script.embuary.helper/img/tmp/9bdf55f9b7cbf74561de48543c0f86bb.jpg'
2024-02-22 19:41:59.293 T:4831 error : CCurlFile::CReadState::FillBuffer - (0x7f300db090) Failed: Transferred a partial file(18)
2024-02-22 19:41:59.555 T:1148 error : CCurlFile::CReadState::FillBuffer - (0x7f48014280) Failed: Transferred a partial file(18)
2024-02-22 19:41:59.556 T:1148 error : [ script.embuary.helper ] Image error: Could not get image for image://pvrchannel_tv@http%3a%2f%2f127.0.0.1%3a9981%2fimagecache%2f3/ (try 2) -> [Errno 2] No such file or directory: '/storage/.kodi/userdata/addon_data/script.embuary.helper/img/tmp/9bdf55f9b7cbf74561de48543c0f86bb.jpg'
2024-02-22 19:41:59.635 T:1154 info : [script.module.pvr.artwork] fetch data from cache: script.module.pvr.artwork.1.0.9.dil
2024-02-22 19:41:59.775 T:5343 error : CCurlFile::CReadState::FillBuffer - (0x27e9b600) Failed: Transferred a partial file(18)
2024-02-22 19:41:59.937 T:4833 error : CCurlFile::CReadState::FillBuffer - (0x7f483db460) Failed: Transferred a partial file(18)
2024-02-22 19:41:59.994 T:4831 error : CCurlFile::CReadState::FillBuffer - (0x7f300db090) Failed: Transferred a partial file(18)
2024-02-22 19:42:00.059 T:1148 error : CCurlFile::CReadState::FillBuffer - (0x7f48014280) Failed: Transferred a partial file(18)
2024-02-22 19:42:00.059 T:1148 error : [ script.embuary.helper ] Image error: Could not get image for image://pvrchannel_tv@http%3a%2f%2f127.0.0.1%3a9981%2fimagecache%2f3/ (try 3) -> [Errno 2] No such file or directory: '/storage/.kodi/userdata/addon_data/script.embuary.helper/img/tmp/9bdf55f9b7cbf74561de48543c0f86bb.jpg'
2024-02-22 19:42:00.098 T:5343 error : CCurlFile::CReadState::FillBuffer - (0x27e9b600) Failed: Transferred a partial file(18)
2024-02-22 19:42:00.176 T:4841 error : CCurlFile::CReadState::FillBuffer - (0x7f601cde20) Failed: Transferred a partial file(18)
2024-02-22 19:42:00.254 T:4833 error : CCurlFile::CReadState::FillBuffer - (0x7f483db460) Failed: Transferred a partial file(18)
2024-02-22 19:42:00.333 T:5343 error : CCurlFile::CReadState::FillBuffer - (0x26d36cc0) Failed: Transferred a partial file(18)
2024-02-22 19:42:00.563 T:1148 error : CCurlFile::CReadState::FillBuffer - (0x7f48014280) Failed: Transferred a partial file(18)
2024-02-22 19:42:00.564 T:1148 error : [ script.embuary.helper ] Image error: Could not get image for image://pvrchannel_tv@http%3a%2f%2f127.0.0.1%3a9981%2fimagecache%2f3/ (try 1) -> [Errno 2] No such file or directory: '/storage/.kodi/userdata/addon_data/script.embuary.helper/img/tmp/9bdf55f9b7cbf74561de48543c0f86bb.jpg'
2024-02-22 19:42:01.064 T:1077 info : VideoPlayer::OpenFile: pvr://channels/tv/%20ASTRA%202A%2f2C%2f2E%2f2F%2028.5E@2025648334/1@pvr.hts_726941657.pvr
2024-02-22 19:42:01.067 T:1148 error : CCurlFile::CReadState::FillBuffer - (0x7f48014280) Failed: Transferred a partial file(18)
2024-02-22 19:42:01.068 T:1148 error : [ script.embuary.helper ] Image error: Could not get image for image://pvrchannel_tv@http%3a%2f%2f127.0.0.1%3a9981%2fimagecache%2f3/ (try 2) -> [Errno 2] No such file or directory: '/storage/.kodi/userdata/addon_data/script.embuary.helper/img/tmp/9bdf55f9b7cbf74561de48543c0f86bb.jpg'
2024-02-22 19:42:01.081 T:4966 warning : CDVDMessageQueue(audio)::Put MSGQ_NOT_INITIALIZED
2024-02-22 19:42:01.081 T:4966 warning : CDVDMessageQueue(video)::Put MSGQ_NOT_INITIALIZED
2024-02-22 19:42:01.081 T:4966 warning : CDVDMessageQueue(audio)::Put MSGQ_NOT_INITIALIZED
2024-02-22 19:42:01.081 T:4966 warning : CDVDMessageQueue(video)::Put MSGQ_NOT_INITIALIZED
2024-02-22 19:42:01.186 T:1148 error : CCurlFile::CReadState::FillBuffer - (0x7f48014280) Failed: Transferred a partial file(18)
2024-02-22 19:42:01.186 T:1148 error : [ script.embuary.helper ] Image error: Could not get image for image://pvrchannel_tv@http%3a%2f%2f127.0.0.1%3a9981%2fimagecache%2f3/ (try 1) -> [Errno 2] No such file or directory: '/storage/.kodi/userdata/addon_data/script.embuary.helper/img/tmp/9bdf55f9b7cbf74561de48543c0f86bb.jpg'
2024-02-22 19:42:01.207 T:4832 error : CCurlFile::CReadState::FillBuffer - (0x7f4c134210) Failed: Transferred a partial file(18)
2024-02-22 19:42:01.248 T:1154 info : [script.module.pvr.artwork] fetch data from cache: script.module.pvr.artwork.1.0.9.videoplayer.label
2024-02-22 19:42:01.689 T:1148 error : CCurlFile::CReadState::FillBuffer - (0x7f48014280) Failed: Transferred a partial file(18)
2024-02-22 19:42:01.690 T:1148 error : [ script.embuary.helper ] Image error: Could not get image for image://pvrchannel_tv@http%3a%2f%2f127.0.0.1%3a9981%2fimagecache%2f3/ (try 2) -> [Errno 2] No such file or directory: '/storage/.kodi/userdata/addon_data/script.embuary.helper/img/tmp/9bdf55f9b7cbf74561de48543c0f86bb.jpg'
2024-02-22 19:42:02.082 T:4966 info : Creating InputStream
2024-02-22 19:42:02.087 T:4966 info : Creating Demuxer
2024-02-22 19:42:02.093 T:1077 info : GLES: Selecting YUV 2 RGB shader
2024-02-22 19:42:02.322 T:1148 error : CCurlFile::CReadState::FillBuffer - (0x7f48014280) Failed: Transferred a partial file(18)
2024-02-22 19:42:02.323 T:1148 error : [ script.embuary.helper ] Image error: Could not get image for image://pvrchannel_tv@http%3a%2f%2f127.0.0.1%3a9981%2fimagecache%2f3/ (try 3) -> [Errno 2] No such file or directory: '/storage/.kodi/userdata/addon_data/script.embuary.helper/img/tmp/9bdf55f9b7cbf74561de48543c0f86bb.jpg'
2024-02-22 19:42:03.027 T:1154 info : [script.module.pvr.artwork] fetch data from cache: script.module.pvr.artwork.1.0.9.babe connexions
2024-02-22 19:42:03.118 T:1148 error : CCurlFile::CReadState::FillBuffer - (0x27e9b600) Failed: Transferred a partial file(18)
2024-02-22 19:42:03.118 T:1148 error : [ script.embuary.helper ] Image error: Could not get image for image://pvrchannel_tv@http%3a%2f%2f127.0.0.1%3a9981%2fimagecache%2f3/ (try 3) -> [Errno 2] No such file or directory: '/storage/.kodi/userdata/addon_data/script.embuary.helper/img/tmp/9bdf55f9b7cbf74561de48543c0f86bb.jpg'
2024-02-22 19:42:04.188 T:4831 error : CCurlFile::CReadState::FillBuffer - (0x7f300db090) Failed: Transferred a partial file(18)
2024-02-22 19:42:05.113 T:5343 error : CCurlFile::CReadState::FillBuffer - (0x266e5f60) Failed: Transferred a partial file(18)
2024-02-22 19:42:05.475 T:4833 error : CCurlFile::CReadState::FillBuffer - (0x7f480c9c80) Failed: Transferred a partial file(18)
2024-02-22 19:42:05.494 T:4832 error : CCurlFile::Open - Failed with code 404:
2024-02-22 19:42:05.753 T:4833 error : CCurlFile::CReadState::FillBuffer - (0x7f480c9c80) Failed: Transferred a partial file(18)
2024-02-22 19:42:05.774 T:4832 error : CCurlFile::Open - Failed with code 404:
2024-02-22 19:42:06.034 T:4831 error : CCurlFile::CReadState::FillBuffer - (0x7f300db090) Failed: Transferred a partial file(18)
2024-02-22 19:42:06.053 T:4833 error : CCurlFile::Open - Failed with code 404:
2024-02-22 19:42:06.272 T:5343 error : CCurlFile::CReadState::FillBuffer - (0x266e5f60) Failed: Transferred a partial file(18)
2024-02-22 19:42:06.315 T:4831 error : CCurlFile::Open - Failed with code 404:
2024-02-22 19:42:07.083 T:1077 info : VideoPlayer::OpenFile: pvr://channels/tv/%20ASTRA%202A%2f2C%2f2E%2f2F%2028.5E@2025648334/1@pvr.hts_425238058.pvr
2024-02-22 19:42:07.095 T:4966 warning : CDVDMessageQueue(audio)::Put MSGQ_NOT_INITIALIZED
2024-02-22 19:42:07.095 T:4966 warning : CDVDMessageQueue(video)::Put MSGQ_NOT_INITIALIZED
2024-02-22 19:42:07.095 T:4966 warning : CDVDMessageQueue(audio)::Put MSGQ_NOT_INITIALIZED
2024-02-22 19:42:07.095 T:4966 warning : CDVDMessageQueue(video)::Put MSGQ_NOT_INITIALIZED
2024-02-22 19:42:07.187 T:1148 error : CCurlFile::CReadState::FillBuffer - (0x27e9b600) Failed: Transferred a partial file(18)
2024-02-22 19:42:07.187 T:1148 error : [ script.embuary.helper ] Image error: Could not get image for image://pvrchannel_tv@http%3a%2f%2f127.0.0.1%3a9981%2fimagecache%2f3/ (try 1) -> [Errno 2] No such file or directory: '/storage/.kodi/userdata/addon_data/script.embuary.helper/img/tmp/9bdf55f9b7cbf74561de48543c0f86bb.jpg'
2024-02-22 19:42:07.206 T:4831 error : CCurlFile::CReadState::FillBuffer - (0x7f300840b0) Failed: Transferred a partial file(18)
2024-02-22 19:42:07.690 T:1148 error : CCurlFile::CReadState::FillBuffer - (0x27e9b600) Failed: Transferred a partial file(18)
2024-02-22 19:42:07.691 T:1148 error : [ script.embuary.helper ] Image error: Could not get image for image://pvrchannel_tv@http%3a%2f%2f127.0.0.1%3a9981%2fimagecache%2f3/ (try 2) -> [Errno 2] No such file or directory: '/storage/.kodi/userdata/addon_data/script.embuary.helper/img/tmp/9bdf55f9b7cbf74561de48543c0f86bb.jpg'
2024-02-22 19:42:07.706 T:1154 info : [script.module.pvr.artwork] fetch data from cache: script.module.pvr.artwork.1.0.9.videoplayer.label
2024-02-22 19:42:08.096 T:4966 info : Creating InputStream
2024-02-22 19:42:08.099 T:4966 info : Creating Demuxer
2024-02-22 19:42:08.108 T:1077 info : GLES: Selecting YUV 2 RGB shader
2024-02-22 19:42:08.891 T:1154 info : [script.module.pvr.artwork] fetch data from cache: script.module.pvr.artwork.1.0.9.utsav bharat
2024-02-22 19:42:09.929 T:1154 info : [script.module.pvr.artwork] no results in local databases
2024-02-22 19:42:10.684 T:1077 info : VideoPlayer::OpenFile: pvr://channels/tv/%20ASTRA%202A%2f2C%2f2E%2f2F%2028.5E@2025648334/1@pvr.hts_368695112.pvr
2024-02-22 19:42:10.703 T:4966 warning : CDVDMessageQueue(audio)::Put MSGQ_NOT_INITIALIZED
2024-02-22 19:42:10.703 T:4966 warning : CDVDMessageQueue(video)::Put MSGQ_NOT_INITIALIZED
2024-02-22 19:42:10.703 T:4966 warning : CDVDMessageQueue(audio)::Put MSGQ_NOT_INITIALIZED
2024-02-22 19:42:10.703 T:4966 warning : CDVDMessageQueue(video)::Put MSGQ_NOT_INITIALIZED
2024-02-22 19:42:11.546 T:1154 info : [script.module.pvr.artwork] fetch data from cache: script.module.pvr.artwork.1.0.9.videoplayer.label
2024-02-22 19:42:11.727 T:1077 info : GLES: Selecting YUV 2 RGB shader
2024-02-22 19:42:12.484 T:4966 info : Creating InputStream
2024-02-22 19:42:12.485 T:4966 info : Creating Demuxer
2024-02-22 19:42:12.485 T:1148 error : CCurlFile::CReadState::FillBuffer - (0x27e9b600) Failed: Transferred a partial file(18)
2024-02-22 19:42:12.486 T:1148 error : [ script.embuary.helper ] Image error: Could not get image for image://pvrchannel_tv@http%3a%2f%2f127.0.0.1%3a9981%2fimagecache%2f3/ (try 3) -> [Errno 2] No such file or directory: '/storage/.kodi/userdata/addon_data/script.embuary.helper/img/tmp/9bdf55f9b7cbf74561de48543c0f86bb.jpg'
2024-02-22 19:42:12.503 T:4841 error : CCurlFile::Open - Failed with code 404:
2024-02-22 19:42:12.504 T:4833 error : CCurlFile::Open - Failed with code 404:
2024-02-22 19:42:12.506 T:4831 error : CCurlFile::Open - Failed with code 404:
2024-02-22 19:42:12.507 T:5343 error : CCurlFile::Open - Failed with code 404:
2024-02-22 19:42:12.508 T:4841 error : CCurlFile::Open - Failed with code 404:
2024-02-22 19:42:12.510 T:5343 error : CCurlFile::CReadState::FillBuffer - (0x266e5f60) Failed: Transferred a partial file(18)
2024-02-22 19:42:12.512 T:4831 error : CCurlFile::Open - Failed with code 404:
2024-02-22 19:42:12.512 T:4833 error : CCurlFile::Open - Failed with code 404:
2024-02-22 19:42:12.570 T:1154 info : [script.module.pvr.artwork] fetch data from cache: script.module.pvr.artwork.1.0.9.utsav bharat
2024-02-22 19:42:13.112 T:1154 info : [script.module.pvr.artwork] fetch data from cache: script.module.pvr.artwork.1.0.9.babes&brazzers
2024-02-22 19:42:15.564 T:1077 info : VideoPlayer::OpenFile: pvr://channels/tv/%20ASTRA%202A%2f2C%2f2E%2f2F%2028.5E@2025648334/1@pvr.hts_59021814.pvr
2024-02-22 19:42:15.589 T:4966 warning : CDVDMessageQueue(audio)::Put MSGQ_NOT_INITIALIZED
2024-02-22 19:42:15.590 T:4966 warning : CDVDMessageQueue(video)::Put MSGQ_NOT_INITIALIZED
2024-02-22 19:42:15.590 T:4966 warning : CDVDMessageQueue(audio)::Put MSGQ_NOT_INITIALIZED
2024-02-22 19:42:15.590 T:4966 warning : CDVDMessageQueue(video)::Put MSGQ_NOT_INITIALIZED
2024-02-22 19:42:15.766 T:1154 info : [script.module.pvr.artwork] fetch data from cache: script.module.pvr.artwork.1.0.9.videoplayer.label
2024-02-22 19:42:16.607 T:1077 info : GLES: Selecting YUV 2 RGB shader
2024-02-22 19:42:16.920 T:4966 info : Creating InputStream
2024-02-22 19:42:16.921 T:4966 info : Creating Demuxer
2024-02-22 19:42:16.925 T:4832 error : CCurlFile::CReadState::FillBuffer - (0x7f4c134330) Failed: Transferred a partial file(18)
2024-02-22 19:42:16.925 T:1148 error : CCurlFile::Open - Failed with code 404:
2024-02-22 19:42:16.926 T:1148 error : [ script.embuary.helper ] Image error: Could not get image for image://pvrchannel_tv@http%3a%2f%2f127.0.0.1%3a9981%2fimagecache%2f671/ (try 1) -> [Errno 2] No such file or directory: '/storage/.kodi/userdata/addon_data/script.embuary.helper/img/tmp/3ac191e00119f21ab68d11fce2e79af2.jpg'
2024-02-22 19:42:16.927 T:4841 error : CCurlFile::Open - Failed with code 404:
2024-02-22 19:42:17.406 T:1154 info : [script.module.pvr.artwork] fetch data from cache: script.module.pvr.artwork.1.0.9.videoplayer.label
2024-02-22 19:42:17.911 T:1154 info : [script.module.pvr.artwork] fetch data from cache: script.module.pvr.artwork.1.0.9.trt world
2024-02-22 19:42:18.468 T:1154 info : [script.module.pvr.artwork] no results in local databases
2024-02-22 19:42:21.352 T:4832 error : CCurlFile::Open - Failed with code 404:
2024-02-22 19:42:21.352 T:4831 error : CCurlFile::Open - Failed with code 404:
2024-02-22 19:42:21.353 T:4841 error : CCurlFile::Open - Failed with code 404:
2024-02-22 19:42:21.354 T:1148 error : [ script.embuary.helper ] Image error: Could not get image for image://pvrchannel_tv@http%3a%2f%2f127.0.0.1%3a9981%2fimagecache%2f77/ (try 1) -> [Errno 2] No such file or directory: '/storage/.kodi/userdata/addon_data/script.embuary.helper/img/tmp/e2d5e6537631b662a1ccb3e33efa77e3.jpg'
2024-02-22 19:42:21.358 T:4832 error : CCurlFile::Open - Failed with code 404:
2024-02-22 19:42:21.359 T:4841 error : CCurlFile::Open - Failed with code 404:
2024-02-22 19:42:21.359 T:4831 error : CCurlFile::Open - Failed with code 404:
2024-02-22 19:42:21.362 T:4832 error : CCurlFile::Open - Failed with code 404:
2024-02-22 19:42:21.363 T:4831 error : CCurlFile::Open - Failed with code 404:
2024-02-22 19:42:21.364 T:4841 error : CCurlFile::Open - Failed with code 404:
2024-02-22 19:42:21.368 T:4832 error : CCurlFile::Open - Failed with code 404:
2024-02-22 19:42:21.369 T:4831 error : CCurlFile::Open - Failed with code 404:
2024-02-22 19:42:21.371 T:4841 error : CCurlFile::Open - Failed with code 404:
2024-02-22 19:42:21.373 T:4832 error : CCurlFile::Open - Failed with code 404:
2024-02-22 19:42:21.375 T:4831 error : CCurlFile::Open - Failed with code 404:
2024-02-22 19:42:21.376 T:4841 error : CCurlFile::Open - Failed with code 404:
2024-02-22 19:42:21.378 T:4832 error : CCurlFile::Open - Failed with code 404:
2024-02-22 19:42:21.858 T:1148 error : CCurlFile::Open - Failed with code 404:
2024-02-22 19:42:21.858 T:1148 error : [ script.embuary.helper ] Image error: Could not get image for image://pvrchannel_tv@http%3a%2f%2f127.0.0.1%3a9981%2fimagecache%2f77/ (try 2) -> [Errno 2] No such file or directory: '/storage/.kodi/userdata/addon_data/script.embuary.helper/img/tmp/e2d5e6537631b662a1ccb3e33efa77e3.jpg'
2024-02-22 19:42:21.864 T:1077 info : VideoPlayer::OpenFile: pvr://channels/tv/%20ASTRA%202A%2f2C%2f2E%2f2F%2028.5E@2025648334/1@pvr.hts_1953793700.pvr
2024-02-22 19:42:21.929 T:4966 warning : CDVDMessageQueue(audio)::Put MSGQ_NOT_INITIALIZED
2024-02-22 19:42:21.929 T:4966 warning : CDVDMessageQueue(video)::Put MSGQ_NOT_INITIALIZED
2024-02-22 19:42:21.929 T:4966 warning : CDVDMessageQueue(audio)::Put MSGQ_NOT_INITIALIZED
2024-02-22 19:42:21.929 T:4966 warning : CDVDMessageQueue(video)::Put MSGQ_NOT_INITIALIZED
2024-02-22 19:42:22.067 T:1154 info : [script.module.pvr.artwork] fetch data from cache: script.module.pvr.artwork.1.0.9.videoplayer.label
2024-02-22 19:42:22.068 T:1148 error : CCurlFile::Open - Failed with code 404:
2024-02-22 19:42:22.069 T:1148 error : [ script.embuary.helper ] Image error: Could not get image for image://pvrchannel_tv@http%3a%2f%2f127.0.0.1%3a9981%2fimagecache%2f808/ (try 1) -> [Errno 2] No such file or directory: '/storage/.kodi/userdata/addon_data/script.embuary.helper/img/tmp/34e400c3ae707df5a2b14ea1ce8b3ae4.jpg'
2024-02-22 19:42:22.572 T:1148 error : CCurlFile::Open - Failed with code 404:
2024-02-22 19:42:22.572 T:1148 error : [ script.embuary.helper ] Image error: Could not get image for image://pvrchannel_tv@http%3a%2f%2f127.0.0.1%3a9981%2fimagecache%2f808/ (try 2) -> [Errno 2] No such file or directory: '/storage/.kodi/userdata/addon_data/script.embuary.helper/img/tmp/34e400c3ae707df5a2b14ea1ce8b3ae4.jpg'
2024-02-22 19:42:22.929 T:4966 info : Creating InputStream
2024-02-22 19:42:22.930 T:4966 info : Creating Demuxer
2024-02-22 19:42:22.949 T:1077 info : GLES: Selecting YUV 2 RGB shader
2024-02-22 19:42:23.219 T:1148 error : CCurlFile::Open - Failed with code 404:
2024-02-22 19:42:23.219 T:1148 error : [ script.embuary.helper ] Image error: Could not get image for image://pvrchannel_tv@http%3a%2f%2f127.0.0.1%3a9981%2fimagecache%2f808/ (try 3) -> [Errno 2] No such file or directory: '/storage/.kodi/userdata/addon_data/script.embuary.helper/img/tmp/34e400c3ae707df5a2b14ea1ce8b3ae4.jpg'
2024-02-22 19:42:23.608 T:4966 info : Opening stream: 1001 source: 256
2024-02-22 19:42:23.608 T:4966 error : OpenStream: Codec id 2 require extradata.
2024-02-22 19:42:23.608 T:4966 warning : OpenStream - Unsupported stream 1001. Stream disabled.
2024-02-22 19:42:23.608 T:4966 info : Opening stream: 1002 source: 256
2024-02-22 19:42:23.608 T:4966 info : Finding audio codec for: 86016
2024-02-22 19:42:23.608 T:4966 info : CDVDAudioCodecFFmpeg::Open() Successful opened audio decoder mp2
2024-02-22 19:42:23.608 T:4966 info : OpenStream: Allowing max Out-Of-Sync Value of 16 ms
2024-02-22 19:42:23.608 T:4966 info : Creating audio thread
2024-02-22 19:42:23.608 T:7011 info : running thread: CVideoPlayerAudio::Process()
2024-02-22 19:42:23.612 T:4966 info : Opening stream: 1001 source: 256
2024-02-22 19:42:23.613 T:4966 info : Creating video codec with codec id: 2
2024-02-22 19:42:23.613 T:4966 info : CDVDVideoCodecFFmpeg::Open() Using codec: MPEG-2 video
2024-02-22 19:42:23.613 T:4966 info : Creating video thread
2024-02-22 19:42:23.613 T:7012 info : running thread: video_thread
2024-02-22 19:42:23.613 T:4966 info : Opening stream: 1002 source: 256
2024-02-22 19:42:23.613 T:4966 info : Finding audio codec for: 86016
2024-02-22 19:42:23.613 T:4966 info : CDVDAudioCodecFFmpeg::Open() Successful opened audio decoder mp2
2024-02-22 19:42:23.616 T:7012 info : CDVDVideoCodecFFmpeg::Open() Using codec: MPEG-2 video
2024-02-22 19:42:23.619 T:7011 info : OpenStream: Allowing max Out-Of-Sync Value of 16 ms
2024-02-22 19:42:23.619 T:7011 info : Creating audio stream (codec id: 86016, channels: 2, sample rate: 48000, no pass-through)
2024-02-22 19:42:23.626 T:1077 info : [WHITELIST] Searching the whitelist for: width: 544, height: 576, fps: 50.000, 3D: false
2024-02-22 19:42:23.626 T:1077 info : Display resolution ADJUST : 1920x1080 @ 50.00 - Full Screen (16) (weight: 0.000)
2024-02-22 19:42:23.638 T:1118 info : CActiveAESink::OpenSink - initialize sink
2024-02-22 19:42:23.643 T:1077 info : GLES: Maximum texture width: 16383
2024-02-22 19:42:23.727 T:1077 info : GLES: Selecting single pass rendering
2024-02-22 19:42:23.727 T:1077 info : GLES: Selecting YUV 2 RGB shader
2024-02-22 19:42:23.809 T:1077 info : [WHITELIST] Searching the whitelist for: width: 544, height: 576, fps: 50.000, 3D: false
2024-02-22 19:42:23.810 T:1077 info : Display resolution ADJUST : 1920x1080 @ 50.00 - Full Screen (16) (weight: 0.000)
2024-02-22 19:42:23.812 T:1077 info : GLES: Maximum texture width: 16383
2024-02-22 19:42:23.838 T:1118 info : CAESinkALSA::Initialize - Configure simple control for "AUGESOUND"
2024-02-22 19:42:23.838 T:1118 info : CAESinkALSA - Use card "hw:0" and set codec format "2 CH PCM"
2024-02-22 19:42:23.868 T:1118 info : CAESinkALSA - Set Spdif to HDMITX to "Spdif_b"
2024-02-22 19:42:23.868 T:1118 info : CAESinkALSA - Set codec for "Audio spdif_b format"
2024-02-22 19:42:23.868 T:1118 info : CAESinkALSA - Set codec for "Audio I2S to HDMITX Format"
2024-02-22 19:42:23.868 T:1118 info : CAESinkALSA - Set codec for "Audio spdif format"
2024-02-22 19:42:23.868 T:1118 info : CAESinkALSA::Initialize - Attempting to open device "hdmi:CARD=AMLAUGESOUND,DEV=0"
2024-02-22 19:42:23.872 T:1118 info : CAESinkALSA::Initialize - Opened device "hdmi:CARD=AMLAUGESOUND,DEV=0,AES0=0x04,AES1=0x82,AES2=0x00,AES3=0x02"
2024-02-22 19:42:23.872 T:1118 info : CAESinkALSA::InitializeHW - Your hardware does not support AE_FMT_FLOAT, trying other formats
2024-02-22 19:42:23.872 T:1118 info : CAESinkALSA::InitializeHW - Using data format AE_FMT_S16NE
2024-02-22 19:42:24.319 T:1148 error : CCurlFile::Open - Failed with code 404:
2024-02-22 19:42:24.320 T:1148 error : [ script.embuary.helper ] Image error: Could not get image for image://pvrchannel_tv@http%3a%2f%2f127.0.0.1%3a9981%2fimagecache%2f808/ (try 1) -> [Errno 2] No such file or directory: '/storage/.kodi/userdata/addon_data/script.embuary.helper/img/tmp/34e400c3ae707df5a2b14ea1ce8b3ae4.jpg'
2024-02-22 19:42:24.482 T:7012 warning : OutputPicture - timeout waiting for buffer
2024-02-22 19:42:24.823 T:1148 error : CCurlFile::Open - Failed with code 404:
2024-02-22 19:42:24.824 T:1148 error : [ script.embuary.helper ] Image error: Could not get image for image://pvrchannel_tv@http%3a%2f%2f127.0.0.1%3a9981%2fimagecache%2f808/ (try 2) -> [Errno 2] No such file or directory: '/storage/.kodi/userdata/addon_data/script.embuary.helper/img/tmp/34e400c3ae707df5a2b14ea1ce8b3ae4.jpg'
2024-02-22 19:42:24.890 T:4841 error : CCurlFile::Open - Failed with code 404:
2024-02-22 19:42:24.890 T:4833 error : CCurlFile::Open - Failed with code 404:
2024-02-22 19:42:24.892 T:5343 error : CCurlFile::Open - Failed with code 404:
2024-02-22 19:42:24.895 T:4831 error : CCurlFile::Open - Failed with code 404:
2024-02-22 19:42:24.897 T:4833 error : CCurlFile::Open - Failed with code 404:
2024-02-22 19:42:24.898 T:4841 error : CCurlFile::Open - Failed with code 404:
2024-02-22 19:42:24.900 T:4831 error : CCurlFile::Open - Failed with code 404:
2024-02-22 19:42:24.901 T:4833 error : CCurlFile::Open - Failed with code 404:
2024-02-22 19:42:24.902 T:4841 error : CCurlFile::Open - Failed with code 404:
2024-02-22 19:42:24.904 T:4831 error : CCurlFile::Open - Failed with code 404:
2024-02-22 19:42:24.905 T:4833 error : CCurlFile::Open - Failed with code 404:
2024-02-22 19:42:24.905 T:4841 error : CCurlFile::Open - Failed with code 404:
2024-02-22 19:42:25.002 T:7012 warning : OutputPicture - timeout waiting for buffer
2024-02-22 19:42:25.031 T:1154 info : [script.module.pvr.artwork] no results in local databases
2024-02-22 19:42:25.328 T:1148 error : CCurlFile::Open - Failed with code 404:
2024-02-22 19:42:25.328 T:1148 error : [ script.embuary.helper ] Image error: Could not get image for image://pvrchannel_tv@http%3a%2f%2f127.0.0.1%3a9981%2fimagecache%2f808/ (try 3) -> [Errno 2] No such file or directory: '/storage/.kodi/userdata/addon_data/script.embuary.helper/img/tmp/34e400c3ae707df5a2b14ea1ce8b3ae4.jpg'
2024-02-22 19:42:25.523 T:7012 warning : OutputPicture - timeout waiting for buffer
2024-02-22 19:42:25.590 T:1154 info : [script.module.pvr.artwork] no results in local databases
2024-02-22 19:42:25.832 T:1148 error : CCurlFile::Open - Failed with code 404:
2024-02-22 19:42:25.833 T:1148 error : [ script.embuary.helper ] Image error: Could not get image for image://pvrchannel_tv@http%3a%2f%2f127.0.0.1%3a9981%2fimagecache%2f808/ (try 1) -> [Errno 2] No such file or directory: '/storage/.kodi/userdata/addon_data/script.embuary.helper/img/tmp/34e400c3ae707df5a2b14ea1ce8b3ae4.jpg'
2024-02-22 19:42:25.856 T:4831 error : CCurlFile::Open - Failed with code 404:
2024-02-22 19:42:25.857 T:4841 error : CCurlFile::Open - Failed with code 404:
2024-02-22 19:42:25.901 T:5343 error : CCurlFile::Open - Failed with code 404:
2024-02-22 19:42:25.990 T:7012 info : CDVDVideoCodecFFmpeg::CDropControl: calculated diff time: 40000
2024-02-22 19:42:26.136 T:1154 info : [script.module.pvr.artwork] fetch data from cache: script.module.pvr.artwork.1.0.9.madrasah tv
2024-02-22 19:42:26.338 T:5343 error : CCurlFile::Open - Failed with code 404:
2024-02-22 19:42:26.339 T:1148 error : CCurlFile::Open - Failed with code 404:
2024-02-22 19:42:26.339 T:1148 error : [ script.embuary.helper ] Image error: Could not get image for image://pvrchannel_tv@http%3a%2f%2f127.0.0.1%3a9981%2fimagecache%2f808/ (try 2) -> [Errno 2] No such file or directory: '/storage/.kodi/userdata/addon_data/script.embuary.helper/img/tmp/34e400c3ae707df5a2b14ea1ce8b3ae4.jpg'
2024-02-22 19:42:26.379 T:4831 error : CCurlFile::Open - Failed with code 404:
2024-02-22 19:42:26.497 T:4841 error : CCurlFile::Open - Failed with code 404:
2024-02-22 19:42:26.579 T:5343 error : CCurlFile::Open - Failed with code 404:
2024-02-22 19:42:26.658 T:4831 error : CCurlFile::Open - Failed with code 404:
2024-02-22 19:42:26.736 T:4833 error : CCurlFile::Open - Failed with code 404:
2024-02-22 19:42:26.815 T:5343 error : CCurlFile::Open - Failed with code 404:
2024-02-22 19:42:26.842 T:1148 error : CCurlFile::Open - Failed with code 404:
2024-02-22 19:42:26.843 T:1148 error : [ script.embuary.helper ] Image error: Could not get image for image://pvrchannel_tv@http%3a%2f%2f127.0.0.1%3a9981%2fimagecache%2f808/ (try 3) -> [Errno 2] No such file or directory: '/storage/.kodi/userdata/addon_data/script.embuary.helper/img/tmp/34e400c3ae707df5a2b14ea1ce8b3ae4.jpg'
2024-02-22 19:42:26.941 T:4841 error : CCurlFile::Open - Failed with code 404:
2024-02-22 19:42:26.978 T:5343 error : CCurlFile::Open - Failed with code 404:
2024-02-22 19:42:27.103 T:4832 error : CCurlFile::Open - Failed with code 404:
2024-02-22 19:42:27.348 T:1148 error : CCurlFile::Open - Failed with code 404:
2024-02-22 19:42:27.349 T:1148 error : [ script.embuary.helper ] Image error: Could not get image for image://pvrchannel_tv@http%3a%2f%2f127.0.0.1%3a9981%2fimagecache%2f808/ (try 1) -> [Errno 2] No such file or directory: '/storage/.kodi/userdata/addon_data/script.embuary.helper/img/tmp/34e400c3ae707df5a2b14ea1ce8b3ae4.jpg'
2024-02-22 19:42:27.853 T:1148 error : CCurlFile::Open - Failed with code 404:
2024-02-22 19:42:27.853 T:1148 error : [ script.embuary.helper ] Image error: Could not get image for image://pvrchannel_tv@http%3a%2f%2f127.0.0.1%3a9981%2fimagecache%2f808/ (try 2) -> [Errno 2] No such file or directory: '/storage/.kodi/userdata/addon_data/script.embuary.helper/img/tmp/34e400c3ae707df5a2b14ea1ce8b3ae4.jpg'
2024-02-22 19:42:28.357 T:1148 error : CCurlFile::Open - Failed with code 404:
2024-02-22 19:42:28.357 T:1148 error : [ script.embuary.helper ] Image error: Could not get image for image://pvrchannel_tv@http%3a%2f%2f127.0.0.1%3a9981%2fimagecache%2f808/ (try 3) -> [Errno 2] No such file or directory: '/storage/.kodi/userdata/addon_data/script.embuary.helper/img/tmp/34e400c3ae707df5a2b14ea1ce8b3ae4.jpg'
2024-02-22 19:42:28.445 T:1077 info : VideoPlayer::OpenFile: pvr://channels/tv/ASTRA%203B%2023.5E@2025648334/1@pvr.hts_19852446.pvr
2024-02-22 19:42:28.563 T:7012 warning : OutputPicture - timeout waiting for buffer
2024-02-22 19:42:28.629 T:4966 info : Creating InputStream
2024-02-22 19:42:28.631 T:4966 info : Creating Demuxer
2024-02-22 19:42:28.632 T:4966 info : Closing stream player 2
2024-02-22 19:42:28.632 T:4966 info : waiting for video thread to exit
2024-02-22 19:42:28.632 T:7012 info : thread end: video_thread
2024-02-22 19:42:28.632 T:4966 info : deleting video codec
2024-02-22 19:42:28.633 T:4966 info : Closing stream player 1
2024-02-22 19:42:28.633 T:4966 info : Waiting for audio thread to exit
2024-02-22 19:42:28.638 T:7011 info : thread end: CVideoPlayerAudio::OnExit()
2024-02-22 19:42:28.639 T:4966 info : Closing audio device
2024-02-22 19:42:28.639 T:4966 info : Deleting audio codec
2024-02-22 19:42:28.665 T:1077 info : GLES: Selecting YUV 2 RGB shader
2024-02-22 19:42:28.676 T:1118 info : CActiveAESink::OpenSink - initialize sink
2024-02-22 19:42:28.879 T:1118 info : CAESinkALSA::Initialize - Configure simple control for "AUGESOUND"
2024-02-22 19:42:28.879 T:1118 info : CAESinkALSA - Use card "hw:0" and set codec format "2 CH PCM"
2024-02-22 19:42:28.909 T:1118 info : CAESinkALSA - Set Spdif to HDMITX to "Spdif_b"
2024-02-22 19:42:28.909 T:1118 info : CAESinkALSA - Set codec for "Audio spdif_b format"
2024-02-22 19:42:28.909 T:1118 info : CAESinkALSA - Set codec for "Audio I2S to HDMITX Format"
2024-02-22 19:42:28.909 T:1118 info : CAESinkALSA - Set codec for "Audio spdif format"
2024-02-22 19:42:28.910 T:1118 info : CAESinkALSA::Initialize - Attempting to open device "hdmi:CARD=AMLAUGESOUND,DEV=0"
2024-02-22 19:42:28.914 T:1118 info : CAESinkALSA::Initialize - Opened device "hdmi:CARD=AMLAUGESOUND,DEV=0,AES0=0x04,AES1=0x82,AES2=0x00,AES3=0x00"
2024-02-22 19:42:28.914 T:1118 info : CAESinkALSA::InitializeHW - Your hardware does not support AE_FMT_FLOAT, trying other formats
2024-02-22 19:42:28.914 T:1118 info : CAESinkALSA::InitializeHW - Using data format AE_FMT_S16NE
2024-02-22 19:42:29.265 T:1148 error : CCurlFile::Open - Failed with code 404:
2024-02-22 19:42:29.265 T:1148 error : [ script.embuary.helper ] Image error: Could not get image for image://pvrchannel_tv@http%3a%2f%2f127.0.0.1%3a9981%2fimagecache%2f77/ (try 3) -> [Errno 2] No such file or directory: '/storage/.kodi/userdata/addon_data/script.embuary.helper/img/tmp/e2d5e6537631b662a1ccb3e33efa77e3.jpg'
2024-02-22 19:42:30.051 T:1148 error : CCurlFile::Open - Failed with code 404:
2024-02-22 19:42:30.052 T:1148 error : [ script.embuary.helper ] Image error: Could not get image for image://pvrchannel_tv@http%3a%2f%2f127.0.0.1%3a9981%2fimagecache%2f671/ (try 2) -> [Errno 2] No such file or directory: '/storage/.kodi/userdata/addon_data/script.embuary.helper/img/tmp/3ac191e00119f21ab68d11fce2e79af2.jpg'
2024-02-22 19:42:30.555 T:1148 error : CCurlFile::Open - Failed with code 404:
2024-02-22 19:42:30.555 T:1148 error : [ script.embuary.helper ] Image error: Could not get image for image://pvrchannel_tv@http%3a%2f%2f127.0.0.1%3a9981%2fimagecache%2f671/ (try 3) -> [Errno 2] No such file or directory: '/storage/.kodi/userdata/addon_data/script.embuary.helper/img/tmp/3ac191e00119f21ab68d11fce2e79af2.jpg'
2024-02-22 19:42:34.651 T:4966 info : Opening stream: 1001 source: 256
2024-02-22 19:42:34.651 T:4966 error : OpenStream: Codec id 27 require extradata.
2024-02-22 19:42:34.651 T:4966 warning : OpenStream - Unsupported stream 1001. Stream disabled.
2024-02-22 19:42:34.651 T:4966 info : Opening stream: 1002 source: 256
2024-02-22 19:42:34.651 T:4966 info : Finding audio codec for: 86016
2024-02-22 19:42:34.651 T:4966 info : CDVDAudioCodecFFmpeg::Open() Successful opened audio decoder mp2
2024-02-22 19:42:34.651 T:4966 info : OpenStream: Allowing max Out-Of-Sync Value of 16 ms
2024-02-22 19:42:34.651 T:4966 info : Creating audio thread
2024-02-22 19:42:34.651 T:7139 info : running thread: CVideoPlayerAudio::Process()
2024-02-22 19:42:34.680 T:1077 info : [WHITELIST] Searching the whitelist for: width: 1920, height: 1080, fps: 50.000, 3D: false
2024-02-22 19:42:34.680 T:1077 info : Display resolution ADJUST : 1920x1080 @ 50.00 - Full Screen (16) (weight: 0.000)
2024-02-22 19:42:34.682 T:1077 info : GLES: Maximum texture width: 16383
2024-02-22 19:42:34.704 T:4966 info : Opening stream: 1001 source: 256
2024-02-22 19:42:34.704 T:4966 info : Creating video codec with codec id: 27
2024-02-22 19:42:34.704 T:4966 info : DVDVideoCodecAmlogic: Opened Amlogic Codec
2024-02-22 19:42:34.704 T:4966 info : Creating video thread
2024-02-22 19:42:34.705 T:7140 info : running thread: video_thread
2024-02-22 19:42:34.705 T:4966 info : Opening stream: 1002 source: 256
2024-02-22 19:42:34.705 T:4966 info : Finding audio codec for: 86016
2024-02-22 19:42:34.705 T:4966 info : CDVDAudioCodecFFmpeg::Open() Successful opened audio decoder mp2
2024-02-22 19:42:34.705 T:7140 info : DVDVideoCodecAmlogic::AddData Open decoder: fps:25/1
2024-02-22 19:42:34.712 T:7139 info : OpenStream: Allowing max Out-Of-Sync Value of 16 ms
2024-02-22 19:42:34.730 T:1077 info : [WHITELIST] Searching the whitelist for: width: 1920, height: 1080, fps: 50.000, 3D: false
2024-02-22 19:42:34.730 T:1077 info : Display resolution ADJUST : 1920x1080 @ 50.00 - Full Screen (16) (weight: 0.000)
2024-02-22 19:42:34.732 T:1077 info : GLES: Maximum texture width: 16383
2024-02-22 19:42:34.753 T:7139 info : Creating audio stream (codec id: 86016, channels: 2, sample rate: 48000, no pass-through)
2024-02-22 19:42:34.766 T:1077 info : Constructing CRendererAML
2024-02-22 19:42:34.766 T:1118 info : CActiveAESink::OpenSink - initialize sink
2024-02-22 19:42:34.790 T:1077 info : [WHITELIST] Searching the whitelist for: width: 1920, height: 1080, fps: 25.000, 3D: false
2024-02-22 19:42:34.791 T:1077 info : Display resolution ADJUST : 1920x1080 @ 50.00 - Full Screen (16) (weight: 0.000)
2024-02-22 19:42:34.804 T:1077 info : GLES: Maximum texture width: 16383
2024-02-22 19:42:34.954 T:7139 error : CDVDAudio::AddPacketsRenderer - timeout adding data to renderer
2024-02-22 19:42:34.969 T:1118 info : CAESinkALSA::Initialize - Configure simple control for "AUGESOUND"
2024-02-22 19:42:34.969 T:1118 info : CAESinkALSA - Use card "hw:0" and set codec format "2 CH PCM"
2024-02-22 19:42:34.999 T:1118 info : CAESinkALSA - Set Spdif to HDMITX to "Spdif_b"
2024-02-22 19:42:34.999 T:1118 info : CAESinkALSA - Set codec for "Audio spdif_b format"
2024-02-22 19:42:34.999 T:1118 info : CAESinkALSA - Set codec for "Audio I2S to HDMITX Format"
2024-02-22 19:42:34.999 T:1118 info : CAESinkALSA - Set codec for "Audio spdif format"
2024-02-22 19:42:34.999 T:1118 info : CAESinkALSA::Initialize - Attempting to open device "hdmi:CARD=AMLAUGESOUND,DEV=0"
2024-02-22 19:42:35.003 T:1118 info : CAESinkALSA::Initialize - Opened device "hdmi:CARD=AMLAUGESOUND,DEV=0,AES0=0x04,AES1=0x82,AES2=0x00,AES3=0x02"
2024-02-22 19:42:35.004 T:1118 info : CAESinkALSA::InitializeHW - Your hardware does not support AE_FMT_FLOAT, trying other formats
2024-02-22 19:42:35.004 T:1118 info : CAESinkALSA::InitializeHW - Using data format AE_FMT_S16NE
2024-02-22 19:42:35.084 T:1077 info : Constructing CRendererAML
2024-02-22 19:42:35.105 T:1077 info : [WHITELIST] Searching the whitelist for: width: 1920, height: 1080, fps: 50.000, 3D: false
2024-02-22 19:42:35.105 T:1077 info : Display resolution ADJUST : 1920x1080 @ 50.00 - Full Screen (16) (weight: 0.000)
2024-02-22 19:42:35.107 T:1077 info : GLES: Maximum texture width: 16383
2024-02-22 19:42:35.623 T:7140 warning : OutputPicture - timeout waiting for buffer
2024-02-22 19:42:38.605 T:1077 info : Skipped 2 duplicate messages..
2024-02-22 19:42:38.605 T:1077 info : VideoPlayer::OpenFile: pvr://channels/tv/ASTRA%203B%2023.5E@2025648334/1@pvr.hts_1555447717.pvr
2024-02-22 19:42:38.623 T:7140 warning : OutputPicture - timeout waiting for buffer
2024-02-22 19:42:38.711 T:4966 info : Creating InputStream
2024-02-22 19:42:38.715 T:4966 info : Creating Demuxer
2024-02-22 19:42:38.715 T:4966 info : Closing stream player 2
2024-02-22 19:42:38.715 T:4966 info : waiting for video thread to exit
2024-02-22 19:42:38.716 T:7140 info : thread end: video_thread
2024-02-22 19:42:38.716 T:4966 info : deleting video codec
2024-02-22 19:42:38.738 T:4966 info : Closing stream player 1
2024-02-22 19:42:38.738 T:4966 info : Waiting for audio thread to exit
2024-02-22 19:42:38.740 T:7139 info : thread end: CVideoPlayerAudio::OnExit()
2024-02-22 19:42:38.740 T:4966 info : Closing audio device
2024-02-22 19:42:38.741 T:4966 info : Deleting audio codec
2024-02-22 19:42:38.760 T:1118 info : CActiveAESink::OpenSink - initialize sink
2024-02-22 19:42:38.963 T:1118 info : CAESinkALSA::Initialize - Configure simple control for "AUGESOUND"
2024-02-22 19:42:38.963 T:1118 info : CAESinkALSA - Use card "hw:0" and set codec format "2 CH PCM"
2024-02-22 19:42:38.993 T:1118 info : CAESinkALSA - Set Spdif to HDMITX to "Spdif_b"
2024-02-22 19:42:38.994 T:1118 info : CAESinkALSA - Set codec for "Audio spdif_b format"
2024-02-22 19:42:38.994 T:1118 info : CAESinkALSA - Set codec for "Audio I2S to HDMITX Format"
2024-02-22 19:42:38.994 T:1118 info : CAESinkALSA - Set codec for "Audio spdif format"
2024-02-22 19:42:38.994 T:1118 info : CAESinkALSA::Initialize - Attempting to open device "hdmi:CARD=AMLAUGESOUND,DEV=0"
2024-02-22 19:42:38.998 T:1118 info : CAESinkALSA::Initialize - Opened device "hdmi:CARD=AMLAUGESOUND,DEV=0,AES0=0x04,AES1=0x82,AES2=0x00,AES3=0x00"
2024-02-22 19:42:38.998 T:1118 info : CAESinkALSA::InitializeHW - Your hardware does not support AE_FMT_FLOAT, trying other formats
2024-02-22 19:42:38.998 T:1118 info : CAESinkALSA::InitializeHW - Using data format AE_FMT_S16NE
2024-02-22 19:42:39.776 T:4966 info : Opening stream: 1001 source: 256
2024-02-22 19:42:39.776 T:4966 error : OpenStream: Codec id 27 require extradata.
2024-02-22 19:42:39.776 T:4966 warning : OpenStream - Unsupported stream 1001. Stream disabled.
2024-02-22 19:42:39.776 T:1077 info : [WHITELIST] Searching the whitelist for: width: 1920, height: 1080, fps: 50.000, 3D: false
2024-02-22 19:42:39.776 T:4966 info : Opening stream: 1002 source: 256
2024-02-22 19:42:39.776 T:4966 info : Finding audio codec for: 86016
2024-02-22 19:42:39.777 T:4966 info : CDVDAudioCodecFFmpeg::Open() Successful opened audio decoder mp2
2024-02-22 19:42:39.777 T:1077 info : Display resolution ADJUST : 1920x1080 @ 50.00 - Full Screen (16) (weight: 0.000)
2024-02-22 19:42:39.777 T:4966 info : OpenStream: Allowing max Out-Of-Sync Value of 16 ms
2024-02-22 19:42:39.777 T:4966 info : Creating audio thread
2024-02-22 19:42:39.777 T:7175 info : running thread: CVideoPlayerAudio::Process()
2024-02-22 19:42:39.779 T:1077 info : GLES: Maximum texture width: 16383
2024-02-22 19:42:39.819 T:4966 info : Opening stream: 1001 source: 256
2024-02-22 19:42:39.819 T:4966 info : Creating video codec with codec id: 27
2024-02-22 19:42:39.819 T:4966 info : DVDVideoCodecAmlogic: Opened Amlogic Codec
2024-02-22 19:42:39.819 T:4966 info : Creating video thread
2024-02-22 19:42:39.820 T:7176 info : running thread: video_thread
2024-02-22 19:42:39.820 T:4966 info : Opening stream: 1002 source: 256
2024-02-22 19:42:39.820 T:7176 info : DVDVideoCodecAmlogic::AddData Open decoder: fps:25/1
2024-02-22 19:42:39.821 T:4966 info : Opening stream: 1001 source: 256
2024-02-22 19:42:39.821 T:4966 info : Opening stream: 1002 source: 256
2024-02-22 19:42:39.821 T:4966 info : Finding audio codec for: 86016
2024-02-22 19:42:39.821 T:4966 info : CDVDAudioCodecFFmpeg::Open() Successful opened audio decoder mp2
2024-02-22 19:42:39.828 T:1077 info : [WHITELIST] Searching the whitelist for: width: 1920, height: 1080, fps: 50.000, 3D: false
2024-02-22 19:42:39.828 T:7175 info : OpenStream: Allowing max Out-Of-Sync Value of 16 ms
2024-02-22 19:42:39.828 T:1077 info : Display resolution ADJUST : 1920x1080 @ 50.00 - Full Screen (16) (weight: 0.000)
2024-02-22 19:42:39.828 T:7175 info : Creating audio stream (codec id: 86016, channels: 2, sample rate: 48000, no pass-through)
2024-02-22 19:42:39.844 T:1077 info : GLES: Maximum texture width: 16383
2024-02-22 19:42:39.852 T:1118 info : CActiveAESink::OpenSink - initialize sink
2024-02-22 19:42:39.868 T:1077 info : Constructing CRendererAML
2024-02-22 19:42:39.890 T:1077 info : [WHITELIST] Searching the whitelist for: width: 1920, height: 1080, fps: 25.000, 3D: false
2024-02-22 19:42:39.891 T:1077 info : Display resolution ADJUST : 1920x1080 @ 50.00 - Full Screen (16) (weight: 0.000)
2024-02-22 19:42:39.904 T:1077 info : GLES: Maximum texture width: 16383
2024-02-22 19:42:40.055 T:1118 info : CAESinkALSA::Initialize - Configure simple control for "AUGESOUND"
2024-02-22 19:42:40.055 T:1118 info : CAESinkALSA - Use card "hw:0" and set codec format "2 CH PCM"
2024-02-22 19:42:40.085 T:1118 info : CAESinkALSA - Set Spdif to HDMITX to "Spdif_b"
2024-02-22 19:42:40.085 T:1118 info : CAESinkALSA - Set codec for "Audio spdif_b format"
2024-02-22 19:42:40.086 T:1118 info : CAESinkALSA - Set codec for "Audio I2S to HDMITX Format"
2024-02-22 19:42:40.086 T:1118 info : CAESinkALSA - Set codec for "Audio spdif format"
2024-02-22 19:42:40.086 T:1118 info : CAESinkALSA::Initialize - Attempting to open device "hdmi:CARD=AMLAUGESOUND,DEV=0"
2024-02-22 19:42:40.090 T:1118 info : CAESinkALSA::Initialize - Opened device "hdmi:CARD=AMLAUGESOUND,DEV=0,AES0=0x04,AES1=0x82,AES2=0x00,AES3=0x02"
2024-02-22 19:42:40.090 T:1118 info : CAESinkALSA::InitializeHW - Your hardware does not support AE_FMT_FLOAT, trying other formats
2024-02-22 19:42:40.090 T:1118 info : CAESinkALSA::InitializeHW - Using data format AE_FMT_S16NE
2024-02-22 19:42:40.208 T:1077 info : Constructing CRendererAML
2024-02-22 19:42:40.228 T:1077 info : [WHITELIST] Searching the whitelist for: width: 1920, height: 1080, fps: 50.000, 3D: false
2024-02-22 19:42:40.229 T:1077 info : Display resolution ADJUST : 1920x1080 @ 50.00 - Full Screen (16) (weight: 0.000)
2024-02-22 19:42:40.244 T:1077 info : GLES: Maximum texture width: 16383
2024-02-22 19:42:40.723 T:7176 warning : OutputPicture - timeout waiting for buffer
2024-02-22 19:42:43.511 T:4841 info : Skipped 1 duplicate messages..
2024-02-22 19:42:43.511 T:4841 error : CCurlFile::Open - Failed with code 404:
2024-02-22 19:42:43.636 T:1154 info : [script.module.pvr.artwork] fetch data from cache: script.module.pvr.artwork.1.0.9.free fenster
2024-02-22 19:42:44.646 T:1077 info : VideoPlayer::OpenFile: pvr://channels/tv/ASTRA%201KR%2019.2E@2025648334/1@pvr.hts_1173959819.pvr
2024-02-22 19:42:44.683 T:7176 warning : OutputPicture - timeout waiting for buffer
2024-02-22 19:42:44.746 T:4966 info : Creating InputStream
2024-02-22 19:42:44.750 T:4966 info : Creating Demuxer
2024-02-22 19:42:44.750 T:4966 info : Closing stream player 2
2024-02-22 19:42:44.750 T:4966 info : waiting for video thread to exit
2024-02-22 19:42:44.750 T:7176 info : thread end: video_thread
2024-02-22 19:42:44.750 T:4966 info : deleting video codec
2024-02-22 19:42:44.761 T:4966 info : Closing stream player 1
2024-02-22 19:42:44.761 T:4966 info : Waiting for audio thread to exit
2024-02-22 19:42:44.765 T:7175 info : thread end: CVideoPlayerAudio::OnExit()
2024-02-22 19:42:44.766 T:4966 info : Closing audio device
2024-02-22 19:42:44.766 T:4966 info : Deleting audio codec
2024-02-22 19:42:44.796 T:1118 info : CActiveAESink::OpenSink - initialize sink
2024-02-22 19:42:44.999 T:1118 info : CAESinkALSA::Initialize - Configure simple control for "AUGESOUND"
2024-02-22 19:42:44.999 T:1118 info : CAESinkALSA - Use card "hw:0" and set codec format "2 CH PCM"
2024-02-22 19:42:45.029 T:1118 info : CAESinkALSA - Set Spdif to HDMITX to "Spdif_b"
2024-02-22 19:42:45.029 T:1118 info : CAESinkALSA - Set codec for "Audio spdif_b format"
2024-02-22 19:42:45.029 T:1118 info : CAESinkALSA - Set codec for "Audio I2S to HDMITX Format"
2024-02-22 19:42:45.029 T:1118 info : CAESinkALSA - Set codec for "Audio spdif format"
2024-02-22 19:42:45.030 T:1118 info : CAESinkALSA::Initialize - Attempting to open device "hdmi:CARD=AMLAUGESOUND,DEV=0"
2024-02-22 19:42:45.034 T:1118 info : CAESinkALSA::Initialize - Opened device "hdmi:CARD=AMLAUGESOUND,DEV=0,AES0=0x04,AES1=0x82,AES2=0x00,AES3=0x00"
2024-02-22 19:42:45.034 T:1118 info : CAESinkALSA::InitializeHW - Your hardware does not support AE_FMT_FLOAT, trying other formats
2024-02-22 19:42:45.034 T:1118 info : CAESinkALSA::InitializeHW - Using data format AE_FMT_S16NE
2024-02-22 19:42:48.521 T:4966 info : Opening stream: 1001 source: 256
2024-02-22 19:42:48.521 T:4966 error : OpenStream: Codec id 173 require extradata.
2024-02-22 19:42:48.521 T:4966 warning : OpenStream - Unsupported stream 1001. Stream disabled.
2024-02-22 19:42:48.521 T:4966 info : Opening stream: 1002 source: 256
2024-02-22 19:42:48.521 T:4966 info : Finding audio codec for: 86019
2024-02-22 19:42:48.522 T:4966 info : CDVDAudioCodecFFmpeg::Open() Successful opened audio decoder ac3
2024-02-22 19:42:48.522 T:4966 info : OpenStream: Allowing max Out-Of-Sync Value of 16 ms
2024-02-22 19:42:48.522 T:4966 info : Creating audio thread
2024-02-22 19:42:48.523 T:1077 info : [WHITELIST] Searching the whitelist for: width: 3840, height: 2160, fps: 50.000, 3D: false
2024-02-22 19:42:48.523 T:1077 info : Display resolution ADJUST : 3840x2160 @ 50.00 - Full Screen (22) (weight: 0.000)
2024-02-22 19:42:48.527 T:7217 info : running thread: CVideoPlayerAudio::Process()
2024-02-22 19:42:48.743 T:1077 info : VideoPlayer: OnLostDisplay received
2024-02-22 19:42:48.743 T:1077 warning : CDVDMessageQueue(video)::Put MSGQ_NOT_INITIALIZED
2024-02-22 19:42:48.887 T:4966 info : Opening stream: 1001 source: 256
2024-02-22 19:42:48.887 T:4966 info : Creating video codec with codec id: 173
2024-02-22 19:42:48.887 T:4966 info : CBitstreamConverter::Open Invalid hvcC
2024-02-22 19:42:48.887 T:4966 info : DVDVideoCodecAmlogic: Opened Amlogic Codec
2024-02-22 19:42:48.887 T:4966 info : Creating video thread
2024-02-22 19:42:48.887 T:7221 info : running thread: video_thread
2024-02-22 19:42:48.888 T:4966 info : Opening stream: 1002 source: 256
2024-02-22 19:42:48.895 T:1077 info : VideoPlayer: OnResetDisplay received
2024-02-22 19:42:48.896 T:1118 info : CActiveAESink::OpenSink - initialize sink
2024-02-22 19:42:48.896 T:1118 info : CAESinkALSA::Initialize - Configure simple control for "AUGESOUND"
2024-02-22 19:42:48.896 T:1118 info : CAESinkALSA - Use card "hw:0" and set codec format "2 CH PCM"
2024-02-22 19:42:48.903 T:1077 info : GLES: Maximum texture width: 16383
2024-02-22 19:42:48.926 T:1118 info : CAESinkALSA - Set Spdif to HDMITX to "Spdif_b"
2024-02-22 19:42:48.926 T:1118 info : CAESinkALSA - Set codec for "Audio spdif_b format"
2024-02-22 19:42:48.926 T:1118 info : CAESinkALSA - Set codec for "Audio I2S to HDMITX Format"
2024-02-22 19:42:48.926 T:1118 info : CAESinkALSA - Set codec for "Audio spdif format"
2024-02-22 19:42:48.926 T:1118 info : CAESinkALSA::Initialize - Attempting to open device "hdmi:CARD=AMLAUGESOUND,DEV=0"
2024-02-22 19:42:48.931 T:1118 info : CAESinkALSA::Initialize - Opened device "hdmi:CARD=AMLAUGESOUND,DEV=0,AES0=0x04,AES1=0x82,AES2=0x00,AES3=0x00"
2024-02-22 19:42:48.931 T:1118 info : CAESinkALSA::InitializeHW - Your hardware does not support AE_FMT_FLOAT, trying other formats
2024-02-22 19:42:48.931 T:1118 info : CAESinkALSA::InitializeHW - Using data format AE_FMT_S16NE
2024-02-22 19:42:48.938 T:7221 info : DVDVideoCodecAmlogic::AddData Open decoder: fps:50/1
2024-02-22 19:42:48.939 T:4966 info : Opening stream: 1001 source: 256
2024-02-22 19:42:48.939 T:4966 info : Opening stream: 1002 source: 256
2024-02-22 19:42:48.939 T:4966 info : Finding audio codec for: 86019
2024-02-22 19:42:48.940 T:4966 info : CDVDAudioCodecFFmpeg::Open() Successful opened audio decoder ac3
2024-02-22 19:42:48.946 T:7217 info : OpenStream: Allowing max Out-Of-Sync Value of 16 ms
2024-02-22 19:42:48.947 T:7217 info : CVideoPlayerAudio: display reset occurred, checking for passthrough
2024-02-22 19:42:48.948 T:7217 info : CDVDAudioCodecFFmpeg::Open() Successful opened audio decoder ac3
2024-02-22 19:42:48.948 T:7217 info : Creating audio stream (codec id: 86019, channels: 2, sample rate: 48000, no pass-through)
2024-02-22 19:42:48.990 T:1118 info : CActiveAESink::OpenSink - initialize sink
2024-02-22 19:42:49.004 T:1077 info : Constructing CRendererAML
2024-02-22 19:42:49.029 T:1077 info : [WHITELIST] Searching the whitelist for: width: 3840, height: 2160, fps: 50.000, 3D: false
2024-02-22 19:42:49.029 T:1077 info : Display resolution ADJUST : 3840x2160 @ 50.00 - Full Screen (22) (weight: 0.000)
2024-02-22 19:42:49.031 T:1077 info : GLES: Maximum texture width: 16383
2024-02-22 19:42:49.193 T:1118 info : CAESinkALSA::Initialize - Configure simple control for "AUGESOUND"
2024-02-22 19:42:49.193 T:1118 info : CAESinkALSA - Use card "hw:0" and set codec format "2 CH PCM"
2024-02-22 19:42:49.223 T:1118 info : CAESinkALSA - Set Spdif to HDMITX to "Spdif_b"
2024-02-22 19:42:49.224 T:1118 info : CAESinkALSA - Set codec for "Audio spdif_b format"
2024-02-22 19:42:49.224 T:1118 info : CAESinkALSA - Set codec for "Audio I2S to HDMITX Format"
2024-02-22 19:42:49.224 T:1118 info : CAESinkALSA - Set codec for "Audio spdif format"
2024-02-22 19:42:49.224 T:1118 info : CAESinkALSA::Initialize - Attempting to open device "hdmi:CARD=AMLAUGESOUND,DEV=0"
2024-02-22 19:42:49.228 T:1118 info : CAESinkALSA::Initialize - Opened device "hdmi:CARD=AMLAUGESOUND,DEV=0,AES0=0x04,AES1=0x82,AES2=0x00,AES3=0x02"
2024-02-22 19:42:49.228 T:1118 info : CAESinkALSA::InitializeHW - Your hardware does not support AE_FMT_FLOAT, trying other formats
2024-02-22 19:42:49.228 T:1118 info : CAESinkALSA::InitializeHW - Using data format AE_FMT_S16NE
2024-02-22 19:42:49.816 T:7221 warning : OutputPicture - timeout waiting for buffer
2024-02-22 19:43:09.017 T:7221 info : Skipped 1 duplicate messages..
2024-02-22 19:43:09.017 T:7221 warning : OutputPicture - timeout waiting for buffer
2024-02-22 19:43:25.031 T:4833 error : CCurlFile::Open - Failed with code 404:
2024-02-22 19:43:26.682 T:1154 info : [script.module.pvr.artwork] fetch data from cache: script.module.pvr.artwork.1.0.9.ses uhd demo channel
2024-02-22 19:43:27.281 T:1154 info : [script.module.pvr.artwork] fetch data from cache: script.module.pvr.artwork.1.0.9.ses uhd demo channel 04
