2024-02-22 19:39:51.750 T:1148 error : CCurlFile::CReadState::FillBuffer - (0x7f08ebc9d0) Failed: Transferred a partial file(18)
2024-02-22 19:39:51.751 T:1148 error : [ script.embuary.helper ] Image error: Could not get image for image://pvrchannel_tv@http%3a%2f%2f127.0.0.1%3a9981%2fimagecache%2f3/ (try 3) -> [Errno 2] No such file or directory: '/storage/.kodi/userdata/addon_data/script.embuary.helper/img/tmp/9bdf55f9b7cbf74561de48543c0f86bb.jpg'
2024-02-22 19:39:52.255 T:1148 error : CCurlFile::CReadState::FillBuffer - (0x7f08ebc9d0) Failed: Transferred a partial file(18)
2024-02-22 19:39:52.255 T:1148 error : [ script.embuary.helper ] Image error: Could not get image for image://pvrchannel_tv@http%3a%2f%2f127.0.0.1%3a9981%2fimagecache%2f3/ (try 1) -> [Errno 2] No such file or directory: '/storage/.kodi/userdata/addon_data/script.embuary.helper/img/tmp/9bdf55f9b7cbf74561de48543c0f86bb.jpg'
2024-02-22 19:39:52.759 T:1148 error : CCurlFile::CReadState::FillBuffer - (0x7f08ebc9d0) Failed: Transferred a partial file(18)
2024-02-22 19:39:52.760 T:1148 error : [ script.embuary.helper ] Image error: Could not get image for image://pvrchannel_tv@http%3a%2f%2f127.0.0.1%3a9981%2fimagecache%2f3/ (try 2) -> [Errno 2] No such file or directory: '/storage/.kodi/userdata/addon_data/script.embuary.helper/img/tmp/9bdf55f9b7cbf74561de48543c0f86bb.jpg'
2024-02-22 19:39:53.264 T:1148 error : CCurlFile::CReadState::FillBuffer - (0x7f08ebc9d0) Failed: Transferred a partial file(18)
2024-02-22 19:39:53.264 T:1148 error : [ script.embuary.helper ] Image error: Could not get image for image://pvrchannel_tv@http%3a%2f%2f127.0.0.1%3a9981%2fimagecache%2f3/ (try 3) -> [Errno 2] No such file or directory: '/storage/.kodi/userdata/addon_data/script.embuary.helper/img/tmp/9bdf55f9b7cbf74561de48543c0f86bb.jpg'
2024-02-22 19:39:53.768 T:1148 error : CCurlFile::CReadState::FillBuffer - (0x7f08ebc9d0) Failed: Transferred a partial file(18)
2024-02-22 19:39:53.768 T:1148 error : [ script.embuary.helper ] Image error: Could not get image for image://pvrchannel_tv@http%3a%2f%2f127.0.0.1%3a9981%2fimagecache%2f3/ (try 1) -> [Errno 2] No such file or directory: '/storage/.kodi/userdata/addon_data/script.embuary.helper/img/tmp/9bdf55f9b7cbf74561de48543c0f86bb.jpg'
2024-02-22 19:39:53.980 T:1077 info : Loading skin file: DialogSeekBar.xml, load type: LOAD_ON_GUI_INIT
2024-02-22 19:39:54.007 T:1077 warning : Label Formatting: $VAR[CoverPlayerArtVar] is not defined
2024-02-22 19:39:54.052 T:4841 info : Skipped 1 duplicate messages..
2024-02-22 19:39:54.052 T:4841 error : CCurlFile::CReadState::FillBuffer - (0x7f602273d0) Failed: Transferred a partial file(18)
2024-02-22 19:39:54.271 T:1148 error : CCurlFile::CReadState::FillBuffer - (0x7f08ebc9d0) Failed: Transferred a partial file(18)
2024-02-22 19:39:54.272 T:1148 error : [ script.embuary.helper ] Image error: Could not get image for image://pvrchannel_tv@http%3a%2f%2f127.0.0.1%3a9981%2fimagecache%2f3/ (try 2) -> [Errno 2] No such file or directory: '/storage/.kodi/userdata/addon_data/script.embuary.helper/img/tmp/9bdf55f9b7cbf74561de48543c0f86bb.jpg'
2024-02-22 19:39:54.775 T:1148 error : CCurlFile::CReadState::FillBuffer - (0x7f08ebc9d0) Failed: Transferred a partial file(18)
2024-02-22 19:39:54.776 T:1148 error : [ script.embuary.helper ] Image error: Could not get image for image://pvrchannel_tv@http%3a%2f%2f127.0.0.1%3a9981%2fimagecache%2f3/ (try 3) -> [Errno 2] No such file or directory: '/storage/.kodi/userdata/addon_data/script.embuary.helper/img/tmp/9bdf55f9b7cbf74561de48543c0f86bb.jpg'
2024-02-22 19:39:55.282 T:1148 error : CCurlFile::CReadState::FillBuffer - (0x7f08ebc9d0) Failed: Transferred a partial file(18)
2024-02-22 19:39:55.283 T:1148 error : [ script.embuary.helper ] Image error: Could not get image for image://pvrchannel_tv@http%3a%2f%2f127.0.0.1%3a9981%2fimagecache%2f3/ (try 1) -> [Errno 2] No such file or directory: '/storage/.kodi/userdata/addon_data/script.embuary.helper/img/tmp/9bdf55f9b7cbf74561de48543c0f86bb.jpg'
2024-02-22 19:39:55.786 T:1148 error : CCurlFile::CReadState::FillBuffer - (0x7f08ebc9d0) Failed: Transferred a partial file(18)
2024-02-22 19:39:55.786 T:1148 error : [ script.embuary.helper ] Image error: Could not get image for image://pvrchannel_tv@http%3a%2f%2f127.0.0.1%3a9981%2fimagecache%2f3/ (try 2) -> [Errno 2] No such file or directory: '/storage/.kodi/userdata/addon_data/script.embuary.helper/img/tmp/9bdf55f9b7cbf74561de48543c0f86bb.jpg'
2024-02-22 19:39:56.289 T:1148 error : CCurlFile::CReadState::FillBuffer - (0x7f08ebc9d0) Failed: Transferred a partial file(18)
2024-02-22 19:39:56.290 T:1148 error : [ script.embuary.helper ] Image error: Could not get image for image://pvrchannel_tv@http%3a%2f%2f127.0.0.1%3a9981%2fimagecache%2f3/ (try 3) -> [Errno 2] No such file or directory: '/storage/.kodi/userdata/addon_data/script.embuary.helper/img/tmp/9bdf55f9b7cbf74561de48543c0f86bb.jpg'
2024-02-22 19:39:56.794 T:1148 error : CCurlFile::CReadState::FillBuffer - (0x7f08ebc9d0) Failed: Transferred a partial file(18)
2024-02-22 19:39:56.794 T:1148 error : [ script.embuary.helper ] Image error: Could not get image for image://pvrchannel_tv@http%3a%2f%2f127.0.0.1%3a9981%2fimagecache%2f3/ (try 1) -> [Errno 2] No such file or directory: '/storage/.kodi/userdata/addon_data/script.embuary.helper/img/tmp/9bdf55f9b7cbf74561de48543c0f86bb.jpg'
2024-02-22 19:39:57.297 T:1148 error : CCurlFile::CReadState::FillBuffer - (0x7f08ebc9d0) Failed: Transferred a partial file(18)
2024-02-22 19:39:57.298 T:1148 error : [ script.embuary.helper ] Image error: Could not get image for image://pvrchannel_tv@http%3a%2f%2f127.0.0.1%3a9981%2fimagecache%2f3/ (try 2) -> [Errno 2] No such file or directory: '/storage/.kodi/userdata/addon_data/script.embuary.helper/img/tmp/9bdf55f9b7cbf74561de48543c0f86bb.jpg'
2024-02-22 19:39:57.803 T:1148 error : CCurlFile::CReadState::FillBuffer - (0x7f08ebc9d0) Failed: Transferred a partial file(18)
2024-02-22 19:39:57.803 T:1148 error : [ script.embuary.helper ] Image error: Could not get image for image://pvrchannel_tv@http%3a%2f%2f127.0.0.1%3a9981%2fimagecache%2f3/ (try 3) -> [Errno 2] No such file or directory: '/storage/.kodi/userdata/addon_data/script.embuary.helper/img/tmp/9bdf55f9b7cbf74561de48543c0f86bb.jpg'
2024-02-22 19:39:58.307 T:1148 error : CCurlFile::CReadState::FillBuffer - (0x7f08ebc9d0) Failed: Transferred a partial file(18)
2024-02-22 19:39:58.307 T:1148 error : [ script.embuary.helper ] Image error: Could not get image for image://pvrchannel_tv@http%3a%2f%2f127.0.0.1%3a9981%2fimagecache%2f3/ (try 2) -> [Errno 2] No such file or directory: '/storage/.kodi/userdata/addon_data/script.embuary.helper/img/tmp/9bdf55f9b7cbf74561de48543c0f86bb.jpg'
2024-02-22 19:39:58.810 T:1148 error : CCurlFile::CReadState::FillBuffer - (0x7f08ebc9d0) Failed: Transferred a partial file(18)
2024-02-22 19:39:58.811 T:1148 error : [ script.embuary.helper ] Image error: Could not get image for image://pvrchannel_tv@http%3a%2f%2f127.0.0.1%3a9981%2fimagecache%2f3/ (try 3) -> [Errno 2] No such file or directory: '/storage/.kodi/userdata/addon_data/script.embuary.helper/img/tmp/9bdf55f9b7cbf74561de48543c0f86bb.jpg'
2024-02-22 19:39:59.314 T:1148 error : CCurlFile::CReadState::FillBuffer - (0x7f08ebc9d0) Failed: Transferred a partial file(18)
2024-02-22 19:39:59.315 T:1148 error : [ script.embuary.helper ] Image error: Could not get image for image://pvrchannel_tv@http%3a%2f%2f127.0.0.1%3a9981%2fimagecache%2f3/ (try 1) -> [Errno 2] No such file or directory: '/storage/.kodi/userdata/addon_data/script.embuary.helper/img/tmp/9bdf55f9b7cbf74561de48543c0f86bb.jpg'
2024-02-22 19:39:59.820 T:1148 error : CCurlFile::CReadState::FillBuffer - (0x7f08ebc9d0) Failed: Transferred a partial file(18)
2024-02-22 19:39:59.820 T:1148 error : [ script.embuary.helper ] Image error: Could not get image for image://pvrchannel_tv@http%3a%2f%2f127.0.0.1%3a9981%2fimagecache%2f3/ (try 2) -> [Errno 2] No such file or directory: '/storage/.kodi/userdata/addon_data/script.embuary.helper/img/tmp/9bdf55f9b7cbf74561de48543c0f86bb.jpg'
2024-02-22 19:40:00.280 T:4841 error : CCurlFile::CReadState::FillBuffer - (0x7f602273d0) Failed: Transferred a partial file(18)
2024-02-22 19:40:00.324 T:1148 error : CCurlFile::CReadState::FillBuffer - (0x7f08ebc9d0) Failed: Transferred a partial file(18)
2024-02-22 19:40:00.324 T:1148 error : [ script.embuary.helper ] Image error: Could not get image for image://pvrchannel_tv@http%3a%2f%2f127.0.0.1%3a9981%2fimagecache%2f3/ (try 3) -> [Errno 2] No such file or directory: '/storage/.kodi/userdata/addon_data/script.embuary.helper/img/tmp/9bdf55f9b7cbf74561de48543c0f86bb.jpg'
2024-02-22 19:40:00.829 T:1148 error : CCurlFile::CReadState::FillBuffer - (0x7f08ebc9d0) Failed: Transferred a partial file(18)
2024-02-22 19:40:00.829 T:1148 error : [ script.embuary.helper ] Image error: Could not get image for image://pvrchannel_tv@http%3a%2f%2f127.0.0.1%3a9981%2fimagecache%2f3/ (try 1) -> [Errno 2] No such file or directory: '/storage/.kodi/userdata/addon_data/script.embuary.helper/img/tmp/9bdf55f9b7cbf74561de48543c0f86bb.jpg'
2024-02-22 19:40:00.903 T:5343 error : CCurlFile::CReadState::FillBuffer - (0x269d4ce0) Failed: Transferred a partial file(18)
2024-02-22 19:40:01.332 T:1148 error : CCurlFile::CReadState::FillBuffer - (0x7f08ebc9d0) Failed: Transferred a partial file(18)
2024-02-22 19:40:01.333 T:1148 error : [ script.embuary.helper ] Image error: Could not get image for image://pvrchannel_tv@http%3a%2f%2f127.0.0.1%3a9981%2fimagecache%2f3/ (try 2) -> [Errno 2] No such file or directory: '/storage/.kodi/userdata/addon_data/script.embuary.helper/img/tmp/9bdf55f9b7cbf74561de48543c0f86bb.jpg'
2024-02-22 19:40:01.342 T:1154 info : [script.module.pvr.artwork] fetch data from cache: script.module.pvr.artwork.1.0.9.sony max
2024-02-22 19:40:01.444 T:4841 error : CCurlFile::CReadState::FillBuffer - (0x7f602273d0) Failed: Transferred a partial file(18)
2024-02-22 19:40:01.785 T:4831 error : CCurlFile::CReadState::FillBuffer - (0x7f30c50930) Failed: Transferred a partial file(18)
2024-02-22 19:40:01.836 T:1148 error : CCurlFile::CReadState::FillBuffer - (0x7f08ebc9d0) Failed: Transferred a partial file(18)
2024-02-22 19:40:01.836 T:1148 error : [ script.embuary.helper ] Image error: Could not get image for image://pvrchannel_tv@http%3a%2f%2f127.0.0.1%3a9981%2fimagecache%2f3/ (try 3) -> [Errno 2] No such file or directory: '/storage/.kodi/userdata/addon_data/script.embuary.helper/img/tmp/9bdf55f9b7cbf74561de48543c0f86bb.jpg'
2024-02-22 19:40:01.864 T:1154 info : [script.module.pvr.artwork] fetch data from cache: script.module.pvr.artwork.1.0.9.wion hd
2024-02-22 19:40:02.340 T:1148 error : CCurlFile::CReadState::FillBuffer - (0x7f08ebc9d0) Failed: Transferred a partial file(18)
2024-02-22 19:40:02.341 T:1148 error : [ script.embuary.helper ] Image error: Could not get image for image://pvrchannel_tv@http%3a%2f%2f127.0.0.1%3a9981%2fimagecache%2f3/ (try 1) -> [Errno 2] No such file or directory: '/storage/.kodi/userdata/addon_data/script.embuary.helper/img/tmp/9bdf55f9b7cbf74561de48543c0f86bb.jpg'
2024-02-22 19:40:02.844 T:1148 error : CCurlFile::CReadState::FillBuffer - (0x7f08ebc9d0) Failed: Transferred a partial file(18)
2024-02-22 19:40:02.845 T:1148 error : [ script.embuary.helper ] Image error: Could not get image for image://pvrchannel_tv@http%3a%2f%2f127.0.0.1%3a9981%2fimagecache%2f3/ (try 2) -> [Errno 2] No such file or directory: '/storage/.kodi/userdata/addon_data/script.embuary.helper/img/tmp/9bdf55f9b7cbf74561de48543c0f86bb.jpg'
2024-02-22 19:40:03.348 T:1148 error : CCurlFile::CReadState::FillBuffer - (0x7f08ebc9d0) Failed: Transferred a partial file(18)
2024-02-22 19:40:03.349 T:1148 error : [ script.embuary.helper ] Image error: Could not get image for image://pvrchannel_tv@http%3a%2f%2f127.0.0.1%3a9981%2fimagecache%2f3/ (try 3) -> [Errno 2] No such file or directory: '/storage/.kodi/userdata/addon_data/script.embuary.helper/img/tmp/9bdf55f9b7cbf74561de48543c0f86bb.jpg'
2024-02-22 19:40:03.437 T:1077 info : VideoPlayer::OpenFile: pvr://channels/tv/%20ASTRA%202A%2f2C%2f2E%2f2F%2028.5E@2025648334/1@pvr.hts_981308194.pvr
2024-02-22 19:40:03.520 T:1154 info : [script.module.pvr.artwork] fetch data from cache: script.module.pvr.artwork.1.0.9.egypt's unexplained files
2024-02-22 19:40:03.617 T:4966 info : Creating InputStream
2024-02-22 19:40:03.622 T:4966 info : Creating Demuxer
2024-02-22 19:40:03.622 T:4966 info : Closing stream player 2
2024-02-22 19:40:03.622 T:4966 info : waiting for video thread to exit
2024-02-22 19:40:03.622 T:5824 info : thread end: video_thread
2024-02-22 19:40:03.622 T:4966 info : deleting video codec
2024-02-22 19:40:03.624 T:4966 info : Closing stream player 1
2024-02-22 19:40:03.624 T:4966 info : Waiting for audio thread to exit
2024-02-22 19:40:03.626 T:5821 info : thread end: CVideoPlayerAudio::OnExit()
2024-02-22 19:40:03.626 T:4966 info : Closing audio device
2024-02-22 19:40:03.626 T:4966 info : Deleting audio codec
2024-02-22 19:40:03.626 T:4966 info : Closing stream player 3
2024-02-22 19:40:03.630 T:4966 info : Closing stream player 4
2024-02-22 19:40:03.630 T:4966 info : waiting for teletext data thread to exit
2024-02-22 19:40:03.630 T:5822 info : thread end: data_thread
2024-02-22 19:40:03.645 T:5343 error : CCurlFile::CReadState::FillBuffer - (0x269d4ce0) Failed: Transferred a partial file(18)
2024-02-22 19:40:03.647 T:1077 info : GLES: Selecting YUV 2 RGB shader
2024-02-22 19:40:03.666 T:1118 info : CActiveAESink::OpenSink - initialize sink
2024-02-22 19:40:03.870 T:1118 info : CAESinkALSA::Initialize - Configure simple control for "AUGESOUND"
2024-02-22 19:40:03.870 T:1118 info : CAESinkALSA - Use card "hw:0" and set codec format "2 CH PCM"
2024-02-22 19:40:03.899 T:1118 info : CAESinkALSA - Set Spdif to HDMITX to "Spdif_b"
2024-02-22 19:40:03.899 T:1118 info : CAESinkALSA - Set codec for "Audio spdif_b format"
2024-02-22 19:40:03.899 T:1118 info : CAESinkALSA - Set codec for "Audio I2S to HDMITX Format"
2024-02-22 19:40:03.899 T:1118 info : CAESinkALSA - Set codec for "Audio spdif format"
2024-02-22 19:40:03.900 T:1118 info : CAESinkALSA::Initialize - Attempting to open device "hdmi:CARD=AMLAUGESOUND,DEV=0"
2024-02-22 19:40:03.903 T:1118 info : CAESinkALSA::Initialize - Opened device "hdmi:CARD=AMLAUGESOUND,DEV=0,AES0=0x04,AES1=0x82,AES2=0x00,AES3=0x00"
2024-02-22 19:40:03.903 T:1118 info : CAESinkALSA::InitializeHW - Your hardware does not support AE_FMT_FLOAT, trying other formats
2024-02-22 19:40:03.904 T:1118 info : CAESinkALSA::InitializeHW - Using data format AE_FMT_S16NE
2024-02-22 19:40:03.912 T:1148 error : CCurlFile::CReadState::FillBuffer - (0x7f08ebc9d0) Failed: Transferred a partial file(18)
2024-02-22 19:40:03.913 T:1148 error : [ script.embuary.helper ] Image error: Could not get image for image://pvrchannel_tv@http%3a%2f%2f127.0.0.1%3a9981%2fimagecache%2f3/ (try 1) -> [Errno 2] No such file or directory: '/storage/.kodi/userdata/addon_data/script.embuary.helper/img/tmp/9bdf55f9b7cbf74561de48543c0f86bb.jpg'
2024-02-22 19:40:04.039 T:1154 info : [script.module.pvr.artwork] fetch data from cache: script.module.pvr.artwork.1.0.9.videoplayer.label
2024-02-22 19:40:04.416 T:1148 error : CCurlFile::CReadState::FillBuffer - (0x7f08ebc9d0) Failed: Transferred a partial file(18)
2024-02-22 19:40:04.417 T:1148 error : [ script.embuary.helper ] Image error: Could not get image for image://pvrchannel_tv@http%3a%2f%2f127.0.0.1%3a9981%2fimagecache%2f3/ (try 2) -> [Errno 2] No such file or directory: '/storage/.kodi/userdata/addon_data/script.embuary.helper/img/tmp/9bdf55f9b7cbf74561de48543c0f86bb.jpg'
2024-02-22 19:40:04.920 T:1148 error : CCurlFile::CReadState::FillBuffer - (0x7f08ebc9d0) Failed: Transferred a partial file(18)
2024-02-22 19:40:04.920 T:1148 error : [ script.embuary.helper ] Image error: Could not get image for image://pvrchannel_tv@http%3a%2f%2f127.0.0.1%3a9981%2fimagecache%2f3/ (try 3) -> [Errno 2] No such file or directory: '/storage/.kodi/userdata/addon_data/script.embuary.helper/img/tmp/9bdf55f9b7cbf74561de48543c0f86bb.jpg'
2024-02-22 19:40:05.009 T:4966 info : Opening stream: 1001 source: 256
2024-02-22 19:40:05.010 T:4966 error : OpenStream: Codec id 27 require extradata.
2024-02-22 19:40:05.010 T:4966 warning : OpenStream - Unsupported stream 1001. Stream disabled.
2024-02-22 19:40:05.010 T:4966 info : Opening stream: 1002 source: 256
2024-02-22 19:40:05.010 T:4966 info : Finding audio codec for: 86019
2024-02-22 19:40:05.011 T:4966 info : CDVDAudioCodecFFmpeg::Open() Successful opened audio decoder ac3
2024-02-22 19:40:05.011 T:4966 info : OpenStream: Allowing max Out-Of-Sync Value of 16 ms
2024-02-22 19:40:05.011 T:4966 info : Creating audio thread
2024-02-22 19:40:05.011 T:5952 info : running thread: CVideoPlayerAudio::Process()
2024-02-22 19:40:05.019 T:1077 info : [WHITELIST] Searching the whitelist for: width: 1920, height: 1080, fps: 50.000, 3D: false
2024-02-22 19:40:05.020 T:1077 info : Display resolution ADJUST : 1920x1080 @ 50.00 - Full Screen (16) (weight: 0.000)
2024-02-22 19:40:05.036 T:1077 info : GLES: Maximum texture width: 16383
2024-02-22 19:40:05.054 T:4966 info : Opening stream: 1001 source: 256
2024-02-22 19:40:05.054 T:4966 info : Creating video codec with codec id: 27
2024-02-22 19:40:05.054 T:4966 info : DVDVideoCodecAmlogic: Opened Amlogic Codec
2024-02-22 19:40:05.054 T:4966 info : Creating video thread
2024-02-22 19:40:05.054 T:5953 info : running thread: video_thread
2024-02-22 19:40:05.054 T:4966 info : Opening stream: 1002 source: 256
2024-02-22 19:40:05.054 T:4966 info : Finding audio codec for: 86019
2024-02-22 19:40:05.055 T:4966 info : CDVDAudioCodecFFmpeg::Open() Successful opened audio decoder ac3
2024-02-22 19:40:05.056 T:5953 info : DVDVideoCodecAmlogic::AddData Open decoder: fps:25/1
2024-02-22 19:40:05.059 T:1077 info : [WHITELIST] Searching the whitelist for: width: 1920, height: 1080, fps: 50.000, 3D: false
2024-02-22 19:40:05.060 T:1077 info : Display resolution ADJUST : 1920x1080 @ 50.00 - Full Screen (16) (weight: 0.000)
2024-02-22 19:40:05.062 T:5952 info : OpenStream: Allowing max Out-Of-Sync Value of 16 ms
2024-02-22 19:40:05.062 T:5952 info : Creating audio stream (codec id: 86019, channels: 6, sample rate: 48000, no pass-through)
2024-02-22 19:40:05.076 T:1077 info : GLES: Maximum texture width: 16383
2024-02-22 19:40:05.110 T:1118 info : CActiveAESink::OpenSink - initialize sink
2024-02-22 19:40:05.140 T:1077 info : Constructing CRendererAML
2024-02-22 19:40:05.163 T:1077 info : [WHITELIST] Searching the whitelist for: width: 1920, height: 1080, fps: 25.000, 3D: false
2024-02-22 19:40:05.164 T:1077 info : Display resolution ADJUST : 1920x1080 @ 50.00 - Full Screen (16) (weight: 0.000)
2024-02-22 19:40:05.176 T:1077 info : GLES: Maximum texture width: 16383
2024-02-22 19:40:05.314 T:1118 info : CAESinkALSA::Initialize - Configure simple control for "AUGESOUND"
2024-02-22 19:40:05.314 T:1118 info : CAESinkALSA - Use card "hw:0" and set codec format "2 CH PCM"
2024-02-22 19:40:05.344 T:1118 info : CAESinkALSA - Set Spdif to HDMITX to "Spdif_b"
2024-02-22 19:40:05.345 T:1118 info : CAESinkALSA - Set codec for "Audio spdif_b format"
2024-02-22 19:40:05.345 T:1118 info : CAESinkALSA - Set codec for "Audio I2S to HDMITX Format"
2024-02-22 19:40:05.345 T:1118 info : CAESinkALSA - Set codec for "Audio spdif format"
2024-02-22 19:40:05.345 T:1118 info : CAESinkALSA::Initialize - Attempting to open device "hdmi:CARD=AMLAUGESOUND,DEV=0"
2024-02-22 19:40:05.349 T:1118 info : CAESinkALSA::Initialize - Opened device "hdmi:CARD=AMLAUGESOUND,DEV=0,AES0=0x04,AES1=0x82,AES2=0x00,AES3=0x02"
2024-02-22 19:40:05.349 T:1118 info : CAESinkALSA::InitializeHW - Your hardware does not support AE_FMT_FLOAT, trying other formats
2024-02-22 19:40:05.349 T:1118 info : CAESinkALSA::InitializeHW - Using data format AE_FMT_S16NE
2024-02-22 19:40:05.399 T:1077 info : Constructing CRendererAML
2024-02-22 19:40:05.420 T:1077 info : [WHITELIST] Searching the whitelist for: width: 1920, height: 1080, fps: 50.000, 3D: false
2024-02-22 19:40:05.420 T:1077 info : Display resolution ADJUST : 1920x1080 @ 50.00 - Full Screen (16) (weight: 0.000)
2024-02-22 19:40:05.436 T:1077 info : GLES: Maximum texture width: 16383
2024-02-22 19:40:05.482 T:4832 error : CCurlFile::CReadState::FillBuffer - (0x7f4c134570) Failed: Transferred a partial file(18)
2024-02-22 19:40:05.633 T:1154 info : [script.module.pvr.artwork] fetch data from cache: script.module.pvr.artwork.1.0.9.wion hd
2024-02-22 19:40:05.915 T:5953 warning : OutputPicture - timeout waiting for buffer
2024-02-22 19:40:05.919 T:1148 error : CCurlFile::CReadState::FillBuffer - (0x7f08ebc9d0) Failed: Transferred a partial file(18)
2024-02-22 19:40:05.920 T:1148 error : [ script.embuary.helper ] Image error: Could not get image for image://pvrchannel_tv@http%3a%2f%2f127.0.0.1%3a9981%2fimagecache%2f3/ (try 1) -> [Errno 2] No such file or directory: '/storage/.kodi/userdata/addon_data/script.embuary.helper/img/tmp/9bdf55f9b7cbf74561de48543c0f86bb.jpg'
2024-02-22 19:40:06.285 T:1154 info : [script.module.pvr.artwork] no results in local databases
2024-02-22 19:40:06.422 T:5953 warning : OutputPicture - timeout waiting for buffer
2024-02-22 19:40:06.423 T:1148 error : CCurlFile::CReadState::FillBuffer - (0x7f08ebc9d0) Failed: Transferred a partial file(18)
2024-02-22 19:40:06.423 T:1148 error : [ script.embuary.helper ] Image error: Could not get image for image://pvrchannel_tv@http%3a%2f%2f127.0.0.1%3a9981%2fimagecache%2f3/ (try 2) -> [Errno 2] No such file or directory: '/storage/.kodi/userdata/addon_data/script.embuary.helper/img/tmp/9bdf55f9b7cbf74561de48543c0f86bb.jpg'
2024-02-22 19:40:06.926 T:1148 error : CCurlFile::CReadState::FillBuffer - (0x7f08ebc9d0) Failed: Transferred a partial file(18)
2024-02-22 19:40:06.927 T:1148 error : [ script.embuary.helper ] Image error: Could not get image for image://pvrchannel_tv@http%3a%2f%2f127.0.0.1%3a9981%2fimagecache%2f3/ (try 3) -> [Errno 2] No such file or directory: '/storage/.kodi/userdata/addon_data/script.embuary.helper/img/tmp/9bdf55f9b7cbf74561de48543c0f86bb.jpg'
2024-02-22 19:40:06.936 T:5953 warning : OutputPicture - timeout waiting for buffer
2024-02-22 19:40:07.430 T:1148 error : CCurlFile::CReadState::FillBuffer - (0x7f08ebc9d0) Failed: Transferred a partial file(18)
2024-02-22 19:40:07.431 T:1148 error : [ script.embuary.helper ] Image error: Could not get image for image://pvrchannel_tv@http%3a%2f%2f127.0.0.1%3a9981%2fimagecache%2f3/ (try 1) -> [Errno 2] No such file or directory: '/storage/.kodi/userdata/addon_data/script.embuary.helper/img/tmp/9bdf55f9b7cbf74561de48543c0f86bb.jpg'
2024-02-22 19:40:07.437 T:5953 warning : OutputPicture - timeout waiting for buffer
2024-02-22 19:40:07.934 T:1148 error : CCurlFile::CReadState::FillBuffer - (0x7f08ebc9d0) Failed: Transferred a partial file(18)
2024-02-22 19:40:07.934 T:1148 error : [ script.embuary.helper ] Image error: Could not get image for image://pvrchannel_tv@http%3a%2f%2f127.0.0.1%3a9981%2fimagecache%2f3/ (try 2) -> [Errno 2] No such file or directory: '/storage/.kodi/userdata/addon_data/script.embuary.helper/img/tmp/9bdf55f9b7cbf74561de48543c0f86bb.jpg'
2024-02-22 19:40:08.365 T:5343 error : CCurlFile::CReadState::FillBuffer - (0x269d4ce0) Failed: Transferred a partial file(18)
2024-02-22 19:40:08.437 T:1148 error : CCurlFile::CReadState::FillBuffer - (0x7f08ebc9d0) Failed: Transferred a partial file(18)
2024-02-22 19:40:08.438 T:1148 error : [ script.embuary.helper ] Image error: Could not get image for image://pvrchannel_tv@http%3a%2f%2f127.0.0.1%3a9981%2fimagecache%2f3/ (try 3) -> [Errno 2] No such file or directory: '/storage/.kodi/userdata/addon_data/script.embuary.helper/img/tmp/9bdf55f9b7cbf74561de48543c0f86bb.jpg'
2024-02-22 19:40:08.780 T:4832 error : CCurlFile::CReadState::FillBuffer - (0x7f4c134570) Failed: Transferred a partial file(18)
2024-02-22 19:40:08.942 T:1148 error : CCurlFile::CReadState::FillBuffer - (0x7f08ebc9d0) Failed: Transferred a partial file(18)
2024-02-22 19:40:08.943 T:1148 error : [ script.embuary.helper ] Image error: Could not get image for image://pvrchannel_tv@http%3a%2f%2f127.0.0.1%3a9981%2fimagecache%2f3/ (try 1) -> [Errno 2] No such file or directory: '/storage/.kodi/userdata/addon_data/script.embuary.helper/img/tmp/9bdf55f9b7cbf74561de48543c0f86bb.jpg'
2024-02-22 19:40:09.053 T:4841 error : CCurlFile::CReadState::FillBuffer - (0x7f602273d0) Failed: Transferred a partial file(18)
2024-02-22 19:40:09.074 T:1154 info : [script.module.pvr.artwork] no results in local databases
2024-02-22 19:40:09.290 T:5343 error : CCurlFile::CReadState::FillBuffer - (0x269d4ce0) Failed: Transferred a partial file(18)
2024-02-22 19:40:09.446 T:1148 error : CCurlFile::CReadState::FillBuffer - (0x7f08ebc9d0) Failed: Transferred a partial file(18)
2024-02-22 19:40:09.446 T:1148 error : [ script.embuary.helper ] Image error: Could not get image for image://pvrchannel_tv@http%3a%2f%2f127.0.0.1%3a9981%2fimagecache%2f3/ (try 2) -> [Errno 2] No such file or directory: '/storage/.kodi/userdata/addon_data/script.embuary.helper/img/tmp/9bdf55f9b7cbf74561de48543c0f86bb.jpg'
2024-02-22 19:40:09.955 T:1148 error : CCurlFile::CReadState::FillBuffer - (0x7f08ebc9d0) Failed: Transferred a partial file(18)
2024-02-22 19:40:09.959 T:1148 error : [ script.embuary.helper ] Image error: Could not get image for image://pvrchannel_tv@http%3a%2f%2f127.0.0.1%3a9981%2fimagecache%2f3/ (try 3) -> [Errno 2] No such file or directory: '/storage/.kodi/userdata/addon_data/script.embuary.helper/img/tmp/9bdf55f9b7cbf74561de48543c0f86bb.jpg'
2024-02-22 19:40:10.461 T:1077 info : VideoPlayer::OpenFile: pvr://channels/tv/%20ASTRA%202A%2f2C%2f2E%2f2F%2028.5E@2025648334/1@pvr.hts_913191958.pvr
2024-02-22 19:40:10.467 T:1148 error : CCurlFile::CReadState::FillBuffer - (0x7f08ebc9d0) Failed: Transferred a partial file(18)
2024-02-22 19:40:10.467 T:1148 error : [ script.embuary.helper ] Image error: Could not get image for image://pvrchannel_tv@http%3a%2f%2f127.0.0.1%3a9981%2fimagecache%2f3/ (try 1) -> [Errno 2] No such file or directory: '/storage/.kodi/userdata/addon_data/script.embuary.helper/img/tmp/9bdf55f9b7cbf74561de48543c0f86bb.jpg'
2024-02-22 19:40:10.477 T:5953 warning : OutputPicture - timeout waiting for buffer
2024-02-22 19:40:10.556 T:4966 info : Creating InputStream
2024-02-22 19:40:10.559 T:4966 info : Creating Demuxer
2024-02-22 19:40:10.559 T:4966 info : Closing stream player 2
2024-02-22 19:40:10.559 T:4966 info : waiting for video thread to exit
2024-02-22 19:40:10.559 T:5953 info : thread end: video_thread
2024-02-22 19:40:10.560 T:4966 info : deleting video codec
2024-02-22 19:40:10.572 T:4966 info : Closing stream player 1
2024-02-22 19:40:10.572 T:4966 info : Waiting for audio thread to exit
2024-02-22 19:40:10.575 T:5952 info : thread end: CVideoPlayerAudio::OnExit()
2024-02-22 19:40:10.575 T:4966 info : Closing audio device
2024-02-22 19:40:10.576 T:4966 info : Deleting audio codec
2024-02-22 19:40:10.581 T:1148 error : CCurlFile::CReadState::FillBuffer - (0x7f08ebc9d0) Failed: Transferred a partial file(18)
2024-02-22 19:40:10.582 T:1148 error : [ script.embuary.helper ] Image error: Could not get image for image://pvrchannel_tv@http%3a%2f%2f127.0.0.1%3a9981%2fimagecache%2f3/ (try 1) -> [Errno 2] No such file or directory: '/storage/.kodi/userdata/addon_data/script.embuary.helper/img/tmp/9bdf55f9b7cbf74561de48543c0f86bb.jpg'
2024-02-22 19:40:10.602 T:4831 error : CCurlFile::CReadState::FillBuffer - (0x7f30c50930) Failed: Transferred a partial file(18)
2024-02-22 19:40:10.605 T:1118 info : CActiveAESink::OpenSink - initialize sink
2024-02-22 19:40:10.809 T:1118 info : CAESinkALSA::Initialize - Configure simple control for "AUGESOUND"
2024-02-22 19:40:10.809 T:1118 info : CAESinkALSA - Use card "hw:0" and set codec format "2 CH PCM"
2024-02-22 19:40:10.839 T:1118 info : CAESinkALSA - Set Spdif to HDMITX to "Spdif_b"
2024-02-22 19:40:10.839 T:1118 info : CAESinkALSA - Set codec for "Audio spdif_b format"
2024-02-22 19:40:10.839 T:1118 info : CAESinkALSA - Set codec for "Audio I2S to HDMITX Format"
2024-02-22 19:40:10.839 T:1118 info : CAESinkALSA - Set codec for "Audio spdif format"
2024-02-22 19:40:10.839 T:1118 info : CAESinkALSA::Initialize - Attempting to open device "hdmi:CARD=AMLAUGESOUND,DEV=0"
2024-02-22 19:40:10.844 T:1118 info : CAESinkALSA::Initialize - Opened device "hdmi:CARD=AMLAUGESOUND,DEV=0,AES0=0x04,AES1=0x82,AES2=0x00,AES3=0x00"
2024-02-22 19:40:10.844 T:1118 info : CAESinkALSA::InitializeHW - Your hardware does not support AE_FMT_FLOAT, trying other formats
2024-02-22 19:40:10.844 T:1118 info : CAESinkALSA::InitializeHW - Using data format AE_FMT_S16NE
2024-02-22 19:40:11.085 T:1148 error : CCurlFile::CReadState::FillBuffer - (0x7f08c53320) Failed: Transferred a partial file(18)
2024-02-22 19:40:11.086 T:1148 error : [ script.embuary.helper ] Image error: Could not get image for image://pvrchannel_tv@http%3a%2f%2f127.0.0.1%3a9981%2fimagecache%2f3/ (try 2) -> [Errno 2] No such file or directory: '/storage/.kodi/userdata/addon_data/script.embuary.helper/img/tmp/9bdf55f9b7cbf74561de48543c0f86bb.jpg'
2024-02-22 19:40:11.589 T:1148 error : CCurlFile::CReadState::FillBuffer - (0x7f08fb4a30) Failed: Transferred a partial file(18)
2024-02-22 19:40:11.589 T:1148 error : [ script.embuary.helper ] Image error: Could not get image for image://pvrchannel_tv@http%3a%2f%2f127.0.0.1%3a9981%2fimagecache%2f3/ (try 3) -> [Errno 2] No such file or directory: '/storage/.kodi/userdata/addon_data/script.embuary.helper/img/tmp/9bdf55f9b7cbf74561de48543c0f86bb.jpg'
2024-02-22 19:40:12.384 T:1148 error : CCurlFile::CReadState::FillBuffer - (0x7f08e35cc0) Failed: Transferred a partial file(18)
2024-02-22 19:40:12.385 T:1148 error : [ script.embuary.helper ] Image error: Could not get image for image://pvrchannel_tv@http%3a%2f%2f127.0.0.1%3a9981%2fimagecache%2f3/ (try 2) -> [Errno 2] No such file or directory: '/storage/.kodi/userdata/addon_data/script.embuary.helper/img/tmp/9bdf55f9b7cbf74561de48543c0f86bb.jpg'
2024-02-22 19:40:12.590 T:4966 info : Opening stream: 1001 source: 256
2024-02-22 19:40:12.590 T:4966 error : OpenStream: Codec id 2 require extradata.
2024-02-22 19:40:12.590 T:4966 warning : OpenStream - Unsupported stream 1001. Stream disabled.
2024-02-22 19:40:12.590 T:4966 info : Opening stream: 1002 source: 256
2024-02-22 19:40:12.590 T:4966 info : Finding audio codec for: 86016
2024-02-22 19:40:12.590 T:4966 info : CDVDAudioCodecFFmpeg::Open() Successful opened audio decoder mp2
2024-02-22 19:40:12.590 T:4966 info : OpenStream: Allowing max Out-Of-Sync Value of 16 ms
2024-02-22 19:40:12.590 T:4966 info : Creating audio thread
2024-02-22 19:40:12.590 T:4966 info : Opening stream: 1005 source: 256
2024-02-22 19:40:12.590 T:4966 info : CDVDSubtitlesLibass: Using libass version 1701000
2024-02-22 19:40:12.591 T:4966 info : CDVDSubtitlesLibass: Creating ASS library structure
2024-02-22 19:40:12.591 T:4966 info : CDVDSubtitlesLibass: Initializing ASS Renderer
2024-02-22 19:40:12.591 T:4966 info : CDVDSubtitlesLibass: Initializing ASS library font settings
2024-02-22 19:40:12.592 T:6020 info : running thread: CVideoPlayerAudio::Process()
2024-02-22 19:40:12.604 T:1077 info : [WHITELIST] Searching the whitelist for: width: 544, height: 576, fps: 50.000, 3D: false
2024-02-22 19:40:12.604 T:1077 info : Display resolution ADJUST : 1920x1080 @ 50.00 - Full Screen (16) (weight: 0.000)
2024-02-22 19:40:12.618 T:1077 info : GLES: Maximum texture width: 16383
2024-02-22 19:40:12.620 T:4966 info : CDVDSubtitlesLibass: Creating new ASS track
2024-02-22 19:40:12.620 T:4966 info : Opening stream: 1004 source: 256
2024-02-22 19:40:12.620 T:4966 info : waiting for teletext data thread to exit
2024-02-22 19:40:12.621 T:4966 info : Creating teletext data thread
2024-02-22 19:40:12.621 T:6021 info : running thread: CDVDTeletextData
2024-02-22 19:40:12.626 T:4966 info : Opening stream: 1001 source: 256
2024-02-22 19:40:12.626 T:4966 info : Creating video codec with codec id: 2
2024-02-22 19:40:12.626 T:4966 info : CDVDVideoCodecFFmpeg::Open() Using codec: MPEG-2 video
2024-02-22 19:40:12.626 T:4966 info : Creating video thread
2024-02-22 19:40:12.627 T:6022 info : running thread: video_thread
2024-02-22 19:40:12.627 T:4966 info : Opening stream: 1002 source: 256
2024-02-22 19:40:12.627 T:4966 info : Finding audio codec for: 86016
2024-02-22 19:40:12.627 T:4966 info : CDVDAudioCodecFFmpeg::Open() Successful opened audio decoder mp2
2024-02-22 19:40:12.627 T:4966 info : Opening stream: 1005 source: 256
2024-02-22 19:40:12.627 T:4966 info : Opening stream: 1004 source: 256
2024-02-22 19:40:12.630 T:6022 info : CDVDVideoCodecFFmpeg::Open() Using codec: MPEG-2 video
2024-02-22 19:40:12.633 T:6020 info : OpenStream: Allowing max Out-Of-Sync Value of 16 ms
2024-02-22 19:40:12.633 T:6020 info : Creating audio stream (codec id: 86016, channels: 2, sample rate: 48000, no pass-through)
2024-02-22 19:40:12.642 T:1077 info : [WHITELIST] Searching the whitelist for: width: 544, height: 576, fps: 50.000, 3D: false
2024-02-22 19:40:12.643 T:1077 info : Display resolution ADJUST : 1920x1080 @ 50.00 - Full Screen (16) (weight: 0.000)
2024-02-22 19:40:12.648 T:1118 info : CActiveAESink::OpenSink - initialize sink
2024-02-22 19:40:12.658 T:1077 info : GLES: Maximum texture width: 16383
2024-02-22 19:40:12.660 T:1077 info : GLES: Selecting single pass rendering
2024-02-22 19:40:12.661 T:1077 info : GLES: Selecting YUV 2 RGB shader
2024-02-22 19:40:12.746 T:1077 info : [WHITELIST] Searching the whitelist for: width: 544, height: 576, fps: 50.000, 3D: false
2024-02-22 19:40:12.746 T:1077 info : Display resolution ADJUST : 1920x1080 @ 50.00 - Full Screen (16) (weight: 0.000)
2024-02-22 19:40:12.758 T:1077 info : GLES: Maximum texture width: 16383
2024-02-22 19:40:12.851 T:1118 info : CAESinkALSA::Initialize - Configure simple control for "AUGESOUND"
2024-02-22 19:40:12.851 T:1118 info : CAESinkALSA - Use card "hw:0" and set codec format "2 CH PCM"
2024-02-22 19:40:12.881 T:1118 info : CAESinkALSA - Set Spdif to HDMITX to "Spdif_b"
2024-02-22 19:40:12.881 T:1118 info : CAESinkALSA - Set codec for "Audio spdif_b format"
2024-02-22 19:40:12.881 T:1118 info : CAESinkALSA - Set codec for "Audio I2S to HDMITX Format"
2024-02-22 19:40:12.881 T:1118 info : CAESinkALSA - Set codec for "Audio spdif format"
2024-02-22 19:40:12.881 T:1118 info : CAESinkALSA::Initialize - Attempting to open device "hdmi:CARD=AMLAUGESOUND,DEV=0"
2024-02-22 19:40:12.885 T:1118 info : CAESinkALSA::Initialize - Opened device "hdmi:CARD=AMLAUGESOUND,DEV=0,AES0=0x04,AES1=0x82,AES2=0x00,AES3=0x02"
2024-02-22 19:40:12.886 T:1118 info : CAESinkALSA::InitializeHW - Your hardware does not support AE_FMT_FLOAT, trying other formats
2024-02-22 19:40:12.886 T:1118 info : CAESinkALSA::InitializeHW - Using data format AE_FMT_S16NE
2024-02-22 19:40:13.385 T:1148 error : CCurlFile::CReadState::FillBuffer - (0x7f08e35cc0) Failed: Transferred a partial file(18)
2024-02-22 19:40:13.385 T:1148 error : [ script.embuary.helper ] Image error: Could not get image for image://pvrchannel_tv@http%3a%2f%2f127.0.0.1%3a9981%2fimagecache%2f3/ (try 1) -> [Errno 2] No such file or directory: '/storage/.kodi/userdata/addon_data/script.embuary.helper/img/tmp/9bdf55f9b7cbf74561de48543c0f86bb.jpg'
2024-02-22 19:40:13.458 T:6022 warning : OutputPicture - timeout waiting for buffer
2024-02-22 19:40:13.888 T:1148 error : CCurlFile::CReadState::FillBuffer - (0x7f08e35cc0) Failed: Transferred a partial file(18)
2024-02-22 19:40:13.888 T:1148 error : [ script.embuary.helper ] Image error: Could not get image for image://pvrchannel_tv@http%3a%2f%2f127.0.0.1%3a9981%2fimagecache%2f3/ (try 2) -> [Errno 2] No such file or directory: '/storage/.kodi/userdata/addon_data/script.embuary.helper/img/tmp/9bdf55f9b7cbf74561de48543c0f86bb.jpg'
2024-02-22 19:40:13.978 T:6022 warning : OutputPicture - timeout waiting for buffer
2024-02-22 19:40:14.391 T:1148 error : CCurlFile::CReadState::FillBuffer - (0x7f08e35cc0) Failed: Transferred a partial file(18)
2024-02-22 19:40:14.392 T:1148 error : [ script.embuary.helper ] Image error: Could not get image for image://pvrchannel_tv@http%3a%2f%2f127.0.0.1%3a9981%2fimagecache%2f3/ (try 3) -> [Errno 2] No such file or directory: '/storage/.kodi/userdata/addon_data/script.embuary.helper/img/tmp/9bdf55f9b7cbf74561de48543c0f86bb.jpg'
2024-02-22 19:40:14.498 T:6022 warning : OutputPicture - timeout waiting for buffer
2024-02-22 19:40:14.824 T:6022 info : CDVDVideoCodecFFmpeg::CDropControl: calculated diff time: 40000
2024-02-22 19:40:14.895 T:1148 error : CCurlFile::CReadState::FillBuffer - (0x7f08e35cc0) Failed: Transferred a partial file(18)
2024-02-22 19:40:14.896 T:1148 error : [ script.embuary.helper ] Image error: Could not get image for image://pvrchannel_tv@http%3a%2f%2f127.0.0.1%3a9981%2fimagecache%2f3/ (try 1) -> [Errno 2] No such file or directory: '/storage/.kodi/userdata/addon_data/script.embuary.helper/img/tmp/9bdf55f9b7cbf74561de48543c0f86bb.jpg'
2024-02-22 19:40:15.041 T:1077 info : VideoPlayer::OpenFile: pvr://channels/tv/%20ASTRA%202A%2f2C%2f2E%2f2F%2028.5E@2025648334/1@pvr.hts_705178986.pvr
2024-02-22 19:40:15.118 T:6022 warning : OutputPicture - timeout waiting for buffer
2024-02-22 19:40:15.193 T:4966 info : Creating InputStream
2024-02-22 19:40:15.198 T:4966 info : Creating Demuxer
2024-02-22 19:40:15.198 T:4966 info : Closing stream player 2
2024-02-22 19:40:15.198 T:4966 info : waiting for video thread to exit
2024-02-22 19:40:15.198 T:6022 info : thread end: video_thread
2024-02-22 19:40:15.199 T:4966 info : deleting video codec
2024-02-22 19:40:15.200 T:4966 info : Closing stream player 1
2024-02-22 19:40:15.200 T:4966 info : Waiting for audio thread to exit
2024-02-22 19:40:15.202 T:6020 info : thread end: CVideoPlayerAudio::OnExit()
2024-02-22 19:40:15.202 T:4966 info : Closing audio device
2024-02-22 19:40:15.203 T:4966 info : Deleting audio codec
2024-02-22 19:40:15.203 T:4966 info : Closing stream player 3
2024-02-22 19:40:15.205 T:1148 error : CCurlFile::CReadState::FillBuffer - (0x7f08e35cc0) Failed: Transferred a partial file(18)
2024-02-22 19:40:15.206 T:1148 error : [ script.embuary.helper ] Image error: Could not get image for image://pvrchannel_tv@http%3a%2f%2f127.0.0.1%3a9981%2fimagecache%2f3/ (try 1) -> [Errno 2] No such file or directory: '/storage/.kodi/userdata/addon_data/script.embuary.helper/img/tmp/9bdf55f9b7cbf74561de48543c0f86bb.jpg'
2024-02-22 19:40:15.208 T:1154 info : [script.module.pvr.artwork] no results in local databases
2024-02-22 19:40:15.208 T:4966 info : Closing stream player 4
2024-02-22 19:40:15.208 T:4966 info : waiting for teletext data thread to exit
2024-02-22 19:40:15.208 T:6021 info : thread end: data_thread
2024-02-22 19:40:15.213 T:1077 info : GLES: Selecting YUV 2 RGB shader
2024-02-22 19:40:15.242 T:1118 info : CActiveAESink::OpenSink - initialize sink
2024-02-22 19:40:15.446 T:1118 info : CAESinkALSA::Initialize - Configure simple control for "AUGESOUND"
2024-02-22 19:40:15.446 T:1118 info : CAESinkALSA - Use card "hw:0" and set codec format "2 CH PCM"
2024-02-22 19:40:15.475 T:1118 info : CAESinkALSA - Set Spdif to HDMITX to "Spdif_b"
2024-02-22 19:40:15.475 T:1118 info : CAESinkALSA - Set codec for "Audio spdif_b format"
2024-02-22 19:40:15.475 T:1118 info : CAESinkALSA - Set codec for "Audio I2S to HDMITX Format"
2024-02-22 19:40:15.475 T:1118 info : CAESinkALSA - Set codec for "Audio spdif format"
2024-02-22 19:40:15.476 T:1118 info : CAESinkALSA::Initialize - Attempting to open device "hdmi:CARD=AMLAUGESOUND,DEV=0"
2024-02-22 19:40:15.480 T:1118 info : CAESinkALSA::Initialize - Opened device "hdmi:CARD=AMLAUGESOUND,DEV=0,AES0=0x04,AES1=0x82,AES2=0x00,AES3=0x00"
2024-02-22 19:40:15.480 T:1118 info : CAESinkALSA::InitializeHW - Your hardware does not support AE_FMT_FLOAT, trying other formats
2024-02-22 19:40:15.480 T:1118 info : CAESinkALSA::InitializeHW - Using data format AE_FMT_S16NE
2024-02-22 19:40:15.709 T:1148 error : CCurlFile::CReadState::FillBuffer - (0x7f08e35cc0) Failed: Transferred a partial file(18)
2024-02-22 19:40:15.709 T:1148 error : [ script.embuary.helper ] Image error: Could not get image for image://pvrchannel_tv@http%3a%2f%2f127.0.0.1%3a9981%2fimagecache%2f3/ (try 2) -> [Errno 2] No such file or directory: '/storage/.kodi/userdata/addon_data/script.embuary.helper/img/tmp/9bdf55f9b7cbf74561de48543c0f86bb.jpg'
2024-02-22 19:40:16.212 T:1148 error : CCurlFile::CReadState::FillBuffer - (0x7f08e35cc0) Failed: Transferred a partial file(18)
2024-02-22 19:40:16.213 T:1148 error : [ script.embuary.helper ] Image error: Could not get image for image://pvrchannel_tv@http%3a%2f%2f127.0.0.1%3a9981%2fimagecache%2f3/ (try 3) -> [Errno 2] No such file or directory: '/storage/.kodi/userdata/addon_data/script.embuary.helper/img/tmp/9bdf55f9b7cbf74561de48543c0f86bb.jpg'
2024-02-22 19:40:16.985 T:1148 error : CCurlFile::CReadState::FillBuffer - (0x7f08ec56b0) Failed: Transferred a partial file(18)
2024-02-22 19:40:16.985 T:1148 error : [ script.embuary.helper ] Image error: Could not get image for image://pvrchannel_tv@http%3a%2f%2f127.0.0.1%3a9981%2fimagecache%2f3/ (try 2) -> [Errno 2] No such file or directory: '/storage/.kodi/userdata/addon_data/script.embuary.helper/img/tmp/9bdf55f9b7cbf74561de48543c0f86bb.jpg'
2024-02-22 19:40:17.488 T:1148 error : CCurlFile::CReadState::FillBuffer - (0x7f08ec56b0) Failed: Transferred a partial file(18)
2024-02-22 19:40:17.489 T:1148 error : [ script.embuary.helper ] Image error: Could not get image for image://pvrchannel_tv@http%3a%2f%2f127.0.0.1%3a9981%2fimagecache%2f3/ (try 3) -> [Errno 2] No such file or directory: '/storage/.kodi/userdata/addon_data/script.embuary.helper/img/tmp/9bdf55f9b7cbf74561de48543c0f86bb.jpg'
2024-02-22 19:40:17.993 T:1148 error : CCurlFile::CReadState::FillBuffer - (0x7f08ec56b0) Failed: Transferred a partial file(18)
2024-02-22 19:40:17.993 T:1148 error : [ script.embuary.helper ] Image error: Could not get image for image://pvrchannel_tv@http%3a%2f%2f127.0.0.1%3a9981%2fimagecache%2f3/ (try 1) -> [Errno 2] No such file or directory: '/storage/.kodi/userdata/addon_data/script.embuary.helper/img/tmp/9bdf55f9b7cbf74561de48543c0f86bb.jpg'
2024-02-22 19:40:18.496 T:1148 error : CCurlFile::CReadState::FillBuffer - (0x7f08ec56b0) Failed: Transferred a partial file(18)
2024-02-22 19:40:18.497 T:1148 error : [ script.embuary.helper ] Image error: Could not get image for image://pvrchannel_tv@http%3a%2f%2f127.0.0.1%3a9981%2fimagecache%2f3/ (try 2) -> [Errno 2] No such file or directory: '/storage/.kodi/userdata/addon_data/script.embuary.helper/img/tmp/9bdf55f9b7cbf74561de48543c0f86bb.jpg'
2024-02-22 19:40:19.000 T:1148 error : CCurlFile::CReadState::FillBuffer - (0x7f08ec56b0) Failed: Transferred a partial file(18)
2024-02-22 19:40:19.000 T:1148 error : [ script.embuary.helper ] Image error: Could not get image for image://pvrchannel_tv@http%3a%2f%2f127.0.0.1%3a9981%2fimagecache%2f3/ (try 3) -> [Errno 2] No such file or directory: '/storage/.kodi/userdata/addon_data/script.embuary.helper/img/tmp/9bdf55f9b7cbf74561de48543c0f86bb.jpg'
2024-02-22 19:40:19.504 T:1148 error : CCurlFile::CReadState::FillBuffer - (0x7f08ec56b0) Failed: Transferred a partial file(18)
2024-02-22 19:40:19.505 T:1148 error : [ script.embuary.helper ] Image error: Could not get image for image://pvrchannel_tv@http%3a%2f%2f127.0.0.1%3a9981%2fimagecache%2f3/ (try 1) -> [Errno 2] No such file or directory: '/storage/.kodi/userdata/addon_data/script.embuary.helper/img/tmp/9bdf55f9b7cbf74561de48543c0f86bb.jpg'
2024-02-22 19:40:19.943 T:4841 error : CCurlFile::CReadState::FillBuffer - (0x7f602273d0) Failed: Transferred a partial file(18)
2024-02-22 19:40:20.008 T:1148 error : CCurlFile::CReadState::FillBuffer - (0x7f08ec56b0) Failed: Transferred a partial file(18)
2024-02-22 19:40:20.009 T:1148 error : [ script.embuary.helper ] Image error: Could not get image for image://pvrchannel_tv@http%3a%2f%2f127.0.0.1%3a9981%2fimagecache%2f3/ (try 2) -> [Errno 2] No such file or directory: '/storage/.kodi/userdata/addon_data/script.embuary.helper/img/tmp/9bdf55f9b7cbf74561de48543c0f86bb.jpg'
2024-02-22 19:40:20.499 T:5343 error : CCurlFile::CReadState::FillBuffer - (0x25d0d990) Failed: Transferred a partial file(18)
2024-02-22 19:40:20.512 T:1148 error : CCurlFile::CReadState::FillBuffer - (0x7f08ec56b0) Failed: Transferred a partial file(18)
2024-02-22 19:40:20.513 T:1148 error : [ script.embuary.helper ] Image error: Could not get image for image://pvrchannel_tv@http%3a%2f%2f127.0.0.1%3a9981%2fimagecache%2f3/ (try 3) -> [Errno 2] No such file or directory: '/storage/.kodi/userdata/addon_data/script.embuary.helper/img/tmp/9bdf55f9b7cbf74561de48543c0f86bb.jpg'
2024-02-22 19:40:20.752 T:4832 error : CCurlFile::CReadState::FillBuffer - (0x7f4c13f4a0) Failed: Transferred a partial file(18)
2024-02-22 19:40:20.806 T:4833 error : CCurlFile::CReadState::FillBuffer - (0x7f48075320) Failed: Transferred a partial file(18)
2024-02-22 19:40:20.869 T:1154 info : [script.module.pvr.artwork] fetch data from cache: script.module.pvr.artwork.1.0.9.channel 7
2024-02-22 19:40:21.016 T:1148 error : CCurlFile::CReadState::FillBuffer - (0x7f08ec56b0) Failed: Transferred a partial file(18)
2024-02-22 19:40:21.017 T:1148 error : [ script.embuary.helper ] Image error: Could not get image for image://pvrchannel_tv@http%3a%2f%2f127.0.0.1%3a9981%2fimagecache%2f3/ (try 1) -> [Errno 2] No such file or directory: '/storage/.kodi/userdata/addon_data/script.embuary.helper/img/tmp/9bdf55f9b7cbf74561de48543c0f86bb.jpg'
2024-02-22 19:40:21.031 T:4841 error : CCurlFile::CReadState::FillBuffer - (0x7f602273d0) Failed: Transferred a partial file(18)
2024-02-22 19:40:21.054 T:4832 error : CCurlFile::Open - Failed with code 404:
2024-02-22 19:40:21.330 T:4833 error : CCurlFile::CReadState::FillBuffer - (0x7f48075320) Failed: Transferred a partial file(18)
2024-02-22 19:40:21.520 T:1148 error : CCurlFile::CReadState::FillBuffer - (0x7f08ec56b0) Failed: Transferred a partial file(18)
2024-02-22 19:40:21.520 T:1148 error : [ script.embuary.helper ] Image error: Could not get image for image://pvrchannel_tv@http%3a%2f%2f127.0.0.1%3a9981%2fimagecache%2f3/ (try 2) -> [Errno 2] No such file or directory: '/storage/.kodi/userdata/addon_data/script.embuary.helper/img/tmp/9bdf55f9b7cbf74561de48543c0f86bb.jpg'
2024-02-22 19:40:21.595 T:4831 error : CCurlFile::CReadState::FillBuffer - (0x7f30c50930) Failed: Transferred a partial file(18)
2024-02-22 19:40:22.024 T:1148 error : CCurlFile::CReadState::FillBuffer - (0x7f08ec56b0) Failed: Transferred a partial file(18)
2024-02-22 19:40:22.024 T:1148 error : [ script.embuary.helper ] Image error: Could not get image for image://pvrchannel_tv@http%3a%2f%2f127.0.0.1%3a9981%2fimagecache%2f3/ (try 3) -> [Errno 2] No such file or directory: '/storage/.kodi/userdata/addon_data/script.embuary.helper/img/tmp/9bdf55f9b7cbf74561de48543c0f86bb.jpg'
2024-02-22 19:40:22.485 T:1154 info : [script.module.pvr.artwork] no results in local databases
2024-02-22 19:40:22.528 T:1148 error : CCurlFile::CReadState::FillBuffer - (0x7f08ec56b0) Failed: Transferred a partial file(18)
2024-02-22 19:40:22.529 T:1148 error : [ script.embuary.helper ] Image error: Could not get image for image://pvrchannel_tv@http%3a%2f%2f127.0.0.1%3a9981%2fimagecache%2f3/ (try 1) -> [Errno 2] No such file or directory: '/storage/.kodi/userdata/addon_data/script.embuary.helper/img/tmp/9bdf55f9b7cbf74561de48543c0f86bb.jpg'
2024-02-22 19:40:23.032 T:1148 error : CCurlFile::CReadState::FillBuffer - (0x7f08ec56b0) Failed: Transferred a partial file(18)
2024-02-22 19:40:23.032 T:1148 error : [ script.embuary.helper ] Image error: Could not get image for image://pvrchannel_tv@http%3a%2f%2f127.0.0.1%3a9981%2fimagecache%2f3/ (try 2) -> [Errno 2] No such file or directory: '/storage/.kodi/userdata/addon_data/script.embuary.helper/img/tmp/9bdf55f9b7cbf74561de48543c0f86bb.jpg'
2024-02-22 19:40:23.535 T:1148 error : CCurlFile::CReadState::FillBuffer - (0x7f08ec56b0) Failed: Transferred a partial file(18)
2024-02-22 19:40:23.535 T:1148 error : [ script.embuary.helper ] Image error: Could not get image for image://pvrchannel_tv@http%3a%2f%2f127.0.0.1%3a9981%2fimagecache%2f3/ (try 3) -> [Errno 2] No such file or directory: '/storage/.kodi/userdata/addon_data/script.embuary.helper/img/tmp/9bdf55f9b7cbf74561de48543c0f86bb.jpg'
2024-02-22 19:40:23.620 T:1154 info : [script.module.pvr.artwork] fetch data from cache: script.module.pvr.artwork.1.0.9.channels 24
2024-02-22 19:40:24.039 T:1148 error : CCurlFile::CReadState::FillBuffer - (0x7f08ec56b0) Failed: Transferred a partial file(18)
2024-02-22 19:40:24.040 T:1148 error : [ script.embuary.helper ] Image error: Could not get image for image://pvrchannel_tv@http%3a%2f%2f127.0.0.1%3a9981%2fimagecache%2f3/ (try 1) -> [Errno 2] No such file or directory: '/storage/.kodi/userdata/addon_data/script.embuary.helper/img/tmp/9bdf55f9b7cbf74561de48543c0f86bb.jpg'
2024-02-22 19:40:24.194 T:5343 error : CCurlFile::CReadState::FillBuffer - (0x25d0d990) Failed: Transferred a partial file(18)
2024-02-22 19:40:24.533 T:4841 error : CCurlFile::CReadState::FillBuffer - (0x7f602273d0) Failed: Transferred a partial file(18)
2024-02-22 19:40:24.543 T:1148 error : CCurlFile::CReadState::FillBuffer - (0x7f08ec56b0) Failed: Transferred a partial file(18)
2024-02-22 19:40:24.543 T:1148 error : [ script.embuary.helper ] Image error: Could not get image for image://pvrchannel_tv@http%3a%2f%2f127.0.0.1%3a9981%2fimagecache%2f3/ (try 2) -> [Errno 2] No such file or directory: '/storage/.kodi/userdata/addon_data/script.embuary.helper/img/tmp/9bdf55f9b7cbf74561de48543c0f86bb.jpg'
