2024-02-22 19:40:25.046 T:1148 error : CCurlFile::CReadState::FillBuffer - (0x7f08ec56b0) Failed: Transferred a partial file(18)
2024-02-22 19:40:25.047 T:1148 error : [ script.embuary.helper ] Image error: Could not get image for image://pvrchannel_tv@http%3a%2f%2f127.0.0.1%3a9981%2fimagecache%2f3/ (try 3) -> [Errno 2] No such file or directory: '/storage/.kodi/userdata/addon_data/script.embuary.helper/img/tmp/9bdf55f9b7cbf74561de48543c0f86bb.jpg'
2024-02-22 19:40:25.120 T:1077 info : VideoPlayer::OpenFile: pvr://channels/tv/%20ASTRA%202A%2f2C%2f2E%2f2F%2028.5E@2025648334/1@pvr.hts_489433646.pvr
2024-02-22 19:40:25.124 T:4966 warning : CDVDMessageQueue(audio)::Put MSGQ_NOT_INITIALIZED
2024-02-22 19:40:25.124 T:4966 warning : CDVDMessageQueue(video)::Put MSGQ_NOT_INITIALIZED
2024-02-22 19:40:25.124 T:4966 warning : CDVDMessageQueue(audio)::Put MSGQ_NOT_INITIALIZED
2024-02-22 19:40:25.124 T:4966 warning : CDVDMessageQueue(video)::Put MSGQ_NOT_INITIALIZED
2024-02-22 19:40:25.182 T:1154 info : [script.module.pvr.artwork] fetch data from cache: script.module.pvr.artwork.1.0.9.videoplayer.label
2024-02-22 19:40:25.242 T:4841 error : CCurlFile::CReadState::FillBuffer - (0x7f602273d0) Failed: Transferred a partial file(18)
2024-02-22 19:40:25.267 T:1148 error : CCurlFile::CReadState::FillBuffer - (0x7f08ec56b0) Failed: Transferred a partial file(18)
2024-02-22 19:40:25.268 T:1148 error : [ script.embuary.helper ] Image error: Could not get image for image://pvrchannel_tv@http%3a%2f%2f127.0.0.1%3a9981%2fimagecache%2f3/ (try 1) -> [Errno 2] No such file or directory: '/storage/.kodi/userdata/addon_data/script.embuary.helper/img/tmp/9bdf55f9b7cbf74561de48543c0f86bb.jpg'
2024-02-22 19:40:25.771 T:1148 error : CCurlFile::CReadState::FillBuffer - (0x7f08ec56b0) Failed: Transferred a partial file(18)
2024-02-22 19:40:25.772 T:1148 error : [ script.embuary.helper ] Image error: Could not get image for image://pvrchannel_tv@http%3a%2f%2f127.0.0.1%3a9981%2fimagecache%2f3/ (try 2) -> [Errno 2] No such file or directory: '/storage/.kodi/userdata/addon_data/script.embuary.helper/img/tmp/9bdf55f9b7cbf74561de48543c0f86bb.jpg'
2024-02-22 19:40:26.125 T:4966 info : Creating InputStream
2024-02-22 19:40:26.128 T:4966 info : Creating Demuxer
2024-02-22 19:40:26.144 T:1077 info : GLES: Selecting YUV 2 RGB shader
2024-02-22 19:40:26.398 T:1148 error : CCurlFile::CReadState::FillBuffer - (0x7f08ec56b0) Failed: Transferred a partial file(18)
2024-02-22 19:40:26.399 T:1148 error : [ script.embuary.helper ] Image error: Could not get image for image://pvrchannel_tv@http%3a%2f%2f127.0.0.1%3a9981%2fimagecache%2f3/ (try 3) -> [Errno 2] No such file or directory: '/storage/.kodi/userdata/addon_data/script.embuary.helper/img/tmp/9bdf55f9b7cbf74561de48543c0f86bb.jpg'
2024-02-22 19:40:27.208 T:1148 error : CCurlFile::CReadState::FillBuffer - (0x7f08fc9a80) Failed: Transferred a partial file(18)
2024-02-22 19:40:27.208 T:1148 error : [ script.embuary.helper ] Image error: Could not get image for image://pvrchannel_tv@http%3a%2f%2f127.0.0.1%3a9981%2fimagecache%2f3/ (try 3) -> [Errno 2] No such file or directory: '/storage/.kodi/userdata/addon_data/script.embuary.helper/img/tmp/9bdf55f9b7cbf74561de48543c0f86bb.jpg'
2024-02-22 19:40:27.712 T:1148 error : CCurlFile::CReadState::FillBuffer - (0x7f08fc9a80) Failed: Transferred a partial file(18)
2024-02-22 19:40:27.712 T:1148 error : [ script.embuary.helper ] Image error: Could not get image for image://pvrchannel_tv@http%3a%2f%2f127.0.0.1%3a9981%2fimagecache%2f3/ (try 1) -> [Errno 2] No such file or directory: '/storage/.kodi/userdata/addon_data/script.embuary.helper/img/tmp/9bdf55f9b7cbf74561de48543c0f86bb.jpg'
2024-02-22 19:40:27.821 T:1154 info : [script.module.pvr.artwork] no results in local databases
2024-02-22 19:40:28.215 T:1148 error : CCurlFile::CReadState::FillBuffer - (0x7f08fc9a80) Failed: Transferred a partial file(18)
2024-02-22 19:40:28.216 T:1148 error : [ script.embuary.helper ] Image error: Could not get image for image://pvrchannel_tv@http%3a%2f%2f127.0.0.1%3a9981%2fimagecache%2f3/ (try 2) -> [Errno 2] No such file or directory: '/storage/.kodi/userdata/addon_data/script.embuary.helper/img/tmp/9bdf55f9b7cbf74561de48543c0f86bb.jpg'
2024-02-22 19:40:28.719 T:1148 error : CCurlFile::CReadState::FillBuffer - (0x7f08fc9a80) Failed: Transferred a partial file(18)
2024-02-22 19:40:28.719 T:1148 error : [ script.embuary.helper ] Image error: Could not get image for image://pvrchannel_tv@http%3a%2f%2f127.0.0.1%3a9981%2fimagecache%2f3/ (try 3) -> [Errno 2] No such file or directory: '/storage/.kodi/userdata/addon_data/script.embuary.helper/img/tmp/9bdf55f9b7cbf74561de48543c0f86bb.jpg'
2024-02-22 19:40:29.224 T:1148 error : CCurlFile::CReadState::FillBuffer - (0x7f08fc9a80) Failed: Transferred a partial file(18)
2024-02-22 19:40:29.224 T:1148 error : [ script.embuary.helper ] Image error: Could not get image for image://pvrchannel_tv@http%3a%2f%2f127.0.0.1%3a9981%2fimagecache%2f3/ (try 1) -> [Errno 2] No such file or directory: '/storage/.kodi/userdata/addon_data/script.embuary.helper/img/tmp/9bdf55f9b7cbf74561de48543c0f86bb.jpg'
2024-02-22 19:40:29.727 T:1148 error : CCurlFile::CReadState::FillBuffer - (0x7f08fc9a80) Failed: Transferred a partial file(18)
2024-02-22 19:40:29.728 T:1148 error : [ script.embuary.helper ] Image error: Could not get image for image://pvrchannel_tv@http%3a%2f%2f127.0.0.1%3a9981%2fimagecache%2f3/ (try 2) -> [Errno 2] No such file or directory: '/storage/.kodi/userdata/addon_data/script.embuary.helper/img/tmp/9bdf55f9b7cbf74561de48543c0f86bb.jpg'
2024-02-22 19:40:30.231 T:1148 error : CCurlFile::CReadState::FillBuffer - (0x7f08fc9a80) Failed: Transferred a partial file(18)
2024-02-22 19:40:30.231 T:1148 error : [ script.embuary.helper ] Image error: Could not get image for image://pvrchannel_tv@http%3a%2f%2f127.0.0.1%3a9981%2fimagecache%2f3/ (try 3) -> [Errno 2] No such file or directory: '/storage/.kodi/userdata/addon_data/script.embuary.helper/img/tmp/9bdf55f9b7cbf74561de48543c0f86bb.jpg'
2024-02-22 19:40:30.735 T:1148 error : CCurlFile::CReadState::FillBuffer - (0x7f08fc9a80) Failed: Transferred a partial file(18)
2024-02-22 19:40:30.736 T:1148 error : [ script.embuary.helper ] Image error: Could not get image for image://pvrchannel_tv@http%3a%2f%2f127.0.0.1%3a9981%2fimagecache%2f3/ (try 1) -> [Errno 2] No such file or directory: '/storage/.kodi/userdata/addon_data/script.embuary.helper/img/tmp/9bdf55f9b7cbf74561de48543c0f86bb.jpg'
2024-02-22 19:40:31.239 T:1148 error : CCurlFile::CReadState::FillBuffer - (0x7f08fc9a80) Failed: Transferred a partial file(18)
2024-02-22 19:40:31.240 T:1148 error : [ script.embuary.helper ] Image error: Could not get image for image://pvrchannel_tv@http%3a%2f%2f127.0.0.1%3a9981%2fimagecache%2f3/ (try 2) -> [Errno 2] No such file or directory: '/storage/.kodi/userdata/addon_data/script.embuary.helper/img/tmp/9bdf55f9b7cbf74561de48543c0f86bb.jpg'
2024-02-22 19:40:31.501 T:1077 error : Control 602 in window 12901 has been asked to focus, but it can't
2024-02-22 19:40:31.505 T:1077 info : Loading skin file: DialogSeekBar.xml, load type: LOAD_ON_GUI_INIT
2024-02-22 19:40:31.526 T:1077 warning : Label Formatting: $VAR[CoverPlayerArtVar] is not defined
2024-02-22 19:40:31.559 T:4831 info : Skipped 1 duplicate messages..
2024-02-22 19:40:31.559 T:4831 error : CCurlFile::CReadState::FillBuffer - (0x7f30c50930) Failed: Transferred a partial file(18)
2024-02-22 19:40:31.743 T:1148 error : CCurlFile::CReadState::FillBuffer - (0x7f08fc9a80) Failed: Transferred a partial file(18)
2024-02-22 19:40:31.743 T:1148 error : [ script.embuary.helper ] Image error: Could not get image for image://pvrchannel_tv@http%3a%2f%2f127.0.0.1%3a9981%2fimagecache%2f3/ (try 3) -> [Errno 2] No such file or directory: '/storage/.kodi/userdata/addon_data/script.embuary.helper/img/tmp/9bdf55f9b7cbf74561de48543c0f86bb.jpg'
2024-02-22 19:40:32.247 T:1148 error : CCurlFile::CReadState::FillBuffer - (0x7f08fc9a80) Failed: Transferred a partial file(18)
2024-02-22 19:40:32.247 T:1148 error : [ script.embuary.helper ] Image error: Could not get image for image://pvrchannel_tv@http%3a%2f%2f127.0.0.1%3a9981%2fimagecache%2f3/ (try 1) -> [Errno 2] No such file or directory: '/storage/.kodi/userdata/addon_data/script.embuary.helper/img/tmp/9bdf55f9b7cbf74561de48543c0f86bb.jpg'
2024-02-22 19:40:32.750 T:1148 error : CCurlFile::CReadState::FillBuffer - (0x7f08fc9a80) Failed: Transferred a partial file(18)
2024-02-22 19:40:32.751 T:1148 error : [ script.embuary.helper ] Image error: Could not get image for image://pvrchannel_tv@http%3a%2f%2f127.0.0.1%3a9981%2fimagecache%2f3/ (try 2) -> [Errno 2] No such file or directory: '/storage/.kodi/userdata/addon_data/script.embuary.helper/img/tmp/9bdf55f9b7cbf74561de48543c0f86bb.jpg'
2024-02-22 19:40:33.254 T:1148 error : CCurlFile::CReadState::FillBuffer - (0x7f08fc9a80) Failed: Transferred a partial file(18)
2024-02-22 19:40:33.254 T:1148 error : [ script.embuary.helper ] Image error: Could not get image for image://pvrchannel_tv@http%3a%2f%2f127.0.0.1%3a9981%2fimagecache%2f3/ (try 3) -> [Errno 2] No such file or directory: '/storage/.kodi/userdata/addon_data/script.embuary.helper/img/tmp/9bdf55f9b7cbf74561de48543c0f86bb.jpg'
2024-02-22 19:40:33.553 T:1077 info : VideoPlayer::OpenFile: pvr://channels/tv/%20ASTRA%202A%2f2C%2f2E%2f2F%2028.5E@2025648334/1@pvr.hts_355165655.pvr
2024-02-22 19:40:33.638 T:4966 warning : CDVDMessageQueue(audio)::Put MSGQ_NOT_INITIALIZED
2024-02-22 19:40:33.638 T:4966 warning : CDVDMessageQueue(video)::Put MSGQ_NOT_INITIALIZED
2024-02-22 19:40:33.639 T:4966 warning : CDVDMessageQueue(audio)::Put MSGQ_NOT_INITIALIZED
2024-02-22 19:40:33.639 T:4966 warning : CDVDMessageQueue(video)::Put MSGQ_NOT_INITIALIZED
2024-02-22 19:40:33.701 T:4831 error : CCurlFile::CReadState::FillBuffer - (0x7f30bdf2d0) Failed: Transferred a partial file(18)
2024-02-22 19:40:33.764 T:1148 error : CCurlFile::CReadState::FillBuffer - (0x7f08fc9a80) Failed: Transferred a partial file(18)
2024-02-22 19:40:33.765 T:1148 error : [ script.embuary.helper ] Image error: Could not get image for image://pvrchannel_tv@http%3a%2f%2f127.0.0.1%3a9981%2fimagecache%2f3/ (try 1) -> [Errno 2] No such file or directory: '/storage/.kodi/userdata/addon_data/script.embuary.helper/img/tmp/9bdf55f9b7cbf74561de48543c0f86bb.jpg'
2024-02-22 19:40:33.803 T:1154 info : [script.module.pvr.artwork] no results in local databases
2024-02-22 19:40:34.268 T:1148 error : CCurlFile::CReadState::FillBuffer - (0x7f08fc9a80) Failed: Transferred a partial file(18)
2024-02-22 19:40:34.268 T:1148 error : [ script.embuary.helper ] Image error: Could not get image for image://pvrchannel_tv@http%3a%2f%2f127.0.0.1%3a9981%2fimagecache%2f3/ (try 2) -> [Errno 2] No such file or directory: '/storage/.kodi/userdata/addon_data/script.embuary.helper/img/tmp/9bdf55f9b7cbf74561de48543c0f86bb.jpg'
2024-02-22 19:40:34.639 T:4966 info : Creating InputStream
2024-02-22 19:40:34.643 T:4966 info : Creating Demuxer
2024-02-22 19:40:34.644 T:1077 info : GLES: Selecting YUV 2 RGB shader
2024-02-22 19:40:34.914 T:1148 error : CCurlFile::CReadState::FillBuffer - (0x7f08fc9a80) Failed: Transferred a partial file(18)
2024-02-22 19:40:34.915 T:1148 error : [ script.embuary.helper ] Image error: Could not get image for image://pvrchannel_tv@http%3a%2f%2f127.0.0.1%3a9981%2fimagecache%2f3/ (try 3) -> [Errno 2] No such file or directory: '/storage/.kodi/userdata/addon_data/script.embuary.helper/img/tmp/9bdf55f9b7cbf74561de48543c0f86bb.jpg'
2024-02-22 19:40:35.713 T:1148 error : CCurlFile::CReadState::FillBuffer - (0x7f08e95090) Failed: Transferred a partial file(18)
2024-02-22 19:40:35.714 T:1148 error : [ script.embuary.helper ] Image error: Could not get image for image://pvrchannel_tv@http%3a%2f%2f127.0.0.1%3a9981%2fimagecache%2f3/ (try 1) -> [Errno 2] No such file or directory: '/storage/.kodi/userdata/addon_data/script.embuary.helper/img/tmp/9bdf55f9b7cbf74561de48543c0f86bb.jpg'
2024-02-22 19:40:36.216 T:1148 error : CCurlFile::CReadState::FillBuffer - (0x7f08e95090) Failed: Transferred a partial file(18)
2024-02-22 19:40:36.217 T:1148 error : [ script.embuary.helper ] Image error: Could not get image for image://pvrchannel_tv@http%3a%2f%2f127.0.0.1%3a9981%2fimagecache%2f3/ (try 2) -> [Errno 2] No such file or directory: '/storage/.kodi/userdata/addon_data/script.embuary.helper/img/tmp/9bdf55f9b7cbf74561de48543c0f86bb.jpg'
2024-02-22 19:40:36.720 T:1148 error : CCurlFile::CReadState::FillBuffer - (0x7f08e95090) Failed: Transferred a partial file(18)
2024-02-22 19:40:36.720 T:1148 error : [ script.embuary.helper ] Image error: Could not get image for image://pvrchannel_tv@http%3a%2f%2f127.0.0.1%3a9981%2fimagecache%2f3/ (try 3) -> [Errno 2] No such file or directory: '/storage/.kodi/userdata/addon_data/script.embuary.helper/img/tmp/9bdf55f9b7cbf74561de48543c0f86bb.jpg'
2024-02-22 19:40:36.965 T:4831 error : CCurlFile::Open - Failed with code 404:
2024-02-22 19:40:36.966 T:5343 error : CCurlFile::CReadState::FillBuffer - (0x2797df30) Failed: Transferred a partial file(18)
2024-02-22 19:40:37.512 T:1148 error : CCurlFile::CReadState::FillBuffer - (0x7f08ec56b0) Failed: Transferred a partial file(18)
2024-02-22 19:40:37.512 T:1148 error : [ script.embuary.helper ] Image error: Could not get image for image://pvrchannel_tv@http%3a%2f%2f127.0.0.1%3a9981%2fimagecache%2f3/ (try 1) -> [Errno 2] No such file or directory: '/storage/.kodi/userdata/addon_data/script.embuary.helper/img/tmp/9bdf55f9b7cbf74561de48543c0f86bb.jpg'
2024-02-22 19:40:38.015 T:1148 error : CCurlFile::CReadState::FillBuffer - (0x7f08ec56b0) Failed: Transferred a partial file(18)
2024-02-22 19:40:38.016 T:1148 error : [ script.embuary.helper ] Image error: Could not get image for image://pvrchannel_tv@http%3a%2f%2f127.0.0.1%3a9981%2fimagecache%2f3/ (try 2) -> [Errno 2] No such file or directory: '/storage/.kodi/userdata/addon_data/script.embuary.helper/img/tmp/9bdf55f9b7cbf74561de48543c0f86bb.jpg'
2024-02-22 19:40:38.509 T:4841 error : CCurlFile::CReadState::FillBuffer - (0x7f602273d0) Failed: Transferred a partial file(18)
2024-02-22 19:40:38.518 T:1148 error : CCurlFile::CReadState::FillBuffer - (0x7f08ec56b0) Failed: Transferred a partial file(18)
2024-02-22 19:40:38.519 T:1148 error : [ script.embuary.helper ] Image error: Could not get image for image://pvrchannel_tv@http%3a%2f%2f127.0.0.1%3a9981%2fimagecache%2f3/ (try 3) -> [Errno 2] No such file or directory: '/storage/.kodi/userdata/addon_data/script.embuary.helper/img/tmp/9bdf55f9b7cbf74561de48543c0f86bb.jpg'
2024-02-22 19:40:38.669 T:1154 info : [script.module.pvr.artwork] no results in local databases
2024-02-22 19:40:39.293 T:1148 error : CCurlFile::CReadState::FillBuffer - (0x7f08fc9a80) Failed: Transferred a partial file(18)
2024-02-22 19:40:39.294 T:1148 error : [ script.embuary.helper ] Image error: Could not get image for image://pvrchannel_tv@http%3a%2f%2f127.0.0.1%3a9981%2fimagecache%2f3/ (try 1) -> [Errno 2] No such file or directory: '/storage/.kodi/userdata/addon_data/script.embuary.helper/img/tmp/9bdf55f9b7cbf74561de48543c0f86bb.jpg'
2024-02-22 19:40:39.449 T:4966 info : Opening stream: 1001 source: 256
2024-02-22 19:40:39.449 T:4966 error : OpenStream: Codec id 2 require extradata.
2024-02-22 19:40:39.449 T:4966 warning : OpenStream - Unsupported stream 1001. Stream disabled.
2024-02-22 19:40:39.449 T:4966 info : Opening stream: 1002 source: 256
2024-02-22 19:40:39.449 T:4966 info : Finding audio codec for: 86016
2024-02-22 19:40:39.449 T:4966 info : CDVDAudioCodecFFmpeg::Open() Successful opened audio decoder mp2
2024-02-22 19:40:39.450 T:4966 info : OpenStream: Allowing max Out-Of-Sync Value of 16 ms
2024-02-22 19:40:39.450 T:4966 info : Creating audio thread
2024-02-22 19:40:39.450 T:4966 info : Opening stream: 1004 source: 256
2024-02-22 19:40:39.450 T:4966 info : CDVDSubtitlesLibass: Using libass version 1701000
2024-02-22 19:40:39.450 T:4966 info : CDVDSubtitlesLibass: Creating ASS library structure
2024-02-22 19:40:39.450 T:4966 info : CDVDSubtitlesLibass: Initializing ASS Renderer
2024-02-22 19:40:39.450 T:4966 info : CDVDSubtitlesLibass: Initializing ASS library font settings
2024-02-22 19:40:39.451 T:6234 info : running thread: CVideoPlayerAudio::Process()
2024-02-22 19:40:39.478 T:4841 error : CCurlFile::CReadState::FillBuffer - (0x7f602273d0) Failed: Transferred a partial file(18)
2024-02-22 19:40:39.478 T:4966 info : CDVDSubtitlesLibass: Creating new ASS track
2024-02-22 19:40:39.479 T:4966 info : Opening stream: 1003 source: 256
2024-02-22 19:40:39.479 T:4966 info : waiting for teletext data thread to exit
2024-02-22 19:40:39.480 T:4966 info : Creating teletext data thread
2024-02-22 19:40:39.480 T:6236 info : running thread: CDVDTeletextData
2024-02-22 19:40:39.481 T:1077 info : [WHITELIST] Searching the whitelist for: width: 544, height: 576, fps: 50.000, 3D: false
2024-02-22 19:40:39.482 T:1077 info : Display resolution ADJUST : 1920x1080 @ 50.00 - Full Screen (16) (weight: 0.000)
2024-02-22 19:40:39.484 T:1077 info : GLES: Maximum texture width: 16383
2024-02-22 19:40:39.484 T:4966 info : Opening stream: 1001 source: 256
2024-02-22 19:40:39.484 T:4966 info : Creating video codec with codec id: 2
2024-02-22 19:40:39.484 T:4966 info : CDVDVideoCodecFFmpeg::Open() Using codec: MPEG-2 video
2024-02-22 19:40:39.484 T:4966 info : Creating video thread
2024-02-22 19:40:39.484 T:6237 info : running thread: video_thread
2024-02-22 19:40:39.485 T:4966 info : Opening stream: 1002 source: 256
2024-02-22 19:40:39.485 T:4966 info : Finding audio codec for: 86016
2024-02-22 19:40:39.485 T:4966 info : CDVDAudioCodecFFmpeg::Open() Successful opened audio decoder mp2
2024-02-22 19:40:39.485 T:4966 info : Opening stream: 1004 source: 256
2024-02-22 19:40:39.485 T:4966 info : Opening stream: 1003 source: 256
2024-02-22 19:40:39.487 T:6237 info : CDVDVideoCodecFFmpeg::Open() Using codec: MPEG-2 video
2024-02-22 19:40:39.492 T:6234 info : OpenStream: Allowing max Out-Of-Sync Value of 16 ms
2024-02-22 19:40:39.492 T:6234 info : Creating audio stream (codec id: 86016, channels: 2, sample rate: 48000, no pass-through)
2024-02-22 19:40:39.508 T:1077 info : GLES: Selecting single pass rendering
2024-02-22 19:40:39.508 T:1077 info : GLES: Selecting YUV 2 RGB shader
2024-02-22 19:40:39.526 T:1118 info : CActiveAESink::OpenSink - initialize sink
2024-02-22 19:40:39.598 T:1077 info : [WHITELIST] Searching the whitelist for: width: 544, height: 576, fps: 50.000, 3D: false
2024-02-22 19:40:39.599 T:1077 info : Display resolution ADJUST : 1920x1080 @ 50.00 - Full Screen (16) (weight: 0.000)
2024-02-22 19:40:39.601 T:1077 info : GLES: Maximum texture width: 16383
2024-02-22 19:40:39.730 T:1118 info : CAESinkALSA::Initialize - Configure simple control for "AUGESOUND"
2024-02-22 19:40:39.730 T:1118 info : CAESinkALSA - Use card "hw:0" and set codec format "2 CH PCM"
2024-02-22 19:40:39.760 T:1118 info : CAESinkALSA - Set Spdif to HDMITX to "Spdif_b"
2024-02-22 19:40:39.760 T:1118 info : CAESinkALSA - Set codec for "Audio spdif_b format"
2024-02-22 19:40:39.760 T:1118 info : CAESinkALSA - Set codec for "Audio I2S to HDMITX Format"
2024-02-22 19:40:39.760 T:1118 info : CAESinkALSA - Set codec for "Audio spdif format"
2024-02-22 19:40:39.760 T:1118 info : CAESinkALSA::Initialize - Attempting to open device "hdmi:CARD=AMLAUGESOUND,DEV=0"
2024-02-22 19:40:39.764 T:1118 info : CAESinkALSA::Initialize - Opened device "hdmi:CARD=AMLAUGESOUND,DEV=0,AES0=0x04,AES1=0x82,AES2=0x00,AES3=0x02"
2024-02-22 19:40:39.764 T:1118 info : CAESinkALSA::InitializeHW - Your hardware does not support AE_FMT_FLOAT, trying other formats
2024-02-22 19:40:39.764 T:1118 info : CAESinkALSA::InitializeHW - Using data format AE_FMT_S16NE
2024-02-22 19:40:39.913 T:1154 info : [script.module.pvr.artwork] fetch data from cache: script.module.pvr.artwork.1.0.9.maine pyar kiya
2024-02-22 19:40:40.194 T:1148 error : CCurlFile::CReadState::FillBuffer - (0x7f08fc9a80) Failed: Transferred a partial file(18)
2024-02-22 19:40:40.195 T:1148 error : [ script.embuary.helper ] Image error: Could not get image for image://pvrchannel_tv@http%3a%2f%2f127.0.0.1%3a9981%2fimagecache%2f3/ (try 1) -> [Errno 2] No such file or directory: '/storage/.kodi/userdata/addon_data/script.embuary.helper/img/tmp/9bdf55f9b7cbf74561de48543c0f86bb.jpg'
2024-02-22 19:40:40.300 T:1077 info : VideoPlayer::OpenFile: pvr://channels/tv/%20ASTRA%202A%2f2C%2f2E%2f2F%2028.5E@2025648334/1@pvr.hts_294218054.pvr
2024-02-22 19:40:40.339 T:6237 warning : OutputPicture - timeout waiting for buffer
2024-02-22 19:40:40.502 T:1148 info : Skipped 1 duplicate messages..
2024-02-22 19:40:40.502 T:1148 error : CCurlFile::CReadState::FillBuffer - (0x7f08fc9a80) Failed: Transferred a partial file(18)
2024-02-22 19:40:40.503 T:1148 error : [ script.embuary.helper ] Image error: Could not get image for image://pvrchannel_tv@http%3a%2f%2f127.0.0.1%3a9981%2fimagecache%2f3/ (try 1) -> [Errno 2] No such file or directory: '/storage/.kodi/userdata/addon_data/script.embuary.helper/img/tmp/9bdf55f9b7cbf74561de48543c0f86bb.jpg'
2024-02-22 19:40:40.521 T:4966 info : Creating InputStream
2024-02-22 19:40:40.527 T:4966 info : Creating Demuxer
2024-02-22 19:40:40.527 T:4966 info : Closing stream player 2
2024-02-22 19:40:40.528 T:4966 info : waiting for video thread to exit
2024-02-22 19:40:40.528 T:6237 info : thread end: video_thread
2024-02-22 19:40:40.528 T:4966 info : deleting video codec
2024-02-22 19:40:40.529 T:4966 info : Closing stream player 1
2024-02-22 19:40:40.529 T:4966 info : Waiting for audio thread to exit
2024-02-22 19:40:40.529 T:4841 error : CCurlFile::CReadState::FillBuffer - (0x7f602273d0) Failed: Transferred a partial file(18)
2024-02-22 19:40:40.530 T:6234 info : thread end: CVideoPlayerAudio::OnExit()
2024-02-22 19:40:40.531 T:4966 info : Closing audio device
2024-02-22 19:40:40.531 T:4966 info : Deleting audio codec
2024-02-22 19:40:40.531 T:4966 info : Closing stream player 3
2024-02-22 19:40:40.536 T:4966 info : Closing stream player 4
2024-02-22 19:40:40.536 T:4966 info : waiting for teletext data thread to exit
2024-02-22 19:40:40.536 T:6236 info : thread end: data_thread
2024-02-22 19:40:40.558 T:1077 info : GLES: Selecting YUV 2 RGB shader
2024-02-22 19:40:40.568 T:1118 info : CActiveAESink::OpenSink - initialize sink
2024-02-22 19:40:40.771 T:1118 info : CAESinkALSA::Initialize - Configure simple control for "AUGESOUND"
2024-02-22 19:40:40.771 T:1118 info : CAESinkALSA - Use card "hw:0" and set codec format "2 CH PCM"
2024-02-22 19:40:40.801 T:1118 info : CAESinkALSA - Set Spdif to HDMITX to "Spdif_b"
2024-02-22 19:40:40.801 T:1118 info : CAESinkALSA - Set codec for "Audio spdif_b format"
2024-02-22 19:40:40.801 T:1118 info : CAESinkALSA - Set codec for "Audio I2S to HDMITX Format"
2024-02-22 19:40:40.801 T:1118 info : CAESinkALSA - Set codec for "Audio spdif format"
2024-02-22 19:40:40.802 T:1118 info : CAESinkALSA::Initialize - Attempting to open device "hdmi:CARD=AMLAUGESOUND,DEV=0"
2024-02-22 19:40:40.806 T:1118 info : CAESinkALSA::Initialize - Opened device "hdmi:CARD=AMLAUGESOUND,DEV=0,AES0=0x04,AES1=0x82,AES2=0x00,AES3=0x00"
2024-02-22 19:40:40.806 T:1118 info : CAESinkALSA::InitializeHW - Your hardware does not support AE_FMT_FLOAT, trying other formats
2024-02-22 19:40:40.806 T:1118 info : CAESinkALSA::InitializeHW - Using data format AE_FMT_S16NE
2024-02-22 19:40:41.005 T:1148 error : CCurlFile::CReadState::FillBuffer - (0x7f08fc9a80) Failed: Transferred a partial file(18)
2024-02-22 19:40:41.006 T:1148 error : [ script.embuary.helper ] Image error: Could not get image for image://pvrchannel_tv@http%3a%2f%2f127.0.0.1%3a9981%2fimagecache%2f3/ (try 2) -> [Errno 2] No such file or directory: '/storage/.kodi/userdata/addon_data/script.embuary.helper/img/tmp/9bdf55f9b7cbf74561de48543c0f86bb.jpg'
2024-02-22 19:40:41.509 T:1148 error : CCurlFile::CReadState::FillBuffer - (0x7f08fc9a80) Failed: Transferred a partial file(18)
2024-02-22 19:40:41.509 T:1148 error : [ script.embuary.helper ] Image error: Could not get image for image://pvrchannel_tv@http%3a%2f%2f127.0.0.1%3a9981%2fimagecache%2f3/ (try 3) -> [Errno 2] No such file or directory: '/storage/.kodi/userdata/addon_data/script.embuary.helper/img/tmp/9bdf55f9b7cbf74561de48543c0f86bb.jpg'
2024-02-22 19:40:42.293 T:1148 error : CCurlFile::CReadState::FillBuffer - (0x7f08e95090) Failed: Transferred a partial file(18)
2024-02-22 19:40:42.294 T:1148 error : [ script.embuary.helper ] Image error: Could not get image for image://pvrchannel_tv@http%3a%2f%2f127.0.0.1%3a9981%2fimagecache%2f3/ (try 2) -> [Errno 2] No such file or directory: '/storage/.kodi/userdata/addon_data/script.embuary.helper/img/tmp/9bdf55f9b7cbf74561de48543c0f86bb.jpg'
2024-02-22 19:40:42.381 T:4966 info : Opening stream: 1001 source: 256
2024-02-22 19:40:42.381 T:4966 error : OpenStream: Codec id 2 require extradata.
2024-02-22 19:40:42.382 T:4966 warning : OpenStream - Unsupported stream 1001. Stream disabled.
2024-02-22 19:40:42.382 T:4966 info : Opening stream: 1002 source: 256
2024-02-22 19:40:42.382 T:4966 info : Finding audio codec for: 86016
2024-02-22 19:40:42.383 T:4966 info : CDVDAudioCodecFFmpeg::Open() Successful opened audio decoder mp2
2024-02-22 19:40:42.383 T:4966 info : OpenStream: Allowing max Out-Of-Sync Value of 16 ms
2024-02-22 19:40:42.383 T:4966 info : Creating audio thread
2024-02-22 19:40:42.383 T:6289 info : running thread: CVideoPlayerAudio::Process()
2024-02-22 19:40:42.383 T:4966 info : Opening stream: 1004 source: 256
2024-02-22 19:40:42.383 T:4966 info : CDVDSubtitlesLibass: Using libass version 1701000
2024-02-22 19:40:42.383 T:4966 info : CDVDSubtitlesLibass: Creating ASS library structure
2024-02-22 19:40:42.383 T:4966 info : CDVDSubtitlesLibass: Initializing ASS Renderer
2024-02-22 19:40:42.384 T:4966 info : CDVDSubtitlesLibass: Initializing ASS library font settings
2024-02-22 19:40:42.402 T:1077 info : [WHITELIST] Searching the whitelist for: width: 544, height: 576, fps: 50.000, 3D: false
2024-02-22 19:40:42.403 T:1077 info : Display resolution ADJUST : 1920x1080 @ 50.00 - Full Screen (16) (weight: 0.000)
2024-02-22 19:40:42.413 T:4966 info : CDVDSubtitlesLibass: Creating new ASS track
2024-02-22 19:40:42.413 T:4966 info : Opening stream: 1003 source: 256
2024-02-22 19:40:42.413 T:4966 info : waiting for teletext data thread to exit
2024-02-22 19:40:42.415 T:4966 info : Creating teletext data thread
2024-02-22 19:40:42.415 T:6290 info : running thread: CDVDTeletextData
2024-02-22 19:40:42.419 T:1077 info : GLES: Maximum texture width: 16383
2024-02-22 19:40:42.420 T:4966 info : Opening stream: 1001 source: 256
2024-02-22 19:40:42.420 T:4966 info : Creating video codec with codec id: 2
2024-02-22 19:40:42.420 T:4966 info : CDVDVideoCodecFFmpeg::Open() Using codec: MPEG-2 video
2024-02-22 19:40:42.420 T:4966 info : Creating video thread
2024-02-22 19:40:42.420 T:6291 info : running thread: video_thread
2024-02-22 19:40:42.420 T:4966 info : Opening stream: 1002 source: 256
2024-02-22 19:40:42.421 T:4966 info : Finding audio codec for: 86016
2024-02-22 19:40:42.421 T:4966 info : CDVDAudioCodecFFmpeg::Open() Successful opened audio decoder mp2
2024-02-22 19:40:42.421 T:4966 info : Opening stream: 1004 source: 256
2024-02-22 19:40:42.421 T:4966 info : Opening stream: 1003 source: 256
2024-02-22 19:40:42.424 T:6289 info : OpenStream: Allowing max Out-Of-Sync Value of 16 ms
2024-02-22 19:40:42.424 T:6289 info : Creating audio stream (codec id: 86016, channels: 2, sample rate: 48000, no pass-through)
2024-02-22 19:40:42.426 T:6291 info : CDVDVideoCodecFFmpeg::Open() Using codec: MPEG-2 video
2024-02-22 19:40:42.462 T:1118 info : CActiveAESink::OpenSink - initialize sink
2024-02-22 19:40:42.666 T:1118 info : CAESinkALSA::Initialize - Configure simple control for "AUGESOUND"
2024-02-22 19:40:42.666 T:1118 info : CAESinkALSA - Use card "hw:0" and set codec format "2 CH PCM"
2024-02-22 19:40:42.695 T:1118 info : CAESinkALSA - Set Spdif to HDMITX to "Spdif_b"
2024-02-22 19:40:42.695 T:1118 info : CAESinkALSA - Set codec for "Audio spdif_b format"
2024-02-22 19:40:42.695 T:1118 info : CAESinkALSA - Set codec for "Audio I2S to HDMITX Format"
2024-02-22 19:40:42.695 T:1118 info : CAESinkALSA - Set codec for "Audio spdif format"
2024-02-22 19:40:42.695 T:1118 info : CAESinkALSA::Initialize - Attempting to open device "hdmi:CARD=AMLAUGESOUND,DEV=0"
2024-02-22 19:40:42.699 T:1118 info : CAESinkALSA::Initialize - Opened device "hdmi:CARD=AMLAUGESOUND,DEV=0,AES0=0x04,AES1=0x82,AES2=0x00,AES3=0x02"
2024-02-22 19:40:42.700 T:1118 info : CAESinkALSA::InitializeHW - Your hardware does not support AE_FMT_FLOAT, trying other formats
2024-02-22 19:40:42.700 T:1118 info : CAESinkALSA::InitializeHW - Using data format AE_FMT_S16NE
2024-02-22 19:40:42.895 T:1148 error : CCurlFile::CReadState::FillBuffer - (0x7f08e95090) Failed: Transferred a partial file(18)
2024-02-22 19:40:42.896 T:1148 error : [ script.embuary.helper ] Image error: Could not get image for image://pvrchannel_tv@http%3a%2f%2f127.0.0.1%3a9981%2fimagecache%2f3/ (try 1) -> [Errno 2] No such file or directory: '/storage/.kodi/userdata/addon_data/script.embuary.helper/img/tmp/9bdf55f9b7cbf74561de48543c0f86bb.jpg'
2024-02-22 19:40:43.259 T:6291 warning : OutputPicture - timeout waiting for buffer
2024-02-22 19:40:43.399 T:1148 error : CCurlFile::CReadState::FillBuffer - (0x7f08e95090) Failed: Transferred a partial file(18)
2024-02-22 19:40:43.400 T:1148 error : [ script.embuary.helper ] Image error: Could not get image for image://pvrchannel_tv@http%3a%2f%2f127.0.0.1%3a9981%2fimagecache%2f3/ (try 2) -> [Errno 2] No such file or directory: '/storage/.kodi/userdata/addon_data/script.embuary.helper/img/tmp/9bdf55f9b7cbf74561de48543c0f86bb.jpg'
2024-02-22 19:40:43.779 T:6291 warning : OutputPicture - timeout waiting for buffer
2024-02-22 19:40:43.903 T:1148 error : CCurlFile::CReadState::FillBuffer - (0x7f08e95090) Failed: Transferred a partial file(18)
2024-02-22 19:40:43.903 T:1148 error : [ script.embuary.helper ] Image error: Could not get image for image://pvrchannel_tv@http%3a%2f%2f127.0.0.1%3a9981%2fimagecache%2f3/ (try 3) -> [Errno 2] No such file or directory: '/storage/.kodi/userdata/addon_data/script.embuary.helper/img/tmp/9bdf55f9b7cbf74561de48543c0f86bb.jpg'
2024-02-22 19:40:44.299 T:6291 warning : OutputPicture - timeout waiting for buffer
2024-02-22 19:40:44.407 T:1148 error : CCurlFile::CReadState::FillBuffer - (0x7f08e95090) Failed: Transferred a partial file(18)
2024-02-22 19:40:44.407 T:1148 error : [ script.embuary.helper ] Image error: Could not get image for image://pvrchannel_tv@http%3a%2f%2f127.0.0.1%3a9981%2fimagecache%2f3/ (try 1) -> [Errno 2] No such file or directory: '/storage/.kodi/userdata/addon_data/script.embuary.helper/img/tmp/9bdf55f9b7cbf74561de48543c0f86bb.jpg'
2024-02-22 19:40:44.672 T:6291 info : CDVDVideoCodecFFmpeg::CDropControl: calculated diff time: 40000
2024-02-22 19:40:44.911 T:1148 error : CCurlFile::CReadState::FillBuffer - (0x7f08e95090) Failed: Transferred a partial file(18)
2024-02-22 19:40:44.912 T:1148 error : [ script.embuary.helper ] Image error: Could not get image for image://pvrchannel_tv@http%3a%2f%2f127.0.0.1%3a9981%2fimagecache%2f3/ (try 2) -> [Errno 2] No such file or directory: '/storage/.kodi/userdata/addon_data/script.embuary.helper/img/tmp/9bdf55f9b7cbf74561de48543c0f86bb.jpg'
2024-02-22 19:40:45.415 T:1148 error : CCurlFile::CReadState::FillBuffer - (0x7f08e95090) Failed: Transferred a partial file(18)
2024-02-22 19:40:45.415 T:1148 error : [ script.embuary.helper ] Image error: Could not get image for image://pvrchannel_tv@http%3a%2f%2f127.0.0.1%3a9981%2fimagecache%2f3/ (try 3) -> [Errno 2] No such file or directory: '/storage/.kodi/userdata/addon_data/script.embuary.helper/img/tmp/9bdf55f9b7cbf74561de48543c0f86bb.jpg'
2024-02-22 19:40:45.919 T:1148 error : CCurlFile::CReadState::FillBuffer - (0x7f08e95090) Failed: Transferred a partial file(18)
2024-02-22 19:40:45.920 T:1148 error : [ script.embuary.helper ] Image error: Could not get image for image://pvrchannel_tv@http%3a%2f%2f127.0.0.1%3a9981%2fimagecache%2f3/ (try 1) -> [Errno 2] No such file or directory: '/storage/.kodi/userdata/addon_data/script.embuary.helper/img/tmp/9bdf55f9b7cbf74561de48543c0f86bb.jpg'
2024-02-22 19:40:46.423 T:1148 error : CCurlFile::CReadState::FillBuffer - (0x7f08e95090) Failed: Transferred a partial file(18)
2024-02-22 19:40:46.423 T:1148 error : [ script.embuary.helper ] Image error: Could not get image for image://pvrchannel_tv@http%3a%2f%2f127.0.0.1%3a9981%2fimagecache%2f3/ (try 2) -> [Errno 2] No such file or directory: '/storage/.kodi/userdata/addon_data/script.embuary.helper/img/tmp/9bdf55f9b7cbf74561de48543c0f86bb.jpg'
2024-02-22 19:40:46.506 T:1077 info : Loading skin file: DialogSeekBar.xml, load type: LOAD_ON_GUI_INIT
2024-02-22 19:40:46.531 T:1077 warning : Label Formatting: $VAR[CoverPlayerArtVar] is not defined
2024-02-22 19:40:46.573 T:4831 info : Skipped 1 duplicate messages..
2024-02-22 19:40:46.573 T:4831 error : CCurlFile::CReadState::FillBuffer - (0x7f30bdf2d0) Failed: Transferred a partial file(18)
2024-02-22 19:40:46.927 T:1148 error : CCurlFile::CReadState::FillBuffer - (0x7f08e95090) Failed: Transferred a partial file(18)
2024-02-22 19:40:46.927 T:1148 error : [ script.embuary.helper ] Image error: Could not get image for image://pvrchannel_tv@http%3a%2f%2f127.0.0.1%3a9981%2fimagecache%2f3/ (try 3) -> [Errno 2] No such file or directory: '/storage/.kodi/userdata/addon_data/script.embuary.helper/img/tmp/9bdf55f9b7cbf74561de48543c0f86bb.jpg'
2024-02-22 19:40:47.431 T:1148 error : CCurlFile::CReadState::FillBuffer - (0x7f08e95090) Failed: Transferred a partial file(18)
2024-02-22 19:40:47.431 T:1148 error : [ script.embuary.helper ] Image error: Could not get image for image://pvrchannel_tv@http%3a%2f%2f127.0.0.1%3a9981%2fimagecache%2f3/ (try 1) -> [Errno 2] No such file or directory: '/storage/.kodi/userdata/addon_data/script.embuary.helper/img/tmp/9bdf55f9b7cbf74561de48543c0f86bb.jpg'
2024-02-22 19:40:47.934 T:1148 error : CCurlFile::CReadState::FillBuffer - (0x7f08e95090) Failed: Transferred a partial file(18)
2024-02-22 19:40:47.935 T:1148 error : [ script.embuary.helper ] Image error: Could not get image for image://pvrchannel_tv@http%3a%2f%2f127.0.0.1%3a9981%2fimagecache%2f3/ (try 2) -> [Errno 2] No such file or directory: '/storage/.kodi/userdata/addon_data/script.embuary.helper/img/tmp/9bdf55f9b7cbf74561de48543c0f86bb.jpg'
2024-02-22 19:40:48.042 T:1077 warning : CGUIWindowManager - HandleAction - ignoring action 4, because topmost modal dialog closing animation is running
2024-02-22 19:40:48.438 T:1148 error : CCurlFile::CReadState::FillBuffer - (0x7f08e95090) Failed: Transferred a partial file(18)
2024-02-22 19:40:48.439 T:1148 error : [ script.embuary.helper ] Image error: Could not get image for image://pvrchannel_tv@http%3a%2f%2f127.0.0.1%3a9981%2fimagecache%2f3/ (try 3) -> [Errno 2] No such file or directory: '/storage/.kodi/userdata/addon_data/script.embuary.helper/img/tmp/9bdf55f9b7cbf74561de48543c0f86bb.jpg'
2024-02-22 19:40:48.942 T:1148 error : CCurlFile::CReadState::FillBuffer - (0x7f08e95090) Failed: Transferred a partial file(18)
2024-02-22 19:40:48.943 T:1148 error : [ script.embuary.helper ] Image error: Could not get image for image://pvrchannel_tv@http%3a%2f%2f127.0.0.1%3a9981%2fimagecache%2f3/ (try 3) -> [Errno 2] No such file or directory: '/storage/.kodi/userdata/addon_data/script.embuary.helper/img/tmp/9bdf55f9b7cbf74561de48543c0f86bb.jpg'
2024-02-22 19:40:49.447 T:1148 error : CCurlFile::CReadState::FillBuffer - (0x7f08e95090) Failed: Transferred a partial file(18)
2024-02-22 19:40:49.448 T:1148 error : [ script.embuary.helper ] Image error: Could not get image for image://pvrchannel_tv@http%3a%2f%2f127.0.0.1%3a9981%2fimagecache%2f3/ (try 1) -> [Errno 2] No such file or directory: '/storage/.kodi/userdata/addon_data/script.embuary.helper/img/tmp/9bdf55f9b7cbf74561de48543c0f86bb.jpg'
2024-02-22 19:40:49.881 T:1077 info : VideoPlayer::OpenFile: pvr://channels/tv/%20ASTRA%202A%2f2C%2f2E%2f2F%2028.5E@2025648334/1@pvr.hts_185002155.pvr
2024-02-22 19:40:49.920 T:6291 warning : OutputPicture - timeout waiting for buffer
2024-02-22 19:40:49.950 T:1148 error : CCurlFile::CReadState::FillBuffer - (0x7f08e95090) Failed: Transferred a partial file(18)
2024-02-22 19:40:49.951 T:1148 error : [ script.embuary.helper ] Image error: Could not get image for image://pvrchannel_tv@http%3a%2f%2f127.0.0.1%3a9981%2fimagecache%2f3/ (try 2) -> [Errno 2] No such file or directory: '/storage/.kodi/userdata/addon_data/script.embuary.helper/img/tmp/9bdf55f9b7cbf74561de48543c0f86bb.jpg'
2024-02-22 19:40:50.002 T:5343 error : CCurlFile::CReadState::FillBuffer - (0x28725a90) Failed: Transferred a partial file(18)
2024-02-22 19:40:50.007 T:4966 info : Creating InputStream
2024-02-22 19:40:50.009 T:4966 info : Creating Demuxer
2024-02-22 19:40:50.010 T:4966 info : Closing stream player 2
2024-02-22 19:40:50.010 T:4966 info : waiting for video thread to exit
2024-02-22 19:40:50.010 T:6291 info : thread end: video_thread
2024-02-22 19:40:50.010 T:4966 info : deleting video codec
2024-02-22 19:40:50.013 T:4966 info : Closing stream player 1
2024-02-22 19:40:50.013 T:4966 info : Waiting for audio thread to exit
2024-02-22 19:40:50.016 T:6289 info : thread end: CVideoPlayerAudio::OnExit()
2024-02-22 19:40:50.016 T:4966 info : Closing audio device
2024-02-22 19:40:50.016 T:4966 info : Deleting audio codec
2024-02-22 19:40:50.017 T:4966 info : Closing stream player 3
2024-02-22 19:40:50.020 T:4966 info : Closing stream player 4
2024-02-22 19:40:50.021 T:4966 info : waiting for teletext data thread to exit
2024-02-22 19:40:50.021 T:6290 info : thread end: data_thread
2024-02-22 19:40:50.056 T:1118 info : CActiveAESink::OpenSink - initialize sink
2024-02-22 19:40:50.066 T:1077 info : GLES: Selecting YUV 2 RGB shader
2024-02-22 19:40:50.260 T:1118 info : CAESinkALSA::Initialize - Configure simple control for "AUGESOUND"
2024-02-22 19:40:50.260 T:1118 info : CAESinkALSA - Use card "hw:0" and set codec format "2 CH PCM"
2024-02-22 19:40:50.278 T:1148 error : CCurlFile::CReadState::FillBuffer - (0x7f08e95090) Failed: Transferred a partial file(18)
2024-02-22 19:40:50.279 T:1148 error : [ script.embuary.helper ] Image error: Could not get image for image://pvrchannel_tv@http%3a%2f%2f127.0.0.1%3a9981%2fimagecache%2f3/ (try 1) -> [Errno 2] No such file or directory: '/storage/.kodi/userdata/addon_data/script.embuary.helper/img/tmp/9bdf55f9b7cbf74561de48543c0f86bb.jpg'
2024-02-22 19:40:50.290 T:1118 info : CAESinkALSA - Set Spdif to HDMITX to "Spdif_b"
2024-02-22 19:40:50.290 T:1118 info : CAESinkALSA - Set codec for "Audio spdif_b format"
2024-02-22 19:40:50.290 T:1118 info : CAESinkALSA - Set codec for "Audio I2S to HDMITX Format"
2024-02-22 19:40:50.290 T:1118 info : CAESinkALSA - Set codec for "Audio spdif format"
2024-02-22 19:40:50.290 T:1118 info : CAESinkALSA::Initialize - Attempting to open device "hdmi:CARD=AMLAUGESOUND,DEV=0"
2024-02-22 19:40:50.294 T:1118 info : CAESinkALSA::Initialize - Opened device "hdmi:CARD=AMLAUGESOUND,DEV=0,AES0=0x04,AES1=0x82,AES2=0x00,AES3=0x00"
2024-02-22 19:40:50.294 T:1118 info : CAESinkALSA::InitializeHW - Your hardware does not support AE_FMT_FLOAT, trying other formats
2024-02-22 19:40:50.294 T:1118 info : CAESinkALSA::InitializeHW - Using data format AE_FMT_S16NE
2024-02-22 19:40:50.323 T:1154 info : [script.module.pvr.artwork] fetch data from cache: script.module.pvr.artwork.1.0.9.crimes that shook britain
2024-02-22 19:40:50.782 T:1148 error : CCurlFile::CReadState::FillBuffer - (0x7f08e95090) Failed: Transferred a partial file(18)
2024-02-22 19:40:50.783 T:1148 error : [ script.embuary.helper ] Image error: Could not get image for image://pvrchannel_tv@http%3a%2f%2f127.0.0.1%3a9981%2fimagecache%2f3/ (try 2) -> [Errno 2] No such file or directory: '/storage/.kodi/userdata/addon_data/script.embuary.helper/img/tmp/9bdf55f9b7cbf74561de48543c0f86bb.jpg'
2024-02-22 19:40:51.286 T:1148 error : CCurlFile::CReadState::FillBuffer - (0x7f08e95090) Failed: Transferred a partial file(18)
2024-02-22 19:40:51.286 T:1148 error : [ script.embuary.helper ] Image error: Could not get image for image://pvrchannel_tv@http%3a%2f%2f127.0.0.1%3a9981%2fimagecache%2f3/ (try 3) -> [Errno 2] No such file or directory: '/storage/.kodi/userdata/addon_data/script.embuary.helper/img/tmp/9bdf55f9b7cbf74561de48543c0f86bb.jpg'
2024-02-22 19:40:51.316 T:4966 info : Opening stream: 1001 source: 256
2024-02-22 19:40:51.316 T:4966 error : OpenStream: Codec id 2 require extradata.
2024-02-22 19:40:51.316 T:4966 warning : OpenStream - Unsupported stream 1001. Stream disabled.
2024-02-22 19:40:51.316 T:4966 info : Opening stream: 1002 source: 256
2024-02-22 19:40:51.317 T:4966 info : Finding audio codec for: 86016
2024-02-22 19:40:51.317 T:4966 info : CDVDAudioCodecFFmpeg::Open() Successful opened audio decoder mp2
2024-02-22 19:40:51.317 T:4966 info : OpenStream: Allowing max Out-Of-Sync Value of 16 ms
2024-02-22 19:40:51.317 T:4966 info : Creating audio thread
2024-02-22 19:40:51.317 T:6375 info : running thread: CVideoPlayerAudio::Process()
2024-02-22 19:40:51.317 T:4966 info : Opening stream: 1005 source: 256
2024-02-22 19:40:51.317 T:4966 info : CDVDSubtitlesLibass: Using libass version 1701000
2024-02-22 19:40:51.317 T:4966 info : CDVDSubtitlesLibass: Creating ASS library structure
2024-02-22 19:40:51.317 T:4966 info : CDVDSubtitlesLibass: Initializing ASS Renderer
2024-02-22 19:40:51.318 T:4966 info : CDVDSubtitlesLibass: Initializing ASS library font settings
2024-02-22 19:40:51.324 T:1077 info : [WHITELIST] Searching the whitelist for: width: 544, height: 576, fps: 50.000, 3D: false
2024-02-22 19:40:51.324 T:1077 info : Display resolution ADJUST : 1920x1080 @ 50.00 - Full Screen (16) (weight: 0.000)
2024-02-22 19:40:51.340 T:1077 info : GLES: Maximum texture width: 16383
2024-02-22 19:40:51.345 T:4966 info : CDVDSubtitlesLibass: Creating new ASS track
2024-02-22 19:40:51.345 T:4966 info : Opening stream: 1004 source: 256
2024-02-22 19:40:51.345 T:4966 info : waiting for teletext data thread to exit
2024-02-22 19:40:51.346 T:4966 info : Creating teletext data thread
2024-02-22 19:40:51.353 T:4966 info : Opening stream: 1001 source: 256
2024-02-22 19:40:51.353 T:4966 info : Creating video codec with codec id: 2
2024-02-22 19:40:51.353 T:4966 info : CDVDVideoCodecFFmpeg::Open() Using codec: MPEG-2 video
2024-02-22 19:40:51.353 T:4966 info : Creating video thread
2024-02-22 19:40:51.353 T:6377 info : running thread: video_thread
2024-02-22 19:40:51.353 T:6376 info : running thread: CDVDTeletextData
2024-02-22 19:40:51.353 T:4966 info : Opening stream: 1002 source: 256
2024-02-22 19:40:51.353 T:4966 info : Finding audio codec for: 86016
2024-02-22 19:40:51.353 T:4966 info : CDVDAudioCodecFFmpeg::Open() Successful opened audio decoder mp2
2024-02-22 19:40:51.354 T:4966 info : Opening stream: 1005 source: 256
2024-02-22 19:40:51.354 T:4966 info : Opening stream: 1004 source: 256
2024-02-22 19:40:51.357 T:6377 info : CDVDVideoCodecFFmpeg::Open() Using codec: MPEG-2 video
2024-02-22 19:40:51.358 T:6375 info : OpenStream: Allowing max Out-Of-Sync Value of 16 ms
2024-02-22 19:40:51.364 T:1077 info : [WHITELIST] Searching the whitelist for: width: 544, height: 576, fps: 50.000, 3D: false
2024-02-22 19:40:51.365 T:1077 info : Display resolution ADJUST : 1920x1080 @ 50.00 - Full Screen (16) (weight: 0.000)
2024-02-22 19:40:51.380 T:1077 info : GLES: Maximum texture width: 16383
2024-02-22 19:40:51.388 T:6375 info : Creating audio stream (codec id: 86016, channels: 2, sample rate: 48000, no pass-through)
2024-02-22 19:40:51.398 T:1118 info : CActiveAESink::OpenSink - initialize sink
2024-02-22 19:40:51.404 T:1077 info : GLES: Selecting single pass rendering
2024-02-22 19:40:51.404 T:1077 info : GLES: Selecting YUV 2 RGB shader
2024-02-22 19:40:51.487 T:1077 info : [WHITELIST] Searching the whitelist for: width: 544, height: 576, fps: 50.000, 3D: false
2024-02-22 19:40:51.488 T:1077 info : Display resolution ADJUST : 1920x1080 @ 50.00 - Full Screen (16) (weight: 0.000)
2024-02-22 19:40:51.499 T:1077 info : GLES: Maximum texture width: 16383
2024-02-22 19:40:51.602 T:1118 info : CAESinkALSA::Initialize - Configure simple control for "AUGESOUND"
2024-02-22 19:40:51.602 T:1118 info : CAESinkALSA - Use card "hw:0" and set codec format "2 CH PCM"
2024-02-22 19:40:51.632 T:1118 info : CAESinkALSA - Set Spdif to HDMITX to "Spdif_b"
2024-02-22 19:40:51.632 T:1118 info : CAESinkALSA - Set codec for "Audio spdif_b format"
2024-02-22 19:40:51.632 T:1118 info : CAESinkALSA - Set codec for "Audio I2S to HDMITX Format"
2024-02-22 19:40:51.632 T:1118 info : CAESinkALSA - Set codec for "Audio spdif format"
2024-02-22 19:40:51.632 T:1118 info : CAESinkALSA::Initialize - Attempting to open device "hdmi:CARD=AMLAUGESOUND,DEV=0"
2024-02-22 19:40:51.636 T:1118 info : CAESinkALSA::Initialize - Opened device "hdmi:CARD=AMLAUGESOUND,DEV=0,AES0=0x04,AES1=0x82,AES2=0x00,AES3=0x02"
2024-02-22 19:40:51.636 T:1118 info : CAESinkALSA::InitializeHW - Your hardware does not support AE_FMT_FLOAT, trying other formats
2024-02-22 19:40:51.636 T:1118 info : CAESinkALSA::InitializeHW - Using data format AE_FMT_S16NE
2024-02-22 19:40:52.086 T:1148 error : CCurlFile::CReadState::FillBuffer - (0x7f08e95090) Failed: Transferred a partial file(18)
2024-02-22 19:40:52.087 T:1148 error : [ script.embuary.helper ] Image error: Could not get image for image://pvrchannel_tv@http%3a%2f%2f127.0.0.1%3a9981%2fimagecache%2f3/ (try 1) -> [Errno 2] No such file or directory: '/storage/.kodi/userdata/addon_data/script.embuary.helper/img/tmp/9bdf55f9b7cbf74561de48543c0f86bb.jpg'
2024-02-22 19:40:52.259 T:6377 warning : OutputPicture - timeout waiting for buffer
2024-02-22 19:40:52.526 T:4832 error : CCurlFile::CReadState::FillBuffer - (0x7f4c13f4a0) Failed: Transferred a partial file(18)
2024-02-22 19:40:52.529 T:5343 error : CCurlFile::Open - Failed with code 404:
2024-02-22 19:40:52.590 T:1148 error : CCurlFile::CReadState::FillBuffer - (0x7f08e95090) Failed: Transferred a partial file(18)
2024-02-22 19:40:52.590 T:1148 error : [ script.embuary.helper ] Image error: Could not get image for image://pvrchannel_tv@http%3a%2f%2f127.0.0.1%3a9981%2fimagecache%2f3/ (try 2) -> [Errno 2] No such file or directory: '/storage/.kodi/userdata/addon_data/script.embuary.helper/img/tmp/9bdf55f9b7cbf74561de48543c0f86bb.jpg'
2024-02-22 19:40:52.779 T:6377 warning : OutputPicture - timeout waiting for buffer
2024-02-22 19:40:53.093 T:1148 error : CCurlFile::CReadState::FillBuffer - (0x7f08e95090) Failed: Transferred a partial file(18)
2024-02-22 19:40:53.094 T:1148 error : [ script.embuary.helper ] Image error: Could not get image for image://pvrchannel_tv@http%3a%2f%2f127.0.0.1%3a9981%2fimagecache%2f3/ (try 3) -> [Errno 2] No such file or directory: '/storage/.kodi/userdata/addon_data/script.embuary.helper/img/tmp/9bdf55f9b7cbf74561de48543c0f86bb.jpg'
2024-02-22 19:40:53.311 T:4832 error : CCurlFile::CReadState::FillBuffer - (0x7f4c13f4a0) Failed: Transferred a partial file(18)
2024-02-22 19:40:53.598 T:1148 error : CCurlFile::CReadState::FillBuffer - (0x7f08e95090) Failed: Transferred a partial file(18)
2024-02-22 19:40:53.598 T:1148 error : [ script.embuary.helper ] Image error: Could not get image for image://pvrchannel_tv@http%3a%2f%2f127.0.0.1%3a9981%2fimagecache%2f3/ (try 1) -> [Errno 2] No such file or directory: '/storage/.kodi/userdata/addon_data/script.embuary.helper/img/tmp/9bdf55f9b7cbf74561de48543c0f86bb.jpg'
2024-02-22 19:40:53.614 T:6377 info : CDVDVideoCodecFFmpeg::CDropControl: calculated diff time: 40000
2024-02-22 19:40:53.651 T:1154 info : [script.module.pvr.artwork] fetch data from cache: script.module.pvr.artwork.1.0.9.raceday live
2024-02-22 19:40:54.101 T:1148 error : CCurlFile::CReadState::FillBuffer - (0x7f08e95090) Failed: Transferred a partial file(18)
2024-02-22 19:40:54.102 T:1148 error : [ script.embuary.helper ] Image error: Could not get image for image://pvrchannel_tv@http%3a%2f%2f127.0.0.1%3a9981%2fimagecache%2f3/ (try 2) -> [Errno 2] No such file or directory: '/storage/.kodi/userdata/addon_data/script.embuary.helper/img/tmp/9bdf55f9b7cbf74561de48543c0f86bb.jpg'
2024-02-22 19:40:54.605 T:1148 error : CCurlFile::CReadState::FillBuffer - (0x7f08e95090) Failed: Transferred a partial file(18)
2024-02-22 19:40:54.606 T:1148 error : [ script.embuary.helper ] Image error: Could not get image for image://pvrchannel_tv@http%3a%2f%2f127.0.0.1%3a9981%2fimagecache%2f3/ (try 3) -> [Errno 2] No such file or directory: '/storage/.kodi/userdata/addon_data/script.embuary.helper/img/tmp/9bdf55f9b7cbf74561de48543c0f86bb.jpg'
2024-02-22 19:40:55.022 T:1077 info : VideoPlayer::OpenFile: pvr://channels/tv/%20ASTRA%202A%2f2C%2f2E%2f2F%2028.5E@2025648334/1@pvr.hts_86002137.pvr
2024-02-22 19:40:55.060 T:6377 warning : OutputPicture - timeout waiting for buffer
2024-02-22 19:40:55.123 T:1148 error : CCurlFile::CReadState::FillBuffer - (0x7f08e95090) Failed: Transferred a partial file(18)
2024-02-22 19:40:55.124 T:1148 error : [ script.embuary.helper ] Image error: Could not get image for image://pvrchannel_tv@http%3a%2f%2f127.0.0.1%3a9981%2fimagecache%2f3/ (try 1) -> [Errno 2] No such file or directory: '/storage/.kodi/userdata/addon_data/script.embuary.helper/img/tmp/9bdf55f9b7cbf74561de48543c0f86bb.jpg'
2024-02-22 19:40:55.143 T:4966 info : Creating InputStream
2024-02-22 19:40:55.149 T:4966 info : Creating Demuxer
2024-02-22 19:40:55.149 T:4966 info : Closing stream player 2
2024-02-22 19:40:55.149 T:4966 info : waiting for video thread to exit
2024-02-22 19:40:55.149 T:6377 info : thread end: video_thread
2024-02-22 19:40:55.149 T:4966 info : deleting video codec
