2024-11-28 16:00:20.460 T:6455 debug : CAMLCodec::GetPicture: index: 8552, pts: 306.640, dur:42.000ms ar:1.78 elf:42ms
2024-11-28 16:00:20.460 T:6455 debug : CVideoPlayerVideo::OutputPicture - ttd:399ms pts:306.640 Clock:306.240 Level:5
2024-11-28 16:00:20.462 T:6455 debug : CAMLCodec::AddData: skip add data dl:15434019 fl:288477 sz:464957(465024) lv:101.1% dts:308.475 pts:308.892
2024-11-28 16:00:20.463 T:4489 debug : PrepareNextRender: frameOnScreen: 306.243 renderPts: 306.453 nextFramePts: 306.431 -> diff: 0.022 render: 1 forceNext: 0
2024-11-28 16:00:20.464 T:6455 debug : CAMLCodec::AddData: skip add data dl:15434019 fl:288477 sz:464957(465024) lv:101.1% dts:308.475 pts:308.892
2024-11-28 16:00:20.466 T:4489 debug : CAMLCodec::ReleaseFrame idx:8547, drop:0
2024-11-28 16:00:20.466 T:6455 debug : CAMLCodec::AddData: skip add data dl:15434019 fl:288477 sz:464957(465024) lv:101.1% dts:308.475 pts:308.892
2024-11-28 16:00:20.501 T:4489 info : Skipped 19 duplicate messages..
2024-11-28 16:00:20.501 T:4489 debug : CAMLCodec::PollFrame elapsed:34.385ms
2024-11-28 16:00:20.503 T:6455 debug : CAMLCodec::AddData: dl:15546531 fl:175965 sz:464957(465024) lv:98.8% dts:308.475 pts:308.892
2024-11-28 16:00:20.503 T:6455 debug : CAMLCodec::DequeueBuffer: pts:306.681 idx:8553
2024-11-28 16:00:20.503 T:6455 debug : CAMLCodec::GetPicture: index: 8553, pts: 306.681, dur:41.000ms ar:1.78 elf:43ms
2024-11-28 16:00:20.503 T:6455 debug : CVideoPlayerVideo::OutputPicture - ttd:397ms pts:306.681 Clock:306.284 Level:5
2024-11-28 16:00:20.504 T:4489 debug : PrepareNextRender: frameOnScreen: 306.285 renderPts: 306.494 nextFramePts: 306.473 -> diff: 0.021 render: 1 forceNext: 0
2024-11-28 16:00:20.505 T:6455 debug : CAMLCodec::AddData: skip add data dl:15546464 fl:176032 sz:381123(381248) lv:101.3% dts:308.517 pts:308.725
2024-11-28 16:00:20.506 T:6452 debug : CVideoPlayer::ProcessVideoData size:375530 dts:313.772 pts:313.897 dur:41.000ms, clock:306.286 level:66
2024-11-28 16:00:20.506 T:4489 debug : CAMLCodec::ReleaseFrame idx:8548, drop:0
2024-11-28 16:00:20.507 T:6455 debug : CAMLCodec::AddData: skip add data dl:15546464 fl:176032 sz:381123(381248) lv:101.3% dts:308.517 pts:308.725
2024-11-28 16:00:20.537 T:6452 info : Skipped 21 duplicate messages..
2024-11-28 16:00:20.537 T:6452 debug : CVideoPlayer::ProcessVideoData size:294820 dts:313.814 pts:313.855 dur:41.000ms, clock:306.318 level:100
2024-11-28 16:00:20.538 T:6455 debug : CAMLCodec::AddData: skip add data dl:15546464 fl:176032 sz:381123(381248) lv:101.3% dts:308.517 pts:308.725
2024-11-28 16:00:20.538 T:6452 debug : CVideoPlayer::ProcessVideoData size:305296 dts:313.855 pts:313.939 dur:41.000ms, clock:306.319 level:100
2024-11-28 16:00:20.540 T:6455 debug : CAMLCodec::AddData: skip add data dl:15546464 fl:176032 sz:381123(381248) lv:101.3% dts:308.517 pts:308.725
2024-11-28 16:00:20.542 T:4489 info : Skipped 1 duplicate messages..
2024-11-28 16:00:20.542 T:4489 debug : CAMLCodec::PollFrame elapsed:35.556ms
2024-11-28 16:00:20.543 T:6455 debug : CAMLCodec::DequeueBuffer: pts:306.723 idx:8554
2024-11-28 16:00:20.543 T:6455 debug : CAMLCodec::GetPicture: index: 8554, pts: 306.723, dur:42.000ms ar:1.78 elf:39ms
2024-11-28 16:00:20.543 T:6455 debug : CVideoPlayerVideo::OutputPicture - ttd:399ms pts:306.723 Clock:306.324 Level:5
2024-11-28 16:00:20.547 T:4489 debug : PrepareNextRender: frameOnScreen: 306.327 renderPts: 306.537 nextFramePts: 306.515 -> diff: 0.022 render: 1 forceNext: 0
2024-11-28 16:00:20.547 T:6455 debug : CAMLCodec::AddData: dl:15629920 fl:92576 sz:381123(381248) lv:99.4% dts:308.517 pts:308.725
2024-11-28 16:00:20.548 T:6455 debug : CAMLCodec::AddData: skip add data dl:15629795 fl:92701 sz:375392(375488) lv:101.8% dts:308.558 pts:308.642
2024-11-28 16:00:20.549 T:4489 debug : CAMLCodec::ReleaseFrame idx:8549, drop:0
2024-11-28 16:00:20.550 T:6455 debug : CAMLCodec::AddData: skip add data dl:15629795 fl:92701 sz:375392(375488) lv:101.8% dts:308.558 pts:308.642
2024-11-28 16:00:20.584 T:4489 info : Skipped 24 duplicate messages..
2024-11-28 16:00:20.584 T:4489 debug : CAMLCodec::PollFrame elapsed:34.301ms
2024-11-28 16:00:20.586 T:6455 debug : CAMLCodec::AddData: dl:15717411 fl:5085 sz:375392(375488) lv:99.9% dts:308.558 pts:308.642
2024-11-28 16:00:20.587 T:6455 debug : CAMLCodec::DequeueBuffer: pts:306.765 idx:8555
2024-11-28 16:00:20.587 T:6455 debug : CAMLCodec::GetPicture: index: 8555, pts: 306.765, dur:42.000ms ar:1.78 elf:43ms
2024-11-28 16:00:20.587 T:6455 debug : CVideoPlayerVideo::OutputPicture - ttd:397ms pts:306.765 Clock:306.367 Level:5
2024-11-28 16:00:20.587 T:4489 debug : PrepareNextRender: frameOnScreen: 306.367 renderPts: 306.577 nextFramePts: 306.556 -> diff: 0.021 render: 1 forceNext: 0
2024-11-28 16:00:20.588 T:6455 debug : CAMLCodec::AddData: skip add data dl:15717315 fl:5181 sz:296310(296384) lv:101.8% dts:308.600 pts:308.600
2024-11-28 16:00:20.592 T:4489 info : Skipped 1 duplicate messages..
2024-11-28 16:00:20.592 T:4489 debug : CAMLCodec::ReleaseFrame idx:8550, drop:0
2024-11-28 16:00:20.592 T:6455 debug : CAMLCodec::AddData: skip add data dl:15717315 fl:5181 sz:296310(296384) lv:101.8% dts:308.600 pts:308.600
2024-11-28 16:00:20.601 T:6452 info : Skipped 7 duplicate messages..
2024-11-28 16:00:20.601 T:6452 debug : CVideoPlayer::ProcessVideoData size:500029 dts:313.897 pts:314.314 dur:41.000ms, clock:306.382 level:66
2024-11-28 16:00:20.603 T:6455 debug : CAMLCodec::AddData: skip add data dl:15717315 fl:5181 sz:296310(296384) lv:101.8% dts:308.600 pts:308.600
2024-11-28 16:00:20.625 T:4489 info : Skipped 17 duplicate messages..
2024-11-28 16:00:20.625 T:4489 debug : CAMLCodec::PollFrame elapsed:33.608ms
2024-11-28 16:00:20.628 T:4489 debug : PrepareNextRender: frameOnScreen: 306.409 renderPts: 306.618 nextFramePts: 306.598 -> diff: 0.020 render: 1 forceNext: 0
2024-11-28 16:00:20.629 T:6455 debug : CAMLCodec::AddData: dl:15555203 fl:167293 sz:296310(296384) lv:98.9% dts:308.600 pts:308.600
2024-11-28 16:00:20.629 T:6455 debug : CAMLCodec::DequeueBuffer: pts:306.807 idx:8556
2024-11-28 16:00:20.629 T:6455 debug : CAMLCodec::GetPicture: index: 8556, pts: 306.807, dur:42.000ms ar:1.78 elf:42ms
2024-11-28 16:00:20.629 T:6455 debug : CVideoPlayerVideo::OutputPicture - ttd:396ms pts:306.807 Clock:306.410 Level:4
2024-11-28 16:00:20.630 T:4489 debug : CAMLCodec::ReleaseFrame idx:8551, drop:0
2024-11-28 16:00:20.631 T:6455 debug : CAMLCodec::AddData: skip add data dl:15555129 fl:167367 sz:292794(292864) lv:100.8% dts:308.642 pts:308.683
2024-11-28 16:00:20.667 T:4489 info : Skipped 27 duplicate messages..
2024-11-28 16:00:20.667 T:4489 debug : CAMLCodec::PollFrame elapsed:36.928ms
2024-11-28 16:00:20.669 T:6455 debug : CAMLCodec::AddData: dl:15474169 fl:248327 sz:292794(292864) lv:98.4% dts:308.642 pts:308.683
2024-11-28 16:00:20.669 T:6455 debug : CAMLCodec::DequeueBuffer: pts:306.848 idx:8557
2024-11-28 16:00:20.669 T:6455 debug : CAMLCodec::GetPicture: index: 8557, pts: 306.848, dur:41.000ms ar:1.78 elf:39ms
2024-11-28 16:00:20.670 T:6455 debug : CVideoPlayerVideo::OutputPicture - ttd:397ms pts:306.848 Clock:306.450 Level:5
2024-11-28 16:00:20.671 T:4489 debug : PrepareNextRender: frameOnScreen: 306.451 renderPts: 306.661 nextFramePts: 306.640 -> diff: 0.021 render: 1 forceNext: 0
2024-11-28 16:00:20.671 T:6455 debug : CAMLCodec::AddData: skip add data dl:15474099 fl:248397 sz:366224(366336) lv:100.7% dts:308.683 pts:308.809
2024-11-28 16:00:20.674 T:6452 info : Skipped 1 duplicate messages..
2024-11-28 16:00:20.674 T:6452 debug : CVideoPlayer::ProcessVideoData size:375990 dts:313.939 pts:314.147 dur:41.000ms, clock:306.454 level:66
2024-11-28 16:00:20.675 T:4489 debug : CAMLCodec::ReleaseFrame idx:8552, drop:0
2024-11-28 16:00:20.676 T:6455 debug : CAMLCodec::AddData: skip add data dl:15474099 fl:248397 sz:366224(366336) lv:100.7% dts:308.683 pts:308.809
2024-11-28 16:00:20.686 T:6452 info : Skipped 6 duplicate messages..
2024-11-28 16:00:20.686 T:6452 debug : CVideoPlayer::ProcessVideoData size:384695 dts:313.980 pts:314.064 dur:41.000ms, clock:306.466 level:100
2024-11-28 16:00:20.686 T:6455 debug : CAMLCodec::AddData: skip add data dl:15474099 fl:248397 sz:366224(366336) lv:100.7% dts:308.683 pts:308.809
2024-11-28 16:00:20.709 T:4489 info : Skipped 15 duplicate messages..
2024-11-28 16:00:20.709 T:4489 debug : CAMLCodec::PollFrame elapsed:33.946ms
2024-11-28 16:00:20.712 T:6455 debug : CAMLCodec::AddData: dl:15474099 fl:248397 sz:366224(366336) lv:98.4% dts:308.683 pts:308.809
2024-11-28 16:00:20.712 T:6455 debug : CAMLCodec::DequeueBuffer: pts:306.890 idx:8558
2024-11-28 16:00:20.712 T:6455 debug : CAMLCodec::GetPicture: index: 8558, pts: 306.890, dur:42.000ms ar:1.78 elf:42ms
2024-11-28 16:00:20.712 T:6455 debug : CVideoPlayerVideo::OutputPicture - ttd:397ms pts:306.890 Clock:306.492 Level:5
2024-11-28 16:00:20.713 T:4489 debug : PrepareNextRender: frameOnScreen: 306.493 renderPts: 306.703 nextFramePts: 306.681 -> diff: 0.022 render: 1 forceNext: 0
2024-11-28 16:00:20.714 T:6455 debug : CAMLCodec::AddData: skip add data dl:15473987 fl:248509 sz:292114(292224) lv:100.2% dts:308.725 pts:308.767
2024-11-28 16:00:20.716 T:4489 info : Skipped 1 duplicate messages..
2024-11-28 16:00:20.716 T:4489 debug : CAMLCodec::ReleaseFrame idx:8553, drop:0
2024-11-28 16:00:20.717 T:6455 debug : CAMLCodec::AddData: skip add data dl:15473987 fl:248509 sz:292114(292224) lv:100.2% dts:308.725 pts:308.767
2024-11-28 16:00:20.751 T:6455 info : Skipped 26 duplicate messages..
2024-11-28 16:00:20.751 T:6455 debug : CAMLCodec::DequeueBuffer: pts:306.932 idx:8559
2024-11-28 16:00:20.751 T:4489 debug : CAMLCodec::PollFrame elapsed:33.925ms
2024-11-28 16:00:20.751 T:6455 debug : CAMLCodec::GetPicture: index: 8559, pts: 306.932, dur:42.000ms ar:1.78 elf:38ms
2024-11-28 16:00:20.751 T:6455 debug : CVideoPlayerVideo::OutputPicture - ttd:400ms pts:306.932 Clock:306.531 Level:5
2024-11-28 16:00:20.754 T:4489 debug : PrepareNextRender: frameOnScreen: 306.535 renderPts: 306.744 nextFramePts: 306.723 -> diff: 0.021 render: 1 forceNext: 0
2024-11-28 16:00:20.755 T:6455 debug : CAMLCodec::AddData: dl:15457091 fl:265405 sz:292114(292224) lv:98.3% dts:308.725 pts:308.767
2024-11-28 16:00:20.755 T:6455 debug : CAMLCodec::AddData: skip add data dl:15456981 fl:265515 sz:288807(288896) lv:100.1% dts:308.767 pts:308.850
2024-11-28 16:00:20.758 T:6452 info : Skipped 1 duplicate messages..
2024-11-28 16:00:20.758 T:6452 debug : CVideoPlayer::ProcessVideoData size:307977 dts:314.022 pts:314.022 dur:41.000ms, clock:306.539 level:66
2024-11-28 16:00:20.759 T:4489 debug : CAMLCodec::ReleaseFrame idx:8554, drop:0
2024-11-28 16:00:20.758 T:6455 debug : CAMLCodec::AddData: skip add data dl:15456981 fl:265515 sz:288807(288896) lv:100.1% dts:308.767 pts:308.850
2024-11-28 16:00:20.761 T:6452 info : Skipped 1 duplicate messages..
2024-11-28 16:00:20.761 T:6452 debug : CVideoPlayer::ProcessVideoData size:312782 dts:314.064 pts:314.105 dur:41.000ms, clock:306.541 level:100
2024-11-28 16:00:20.762 T:6455 debug : CAMLCodec::AddData: skip add data dl:15456981 fl:265515 sz:288807(288896) lv:100.1% dts:308.767 pts:308.850
2024-11-28 16:00:20.792 T:4489 info : Skipped 22 duplicate messages..
2024-11-28 16:00:20.792 T:4489 debug : CAMLCodec::PollFrame elapsed:33.430ms
2024-11-28 16:00:20.792 T:6455 debug : CAMLCodec::AddData: skip add data dl:15456981 fl:265515 sz:288807(288896) lv:100.1% dts:308.767 pts:308.850
2024-11-28 16:00:20.794 T:6455 debug : CAMLCodec::DequeueBuffer: pts:306.973 idx:8560
2024-11-28 16:00:20.794 T:6455 debug : CAMLCodec::GetPicture: index: 8560, pts: 306.973, dur:41.000ms ar:1.78 elf:42ms
2024-11-28 16:00:20.794 T:6455 debug : CVideoPlayerVideo::OutputPicture - ttd:398ms pts:306.973 Clock:306.574 Level:5
2024-11-28 16:00:20.795 T:4489 debug : PrepareNextRender: frameOnScreen: 306.576 renderPts: 306.785 nextFramePts: 306.765 -> diff: 0.020 render: 1 forceNext: 0
2024-11-28 16:00:20.798 T:6455 debug : CAMLCodec::AddData: dl:15453717 fl:268779 sz:288807(288896) lv:98.3% dts:308.767 pts:308.850
2024-11-28 16:00:20.798 T:4489 debug : CAMLCodec::ReleaseFrame idx:8555, drop:0
2024-11-28 16:00:20.799 T:6455 debug : CAMLCodec::AddData: skip add data dl:15453628 fl:268868 sz:485941(486016) lv:101.3% dts:308.809 pts:309.226
2024-11-28 16:00:20.803 T:6452 info : Skipped 2 duplicate messages..
2024-11-28 16:00:20.803 T:6452 debug : CVideoPlayer::ProcessVideoData size:393337 dts:314.105 pts:314.231 dur:41.000ms, clock:306.583 level:66
2024-11-28 16:00:20.805 T:6455 debug : CAMLCodec::AddData: skip add data dl:15453628 fl:268868 sz:485941(486016) lv:101.3% dts:308.809 pts:309.226
2024-11-28 16:00:20.834 T:4489 info : Skipped 16 duplicate messages..
2024-11-28 16:00:20.834 T:4489 debug : CAMLCodec::PollFrame elapsed:35.915ms
2024-11-28 16:00:20.835 T:6455 debug : CAMLCodec::DequeueBuffer: pts:307.015 idx:8561
2024-11-28 16:00:20.835 T:6455 debug : CAMLCodec::GetPicture: index: 8561, pts: 307.015, dur:42.000ms ar:1.78 elf:40ms
2024-11-28 16:00:20.835 T:6455 debug : CVideoPlayerVideo::OutputPicture - ttd:399ms pts:307.015 Clock:306.615 Level:5
2024-11-28 16:00:20.837 T:4489 debug : PrepareNextRender: frameOnScreen: 306.618 renderPts: 306.827 nextFramePts: 306.807 -> diff: 0.020 render: 1 forceNext: 0
2024-11-28 16:00:20.839 T:4489 debug : CAMLCodec::ReleaseFrame idx:8556, drop:0
2024-11-28 16:00:20.839 T:6455 debug : CAMLCodec::AddData: dl:15582524 fl:139972 sz:485941(486016) lv:99.1% dts:308.809 pts:309.226
2024-11-28 16:00:20.840 T:6455 debug : CAMLCodec::AddData: skip add data dl:15582449 fl:140047 sz:377378(377472) lv:101.5% dts:308.850 pts:309.059
2024-11-28 16:00:20.846 T:6452 info : Skipped 4 duplicate messages..
2024-11-28 16:00:20.846 T:6452 debug : CVideoPlayer::ProcessVideoData size:318200 dts:314.147 pts:314.189 dur:41.000ms, clock:306.627 level:100
2024-11-28 16:00:20.847 T:6455 debug : CAMLCodec::AddData: skip add data dl:15582449 fl:140047 sz:377378(377472) lv:101.5% dts:308.850 pts:309.059
2024-11-28 16:00:20.876 T:4489 info : Skipped 20 duplicate messages..
2024-11-28 16:00:20.876 T:4489 debug : CAMLCodec::PollFrame elapsed:36.015ms
2024-11-28 16:00:20.879 T:6455 debug : CAMLCodec::AddData: dl:15661809 fl:60687 sz:377378(377472) lv:99.6% dts:308.850 pts:309.059
2024-11-28 16:00:20.879 T:6455 debug : CAMLCodec::DequeueBuffer: pts:307.057 idx:8562
2024-11-28 16:00:20.879 T:6455 debug : CAMLCodec::GetPicture: index: 8562, pts: 307.057, dur:42.000ms ar:1.78 elf:44ms
2024-11-28 16:00:20.879 T:4489 debug : PrepareNextRender: frameOnScreen: 306.659 renderPts: 306.869 nextFramePts: 306.848 -> diff: 0.021 render: 1 forceNext: 0
2024-11-28 16:00:20.879 T:6455 debug : CVideoPlayerVideo::OutputPicture - ttd:397ms pts:307.057 Clock:306.660 Level:4
2024-11-28 16:00:20.881 T:6455 debug : CAMLCodec::AddData: skip add data dl:15661715 fl:60781 sz:356041(356160) lv:101.8% dts:308.892 pts:308.975
2024-11-28 16:00:20.882 T:4489 debug : CAMLCodec::ReleaseFrame idx:8557, drop:0
2024-11-28 16:00:20.882 T:6455 debug : CAMLCodec::AddData: skip add data dl:15661715 fl:60781 sz:356041(356160) lv:101.8% dts:308.892 pts:308.975
2024-11-28 16:00:20.888 T:6452 info : Skipped 4 duplicate messages..
2024-11-28 16:00:20.888 T:6452 debug : CVideoPlayer::ProcessVideoData size:324140 dts:314.189 pts:314.272 dur:41.000ms, clock:306.669 level:100
2024-11-28 16:00:20.890 T:6455 debug : CAMLCodec::AddData: skip add data dl:15661715 fl:60781 sz:356041(356160) lv:101.8% dts:308.892 pts:308.975
2024-11-28 16:00:20.918 T:4489 info : Skipped 19 duplicate messages..
2024-11-28 16:00:20.918 T:4489 debug : CAMLCodec::PollFrame elapsed:35.453ms
2024-11-28 16:00:20.920 T:6455 debug : CAMLCodec::AddData: dl:15709971 fl:12525 sz:356041(356160) lv:99.9% dts:308.892 pts:308.975
2024-11-28 16:00:20.920 T:6455 debug : CAMLCodec::DequeueBuffer: pts:307.098 idx:8563
2024-11-28 16:00:20.920 T:6455 debug : CAMLCodec::GetPicture: index: 8563, pts: 307.098, dur:41.000ms ar:1.78 elf:41ms
2024-11-28 16:00:20.920 T:6455 debug : CVideoPlayerVideo::OutputPicture - ttd:397ms pts:307.098 Clock:306.701 Level:5
2024-11-28 16:00:20.921 T:4489 debug : PrepareNextRender: frameOnScreen: 306.701 renderPts: 306.911 nextFramePts: 306.890 -> diff: 0.021 render: 1 forceNext: 0
2024-11-28 16:00:20.922 T:6455 debug : CAMLCodec::AddData: skip add data dl:15709852 fl:12644 sz:311623(311744) lv:101.9% dts:308.934 pts:308.934
2024-11-28 16:00:20.924 T:4489 info : Skipped 1 duplicate messages..
2024-11-28 16:00:20.924 T:4489 debug : CAMLCodec::ReleaseFrame idx:8558, drop:0
2024-11-28 16:00:20.925 T:6455 debug : CAMLCodec::AddData: skip add data dl:15709852 fl:12644 sz:311623(311744) lv:101.9% dts:308.934 pts:308.934
2024-11-28 16:00:20.959 T:4489 info : Skipped 26 duplicate messages..
2024-11-28 16:00:20.959 T:4489 debug : CAMLCodec::PollFrame elapsed:34.857ms
2024-11-28 16:00:20.960 T:6455 debug : CAMLCodec::DequeueBuffer: pts:307.140 idx:8564
2024-11-28 16:00:20.960 T:6455 debug : CAMLCodec::GetPicture: index: 8564, pts: 307.140, dur:42.000ms ar:1.78 elf:39ms
2024-11-28 16:00:20.960 T:6455 debug : CVideoPlayerVideo::OutputPicture - ttd:399ms pts:307.140 Clock:306.741 Level:5
2024-11-28 16:00:20.963 T:4489 debug : PrepareNextRender: frameOnScreen: 306.743 renderPts: 306.953 nextFramePts: 306.932 -> diff: 0.021 render: 1 forceNext: 0
2024-11-28 16:00:20.964 T:6455 debug : CAMLCodec::AddData: dl:15556380 fl:166116 sz:311623(311744) lv:98.9% dts:308.934 pts:308.934
2024-11-28 16:00:20.965 T:6455 debug : CAMLCodec::AddData: skip add data dl:15556259 fl:166237 sz:308059(308160) lv:100.9% dts:308.975 pts:309.017
2024-11-28 16:00:20.965 T:4489 debug : CAMLCodec::ReleaseFrame idx:8559, drop:0
2024-11-28 16:00:20.966 T:6455 debug : CAMLCodec::AddData: skip add data dl:15556259 fl:166237 sz:308059(308160) lv:100.9% dts:308.975 pts:309.017
2024-11-28 16:00:20.981 T:6452 info : Skipped 10 duplicate messages..
2024-11-28 16:00:20.981 T:6452 debug : CVideoPlayer::ProcessVideoData size:472003 dts:314.231 pts:314.606 dur:41.000ms, clock:306.762 level:66
2024-11-28 16:00:20.983 T:6455 debug : CAMLCodec::AddData: skip add data dl:15556259 fl:166237 sz:308059(308160) lv:100.9% dts:308.975 pts:309.017
2024-11-28 16:00:21.001 T:4489 info : Skipped 13 duplicate messages..
2024-11-28 16:00:21.001 T:4489 debug : CAMLCodec::PollFrame elapsed:35.155ms
2024-11-28 16:00:21.001 T:6455 debug : CAMLCodec::DequeueBuffer: pts:307.182 idx:8565
2024-11-28 16:00:21.001 T:6455 debug : CAMLCodec::GetPicture: index: 8565, pts: 307.182, dur:42.000ms ar:1.78 elf:40ms
2024-11-28 16:00:21.001 T:6455 debug : CVideoPlayerVideo::OutputPicture - ttd:400ms pts:307.182 Clock:306.782 Level:5
2024-11-28 16:00:21.005 T:4489 debug : PrepareNextRender: frameOnScreen: 306.785 renderPts: 306.995 nextFramePts: 306.973 -> diff: 0.022 render: 1 forceNext: 0
2024-11-28 16:00:21.005 T:6455 debug : CAMLCodec::AddData: dl:15484323 fl:238173 sz:308059(308160) lv:98.4% dts:308.975 pts:309.017
2024-11-28 16:00:21.006 T:6455 debug : CAMLCodec::AddData: skip add data dl:15484222 fl:238274 sz:385564(385664) lv:100.9% dts:309.017 pts:309.142
2024-11-28 16:00:21.007 T:4489 debug : CAMLCodec::ReleaseFrame idx:8560, drop:0
2024-11-28 16:00:21.007 T:6455 debug : CAMLCodec::AddData: skip add data dl:15484222 fl:238274 sz:385564(385664) lv:100.9% dts:309.017 pts:309.142
2024-11-28 16:00:21.013 T:6452 info : Skipped 4 duplicate messages..
2024-11-28 16:00:21.013 T:6452 debug : CVideoPlayer::ProcessVideoData size:368698 dts:314.272 pts:314.481 dur:41.000ms, clock:306.794 level:65
2024-11-28 16:00:21.015 T:6455 debug : CAMLCodec::AddData: skip add data dl:15484222 fl:238274 sz:385564(385664) lv:100.9% dts:309.017 pts:309.142
2024-11-28 16:00:21.042 T:6455 info : Skipped 19 duplicate messages..
2024-11-28 16:00:21.042 T:6455 debug : CAMLCodec::DequeueBuffer: pts:307.224 idx:8566
2024-11-28 16:00:21.043 T:4489 debug : CAMLCodec::PollFrame elapsed:34.922ms
2024-11-28 16:00:21.043 T:6455 debug : CAMLCodec::GetPicture: index: 8566, pts: 307.224, dur:42.000ms ar:1.78 elf:41ms
2024-11-28 16:00:21.043 T:6455 debug : CVideoPlayerVideo::OutputPicture - ttd:400ms pts:307.224 Clock:306.823 Level:5
2024-11-28 16:00:21.046 T:6452 debug : CVideoPlayer::ProcessVideoData size:396788 dts:314.314 pts:314.397 dur:41.000ms, clock:306.827 level:66
2024-11-28 16:00:21.047 T:4489 debug : PrepareNextRender: frameOnScreen: 306.827 renderPts: 307.037 nextFramePts: 307.015 -> diff: 0.022 render: 1 forceNext: 0
2024-11-28 16:00:21.047 T:6455 debug : CAMLCodec::AddData: dl:15501374 fl:221122 sz:385564(385664) lv:98.6% dts:309.017 pts:309.142
2024-11-28 16:00:21.048 T:6455 debug : CAMLCodec::AddData: skip add data dl:15501274 fl:221222 sz:294420(294528) lv:100.4% dts:309.059 pts:309.100
2024-11-28 16:00:21.050 T:4489 debug : CAMLCodec::ReleaseFrame idx:8561, drop:0
2024-11-28 16:00:21.051 T:6455 debug : CAMLCodec::AddData: skip add data dl:15501274 fl:221222 sz:294420(294528) lv:100.4% dts:309.059 pts:309.100
2024-11-28 16:00:21.084 T:4489 info : Skipped 25 duplicate messages..
2024-11-28 16:00:21.084 T:4489 debug : CAMLCodec::PollFrame elapsed:33.939ms
2024-11-28 16:00:21.085 T:6455 debug : CAMLCodec::DequeueBuffer: pts:307.265 idx:8567
2024-11-28 16:00:21.085 T:6455 debug : CAMLCodec::GetPicture: index: 8567, pts: 307.265, dur:41.000ms ar:1.78 elf:42ms
2024-11-28 16:00:21.085 T:6455 debug : CVideoPlayerVideo::OutputPicture - ttd:399ms pts:307.265 Clock:306.866 Level:5
2024-11-28 16:00:21.088 T:4489 debug : PrepareNextRender: frameOnScreen: 306.869 renderPts: 307.078 nextFramePts: 307.057 -> diff: 0.021 render: 1 forceNext: 0
2024-11-28 16:00:21.089 T:6455 debug : CAMLCodec::AddData: dl:15463386 fl:259110 sz:294420(294528) lv:98.3% dts:309.059 pts:309.100
2024-11-28 16:00:21.090 T:6455 debug : CAMLCodec::AddData: skip add data dl:15463278 fl:259218 sz:303277(303360) lv:100.2% dts:309.100 pts:309.184
2024-11-28 16:00:21.091 T:4489 debug : CAMLCodec::ReleaseFrame idx:8562, drop:0
2024-11-28 16:00:21.091 T:6455 debug : CAMLCodec::AddData: skip add data dl:15463278 fl:259218 sz:303277(303360) lv:100.2% dts:309.100 pts:309.184
2024-11-28 16:00:21.126 T:4489 info : Skipped 26 duplicate messages..
2024-11-28 16:00:21.126 T:4489 debug : CAMLCodec::PollFrame elapsed:34.885ms
2024-11-28 16:00:21.126 T:6455 debug : CAMLCodec::DequeueBuffer: pts:307.307 idx:8568
2024-11-28 16:00:21.126 T:6455 debug : CAMLCodec::GetPicture: index: 8568, pts: 307.307, dur:42.000ms ar:1.78 elf:41ms
2024-11-28 16:00:21.126 T:6455 debug : CVideoPlayerVideo::OutputPicture - ttd:400ms pts:307.307 Clock:306.907 Level:5
2024-11-28 16:00:21.130 T:6452 debug : CVideoPlayer::ProcessVideoData size:315742 dts:314.356 pts:314.356 dur:41.000ms, clock:306.911 level:65
2024-11-28 16:00:21.130 T:6455 debug : CAMLCodec::AddData: dl:15470958 fl:251538 sz:303277(303360) lv:98.4% dts:309.100 pts:309.184
2024-11-28 16:00:21.131 T:4489 debug : PrepareNextRender: frameOnScreen: 306.911 renderPts: 307.121 nextFramePts: 307.098 -> diff: 0.023 render: 1 forceNext: 0
2024-11-28 16:00:21.131 T:6455 debug : CAMLCodec::AddData: skip add data dl:15470875 fl:251621 sz:443318(443392) lv:101.2% dts:309.142 pts:309.518
2024-11-28 16:00:21.135 T:4489 info : Skipped 1 duplicate messages..
2024-11-28 16:00:21.135 T:4489 debug : CAMLCodec::ReleaseFrame idx:8563, drop:0
2024-11-28 16:00:21.137 T:6455 debug : CAMLCodec::AddData: skip add data dl:15470875 fl:251621 sz:443318(443392) lv:101.2% dts:309.142 pts:309.518
2024-11-28 16:00:21.168 T:4489 info : Skipped 17 duplicate messages..
2024-11-28 16:00:21.168 T:4489 debug : CAMLCodec::PollFrame elapsed:32.209ms
2024-11-28 16:00:21.171 T:4489 debug : PrepareNextRender: frameOnScreen: 306.952 renderPts: 307.161 nextFramePts: 307.140 -> diff: 0.021 render: 1 forceNext: 0
2024-11-28 16:00:21.171 T:6455 debug : CAMLCodec::AddData: dl:15547227 fl:175269 sz:443318(443392) lv:98.8% dts:309.142 pts:309.518
2024-11-28 16:00:21.172 T:6455 debug : CAMLCodec::DequeueBuffer: pts:307.349 idx:8569
2024-11-28 16:00:21.172 T:6455 debug : CAMLCodec::GetPicture: index: 8569, pts: 307.349, dur:42.000ms ar:1.78 elf:45ms
2024-11-28 16:00:21.172 T:6455 debug : CVideoPlayerVideo::OutputPicture - ttd:396ms pts:307.349 Clock:306.952 Level:4
2024-11-28 16:00:21.173 T:6452 debug : CVideoPlayer::ProcessVideoData size:311378 dts:314.397 pts:314.439 dur:41.000ms, clock:306.953 level:65
2024-11-28 16:00:21.175 T:6452 debug : CVideoPlayer::ProcessVideoData size:348126 dts:314.439 pts:314.564 dur:41.000ms, clock:306.956 level:66
2024-11-28 16:00:21.175 T:4489 debug : CAMLCodec::ReleaseFrame idx:8564, drop:0
2024-11-28 16:00:21.178 T:6455 debug : CAMLCodec::AddData: skip add data dl:15547153 fl:175343 sz:427275(427392) lv:101.6% dts:309.184 pts:309.392
2024-11-28 16:00:21.209 T:4489 info : Skipped 22 duplicate messages..
2024-11-28 16:00:21.209 T:4489 debug : CAMLCodec::PollFrame elapsed:33.779ms
2024-11-28 16:00:21.210 T:6455 debug : CAMLCodec::DequeueBuffer: pts:307.390 idx:8570
2024-11-28 16:00:21.210 T:6455 debug : CAMLCodec::GetPicture: index: 8570, pts: 307.390, dur:41.000ms ar:1.78 elf:38ms
2024-11-28 16:00:21.210 T:6455 debug : CVideoPlayerVideo::OutputPicture - ttd:399ms pts:307.390 Clock:306.991 Level:5
2024-11-28 16:00:21.212 T:6455 debug : CAMLCodec::DequeueBuffer: pts:307.432 idx:8571
2024-11-28 16:00:21.212 T:6455 debug : CAMLCodec::GetPicture: index: 8571, pts: 307.432, dur:42.000ms ar:1.78 elf:1ms
2024-11-28 16:00:21.212 T:6455 debug : CVideoPlayerVideo::OutputPicture - ttd:439ms pts:307.432 Clock:306.992 Level:6
2024-11-28 16:00:21.212 T:4489 debug : PrepareNextRender: frameOnScreen: 306.993 renderPts: 307.202 nextFramePts: 307.182 -> diff: 0.020 render: 1 forceNext: 0
2024-11-28 16:00:21.213 T:6455 debug : CAMLCodec::DequeueBuffer: pts:307.474 idx:8572
2024-11-28 16:00:21.213 T:6455 debug : CAMLCodec::GetPicture: index: 8572, pts: 307.474, dur:42.000ms ar:1.78 elf:1ms
2024-11-28 16:00:21.213 T:6455 debug : CVideoPlayerVideo::OutputPicture - ttd:480ms pts:307.474 Clock:306.994 Level:6
2024-11-28 16:00:21.214 T:4489 debug : CAMLCodec::ReleaseFrame idx:8565, drop:0
2024-11-28 16:00:21.214 T:6455 debug : CAMLCodec::DequeueBuffer: pts:307.516 idx:8573
2024-11-28 16:00:21.214 T:6455 debug : CAMLCodec::GetPicture: index: 8573, pts: 307.516, dur:42.000ms ar:1.78 elf:1ms
2024-11-28 16:00:21.214 T:6455 debug : CVideoPlayerVideo::OutputPicture - ttd:521ms pts:307.516 Clock:306.995 Level:7
2024-11-28 16:00:21.217 T:6452 debug : CVideoPlayer::ProcessVideoData size:300154 dts:314.481 pts:314.523 dur:41.000ms, clock:306.998 level:66
2024-11-28 16:00:21.218 T:6455 debug : CAMLCodec::AddData: dl:15684881 fl:37615 sz:427275(427392) lv:99.7% dts:309.184 pts:309.392
2024-11-28 16:00:21.219 T:6455 debug : CAMLCodec::AddData: skip add data dl:15684764 fl:37732 sz:403712(403776) lv:102.3% dts:309.226 pts:309.309
2024-11-28 16:00:21.251 T:4489 info : Skipped 18 duplicate messages..
2024-11-28 16:00:21.251 T:4489 debug : CAMLCodec::PollFrame elapsed:37.350ms
2024-11-28 16:00:21.251 T:6455 debug : CAMLCodec::AddData: skip add data dl:15684764 fl:37732 sz:403712(403776) lv:102.3% dts:309.226 pts:309.309
2024-11-28 16:00:21.255 T:4489 debug : PrepareNextRender: frameOnScreen: 307.036 renderPts: 307.245 nextFramePts: 307.224 -> diff: 0.021 render: 1 forceNext: 0
2024-11-28 16:00:21.256 T:6455 debug : CAMLCodec::AddData: dl:15545308 fl:177188 sz:403712(403776) lv:98.8% dts:309.226 pts:309.309
2024-11-28 16:00:21.256 T:6455 debug : CAMLCodec::AddData: skip add data dl:15545244 fl:177252 sz:310170(310272) lv:100.8% dts:309.267 pts:309.267
2024-11-28 16:00:21.258 T:4489 debug : CAMLCodec::ReleaseFrame idx:8566, drop:0
2024-11-28 16:00:21.258 T:6455 debug : CAMLCodec::AddData: skip add data dl:15545244 fl:177252 sz:310170(310272) lv:100.8% dts:309.267 pts:309.267
2024-11-28 16:00:21.262 T:6452 info : Skipped 2 duplicate messages..
2024-11-28 16:00:21.261 T:6452 debug : CVideoPlayer::ProcessVideoData size:528431 dts:314.523 pts:314.648 dur:41.000ms, clock:307.042 level:66
2024-11-28 16:00:21.263 T:6455 debug : CAMLCodec::AddData: skip add data dl:15545244 fl:177252 sz:310170(310272) lv:100.8% dts:309.267 pts:309.267
2024-11-28 16:00:21.293 T:4489 info : Skipped 21 duplicate messages..
2024-11-28 16:00:21.293 T:4489 debug : CAMLCodec::PollFrame elapsed:34.590ms
2024-11-28 16:00:21.295 T:6455 debug : CAMLCodec::AddData: dl:15370204 fl:352292 sz:310170(310272) lv:97.7% dts:309.267 pts:309.267
2024-11-28 16:00:21.297 T:4489 debug : PrepareNextRender: frameOnScreen: 307.078 renderPts: 307.287 nextFramePts: 307.265 -> diff: 0.022 render: 1 forceNext: 0
2024-11-28 16:00:21.299 T:6455 debug : CAMLCodec::AddData: dl:15670390 fl:52106 sz:300183(300288) lv:99.6% dts:309.309 pts:309.351
2024-11-28 16:00:21.299 T:6455 debug : CAMLCodec::AddData: skip add data dl:15670285 fl:52211 sz:382165(382272) lv:102.1% dts:309.351 pts:309.476
2024-11-28 16:00:21.305 T:4489 info : Skipped 3 duplicate messages..
2024-11-28 16:00:21.305 T:4489 debug : CAMLCodec::ReleaseFrame idx:8567, drop:0
2024-11-28 16:00:21.306 T:6455 debug : CAMLCodec::AddData: skip add data dl:15670285 fl:52211 sz:382165(382272) lv:102.1% dts:309.351 pts:309.476
2024-11-28 16:00:21.316 T:6452 info : Skipped 6 duplicate messages..
2024-11-28 16:00:21.316 T:6452 debug : CVideoPlayer::ProcessVideoData size:509605 dts:314.564 pts:314.981 dur:41.000ms, clock:307.097 level:65
2024-11-28 16:00:21.316 T:6455 debug : CAMLCodec::AddData: skip add data dl:15670285 fl:52211 sz:382165(382272) lv:102.1% dts:309.351 pts:309.476
2024-11-28 16:00:21.317 T:6452 debug : CVideoPlayer::ProcessVideoData size:358129 dts:314.606 pts:314.815 dur:41.000ms, clock:307.098 level:100
2024-11-28 16:00:21.318 T:6455 debug : CAMLCodec::AddData: skip add data dl:15670285 fl:52211 sz:382165(382272) lv:102.1% dts:309.351 pts:309.476
2024-11-28 16:00:21.335 T:4489 info : Skipped 11 duplicate messages..
2024-11-28 16:00:21.335 T:4489 debug : CAMLCodec::PollFrame elapsed:29.024ms
2024-11-28 16:00:21.338 T:6455 debug : CAMLCodec::AddData: dl:15678605 fl:43891 sz:382165(382272) lv:99.7% dts:309.351 pts:309.476
2024-11-28 16:00:21.339 T:4489 debug : PrepareNextRender: frameOnScreen: 307.119 renderPts: 307.328 nextFramePts: 307.307 -> diff: 0.021 render: 1 forceNext: 0
2024-11-28 16:00:21.339 T:6455 debug : CAMLCodec::AddData: skip add data dl:15678498 fl:43998 sz:299881(299968) lv:101.6% dts:309.392 pts:309.434
2024-11-28 16:00:21.343 T:4489 info : Skipped 2 duplicate messages..
2024-11-28 16:00:21.343 T:4489 debug : CAMLCodec::ReleaseFrame idx:8568, drop:0
2024-11-28 16:00:21.344 T:6455 debug : CAMLCodec::AddData: skip add data dl:15678498 fl:43998 sz:299881(299968) lv:101.6% dts:309.392 pts:309.434
2024-11-28 16:00:21.360 T:6452 info : Skipped 11 duplicate messages..
2024-11-28 16:00:21.360 T:6452 debug : CVideoPlayer::ProcessVideoData size:388200 dts:314.648 pts:314.731 dur:41.000ms, clock:307.140 level:100
2024-11-28 16:00:21.360 T:6455 debug : CAMLCodec::AddData: skip add data dl:15678498 fl:43998 sz:299881(299968) lv:101.6% dts:309.392 pts:309.434
2024-11-28 16:00:21.376 T:4489 info : Skipped 11 duplicate messages..
2024-11-28 16:00:21.376 T:4489 debug : CAMLCodec::PollFrame elapsed:33.087ms
2024-11-28 16:00:21.378 T:6455 debug : CAMLCodec::AddData: dl:15593826 fl:128670 sz:299881(299968) lv:99.1% dts:309.392 pts:309.434
2024-11-28 16:00:21.378 T:6455 debug : CAMLCodec::DequeueBuffer: pts:307.557 idx:8574
2024-11-28 16:00:21.378 T:6455 debug : CAMLCodec::GetPicture: index: 8574, pts: 307.557, dur:41.000ms ar:1.78 elf:164ms
2024-11-28 16:00:21.379 T:6455 debug : CVideoPlayerVideo::OutputPicture - ttd:397ms pts:307.557 Clock:307.159 Level:5
2024-11-28 16:00:21.379 T:4489 debug : PrepareNextRender: frameOnScreen: 307.160 renderPts: 307.369 nextFramePts: 307.349 -> diff: 0.020 render: 1 forceNext: 0
2024-11-28 16:00:21.381 T:6455 debug : CAMLCodec::AddData: skip add data dl:15593739 fl:128757 sz:575191(575296) lv:102.8% dts:309.434 pts:309.559
2024-11-28 16:00:21.384 T:4489 info : Skipped 1 duplicate messages..
2024-11-28 16:00:21.384 T:4489 debug : CAMLCodec::ReleaseFrame idx:8569, drop:0
2024-11-28 16:00:21.385 T:6455 debug : CAMLCodec::AddData: skip add data dl:15593739 fl:128757 sz:575191(575296) lv:102.8% dts:309.434 pts:309.559
2024-11-28 16:00:21.391 T:6452 info : Skipped 3 duplicate messages..
2024-11-28 16:00:21.391 T:6452 debug : CVideoPlayer::ProcessVideoData size:297811 dts:314.689 pts:314.689 dur:41.000ms, clock:307.172 level:100
2024-11-28 16:00:21.393 T:6455 debug : CAMLCodec::AddData: skip add data dl:15593739 fl:128757 sz:575191(575296) lv:102.8% dts:309.434 pts:309.559
2024-11-28 16:00:21.418 T:4489 info : Skipped 15 duplicate messages..
2024-11-28 16:00:21.418 T:4489 debug : CAMLCodec::PollFrame elapsed:33.420ms
2024-11-28 16:00:21.419 T:6455 debug : CAMLCodec::DequeueBuffer: pts:307.599 idx:8575
2024-11-28 16:00:21.419 T:6455 debug : CAMLCodec::GetPicture: index: 8575, pts: 307.599, dur:42.000ms ar:1.78 elf:40ms
2024-11-28 16:00:21.419 T:6455 debug : CVideoPlayerVideo::OutputPicture - ttd:399ms pts:307.599 Clock:307.200 Level:5
2024-11-28 16:00:21.421 T:6455 debug : CAMLCodec::AddData: skip add data dl:15287115 fl:435381 sz:575191(575296) lv:100.9% dts:309.434 pts:309.559
2024-11-28 16:00:21.422 T:4489 debug : PrepareNextRender: frameOnScreen: 307.203 renderPts: 307.412 nextFramePts: 307.390 -> diff: 0.022 render: 1 forceNext: 0
2024-11-28 16:00:21.424 T:6455 debug : CAMLCodec::AddData: skip add data dl:15287115 fl:435381 sz:575191(575296) lv:100.9% dts:309.434 pts:309.559
2024-11-28 16:00:21.427 T:4489 info : Skipped 1 duplicate messages..
2024-11-28 16:00:21.427 T:4489 debug : CAMLCodec::ReleaseFrame idx:8570, drop:0
2024-11-28 16:00:21.428 T:6455 debug : CAMLCodec::AddData: skip add data dl:15287115 fl:435381 sz:575191(575296) lv:100.9% dts:309.434 pts:309.559
2024-11-28 16:00:21.443 T:6452 info : Skipped 9 duplicate messages..
2024-11-28 16:00:21.443 T:6452 debug : CVideoPlayer::ProcessVideoData size:304815 dts:314.731 pts:314.773 dur:41.000ms, clock:307.224 level:100
2024-11-28 16:00:21.445 T:6455 debug : CAMLCodec::AddData: skip add data dl:15287115 fl:435381 sz:575191(575296) lv:100.9% dts:309.434 pts:309.559
2024-11-28 16:00:21.460 T:4489 info : Skipped 8 duplicate messages..
2024-11-28 16:00:21.460 T:4489 debug : CAMLCodec::PollFrame elapsed:32.659ms
2024-11-28 16:00:21.463 T:4489 debug : PrepareNextRender: frameOnScreen: 307.244 renderPts: 307.453 nextFramePts: 307.432 -> diff: 0.021 render: 1 forceNext: 0
2024-11-28 16:00:21.463 T:6455 debug : CAMLCodec::AddData: dl:15565643 fl:156853 sz:575191(575296) lv:99.0% dts:309.434 pts:309.559
2024-11-28 16:00:21.464 T:6455 debug : CAMLCodec::DequeueBuffer: pts:307.641 idx:8576
2024-11-28 16:00:21.464 T:6455 debug : CAMLCodec::GetPicture: index: 8576, pts: 307.641, dur:42.000ms ar:1.78 elf:44ms
2024-11-28 16:00:21.464 T:6455 debug : CVideoPlayerVideo::OutputPicture - ttd:396ms pts:307.641 Clock:307.244 Level:4
2024-11-28 16:00:21.467 T:6455 debug : CAMLCodec::AddData: skip add data dl:15565538 fl:156958 sz:497097(497216) lv:102.1% dts:309.476 pts:309.893
2024-11-28 16:00:21.468 T:4489 debug : CAMLCodec::ReleaseFrame idx:8571, drop:0
2024-11-28 16:00:21.469 T:6455 debug : CAMLCodec::AddData: skip add data dl:15565538 fl:156958 sz:497097(497216) lv:102.1% dts:309.476 pts:309.893
2024-11-28 16:00:21.501 T:6455 info : Skipped 18 duplicate messages..
2024-11-28 16:00:21.501 T:6455 debug : CAMLCodec::DequeueBuffer: pts:307.682 idx:8577
2024-11-28 16:00:21.501 T:4489 debug : CAMLCodec::PollFrame elapsed:33.139ms
2024-11-28 16:00:21.501 T:6455 debug : CAMLCodec::GetPicture: index: 8577, pts: 307.682, dur:41.000ms ar:1.78 elf:37ms
2024-11-28 16:00:21.502 T:6455 debug : CVideoPlayerVideo::OutputPicture - ttd:399ms pts:307.682 Clock:307.282 Level:5
2024-11-28 16:00:21.506 T:6452 debug : CVideoPlayer::ProcessVideoData size:400096 dts:314.773 pts:314.898 dur:41.000ms, clock:307.287 level:66
2024-11-28 16:00:21.507 T:6455 debug : CAMLCodec::AddData: dl:15691682 fl:30814 sz:497097(497216) lv:99.8% dts:309.476 pts:309.893
2024-11-28 16:00:21.507 T:4489 debug : PrepareNextRender: frameOnScreen: 307.287 renderPts: 307.497 nextFramePts: 307.474 -> diff: 0.023 render: 1 forceNext: 0
2024-11-28 16:00:21.507 T:6455 debug : CAMLCodec::AddData: skip add data dl:15691563 fl:30933 sz:381646(381760) lv:102.2% dts:309.518 pts:309.726
2024-11-28 16:00:21.511 T:4489 info : Skipped 1 duplicate messages..
2024-11-28 16:00:21.511 T:4489 debug : CAMLCodec::ReleaseFrame idx:8572, drop:0
2024-11-28 16:00:21.512 T:6455 debug : CAMLCodec::AddData: skip add data dl:15691563 fl:30933 sz:381646(381760) lv:102.2% dts:309.518 pts:309.726
2024-11-28 16:00:21.543 T:6455 info : Skipped 21 duplicate messages..
2024-11-28 16:00:21.543 T:6455 debug : CAMLCodec::DequeueBuffer: pts:307.724 idx:8578
2024-11-28 16:00:21.543 T:6455 debug : CAMLCodec::GetPicture: index: 8578, pts: 307.724, dur:42.000ms ar:1.78 elf:41ms
2024-11-28 16:00:21.543 T:4489 debug : CAMLCodec::PollFrame elapsed:31.781ms
2024-11-28 16:00:21.543 T:6455 debug : CVideoPlayerVideo::OutputPicture - ttd:400ms pts:307.724 Clock:307.324 Level:5
2024-11-28 16:00:21.545 T:6455 debug : CAMLCodec::AddData: skip add data dl:15396971 fl:325525 sz:381646(381760) lv:100.3% dts:309.518 pts:309.726
2024-11-28 16:00:21.547 T:4489 info : Skipped 1 duplicate messages..
2024-11-28 16:00:21.547 T:4489 debug : PrepareNextRender: frameOnScreen: 307.328 renderPts: 307.537 nextFramePts: 307.516 -> diff: 0.021 render: 1 forceNext: 0
2024-11-28 16:00:21.549 T:6452 debug : CVideoPlayer::ProcessVideoData size:309817 dts:314.815 pts:314.856 dur:41.000ms, clock:307.329 level:66
2024-11-28 16:00:21.549 T:6455 debug : CAMLCodec::AddData: skip add data dl:15396971 fl:325525 sz:381646(381760) lv:100.3% dts:309.518 pts:309.726
2024-11-28 16:00:21.552 T:4489 info : Skipped 1 duplicate messages..
2024-11-28 16:00:21.552 T:4489 debug : CAMLCodec::ReleaseFrame idx:8573, drop:0
2024-11-28 16:00:21.552 T:6455 debug : CAMLCodec::AddData: skip add data dl:15396971 fl:325525 sz:381646(381760) lv:100.3% dts:309.518 pts:309.726
2024-11-28 16:00:21.585 T:4489 info : Skipped 23 duplicate messages..
2024-11-28 16:00:21.585 T:4489 debug : CAMLCodec::PollFrame elapsed:32.951ms
2024-11-28 16:00:21.586 T:6455 debug : CAMLCodec::DequeueBuffer: pts:307.766 idx:8579
2024-11-28 16:00:21.586 T:6455 debug : CAMLCodec::GetPicture: index: 8579, pts: 307.766, dur:42.000ms ar:1.78 elf:42ms
2024-11-28 16:00:21.586 T:6455 debug : CVideoPlayerVideo::OutputPicture - ttd:399ms pts:307.766 Clock:307.366 Level:5
2024-11-28 16:00:21.588 T:4489 debug : PrepareNextRender: frameOnScreen: 307.369 renderPts: 307.578 nextFramePts: 307.557 -> diff: 0.021 render: 1 forceNext: 0
2024-11-28 16:00:21.590 T:6455 debug : CAMLCodec::AddData: dl:15467947 fl:254549 sz:381646(381760) lv:98.3% dts:309.518 pts:309.726
2024-11-28 16:00:21.591 T:6455 debug : CAMLCodec::AddData: skip add data dl:15467833 fl:254663 sz:392827(392896) lv:100.8% dts:309.559 pts:309.643
2024-11-28 16:00:21.592 T:4489 debug : CAMLCodec::ReleaseFrame idx:8574, drop:0
2024-11-28 16:00:21.592 T:6455 debug : CAMLCodec::AddData: skip add data dl:15467833 fl:254663 sz:392827(392896) lv:100.8% dts:309.559 pts:309.643
2024-11-28 16:00:21.600 T:6452 info : Skipped 5 duplicate messages..
2024-11-28 16:00:21.600 T:6452 debug : CVideoPlayer::ProcessVideoData size:294745 dts:314.856 pts:314.940 dur:41.000ms, clock:307.381 level:66
2024-11-28 16:00:21.601 T:6455 debug : CAMLCodec::AddData: skip add data dl:15467833 fl:254663 sz:392827(392896) lv:100.8% dts:309.559 pts:309.643
2024-11-28 16:00:21.626 T:4489 info : Skipped 18 duplicate messages..
2024-11-28 16:00:21.626 T:4489 debug : CAMLCodec::PollFrame elapsed:33.815ms
2024-11-28 16:00:21.627 T:6455 debug : CAMLCodec::AddData: skip add data dl:15467833 fl:254663 sz:392827(392896) lv:100.8% dts:309.559 pts:309.643
2024-11-28 16:00:21.629 T:6455 debug : CAMLCodec::DequeueBuffer: pts:307.808 idx:8580
2024-11-28 16:00:21.629 T:6455 debug : CAMLCodec::GetPicture: index: 8580, pts: 307.808, dur:42.000ms ar:1.78 elf:42ms
2024-11-28 16:00:21.629 T:6455 debug : CVideoPlayerVideo::OutputPicture - ttd:398ms pts:307.808 Clock:307.410 Level:5
2024-11-28 16:00:21.629 T:4489 debug : PrepareNextRender: frameOnScreen: 307.410 renderPts: 307.619 nextFramePts: 307.599 -> diff: 0.020 render: 1 forceNext: 0
2024-11-28 16:00:21.633 T:6455 debug : CAMLCodec::AddData: dl:15400057 fl:322439 sz:392827(392896) lv:97.9% dts:309.559 pts:309.643
2024-11-28 16:00:21.635 T:4489 debug : CAMLCodec::ReleaseFrame idx:8575, drop:0
2024-11-28 16:00:21.636 T:6455 debug : CAMLCodec::AddData: dl:15698356 fl:24140 sz:298260(298368) lv:99.8% dts:309.601 pts:309.601
2024-11-28 16:00:21.637 T:6455 debug : CAMLCodec::AddData: skip add data dl:15698248 fl:24248 sz:298042(298112) lv:101.7% dts:309.643 pts:309.684
2024-11-28 16:00:21.644 T:6452 info : Skipped 5 duplicate messages..
2024-11-28 16:00:21.644 T:6452 debug : CVideoPlayer::ProcessVideoData size:461486 dts:314.898 pts:315.315 dur:41.000ms, clock:307.425 level:66
2024-11-28 16:00:21.646 T:6455 debug : CAMLCodec::AddData: skip add data dl:15698248 fl:24248 sz:298042(298112) lv:101.7% dts:309.643 pts:309.684
2024-11-28 16:00:21.656 T:6452 info : Skipped 6 duplicate messages..
2024-11-28 16:00:21.656 T:6452 debug : CVideoPlayer::ProcessVideoData size:375864 dts:314.940 pts:315.148 dur:41.000ms, clock:307.437 level:100
2024-11-28 16:00:21.656 T:6455 debug : CAMLCodec::AddData: skip add data dl:15698248 fl:24248 sz:298042(298112) lv:101.7% dts:309.643 pts:309.684
2024-11-28 16:00:21.668 T:4489 info : Skipped 8 duplicate messages..
2024-11-28 16:00:21.668 T:4489 debug : CAMLCodec::PollFrame elapsed:32.459ms
2024-11-28 16:00:21.668 T:6455 debug : CAMLCodec::DequeueBuffer: pts:307.849 idx:8581
2024-11-28 16:00:21.669 T:6455 debug : CAMLCodec::GetPicture: index: 8581, pts: 307.849, dur:41.000ms ar:1.78 elf:39ms
2024-11-28 16:00:21.669 T:6455 debug : CVideoPlayerVideo::OutputPicture - ttd:399ms pts:307.849 Clock:307.449 Level:5
2024-11-28 16:00:21.672 T:4489 debug : PrepareNextRender: frameOnScreen: 307.452 renderPts: 307.661 nextFramePts: 307.641 -> diff: 0.020 render: 1 forceNext: 0
2024-11-28 16:00:21.673 T:6455 debug : CAMLCodec::AddData: dl:15609672 fl:112824 sz:298042(298112) lv:99.2% dts:309.643 pts:309.684
2024-11-28 16:00:21.673 T:6455 debug : CAMLCodec::AddData: skip add data dl:15609602 fl:112894 sz:365254(365376) lv:101.6% dts:309.684 pts:309.810
2024-11-28 16:00:21.676 T:4489 info : Skipped 1 duplicate messages..
2024-11-28 16:00:21.676 T:4489 debug : CAMLCodec::ReleaseFrame idx:8576, drop:0
2024-11-28 16:00:21.677 T:6455 debug : CAMLCodec::AddData: skip add data dl:15609602 fl:112894 sz:365254(365376) lv:101.6% dts:309.684 pts:309.810
2024-11-28 16:00:21.679 T:6452 info : Skipped 1 duplicate messages..
2024-11-28 16:00:21.679 T:6452 debug : CVideoPlayer::ProcessVideoData size:338544 dts:314.981 pts:315.065 dur:41.000ms, clock:307.459 level:100
2024-11-28 16:00:21.680 T:6455 debug : CAMLCodec::AddData: skip add data dl:15609602 fl:112894 sz:365254(365376) lv:101.6% dts:309.684 pts:309.810
2024-11-28 16:00:21.710 T:4489 info : Skipped 20 duplicate messages..
2024-11-28 16:00:21.710 T:4489 debug : CAMLCodec::PollFrame elapsed:33.446ms
2024-11-28 16:00:21.710 T:6455 debug : CAMLCodec::DequeueBuffer: pts:307.891 idx:8582
2024-11-28 16:00:21.710 T:6455 debug : CAMLCodec::GetPicture: index: 8582, pts: 307.891, dur:42.000ms ar:1.78 elf:41ms
2024-11-28 16:00:21.710 T:6455 debug : CVideoPlayerVideo::OutputPicture - ttd:400ms pts:307.891 Clock:307.491 Level:5
2024-11-28 16:00:21.714 T:4489 debug : PrepareNextRender: frameOnScreen: 307.494 renderPts: 307.703 nextFramePts: 307.682 -> diff: 0.021 render: 1 forceNext: 0
2024-11-28 16:00:21.714 T:6455 debug : CAMLCodec::AddData: dl:15610626 fl:111870 sz:365254(365376) lv:99.2% dts:309.684 pts:309.810
2024-11-28 16:00:21.715 T:6455 debug : CAMLCodec::AddData: skip add data dl:15610504 fl:111992 sz:294727(294848) lv:101.1% dts:309.726 pts:309.768
2024-11-28 16:00:21.718 T:4489 info : Skipped 2 duplicate messages..
2024-11-28 16:00:21.718 T:4489 debug : CAMLCodec::ReleaseFrame idx:8577, drop:0
2024-11-28 16:00:21.719 T:6455 debug : CAMLCodec::AddData: skip add data dl:15610504 fl:111992 sz:294727(294848) lv:101.1% dts:309.726 pts:309.768
2024-11-28 16:00:21.752 T:4489 info : Skipped 24 duplicate messages..
2024-11-28 16:00:21.752 T:4489 debug : CAMLCodec::PollFrame elapsed:33.278ms
2024-11-28 16:00:21.755 T:6455 debug : CAMLCodec::AddData: dl:15605192 fl:117304 sz:294727(294848) lv:99.2% dts:309.726 pts:309.768
2024-11-28 16:00:21.755 T:4489 debug : PrepareNextRender: frameOnScreen: 307.536 renderPts: 307.745 nextFramePts: 307.724 -> diff: 0.021 render: 1 forceNext: 0
2024-11-28 16:00:21.755 T:6455 debug : CAMLCodec::DequeueBuffer: pts:307.933 idx:8583
2024-11-28 16:00:21.755 T:6455 debug : CAMLCodec::GetPicture: index: 8583, pts: 307.933, dur:42.000ms ar:1.78 elf:45ms
2024-11-28 16:00:21.757 T:6455 debug : CVideoPlayerVideo::OutputPicture - ttd:396ms pts:307.933 Clock:307.536 Level:4
2024-11-28 16:00:21.759 T:6455 debug : CAMLCodec::AddData: skip add data dl:15605071 fl:117425 sz:305586(305664) lv:101.2% dts:309.768 pts:309.851
2024-11-28 16:00:21.762 T:4489 info : Skipped 1 duplicate messages..
2024-11-28 16:00:21.761 T:4489 debug : CAMLCodec::ReleaseFrame idx:8578, drop:0
2024-11-28 16:00:21.762 T:6452 debug : CVideoPlayer::ProcessVideoData size:299694 dts:315.023 pts:315.023 dur:41.000ms, clock:307.543 level:66
2024-11-28 16:00:21.762 T:6455 debug : CAMLCodec::AddData: skip add data dl:15605071 fl:117425 sz:305586(305664) lv:101.2% dts:309.768 pts:309.851
2024-11-28 16:00:21.763 T:6452 debug : CVideoPlayer::ProcessVideoData size:298641 dts:315.065 pts:315.106 dur:41.000ms, clock:307.544 level:100
2024-11-28 16:00:21.765 T:6455 debug : CAMLCodec::AddData: skip add data dl:15605071 fl:117425 sz:305586(305664) lv:101.2% dts:309.768 pts:309.851
2024-11-28 16:00:21.793 T:4489 info : Skipped 20 duplicate messages..
2024-11-28 16:00:21.793 T:4489 debug : CAMLCodec::PollFrame elapsed:31.583ms
2024-11-28 16:00:21.794 T:6455 debug : CAMLCodec::DequeueBuffer: pts:307.974 idx:8584
2024-11-28 16:00:21.794 T:6455 debug : CAMLCodec::GetPicture: index: 8584, pts: 307.974, dur:41.000ms ar:1.78 elf:38ms
2024-11-28 16:00:21.794 T:6455 debug : CVideoPlayerVideo::OutputPicture - ttd:399ms pts:307.974 Clock:307.575 Level:5
2024-11-28 16:00:21.797 T:4489 debug : PrepareNextRender: frameOnScreen: 307.577 renderPts: 307.787 nextFramePts: 307.766 -> diff: 0.021 render: 1 forceNext: 0
2024-11-28 16:00:21.798 T:6455 debug : CAMLCodec::AddData: dl:15594127 fl:128369 sz:305586(305664) lv:99.1% dts:309.768 pts:309.851
2024-11-28 16:00:21.799 T:6455 debug : CAMLCodec::AddData: skip add data dl:15594049 fl:128447 sz:481435(481536) lv:102.2% dts:309.810 pts:310.227
2024-11-28 16:00:21.800 T:4489 debug : CAMLCodec::ReleaseFrame idx:8579, drop:0
2024-11-28 16:00:21.801 T:6455 debug : CAMLCodec::AddData: skip add data dl:15594049 fl:128447 sz:481435(481536) lv:102.2% dts:309.810 pts:310.227
2024-11-28 16:00:21.816 T:6452 info : Skipped 7 duplicate messages..
2024-11-28 16:00:21.816 T:6452 debug : CVideoPlayer::ProcessVideoData size:351025 dts:315.106 pts:315.232 dur:41.000ms, clock:307.596 level:100
2024-11-28 16:00:21.818 T:6455 debug : CAMLCodec::AddData: skip add data dl:15594049 fl:128447 sz:481435(481536) lv:102.2% dts:309.810 pts:310.227
2024-11-28 16:00:21.836 T:4489 info : Skipped 9 duplicate messages..
2024-11-28 16:00:21.836 T:4489 debug : CAMLCodec::PollFrame elapsed:34.996ms
2024-11-28 16:00:21.838 T:6455 debug : CAMLCodec::AddData: dl:15703041 fl:19455 sz:481435(481536) lv:99.8% dts:309.810 pts:310.227
2024-11-28 16:00:21.838 T:6455 debug : CAMLCodec::DequeueBuffer: pts:308.016 idx:8585
2024-11-28 16:00:21.838 T:6455 debug : CAMLCodec::GetPicture: index: 8585, pts: 308.016, dur:42.000ms ar:1.78 elf:43ms
2024-11-28 16:00:21.838 T:6455 debug : CVideoPlayerVideo::OutputPicture - ttd:397ms pts:308.016 Clock:307.619 Level:5
2024-11-28 16:00:21.839 T:4489 debug : PrepareNextRender: frameOnScreen: 307.619 renderPts: 307.829 nextFramePts: 307.808 -> diff: 0.021 render: 1 forceNext: 0
2024-11-28 16:00:21.840 T:6455 debug : CAMLCodec::AddData: skip add data dl:15702940 fl:19556 sz:423561(423680) lv:102.5% dts:309.851 pts:310.060
2024-11-28 16:00:21.843 T:4489 info : Skipped 1 duplicate messages..
2024-11-28 16:00:21.843 T:4489 debug : CAMLCodec::ReleaseFrame idx:8580, drop:0
2024-11-28 16:00:21.843 T:6455 debug : CAMLCodec::AddData: skip add data dl:15702940 fl:19556 sz:423561(423680) lv:102.5% dts:309.851 pts:310.060
2024-11-28 16:00:21.868 T:6452 info : Skipped 17 duplicate messages..
2024-11-28 16:00:21.868 T:6452 debug : CVideoPlayer::ProcessVideoData size:288135 dts:315.148 pts:315.190 dur:41.000ms, clock:307.648 level:100
2024-11-28 16:00:21.868 T:6455 debug : CAMLCodec::AddData: skip add data dl:15702940 fl:19556 sz:423561(423680) lv:102.5% dts:309.851 pts:310.060
2024-11-28 16:00:21.869 T:6452 debug : CVideoPlayer::ProcessVideoData size:324967 dts:315.190 pts:315.273 dur:41.000ms, clock:307.650 level:100
2024-11-28 16:00:21.871 T:6455 debug : CAMLCodec::AddData: skip add data dl:15702940 fl:19556 sz:423561(423680) lv:102.5% dts:309.851 pts:310.060
2024-11-28 16:00:21.877 T:4489 info : Skipped 4 duplicate messages..
2024-11-28 16:00:21.877 T:4489 debug : CAMLCodec::PollFrame elapsed:33.662ms
2024-11-28 16:00:21.877 T:6455 debug : CAMLCodec::DequeueBuffer: pts:308.058 idx:8586
2024-11-28 16:00:21.878 T:6455 debug : CAMLCodec::GetPicture: index: 8586, pts: 308.058, dur:42.000ms ar:1.78 elf:39ms
2024-11-28 16:00:21.878 T:6455 debug : CVideoPlayerVideo::OutputPicture - ttd:399ms pts:308.058 Clock:307.658 Level:5
2024-11-28 16:00:21.879 T:6455 debug : CAMLCodec::AddData: skip add data dl:15409500 fl:312996 sz:423561(423680) lv:100.7% dts:309.851 pts:310.060
