2024-11-28 16:00:09.118 T:4489 debug : PrepareNextRender: frameOnScreen: 294.898 renderPts: 295.107 nextFramePts: 295.086 -> diff: 0.021 render: 1 forceNext: 0
2024-11-28 16:00:09.119 T:6455 debug : CAMLCodec::AddData: skip add data dl:15466469 fl:256027 sz:378238(378304) lv:100.7% dts:297.631 pts:297.839
2024-11-28 16:00:09.121 T:4489 info : Skipped 1 duplicate messages..
2024-11-28 16:00:09.121 T:4489 debug : CAMLCodec::ReleaseFrame idx:8275, drop:0
2024-11-28 16:00:09.122 T:6455 debug : CAMLCodec::AddData: skip add data dl:15466469 fl:256027 sz:378238(378304) lv:100.7% dts:297.631 pts:297.839
2024-11-28 16:00:09.132 T:6452 info : Skipped 6 duplicate messages..
2024-11-28 16:00:09.132 T:6452 debug : CVideoPlayer::ProcessVideoData size:339570 dts:303.136 pts:303.345 dur:41.000ms, clock:294.912 level:68
2024-11-28 16:00:09.132 T:6455 debug : CAMLCodec::AddData: skip add data dl:15466469 fl:256027 sz:378238(378304) lv:100.7% dts:297.631 pts:297.839
2024-11-28 16:00:09.156 T:4489 info : Skipped 16 duplicate messages..
2024-11-28 16:00:09.156 T:4489 debug : CAMLCodec::PollFrame elapsed:35.048ms
2024-11-28 16:00:09.156 T:6455 debug : CAMLCodec::AddData: skip add data dl:15466469 fl:256027 sz:378238(378304) lv:100.7% dts:297.631 pts:297.839
2024-11-28 16:00:09.158 T:6455 debug : CAMLCodec::DequeueBuffer: pts:295.337 idx:8281
2024-11-28 16:00:09.158 T:6455 debug : CAMLCodec::GetPicture: index: 8281, pts: 295.337, dur:42.000ms ar:1.78 elf:41ms
2024-11-28 16:00:09.158 T:6455 debug : CVideoPlayerVideo::OutputPicture - ttd:399ms pts:295.337 Clock:294.938 Level:5
2024-11-28 16:00:09.159 T:4489 debug : PrepareNextRender: frameOnScreen: 294.939 renderPts: 295.148 nextFramePts: 295.128 -> diff: 0.020 render: 1 forceNext: 0
2024-11-28 16:00:09.162 T:6455 debug : CAMLCodec::AddData: dl:15659045 fl:63451 sz:378238(378304) lv:99.6% dts:297.631 pts:297.839
2024-11-28 16:00:09.163 T:6455 debug : CAMLCodec::AddData: skip add data dl:15658979 fl:63517 sz:358076(358144) lv:101.8% dts:297.672 pts:297.756
2024-11-28 16:00:09.163 T:4489 debug : CAMLCodec::ReleaseFrame idx:8276, drop:0
2024-11-28 16:00:09.164 T:6452 debug : CVideoPlayer::ProcessVideoData size:288826 dts:303.178 pts:303.261 dur:41.000ms, clock:294.944 level:100
2024-11-28 16:00:09.164 T:6455 debug : CAMLCodec::AddData: skip add data dl:15658979 fl:63517 sz:358076(358144) lv:101.8% dts:297.672 pts:297.756
2024-11-28 16:00:09.198 T:6455 info : Skipped 24 duplicate messages..
2024-11-28 16:00:09.198 T:6455 debug : CAMLCodec::AddData: skip add data dl:15465763 fl:256733 sz:358076(358144) lv:100.6% dts:297.672 pts:297.756
2024-11-28 16:00:09.198 T:4489 debug : CAMLCodec::PollFrame elapsed:35.019ms
2024-11-28 16:00:09.199 T:6455 debug : CAMLCodec::DequeueBuffer: pts:295.378 idx:8282
2024-11-28 16:00:09.199 T:6455 debug : CAMLCodec::GetPicture: index: 8282, pts: 295.378, dur:41.000ms ar:1.78 elf:41ms
2024-11-28 16:00:09.199 T:6455 debug : CVideoPlayerVideo::OutputPicture - ttd:398ms pts:295.378 Clock:294.979 Level:5
2024-11-28 16:00:09.201 T:6455 debug : CAMLCodec::AddData: skip add data dl:15465763 fl:256733 sz:358076(358144) lv:100.6% dts:297.672 pts:297.756
2024-11-28 16:00:09.202 T:4489 debug : PrepareNextRender: frameOnScreen: 294.982 renderPts: 295.191 nextFramePts: 295.170 -> diff: 0.021 render: 1 forceNext: 0
2024-11-28 16:00:09.203 T:6455 debug : CAMLCodec::AddData: skip add data dl:15465763 fl:256733 sz:358076(358144) lv:100.6% dts:297.672 pts:297.756
2024-11-28 16:00:09.205 T:4489 info : Skipped 1 duplicate messages..
2024-11-28 16:00:09.205 T:4489 debug : CAMLCodec::ReleaseFrame idx:8277, drop:0
2024-11-28 16:00:09.206 T:6455 debug : CAMLCodec::AddData: skip add data dl:15465763 fl:256733 sz:358076(358144) lv:100.6% dts:297.672 pts:297.756
2024-11-28 16:00:09.240 T:4489 info : Skipped 25 duplicate messages..
2024-11-28 16:00:09.240 T:4489 debug : CAMLCodec::PollFrame elapsed:35.080ms
2024-11-28 16:00:09.242 T:6455 debug : CAMLCodec::AddData: dl:15473123 fl:249373 sz:358076(358144) lv:98.4% dts:297.672 pts:297.756
2024-11-28 16:00:09.242 T:6455 debug : CAMLCodec::DequeueBuffer: pts:295.420 idx:8283
2024-11-28 16:00:09.242 T:6455 debug : CAMLCodec::GetPicture: index: 8283, pts: 295.420, dur:42.000ms ar:1.78 elf:43ms
2024-11-28 16:00:09.243 T:6455 debug : CVideoPlayerVideo::OutputPicture - ttd:397ms pts:295.420 Clock:295.022 Level:5
2024-11-28 16:00:09.243 T:4489 debug : PrepareNextRender: frameOnScreen: 295.023 renderPts: 295.232 nextFramePts: 295.212 -> diff: 0.020 render: 1 forceNext: 0
2024-11-28 16:00:09.244 T:6455 debug : CAMLCodec::AddData: skip add data dl:15473055 fl:249441 sz:297306(297408) lv:100.3% dts:297.714 pts:297.714
2024-11-28 16:00:09.245 T:4489 debug : CAMLCodec::ReleaseFrame idx:8278, drop:0
2024-11-28 16:00:09.246 T:6455 debug : CAMLCodec::AddData: skip add data dl:15473055 fl:249441 sz:297306(297408) lv:100.3% dts:297.714 pts:297.714
2024-11-28 16:00:09.282 T:4489 info : Skipped 28 duplicate messages..
2024-11-28 16:00:09.281 T:4489 debug : CAMLCodec::PollFrame elapsed:36.007ms
2024-11-28 16:00:09.283 T:6455 debug : CAMLCodec::DequeueBuffer: pts:295.462 idx:8284
2024-11-28 16:00:09.283 T:6455 debug : CAMLCodec::GetPicture: index: 8284, pts: 295.462, dur:42.000ms ar:1.78 elf:40ms
2024-11-28 16:00:09.283 T:6455 debug : CVideoPlayerVideo::OutputPicture - ttd:399ms pts:295.462 Clock:295.063 Level:5
2024-11-28 16:00:09.285 T:4489 debug : PrepareNextRender: frameOnScreen: 295.065 renderPts: 295.274 nextFramePts: 295.253 -> diff: 0.021 render: 1 forceNext: 0
2024-11-28 16:00:09.287 T:6452 debug : CVideoPlayer::ProcessVideoData size:250603 dts:303.220 pts:303.220 dur:41.000ms, clock:295.066 level:68
2024-11-28 16:00:09.287 T:6455 debug : CAMLCodec::AddData: dl:15497759 fl:224737 sz:297306(297408) lv:98.5% dts:297.714 pts:297.714
2024-11-28 16:00:09.287 T:6455 debug : CAMLCodec::AddData: skip add data dl:15497657 fl:224839 sz:305163(305280) lv:100.5% dts:297.756 pts:297.798
2024-11-28 16:00:09.288 T:4489 debug : CAMLCodec::ReleaseFrame idx:8279, drop:0
2024-11-28 16:00:09.289 T:6455 debug : CAMLCodec::AddData: skip add data dl:15497657 fl:224839 sz:305163(305280) lv:100.5% dts:297.756 pts:297.798
2024-11-28 16:00:09.323 T:4489 info : Skipped 26 duplicate messages..
2024-11-28 16:00:09.323 T:4489 debug : CAMLCodec::PollFrame elapsed:34.709ms
2024-11-28 16:00:09.324 T:6455 debug : CAMLCodec::DequeueBuffer: pts:295.504 idx:8285
2024-11-28 16:00:09.324 T:6455 debug : CAMLCodec::GetPicture: index: 8285, pts: 295.504, dur:42.000ms ar:1.78 elf:41ms
2024-11-28 16:00:09.324 T:6455 debug : CVideoPlayerVideo::OutputPicture - ttd:399ms pts:295.504 Clock:295.104 Level:5
2024-11-28 16:00:09.327 T:4489 debug : PrepareNextRender: frameOnScreen: 295.107 renderPts: 295.316 nextFramePts: 295.295 -> diff: 0.021 render: 1 forceNext: 0
2024-11-28 16:00:09.328 T:6452 debug : CVideoPlayer::ProcessVideoData size:247650 dts:303.261 pts:303.303 dur:41.000ms, clock:295.108 level:68
2024-11-28 16:00:09.328 T:6455 debug : CAMLCodec::AddData: dl:15525113 fl:197383 sz:305163(305280) lv:98.7% dts:297.756 pts:297.798
2024-11-28 16:00:09.329 T:6455 debug : CAMLCodec::AddData: skip add data dl:15524996 fl:197500 sz:359474(359552) lv:101.0% dts:297.798 pts:297.923
2024-11-28 16:00:09.331 T:4489 debug : CAMLCodec::ReleaseFrame idx:8280, drop:0
2024-11-28 16:00:09.331 T:6455 debug : CAMLCodec::AddData: skip add data dl:15524996 fl:197500 sz:359474(359552) lv:101.0% dts:297.798 pts:297.923
2024-11-28 16:00:09.365 T:4489 info : Skipped 24 duplicate messages..
2024-11-28 16:00:09.365 T:4489 debug : CAMLCodec::PollFrame elapsed:34.040ms
2024-11-28 16:00:09.365 T:6455 debug : CAMLCodec::AddData: skip add data dl:15524996 fl:197500 sz:359474(359552) lv:101.0% dts:297.798 pts:297.923
2024-11-28 16:00:09.367 T:6455 debug : CAMLCodec::DequeueBuffer: pts:295.545 idx:8286
2024-11-28 16:00:09.367 T:6455 debug : CAMLCodec::GetPicture: index: 8286, pts: 295.545, dur:41.000ms ar:1.78 elf:42ms
2024-11-28 16:00:09.367 T:6455 debug : CVideoPlayerVideo::OutputPicture - ttd:398ms pts:295.545 Clock:295.147 Level:5
2024-11-28 16:00:09.368 T:4489 debug : PrepareNextRender: frameOnScreen: 295.148 renderPts: 295.357 nextFramePts: 295.337 -> diff: 0.020 render: 1 forceNext: 0
2024-11-28 16:00:09.371 T:6452 debug : CVideoPlayer::ProcessVideoData size:296305 dts:303.303 pts:303.428 dur:41.000ms, clock:295.151 level:68
2024-11-28 16:00:09.371 T:6455 debug : CAMLCodec::AddData: dl:15677700 fl:44796 sz:359474(359552) lv:99.7% dts:297.798 pts:297.923
2024-11-28 16:00:09.372 T:6455 debug : CAMLCodec::AddData: skip add data dl:15677622 fl:44874 sz:297763(297856) lv:101.6% dts:297.839 pts:297.881
2024-11-28 16:00:09.372 T:4489 debug : CAMLCodec::ReleaseFrame idx:8281, drop:0
2024-11-28 16:00:09.374 T:6455 debug : CAMLCodec::AddData: skip add data dl:15677622 fl:44874 sz:297763(297856) lv:101.6% dts:297.839 pts:297.881
2024-11-28 16:00:09.407 T:4489 info : Skipped 25 duplicate messages..
2024-11-28 16:00:09.407 T:4489 debug : CAMLCodec::PollFrame elapsed:33.960ms
2024-11-28 16:00:09.407 T:6455 debug : CAMLCodec::AddData: skip add data dl:15477814 fl:244682 sz:297763(297856) lv:100.3% dts:297.839 pts:297.881
2024-11-28 16:00:09.408 T:6455 debug : CAMLCodec::DequeueBuffer: pts:295.587 idx:8287
2024-11-28 16:00:09.409 T:6455 debug : CAMLCodec::GetPicture: index: 8287, pts: 295.587, dur:42.000ms ar:1.78 elf:41ms
2024-11-28 16:00:09.409 T:6455 debug : CVideoPlayerVideo::OutputPicture - ttd:398ms pts:295.587 Clock:295.189 Level:5
2024-11-28 16:00:09.410 T:4489 debug : PrepareNextRender: frameOnScreen: 295.190 renderPts: 295.399 nextFramePts: 295.378 -> diff: 0.021 render: 1 forceNext: 0
2024-11-28 16:00:09.410 T:6455 debug : CAMLCodec::AddData: skip add data dl:15477814 fl:244682 sz:297763(297856) lv:100.3% dts:297.839 pts:297.881
2024-11-28 16:00:09.413 T:4489 info : Skipped 1 duplicate messages..
2024-11-28 16:00:09.413 T:4489 debug : CAMLCodec::ReleaseFrame idx:8282, drop:0
2024-11-28 16:00:09.413 T:6455 debug : CAMLCodec::AddData: skip add data dl:15477814 fl:244682 sz:297763(297856) lv:100.3% dts:297.839 pts:297.881
2024-11-28 16:00:09.448 T:4489 info : Skipped 27 duplicate messages..
2024-11-28 16:00:09.448 T:4489 debug : CAMLCodec::PollFrame elapsed:35.322ms
2024-11-28 16:00:09.449 T:6455 debug : CAMLCodec::AddData: skip add data dl:15477814 fl:244682 sz:297763(297856) lv:100.3% dts:297.839 pts:297.881
2024-11-28 16:00:09.450 T:6455 debug : CAMLCodec::DequeueBuffer: pts:295.629 idx:8288
2024-11-28 16:00:09.450 T:6455 debug : CAMLCodec::GetPicture: index: 8288, pts: 295.629, dur:42.000ms ar:1.78 elf:41ms
2024-11-28 16:00:09.450 T:6455 debug : CVideoPlayerVideo::OutputPicture - ttd:399ms pts:295.629 Clock:295.230 Level:5
2024-11-28 16:00:09.452 T:4489 debug : PrepareNextRender: frameOnScreen: 295.232 renderPts: 295.441 nextFramePts: 295.420 -> diff: 0.021 render: 1 forceNext: 0
2024-11-28 16:00:09.453 T:6452 debug : CVideoPlayer::ProcessVideoData size:237841 dts:303.345 pts:303.386 dur:41.000ms, clock:295.233 level:68
2024-11-28 16:00:09.454 T:6455 debug : CAMLCodec::AddData: dl:15520886 fl:201610 sz:297763(297856) lv:98.7% dts:297.839 pts:297.881
2024-11-28 16:00:09.455 T:6455 debug : CAMLCodec::AddData: skip add data dl:15520793 fl:201703 sz:496428(496512) lv:101.8% dts:297.881 pts:298.006
2024-11-28 16:00:09.456 T:4489 debug : CAMLCodec::ReleaseFrame idx:8283, drop:0
2024-11-28 16:00:09.457 T:6455 debug : CAMLCodec::AddData: skip add data dl:15520793 fl:201703 sz:496428(496512) lv:101.8% dts:297.881 pts:298.006
2024-11-28 16:00:09.490 T:6455 info : Skipped 22 duplicate messages..
2024-11-28 16:00:09.490 T:6455 debug : CAMLCodec::DequeueBuffer: pts:295.670 idx:8289
2024-11-28 16:00:09.490 T:4489 debug : CAMLCodec::PollFrame elapsed:34.241ms
2024-11-28 16:00:09.490 T:6455 debug : CAMLCodec::GetPicture: index: 8289, pts: 295.670, dur:41.000ms ar:1.78 elf:39ms
2024-11-28 16:00:09.490 T:6455 debug : CVideoPlayerVideo::OutputPicture - ttd:399ms pts:295.670 Clock:295.270 Level:5
2024-11-28 16:00:09.491 T:6455 debug : CAMLCodec::DequeueBuffer: pts:295.712 idx:8290
2024-11-28 16:00:09.491 T:6455 debug : CAMLCodec::GetPicture: index: 8290, pts: 295.712, dur:42.000ms ar:1.78 elf:1ms
2024-11-28 16:00:09.491 T:6455 debug : CVideoPlayerVideo::OutputPicture - ttd:440ms pts:295.712 Clock:295.271 Level:6
2024-11-28 16:00:09.493 T:6455 debug : CAMLCodec::DequeueBuffer: pts:295.754 idx:8291
2024-11-28 16:00:09.493 T:6455 debug : CAMLCodec::GetPicture: index: 8291, pts: 295.754, dur:42.000ms ar:1.78 elf:1ms
2024-11-28 16:00:09.493 T:4489 debug : PrepareNextRender: frameOnScreen: 295.273 renderPts: 295.482 nextFramePts: 295.462 -> diff: 0.020 render: 1 forceNext: 0
2024-11-28 16:00:09.493 T:6455 debug : CVideoPlayerVideo::OutputPicture - ttd:481ms pts:295.754 Clock:295.273 Level:6
2024-11-28 16:00:09.494 T:6455 debug : CAMLCodec::DequeueBuffer: pts:295.796 idx:8292
2024-11-28 16:00:09.494 T:6455 debug : CAMLCodec::GetPicture: index: 8292, pts: 295.796, dur:42.000ms ar:1.78 elf:1ms
2024-11-28 16:00:09.494 T:6455 debug : CVideoPlayerVideo::OutputPicture - ttd:521ms pts:295.796 Clock:295.274 Level:7
2024-11-28 16:00:09.495 T:4489 debug : CAMLCodec::ReleaseFrame idx:8284, drop:0
2024-11-28 16:00:09.496 T:6455 debug : CAMLCodec::AddData: skip add data dl:15325401 fl:397095 sz:496428(496512) lv:100.6% dts:297.881 pts:298.006
2024-11-28 16:00:09.532 T:4489 info : Skipped 26 duplicate messages..
2024-11-28 16:00:09.532 T:4489 debug : CAMLCodec::PollFrame elapsed:36.624ms
2024-11-28 16:00:09.536 T:4489 debug : PrepareNextRender: frameOnScreen: 295.315 renderPts: 295.525 nextFramePts: 295.504 -> diff: 0.021 render: 1 forceNext: 0
2024-11-28 16:00:09.536 T:6455 debug : CAMLCodec::AddData: dl:15410905 fl:311591 sz:496428(496512) lv:98.0% dts:297.881 pts:298.006
2024-11-28 16:00:09.537 T:6455 debug : CAMLCodec::AddData: skip add data dl:15410821 fl:311675 sz:427287(427392) lv:100.7% dts:297.923 pts:298.340
2024-11-28 16:00:09.539 T:6452 debug : CVideoPlayer::ProcessVideoData size:429900 dts:303.386 pts:303.512 dur:41.000ms, clock:295.318 level:68
2024-11-28 16:00:09.539 T:4489 debug : CAMLCodec::ReleaseFrame idx:8285, drop:0
2024-11-28 16:00:09.541 T:6455 debug : CAMLCodec::AddData: skip add data dl:15410821 fl:311675 sz:427287(427392) lv:100.7% dts:297.923 pts:298.340
2024-11-28 16:00:09.552 T:6452 info : Skipped 6 duplicate messages..
2024-11-28 16:00:09.552 T:6452 debug : CVideoPlayer::ProcessVideoData size:376300 dts:303.428 pts:303.845 dur:41.000ms, clock:295.332 level:69
2024-11-28 16:00:09.554 T:6455 debug : CAMLCodec::AddData: skip add data dl:15410821 fl:311675 sz:427287(427392) lv:100.7% dts:297.923 pts:298.340
2024-11-28 16:00:09.564 T:6452 info : Skipped 5 duplicate messages..
2024-11-28 16:00:09.564 T:6452 debug : CVideoPlayer::ProcessVideoData size:288610 dts:303.470 pts:303.678 dur:41.000ms, clock:295.344 level:100
2024-11-28 16:00:09.566 T:6455 debug : CAMLCodec::AddData: skip add data dl:15410821 fl:311675 sz:427287(427392) lv:100.7% dts:297.923 pts:298.340
2024-11-28 16:00:09.574 T:4489 info : Skipped 4 duplicate messages..
2024-11-28 16:00:09.574 T:4489 debug : CAMLCodec::PollFrame elapsed:33.859ms
2024-11-28 16:00:09.577 T:6455 debug : CAMLCodec::AddData: dl:15505605 fl:216891 sz:427287(427392) lv:98.6% dts:297.923 pts:298.340
2024-11-28 16:00:09.578 T:6455 debug : CAMLCodec::AddData: skip add data dl:15505500 fl:216996 sz:360148(360256) lv:100.9% dts:297.964 pts:298.173
2024-11-28 16:00:09.578 T:4489 debug : PrepareNextRender: frameOnScreen: 295.358 renderPts: 295.567 nextFramePts: 295.545 -> diff: 0.022 render: 1 forceNext: 0
2024-11-28 16:00:09.580 T:6455 debug : CAMLCodec::AddData: skip add data dl:15505500 fl:216996 sz:360148(360256) lv:100.9% dts:297.964 pts:298.173
2024-11-28 16:00:09.581 T:4489 debug : CAMLCodec::ReleaseFrame idx:8286, drop:0
2024-11-28 16:00:09.581 T:6455 debug : CAMLCodec::AddData: skip add data dl:15505500 fl:216996 sz:360148(360256) lv:100.9% dts:297.964 pts:298.173
2024-11-28 16:00:09.615 T:4489 info : Skipped 25 duplicate messages..
2024-11-28 16:00:09.615 T:4489 debug : CAMLCodec::PollFrame elapsed:34.224ms
2024-11-28 16:00:09.619 T:6455 debug : CAMLCodec::AddData: dl:15605404 fl:117092 sz:360148(360256) lv:99.2% dts:297.964 pts:298.173
2024-11-28 16:00:09.619 T:4489 debug : PrepareNextRender: frameOnScreen: 295.398 renderPts: 295.607 nextFramePts: 295.587 -> diff: 0.020 render: 1 forceNext: 0
2024-11-28 16:00:09.619 T:6455 debug : CAMLCodec::AddData: skip add data dl:15605296 fl:117200 sz:355453(355520) lv:101.5% dts:298.006 pts:298.089
2024-11-28 16:00:09.621 T:4489 info : Skipped 1 duplicate messages..
2024-11-28 16:00:09.621 T:4489 debug : CAMLCodec::ReleaseFrame idx:8287, drop:0
2024-11-28 16:00:09.622 T:6455 debug : CAMLCodec::AddData: skip add data dl:15605296 fl:117200 sz:355453(355520) lv:101.5% dts:298.006 pts:298.089
2024-11-28 16:00:09.627 T:6452 info : Skipped 2 duplicate messages..
2024-11-28 16:00:09.626 T:6452 debug : CVideoPlayer::ProcessVideoData size:320184 dts:303.512 pts:303.595 dur:41.000ms, clock:295.406 level:68
2024-11-28 16:00:09.627 T:6455 debug : CAMLCodec::AddData: skip add data dl:15605296 fl:117200 sz:355453(355520) lv:101.5% dts:298.006 pts:298.089
2024-11-28 16:00:09.627 T:6452 debug : CVideoPlayer::ProcessVideoData size:225303 dts:303.553 pts:303.553 dur:41.000ms, clock:295.407 level:100
2024-11-28 16:00:09.629 T:6455 debug : CAMLCodec::AddData: skip add data dl:15605296 fl:117200 sz:355453(355520) lv:101.5% dts:298.006 pts:298.089
2024-11-28 16:00:09.657 T:4489 info : Skipped 20 duplicate messages..
2024-11-28 16:00:09.657 T:4489 debug : CAMLCodec::PollFrame elapsed:35.200ms
2024-11-28 16:00:09.658 T:6455 debug : CAMLCodec::DequeueBuffer: pts:295.837 idx:8293
2024-11-28 16:00:09.658 T:6455 debug : CAMLCodec::GetPicture: index: 8293, pts: 295.837, dur:41.000ms ar:1.78 elf:163ms
2024-11-28 16:00:09.658 T:6455 debug : CVideoPlayerVideo::OutputPicture - ttd:399ms pts:295.837 Clock:295.438 Level:5
2024-11-28 16:00:09.661 T:4489 debug : PrepareNextRender: frameOnScreen: 295.440 renderPts: 295.650 nextFramePts: 295.629 -> diff: 0.021 render: 1 forceNext: 0
2024-11-28 16:00:09.662 T:6455 debug : CAMLCodec::AddData: dl:15707824 fl:14672 sz:355453(355520) lv:99.9% dts:298.006 pts:298.089
2024-11-28 16:00:09.663 T:6455 debug : CAMLCodec::AddData: skip add data dl:15707757 fl:14739 sz:293581(293696) lv:101.7% dts:298.048 pts:298.048
2024-11-28 16:00:09.663 T:4489 debug : CAMLCodec::ReleaseFrame idx:8288, drop:0
2024-11-28 16:00:09.664 T:6455 debug : CAMLCodec::AddData: skip add data dl:15707757 fl:14739 sz:293581(293696) lv:101.7% dts:298.048 pts:298.048
2024-11-28 16:00:09.698 T:6455 info : Skipped 26 duplicate messages..
2024-11-28 16:00:09.698 T:6455 debug : CAMLCodec::AddData: skip add data dl:15511213 fl:211283 sz:293581(293696) lv:100.5% dts:298.048 pts:298.048
2024-11-28 16:00:09.699 T:4489 debug : CAMLCodec::PollFrame elapsed:35.367ms
2024-11-28 16:00:09.700 T:6455 debug : CAMLCodec::DequeueBuffer: pts:295.879 idx:8294
2024-11-28 16:00:09.700 T:6455 debug : CAMLCodec::GetPicture: index: 8294, pts: 295.879, dur:42.000ms ar:1.78 elf:41ms
2024-11-28 16:00:09.700 T:6455 debug : CVideoPlayerVideo::OutputPicture - ttd:399ms pts:295.879 Clock:295.480 Level:5
2024-11-28 16:00:09.700 T:6452 debug : CVideoPlayer::ProcessVideoData size:233652 dts:303.595 pts:303.637 dur:41.000ms, clock:295.480 level:100
2024-11-28 16:00:09.702 T:6455 debug : CAMLCodec::AddData: skip add data dl:15511213 fl:211283 sz:293581(293696) lv:100.5% dts:298.048 pts:298.048
2024-11-28 16:00:09.702 T:4489 debug : PrepareNextRender: frameOnScreen: 295.482 renderPts: 295.691 nextFramePts: 295.670 -> diff: 0.021 render: 1 forceNext: 0
2024-11-28 16:00:09.703 T:6455 debug : CAMLCodec::AddData: skip add data dl:15511213 fl:211283 sz:293581(293696) lv:100.5% dts:298.048 pts:298.048
2024-11-28 16:00:09.705 T:4489 info : Skipped 1 duplicate messages..
2024-11-28 16:00:09.705 T:4489 debug : CAMLCodec::ReleaseFrame idx:8289, drop:0
2024-11-28 16:00:09.707 T:6455 debug : CAMLCodec::AddData: skip add data dl:15511213 fl:211283 sz:293581(293696) lv:100.5% dts:298.048 pts:298.048
2024-11-28 16:00:09.740 T:4489 info : Skipped 26 duplicate messages..
2024-11-28 16:00:09.740 T:4489 debug : CAMLCodec::PollFrame elapsed:34.659ms
2024-11-28 16:00:09.741 T:6455 debug : CAMLCodec::DequeueBuffer: pts:295.921 idx:8295
2024-11-28 16:00:09.741 T:6455 debug : CAMLCodec::GetPicture: index: 8295, pts: 295.921, dur:42.000ms ar:1.78 elf:41ms
2024-11-28 16:00:09.741 T:6455 debug : CVideoPlayerVideo::OutputPicture - ttd:399ms pts:295.921 Clock:295.521 Level:5
2024-11-28 16:00:09.744 T:4489 debug : PrepareNextRender: frameOnScreen: 295.524 renderPts: 295.733 nextFramePts: 295.712 -> diff: 0.021 render: 1 forceNext: 0
2024-11-28 16:00:09.745 T:6455 debug : CAMLCodec::AddData: dl:15605549 fl:116947 sz:293581(293696) lv:99.2% dts:298.048 pts:298.048
2024-11-28 16:00:09.746 T:6455 debug : CAMLCodec::AddData: skip add data dl:15605434 fl:117062 sz:332196(332288) lv:101.3% dts:298.089 pts:298.131
2024-11-28 16:00:09.746 T:4489 debug : CAMLCodec::ReleaseFrame idx:8290, drop:0
2024-11-28 16:00:09.747 T:6455 debug : CAMLCodec::AddData: skip add data dl:15605434 fl:117062 sz:332196(332288) lv:101.3% dts:298.089 pts:298.131
2024-11-28 16:00:09.752 T:6452 info : Skipped 3 duplicate messages..
2024-11-28 16:00:09.752 T:6452 debug : CVideoPlayer::ProcessVideoData size:346165 dts:303.637 pts:303.762 dur:41.000ms, clock:295.532 level:69
2024-11-28 16:00:09.754 T:6455 debug : CAMLCodec::AddData: skip add data dl:15605434 fl:117062 sz:332196(332288) lv:101.3% dts:298.089 pts:298.131
2024-11-28 16:00:09.782 T:6455 info : Skipped 20 duplicate messages..
2024-11-28 16:00:09.782 T:6455 debug : CAMLCodec::DequeueBuffer: pts:295.962 idx:8296
2024-11-28 16:00:09.782 T:4489 debug : CAMLCodec::PollFrame elapsed:35.548ms
2024-11-28 16:00:09.782 T:6455 debug : CAMLCodec::GetPicture: index: 8296, pts: 295.962, dur:41.000ms ar:1.78 elf:40ms
2024-11-28 16:00:09.782 T:6455 debug : CVideoPlayerVideo::OutputPicture - ttd:399ms pts:295.962 Clock:295.562 Level:5
2024-11-28 16:00:09.786 T:4489 debug : PrepareNextRender: frameOnScreen: 295.566 renderPts: 295.775 nextFramePts: 295.754 -> diff: 0.021 render: 1 forceNext: 0
2024-11-28 16:00:09.786 T:6455 debug : CAMLCodec::AddData: dl:15663226 fl:59270 sz:332196(332288) lv:99.6% dts:298.089 pts:298.131
2024-11-28 16:00:09.787 T:6455 debug : CAMLCodec::AddData: skip add data dl:15663134 fl:59362 sz:390936(391040) lv:102.1% dts:298.131 pts:298.256
2024-11-28 16:00:09.789 T:4489 info : Skipped 1 duplicate messages..
2024-11-28 16:00:09.789 T:4489 debug : CAMLCodec::ReleaseFrame idx:8291, drop:0
2024-11-28 16:00:09.790 T:6455 debug : CAMLCodec::AddData: skip add data dl:15663134 fl:59362 sz:390936(391040) lv:102.1% dts:298.131 pts:298.256
2024-11-28 16:00:09.794 T:6452 info : Skipped 2 duplicate messages..
2024-11-28 16:00:09.794 T:6452 debug : CVideoPlayer::ProcessVideoData size:225829 dts:303.678 pts:303.720 dur:41.000ms, clock:295.574 level:69
2024-11-28 16:00:09.795 T:6455 debug : CAMLCodec::AddData: skip add data dl:15663134 fl:59362 sz:390936(391040) lv:102.1% dts:298.131 pts:298.256
2024-11-28 16:00:09.823 T:6455 info : Skipped 19 duplicate messages..
2024-11-28 16:00:09.823 T:6455 debug : CAMLCodec::DequeueBuffer: pts:296.004 idx:8297
2024-11-28 16:00:09.823 T:6455 debug : CAMLCodec::GetPicture: index: 8297, pts: 296.004, dur:42.000ms ar:1.78 elf:41ms
2024-11-28 16:00:09.824 T:6455 debug : CVideoPlayerVideo::OutputPicture - ttd:400ms pts:296.004 Clock:295.603 Level:5
2024-11-28 16:00:09.824 T:4489 debug : CAMLCodec::PollFrame elapsed:34.938ms
2024-11-28 16:00:09.825 T:6455 debug : CAMLCodec::AddData: skip add data dl:15456158 fl:266338 sz:390936(391040) lv:100.8% dts:298.131 pts:298.256
2024-11-28 16:00:09.827 T:4489 info : Skipped 1 duplicate messages..
2024-11-28 16:00:09.827 T:4489 debug : PrepareNextRender: frameOnScreen: 295.607 renderPts: 295.816 nextFramePts: 295.796 -> diff: 0.020 render: 1 forceNext: 0
2024-11-28 16:00:09.828 T:6455 debug : CAMLCodec::AddData: skip add data dl:15456158 fl:266338 sz:390936(391040) lv:100.8% dts:298.131 pts:298.256
2024-11-28 16:00:09.830 T:4489 info : Skipped 1 duplicate messages..
2024-11-28 16:00:09.830 T:4489 debug : CAMLCodec::ReleaseFrame idx:8292, drop:0
2024-11-28 16:00:09.831 T:6455 debug : CAMLCodec::AddData: skip add data dl:15456158 fl:266338 sz:390936(391040) lv:100.8% dts:298.131 pts:298.256
2024-11-28 16:00:09.865 T:4489 info : Skipped 25 duplicate messages..
2024-11-28 16:00:09.865 T:4489 debug : CAMLCodec::PollFrame elapsed:35.344ms
2024-11-28 16:00:09.868 T:4489 debug : PrepareNextRender: frameOnScreen: 295.648 renderPts: 295.858 nextFramePts: 295.837 -> diff: 0.021 render: 1 forceNext: 0
2024-11-28 16:00:09.869 T:6455 debug : CAMLCodec::AddData: dl:15651742 fl:70754 sz:390936(391040) lv:99.5% dts:298.131 pts:298.256
2024-11-28 16:00:09.869 T:6455 debug : CAMLCodec::DequeueBuffer: pts:296.046 idx:8298
2024-11-28 16:00:09.869 T:6455 debug : CAMLCodec::GetPicture: index: 8298, pts: 296.046, dur:42.000ms ar:1.78 elf:45ms
2024-11-28 16:00:09.869 T:6455 debug : CVideoPlayerVideo::OutputPicture - ttd:397ms pts:296.046 Clock:295.649 Level:4
2024-11-28 16:00:09.870 T:4489 debug : CAMLCodec::ReleaseFrame idx:8293, drop:0
2024-11-28 16:00:09.871 T:6455 debug : CAMLCodec::AddData: skip add data dl:15651638 fl:70858 sz:299329(299456) lv:101.4% dts:298.173 pts:298.215
2024-11-28 16:00:09.876 T:6452 info : Skipped 4 duplicate messages..
2024-11-28 16:00:09.876 T:6452 debug : CVideoPlayer::ProcessVideoData size:243052 dts:303.720 pts:303.804 dur:41.000ms, clock:295.656 level:69
2024-11-28 16:00:09.878 T:6455 debug : CAMLCodec::AddData: skip add data dl:15651638 fl:70858 sz:299329(299456) lv:101.4% dts:298.173 pts:298.215
2024-11-28 16:00:09.908 T:4489 info : Skipped 21 duplicate messages..
2024-11-28 16:00:09.908 T:4489 debug : CAMLCodec::PollFrame elapsed:37.522ms
2024-11-28 16:00:09.909 T:6455 debug : CAMLCodec::AddData: dl:15609078 fl:113418 sz:299329(299456) lv:99.2% dts:298.173 pts:298.215
2024-11-28 16:00:09.910 T:6455 debug : CAMLCodec::DequeueBuffer: pts:296.087 idx:8299
2024-11-28 16:00:09.910 T:6455 debug : CAMLCodec::GetPicture: index: 8299, pts: 296.087, dur:41.000ms ar:1.78 elf:40ms
2024-11-28 16:00:09.910 T:6455 debug : CVideoPlayerVideo::OutputPicture - ttd:397ms pts:296.087 Clock:295.690 Level:5
2024-11-28 16:00:09.912 T:6455 debug : CAMLCodec::AddData: skip add data dl:15608951 fl:113545 sz:304112(304192) lv:101.2% dts:298.215 pts:298.298
2024-11-28 16:00:09.912 T:4489 debug : PrepareNextRender: frameOnScreen: 295.692 renderPts: 295.901 nextFramePts: 295.879 -> diff: 0.022 render: 1 forceNext: 0
2024-11-28 16:00:09.913 T:6455 debug : CAMLCodec::AddData: skip add data dl:15608951 fl:113545 sz:304112(304192) lv:101.2% dts:298.215 pts:298.298
2024-11-28 16:00:09.915 T:4489 debug : CAMLCodec::ReleaseFrame idx:8294, drop:0
2024-11-28 16:00:09.915 T:6455 debug : CAMLCodec::AddData: skip add data dl:15608951 fl:113545 sz:304112(304192) lv:101.2% dts:298.215 pts:298.298
2024-11-28 16:00:09.920 T:6452 info : Skipped 3 duplicate messages..
2024-11-28 16:00:09.920 T:6452 debug : CVideoPlayer::ProcessVideoData size:375964 dts:303.762 pts:304.179 dur:41.000ms, clock:295.700 level:69
2024-11-28 16:00:09.922 T:6455 debug : CAMLCodec::AddData: skip add data dl:15608951 fl:113545 sz:304112(304192) lv:101.2% dts:298.215 pts:298.298
2024-11-28 16:00:09.949 T:4489 info : Skipped 20 duplicate messages..
2024-11-28 16:00:09.949 T:4489 debug : CAMLCodec::PollFrame elapsed:33.841ms
2024-11-28 16:00:09.949 T:6455 debug : CAMLCodec::DequeueBuffer: pts:296.129 idx:8300
2024-11-28 16:00:09.949 T:6455 debug : CAMLCodec::GetPicture: index: 8300, pts: 296.129, dur:42.000ms ar:1.78 elf:39ms
2024-11-28 16:00:09.949 T:6455 debug : CVideoPlayerVideo::OutputPicture - ttd:399ms pts:296.129 Clock:295.729 Level:5
2024-11-28 16:00:09.953 T:6452 debug : CVideoPlayer::ProcessVideoData size:290699 dts:303.804 pts:304.012 dur:41.000ms, clock:295.732 level:69
2024-11-28 16:00:09.953 T:4489 debug : PrepareNextRender: frameOnScreen: 295.733 renderPts: 295.942 nextFramePts: 295.921 -> diff: 0.021 render: 1 forceNext: 0
2024-11-28 16:00:09.953 T:6455 debug : CAMLCodec::AddData: dl:15628855 fl:93641 sz:304112(304192) lv:99.4% dts:298.215 pts:298.298
2024-11-28 16:00:09.954 T:6455 debug : CAMLCodec::AddData: skip add data dl:15628775 fl:93721 sz:437705(437824) lv:102.1% dts:298.256 pts:298.673
2024-11-28 16:00:09.955 T:4489 debug : CAMLCodec::ReleaseFrame idx:8295, drop:0
2024-11-28 16:00:09.956 T:6455 debug : CAMLCodec::AddData: skip add data dl:15628775 fl:93721 sz:437705(437824) lv:102.1% dts:298.256 pts:298.673
2024-11-28 16:00:09.991 T:4489 info : Skipped 20 duplicate messages..
2024-11-28 16:00:09.991 T:4489 debug : CAMLCodec::PollFrame elapsed:35.192ms
2024-11-28 16:00:09.992 T:6455 debug : CAMLCodec::DequeueBuffer: pts:296.171 idx:8301
2024-11-28 16:00:09.992 T:6455 debug : CAMLCodec::GetPicture: index: 8301, pts: 296.171, dur:42.000ms ar:1.78 elf:42ms
2024-11-28 16:00:09.992 T:6455 debug : CVideoPlayerVideo::OutputPicture - ttd:398ms pts:296.171 Clock:295.772 Level:5
2024-11-28 16:00:09.994 T:4489 debug : PrepareNextRender: frameOnScreen: 295.774 renderPts: 295.983 nextFramePts: 295.962 -> diff: 0.021 render: 1 forceNext: 0
2024-11-28 16:00:09.995 T:6455 debug : CAMLCodec::AddData: skip add data dl:15368487 fl:354009 sz:437705(437824) lv:100.5% dts:298.256 pts:298.673
2024-11-28 16:00:09.997 T:4489 info : Skipped 1 duplicate messages..
2024-11-28 16:00:09.997 T:4489 debug : CAMLCodec::ReleaseFrame idx:8296, drop:0
2024-11-28 16:00:09.999 T:6455 debug : CAMLCodec::AddData: skip add data dl:15368487 fl:354009 sz:437705(437824) lv:100.5% dts:298.256 pts:298.673
2024-11-28 16:00:10.005 T:6452 info : Skipped 3 duplicate messages..
2024-11-28 16:00:10.005 T:6452 debug : CVideoPlayer::ProcessVideoData size:298957 dts:303.845 pts:303.929 dur:41.000ms, clock:295.784 level:100
2024-11-28 16:00:10.006 T:6455 debug : CAMLCodec::AddData: skip add data dl:15368487 fl:354009 sz:437705(437824) lv:100.5% dts:298.256 pts:298.673
2024-11-28 16:00:10.016 T:6452 info : Skipped 5 duplicate messages..
2024-11-28 16:00:10.016 T:6452 debug : CVideoPlayer::ProcessVideoData size:223414 dts:303.887 pts:303.887 dur:41.000ms, clock:295.796 level:100
2024-11-28 16:00:10.018 T:6455 debug : CAMLCodec::AddData: skip add data dl:15368487 fl:354009 sz:437705(437824) lv:100.5% dts:298.256 pts:298.673
2024-11-28 16:00:10.032 T:4489 info : Skipped 8 duplicate messages..
2024-11-28 16:00:10.032 T:4489 debug : CAMLCodec::PollFrame elapsed:34.713ms
2024-11-28 16:00:10.033 T:6455 debug : CAMLCodec::DequeueBuffer: pts:296.213 idx:8302
2024-11-28 16:00:10.033 T:6455 debug : CAMLCodec::GetPicture: index: 8302, pts: 296.213, dur:41.711ms ar:1.78 elf:41ms
2024-11-28 16:00:10.034 T:6455 debug : CVideoPlayerVideo::OutputPicture - ttd:399ms pts:296.213 Clock:295.813 Level:5
2024-11-28 16:00:10.037 T:4489 debug : PrepareNextRender: frameOnScreen: 295.817 renderPts: 296.026 nextFramePts: 296.004 -> diff: 0.022 render: 1 forceNext: 0
2024-11-28 16:00:10.038 T:6455 debug : CAMLCodec::AddData: dl:15597159 fl:125337 sz:437705(437824) lv:99.2% dts:298.256 pts:298.673
2024-11-28 16:00:10.039 T:6455 debug : CAMLCodec::AddData: skip add data dl:15597040 fl:125456 sz:373086(373184) lv:101.5% dts:298.298 pts:298.507
2024-11-28 16:00:10.040 T:4489 debug : CAMLCodec::ReleaseFrame idx:8297, drop:0
2024-11-28 16:00:10.041 T:6455 debug : CAMLCodec::AddData: skip add data dl:15597040 fl:125456 sz:373086(373184) lv:101.5% dts:298.298 pts:298.507
2024-11-28 16:00:10.058 T:6452 info : Skipped 12 duplicate messages..
2024-11-28 16:00:10.058 T:6452 debug : CVideoPlayer::ProcessVideoData size:237002 dts:303.929 pts:303.970 dur:41.000ms, clock:295.837 level:100
2024-11-28 16:00:10.059 T:6455 debug : CAMLCodec::AddData: skip add data dl:15597040 fl:125456 sz:373086(373184) lv:101.5% dts:298.298 pts:298.507
2024-11-28 16:00:10.074 T:4489 info : Skipped 10 duplicate messages..
2024-11-28 16:00:10.074 T:4489 debug : CAMLCodec::PollFrame elapsed:33.740ms
2024-11-28 16:00:10.075 T:6455 debug : CAMLCodec::AddData: skip add data dl:15403440 fl:319056 sz:373086(373184) lv:100.3% dts:298.298 pts:298.507
2024-11-28 16:00:10.076 T:6455 debug : CAMLCodec::DequeueBuffer: pts:296.254 idx:8303
2024-11-28 16:00:10.076 T:6455 debug : CAMLCodec::GetPicture: index: 8303, pts: 296.254, dur:41.289ms ar:1.78 elf:42ms
2024-11-28 16:00:10.076 T:6455 debug : CVideoPlayerVideo::OutputPicture - ttd:397ms pts:296.254 Clock:295.856 Level:5
2024-11-28 16:00:10.077 T:4489 debug : PrepareNextRender: frameOnScreen: 295.857 renderPts: 296.067 nextFramePts: 296.046 -> diff: 0.021 render: 1 forceNext: 0
2024-11-28 16:00:10.078 T:6455 debug : CAMLCodec::AddData: skip add data dl:15403440 fl:319056 sz:373086(373184) lv:100.3% dts:298.298 pts:298.507
2024-11-28 16:00:10.080 T:4489 info : Skipped 1 duplicate messages..
2024-11-28 16:00:10.080 T:4489 debug : CAMLCodec::ReleaseFrame idx:8298, drop:0
2024-11-28 16:00:10.081 T:6455 debug : CAMLCodec::AddData: skip add data dl:15403440 fl:319056 sz:373086(373184) lv:100.3% dts:298.298 pts:298.507
2024-11-28 16:00:10.116 T:4489 info : Skipped 24 duplicate messages..
2024-11-28 16:00:10.116 T:4489 debug : CAMLCodec::PollFrame elapsed:35.741ms
2024-11-28 16:00:10.118 T:6455 debug : CAMLCodec::AddData: dl:15548592 fl:173904 sz:373086(373184) lv:98.9% dts:298.298 pts:298.507
2024-11-28 16:00:10.118 T:6455 debug : CAMLCodec::DequeueBuffer: pts:296.296 idx:8304
2024-11-28 16:00:10.118 T:6455 debug : CAMLCodec::GetPicture: index: 8304, pts: 296.296, dur:42.000ms ar:1.78 elf:42ms
2024-11-28 16:00:10.118 T:6455 debug : CVideoPlayerVideo::OutputPicture - ttd:397ms pts:296.296 Clock:295.898 Level:5
2024-11-28 16:00:10.119 T:4489 debug : PrepareNextRender: frameOnScreen: 295.899 renderPts: 296.108 nextFramePts: 296.087 -> diff: 0.021 render: 1 forceNext: 0
2024-11-28 16:00:10.120 T:6455 debug : CAMLCodec::AddData: skip add data dl:15548494 fl:174002 sz:398041(398144) lv:101.4% dts:298.340 pts:298.423
2024-11-28 16:00:10.121 T:4489 debug : CAMLCodec::ReleaseFrame idx:8299, drop:0
2024-11-28 16:00:10.122 T:6455 debug : CAMLCodec::AddData: skip add data dl:15548494 fl:174002 sz:398041(398144) lv:101.4% dts:298.340 pts:298.423
2024-11-28 16:00:10.140 T:6452 info : Skipped 12 duplicate messages..
2024-11-28 16:00:10.140 T:6452 debug : CVideoPlayer::ProcessVideoData size:305207 dts:303.970 pts:304.095 dur:41.000ms, clock:295.920 level:100
2024-11-28 16:00:10.140 T:6455 debug : CAMLCodec::AddData: skip add data dl:15548494 fl:174002 sz:398041(398144) lv:101.4% dts:298.340 pts:298.423
2024-11-28 16:00:10.157 T:4489 info : Skipped 11 duplicate messages..
2024-11-28 16:00:10.157 T:4489 debug : CAMLCodec::PollFrame elapsed:36.246ms
2024-11-28 16:00:10.158 T:6455 debug : CAMLCodec::AddData: skip add data dl:15353230 fl:369266 sz:398041(398144) lv:100.1% dts:298.340 pts:298.423
2024-11-28 16:00:10.159 T:6455 debug : CAMLCodec::DequeueBuffer: pts:296.338 idx:8305
2024-11-28 16:00:10.159 T:6455 debug : CAMLCodec::GetPicture: index: 8305, pts: 296.338, dur:42.000ms ar:1.78 elf:40ms
2024-11-28 16:00:10.159 T:6455 debug : CVideoPlayerVideo::OutputPicture - ttd:398ms pts:296.338 Clock:295.939 Level:5
2024-11-28 16:00:10.161 T:4489 debug : PrepareNextRender: frameOnScreen: 295.941 renderPts: 296.150 nextFramePts: 296.129 -> diff: 0.021 render: 1 forceNext: 0
2024-11-28 16:00:10.161 T:6455 debug : CAMLCodec::AddData: skip add data dl:15353230 fl:369266 sz:398041(398144) lv:100.1% dts:298.340 pts:298.423
2024-11-28 16:00:10.163 T:4489 info : Skipped 1 duplicate messages..
2024-11-28 16:00:10.163 T:4489 debug : CAMLCodec::ReleaseFrame idx:8300, drop:0
2024-11-28 16:00:10.164 T:6455 debug : CAMLCodec::AddData: skip add data dl:15353230 fl:369266 sz:398041(398144) lv:100.1% dts:298.340 pts:298.423
2024-11-28 16:00:10.199 T:4489 info : Skipped 25 duplicate messages..
2024-11-28 16:00:10.199 T:4489 debug : CAMLCodec::PollFrame elapsed:35.371ms
2024-11-28 16:00:10.200 T:6455 debug : CAMLCodec::AddData: skip add data dl:15353230 fl:369266 sz:398041(398144) lv:100.1% dts:298.340 pts:298.423
2024-11-28 16:00:10.201 T:6455 debug : CAMLCodec::DequeueBuffer: pts:296.379 idx:8306
2024-11-28 16:00:10.201 T:6455 debug : CAMLCodec::GetPicture: index: 8306, pts: 296.379, dur:41.000ms ar:1.78 elf:41ms
2024-11-28 16:00:10.201 T:6455 debug : CVideoPlayerVideo::OutputPicture - ttd:397ms pts:296.379 Clock:295.981 Level:5
2024-11-28 16:00:10.201 T:4489 debug : PrepareNextRender: frameOnScreen: 295.981 renderPts: 296.191 nextFramePts: 296.171 -> diff: 0.020 render: 1 forceNext: 0
2024-11-28 16:00:10.204 T:4489 debug : CAMLCodec::ReleaseFrame idx:8301, drop:0
2024-11-28 16:00:10.205 T:6455 debug : CAMLCodec::AddData: dl:15560334 fl:162162 sz:398041(398144) lv:98.9% dts:298.340 pts:298.423
2024-11-28 16:00:10.206 T:6455 debug : CAMLCodec::AddData: skip add data dl:15560231 fl:162265 sz:305292(305408) lv:100.9% dts:298.381 pts:298.381
2024-11-28 16:00:10.212 T:6452 info : Skipped 4 duplicate messages..
2024-11-28 16:00:10.212 T:6452 debug : CVideoPlayer::ProcessVideoData size:239509 dts:304.012 pts:304.054 dur:41.000ms, clock:295.991 level:70
2024-11-28 16:00:10.213 T:6455 debug : CAMLCodec::AddData: skip add data dl:15560231 fl:162265 sz:305292(305408) lv:100.9% dts:298.381 pts:298.381
2024-11-28 16:00:10.241 T:4489 info : Skipped 20 duplicate messages..
2024-11-28 16:00:10.241 T:4489 debug : CAMLCodec::PollFrame elapsed:36.650ms
2024-11-28 16:00:10.243 T:6452 debug : CVideoPlayer::ProcessVideoData size:231100 dts:304.054 pts:304.137 dur:41.000ms, clock:296.023 level:70
2024-11-28 16:00:10.244 T:6455 debug : CAMLCodec::AddData: dl:15574375 fl:148121 sz:305292(305408) lv:99.0% dts:298.381 pts:298.381
2024-11-28 16:00:10.244 T:6455 debug : CAMLCodec::DequeueBuffer: pts:296.421 idx:8307
2024-11-28 16:00:10.244 T:6455 debug : CAMLCodec::GetPicture: index: 8307, pts: 296.421, dur:42.000ms ar:1.78 elf:42ms
2024-11-28 16:00:10.244 T:6455 debug : CVideoPlayerVideo::OutputPicture - ttd:397ms pts:296.421 Clock:296.024 Level:5
2024-11-28 16:00:10.245 T:4489 debug : PrepareNextRender: frameOnScreen: 296.025 renderPts: 296.234 nextFramePts: 296.213 -> diff: 0.021 render: 1 forceNext: 0
2024-11-28 16:00:10.247 T:6455 debug : CAMLCodec::AddData: skip add data dl:15574259 fl:148237 sz:306536(306624) lv:101.0% dts:298.423 pts:298.465
2024-11-28 16:00:10.248 T:4489 debug : CAMLCodec::ReleaseFrame idx:8302, drop:0
2024-11-28 16:00:10.249 T:6455 debug : CAMLCodec::AddData: skip add data dl:15574259 fl:148237 sz:306536(306624) lv:101.0% dts:298.423 pts:298.465
2024-11-28 16:00:10.282 T:6455 info : Skipped 25 duplicate messages..
2024-11-28 16:00:10.282 T:6455 debug : CAMLCodec::DequeueBuffer: pts:296.463 idx:8308
2024-11-28 16:00:10.282 T:6455 debug : CAMLCodec::GetPicture: index: 8308, pts: 296.463, dur:42.000ms ar:1.78 elf:38ms
2024-11-28 16:00:10.283 T:6455 debug : CVideoPlayerVideo::OutputPicture - ttd:400ms pts:296.463 Clock:296.062 Level:5
2024-11-28 16:00:10.283 T:4489 debug : CAMLCodec::PollFrame elapsed:34.554ms
2024-11-28 16:00:10.287 T:6455 debug : CAMLCodec::AddData: dl:15615155 fl:107341 sz:306536(306624) lv:99.3% dts:298.423 pts:298.465
2024-11-28 16:00:10.287 T:6455 debug : CAMLCodec::AddData: skip add data dl:15615067 fl:107429 sz:377547(377664) lv:101.7% dts:298.465 pts:298.590
2024-11-28 16:00:10.288 T:4489 debug : PrepareNextRender: frameOnScreen: 296.068 renderPts: 296.277 nextFramePts: 296.254 -> diff: 0.023 render: 1 forceNext: 0
2024-11-28 16:00:10.289 T:6455 debug : CAMLCodec::AddData: skip add data dl:15615067 fl:107429 sz:377547(377664) lv:101.7% dts:298.465 pts:298.590
2024-11-28 16:00:10.293 T:4489 info : Skipped 2 duplicate messages..
2024-11-28 16:00:10.293 T:4489 debug : CAMLCodec::ReleaseFrame idx:8303, drop:0
2024-11-28 16:00:10.294 T:6455 debug : CAMLCodec::AddData: skip add data dl:15615067 fl:107429 sz:377547(377664) lv:101.7% dts:298.465 pts:298.590
2024-11-28 16:00:10.298 T:6452 info : Skipped 2 duplicate messages..
2024-11-28 16:00:10.298 T:6452 debug : CVideoPlayer::ProcessVideoData size:351667 dts:304.095 pts:304.471 dur:41.000ms, clock:296.078 level:70
2024-11-28 16:00:10.298 T:6455 debug : CAMLCodec::AddData: skip add data dl:15615067 fl:107429 sz:377547(377664) lv:101.7% dts:298.465 pts:298.590
2024-11-28 16:00:10.300 T:6452 info : Skipped 1 duplicate messages..
2024-11-28 16:00:10.300 T:6452 debug : CVideoPlayer::ProcessVideoData size:293954 dts:304.137 pts:304.346 dur:41.000ms, clock:296.080 level:70
2024-11-28 16:00:10.301 T:6455 debug : CAMLCodec::AddData: skip add data dl:15615067 fl:107429 sz:377547(377664) lv:101.7% dts:298.465 pts:298.590
2024-11-28 16:00:10.324 T:4489 info : Skipped 16 duplicate messages..
2024-11-28 16:00:10.324 T:4489 debug : CAMLCodec::PollFrame elapsed:31.365ms
2024-11-28 16:00:10.325 T:6455 debug : CAMLCodec::AddData: skip add data dl:15373339 fl:349157 sz:377547(377664) lv:100.1% dts:298.465 pts:298.590
2024-11-28 16:00:10.326 T:6455 debug : CAMLCodec::DequeueBuffer: pts:296.505 idx:8309
2024-11-28 16:00:10.326 T:6455 debug : CAMLCodec::GetPicture: index: 8309, pts: 296.505, dur:42.000ms ar:1.78 elf:43ms
2024-11-28 16:00:10.326 T:6455 debug : CVideoPlayerVideo::OutputPicture - ttd:398ms pts:296.505 Clock:296.106 Level:5
2024-11-28 16:00:10.327 T:4489 debug : PrepareNextRender: frameOnScreen: 296.107 renderPts: 296.317 nextFramePts: 296.296 -> diff: 0.021 render: 1 forceNext: 0
2024-11-28 16:00:10.328 T:6455 debug : CAMLCodec::AddData: skip add data dl:15373339 fl:349157 sz:377547(377664) lv:100.1% dts:298.465 pts:298.590
2024-11-28 16:00:10.330 T:4489 info : Skipped 1 duplicate messages..
2024-11-28 16:00:10.330 T:4489 debug : CAMLCodec::ReleaseFrame idx:8304, drop:0
2024-11-28 16:00:10.331 T:6455 debug : CAMLCodec::AddData: skip add data dl:15373339 fl:349157 sz:377547(377664) lv:100.1% dts:298.465 pts:298.590
2024-11-28 16:00:10.366 T:4489 info : Skipped 25 duplicate messages..
2024-11-28 16:00:10.366 T:4489 debug : CAMLCodec::PollFrame elapsed:35.321ms
2024-11-28 16:00:10.368 T:6455 debug : CAMLCodec::AddData: dl:15556507 fl:165989 sz:377547(377664) lv:98.9% dts:298.465 pts:298.590
2024-11-28 16:00:10.368 T:6455 debug : CAMLCodec::DequeueBuffer: pts:296.546 idx:8310
2024-11-28 16:00:10.368 T:6455 debug : CAMLCodec::GetPicture: index: 8310, pts: 296.546, dur:41.000ms ar:1.78 elf:42ms
2024-11-28 16:00:10.368 T:6455 debug : CVideoPlayerVideo::OutputPicture - ttd:397ms pts:296.546 Clock:296.148 Level:5
2024-11-28 16:00:10.370 T:4489 debug : PrepareNextRender: frameOnScreen: 296.150 renderPts: 296.359 nextFramePts: 296.338 -> diff: 0.021 render: 1 forceNext: 0
2024-11-28 16:00:10.370 T:6455 debug : CAMLCodec::AddData: skip add data dl:15556390 fl:166106 sz:327008(327104) lv:101.0% dts:298.507 pts:298.548
2024-11-28 16:00:10.373 T:4489 info : Skipped 1 duplicate messages..
2024-11-28 16:00:10.373 T:4489 debug : CAMLCodec::ReleaseFrame idx:8305, drop:0
2024-11-28 16:00:10.373 T:6455 debug : CAMLCodec::AddData: skip add data dl:15556390 fl:166106 sz:327008(327104) lv:101.0% dts:298.507 pts:298.548
2024-11-28 16:00:10.408 T:4489 info : Skipped 26 duplicate messages..
2024-11-28 16:00:10.408 T:4489 debug : CAMLCodec::PollFrame elapsed:34.733ms
2024-11-28 16:00:10.411 T:6455 debug : CAMLCodec::AddData: dl:15695910 fl:26586 sz:327008(327104) lv:99.8% dts:298.507 pts:298.548
2024-11-28 16:00:10.411 T:6455 debug : CAMLCodec::DequeueBuffer: pts:296.588 idx:8311
2024-11-28 16:00:10.411 T:6455 debug : CAMLCodec::GetPicture: index: 8311, pts: 296.588, dur:42.000ms ar:1.78 elf:42ms
2024-11-28 16:00:10.411 T:4489 debug : PrepareNextRender: frameOnScreen: 296.191 renderPts: 296.400 nextFramePts: 296.379 -> diff: 0.021 render: 1 forceNext: 0
2024-11-28 16:00:10.411 T:6455 debug : CVideoPlayerVideo::OutputPicture - ttd:396ms pts:296.588 Clock:296.191 Level:4
2024-11-28 16:00:10.412 T:6452 debug : CVideoPlayer::ProcessVideoData size:281270 dts:304.179 pts:304.262 dur:41.000ms, clock:296.192 level:70
2024-11-28 16:00:10.413 T:4489 debug : CAMLCodec::ReleaseFrame idx:8306, drop:0
2024-11-28 16:00:10.414 T:6455 debug : CAMLCodec::AddData: skip add data dl:15695814 fl:26682 sz:295293(295360) lv:101.7% dts:298.548 pts:298.632
2024-11-28 16:00:10.449 T:4489 info : Skipped 26 duplicate messages..
2024-11-28 16:00:10.449 T:4489 debug : CAMLCodec::PollFrame elapsed:35.501ms
2024-11-28 16:00:10.450 T:6455 debug : CAMLCodec::DequeueBuffer: pts:296.630 idx:8312
2024-11-28 16:00:10.450 T:6455 debug : CAMLCodec::GetPicture: index: 8312, pts: 296.630, dur:42.000ms ar:1.78 elf:38ms
2024-11-28 16:00:10.450 T:6455 debug : CVideoPlayerVideo::OutputPicture - ttd:400ms pts:296.630 Clock:296.230 Level:5
2024-11-28 16:00:10.451 T:6455 debug : CAMLCodec::AddData: skip add data dl:15456582 fl:265914 sz:295293(295360) lv:100.1% dts:298.548 pts:298.632
2024-11-28 16:00:10.453 T:4489 debug : PrepareNextRender: frameOnScreen: 296.233 renderPts: 296.442 nextFramePts: 296.421 -> diff: 0.021 render: 1 forceNext: 0
2024-11-28 16:00:10.454 T:6455 debug : CAMLCodec::AddData: skip add data dl:15456582 fl:265914 sz:295293(295360) lv:100.1% dts:298.548 pts:298.632
2024-11-28 16:00:10.456 T:4489 info : Skipped 1 duplicate messages..
2024-11-28 16:00:10.456 T:4489 debug : CAMLCodec::ReleaseFrame idx:8307, drop:0
2024-11-28 16:00:10.456 T:6455 debug : CAMLCodec::AddData: skip add data dl:15456582 fl:265914 sz:295293(295360) lv:100.1% dts:298.548 pts:298.632
2024-11-28 16:00:10.464 T:6452 info : Skipped 5 duplicate messages..
2024-11-28 16:00:10.464 T:6452 debug : CVideoPlayer::ProcessVideoData size:225888 dts:304.221 pts:304.221 dur:41.000ms, clock:296.244 level:100
2024-11-28 16:00:10.466 T:6455 debug : CAMLCodec::AddData: skip add data dl:15456582 fl:265914 sz:295293(295360) lv:100.1% dts:298.548 pts:298.632
2024-11-28 16:00:10.491 T:4489 info : Skipped 19 duplicate messages..
2024-11-28 16:00:10.491 T:4489 debug : CAMLCodec::PollFrame elapsed:35.069ms
2024-11-28 16:00:10.491 T:6455 debug : CAMLCodec::AddData: skip add data dl:15456582 fl:265914 sz:295293(295360) lv:100.1% dts:298.548 pts:298.632
2024-11-28 16:00:10.493 T:6455 debug : CAMLCodec::DequeueBuffer: pts:296.671 idx:8313
2024-11-28 16:00:10.493 T:6455 debug : CAMLCodec::GetPicture: index: 8313, pts: 296.671, dur:41.000ms ar:1.78 elf:43ms
2024-11-28 16:00:10.493 T:6455 debug : CVideoPlayerVideo::OutputPicture - ttd:398ms pts:296.671 Clock:296.273 Level:5
2024-11-28 16:00:10.494 T:4489 debug : PrepareNextRender: frameOnScreen: 296.274 renderPts: 296.483 nextFramePts: 296.463 -> diff: 0.020 render: 1 forceNext: 0
2024-11-28 16:00:10.494 T:6455 debug : CAMLCodec::DequeueBuffer: pts:296.713 idx:8314
2024-11-28 16:00:10.494 T:6455 debug : CAMLCodec::GetPicture: index: 8314, pts: 296.713, dur:42.000ms ar:1.78 elf:1ms
2024-11-28 16:00:10.494 T:6455 debug : CVideoPlayerVideo::OutputPicture - ttd:438ms pts:296.713 Clock:296.274 Level:5
2024-11-28 16:00:10.495 T:6455 debug : CAMLCodec::DequeueBuffer: pts:296.755 idx:8315
2024-11-28 16:00:10.495 T:6455 debug : CAMLCodec::GetPicture: index: 8315, pts: 296.755, dur:42.000ms ar:1.78 elf:1ms
2024-11-28 16:00:10.496 T:6455 debug : CVideoPlayerVideo::OutputPicture - ttd:479ms pts:296.755 Clock:296.276 Level:6
2024-11-28 16:00:10.496 T:4489 debug : CAMLCodec::ReleaseFrame idx:8308, drop:0
2024-11-28 16:00:10.497 T:6455 debug : CAMLCodec::DequeueBuffer: pts:296.797 idx:8316
2024-11-28 16:00:10.497 T:6455 debug : CAMLCodec::GetPicture: index: 8316, pts: 296.797, dur:42.000ms ar:1.78 elf:1ms
2024-11-28 16:00:10.497 T:6455 debug : CVideoPlayerVideo::OutputPicture - ttd:520ms pts:296.797 Clock:296.277 Level:7
2024-11-28 16:00:10.500 T:6455 debug : CAMLCodec::AddData: dl:15564422 fl:158074 sz:295293(295360) lv:99.0% dts:298.548 pts:298.632
2024-11-28 16:00:10.501 T:6455 debug : CAMLCodec::AddData: skip add data dl:15564355 fl:158141 sz:433590(433664) lv:101.7% dts:298.590 pts:298.965
2024-11-28 16:00:10.505 T:6452 info : Skipped 2 duplicate messages..
2024-11-28 16:00:10.505 T:6452 debug : CVideoPlayer::ProcessVideoData size:225267 dts:304.262 pts:304.304 dur:41.000ms, clock:296.285 level:71
2024-11-28 16:00:10.507 T:6455 debug : CAMLCodec::AddData: skip add data dl:15564355 fl:158141 sz:433590(433664) lv:101.7% dts:298.590 pts:298.965
2024-11-28 16:00:10.533 T:4489 info : Skipped 14 duplicate messages..
2024-11-28 16:00:10.533 T:4489 debug : CAMLCodec::PollFrame elapsed:36.489ms
2024-11-28 16:00:10.537 T:6455 debug : CAMLCodec::AddData: dl:15638979 fl:83517 sz:433590(433664) lv:99.4% dts:298.590 pts:298.965
2024-11-28 16:00:10.537 T:4489 debug : PrepareNextRender: frameOnScreen: 296.317 renderPts: 296.526 nextFramePts: 296.505 -> diff: 0.021 render: 1 forceNext: 0
2024-11-28 16:00:10.537 T:6452 debug : CVideoPlayer::ProcessVideoData size:278950 dts:304.304 pts:304.429 dur:41.000ms, clock:296.317 level:71
2024-11-28 16:00:10.538 T:6455 debug : CAMLCodec::AddData: skip add data dl:15638905 fl:83591 sz:391214(391296) lv:101.9% dts:298.632 pts:298.840
2024-11-28 16:00:10.541 T:4489 info : Skipped 1 duplicate messages..
2024-11-28 16:00:10.541 T:4489 debug : CAMLCodec::ReleaseFrame idx:8309, drop:0
2024-11-28 16:00:10.541 T:6455 debug : CAMLCodec::AddData: skip add data dl:15638905 fl:83591 sz:391214(391296) lv:101.9% dts:298.632 pts:298.840
2024-11-28 16:00:10.574 T:4489 info : Skipped 23 duplicate messages..
2024-11-28 16:00:10.574 T:4489 debug : CAMLCodec::PollFrame elapsed:32.939ms
2024-11-28 16:00:10.576 T:6455 debug : CAMLCodec::AddData: skip add data dl:15357625 fl:364871 sz:391214(391296) lv:100.1% dts:298.632 pts:298.840
2024-11-28 16:00:10.578 T:4489 info : Skipped 1 duplicate messages..
2024-11-28 16:00:10.578 T:4489 debug : PrepareNextRender: frameOnScreen: 296.358 renderPts: 296.567 nextFramePts: 296.546 -> diff: 0.021 render: 1 forceNext: 0
