2024-11-28 15:59:59.664 T:4489 debug : ------ Window Init (VideoFullScreen.xml) ------
2024-11-28 15:59:59.665 T:6455 debug : CAMLCodec::AddData: skip add data dl:15400130 fl:322366 sz:349450(349568) lv:100.1% dts:288.246 pts:288.371
2024-11-28 15:59:59.667 T:6452 info : Skipped 1 duplicate messages..
2024-11-28 15:59:59.667 T:6452 debug : CVideoPlayer::ProcessVideoData size:265373 dts:291.541 pts:291.583 dur:41.000ms, clock:286.284 level:41
2024-11-28 15:59:59.669 T:6455 debug : CAMLCodec::AddData: skip add data dl:15400130 fl:322366 sz:349450(349568) lv:100.1% dts:288.246 pts:288.371
2024-11-28 15:59:59.669 T:4489 info : [WHITELIST] Searching the whitelist for: width: 3840, height: 2160, fps: 23.976, 3D: false:(0x4), stereo mode: 0
2024-11-28 15:59:59.670 T:4489 debug : [WHITELIST] Using the default whitelist because the user whitelist is empty
2024-11-28 15:59:59.670 T:4489 debug : [WHITELIST] Searching for an exact resolution with an exact refresh rate
2024-11-28 15:59:59.670 T:4489 debug : [WHITELIST] Matched an exact resolution with an exact refresh rate 3840x2160 @ 23.98 - Full Screen, 0x4 (39)
2024-11-28 15:59:59.670 T:4489 debug : [WHITELIST] Matched an exact resolution with an exact refresh rate 4096x2160 @ 23.98 - Full Screen, 0x4 (41)
2024-11-28 15:59:59.670 T:4489 debug : [WHITELIST] Searching for an exact resolution with double the refresh rate
2024-11-28 15:59:59.671 T:6455 debug : CAMLCodec::AddData: skip add data dl:15400130 fl:322366 sz:349450(349568) lv:100.1% dts:288.246 pts:288.371
2024-11-28 15:59:59.671 T:4489 info : Display resolution ADJUST : 3840x2160 @ 23.98 - Full Screen (39) (weight: 0.000)
2024-11-28 15:59:59.671 T:4489 debug : CWinSystemAmlogicGLESContext::CreateNewWindow: m_bWindowCreated: true, frac rate 1(0), hdrType: dolbyvision(sdr), force mode switch: true
2024-11-28 15:59:59.672 T:4489 debug : CWinSystemAmlogicGLESContext::CreateNewWindow: cur: iWidth: 1920, iHeight: 1080, iScreenWidth: 1920, iScreenHeight: 1080, fRefreshRate: 120.00, dwFlags: 04
2024-11-28 15:59:59.672 T:4489 debug : CWinSystemAmlogicGLESContext::CreateNewWindow: res: iWidth: 1920, iHeight: 1080, iScreenWidth: 3840, iScreenHeight: 2160, fRefreshRate: 23.98, dwFlags: 04
2024-11-28 15:59:59.672 T:6452 debug : CVideoPlayer::ProcessVideoData size:334036 dts:291.583 pts:291.708 dur:41.000ms, clock:286.288 level:42
2024-11-28 15:59:59.674 T:6455 debug : CAMLCodec::AddData: skip add data dl:15400130 fl:322366 sz:349450(349568) lv:100.1% dts:288.246 pts:288.371
2024-11-28 15:59:59.677 T:6452 info : Skipped 2 duplicate messages..
2024-11-28 15:59:59.677 T:6452 debug : CVideoPlayer::ProcessVideoData size:270487 dts:291.625 pts:291.666 dur:41.000ms, clock:286.293 level:42
2024-11-28 15:59:59.679 T:6455 debug : CAMLCodec::AddData: skip add data dl:15400130 fl:322366 sz:349450(349568) lv:100.1% dts:288.246 pts:288.371
2024-11-28 15:59:59.687 T:6452 info : Skipped 5 duplicate messages..
2024-11-28 15:59:59.687 T:6452 debug : CVideoPlayer::ProcessVideoData size:279344 dts:291.666 pts:291.750 dur:41.000ms, clock:286.304 level:43
2024-11-28 15:59:59.693 T:6455 debug : CAMLCodec::AddData: skip add data dl:15400130 fl:322366 sz:349450(349568) lv:100.1% dts:288.246 pts:288.371
2024-11-28 15:59:59.699 T:6452 info : Skipped 3 duplicate messages..
2024-11-28 15:59:59.699 T:6452 debug : CVideoPlayer::ProcessVideoData size:432904 dts:291.708 pts:292.083 dur:41.000ms, clock:286.315 level:43
2024-11-28 15:59:59.700 T:6455 debug : CAMLCodec::AddData: skip add data dl:15400130 fl:322366 sz:349450(349568) lv:100.1% dts:288.246 pts:288.371
2024-11-28 15:59:59.703 T:6452 info : Skipped 1 duplicate messages..
2024-11-28 15:59:59.703 T:6452 debug : CVideoPlayer::ProcessVideoData size:340174 dts:291.750 pts:291.958 dur:41.000ms, clock:286.319 level:44
2024-11-28 15:59:59.704 T:6455 debug : CAMLCodec::AddData: skip add data dl:15400130 fl:322366 sz:349450(349568) lv:100.1% dts:288.246 pts:288.371
2024-11-28 15:59:59.708 T:6452 info : Skipped 2 duplicate messages..
2024-11-28 15:59:59.708 T:6452 debug : CVideoPlayer::ProcessVideoData size:327019 dts:291.792 pts:291.875 dur:41.000ms, clock:286.325 level:44
2024-11-28 15:59:59.710 T:6455 debug : CAMLCodec::AddData: skip add data dl:15400130 fl:322366 sz:349450(349568) lv:100.1% dts:288.246 pts:288.371
2024-11-28 15:59:59.713 T:6452 info : Skipped 2 duplicate messages..
2024-11-28 15:59:59.713 T:6452 debug : CVideoPlayer::ProcessVideoData size:278208 dts:291.833 pts:291.833 dur:41.000ms, clock:286.330 level:45
2024-11-28 15:59:59.715 T:6455 debug : CAMLCodec::AddData: skip add data dl:15400130 fl:322366 sz:349450(349568) lv:100.1% dts:288.246 pts:288.371
2024-11-28 15:59:59.721 T:6452 info : Skipped 4 duplicate messages..
2024-11-28 15:59:59.721 T:6452 debug : CVideoPlayer::ProcessVideoData size:276537 dts:291.875 pts:291.917 dur:41.000ms, clock:286.338 level:45
2024-11-28 15:59:59.723 T:6455 debug : CAMLCodec::AddData: skip add data dl:15400130 fl:322366 sz:349450(349568) lv:100.1% dts:288.246 pts:288.371
2024-11-28 15:59:59.727 T:6452 info : Skipped 2 duplicate messages..
2024-11-28 15:59:59.727 T:6452 debug : CVideoPlayer::ProcessVideoData size:325081 dts:291.917 pts:292.042 dur:41.000ms, clock:286.343 level:46
2024-11-28 15:59:59.728 T:6455 debug : CAMLCodec::AddData: skip add data dl:15400130 fl:322366 sz:349450(349568) lv:100.1% dts:288.246 pts:288.371
2024-11-28 15:59:59.732 T:6452 info : Skipped 2 duplicate messages..
2024-11-28 15:59:59.732 T:6452 debug : CVideoPlayer::ProcessVideoData size:282481 dts:291.958 pts:292.000 dur:41.000ms, clock:286.348 level:46
2024-11-28 15:59:59.734 T:6455 debug : CAMLCodec::AddData: skip add data dl:15400130 fl:322366 sz:349450(349568) lv:100.1% dts:288.246 pts:288.371
2024-11-28 15:59:59.743 T:6452 info : Skipped 6 duplicate messages..
2024-11-28 15:59:59.743 T:6452 debug : CVideoPlayer::ProcessVideoData size:472249 dts:292.000 pts:292.125 dur:41.000ms, clock:286.359 level:46
2024-11-28 15:59:59.745 T:6455 debug : CAMLCodec::AddData: skip add data dl:15400130 fl:322366 sz:349450(349568) lv:100.1% dts:288.246 pts:288.371
2024-11-28 15:59:59.755 T:6452 info : Skipped 6 duplicate messages..
2024-11-28 15:59:59.755 T:6452 debug : CVideoPlayer::ProcessVideoData size:412406 dts:292.042 pts:292.459 dur:41.000ms, clock:286.371 level:47
2024-11-28 15:59:59.755 T:6455 debug : CAMLCodec::AddData: skip add data dl:15400130 fl:322366 sz:349450(349568) lv:100.1% dts:288.246 pts:288.371
2024-11-28 15:59:59.760 T:6452 info : Skipped 2 duplicate messages..
2024-11-28 15:59:59.760 T:6452 debug : CVideoPlayer::ProcessVideoData size:328396 dts:292.083 pts:292.292 dur:41.000ms, clock:286.376 level:47
2024-11-28 15:59:59.760 T:6455 debug : CAMLCodec::AddData: skip add data dl:15400130 fl:322366 sz:349450(349568) lv:100.1% dts:288.246 pts:288.371
2024-11-28 15:59:59.767 T:6452 info : Skipped 5 duplicate messages..
2024-11-28 15:59:59.767 T:6452 debug : CVideoPlayer::ProcessVideoData size:329612 dts:292.125 pts:292.209 dur:41.000ms, clock:286.384 level:48
2024-11-28 15:59:59.769 T:4489 info : VideoPlayer: OnLostDisplay received
2024-11-28 15:59:59.769 T:4489 debug : aml_set_display_resolution: try to set mode: 2160p24hz
2024-11-28 15:59:59.769 T:6455 debug : CVideoPlayerVideo - CDVDMsg::GENERAL_PAUSE: true
2024-11-28 15:59:59.772 T:6452 debug : CVideoPlayer::ProcessVideoData size:257135 dts:292.167 pts:292.167 dur:41.000ms, clock:286.385 level:49
2024-11-28 16:00:00.194 T:4489 info : GLES: Maximum texture width: 8192
2024-11-28 16:00:00.195 T:4489 debug : PrepareNextRender: frameOnScreen: 286.385 renderPts: 286.573 nextFramePts: 285.827 -> diff: 0.746 render: 1 forceNext: 0
2024-11-28 16:00:00.196 T:4489 debug : CAMLCodec::ReleaseFrame idx:8053, drop:1
2024-11-28 16:00:00.196 T:4489 debug : CAMLCodec::ReleaseFrame idx:8054, drop:1
2024-11-28 16:00:00.196 T:4489 debug : CAMLCodec::ReleaseFrame idx:8055, drop:1
2024-11-28 16:00:00.196 T:4489 debug : CAMLCodec::ReleaseFrame idx:8056, drop:1
2024-11-28 16:00:00.196 T:4489 debug : CAMLCodec::ReleaseFrame idx:8057, drop:1
2024-11-28 16:00:00.196 T:4489 debug : CAMLCodec::ReleaseFrame idx:8058, drop:1
2024-11-28 16:00:00.196 T:4489 debug : ApplyStyle - Start setting up the LibAss style
2024-11-28 16:00:00.199 T:4489 debug : CDVDSubtitlesLibass: [ass] fontselect: (DejaVu Sans, 400, 0) -> DejaVuSans, 0, DejaVuSans
2024-11-28 16:00:00.204 T:4489 debug : CAMLCodec::ReleaseFrame idx:8059, drop:0
2024-11-28 16:00:00.204 T:4489 debug : CAMLCodec::SetVideoRect:display(0,0,3840,2160)
2024-11-28 16:00:00.204 T:4489 debug : CAMLCodec::SetVideoRect:gui(0,0,1920,1080)
2024-11-28 16:00:00.204 T:4489 debug : CAMLCodec::SetVideoRect:m_dst_rect(0,0,1920,1080)
2024-11-28 16:00:00.204 T:4489 debug : CAMLCodec::SetVideoRect:dst_rect(0,0,3840,2160)
2024-11-28 16:00:00.204 T:4489 debug : CAMLCodec::SetVideoRect:m_guiStereoMode(0)
2024-11-28 16:00:00.204 T:4489 debug : CAMLCodec::SetVideoRect:m_guiStereoView(0)
2024-11-28 16:00:00.204 T:4489 debug : CAMLCodec::PollFrame elapsed:0.012ms
2024-11-28 16:00:00.205 T:4489 debug : ------ Window Deinit (DialogBusy.xml) ------
2024-11-28 16:00:00.232 T:4489 debug : CAMLCodec::PollFrame elapsed:22.252ms
2024-11-28 16:00:00.279 T:4489 debug : CAMLCodec::PollFrame elapsed:40.430ms
2024-11-28 16:00:00.314 T:4489 debug : CAMLCodec::PollFrame elapsed:31.033ms
2024-11-28 16:00:00.356 T:4489 debug : CAMLCodec::PollFrame elapsed:38.461ms
2024-11-28 16:00:00.397 T:4489 debug : CAMLCodec::PollFrame elapsed:38.543ms
2024-11-28 16:00:00.439 T:4489 debug : CAMLCodec::PollFrame elapsed:37.508ms
2024-11-28 16:00:00.481 T:4489 debug : CAMLCodec::PollFrame elapsed:38.557ms
2024-11-28 16:00:00.522 T:4489 debug : CAMLCodec::PollFrame elapsed:38.591ms
2024-11-28 16:00:00.564 T:4489 debug : CAMLCodec::PollFrame elapsed:38.508ms
2024-11-28 16:00:00.606 T:4489 debug : CAMLCodec::PollFrame elapsed:38.603ms
2024-11-28 16:00:00.648 T:4489 debug : CAMLCodec::PollFrame elapsed:38.539ms
2024-11-28 16:00:00.689 T:4489 debug : CAMLCodec::PollFrame elapsed:38.548ms
2024-11-28 16:00:00.689 T:4489 info : VideoPlayer: OnResetDisplay received
2024-11-28 16:00:00.689 T:4524 debug : CActiveAE - display reset event
2024-11-28 16:00:00.689 T:6455 debug : CVideoPlayerVideo - CDVDMsg::GENERAL_PAUSE: false
2024-11-28 16:00:00.690 T:6455 debug : CVideoPlayerVideo::CalcDropRequirement - hurry: 0
2024-11-28 16:00:00.690 T:6455 debug : SetCodecControl 0->4000000
2024-11-28 16:00:00.690 T:4525 info : CActiveAESink::OpenSink - initialize sink
2024-11-28 16:00:00.690 T:4525 debug : CActiveAESink::OpenSink - trying to open device ALSA:hdmi:CARD=AMLAUGESOUND,DEV=0
2024-11-28 16:00:00.690 T:4525 info : CAESinkALSA::Initialize - Configure simple control for "AUGESOUND"
2024-11-28 16:00:00.690 T:4525 info : CAESinkALSA - Use card "hw:0" and set codec format "TrueHD"
2024-11-28 16:00:00.691 T:4525 info : CAESinkALSA - Set Spdif to HDMITX to "Spdif_b"
2024-11-28 16:00:00.692 T:4525 info : CAESinkALSA - Set codec for "Audio spdif_b format"
2024-11-28 16:00:00.692 T:4525 info : CAESinkALSA - Set codec for "Audio spdif format"
2024-11-28 16:00:00.692 T:4525 info : CAESinkALSA::Initialize - Attempting to open device "hdmi:CARD=AMLAUGESOUND,DEV=0"
2024-11-28 16:00:00.692 T:6455 debug : CAMLCodec::AddData: dl:13777346 fl:1945150 sz:349450(349568) lv:87.6% dts:288.246 pts:288.371
2024-11-28 16:00:00.692 T:6455 debug : CAMLCodec::DequeueBuffer: pts:286.119 idx:8060
2024-11-28 16:00:00.692 T:6455 debug : CAMLCodec::GetPicture: index: 8060, pts: 286.119, dur:42.000ms ar:1.78 elf:1611ms
2024-11-28 16:00:00.693 T:6455 debug : CVideoPlayerVideo::OutputPicture - ttd:-269ms pts:286.119 Clock:286.388 Level:0
2024-11-28 16:00:00.695 T:6455 debug : CAMLCodec::DequeueBuffer: pts:286.161 idx:8061
2024-11-28 16:00:00.695 T:6455 debug : CAMLCodec::GetPicture: index: 8061, pts: 286.161, dur:42.000ms ar:1.78 elf:2ms
2024-11-28 16:00:00.695 T:6455 debug : CVideoPlayerVideo::OutputPicture - ttd:-230ms pts:286.161 Clock:286.391 Level:1
2024-11-28 16:00:00.696 T:6455 debug : CAMLCodec::DequeueBuffer: pts:286.203 idx:8062
2024-11-28 16:00:00.696 T:6455 debug : CAMLCodec::GetPicture: index: 8062, pts: 286.203, dur:42.000ms ar:1.78 elf:1ms
2024-11-28 16:00:00.696 T:6455 debug : CVideoPlayerVideo::OutputPicture - ttd:-189ms pts:286.203 Clock:286.392 Level:2
2024-11-28 16:00:00.698 T:6455 debug : CAMLCodec::DequeueBuffer: pts:286.244 idx:8063
2024-11-28 16:00:00.698 T:6455 debug : CAMLCodec::GetPicture: index: 8063, pts: 286.244, dur:41.000ms ar:1.78 elf:1ms
2024-11-28 16:00:00.698 T:6455 debug : CVideoPlayerVideo::OutputPicture - ttd:-149ms pts:286.244 Clock:286.394 Level:3
2024-11-28 16:00:00.698 T:4525 info : CAESinkALSA::Initialize - Opened device "hdmi:CARD=AMLAUGESOUND,DEV=0,AES0=0x06,AES1=0x82,AES2=0x00,AES3=0x09"
2024-11-28 16:00:00.698 T:4525 debug : CAESinkALSA::InitializeHW - Request: periodSize 4096, bufferSize 16384
2024-11-28 16:00:00.698 T:4525 debug : CAESinkALSA::InitializeHW - Got: periodSize 4096, bufferSize 16384
2024-11-28 16:00:00.698 T:4525 debug : CAESinkALSA::InitializeHW - Setting timeout to 86 ms
2024-11-28 16:00:00.699 T:4525 debug : CAESinkALSA::GetChannelLayout - Input Channel Count: 8 Output Channel Count: 8
2024-11-28 16:00:00.699 T:4525 debug : CAESinkALSA::GetChannelLayout - Requested Layout: RAW, RAW, RAW, RAW, RAW, RAW, RAW, RAW
2024-11-28 16:00:00.699 T:4525 debug : CAESinkALSA::GetChannelLayout - Got Layout: RAW, RAW, RAW, RAW, RAW, RAW, RAW, RAW (ALSA: none)
2024-11-28 16:00:00.699 T:6455 debug : CAMLCodec::DequeueBuffer: pts:286.286 idx:8064
2024-11-28 16:00:00.699 T:6455 debug : CAMLCodec::GetPicture: index: 8064, pts: 286.286, dur:42.000ms ar:1.78 elf:1ms
2024-11-28 16:00:00.699 T:6455 debug : CVideoPlayerVideo::OutputPicture - ttd:-108ms pts:286.286 Clock:286.395 Level:4
2024-11-28 16:00:00.700 T:4525 debug : CActiveAESink::OpenSink - ALSA Initialized:
2024-11-28 16:00:00.700 T:4525 debug : Output Device : AML-AUGESOUND
2024-11-28 16:00:00.700 T:4525 debug : Sample Rate : 192000
2024-11-28 16:00:00.700 T:4525 debug : Sample Format : AE_FMT_S16NE
2024-11-28 16:00:00.700 T:4525 debug : Channel Count : 8
2024-11-28 16:00:00.700 T:4525 debug : Channel Layout: RAW, RAW, RAW, RAW, RAW, RAW, RAW, RAW
2024-11-28 16:00:00.700 T:4525 debug : Frames : 4096
2024-11-28 16:00:00.700 T:4525 debug : Frame Size : 16
2024-11-28 16:00:00.702 T:6455 debug : CAMLCodec::DequeueBuffer: pts:286.328 idx:8065
2024-11-28 16:00:00.702 T:6455 debug : CAMLCodec::GetPicture: index: 8065, pts: 286.328, dur:42.000ms ar:1.78 elf:2ms
2024-11-28 16:00:00.702 T:6455 debug : CVideoPlayerVideo::OutputPicture - ttd:-69ms pts:286.328 Clock:286.398 Level:5
2024-11-28 16:00:00.703 T:6455 debug : CAMLCodec::DequeueBuffer: pts:286.369 idx:8066
2024-11-28 16:00:00.703 T:6455 debug : CAMLCodec::GetPicture: index: 8066, pts: 286.369, dur:41.000ms ar:1.78 elf:1ms
2024-11-28 16:00:00.704 T:6455 debug : CVideoPlayerVideo::OutputPicture - ttd:-30ms pts:286.369 Clock:286.399 Level:6
2024-11-28 16:00:00.705 T:6455 debug : SetCodecControl 4000000->0
2024-11-28 16:00:00.706 T:4524 debug : CActiveAE::ClearDiscardedBuffers - buffer pool deleted
2024-11-28 16:00:00.707 T:6456 info : Skipped 2 duplicate messages..
2024-11-28 16:00:00.707 T:6456 debug : CVideoPlayerAudio - CDVDMsg::GENERAL_PAUSE: true
2024-11-28 16:00:00.707 T:6456 debug : CVideoPlayerAudio - CDVDMsg::GENERAL_PAUSE: false
2024-11-28 16:00:00.707 T:6455 debug : CAMLCodec::AddData: dl:14048844 fl:1673652 sz:271551(271616) lv:89.3% dts:288.288 pts:288.330
2024-11-28 16:00:00.708 T:6456 info : CVideoPlayerAudio: display reset occurred, checking for passthrough
2024-11-28 16:00:00.708 T:6456 debug : CDVDAudioCodecPassthrough::Open - passthrough output device is IEC
2024-11-28 16:00:00.710 T:6455 debug : CAMLCodec::AddData: dl:14326987 fl:1395509 sz:278136(278208) lv:91.1% dts:288.330 pts:288.413
2024-11-28 16:00:00.710 T:6455 debug : CVideoPlayerVideo - CDVDMsg::DEMUXER_PACKET - checking interlace vfmt: null
2024-11-28 16:00:00.714 T:6455 debug : CAMLCodec::AddData: dl:14783939 fl:938557 sz:456920(457024) lv:94.0% dts:288.371 pts:288.789
2024-11-28 16:00:00.717 T:6455 debug : CAMLCodec::AddData: dl:15137627 fl:584869 sz:353721(353792) lv:96.2% dts:288.413 pts:288.622
2024-11-28 16:00:00.720 T:6455 debug : CAMLCodec::AddData: dl:15484116 fl:238380 sz:346468(346560) lv:98.4% dts:288.455 pts:288.538
2024-11-28 16:00:00.720 T:6455 debug : CAMLCodec::AddData: skip add data dl:15484024 fl:238472 sz:276721(276800) lv:100.2% dts:288.497 pts:288.497
2024-11-28 16:00:00.724 T:6447 info : Skipped 2 duplicate messages..
2024-11-28 16:00:00.724 T:6447 debug : OnAVChange: CApplication::OnAVChange
2024-11-28 16:00:00.724 T:6455 debug : CAMLCodec::AddData: skip add data dl:15484024 fl:238472 sz:276721(276800) lv:100.2% dts:288.497 pts:288.497
2024-11-28 16:00:00.726 T:6452 info : Skipped 1 duplicate messages..
2024-11-28 16:00:00.726 T:6452 debug : CVideoPlayer::ProcessVideoData size:273198 dts:292.209 pts:292.250 dur:41.000ms, clock:286.422 level:46
2024-11-28 16:00:00.727 T:6452 debug : CVideoPlayer::ProcessVideoData size:329847 dts:292.250 pts:292.375 dur:41.000ms, clock:286.423 level:47
2024-11-28 16:00:00.728 T:6452 debug : CVideoPlayer::ProcessVideoData size:271359 dts:292.292 pts:292.334 dur:41.000ms, clock:286.424 level:47
2024-11-28 16:00:00.729 T:6452 debug : CVideoPlayer::ProcessVideoData size:280609 dts:292.334 pts:292.417 dur:41.000ms, clock:286.425 level:48
2024-11-28 16:00:00.731 T:4489 debug : CAMLCodec::PollFrame elapsed:34.197ms
2024-11-28 16:00:00.731 T:6455 debug : CAMLCodec::AddData: skip add data dl:15484024 fl:238472 sz:276721(276800) lv:100.2% dts:288.497 pts:288.497
2024-11-28 16:00:00.735 T:4489 info : Skipped 2 duplicate messages..
2024-11-28 16:00:00.735 T:4489 debug : PrepareNextRender: frameOnScreen: 286.431 renderPts: 286.618 nextFramePts: 286.119 -> diff: 0.499 render: 1 forceNext: 0
2024-11-28 16:00:00.735 T:4489 debug : CAMLCodec::ReleaseFrame idx:8060, drop:1
2024-11-28 16:00:00.735 T:4489 debug : CAMLCodec::ReleaseFrame idx:8061, drop:1
2024-11-28 16:00:00.735 T:4489 debug : CAMLCodec::ReleaseFrame idx:8062, drop:1
2024-11-28 16:00:00.735 T:4489 debug : CAMLCodec::ReleaseFrame idx:8063, drop:1
2024-11-28 16:00:00.735 T:4489 debug : CAMLCodec::ReleaseFrame idx:8064, drop:1
2024-11-28 16:00:00.735 T:4489 debug : CAMLCodec::ReleaseFrame idx:8065, drop:1
2024-11-28 16:00:00.735 T:6455 debug : CVideoPlayerVideo::CalcDropRequirement - hurry: 0
2024-11-28 16:00:00.735 T:6455 debug : SetCodecControl 0->4000000
2024-11-28 16:00:00.736 T:6455 debug : CAMLCodec::AddData: skip add data dl:15484024 fl:238472 sz:276721(276800) lv:100.2% dts:288.497 pts:288.497
2024-11-28 16:00:00.737 T:6455 debug : CVideoPlayerVideo::CalcDropRequirement - hurry: 0
2024-11-28 16:00:00.737 T:6455 debug : CAMLCodec::AddData: skip add data dl:15484024 fl:238472 sz:276721(276800) lv:100.2% dts:288.497 pts:288.497
2024-11-28 16:00:00.738 T:6455 debug : CVideoPlayerVideo::CalcDropRequirement - hurry: 0
2024-11-28 16:00:00.738 T:4489 debug : CAMLCodec::ReleaseFrame idx:8066, drop:0
2024-11-28 16:00:00.739 T:6455 debug : CAMLCodec::AddData: skip add data dl:15484024 fl:238472 sz:276721(276800) lv:100.2% dts:288.497 pts:288.497
2024-11-28 16:00:00.740 T:6455 debug : CVideoPlayerVideo::CalcDropRequirement - hurry: 0
2024-11-28 16:00:00.740 T:6455 debug : CAMLCodec::AddData: skip add data dl:15484024 fl:238472 sz:276721(276800) lv:100.2% dts:288.497 pts:288.497
2024-11-28 16:00:00.742 T:6455 debug : CVideoPlayerVideo::CalcDropRequirement - hurry: 0
2024-11-28 16:00:00.742 T:6455 debug : CAMLCodec::AddData: skip add data dl:15484024 fl:238472 sz:276721(276800) lv:100.2% dts:288.497 pts:288.497
2024-11-28 16:00:00.743 T:6455 debug : CVideoPlayerVideo::CalcDropRequirement - hurry: 0
2024-11-28 16:00:00.743 T:6455 debug : CAMLCodec::AddData: skip add data dl:15484024 fl:238472 sz:276721(276800) lv:100.2% dts:288.497 pts:288.497
2024-11-28 16:00:00.745 T:6455 debug : CVideoPlayerVideo::CalcDropRequirement - hurry: 0
2024-11-28 16:00:00.745 T:6455 debug : CAMLCodec::AddData: skip add data dl:15484024 fl:238472 sz:276721(276800) lv:100.2% dts:288.497 pts:288.497
2024-11-28 16:00:00.746 T:6455 debug : CVideoPlayerVideo::CalcDropRequirement - hurry: 0
2024-11-28 16:00:00.746 T:6455 debug : CAMLCodec::AddData: skip add data dl:15484024 fl:238472 sz:276721(276800) lv:100.2% dts:288.497 pts:288.497
2024-11-28 16:00:00.748 T:6455 debug : CVideoPlayerVideo::CalcDropRequirement - hurry: 0
2024-11-28 16:00:00.748 T:6455 debug : CAMLCodec::AddData: skip add data dl:15484024 fl:238472 sz:276721(276800) lv:100.2% dts:288.497 pts:288.497
2024-11-28 16:00:00.749 T:6455 debug : CVideoPlayerVideo::CalcDropRequirement - hurry: 0
2024-11-28 16:00:00.750 T:6455 debug : CAMLCodec::AddData: skip add data dl:15484024 fl:238472 sz:276721(276800) lv:100.2% dts:288.497 pts:288.497
2024-11-28 16:00:00.751 T:6452 debug : CVideoPlayer::ProcessVideoData size:419916 dts:292.375 pts:292.793 dur:41.000ms, clock:286.447 level:48
2024-11-28 16:00:00.752 T:6455 debug : CVideoPlayerVideo::CalcDropRequirement - hurry: 0
2024-11-28 16:00:00.752 T:6455 debug : CAMLCodec::AddData: skip add data dl:15484024 fl:238472 sz:276721(276800) lv:100.2% dts:288.497 pts:288.497
2024-11-28 16:00:00.753 T:6452 debug : CVideoPlayer::ProcessVideoData size:343410 dts:292.417 pts:292.626 dur:41.000ms, clock:286.449 level:49
2024-11-28 16:00:00.754 T:6452 debug : CVideoPlayer::ProcessVideoData size:336057 dts:292.459 pts:292.542 dur:41.000ms, clock:286.450 level:49
2024-11-28 16:00:00.754 T:6455 debug : CVideoPlayerVideo::CalcDropRequirement - hurry: 0
2024-11-28 16:00:00.754 T:6455 debug : CAMLCodec::AddData: skip add data dl:15484024 fl:238472 sz:276721(276800) lv:100.2% dts:288.497 pts:288.497
2024-11-28 16:00:00.755 T:6455 debug : CVideoPlayerVideo::CalcDropRequirement - hurry: 0
2024-11-28 16:00:00.756 T:6452 debug : CVideoPlayer::ProcessVideoData size:271360 dts:292.501 pts:292.501 dur:41.000ms, clock:286.451 level:50
2024-11-28 16:00:00.756 T:6455 debug : CAMLCodec::AddData: skip add data dl:15484024 fl:238472 sz:276721(276800) lv:100.2% dts:288.497 pts:288.497
2024-11-28 16:00:00.757 T:6452 debug : CVideoPlayer::ProcessVideoData size:265734 dts:292.542 pts:292.584 dur:41.000ms, clock:286.453 level:51
2024-11-28 16:00:00.758 T:6455 debug : CVideoPlayerVideo::CalcDropRequirement - hurry: 0
2024-11-28 16:00:00.758 T:6455 debug : CAMLCodec::AddData: skip add data dl:15484024 fl:238472 sz:276721(276800) lv:100.2% dts:288.497 pts:288.497
2024-11-28 16:00:00.759 T:6452 debug : CVideoPlayer::ProcessVideoData size:340234 dts:292.584 pts:292.709 dur:41.000ms, clock:286.454 level:51
2024-11-28 16:00:00.759 T:6452 debug : CVideoPlayer::ProcessVideoData size:274205 dts:292.626 pts:292.667 dur:41.000ms, clock:286.455 level:52
2024-11-28 16:00:00.760 T:6455 debug : CVideoPlayerVideo::CalcDropRequirement - hurry: 0
2024-11-28 16:00:00.760 T:6455 debug : CAMLCodec::AddData: skip add data dl:15484024 fl:238472 sz:276721(276800) lv:100.2% dts:288.497 pts:288.497
2024-11-28 16:00:00.761 T:6452 debug : CVideoPlayer::ProcessVideoData size:276140 dts:292.667 pts:292.751 dur:41.000ms, clock:286.457 level:52
2024-11-28 16:00:00.761 T:6455 debug : CVideoPlayerVideo::CalcDropRequirement - hurry: 0
2024-11-28 16:00:00.762 T:6455 debug : CAMLCodec::AddData: skip add data dl:15484024 fl:238472 sz:276721(276800) lv:100.2% dts:288.497 pts:288.497
2024-11-28 16:00:00.763 T:6455 debug : CVideoPlayerVideo::CalcDropRequirement - hurry: 0
2024-11-28 16:00:00.763 T:6455 debug : CAMLCodec::AddData: skip add data dl:15484024 fl:238472 sz:276721(276800) lv:100.2% dts:288.497 pts:288.497
2024-11-28 16:00:00.764 T:6455 debug : CVideoPlayerVideo::CalcDropRequirement - hurry: 0
2024-11-28 16:00:00.765 T:6455 debug : CAMLCodec::AddData: skip add data dl:15484024 fl:238472 sz:276721(276800) lv:100.2% dts:288.497 pts:288.497
2024-11-28 16:00:00.766 T:6455 debug : CVideoPlayerVideo::CalcDropRequirement - hurry: 0
2024-11-28 16:00:00.766 T:6455 debug : CAMLCodec::AddData: skip add data dl:15484024 fl:238472 sz:276721(276800) lv:100.2% dts:288.497 pts:288.497
2024-11-28 16:00:00.767 T:6455 debug : CVideoPlayerVideo::CalcDropRequirement - hurry: 0
2024-11-28 16:00:00.768 T:6455 debug : CAMLCodec::AddData: skip add data dl:15484024 fl:238472 sz:276721(276800) lv:100.2% dts:288.497 pts:288.497
2024-11-28 16:00:00.769 T:6455 debug : CVideoPlayerVideo::CalcDropRequirement - hurry: 0
2024-11-28 16:00:00.769 T:6455 debug : CAMLCodec::AddData: skip add data dl:15484024 fl:238472 sz:276721(276800) lv:100.2% dts:288.497 pts:288.497
2024-11-28 16:00:00.771 T:6455 debug : CVideoPlayerVideo::CalcDropRequirement - hurry: 0
2024-11-28 16:00:00.771 T:6455 debug : CAMLCodec::AddData: skip add data dl:15484024 fl:238472 sz:276721(276800) lv:100.2% dts:288.497 pts:288.497
2024-11-28 16:00:00.772 T:6455 debug : CVideoPlayerVideo::CalcDropRequirement - hurry: 0
2024-11-28 16:00:00.772 T:6455 debug : CAMLCodec::AddData: skip add data dl:15484024 fl:238472 sz:276721(276800) lv:100.2% dts:288.497 pts:288.497
2024-11-28 16:00:00.775 T:4489 debug : CAMLCodec::PollFrame elapsed:35.910ms
2024-11-28 16:00:00.776 T:6455 debug : CAMLCodec::DequeueBuffer: pts:286.411 idx:8067
2024-11-28 16:00:00.777 T:6455 debug : CAMLCodec::GetPicture: index: 8067, pts: 286.411, dur:42.000ms ar:1.78 elf:72ms
2024-11-28 16:00:00.777 T:6455 debug : CVideoPlayerVideo::OutputPicture - ttd:-61ms pts:286.411 Clock:286.473 Level:0
2024-11-28 16:00:00.777 T:6452 debug : CVideoPlayer::ProcessVideoData size:431492 dts:292.709 pts:293.084 dur:41.000ms, clock:286.473 level:53
2024-11-28 16:00:00.778 T:6455 debug : CVideoPlayerVideo::CalcDropRequirement - hurry: 1
2024-11-28 16:00:00.780 T:6452 debug : CVideoPlayer::ProcessVideoData size:355536 dts:292.751 pts:292.959 dur:41.000ms, clock:286.476 level:53
2024-11-28 16:00:00.780 T:4489 debug : PrepareNextRender: frameOnScreen: 286.476 renderPts: 286.663 nextFramePts: 286.411 -> diff: 0.252 render: 1 forceNext: 0
2024-11-28 16:00:00.781 T:6455 debug : CAMLCodec::AddData: dl:15438136 fl:284360 sz:276721(276800) lv:98.2% dts:288.497 pts:288.497
2024-11-28 16:00:00.782 T:6455 debug : CVideoPlayerVideo::CalcDropRequirement - hurry: 0
2024-11-28 16:00:00.782 T:6452 debug : CVideoPlayer::ProcessVideoData size:340179 dts:292.793 pts:292.876 dur:41.000ms, clock:286.478 level:53
2024-11-28 16:00:00.785 T:6455 debug : CAMLCodec::AddData: dl:15714665 fl:7831 sz:276481(276608) lv:99.9% dts:288.538 pts:288.580
2024-11-28 16:00:00.785 T:6452 debug : CVideoPlayer::ProcessVideoData size:269825 dts:292.834 pts:292.834 dur:41.000ms, clock:286.481 level:53
2024-11-28 16:00:00.785 T:6455 debug : CVideoPlayerVideo - CDVDMsg::DEMUXER_PACKET - checking interlace vfmt: null
2024-11-28 16:00:00.785 T:4489 debug : CAMLCodec::ReleaseFrame idx:8067, drop:0
2024-11-28 16:00:00.786 T:6455 debug : CVideoPlayerVideo::CalcDropRequirement - hurry: 0
2024-11-28 16:00:00.787 T:6455 debug : CAMLCodec::AddData: skip add data dl:15420266 fl:302230 sz:339894(339968) lv:100.2% dts:288.580 pts:288.705
2024-11-28 16:00:00.788 T:6452 debug : CVideoPlayer::ProcessVideoData size:298193 dts:292.876 pts:292.918 dur:41.000ms, clock:286.483 level:54
2024-11-28 16:00:00.789 T:6455 debug : CAMLCodec::DequeueBuffer: pts:286.453 idx:8068
2024-11-28 16:00:00.789 T:6455 debug : CAMLCodec::GetPicture: index: 8068, pts: 286.453, dur:42.000ms ar:1.78 elf:12ms
2024-11-28 16:00:00.789 T:6455 debug : CVideoPlayerVideo::OutputPicture - ttd:-32ms pts:286.453 Clock:286.485 Level:0
2024-11-28 16:00:00.790 T:6452 debug : CVideoPlayer::ProcessVideoData size:341424 dts:292.918 pts:293.043 dur:41.000ms, clock:286.486 level:54
2024-11-28 16:00:00.792 T:6455 debug : CVideoPlayerVideo::CalcDropRequirement - hurry: 1
2024-11-28 16:00:00.793 T:6455 debug : CAMLCodec::AddData: skip add data dl:15420266 fl:302230 sz:339894(339968) lv:100.2% dts:288.580 pts:288.705
2024-11-28 16:00:00.793 T:6452 debug : CVideoPlayer::ProcessVideoData size:288013 dts:292.959 pts:293.001 dur:41.000ms, clock:286.489 level:55
2024-11-28 16:00:00.794 T:6455 debug : CVideoPlayerVideo::CalcDropRequirement - hurry: 1
2024-11-28 16:00:00.795 T:6455 debug : CAMLCodec::AddData: skip add data dl:15420266 fl:302230 sz:339894(339968) lv:100.2% dts:288.580 pts:288.705
2024-11-28 16:00:00.796 T:6455 debug : CVideoPlayerVideo::CalcDropRequirement - hurry: 1
2024-11-28 16:00:00.797 T:6455 debug : CAMLCodec::AddData: skip add data dl:15420266 fl:302230 sz:339894(339968) lv:100.2% dts:288.580 pts:288.705
2024-11-28 16:00:00.798 T:6455 debug : CAMLCodec::DequeueBuffer: pts:286.495 idx:8069
2024-11-28 16:00:00.798 T:6455 debug : CAMLCodec::GetPicture: index: 8069, pts: 286.495, dur:42.000ms ar:1.78 elf:8ms
2024-11-28 16:00:00.799 T:6452 debug : CVideoPlayer::ProcessVideoData size:495721 dts:293.001 pts:293.126 dur:41.000ms, clock:286.494 level:55
2024-11-28 16:00:00.799 T:6455 debug : CVideoPlayerVideo::OutputPicture - ttd:0ms pts:286.495 Clock:286.495 Level:1
2024-11-28 16:00:00.800 T:6455 debug : SetCodecControl 4000000->0
2024-11-28 16:00:00.803 T:6455 debug : CAMLCodec::AddData: dl:15515370 fl:207126 sz:339894(339968) lv:98.6% dts:288.580 pts:288.705
2024-11-28 16:00:00.804 T:6455 debug : CAMLCodec::AddData: skip add data dl:15515296 fl:207200 sz:291121(291200) lv:100.5% dts:288.622 pts:288.663
2024-11-28 16:00:00.811 T:6455 info : Skipped 2 duplicate messages..
2024-11-28 16:00:00.811 T:6455 debug : CAMLCodec::AddData: dl:15561952 fl:160544 sz:291121(291200) lv:98.9% dts:288.622 pts:288.663
2024-11-28 16:00:00.811 T:6455 debug : CAMLCodec::DequeueBuffer: pts:286.536 idx:8070
2024-11-28 16:00:00.811 T:6455 debug : CAMLCodec::GetPicture: index: 8070, pts: 286.536, dur:41.000ms ar:1.78 elf:12ms
2024-11-28 16:00:00.812 T:6455 debug : CVideoPlayerVideo::OutputPicture - ttd:28ms pts:286.536 Clock:286.507 Level:2
2024-11-28 16:00:00.813 T:6455 debug : CAMLCodec::AddData: skip add data dl:15561873 fl:160623 sz:270310(270400) lv:100.7% dts:288.663 pts:288.747
2024-11-28 16:00:00.818 T:6452 debug : CVideoPlayer::ProcessVideoData size:424552 dts:293.043 pts:293.460 dur:41.000ms, clock:286.514 level:55
2024-11-28 16:00:00.820 T:4489 debug : CAMLCodec::PollFrame elapsed:34.492ms
2024-11-28 16:00:00.821 T:6452 debug : CVideoPlayer::ProcessVideoData size:356865 dts:293.084 pts:293.293 dur:41.000ms, clock:286.516 level:55
2024-11-28 16:00:00.823 T:6455 debug : CAMLCodec::AddData: dl:15532433 fl:190063 sz:270310(270400) lv:98.8% dts:288.663 pts:288.747
2024-11-28 16:00:00.824 T:6452 debug : CVideoPlayer::ProcessVideoData size:334729 dts:293.126 pts:293.210 dur:41.000ms, clock:286.520 level:55
2024-11-28 16:00:00.824 T:6455 debug : CAMLCodec::DequeueBuffer: pts:286.578 idx:8071
2024-11-28 16:00:00.824 T:6455 debug : CAMLCodec::GetPicture: index: 8071, pts: 286.578, dur:42.000ms ar:1.78 elf:12ms
2024-11-28 16:00:00.824 T:6455 debug : CVideoPlayerVideo::OutputPicture - ttd:57ms pts:286.578 Clock:286.520 Level:3
2024-11-28 16:00:00.825 T:4489 debug : PrepareNextRender: frameOnScreen: 286.521 renderPts: 286.709 nextFramePts: 286.453 -> diff: 0.256 render: 1 forceNext: 0
2024-11-28 16:00:00.825 T:4489 debug : CAMLCodec::ReleaseFrame idx:8068, drop:1
2024-11-28 16:00:00.825 T:4489 debug : CAMLCodec::ReleaseFrame idx:8069, drop:1
2024-11-28 16:00:00.825 T:4489 debug : CAMLCodec::ReleaseFrame idx:8070, drop:1
2024-11-28 16:00:00.826 T:6455 debug : CVideoPlayerVideo::CalcDropRequirement - hurry: 0
2024-11-28 16:00:00.826 T:6455 debug : SetCodecControl 0->4000000
2024-11-28 16:00:00.827 T:6455 debug : CAMLCodec::AddData: skip add data dl:15532343 fl:190153 sz:439306(439424) lv:101.5% dts:288.705 pts:289.080
2024-11-28 16:00:00.827 T:6452 debug : CVideoPlayer::ProcessVideoData size:276053 dts:293.168 pts:293.168 dur:41.000ms, clock:286.523 level:55
2024-11-28 16:00:00.829 T:6455 debug : CVideoPlayerVideo::CalcDropRequirement - hurry: 0
2024-11-28 16:00:00.829 T:6452 debug : CVideoPlayer::ProcessVideoData size:278317 dts:293.210 pts:293.251 dur:41.000ms, clock:286.525 level:56
2024-11-28 16:00:00.830 T:6455 debug : CAMLCodec::AddData: skip add data dl:15532343 fl:190153 sz:439306(439424) lv:101.5% dts:288.705 pts:289.080
2024-11-28 16:00:00.831 T:4489 debug : CAMLCodec::ReleaseFrame idx:8071, drop:0
2024-11-28 16:00:00.831 T:6455 debug : CVideoPlayerVideo::CalcDropRequirement - hurry: 0
2024-11-28 16:00:00.832 T:6452 debug : CVideoPlayer::ProcessVideoData size:344961 dts:293.251 pts:293.376 dur:41.000ms, clock:286.527 level:56
2024-11-28 16:00:00.834 T:6452 debug : CVideoPlayer::ProcessVideoData size:265861 dts:293.293 pts:293.335 dur:41.000ms, clock:286.530 level:57
2024-11-28 16:00:00.834 T:6455 debug : CAMLCodec::AddData: dl:15717239 fl:5257 sz:439306(439424) lv:99.9% dts:288.705 pts:289.080
2024-11-28 16:00:00.835 T:6455 debug : CAMLCodec::DequeueBuffer: pts:286.620 idx:8072
2024-11-28 16:00:00.835 T:6455 debug : CAMLCodec::GetPicture: index: 8072, pts: 286.620, dur:42.000ms ar:1.78 elf:10ms
2024-11-28 16:00:00.835 T:6455 debug : CVideoPlayerVideo::OutputPicture - ttd:89ms pts:286.620 Clock:286.531 Level:0
2024-11-28 16:00:00.835 T:6452 debug : CVideoPlayer::ProcessVideoData size:273568 dts:293.335 pts:293.418 dur:41.000ms, clock:286.531 level:57
2024-11-28 16:00:00.837 T:6455 debug : CAMLCodec::DequeueBuffer: pts:286.661 idx:8073
2024-11-28 16:00:00.837 T:6455 debug : CAMLCodec::GetPicture: index: 8073, pts: 286.661, dur:41.000ms ar:1.78 elf:2ms
2024-11-28 16:00:00.837 T:6455 debug : CVideoPlayerVideo::OutputPicture - ttd:128ms pts:286.661 Clock:286.533 Level:1
2024-11-28 16:00:00.838 T:6455 debug : CAMLCodec::DequeueBuffer: pts:286.703 idx:8074
2024-11-28 16:00:00.838 T:6455 debug : CAMLCodec::GetPicture: index: 8074, pts: 286.703, dur:42.000ms ar:1.78 elf:1ms
2024-11-28 16:00:00.838 T:6455 debug : CVideoPlayerVideo::OutputPicture - ttd:168ms pts:286.703 Clock:286.534 Level:2
2024-11-28 16:00:00.839 T:6455 debug : CAMLCodec::DequeueBuffer: pts:286.745 idx:8075
2024-11-28 16:00:00.839 T:6455 debug : CAMLCodec::GetPicture: index: 8075, pts: 286.745, dur:42.000ms ar:1.78 elf:1ms
2024-11-28 16:00:00.839 T:6455 debug : CVideoPlayerVideo::OutputPicture - ttd:209ms pts:286.745 Clock:286.535 Level:3
2024-11-28 16:00:00.841 T:6455 debug : SetCodecControl 4000000->0
2024-11-28 16:00:00.841 T:6455 debug : CAMLCodec::AddData: skip add data dl:15717121 fl:5375 sz:349381(349504) lv:102.1% dts:288.747 pts:288.955
2024-11-28 16:00:00.847 T:6455 info : Skipped 1 duplicate messages..
2024-11-28 16:00:00.847 T:6455 debug : CAMLCodec::AddData: dl:15662273 fl:60223 sz:349381(349504) lv:99.6% dts:288.747 pts:288.955
2024-11-28 16:00:00.848 T:6455 debug : CVideoPlayerVideo - CDVDMsg::DEMUXER_PACKET - checking interlace vfmt: null
2024-11-28 16:00:00.849 T:6455 debug : CAMLCodec::AddData: skip add data dl:15662150 fl:60346 sz:327304(327424) lv:101.7% dts:288.789 pts:288.872
2024-11-28 16:00:00.850 T:6452 debug : CVideoPlayer::ProcessVideoData size:425306 dts:293.376 pts:293.794 dur:41.000ms, clock:286.546 level:57
2024-11-28 16:00:00.851 T:6455 debug : CAMLCodec::AddData: skip add data dl:15662150 fl:60346 sz:327304(327424) lv:101.7% dts:288.789 pts:288.872
2024-11-28 16:00:00.853 T:6452 info : Skipped 1 duplicate messages..
2024-11-28 16:00:00.852 T:6452 debug : CVideoPlayer::ProcessVideoData size:346999 dts:293.418 pts:293.627 dur:41.000ms, clock:286.548 level:58
2024-11-28 16:00:00.854 T:6455 debug : CAMLCodec::AddData: skip add data dl:15662150 fl:60346 sz:327304(327424) lv:101.7% dts:288.789 pts:288.872
2024-11-28 16:00:00.854 T:6452 debug : CVideoPlayer::ProcessVideoData size:330225 dts:293.460 pts:293.543 dur:41.000ms, clock:286.550 level:58
2024-11-28 16:00:00.856 T:6452 debug : CVideoPlayer::ProcessVideoData size:267371 dts:293.502 pts:293.502 dur:41.000ms, clock:286.552 level:58
2024-11-28 16:00:00.856 T:6455 debug : CAMLCodec::AddData: skip add data dl:15662150 fl:60346 sz:327304(327424) lv:101.7% dts:288.789 pts:288.872
2024-11-28 16:00:00.858 T:6452 debug : CVideoPlayer::ProcessVideoData size:271948 dts:293.543 pts:293.585 dur:41.000ms, clock:286.553 level:59
2024-11-28 16:00:00.860 T:6452 debug : CVideoPlayer::ProcessVideoData size:335921 dts:293.585 pts:293.710 dur:41.000ms, clock:286.556 level:59
2024-11-28 16:00:00.860 T:6455 debug : CAMLCodec::AddData: dl:15640582 fl:81914 sz:327304(327424) lv:99.4% dts:288.789 pts:288.872
2024-11-28 16:00:00.861 T:6452 debug : CVideoPlayer::ProcessVideoData size:275332 dts:293.627 pts:293.668 dur:41.000ms, clock:286.557 level:59
2024-11-28 16:00:00.861 T:6455 debug : CAMLCodec::AddData: skip add data dl:15640462 fl:82034 sz:270048(270144) lv:101.2% dts:288.830 pts:288.830
2024-11-28 16:00:00.863 T:6452 debug : CVideoPlayer::ProcessVideoData size:294485 dts:293.668 pts:293.752 dur:41.000ms, clock:286.559 level:60
2024-11-28 16:00:00.863 T:4489 debug : CAMLCodec::PollFrame elapsed:31.822ms
2024-11-28 16:00:00.863 T:6455 debug : CAMLCodec::AddData: skip add data dl:15640462 fl:82034 sz:270048(270144) lv:101.2% dts:288.830 pts:288.830
2024-11-28 16:00:00.867 T:4489 info : Skipped 2 duplicate messages..
2024-11-28 16:00:00.867 T:4489 debug : PrepareNextRender: frameOnScreen: 286.563 renderPts: 286.751 nextFramePts: 286.620 -> diff: 0.131 render: 1 forceNext: 0
2024-11-28 16:00:00.867 T:4489 debug : CAMLCodec::ReleaseFrame idx:8072, drop:1
2024-11-28 16:00:00.867 T:4489 debug : CAMLCodec::ReleaseFrame idx:8073, drop:1
2024-11-28 16:00:00.867 T:4489 debug : CAMLCodec::ReleaseFrame idx:8074, drop:1
2024-11-28 16:00:00.867 T:6452 debug : CVideoPlayer::ProcessVideoData size:411618 dts:293.710 pts:293.835 dur:41.000ms, clock:286.563 level:61
2024-11-28 16:00:00.869 T:6455 debug : CVideoPlayerVideo::CalcDropRequirement - hurry: 0
2024-11-28 16:00:00.869 T:6455 debug : SetCodecControl 0->4000000
2024-11-28 16:00:00.871 T:4489 debug : CAMLCodec::ReleaseFrame idx:8075, drop:0
2024-11-28 16:00:00.872 T:6455 debug : CAMLCodec::AddData: dl:15608078 fl:114418 sz:270048(270144) lv:99.2% dts:288.830 pts:288.830
2024-11-28 16:00:00.873 T:6455 debug : CVideoPlayerVideo::CalcDropRequirement - hurry: 0
2024-11-28 16:00:00.874 T:6455 debug : CAMLCodec::AddData: skip add data dl:15607982 fl:114514 sz:279202(279296) lv:101.0% dts:288.872 pts:288.914
2024-11-28 16:00:00.875 T:6455 debug : CVideoPlayerVideo::CalcDropRequirement - hurry: 0
2024-11-28 16:00:00.876 T:6455 debug : CAMLCodec::AddData: skip add data dl:15607982 fl:114514 sz:279202(279296) lv:101.0% dts:288.872 pts:288.914
2024-11-28 16:00:00.877 T:6455 debug : CVideoPlayerVideo::CalcDropRequirement - hurry: 0
2024-11-28 16:00:00.877 T:6455 debug : CAMLCodec::AddData: skip add data dl:15607982 fl:114514 sz:279202(279296) lv:101.0% dts:288.872 pts:288.914
2024-11-28 16:00:00.879 T:6455 debug : CVideoPlayerVideo::CalcDropRequirement - hurry: 0
2024-11-28 16:00:00.879 T:6455 debug : CAMLCodec::AddData: skip add data dl:15607982 fl:114514 sz:279202(279296) lv:101.0% dts:288.872 pts:288.914
2024-11-28 16:00:00.880 T:6455 debug : CVideoPlayerVideo::CalcDropRequirement - hurry: 0
2024-11-28 16:00:00.881 T:6455 debug : CAMLCodec::AddData: skip add data dl:15607982 fl:114514 sz:279202(279296) lv:101.0% dts:288.872 pts:288.914
2024-11-28 16:00:00.882 T:6455 debug : CAMLCodec::DequeueBuffer: pts:286.787 idx:8076
2024-11-28 16:00:00.882 T:6455 debug : CAMLCodec::GetPicture: index: 8076, pts: 286.787, dur:42.000ms ar:1.78 elf:42ms
2024-11-28 16:00:00.883 T:6455 debug : CVideoPlayerVideo::OutputPicture - ttd:208ms pts:286.787 Clock:286.578 Level:0
2024-11-28 16:00:00.884 T:6455 debug : CVideoPlayerVideo::CalcDropRequirement - hurry: 1
2024-11-28 16:00:00.887 T:6455 debug : CAMLCodec::AddData: dl:15563374 fl:159122 sz:279202(279296) lv:98.9% dts:288.872 pts:288.914
2024-11-28 16:00:00.888 T:6455 debug : CVideoPlayerVideo::CalcDropRequirement - hurry: 1
2024-11-28 16:00:00.889 T:6452 debug : CVideoPlayer::ProcessVideoData size:319961 dts:293.752 pts:294.169 dur:41.000ms, clock:286.584 level:60
2024-11-28 16:00:00.889 T:6455 debug : CAMLCodec::AddData: skip add data dl:15563280 fl:159216 sz:335085(335168) lv:101.1% dts:288.914 pts:289.039
2024-11-28 16:00:00.890 T:6452 debug : CVideoPlayer::ProcessVideoData size:247872 dts:293.794 pts:294.002 dur:41.000ms, clock:286.586 level:61
2024-11-28 16:00:00.891 T:6455 debug : CVideoPlayerVideo::CalcDropRequirement - hurry: 1
2024-11-28 16:00:00.892 T:6455 debug : CAMLCodec::AddData: skip add data dl:15563280 fl:159216 sz:335085(335168) lv:101.1% dts:288.914 pts:289.039
2024-11-28 16:00:00.892 T:6452 debug : CVideoPlayer::ProcessVideoData size:233792 dts:293.835 pts:293.919 dur:41.000ms, clock:286.588 level:61
2024-11-28 16:00:00.893 T:6452 debug : CVideoPlayer::ProcessVideoData size:188771 dts:293.877 pts:293.877 dur:41.000ms, clock:286.589 level:62
2024-11-28 16:00:00.893 T:6455 debug : CAMLCodec::DequeueBuffer: pts:286.828 idx:8077
2024-11-28 16:00:00.894 T:6455 debug : CAMLCodec::GetPicture: index: 8077, pts: 286.828, dur:41.000ms ar:1.78 elf:10ms
2024-11-28 16:00:00.894 T:6455 debug : CVideoPlayerVideo::OutputPicture - ttd:238ms pts:286.828 Clock:286.590 Level:1
2024-11-28 16:00:00.895 T:6452 debug : CVideoPlayer::ProcessVideoData size:186341 dts:293.919 pts:293.960 dur:41.000ms, clock:286.591 level:63
2024-11-28 16:00:00.895 T:6455 debug : SetCodecControl 4000000->0
2024-11-28 16:00:00.898 T:6452 debug : CVideoPlayer::ProcessVideoData size:244707 dts:293.960 pts:294.085 dur:41.000ms, clock:286.594 level:63
2024-11-28 16:00:00.899 T:6452 debug : CVideoPlayer::ProcessVideoData size:198225 dts:294.002 pts:294.044 dur:41.000ms, clock:286.595 level:63
2024-11-28 16:00:00.901 T:6452 debug : CVideoPlayer::ProcessVideoData size:189147 dts:294.044 pts:294.127 dur:41.000ms, clock:286.597 level:64
2024-11-28 16:00:00.904 T:6455 debug : CAMLCodec::AddData: dl:15656656 fl:65840 sz:335085(335168) lv:99.5% dts:288.914 pts:289.039
2024-11-28 16:00:00.904 T:4489 debug : CAMLCodec::PollFrame elapsed:33.157ms
2024-11-28 16:00:00.905 T:6455 debug : CAMLCodec::DequeueBuffer: pts:286.870 idx:8078
2024-11-28 16:00:00.905 T:6455 debug : CAMLCodec::GetPicture: index: 8078, pts: 286.870, dur:42.000ms ar:1.78 elf:10ms
2024-11-28 16:00:00.905 T:6455 debug : CVideoPlayerVideo::OutputPicture - ttd:269ms pts:286.870 Clock:286.601 Level:2
2024-11-28 16:00:00.910 T:6455 debug : CAMLCodec::AddData: dl:15679229 fl:43267 sz:294678(294784) lv:99.7% dts:288.955 pts:288.997
2024-11-28 16:00:00.910 T:4489 debug : PrepareNextRender: frameOnScreen: 286.606 renderPts: 286.794 nextFramePts: 286.787 -> diff: 0.007 render: 1 forceNext: 0
2024-11-28 16:00:00.911 T:6455 debug : CAMLCodec::AddData: skip add data dl:15679123 fl:43373 sz:493131(493248) lv:102.8% dts:288.997 pts:289.122
2024-11-28 16:00:00.915 T:4489 info : Skipped 2 duplicate messages..
2024-11-28 16:00:00.915 T:4489 debug : CAMLCodec::ReleaseFrame idx:8076, drop:0
2024-11-28 16:00:00.917 T:6455 debug : CAMLCodec::AddData: skip add data dl:15387091 fl:335405 sz:493131(493248) lv:101.0% dts:288.997 pts:289.122
2024-11-28 16:00:00.917 T:6452 debug : CVideoPlayer::ProcessVideoData size:321870 dts:294.085 pts:294.503 dur:41.000ms, clock:286.613 level:64
2024-11-28 16:00:00.918 T:6455 debug : CAMLCodec::DequeueBuffer: pts:286.912 idx:8079
2024-11-28 16:00:00.919 T:6452 debug : CVideoPlayer::ProcessVideoData size:253699 dts:294.127 pts:294.336 dur:41.000ms, clock:286.614 level:64
2024-11-28 16:00:00.919 T:6455 debug : CAMLCodec::GetPicture: index: 8079, pts: 286.912, dur:42.000ms ar:1.78 elf:13ms
2024-11-28 16:00:00.919 T:6455 debug : CVideoPlayerVideo::OutputPicture - ttd:297ms pts:286.912 Clock:286.615 Level:2
2024-11-28 16:00:00.920 T:6452 debug : CVideoPlayer::ProcessVideoData size:245206 dts:294.169 pts:294.252 dur:41.000ms, clock:286.616 level:65
2024-11-28 16:00:00.922 T:6452 debug : CVideoPlayer::ProcessVideoData size:192610 dts:294.211 pts:294.211 dur:41.000ms, clock:286.617 level:65
2024-11-28 16:00:00.922 T:6455 debug : CAMLCodec::AddData: skip add data dl:15387091 fl:335405 sz:493131(493248) lv:101.0% dts:288.997 pts:289.122
2024-11-28 16:00:00.923 T:6452 debug : CVideoPlayer::ProcessVideoData size:185548 dts:294.252 pts:294.294 dur:41.000ms, clock:286.619 level:66
2024-11-28 16:00:00.925 T:6455 debug : CAMLCodec::AddData: skip add data dl:15387091 fl:335405 sz:493131(493248) lv:101.0% dts:288.997 pts:289.122
2024-11-28 16:00:00.928 T:6455 info : Skipped 1 duplicate messages..
2024-11-28 16:00:00.928 T:6455 debug : CAMLCodec::DequeueBuffer: pts:286.953 idx:8080
2024-11-28 16:00:00.928 T:6455 debug : CAMLCodec::GetPicture: index: 8080, pts: 286.953, dur:41.000ms ar:1.78 elf:9ms
2024-11-28 16:00:00.928 T:6452 debug : CVideoPlayer::ProcessVideoData size:238860 dts:294.294 pts:294.419 dur:41.000ms, clock:286.624 level:66
2024-11-28 16:00:00.928 T:6455 debug : CVideoPlayerVideo::OutputPicture - ttd:328ms pts:286.953 Clock:286.624 Level:3
2024-11-28 16:00:00.933 T:6455 debug : CAMLCodec::AddData: dl:15623443 fl:99053 sz:493131(493248) lv:99.3% dts:288.997 pts:289.122
2024-11-28 16:00:00.934 T:6455 debug : CAMLCodec::AddData: skip add data dl:15623326 fl:99170 sz:433333(433408) lv:102.1% dts:289.039 pts:289.456
2024-11-28 16:00:00.935 T:6452 debug : CVideoPlayer::ProcessVideoData size:186531 dts:294.336 pts:294.377 dur:41.000ms, clock:286.631 level:66
2024-11-28 16:00:00.937 T:6455 debug : CAMLCodec::AddData: skip add data dl:15623326 fl:99170 sz:433333(433408) lv:102.1% dts:289.039 pts:289.456
2024-11-28 16:00:00.938 T:6452 debug : CVideoPlayer::ProcessVideoData size:198920 dts:294.377 pts:294.461 dur:41.000ms, clock:286.634 level:67
2024-11-28 16:00:00.939 T:6455 debug : CAMLCodec::DequeueBuffer: pts:286.995 idx:8081
2024-11-28 16:00:00.939 T:6455 debug : CAMLCodec::GetPicture: index: 8081, pts: 286.995, dur:42.000ms ar:1.78 elf:10ms
2024-11-28 16:00:00.940 T:6455 debug : CVideoPlayerVideo::OutputPicture - ttd:359ms pts:286.995 Clock:286.635 Level:4
2024-11-28 16:00:00.942 T:6455 debug : CAMLCodec::AddData: skip add data dl:15358558 fl:363938 sz:433333(433408) lv:100.4% dts:289.039 pts:289.456
2024-11-28 16:00:00.946 T:4489 info : Skipped 2 duplicate messages..
2024-11-28 16:00:00.946 T:4489 debug : CAMLCodec::PollFrame elapsed:30.113ms
2024-11-28 16:00:00.948 T:6455 debug : CAMLCodec::AddData: skip add data dl:15358558 fl:363938 sz:433333(433408) lv:100.4% dts:289.039 pts:289.456
2024-11-28 16:00:00.950 T:4489 debug : PrepareNextRender: frameOnScreen: 286.646 renderPts: 286.833 nextFramePts: 286.828 -> diff: 0.005 render: 1 forceNext: 0
2024-11-28 16:00:00.952 T:6455 debug : CAMLCodec::AddData: dl:15431390 fl:291106 sz:433333(433408) lv:98.1% dts:289.039 pts:289.456
2024-11-28 16:00:00.953 T:6455 debug : CAMLCodec::DequeueBuffer: pts:287.037 idx:8082
2024-11-28 16:00:00.953 T:6455 debug : CAMLCodec::GetPicture: index: 8082, pts: 287.037, dur:42.000ms ar:1.78 elf:13ms
2024-11-28 16:00:00.953 T:6455 debug : CVideoPlayerVideo::OutputPicture - ttd:388ms pts:287.037 Clock:286.649 Level:4
2024-11-28 16:00:00.955 T:6455 debug : CAMLCodec::AddData: skip add data dl:15431315 fl:291181 sz:352057(352128) lv:100.3% dts:289.080 pts:289.289
2024-11-28 16:00:00.955 T:4489 debug : CAMLCodec::ReleaseFrame idx:8077, drop:0
2024-11-28 16:00:00.957 T:6455 debug : CAMLCodec::AddData: skip add data dl:15431315 fl:291181 sz:352057(352128) lv:100.3% dts:289.080 pts:289.289
2024-11-28 16:00:00.959 T:6452 debug : CVideoPlayer::ProcessVideoData size:325144 dts:294.419 pts:294.795 dur:41.000ms, clock:286.655 level:66
2024-11-28 16:00:00.959 T:6455 debug : CAMLCodec::AddData: skip add data dl:15431315 fl:291181 sz:352057(352128) lv:100.3% dts:289.080 pts:289.289
2024-11-28 16:00:00.963 T:6452 info : Skipped 1 duplicate messages..
2024-11-28 16:00:00.963 T:6452 debug : CVideoPlayer::ProcessVideoData size:256074 dts:294.461 pts:294.669 dur:41.000ms, clock:286.659 level:67
2024-11-28 16:00:00.963 T:6455 debug : CAMLCodec::AddData: skip add data dl:15431315 fl:291181 sz:352057(352128) lv:100.3% dts:289.080 pts:289.289
2024-11-28 16:00:00.968 T:6452 info : Skipped 3 duplicate messages..
2024-11-28 16:00:00.968 T:6452 debug : CVideoPlayer::ProcessVideoData size:245470 dts:294.503 pts:294.586 dur:41.000ms, clock:286.664 level:68
2024-11-28 16:00:00.970 T:6455 debug : CAMLCodec::AddData: skip add data dl:15431315 fl:291181 sz:352057(352128) lv:100.3% dts:289.080 pts:289.289
2024-11-28 16:00:00.970 T:6452 debug : CVideoPlayer::ProcessVideoData size:193265 dts:294.544 pts:294.544 dur:41.000ms, clock:286.666 level:68
2024-11-28 16:00:00.972 T:6455 debug : CAMLCodec::AddData: skip add data dl:15431315 fl:291181 sz:352057(352128) lv:100.3% dts:289.080 pts:289.289
2024-11-28 16:00:00.976 T:6452 info : Skipped 2 duplicate messages..
2024-11-28 16:00:00.976 T:6452 debug : CVideoPlayer::ProcessVideoData size:185149 dts:294.586 pts:294.628 dur:41.000ms, clock:286.672 level:68
2024-11-28 16:00:00.977 T:6455 debug : CAMLCodec::AddData: skip add data dl:15431315 fl:291181 sz:352057(352128) lv:100.3% dts:289.080 pts:289.289
2024-11-28 16:00:00.981 T:6452 info : Skipped 2 duplicate messages..
2024-11-28 16:00:00.981 T:6452 debug : CVideoPlayer::ProcessVideoData size:242063 dts:294.628 pts:294.753 dur:41.000ms, clock:286.677 level:69
2024-11-28 16:00:00.984 T:6452 debug : CVideoPlayer::ProcessVideoData size:187865 dts:294.669 pts:294.711 dur:41.000ms, clock:286.680 level:69
2024-11-28 16:00:00.985 T:6455 debug : CAMLCodec::AddData: dl:15445331 fl:277165 sz:352057(352128) lv:98.2% dts:289.080 pts:289.289
2024-11-28 16:00:00.986 T:6455 debug : CAMLCodec::DequeueBuffer: pts:287.078 idx:8083
2024-11-28 16:00:00.986 T:6455 debug : CAMLCodec::GetPicture: index: 8083, pts: 287.078, dur:41.000ms ar:1.78 elf:32ms
2024-11-28 16:00:00.986 T:6455 debug : CVideoPlayerVideo::OutputPicture - ttd:396ms pts:287.078 Clock:286.682 Level:5
2024-11-28 16:00:00.987 T:4489 debug : CAMLCodec::PollFrame elapsed:31.437ms
