2024-11-28 16:00:07.657 T:6455 debug : CAMLCodec::GetPicture: index: 8245, pts: 293.835, dur:41.000ms ar:1.78 elf:162ms
2024-11-28 16:00:07.657 T:6455 debug : CVideoPlayerVideo::OutputPicture - ttd:397ms pts:293.835 Clock:293.437 Level:5
2024-11-28 16:00:07.658 T:4489 debug : PrepareNextRender: frameOnScreen: 293.438 renderPts: 293.647 nextFramePts: 293.627 -> diff: 0.020 render: 1 forceNext: 0
2024-11-28 16:00:07.659 T:6455 debug : CAMLCodec::AddData: skip add data dl:15617192 fl:105304 sz:187532(187648) lv:100.5% dts:296.588 pts:296.630
2024-11-28 16:00:07.661 T:4489 info : Skipped 1 duplicate messages..
2024-11-28 16:00:07.661 T:4489 debug : CAMLCodec::ReleaseFrame idx:8240, drop:0
2024-11-28 16:00:07.662 T:6455 debug : CAMLCodec::AddData: skip add data dl:15617192 fl:105304 sz:187532(187648) lv:100.5% dts:296.588 pts:296.630
2024-11-28 16:00:07.663 T:6452 debug : CVideoPlayer::ProcessVideoData size:234477 dts:301.885 pts:301.885 dur:41.000ms, clock:293.443 level:66
2024-11-28 16:00:07.664 T:6455 debug : CAMLCodec::AddData: skip add data dl:15617192 fl:105304 sz:187532(187648) lv:100.5% dts:296.588 pts:296.630
2024-11-28 16:00:07.697 T:4489 info : Skipped 27 duplicate messages..
2024-11-28 16:00:07.697 T:4489 debug : CAMLCodec::PollFrame elapsed:35.325ms
2024-11-28 16:00:07.698 T:6455 debug : CAMLCodec::DequeueBuffer: pts:293.877 idx:8246
2024-11-28 16:00:07.698 T:6455 debug : CAMLCodec::GetPicture: index: 8246, pts: 293.877, dur:42.000ms ar:1.78 elf:40ms
2024-11-28 16:00:07.698 T:6455 debug : CVideoPlayerVideo::OutputPicture - ttd:399ms pts:293.877 Clock:293.478 Level:5
2024-11-28 16:00:07.700 T:4489 debug : PrepareNextRender: frameOnScreen: 293.480 renderPts: 293.689 nextFramePts: 293.668 -> diff: 0.021 render: 1 forceNext: 0
2024-11-28 16:00:07.702 T:6455 debug : CAMLCodec::AddData: dl:15616040 fl:106456 sz:187532(187648) lv:99.3% dts:296.588 pts:296.630
2024-11-28 16:00:07.702 T:6455 debug : CAMLCodec::AddData: skip add data dl:15615924 fl:106572 sz:239278(239360) lv:100.8% dts:296.630 pts:296.755
2024-11-28 16:00:07.703 T:4489 debug : CAMLCodec::ReleaseFrame idx:8241, drop:0
2024-11-28 16:00:07.704 T:6455 debug : CAMLCodec::AddData: skip add data dl:15615924 fl:106572 sz:239278(239360) lv:100.8% dts:296.630 pts:296.755
2024-11-28 16:00:07.738 T:6455 info : Skipped 28 duplicate messages..
2024-11-28 16:00:07.738 T:6455 debug : CAMLCodec::DequeueBuffer: pts:293.919 idx:8247
2024-11-28 16:00:07.738 T:4489 debug : CAMLCodec::PollFrame elapsed:35.347ms
2024-11-28 16:00:07.738 T:6455 debug : CAMLCodec::GetPicture: index: 8247, pts: 293.919, dur:42.000ms ar:1.78 elf:40ms
2024-11-28 16:00:07.739 T:6455 debug : CVideoPlayerVideo::OutputPicture - ttd:400ms pts:293.919 Clock:293.518 Level:5
2024-11-28 16:00:07.741 T:4489 debug : PrepareNextRender: frameOnScreen: 293.521 renderPts: 293.730 nextFramePts: 293.710 -> diff: 0.020 render: 1 forceNext: 0
2024-11-28 16:00:07.742 T:6455 debug : CAMLCodec::AddData: dl:15668980 fl:53516 sz:239278(239360) lv:99.6% dts:296.630 pts:296.755
2024-11-28 16:00:07.743 T:6455 debug : CAMLCodec::AddData: skip add data dl:15668898 fl:53598 sz:187497(187584) lv:100.8% dts:296.671 pts:296.713
2024-11-28 16:00:07.743 T:4489 debug : CAMLCodec::ReleaseFrame idx:8242, drop:0
2024-11-28 16:00:07.745 T:6455 debug : CAMLCodec::AddData: skip add data dl:15668898 fl:53598 sz:187497(187584) lv:100.8% dts:296.671 pts:296.713
2024-11-28 16:00:07.745 T:6452 debug : CVideoPlayer::ProcessVideoData size:237467 dts:301.927 pts:301.968 dur:41.000ms, clock:293.525 level:65
2024-11-28 16:00:07.747 T:6455 debug : CAMLCodec::AddData: skip add data dl:15668898 fl:53598 sz:187497(187584) lv:100.8% dts:296.671 pts:296.713
2024-11-28 16:00:07.780 T:4489 info : Skipped 27 duplicate messages..
2024-11-28 16:00:07.780 T:4489 debug : CAMLCodec::PollFrame elapsed:36.819ms
2024-11-28 16:00:07.780 T:6455 debug : CAMLCodec::AddData: skip add data dl:15668898 fl:53598 sz:187497(187584) lv:100.8% dts:296.671 pts:296.713
2024-11-28 16:00:07.783 T:4489 debug : PrepareNextRender: frameOnScreen: 293.563 renderPts: 293.772 nextFramePts: 293.752 -> diff: 0.020 render: 1 forceNext: 0
2024-11-28 16:00:07.784 T:6455 debug : CAMLCodec::AddData: dl:15611746 fl:110750 sz:187497(187584) lv:99.3% dts:296.671 pts:296.713
2024-11-28 16:00:07.784 T:6455 debug : CAMLCodec::DequeueBuffer: pts:293.960 idx:8248
2024-11-28 16:00:07.784 T:6455 debug : CAMLCodec::GetPicture: index: 8248, pts: 293.960, dur:41.000ms ar:1.78 elf:45ms
2024-11-28 16:00:07.784 T:6455 debug : CVideoPlayerVideo::OutputPicture - ttd:395ms pts:293.960 Clock:293.564 Level:4
2024-11-28 16:00:07.785 T:4489 debug : CAMLCodec::ReleaseFrame idx:8243, drop:0
2024-11-28 16:00:07.787 T:6455 debug : CAMLCodec::AddData: skip add data dl:15611659 fl:110837 sz:359032(359104) lv:101.5% dts:296.713 pts:296.838
2024-11-28 16:00:07.788 T:6452 debug : CVideoPlayer::ProcessVideoData size:307458 dts:301.968 pts:302.093 dur:41.000ms, clock:293.567 level:66
2024-11-28 16:00:07.789 T:6455 debug : CAMLCodec::AddData: skip add data dl:15611659 fl:110837 sz:359032(359104) lv:101.5% dts:296.713 pts:296.838
2024-11-28 16:00:07.822 T:4489 info : Skipped 21 duplicate messages..
2024-11-28 16:00:07.822 T:4489 debug : CAMLCodec::PollFrame elapsed:36.198ms
2024-11-28 16:00:07.822 T:6455 debug : CAMLCodec::AddData: skip add data dl:15611659 fl:110837 sz:359032(359104) lv:101.5% dts:296.713 pts:296.838
2024-11-28 16:00:07.823 T:6455 debug : CAMLCodec::DequeueBuffer: pts:294.002 idx:8249
2024-11-28 16:00:07.823 T:6455 debug : CAMLCodec::GetPicture: index: 8249, pts: 294.002, dur:42.000ms ar:1.78 elf:38ms
2024-11-28 16:00:07.824 T:6455 debug : CVideoPlayerVideo::OutputPicture - ttd:398ms pts:294.002 Clock:293.603 Level:5
2024-11-28 16:00:07.825 T:4489 debug : PrepareNextRender: frameOnScreen: 293.604 renderPts: 293.813 nextFramePts: 293.794 -> diff: 0.019 render: 1 forceNext: 0
2024-11-28 16:00:07.825 T:6455 debug : CAMLCodec::AddData: skip add data dl:15413451 fl:309045 sz:359032(359104) lv:100.3% dts:296.713 pts:296.838
2024-11-28 16:00:07.828 T:4489 info : Skipped 1 duplicate messages..
2024-11-28 16:00:07.828 T:4489 debug : CAMLCodec::ReleaseFrame idx:8244, drop:0
2024-11-28 16:00:07.829 T:6455 debug : CAMLCodec::AddData: skip add data dl:15413451 fl:309045 sz:359032(359104) lv:100.3% dts:296.713 pts:296.838
2024-11-28 16:00:07.839 T:6452 info : Skipped 6 duplicate messages..
2024-11-28 16:00:07.839 T:6452 debug : CVideoPlayer::ProcessVideoData size:245724 dts:302.010 pts:302.052 dur:41.000ms, clock:293.619 level:100
2024-11-28 16:00:07.841 T:6455 debug : CAMLCodec::AddData: skip add data dl:15413451 fl:309045 sz:359032(359104) lv:100.3% dts:296.713 pts:296.838
2024-11-28 16:00:07.863 T:4489 info : Skipped 14 duplicate messages..
2024-11-28 16:00:07.863 T:4489 debug : CAMLCodec::PollFrame elapsed:35.451ms
2024-11-28 16:00:07.866 T:6455 debug : CAMLCodec::AddData: dl:15583435 fl:139061 sz:359032(359104) lv:99.1% dts:296.713 pts:296.838
2024-11-28 16:00:07.866 T:6455 debug : CAMLCodec::DequeueBuffer: pts:294.044 idx:8250
2024-11-28 16:00:07.867 T:6455 debug : CAMLCodec::GetPicture: index: 8250, pts: 294.044, dur:42.000ms ar:1.78 elf:42ms
2024-11-28 16:00:07.867 T:6455 debug : CVideoPlayerVideo::OutputPicture - ttd:397ms pts:294.044 Clock:293.646 Level:5
2024-11-28 16:00:07.867 T:4489 debug : PrepareNextRender: frameOnScreen: 293.647 renderPts: 293.856 nextFramePts: 293.835 -> diff: 0.021 render: 1 forceNext: 0
2024-11-28 16:00:07.868 T:6455 debug : CAMLCodec::AddData: skip add data dl:15583363 fl:139133 sz:281295(281408) lv:100.9% dts:296.755 pts:296.963
2024-11-28 16:00:07.870 T:4489 debug : CAMLCodec::ReleaseFrame idx:8245, drop:0
2024-11-28 16:00:07.870 T:6455 debug : CAMLCodec::AddData: skip add data dl:15583363 fl:139133 sz:281295(281408) lv:100.9% dts:296.755 pts:296.963
2024-11-28 16:00:07.881 T:6452 info : Skipped 8 duplicate messages..
2024-11-28 16:00:07.881 T:6452 debug : CVideoPlayer::ProcessVideoData size:226438 dts:302.052 pts:302.135 dur:41.000ms, clock:293.661 level:100
2024-11-28 16:00:07.882 T:6455 debug : CAMLCodec::AddData: skip add data dl:15583363 fl:139133 sz:281295(281408) lv:100.9% dts:296.755 pts:296.963
2024-11-28 16:00:07.906 T:4489 info : Skipped 18 duplicate messages..
2024-11-28 16:00:07.906 T:4489 debug : CAMLCodec::PollFrame elapsed:36.044ms
2024-11-28 16:00:07.907 T:6455 debug : CAMLCodec::DequeueBuffer: pts:294.085 idx:8251
2024-11-28 16:00:07.907 T:6455 debug : CAMLCodec::GetPicture: index: 8251, pts: 294.085, dur:41.000ms ar:1.78 elf:40ms
2024-11-28 16:00:07.907 T:6455 debug : CVideoPlayerVideo::OutputPicture - ttd:398ms pts:294.085 Clock:293.687 Level:5
2024-11-28 16:00:07.910 T:4489 debug : PrepareNextRender: frameOnScreen: 293.689 renderPts: 293.898 nextFramePts: 293.877 -> diff: 0.021 render: 1 forceNext: 0
2024-11-28 16:00:07.911 T:6455 debug : CAMLCodec::AddData: dl:15542915 fl:179581 sz:281295(281408) lv:98.8% dts:296.755 pts:296.963
2024-11-28 16:00:07.912 T:6455 debug : CAMLCodec::AddData: skip add data dl:15542802 fl:179694 sz:230903(230976) lv:100.3% dts:296.797 pts:296.922
2024-11-28 16:00:07.912 T:4489 debug : CAMLCodec::ReleaseFrame idx:8246, drop:0
2024-11-28 16:00:07.913 T:6455 debug : CAMLCodec::AddData: skip add data dl:15542802 fl:179694 sz:230903(230976) lv:100.3% dts:296.797 pts:296.922
2024-11-28 16:00:07.923 T:6452 info : Skipped 6 duplicate messages..
2024-11-28 16:00:07.923 T:6452 debug : CVideoPlayer::ProcessVideoData size:365520 dts:302.093 pts:302.469 dur:41.000ms, clock:293.703 level:66
2024-11-28 16:00:07.923 T:6455 debug : CAMLCodec::AddData: skip add data dl:15542802 fl:179694 sz:230903(230976) lv:100.3% dts:296.797 pts:296.922
2024-11-28 16:00:07.947 T:6455 info : Skipped 18 duplicate messages..
2024-11-28 16:00:07.947 T:6455 debug : CAMLCodec::DequeueBuffer: pts:294.127 idx:8252
2024-11-28 16:00:07.947 T:6455 debug : CAMLCodec::GetPicture: index: 8252, pts: 294.127, dur:42.000ms ar:1.78 elf:40ms
2024-11-28 16:00:07.947 T:6455 debug : CVideoPlayerVideo::OutputPicture - ttd:399ms pts:294.127 Clock:293.727 Level:5
2024-11-28 16:00:07.951 T:6455 debug : CAMLCodec::AddData: dl:15520082 fl:202414 sz:230903(230976) lv:98.7% dts:296.797 pts:296.922
2024-11-28 16:00:07.954 T:6455 debug : CAMLCodec::AddData: dl:15712073 fl:10423 sz:191985(192064) lv:99.9% dts:296.838 pts:296.880
2024-11-28 16:00:07.954 T:6455 debug : CAMLCodec::AddData: skip add data dl:15711994 fl:10502 sz:486306(486400) lv:103.0% dts:296.880 pts:297.005
2024-11-28 16:00:07.955 T:4489 debug : CAMLCodec::PollFrame elapsed:42.675ms
2024-11-28 16:00:07.955 T:6452 debug : CVideoPlayer::ProcessVideoData size:297785 dts:302.135 pts:302.344 dur:41.000ms, clock:293.735 level:66
2024-11-28 16:00:07.957 T:6455 debug : CAMLCodec::AddData: skip add data dl:15711994 fl:10502 sz:486306(486400) lv:103.0% dts:296.880 pts:297.005
2024-11-28 16:00:07.958 T:4489 debug : PrepareNextRender: frameOnScreen: 293.738 renderPts: 293.947 nextFramePts: 293.919 -> diff: 0.028 render: 1 forceNext: 0
2024-11-28 16:00:07.959 T:6455 debug : CAMLCodec::AddData: skip add data dl:15711994 fl:10502 sz:486306(486400) lv:103.0% dts:296.880 pts:297.005
2024-11-28 16:00:07.962 T:4489 info : Skipped 1 duplicate messages..
2024-11-28 16:00:07.962 T:4489 debug : CAMLCodec::ReleaseFrame idx:8247, drop:0
2024-11-28 16:00:07.963 T:6455 debug : CAMLCodec::AddData: skip add data dl:15711994 fl:10502 sz:486306(486400) lv:103.0% dts:296.880 pts:297.005
2024-11-28 16:00:07.976 T:6452 info : Skipped 9 duplicate messages..
2024-11-28 16:00:07.976 T:6452 debug : CVideoPlayer::ProcessVideoData size:284393 dts:302.177 pts:302.260 dur:41.000ms, clock:293.756 level:100
2024-11-28 16:00:07.977 T:6455 debug : CAMLCodec::AddData: skip add data dl:15711994 fl:10502 sz:486306(486400) lv:103.0% dts:296.880 pts:297.005
2024-11-28 16:00:07.990 T:6455 info : Skipped 8 duplicate messages..
2024-11-28 16:00:07.990 T:6455 debug : CAMLCodec::DequeueBuffer: pts:294.169 idx:8253
2024-11-28 16:00:07.990 T:6455 debug : CAMLCodec::GetPicture: index: 8253, pts: 294.169, dur:42.000ms ar:1.78 elf:42ms
2024-11-28 16:00:07.990 T:6455 debug : CVideoPlayerVideo::OutputPicture - ttd:399ms pts:294.169 Clock:293.770 Level:5
2024-11-28 16:00:07.992 T:6455 debug : CAMLCodec::AddData: skip add data dl:15466746 fl:255750 sz:486306(486400) lv:101.4% dts:296.880 pts:297.005
2024-11-28 16:00:07.996 T:4489 info : Skipped 2 duplicate messages..
2024-11-28 16:00:07.996 T:4489 debug : CAMLCodec::PollFrame elapsed:33.186ms
2024-11-28 16:00:07.996 T:6455 debug : CAMLCodec::AddData: skip add data dl:15466746 fl:255750 sz:486306(486400) lv:101.4% dts:296.880 pts:297.005
2024-11-28 16:00:07.999 T:4489 info : Skipped 1 duplicate messages..
2024-11-28 16:00:07.999 T:4489 debug : PrepareNextRender: frameOnScreen: 293.779 renderPts: 293.988 nextFramePts: 293.960 -> diff: 0.028 render: 1 forceNext: 0
2024-11-28 16:00:08.000 T:6455 debug : CAMLCodec::AddData: skip add data dl:15466746 fl:255750 sz:486306(486400) lv:101.4% dts:296.880 pts:297.005
2024-11-28 16:00:08.001 T:4489 info : Skipped 1 duplicate messages..
2024-11-28 16:00:08.001 T:4489 debug : CAMLCodec::ReleaseFrame idx:8248, drop:0
2024-11-28 16:00:08.003 T:6455 debug : CAMLCodec::AddData: skip add data dl:15466746 fl:255750 sz:486306(486400) lv:101.4% dts:296.880 pts:297.005
2024-11-28 16:00:08.030 T:4489 info : Skipped 20 duplicate messages..
2024-11-28 16:00:08.030 T:4489 debug : CAMLCodec::PollFrame elapsed:28.881ms
2024-11-28 16:00:08.032 T:6455 debug : CAMLCodec::AddData: skip add data dl:15274170 fl:448326 sz:486306(486400) lv:100.2% dts:296.880 pts:297.005
2024-11-28 16:00:08.033 T:4489 debug : PrepareNextRender: frameOnScreen: 293.813 renderPts: 294.022 nextFramePts: 294.002 -> diff: 0.020 render: 1 forceNext: 0
2024-11-28 16:00:08.033 T:6455 debug : CAMLCodec::DequeueBuffer: pts:294.211 idx:8254
2024-11-28 16:00:08.033 T:6455 debug : CAMLCodec::GetPicture: index: 8254, pts: 294.211, dur:42.000ms ar:1.78 elf:43ms
2024-11-28 16:00:08.034 T:6455 debug : CVideoPlayerVideo::OutputPicture - ttd:397ms pts:294.211 Clock:293.813 Level:4
2024-11-28 16:00:08.035 T:4489 debug : CAMLCodec::ReleaseFrame idx:8249, drop:0
2024-11-28 16:00:08.036 T:6455 debug : CAMLCodec::AddData: skip add data dl:15274170 fl:448326 sz:486306(486400) lv:100.2% dts:296.880 pts:297.005
2024-11-28 16:00:08.072 T:4489 info : Skipped 26 duplicate messages..
2024-11-28 16:00:08.072 T:4489 debug : CAMLCodec::PollFrame elapsed:37.055ms
2024-11-28 16:00:08.073 T:6455 debug : CAMLCodec::DequeueBuffer: pts:294.253 idx:8255
2024-11-28 16:00:08.073 T:6455 debug : CAMLCodec::GetPicture: index: 8255, pts: 294.253, dur:41.711ms ar:1.78 elf:39ms
2024-11-28 16:00:08.073 T:6455 debug : CVideoPlayerVideo::OutputPicture - ttd:400ms pts:294.253 Clock:293.853 Level:5
2024-11-28 16:00:08.075 T:4489 debug : PrepareNextRender: frameOnScreen: 293.855 renderPts: 294.064 nextFramePts: 294.044 -> diff: 0.020 render: 1 forceNext: 0
2024-11-28 16:00:08.077 T:6455 debug : CAMLCodec::AddData: dl:15575034 fl:147462 sz:486306(486400) lv:99.0% dts:296.880 pts:297.005
2024-11-28 16:00:08.077 T:4489 debug : CAMLCodec::ReleaseFrame idx:8250, drop:0
2024-11-28 16:00:08.078 T:6455 debug : CAMLCodec::AddData: skip add data dl:15574940 fl:147556 sz:443388(443456) lv:101.8% dts:296.922 pts:297.339
2024-11-28 16:00:08.088 T:6452 info : Skipped 5 duplicate messages..
2024-11-28 16:00:08.088 T:6452 debug : CVideoPlayer::ProcessVideoData size:220746 dts:302.219 pts:302.219 dur:41.000ms, clock:293.868 level:100
2024-11-28 16:00:08.090 T:6455 debug : CAMLCodec::AddData: skip add data dl:15574940 fl:147556 sz:443388(443456) lv:101.8% dts:296.922 pts:297.339
2024-11-28 16:00:08.114 T:4489 info : Skipped 13 duplicate messages..
2024-11-28 16:00:08.114 T:4489 debug : CAMLCodec::PollFrame elapsed:35.971ms
2024-11-28 16:00:08.115 T:6455 debug : CAMLCodec::AddData: skip add data dl:15336092 fl:386404 sz:443388(443456) lv:100.3% dts:296.922 pts:297.339
2024-11-28 16:00:08.117 T:6455 debug : CAMLCodec::DequeueBuffer: pts:294.294 idx:8256
2024-11-28 16:00:08.117 T:6455 debug : CAMLCodec::GetPicture: index: 8256, pts: 294.294, dur:41.289ms ar:1.78 elf:43ms
2024-11-28 16:00:08.117 T:6455 debug : CVideoPlayerVideo::OutputPicture - ttd:397ms pts:294.294 Clock:293.897 Level:5
2024-11-28 16:00:08.117 T:4489 debug : PrepareNextRender: frameOnScreen: 293.897 renderPts: 294.106 nextFramePts: 294.085 -> diff: 0.021 render: 1 forceNext: 0
2024-11-28 16:00:08.119 T:6455 debug : CAMLCodec::AddData: skip add data dl:15336092 fl:386404 sz:443388(443456) lv:100.3% dts:296.922 pts:297.339
2024-11-28 16:00:08.120 T:6452 debug : CVideoPlayer::ProcessVideoData size:247004 dts:302.260 pts:302.302 dur:41.000ms, clock:293.900 level:100
2024-11-28 16:00:08.121 T:4489 debug : CAMLCodec::ReleaseFrame idx:8251, drop:0
2024-11-28 16:00:08.122 T:6455 debug : CAMLCodec::AddData: skip add data dl:15336092 fl:386404 sz:443388(443456) lv:100.3% dts:296.922 pts:297.339
2024-11-28 16:00:08.155 T:4489 info : Skipped 19 duplicate messages..
2024-11-28 16:00:08.155 T:4489 debug : CAMLCodec::PollFrame elapsed:33.704ms
2024-11-28 16:00:08.156 T:6455 debug : CAMLCodec::AddData: skip add data dl:15336092 fl:386404 sz:443388(443456) lv:100.3% dts:296.922 pts:297.339
2024-11-28 16:00:08.157 T:6455 debug : CAMLCodec::DequeueBuffer: pts:294.336 idx:8257
2024-11-28 16:00:08.157 T:6455 debug : CAMLCodec::GetPicture: index: 8257, pts: 294.336, dur:42.000ms ar:1.78 elf:40ms
2024-11-28 16:00:08.158 T:6455 debug : CVideoPlayerVideo::OutputPicture - ttd:398ms pts:294.336 Clock:293.937 Level:5
2024-11-28 16:00:08.158 T:4489 debug : PrepareNextRender: frameOnScreen: 293.938 renderPts: 294.147 nextFramePts: 294.127 -> diff: 0.020 render: 1 forceNext: 0
2024-11-28 16:00:08.161 T:4489 debug : CAMLCodec::ReleaseFrame idx:8252, drop:0
2024-11-28 16:00:08.162 T:6455 debug : CAMLCodec::AddData: dl:15592988 fl:129508 sz:443388(443456) lv:99.1% dts:296.922 pts:297.339
2024-11-28 16:00:08.163 T:6455 debug : CAMLCodec::AddData: skip add data dl:15592920 fl:129576 sz:373291(373376) lv:101.5% dts:296.963 pts:297.172
2024-11-28 16:00:08.172 T:6452 info : Skipped 6 duplicate messages..
2024-11-28 16:00:08.172 T:6452 debug : CVideoPlayer::ProcessVideoData size:308875 dts:302.302 pts:302.427 dur:41.000ms, clock:293.952 level:100
2024-11-28 16:00:08.173 T:6455 debug : CAMLCodec::AddData: skip add data dl:15592920 fl:129576 sz:373291(373376) lv:101.5% dts:296.963 pts:297.172
2024-11-28 16:00:08.197 T:4489 info : Skipped 17 duplicate messages..
2024-11-28 16:00:08.197 T:4489 debug : CAMLCodec::PollFrame elapsed:35.577ms
2024-11-28 16:00:08.197 T:6455 debug : CAMLCodec::AddData: skip add data dl:15592920 fl:129576 sz:373291(373376) lv:101.5% dts:296.963 pts:297.172
2024-11-28 16:00:08.199 T:6455 debug : CAMLCodec::DequeueBuffer: pts:294.377 idx:8258
2024-11-28 16:00:08.199 T:6455 debug : CAMLCodec::GetPicture: index: 8258, pts: 294.377, dur:41.000ms ar:1.78 elf:41ms
2024-11-28 16:00:08.199 T:6455 debug : CVideoPlayerVideo::OutputPicture - ttd:398ms pts:294.377 Clock:293.979 Level:5
2024-11-28 16:00:08.200 T:4489 debug : PrepareNextRender: frameOnScreen: 293.980 renderPts: 294.189 nextFramePts: 294.169 -> diff: 0.020 render: 1 forceNext: 0
2024-11-28 16:00:08.200 T:6455 debug : CAMLCodec::AddData: skip add data dl:15394008 fl:328488 sz:373291(373376) lv:100.2% dts:296.963 pts:297.172
2024-11-28 16:00:08.203 T:4489 info : Skipped 1 duplicate messages..
2024-11-28 16:00:08.203 T:4489 debug : CAMLCodec::ReleaseFrame idx:8253, drop:0
2024-11-28 16:00:08.203 T:6455 debug : CAMLCodec::AddData: skip add data dl:15394008 fl:328488 sz:373291(373376) lv:100.2% dts:296.963 pts:297.172
2024-11-28 16:00:08.234 T:6452 info : Skipped 22 duplicate messages..
2024-11-28 16:00:08.234 T:6452 debug : CVideoPlayer::ProcessVideoData size:237058 dts:302.344 pts:302.385 dur:41.000ms, clock:294.014 level:100
2024-11-28 16:00:08.235 T:6455 debug : CAMLCodec::AddData: skip add data dl:15394008 fl:328488 sz:373291(373376) lv:100.2% dts:296.963 pts:297.172
2024-11-28 16:00:08.239 T:4489 info : Skipped 1 duplicate messages..
2024-11-28 16:00:08.239 T:4489 debug : CAMLCodec::PollFrame elapsed:36.033ms
2024-11-28 16:00:08.241 T:6455 debug : CAMLCodec::AddData: dl:15442264 fl:280232 sz:373291(373376) lv:98.2% dts:296.963 pts:297.172
2024-11-28 16:00:08.241 T:6455 debug : CAMLCodec::DequeueBuffer: pts:294.419 idx:8259
2024-11-28 16:00:08.241 T:6455 debug : CAMLCodec::GetPicture: index: 8259, pts: 294.419, dur:42.000ms ar:1.78 elf:42ms
2024-11-28 16:00:08.242 T:6455 debug : CVideoPlayerVideo::OutputPicture - ttd:397ms pts:294.419 Clock:294.021 Level:5
2024-11-28 16:00:08.243 T:4489 debug : PrepareNextRender: frameOnScreen: 294.023 renderPts: 294.232 nextFramePts: 294.211 -> diff: 0.021 render: 1 forceNext: 0
2024-11-28 16:00:08.244 T:6455 debug : CAMLCodec::AddData: skip add data dl:15442179 fl:280317 sz:364404(364480) lv:100.5% dts:297.005 pts:297.088
2024-11-28 16:00:08.246 T:4489 info : Skipped 1 duplicate messages..
2024-11-28 16:00:08.246 T:4489 debug : CAMLCodec::ReleaseFrame idx:8254, drop:0
2024-11-28 16:00:08.247 T:6455 debug : CAMLCodec::AddData: skip add data dl:15442179 fl:280317 sz:364404(364480) lv:100.5% dts:297.005 pts:297.088
2024-11-28 16:00:08.281 T:4489 info : Skipped 25 duplicate messages..
2024-11-28 16:00:08.281 T:4489 debug : CAMLCodec::PollFrame elapsed:34.008ms
2024-11-28 16:00:08.281 T:6455 debug : CAMLCodec::AddData: skip add data dl:15442179 fl:280317 sz:364404(364480) lv:100.5% dts:297.005 pts:297.088
2024-11-28 16:00:08.282 T:6455 debug : CAMLCodec::DequeueBuffer: pts:294.461 idx:8260
2024-11-28 16:00:08.283 T:6455 debug : CAMLCodec::GetPicture: index: 8260, pts: 294.461, dur:42.000ms ar:1.78 elf:40ms
2024-11-28 16:00:08.283 T:6455 debug : CVideoPlayerVideo::OutputPicture - ttd:398ms pts:294.461 Clock:294.063 Level:5
2024-11-28 16:00:08.283 T:4489 debug : PrepareNextRender: frameOnScreen: 294.063 renderPts: 294.272 nextFramePts: 294.253 -> diff: 0.019 render: 1 forceNext: 0
2024-11-28 16:00:08.286 T:4489 debug : CAMLCodec::ReleaseFrame idx:8255, drop:0
2024-11-28 16:00:08.287 T:6455 debug : CAMLCodec::AddData: dl:15550595 fl:171901 sz:364404(364480) lv:98.9% dts:297.005 pts:297.088
2024-11-28 16:00:08.288 T:6455 debug : CAMLCodec::AddData: skip add data dl:15550519 fl:171977 sz:295707(295808) lv:100.7% dts:297.047 pts:297.047
2024-11-28 16:00:08.288 T:6452 debug : CVideoPlayer::ProcessVideoData size:444913 dts:302.385 pts:302.511 dur:41.000ms, clock:294.068 level:66
2024-11-28 16:00:08.290 T:6455 debug : CAMLCodec::AddData: skip add data dl:15550519 fl:171977 sz:295707(295808) lv:100.7% dts:297.047 pts:297.047
2024-11-28 16:00:08.322 T:4489 info : Skipped 24 duplicate messages..
2024-11-28 16:00:08.322 T:4489 debug : CAMLCodec::PollFrame elapsed:36.343ms
2024-11-28 16:00:08.323 T:6455 debug : CAMLCodec::DequeueBuffer: pts:294.503 idx:8261
2024-11-28 16:00:08.323 T:6455 debug : CAMLCodec::GetPicture: index: 8261, pts: 294.503, dur:42.000ms ar:1.78 elf:40ms
2024-11-28 16:00:08.323 T:6455 debug : CVideoPlayerVideo::OutputPicture - ttd:399ms pts:294.503 Clock:294.103 Level:5
2024-11-28 16:00:08.326 T:4489 debug : PrepareNextRender: frameOnScreen: 294.106 renderPts: 294.315 nextFramePts: 294.294 -> diff: 0.021 render: 1 forceNext: 0
2024-11-28 16:00:08.327 T:6455 debug : CAMLCodec::AddData: dl:15600823 fl:121673 sz:295707(295808) lv:99.2% dts:297.047 pts:297.047
2024-11-28 16:00:08.328 T:6455 debug : CAMLCodec::AddData: skip add data dl:15600722 fl:121774 sz:290688(290752) lv:101.0% dts:297.088 pts:297.130
2024-11-28 16:00:08.329 T:4489 debug : CAMLCodec::ReleaseFrame idx:8256, drop:0
2024-11-28 16:00:08.330 T:6455 debug : CAMLCodec::AddData: skip add data dl:15600722 fl:121774 sz:290688(290752) lv:101.0% dts:297.088 pts:297.130
2024-11-28 16:00:08.364 T:4489 info : Skipped 26 duplicate messages..
2024-11-28 16:00:08.364 T:4489 debug : CAMLCodec::PollFrame elapsed:35.009ms
2024-11-28 16:00:08.367 T:6455 debug : CAMLCodec::AddData: dl:15698258 fl:24238 sz:290688(290752) lv:99.8% dts:297.088 pts:297.130
2024-11-28 16:00:08.367 T:4489 debug : PrepareNextRender: frameOnScreen: 294.147 renderPts: 294.356 nextFramePts: 294.336 -> diff: 0.020 render: 1 forceNext: 0
2024-11-28 16:00:08.367 T:6455 debug : CAMLCodec::DequeueBuffer: pts:294.544 idx:8262
2024-11-28 16:00:08.368 T:6455 debug : CAMLCodec::GetPicture: index: 8262, pts: 294.544, dur:41.000ms ar:1.78 elf:43ms
2024-11-28 16:00:08.368 T:6455 debug : CVideoPlayerVideo::OutputPicture - ttd:396ms pts:294.544 Clock:294.147 Level:4
2024-11-28 16:00:08.369 T:6455 debug : CAMLCodec::AddData: skip add data dl:15698194 fl:24302 sz:345299(345408) lv:102.0% dts:297.130 pts:297.255
2024-11-28 16:00:08.370 T:4489 debug : CAMLCodec::ReleaseFrame idx:8257, drop:0
2024-11-28 16:00:08.371 T:6455 debug : CAMLCodec::AddData: skip add data dl:15698194 fl:24302 sz:345299(345408) lv:102.0% dts:297.130 pts:297.255
2024-11-28 16:00:08.381 T:6452 info : Skipped 7 duplicate messages..
2024-11-28 16:00:08.381 T:6452 debug : CVideoPlayer::ProcessVideoData size:360456 dts:302.427 pts:302.844 dur:41.000ms, clock:294.161 level:66
2024-11-28 16:00:08.383 T:6455 debug : CAMLCodec::AddData: skip add data dl:15698194 fl:24302 sz:345299(345408) lv:102.0% dts:297.130 pts:297.255
2024-11-28 16:00:08.393 T:6452 info : Skipped 6 duplicate messages..
2024-11-28 16:00:08.393 T:6452 debug : CVideoPlayer::ProcessVideoData size:307149 dts:302.469 pts:302.677 dur:41.000ms, clock:294.172 level:100
2024-11-28 16:00:08.394 T:6455 debug : CAMLCodec::AddData: skip add data dl:15698194 fl:24302 sz:345299(345408) lv:102.0% dts:297.130 pts:297.255
2024-11-28 16:00:08.406 T:4489 info : Skipped 7 duplicate messages..
2024-11-28 16:00:08.406 T:4489 debug : CAMLCodec::PollFrame elapsed:35.232ms
2024-11-28 16:00:08.406 T:6455 debug : CAMLCodec::AddData: skip add data dl:15513042 fl:209454 sz:345299(345408) lv:100.8% dts:297.130 pts:297.255
2024-11-28 16:00:08.407 T:6455 debug : CAMLCodec::DequeueBuffer: pts:294.586 idx:8263
2024-11-28 16:00:08.407 T:6455 debug : CAMLCodec::GetPicture: index: 8263, pts: 294.586, dur:42.000ms ar:1.78 elf:39ms
2024-11-28 16:00:08.407 T:6455 debug : CVideoPlayerVideo::OutputPicture - ttd:398ms pts:294.586 Clock:294.187 Level:5
2024-11-28 16:00:08.409 T:6455 debug : CAMLCodec::AddData: skip add data dl:15513042 fl:209454 sz:345299(345408) lv:100.8% dts:297.130 pts:297.255
2024-11-28 16:00:08.409 T:4489 debug : PrepareNextRender: frameOnScreen: 294.189 renderPts: 294.398 nextFramePts: 294.377 -> diff: 0.021 render: 1 forceNext: 0
2024-11-28 16:00:08.410 T:6455 debug : CAMLCodec::AddData: skip add data dl:15513042 fl:209454 sz:345299(345408) lv:100.8% dts:297.130 pts:297.255
2024-11-28 16:00:08.412 T:4489 debug : CAMLCodec::ReleaseFrame idx:8258, drop:0
2024-11-28 16:00:08.412 T:6455 debug : CAMLCodec::AddData: skip add data dl:15513042 fl:209454 sz:345299(345408) lv:100.8% dts:297.130 pts:297.255
2024-11-28 16:00:08.447 T:4489 info : Skipped 25 duplicate messages..
2024-11-28 16:00:08.447 T:4489 debug : CAMLCodec::PollFrame elapsed:35.468ms
2024-11-28 16:00:08.450 T:6455 debug : CAMLCodec::AddData: dl:15616402 fl:106094 sz:345299(345408) lv:99.3% dts:297.130 pts:297.255
2024-11-28 16:00:08.450 T:6455 debug : CAMLCodec::DequeueBuffer: pts:294.628 idx:8264
2024-11-28 16:00:08.450 T:6455 debug : CAMLCodec::GetPicture: index: 8264, pts: 294.628, dur:42.000ms ar:1.78 elf:43ms
2024-11-28 16:00:08.451 T:6455 debug : CVideoPlayerVideo::OutputPicture - ttd:397ms pts:294.628 Clock:294.230 Level:5
2024-11-28 16:00:08.451 T:4489 debug : PrepareNextRender: frameOnScreen: 294.231 renderPts: 294.440 nextFramePts: 294.419 -> diff: 0.021 render: 1 forceNext: 0
2024-11-28 16:00:08.452 T:6455 debug : CAMLCodec::AddData: skip add data dl:15616293 fl:106203 sz:293522(293632) lv:101.2% dts:297.172 pts:297.214
2024-11-28 16:00:08.454 T:4489 info : Skipped 1 duplicate messages..
2024-11-28 16:00:08.454 T:4489 debug : CAMLCodec::ReleaseFrame idx:8259, drop:0
2024-11-28 16:00:08.455 T:6455 debug : CAMLCodec::AddData: skip add data dl:15616293 fl:106203 sz:293522(293632) lv:101.2% dts:297.172 pts:297.214
2024-11-28 16:00:08.489 T:4489 info : Skipped 27 duplicate messages..
2024-11-28 16:00:08.489 T:4489 debug : CAMLCodec::PollFrame elapsed:34.892ms
2024-11-28 16:00:08.492 T:4489 debug : PrepareNextRender: frameOnScreen: 294.272 renderPts: 294.481 nextFramePts: 294.461 -> diff: 0.020 render: 1 forceNext: 0
2024-11-28 16:00:08.493 T:6455 debug : CAMLCodec::AddData: dl:15722021 fl:475 sz:293522(293632) lv:100.0% dts:297.172 pts:297.214
2024-11-28 16:00:08.493 T:6455 debug : CAMLCodec::DequeueBuffer: pts:294.669 idx:8265
2024-11-28 16:00:08.493 T:6455 debug : CAMLCodec::GetPicture: index: 8265, pts: 294.669, dur:41.000ms ar:1.78 elf:42ms
2024-11-28 16:00:08.493 T:6455 debug : CVideoPlayerVideo::OutputPicture - ttd:396ms pts:294.669 Clock:294.273 Level:4
2024-11-28 16:00:08.494 T:6455 debug : CAMLCodec::DequeueBuffer: pts:294.711 idx:8266
2024-11-28 16:00:08.494 T:6455 debug : CAMLCodec::GetPicture: index: 8266, pts: 294.711, dur:42.000ms ar:1.78 elf:1ms
2024-11-28 16:00:08.495 T:6455 debug : CVideoPlayerVideo::OutputPicture - ttd:436ms pts:294.711 Clock:294.274 Level:5
2024-11-28 16:00:08.495 T:4489 debug : CAMLCodec::ReleaseFrame idx:8260, drop:0
2024-11-28 16:00:08.495 T:6452 debug : CVideoPlayer::ProcessVideoData size:281695 dts:302.511 pts:302.594 dur:41.000ms, clock:294.275 level:66
2024-11-28 16:00:08.496 T:6455 debug : CAMLCodec::DequeueBuffer: pts:294.753 idx:8267
2024-11-28 16:00:08.496 T:6455 debug : CAMLCodec::GetPicture: index: 8267, pts: 294.753, dur:42.000ms ar:1.78 elf:1ms
2024-11-28 16:00:08.496 T:6455 debug : CVideoPlayerVideo::OutputPicture - ttd:477ms pts:294.753 Clock:294.276 Level:6
2024-11-28 16:00:08.497 T:6455 debug : CAMLCodec::DequeueBuffer: pts:294.795 idx:8268
2024-11-28 16:00:08.497 T:6455 debug : CAMLCodec::GetPicture: index: 8268, pts: 294.795, dur:42.000ms ar:1.78 elf:1ms
2024-11-28 16:00:08.497 T:6455 debug : CVideoPlayerVideo::OutputPicture - ttd:517ms pts:294.795 Clock:294.277 Level:7
2024-11-28 16:00:08.499 T:6455 debug : CAMLCodec::AddData: skip add data dl:15721911 fl:585 sz:309319(309440) lv:101.9% dts:297.214 pts:297.297
2024-11-28 16:00:08.531 T:4489 info : Skipped 24 duplicate messages..
2024-11-28 16:00:08.531 T:4489 debug : CAMLCodec::PollFrame elapsed:35.863ms
2024-11-28 16:00:08.534 T:4489 debug : PrepareNextRender: frameOnScreen: 294.314 renderPts: 294.523 nextFramePts: 294.503 -> diff: 0.020 render: 1 forceNext: 0
2024-11-28 16:00:08.534 T:6455 debug : CAMLCodec::AddData: dl:15620663 fl:101833 sz:309319(309440) lv:99.3% dts:297.214 pts:297.297
2024-11-28 16:00:08.535 T:6455 debug : CAMLCodec::AddData: skip add data dl:15620542 fl:101954 sz:471167(471232) lv:102.3% dts:297.255 pts:297.672
2024-11-28 16:00:08.536 T:6452 debug : CVideoPlayer::ProcessVideoData size:224037 dts:302.552 pts:302.552 dur:41.000ms, clock:294.316 level:66
2024-11-28 16:00:08.537 T:6452 debug : CVideoPlayer::ProcessVideoData size:225258 dts:302.594 pts:302.636 dur:41.000ms, clock:294.317 level:67
2024-11-28 16:00:08.538 T:4489 debug : CAMLCodec::ReleaseFrame idx:8261, drop:0
2024-11-28 16:00:08.540 T:6455 debug : CAMLCodec::AddData: skip add data dl:15620542 fl:101954 sz:471167(471232) lv:102.3% dts:297.255 pts:297.672
2024-11-28 16:00:08.549 T:6452 info : Skipped 5 duplicate messages..
2024-11-28 16:00:08.549 T:6452 debug : CVideoPlayer::ProcessVideoData size:302025 dts:302.636 pts:302.761 dur:41.000ms, clock:294.329 level:100
2024-11-28 16:00:08.551 T:6455 debug : CAMLCodec::AddData: skip add data dl:15620542 fl:101954 sz:471167(471232) lv:102.3% dts:297.255 pts:297.672
2024-11-28 16:00:08.573 T:4489 info : Skipped 15 duplicate messages..
2024-11-28 16:00:08.573 T:4489 debug : CAMLCodec::PollFrame elapsed:34.462ms
2024-11-28 16:00:08.574 T:6455 debug : CAMLCodec::AddData: skip add data dl:15271806 fl:450690 sz:471167(471232) lv:100.1% dts:297.255 pts:297.672
2024-11-28 16:00:08.576 T:4489 info : Skipped 1 duplicate messages..
2024-11-28 16:00:08.576 T:4489 debug : PrepareNextRender: frameOnScreen: 294.356 renderPts: 294.565 nextFramePts: 294.544 -> diff: 0.021 render: 1 forceNext: 0
2024-11-28 16:00:08.578 T:6455 debug : CAMLCodec::AddData: skip add data dl:15271806 fl:450690 sz:471167(471232) lv:100.1% dts:297.255 pts:297.672
2024-11-28 16:00:08.579 T:4489 info : Skipped 1 duplicate messages..
2024-11-28 16:00:08.579 T:4489 debug : CAMLCodec::ReleaseFrame idx:8262, drop:0
2024-11-28 16:00:08.581 T:6455 debug : CAMLCodec::AddData: skip add data dl:15271806 fl:450690 sz:471167(471232) lv:100.1% dts:297.255 pts:297.672
2024-11-28 16:00:08.615 T:4489 info : Skipped 23 duplicate messages..
2024-11-28 16:00:08.615 T:4489 debug : CAMLCodec::PollFrame elapsed:34.985ms
2024-11-28 16:00:08.617 T:6455 debug : CAMLCodec::AddData: dl:15477182 fl:245314 sz:471167(471232) lv:98.4% dts:297.255 pts:297.672
2024-11-28 16:00:08.618 T:4489 debug : PrepareNextRender: frameOnScreen: 294.397 renderPts: 294.606 nextFramePts: 294.586 -> diff: 0.020 render: 1 forceNext: 0
2024-11-28 16:00:08.618 T:6455 debug : CAMLCodec::AddData: skip add data dl:15477117 fl:245379 sz:376199(376320) lv:100.8% dts:297.297 pts:297.506
2024-11-28 16:00:08.621 T:4489 info : Skipped 1 duplicate messages..
2024-11-28 16:00:08.621 T:4489 debug : CAMLCodec::ReleaseFrame idx:8263, drop:0
2024-11-28 16:00:08.621 T:6452 debug : CVideoPlayer::ProcessVideoData size:251131 dts:302.677 pts:302.719 dur:41.000ms, clock:294.401 level:67
2024-11-28 16:00:08.621 T:6455 debug : CAMLCodec::AddData: skip add data dl:15477117 fl:245379 sz:376199(376320) lv:100.8% dts:297.297 pts:297.506
2024-11-28 16:00:08.622 T:6452 debug : CVideoPlayer::ProcessVideoData size:229872 dts:302.719 pts:302.803 dur:41.000ms, clock:294.402 level:100
2024-11-28 16:00:08.624 T:6455 debug : CAMLCodec::AddData: skip add data dl:15477117 fl:245379 sz:376199(376320) lv:100.8% dts:297.297 pts:297.506
2024-11-28 16:00:08.656 T:4489 info : Skipped 22 duplicate messages..
2024-11-28 16:00:08.656 T:4489 debug : CAMLCodec::PollFrame elapsed:34.945ms
2024-11-28 16:00:08.656 T:6455 debug : CAMLCodec::AddData: skip add data dl:15477117 fl:245379 sz:376199(376320) lv:100.8% dts:297.297 pts:297.506
2024-11-28 16:00:08.658 T:6455 debug : CAMLCodec::DequeueBuffer: pts:294.836 idx:8269
2024-11-28 16:00:08.658 T:6455 debug : CAMLCodec::GetPicture: index: 8269, pts: 294.836, dur:41.000ms ar:1.78 elf:160ms
2024-11-28 16:00:08.658 T:6455 debug : CVideoPlayerVideo::OutputPicture - ttd:398ms pts:294.836 Clock:294.438 Level:5
2024-11-28 16:00:08.659 T:4489 debug : PrepareNextRender: frameOnScreen: 294.439 renderPts: 294.648 nextFramePts: 294.628 -> diff: 0.020 render: 1 forceNext: 0
2024-11-28 16:00:08.662 T:6455 debug : CAMLCodec::AddData: dl:15595645 fl:126851 sz:376199(376320) lv:99.2% dts:297.297 pts:297.506
2024-11-28 16:00:08.663 T:4489 debug : CAMLCodec::ReleaseFrame idx:8264, drop:0
2024-11-28 16:00:08.663 T:6455 debug : CAMLCodec::AddData: skip add data dl:15595524 fl:126972 sz:348552(348672) lv:101.4% dts:297.339 pts:297.422
2024-11-28 16:00:08.698 T:4489 info : Skipped 26 duplicate messages..
2024-11-28 16:00:08.698 T:4489 debug : CAMLCodec::PollFrame elapsed:34.744ms
2024-11-28 16:00:08.699 T:6455 debug : CAMLCodec::DequeueBuffer: pts:294.878 idx:8270
2024-11-28 16:00:08.699 T:6455 debug : CAMLCodec::GetPicture: index: 8270, pts: 294.878, dur:42.000ms ar:1.78 elf:40ms
2024-11-28 16:00:08.699 T:6455 debug : CVideoPlayerVideo::OutputPicture - ttd:399ms pts:294.878 Clock:294.479 Level:5
2024-11-28 16:00:08.700 T:6455 debug : CAMLCodec::AddData: skip add data dl:15397508 fl:324988 sz:348552(348672) lv:100.1% dts:297.339 pts:297.422
2024-11-28 16:00:08.701 T:4489 debug : PrepareNextRender: frameOnScreen: 294.481 renderPts: 294.690 nextFramePts: 294.669 -> diff: 0.021 render: 1 forceNext: 0
2024-11-28 16:00:08.702 T:6455 debug : CAMLCodec::AddData: skip add data dl:15397508 fl:324988 sz:348552(348672) lv:100.1% dts:297.339 pts:297.422
2024-11-28 16:00:08.703 T:4489 debug : CAMLCodec::ReleaseFrame idx:8265, drop:0
2024-11-28 16:00:08.704 T:6455 debug : CAMLCodec::AddData: skip add data dl:15397508 fl:324988 sz:348552(348672) lv:100.1% dts:297.339 pts:297.422
2024-11-28 16:00:08.739 T:4489 info : Skipped 27 duplicate messages..
2024-11-28 16:00:08.739 T:4489 debug : CAMLCodec::PollFrame elapsed:35.743ms
2024-11-28 16:00:08.742 T:4489 debug : PrepareNextRender: frameOnScreen: 294.522 renderPts: 294.731 nextFramePts: 294.711 -> diff: 0.020 render: 1 forceNext: 0
2024-11-28 16:00:08.743 T:6455 debug : CAMLCodec::AddData: dl:15552196 fl:170300 sz:348552(348672) lv:98.9% dts:297.339 pts:297.422
2024-11-28 16:00:08.743 T:6455 debug : CAMLCodec::DequeueBuffer: pts:294.920 idx:8271
2024-11-28 16:00:08.743 T:6455 debug : CAMLCodec::GetPicture: index: 8271, pts: 294.920, dur:42.000ms ar:1.78 elf:44ms
2024-11-28 16:00:08.744 T:6455 debug : CVideoPlayerVideo::OutputPicture - ttd:396ms pts:294.920 Clock:294.523 Level:4
2024-11-28 16:00:08.744 T:4489 debug : CAMLCodec::ReleaseFrame idx:8266, drop:0
2024-11-28 16:00:08.749 T:6455 debug : CAMLCodec::AddData: skip add data dl:15552076 fl:170420 sz:299085(299200) lv:100.8% dts:297.380 pts:297.380
2024-11-28 16:00:08.755 T:6452 info : Skipped 4 duplicate messages..
2024-11-28 16:00:08.755 T:6452 debug : CVideoPlayer::ProcessVideoData size:368434 dts:302.761 pts:303.178 dur:41.000ms, clock:294.535 level:67
2024-11-28 16:00:08.757 T:6455 debug : CAMLCodec::AddData: skip add data dl:15552076 fl:170420 sz:299085(299200) lv:100.8% dts:297.380 pts:297.380
2024-11-28 16:00:08.781 T:4489 info : Skipped 17 duplicate messages..
2024-11-28 16:00:08.781 T:4489 debug : CAMLCodec::PollFrame elapsed:37.112ms
2024-11-28 16:00:08.781 T:6455 debug : CAMLCodec::AddData: skip add data dl:15552076 fl:170420 sz:299085(299200) lv:100.8% dts:297.380 pts:297.380
2024-11-28 16:00:08.782 T:6455 debug : CAMLCodec::DequeueBuffer: pts:294.961 idx:8272
2024-11-28 16:00:08.783 T:6455 debug : CAMLCodec::GetPicture: index: 8272, pts: 294.961, dur:41.000ms ar:1.78 elf:38ms
2024-11-28 16:00:08.783 T:6455 debug : CVideoPlayerVideo::OutputPicture - ttd:398ms pts:294.961 Clock:294.563 Level:5
2024-11-28 16:00:08.784 T:4489 debug : PrepareNextRender: frameOnScreen: 294.563 renderPts: 294.773 nextFramePts: 294.753 -> diff: 0.020 render: 1 forceNext: 0
2024-11-28 16:00:08.787 T:6455 debug : CAMLCodec::AddData: dl:15600972 fl:121524 sz:299085(299200) lv:99.2% dts:297.380 pts:297.380
2024-11-28 16:00:08.787 T:6452 debug : CVideoPlayer::ProcessVideoData size:294458 dts:302.803 pts:303.011 dur:41.000ms, clock:294.567 level:67
2024-11-28 16:00:08.787 T:6455 debug : CAMLCodec::AddData: skip add data dl:15600857 fl:121639 sz:305913(305984) lv:101.1% dts:297.422 pts:297.464
2024-11-28 16:00:08.788 T:4489 debug : CAMLCodec::ReleaseFrame idx:8267, drop:0
2024-11-28 16:00:08.789 T:6455 debug : CAMLCodec::AddData: skip add data dl:15600857 fl:121639 sz:305913(305984) lv:101.1% dts:297.422 pts:297.464
2024-11-28 16:00:08.823 T:4489 info : Skipped 25 duplicate messages..
2024-11-28 16:00:08.823 T:4489 debug : CAMLCodec::PollFrame elapsed:34.506ms
2024-11-28 16:00:08.823 T:6455 debug : CAMLCodec::DequeueBuffer: pts:295.003 idx:8273
2024-11-28 16:00:08.823 T:6455 debug : CAMLCodec::GetPicture: index: 8273, pts: 295.003, dur:42.000ms ar:1.78 elf:40ms
2024-11-28 16:00:08.823 T:6455 debug : CVideoPlayerVideo::OutputPicture - ttd:400ms pts:295.003 Clock:294.603 Level:5
2024-11-28 16:00:08.827 T:4489 debug : PrepareNextRender: frameOnScreen: 294.607 renderPts: 294.816 nextFramePts: 294.795 -> diff: 0.021 render: 1 forceNext: 0
2024-11-28 16:00:08.827 T:6455 debug : CAMLCodec::AddData: dl:15710489 fl:12007 sz:305913(305984) lv:99.9% dts:297.422 pts:297.464
2024-11-28 16:00:08.828 T:6455 debug : CAMLCodec::AddData: skip add data dl:15710418 fl:12078 sz:358250(358336) lv:102.2% dts:297.464 pts:297.589
2024-11-28 16:00:08.829 T:6452 debug : CVideoPlayer::ProcessVideoData size:288390 dts:302.844 pts:302.928 dur:41.000ms, clock:294.609 level:67
2024-11-28 16:00:08.830 T:6455 debug : CAMLCodec::AddData: skip add data dl:15710418 fl:12078 sz:358250(358336) lv:102.2% dts:297.464 pts:297.589
2024-11-28 16:00:08.830 T:4489 debug : CAMLCodec::ReleaseFrame idx:8268, drop:0
2024-11-28 16:00:08.831 T:6452 debug : CVideoPlayer::ProcessVideoData size:227341 dts:302.886 pts:302.886 dur:41.000ms, clock:294.610 level:100
2024-11-28 16:00:08.832 T:6455 debug : CAMLCodec::AddData: skip add data dl:15710418 fl:12078 sz:358250(358336) lv:102.2% dts:297.464 pts:297.589
2024-11-28 16:00:08.842 T:6452 info : Skipped 6 duplicate messages..
2024-11-28 16:00:08.842 T:6452 debug : CVideoPlayer::ProcessVideoData size:243751 dts:302.928 pts:302.969 dur:41.000ms, clock:294.622 level:100
2024-11-28 16:00:08.844 T:6455 debug : CAMLCodec::AddData: skip add data dl:15710418 fl:12078 sz:358250(358336) lv:102.2% dts:297.464 pts:297.589
2024-11-28 16:00:08.864 T:4489 info : Skipped 14 duplicate messages..
2024-11-28 16:00:08.864 T:4489 debug : CAMLCodec::PollFrame elapsed:33.757ms
2024-11-28 16:00:08.865 T:6455 debug : CAMLCodec::AddData: skip add data dl:15710418 fl:12078 sz:358250(358336) lv:102.2% dts:297.464 pts:297.589
2024-11-28 16:00:08.866 T:6455 debug : CAMLCodec::AddData: skip add data dl:15515218 fl:207278 sz:358250(358336) lv:100.9% dts:297.464 pts:297.589
2024-11-28 16:00:08.867 T:4489 debug : PrepareNextRender: frameOnScreen: 294.647 renderPts: 294.856 nextFramePts: 294.836 -> diff: 0.020 render: 1 forceNext: 0
2024-11-28 16:00:08.867 T:6455 debug : CAMLCodec::DequeueBuffer: pts:295.045 idx:8274
2024-11-28 16:00:08.868 T:6455 debug : CAMLCodec::GetPicture: index: 8274, pts: 295.045, dur:42.000ms ar:1.78 elf:44ms
2024-11-28 16:00:08.868 T:6455 debug : CVideoPlayerVideo::OutputPicture - ttd:397ms pts:295.045 Clock:294.647 Level:4
2024-11-28 16:00:08.869 T:6455 debug : CAMLCodec::AddData: skip add data dl:15515218 fl:207278 sz:358250(358336) lv:100.9% dts:297.464 pts:297.589
2024-11-28 16:00:08.870 T:4489 debug : CAMLCodec::ReleaseFrame idx:8269, drop:0
2024-11-28 16:00:08.871 T:6455 debug : CAMLCodec::AddData: skip add data dl:15515218 fl:207278 sz:358250(358336) lv:100.9% dts:297.464 pts:297.589
2024-11-28 16:00:08.906 T:4489 info : Skipped 26 duplicate messages..
2024-11-28 16:00:08.906 T:4489 debug : CAMLCodec::PollFrame elapsed:35.816ms
2024-11-28 16:00:08.909 T:6455 debug : CAMLCodec::AddData: dl:15533906 fl:188590 sz:358250(358336) lv:98.8% dts:297.464 pts:297.589
2024-11-28 16:00:08.909 T:6455 debug : CAMLCodec::DequeueBuffer: pts:295.086 idx:8275
2024-11-28 16:00:08.909 T:6455 debug : CAMLCodec::GetPicture: index: 8275, pts: 295.086, dur:41.000ms ar:1.78 elf:41ms
2024-11-28 16:00:08.909 T:6455 debug : CVideoPlayerVideo::OutputPicture - ttd:396ms pts:295.086 Clock:294.689 Level:5
2024-11-28 16:00:08.910 T:4489 debug : PrepareNextRender: frameOnScreen: 294.689 renderPts: 294.899 nextFramePts: 294.878 -> diff: 0.021 render: 1 forceNext: 0
2024-11-28 16:00:08.911 T:6455 debug : CAMLCodec::AddData: skip add data dl:15533820 fl:188676 sz:301370(301440) lv:100.7% dts:297.506 pts:297.547
2024-11-28 16:00:08.911 T:4489 debug : CAMLCodec::ReleaseFrame idx:8270, drop:0
2024-11-28 16:00:08.912 T:6455 debug : CAMLCodec::AddData: skip add data dl:15533820 fl:188676 sz:301370(301440) lv:100.7% dts:297.506 pts:297.547
2024-11-28 16:00:08.934 T:6452 info : Skipped 16 duplicate messages..
2024-11-28 16:00:08.934 T:6452 debug : CVideoPlayer::ProcessVideoData size:349121 dts:302.969 pts:303.094 dur:41.000ms, clock:294.714 level:68
2024-11-28 16:00:08.934 T:6455 debug : CAMLCodec::AddData: skip add data dl:15533820 fl:188676 sz:301370(301440) lv:100.7% dts:297.506 pts:297.547
2024-11-28 16:00:08.948 T:6455 info : Skipped 9 duplicate messages..
2024-11-28 16:00:08.948 T:6455 debug : CAMLCodec::DequeueBuffer: pts:295.128 idx:8276
2024-11-28 16:00:08.948 T:4489 debug : CAMLCodec::PollFrame elapsed:36.389ms
2024-11-28 16:00:08.948 T:6455 debug : CAMLCodec::GetPicture: index: 8276, pts: 295.128, dur:42.000ms ar:1.78 elf:38ms
2024-11-28 16:00:08.948 T:6455 debug : CVideoPlayerVideo::OutputPicture - ttd:400ms pts:295.128 Clock:294.728 Level:5
2024-11-28 16:00:08.951 T:4489 debug : PrepareNextRender: frameOnScreen: 294.731 renderPts: 294.940 nextFramePts: 294.920 -> diff: 0.020 render: 1 forceNext: 0
2024-11-28 16:00:08.952 T:6455 debug : CAMLCodec::AddData: dl:15572412 fl:150084 sz:301370(301440) lv:99.0% dts:297.506 pts:297.547
2024-11-28 16:00:08.953 T:6455 debug : CAMLCodec::AddData: skip add data dl:15572342 fl:150154 sz:309493(309568) lv:101.0% dts:297.547 pts:297.631
2024-11-28 16:00:08.953 T:4489 debug : CAMLCodec::ReleaseFrame idx:8271, drop:0
2024-11-28 16:00:08.954 T:6455 debug : CAMLCodec::AddData: skip add data dl:15572342 fl:150154 sz:309493(309568) lv:101.0% dts:297.547 pts:297.631
2024-11-28 16:00:08.976 T:6452 info : Skipped 16 duplicate messages..
2024-11-28 16:00:08.976 T:6452 debug : CVideoPlayer::ProcessVideoData size:237907 dts:303.011 pts:303.053 dur:41.000ms, clock:294.755 level:100
2024-11-28 16:00:08.977 T:6455 debug : CAMLCodec::AddData: skip add data dl:15572342 fl:150154 sz:309493(309568) lv:101.0% dts:297.547 pts:297.631
2024-11-28 16:00:08.990 T:4489 info : Skipped 8 duplicate messages..
2024-11-28 16:00:08.990 T:4489 debug : CAMLCodec::PollFrame elapsed:36.293ms
2024-11-28 16:00:08.990 T:6455 debug : CAMLCodec::DequeueBuffer: pts:295.170 idx:8277
2024-11-28 16:00:08.990 T:6455 debug : CAMLCodec::GetPicture: index: 8277, pts: 295.170, dur:42.000ms ar:1.78 elf:41ms
2024-11-28 16:00:08.990 T:6455 debug : CVideoPlayerVideo::OutputPicture - ttd:400ms pts:295.170 Clock:294.770 Level:5
2024-11-28 16:00:08.994 T:4489 debug : PrepareNextRender: frameOnScreen: 294.774 renderPts: 294.983 nextFramePts: 294.961 -> diff: 0.022 render: 1 forceNext: 0
2024-11-28 16:00:08.994 T:6455 debug : CAMLCodec::AddData: dl:15631734 fl:90762 sz:309493(309568) lv:99.4% dts:297.547 pts:297.631
2024-11-28 16:00:08.995 T:6455 debug : CAMLCodec::AddData: skip add data dl:15631659 fl:90837 sz:454202(454272) lv:102.3% dts:297.589 pts:297.964
2024-11-28 16:00:08.998 T:4489 info : Skipped 1 duplicate messages..
2024-11-28 16:00:08.998 T:4489 debug : CAMLCodec::ReleaseFrame idx:8272, drop:0
2024-11-28 16:00:08.999 T:6455 debug : CAMLCodec::AddData: skip add data dl:15631659 fl:90837 sz:454202(454272) lv:102.3% dts:297.589 pts:297.964
2024-11-28 16:00:09.031 T:4489 info : Skipped 19 duplicate messages..
2024-11-28 16:00:09.031 T:4489 debug : CAMLCodec::PollFrame elapsed:33.401ms
2024-11-28 16:00:09.032 T:6455 debug : CAMLCodec::DequeueBuffer: pts:295.212 idx:8278
2024-11-28 16:00:09.032 T:6455 debug : CAMLCodec::GetPicture: index: 8278, pts: 295.212, dur:42.000ms ar:1.78 elf:42ms
2024-11-28 16:00:09.032 T:6455 debug : CVideoPlayerVideo::OutputPicture - ttd:399ms pts:295.212 Clock:294.812 Level:5
2024-11-28 16:00:09.034 T:4489 debug : PrepareNextRender: frameOnScreen: 294.814 renderPts: 295.023 nextFramePts: 295.003 -> diff: 0.020 render: 1 forceNext: 0
2024-11-28 16:00:09.035 T:6455 debug : CAMLCodec::AddData: skip add data dl:15440299 fl:282197 sz:454202(454272) lv:101.1% dts:297.589 pts:297.964
2024-11-28 16:00:09.037 T:4489 info : Skipped 1 duplicate messages..
2024-11-28 16:00:09.037 T:4489 debug : CAMLCodec::ReleaseFrame idx:8273, drop:0
2024-11-28 16:00:09.038 T:6452 debug : CVideoPlayer::ProcessVideoData size:235369 dts:303.053 pts:303.136 dur:41.000ms, clock:294.818 level:100
2024-11-28 16:00:09.040 T:6455 debug : CAMLCodec::AddData: skip add data dl:15440299 fl:282197 sz:454202(454272) lv:101.1% dts:297.589 pts:297.964
2024-11-28 16:00:09.073 T:4489 info : Skipped 19 duplicate messages..
2024-11-28 16:00:09.073 T:4489 debug : CAMLCodec::PollFrame elapsed:35.240ms
2024-11-28 16:00:09.077 T:6455 debug : CAMLCodec::AddData: dl:15706667 fl:15829 sz:454202(454272) lv:99.9% dts:297.589 pts:297.964
2024-11-28 16:00:09.077 T:4489 debug : PrepareNextRender: frameOnScreen: 294.857 renderPts: 295.066 nextFramePts: 295.045 -> diff: 0.021 render: 1 forceNext: 0
2024-11-28 16:00:09.077 T:6455 debug : CAMLCodec::DequeueBuffer: pts:295.253 idx:8279
2024-11-28 16:00:09.077 T:6455 debug : CAMLCodec::GetPicture: index: 8279, pts: 295.253, dur:41.000ms ar:1.78 elf:44ms
2024-11-28 16:00:09.077 T:6455 debug : CVideoPlayerVideo::OutputPicture - ttd:395ms pts:295.253 Clock:294.857 Level:4
2024-11-28 16:00:09.080 T:6455 debug : CAMLCodec::AddData: skip add data dl:15706597 fl:15899 sz:378238(378304) lv:102.3% dts:297.631 pts:297.839
2024-11-28 16:00:09.081 T:4489 debug : CAMLCodec::ReleaseFrame idx:8274, drop:0
2024-11-28 16:00:09.081 T:6455 debug : CAMLCodec::AddData: skip add data dl:15706597 fl:15899 sz:378238(378304) lv:102.3% dts:297.631 pts:297.839
2024-11-28 16:00:09.090 T:6452 info : Skipped 6 duplicate messages..
2024-11-28 16:00:09.090 T:6452 debug : CVideoPlayer::ProcessVideoData size:402401 dts:303.094 pts:303.470 dur:41.000ms, clock:294.870 level:68
2024-11-28 16:00:09.092 T:6455 debug : CAMLCodec::AddData: skip add data dl:15706597 fl:15899 sz:378238(378304) lv:102.3% dts:297.631 pts:297.839
2024-11-28 16:00:09.115 T:4489 info : Skipped 15 duplicate messages..
2024-11-28 16:00:09.115 T:4489 debug : CAMLCodec::PollFrame elapsed:33.954ms
2024-11-28 16:00:09.115 T:6455 debug : CAMLCodec::AddData: skip add data dl:15706597 fl:15899 sz:378238(378304) lv:102.3% dts:297.631 pts:297.839
2024-11-28 16:00:09.116 T:6455 debug : CAMLCodec::DequeueBuffer: pts:295.295 idx:8280
2024-11-28 16:00:09.116 T:6455 debug : CAMLCodec::GetPicture: index: 8280, pts: 295.295, dur:42.000ms ar:1.78 elf:38ms
2024-11-28 16:00:09.116 T:6455 debug : CVideoPlayerVideo::OutputPicture - ttd:398ms pts:295.295 Clock:294.896 Level:5
2024-11-28 16:00:09.118 T:6455 debug : CAMLCodec::AddData: skip add data dl:15466469 fl:256027 sz:378238(378304) lv:100.7% dts:297.631 pts:297.839
