2024-11-28 16:00:21.880 T:4489 debug : PrepareNextRender: frameOnScreen: 307.660 renderPts: 307.869 nextFramePts: 307.849 -> diff: 0.020 render: 1 forceNext: 0
2024-11-28 16:00:21.881 T:6455 debug : CAMLCodec::AddData: skip add data dl:15409500 fl:312996 sz:423561(423680) lv:100.7% dts:309.851 pts:310.060
2024-11-28 16:00:21.883 T:4489 info : Skipped 1 duplicate messages..
2024-11-28 16:00:21.883 T:4489 debug : CAMLCodec::ReleaseFrame idx:8581, drop:0
2024-11-28 16:00:21.884 T:6455 debug : CAMLCodec::AddData: skip add data dl:15409500 fl:312996 sz:423561(423680) lv:100.7% dts:309.851 pts:310.060
2024-11-28 16:00:21.919 T:4489 info : Skipped 23 duplicate messages..
2024-11-28 16:00:21.919 T:4489 debug : CAMLCodec::PollFrame elapsed:34.840ms
2024-11-28 16:00:21.921 T:6455 debug : CAMLCodec::AddData: dl:15532252 fl:190244 sz:423561(423680) lv:98.8% dts:309.851 pts:310.060
2024-11-28 16:00:21.921 T:6455 debug : CAMLCodec::DequeueBuffer: pts:308.099 idx:8587
2024-11-28 16:00:21.921 T:6455 debug : CAMLCodec::GetPicture: index: 8587, pts: 308.099, dur:41.000ms ar:1.78 elf:43ms
2024-11-28 16:00:21.921 T:6455 debug : CVideoPlayerVideo::OutputPicture - ttd:397ms pts:308.099 Clock:307.702 Level:5
2024-11-28 16:00:21.922 T:4489 debug : PrepareNextRender: frameOnScreen: 307.702 renderPts: 307.912 nextFramePts: 307.891 -> diff: 0.021 render: 1 forceNext: 0
2024-11-28 16:00:21.923 T:6455 debug : CAMLCodec::AddData: skip add data dl:15532133 fl:190363 sz:380339(380416) lv:101.2% dts:309.893 pts:309.976
2024-11-28 16:00:21.925 T:4489 info : Skipped 1 duplicate messages..
2024-11-28 16:00:21.925 T:4489 debug : CAMLCodec::ReleaseFrame idx:8582, drop:0
2024-11-28 16:00:21.926 T:6455 debug : CAMLCodec::AddData: skip add data dl:15532133 fl:190363 sz:380339(380416) lv:101.2% dts:309.893 pts:309.976
2024-11-28 16:00:21.960 T:4489 info : Skipped 25 duplicate messages..
2024-11-28 16:00:21.960 T:4489 debug : CAMLCodec::PollFrame elapsed:34.349ms
2024-11-28 16:00:21.961 T:6455 debug : CAMLCodec::DequeueBuffer: pts:308.141 idx:8588
2024-11-28 16:00:21.961 T:6455 debug : CAMLCodec::GetPicture: index: 8588, pts: 308.141, dur:42.000ms ar:1.78 elf:39ms
2024-11-28 16:00:21.961 T:6455 debug : CVideoPlayerVideo::OutputPicture - ttd:399ms pts:308.141 Clock:307.742 Level:5
2024-11-28 16:00:21.963 T:4489 debug : PrepareNextRender: frameOnScreen: 307.744 renderPts: 307.953 nextFramePts: 307.933 -> diff: 0.020 render: 1 forceNext: 0
2024-11-28 16:00:21.965 T:6455 debug : CAMLCodec::AddData: dl:15465381 fl:257115 sz:380339(380416) lv:98.3% dts:309.893 pts:309.976
2024-11-28 16:00:21.965 T:6455 debug : CAMLCodec::AddData: skip add data dl:15465304 fl:257192 sz:303368(303488) lv:100.3% dts:309.935 pts:309.935
2024-11-28 16:00:21.966 T:4489 debug : CAMLCodec::ReleaseFrame idx:8583, drop:0
2024-11-28 16:00:21.967 T:6455 debug : CAMLCodec::AddData: skip add data dl:15465304 fl:257192 sz:303368(303488) lv:100.3% dts:309.935 pts:309.935
2024-11-28 16:00:21.982 T:6452 info : Skipped 10 duplicate messages..
2024-11-28 16:00:21.982 T:6452 debug : CVideoPlayer::ProcessVideoData size:453177 dts:315.232 pts:315.607 dur:41.000ms, clock:307.763 level:66
2024-11-28 16:00:21.984 T:6455 debug : CAMLCodec::AddData: skip add data dl:15465304 fl:257192 sz:303368(303488) lv:100.3% dts:309.935 pts:309.935
2024-11-28 16:00:22.002 T:4489 info : Skipped 13 duplicate messages..
2024-11-28 16:00:22.002 T:4489 debug : CAMLCodec::PollFrame elapsed:35.874ms
2024-11-28 16:00:22.003 T:6455 debug : CAMLCodec::DequeueBuffer: pts:308.183 idx:8589
2024-11-28 16:00:22.003 T:6455 debug : CAMLCodec::GetPicture: index: 8589, pts: 308.183, dur:41.711ms ar:1.78 elf:42ms
2024-11-28 16:00:22.003 T:6455 debug : CVideoPlayerVideo::OutputPicture - ttd:398ms pts:308.183 Clock:307.784 Level:5
2024-11-28 16:00:22.005 T:4489 debug : PrepareNextRender: frameOnScreen: 307.785 renderPts: 307.995 nextFramePts: 307.974 -> diff: 0.021 render: 1 forceNext: 0
2024-11-28 16:00:22.007 T:6455 debug : CAMLCodec::AddData: dl:15383128 fl:339368 sz:303368(303488) lv:97.8% dts:309.935 pts:309.935
2024-11-28 16:00:22.009 T:4489 debug : CAMLCodec::ReleaseFrame idx:8584, drop:0
2024-11-28 16:00:22.010 T:6455 debug : CAMLCodec::AddData: dl:15689184 fl:33312 sz:306056(306176) lv:99.7% dts:309.976 pts:310.018
2024-11-28 16:00:22.011 T:6455 debug : CAMLCodec::AddData: skip add data dl:15689064 fl:33432 sz:384351(384448) lv:102.2% dts:310.018 pts:310.143
2024-11-28 16:00:22.015 T:6452 info : Skipped 2 duplicate messages..
2024-11-28 16:00:22.015 T:6452 debug : CVideoPlayer::ProcessVideoData size:394436 dts:315.273 pts:315.482 dur:41.000ms, clock:307.795 level:66
2024-11-28 16:00:22.015 T:6455 debug : CAMLCodec::AddData: skip add data dl:15689064 fl:33432 sz:384351(384448) lv:102.2% dts:310.018 pts:310.143
2024-11-28 16:00:22.043 T:4489 info : Skipped 19 duplicate messages..
2024-11-28 16:00:22.043 T:4489 debug : CAMLCodec::PollFrame elapsed:34.044ms
2024-11-28 16:00:22.044 T:6455 debug : CAMLCodec::AddData: skip add data dl:15689064 fl:33432 sz:384351(384448) lv:102.2% dts:310.018 pts:310.143
2024-11-28 16:00:22.045 T:6455 debug : CAMLCodec::DequeueBuffer: pts:308.225 idx:8590
2024-11-28 16:00:22.045 T:6455 debug : CAMLCodec::GetPicture: index: 8590, pts: 308.225, dur:42.289ms ar:1.78 elf:41ms
2024-11-28 16:00:22.045 T:6455 debug : CVideoPlayerVideo::OutputPicture - ttd:399ms pts:308.225 Clock:307.826 Level:5
2024-11-28 16:00:22.046 T:4489 debug : PrepareNextRender: frameOnScreen: 307.827 renderPts: 308.036 nextFramePts: 308.016 -> diff: 0.020 render: 1 forceNext: 0
2024-11-28 16:00:22.050 T:6455 debug : CAMLCodec::AddData: dl:15673192 fl:49304 sz:384351(384448) lv:99.6% dts:310.018 pts:310.143
2024-11-28 16:00:22.050 T:6455 debug : CAMLCodec::AddData: skip add data dl:15673095 fl:49401 sz:324142(324224) lv:101.7% dts:310.060 pts:310.101
2024-11-28 16:00:22.051 T:4489 debug : CAMLCodec::ReleaseFrame idx:8585, drop:0
2024-11-28 16:00:22.052 T:6455 debug : CAMLCodec::AddData: skip add data dl:15673095 fl:49401 sz:324142(324224) lv:101.7% dts:310.060 pts:310.101
2024-11-28 16:00:22.057 T:6452 info : Skipped 3 duplicate messages..
2024-11-28 16:00:22.057 T:6452 debug : CVideoPlayer::ProcessVideoData size:368654 dts:315.315 pts:315.398 dur:41.000ms, clock:307.837 level:66
2024-11-28 16:00:22.058 T:6455 debug : CAMLCodec::AddData: skip add data dl:15673095 fl:49401 sz:324142(324224) lv:101.7% dts:310.060 pts:310.101
2024-11-28 16:00:22.069 T:6452 info : Skipped 7 duplicate messages..
2024-11-28 16:00:22.069 T:6452 debug : CVideoPlayer::ProcessVideoData size:292520 dts:315.357 pts:315.357 dur:41.000ms, clock:307.850 level:100
2024-11-28 16:00:22.070 T:6455 debug : CAMLCodec::AddData: skip add data dl:15673095 fl:49401 sz:324142(324224) lv:101.7% dts:310.060 pts:310.101
2024-11-28 16:00:22.085 T:4489 info : Skipped 10 duplicate messages..
2024-11-28 16:00:22.085 T:4489 debug : CAMLCodec::PollFrame elapsed:34.100ms
2024-11-28 16:00:22.086 T:6455 debug : CAMLCodec::AddData: skip add data dl:15673095 fl:49401 sz:324142(324224) lv:101.7% dts:310.060 pts:310.101
2024-11-28 16:00:22.087 T:6455 debug : CAMLCodec::DequeueBuffer: pts:308.266 idx:8591
2024-11-28 16:00:22.087 T:6455 debug : CAMLCodec::GetPicture: index: 8591, pts: 308.266, dur:41.000ms ar:1.78 elf:41ms
2024-11-28 16:00:22.087 T:6455 debug : CVideoPlayerVideo::OutputPicture - ttd:398ms pts:308.266 Clock:307.868 Level:5
2024-11-28 16:00:22.088 T:4489 debug : PrepareNextRender: frameOnScreen: 307.868 renderPts: 308.078 nextFramePts: 308.058 -> diff: 0.020 render: 1 forceNext: 0
2024-11-28 16:00:22.091 T:6455 debug : CAMLCodec::AddData: dl:15700615 fl:21881 sz:324142(324224) lv:99.8% dts:310.060 pts:310.101
2024-11-28 16:00:22.091 T:6455 debug : CAMLCodec::AddData: skip add data dl:15700533 fl:21963 sz:339554(339648) lv:102.0% dts:310.101 pts:310.185
2024-11-28 16:00:22.092 T:4489 debug : CAMLCodec::ReleaseFrame idx:8586, drop:0
2024-11-28 16:00:22.093 T:6455 debug : CAMLCodec::AddData: skip add data dl:15700533 fl:21963 sz:339554(339648) lv:102.0% dts:310.101 pts:310.185
2024-11-28 16:00:22.127 T:4489 info : Skipped 25 duplicate messages..
2024-11-28 16:00:22.127 T:4489 debug : CAMLCodec::PollFrame elapsed:34.854ms
2024-11-28 16:00:22.129 T:6455 debug : CAMLCodec::AddData: dl:15725941 fl:-3445 sz:339554(339648) lv:100.0% dts:310.101 pts:310.185
2024-11-28 16:00:22.129 T:6455 debug : CAMLCodec::DequeueBuffer: pts:308.308 idx:8592
2024-11-28 16:00:22.129 T:6455 debug : CAMLCodec::GetPicture: index: 8592, pts: 308.308, dur:42.000ms ar:1.78 elf:42ms
2024-11-28 16:00:22.129 T:6455 debug : CVideoPlayerVideo::OutputPicture - ttd:398ms pts:308.308 Clock:307.910 Level:5
2024-11-28 16:00:22.131 T:6452 debug : CVideoPlayer::ProcessVideoData size:288984 dts:315.398 pts:315.440 dur:41.000ms, clock:307.912 level:65
2024-11-28 16:00:22.131 T:6455 debug : CAMLCodec::AddData: skip add data dl:15722496 fl:0 sz:527125(527232) lv:100.0% dts:310.143 pts:310.519
2024-11-28 16:00:22.133 T:4489 debug : PrepareNextRender: frameOnScreen: 307.913 renderPts: 308.122 nextFramePts: 308.099 -> diff: 0.023 render: 1 forceNext: 0
2024-11-28 16:00:22.134 T:6452 debug : CVideoPlayer::ProcessVideoData size:340639 dts:315.440 pts:315.565 dur:41.000ms, clock:307.914 level:66
2024-11-28 16:00:22.134 T:6455 debug : CAMLCodec::AddData: skip add data dl:15722496 fl:0 sz:527125(527232) lv:100.0% dts:310.143 pts:310.519
2024-11-28 16:00:22.135 T:6452 debug : CVideoPlayer::ProcessVideoData size:287084 dts:315.482 pts:315.524 dur:41.000ms, clock:307.916 level:66
2024-11-28 16:00:22.135 T:6455 debug : CAMLCodec::AddData: skip add data dl:15722496 fl:0 sz:527125(527232) lv:100.0% dts:310.143 pts:310.519
2024-11-28 16:00:22.138 T:4489 info : Skipped 1 duplicate messages..
2024-11-28 16:00:22.138 T:4489 debug : CAMLCodec::ReleaseFrame idx:8587, drop:0
2024-11-28 16:00:22.139 T:6455 debug : CAMLCodec::AddData: skip add data dl:15722496 fl:0 sz:527125(527232) lv:100.0% dts:310.143 pts:310.519
2024-11-28 16:00:22.169 T:4489 info : Skipped 19 duplicate messages..
2024-11-28 16:00:22.169 T:4489 debug : CAMLCodec::PollFrame elapsed:29.887ms
2024-11-28 16:00:22.169 T:6455 debug : CAMLCodec::AddData: skip add data dl:15722496 fl:0 sz:527125(527232) lv:100.0% dts:310.143 pts:310.519
2024-11-28 16:00:22.170 T:6455 debug : CAMLCodec::DequeueBuffer: pts:308.350 idx:8593
2024-11-28 16:00:22.170 T:6455 debug : CAMLCodec::GetPicture: index: 8593, pts: 308.350, dur:42.000ms ar:1.78 elf:40ms
2024-11-28 16:00:22.170 T:6455 debug : CVideoPlayerVideo::OutputPicture - ttd:398ms pts:308.350 Clock:307.951 Level:5
2024-11-28 16:00:22.172 T:4489 debug : PrepareNextRender: frameOnScreen: 307.952 renderPts: 308.161 nextFramePts: 308.141 -> diff: 0.020 render: 1 forceNext: 0
2024-11-28 16:00:22.172 T:6455 debug : CAMLCodec::AddData: skip add data dl:15340864 fl:381632 sz:527125(527232) lv:100.9% dts:310.143 pts:310.519
2024-11-28 16:00:22.176 T:4489 info : Skipped 2 duplicate messages..
2024-11-28 16:00:22.176 T:4489 debug : CAMLCodec::ReleaseFrame idx:8588, drop:0
2024-11-28 16:00:22.177 T:6455 debug : CAMLCodec::AddData: skip add data dl:15340864 fl:381632 sz:527125(527232) lv:100.9% dts:310.143 pts:310.519
2024-11-28 16:00:22.210 T:6455 info : Skipped 22 duplicate messages..
2024-11-28 16:00:22.210 T:6455 debug : CAMLCodec::DequeueBuffer: pts:308.391 idx:8594
2024-11-28 16:00:22.210 T:6455 debug : CAMLCodec::GetPicture: index: 8594, pts: 308.391, dur:41.000ms ar:1.78 elf:39ms
2024-11-28 16:00:22.210 T:6455 debug : CVideoPlayerVideo::OutputPicture - ttd:400ms pts:308.391 Clock:307.991 Level:5
2024-11-28 16:00:22.210 T:4489 debug : CAMLCodec::PollFrame elapsed:34.295ms
2024-11-28 16:00:22.211 T:6455 debug : CAMLCodec::DequeueBuffer: pts:308.433 idx:8595
2024-11-28 16:00:22.211 T:6455 debug : CAMLCodec::GetPicture: index: 8595, pts: 308.433, dur:42.000ms ar:1.78 elf:1ms
2024-11-28 16:00:22.212 T:6455 debug : CVideoPlayerVideo::OutputPicture - ttd:440ms pts:308.433 Clock:307.992 Level:6
2024-11-28 16:00:22.213 T:4489 debug : PrepareNextRender: frameOnScreen: 307.993 renderPts: 308.202 nextFramePts: 308.183 -> diff: 0.020 render: 1 forceNext: 0
2024-11-28 16:00:22.213 T:6455 debug : CAMLCodec::DequeueBuffer: pts:308.475 idx:8596
2024-11-28 16:00:22.213 T:6455 debug : CAMLCodec::GetPicture: index: 8596, pts: 308.475, dur:42.000ms ar:1.78 elf:1ms
2024-11-28 16:00:22.214 T:6455 debug : CVideoPlayerVideo::OutputPicture - ttd:481ms pts:308.475 Clock:307.993 Level:6
2024-11-28 16:00:22.215 T:4489 debug : CAMLCodec::ReleaseFrame idx:8589, drop:0
2024-11-28 16:00:22.215 T:6455 debug : CAMLCodec::DequeueBuffer: pts:308.517 idx:8597
2024-11-28 16:00:22.215 T:6455 debug : CAMLCodec::GetPicture: index: 8597, pts: 308.517, dur:42.000ms ar:1.78 elf:2ms
2024-11-28 16:00:22.215 T:6455 debug : CVideoPlayerVideo::OutputPicture - ttd:521ms pts:308.517 Clock:307.996 Level:7
2024-11-28 16:00:22.219 T:6455 debug : CAMLCodec::AddData: dl:15563264 fl:159232 sz:527125(527232) lv:98.9% dts:310.143 pts:310.519
2024-11-28 16:00:22.220 T:6455 debug : CAMLCodec::AddData: skip add data dl:15566508 fl:155988 sz:406543(406656) lv:101.6% dts:310.185 pts:310.393
2024-11-28 16:00:22.252 T:4489 info : Skipped 19 duplicate messages..
2024-11-28 16:00:22.252 T:4489 debug : CAMLCodec::PollFrame elapsed:37.409ms
2024-11-28 16:00:22.256 T:6455 debug : CAMLCodec::AddData: dl:15430956 fl:291540 sz:406543(406656) lv:98.1% dts:310.185 pts:310.393
2024-11-28 16:00:22.256 T:4489 debug : PrepareNextRender: frameOnScreen: 308.037 renderPts: 308.246 nextFramePts: 308.225 -> diff: 0.021 render: 1 forceNext: 0
2024-11-28 16:00:22.257 T:6455 debug : CAMLCodec::AddData: skip add data dl:15430843 fl:291653 sz:389670(389760) lv:100.6% dts:310.227 pts:310.310
2024-11-28 16:00:22.261 T:6452 info : Skipped 2 duplicate messages..
2024-11-28 16:00:22.261 T:6452 debug : CVideoPlayer::ProcessVideoData size:524659 dts:315.524 pts:315.649 dur:41.000ms, clock:308.042 level:66
2024-11-28 16:00:22.262 T:6455 debug : CAMLCodec::AddData: skip add data dl:15430843 fl:291653 sz:389670(389760) lv:100.6% dts:310.227 pts:310.310
2024-11-28 16:00:22.261 T:4489 debug : CAMLCodec::ReleaseFrame idx:8590, drop:0
2024-11-28 16:00:22.263 T:6455 debug : CAMLCodec::AddData: skip add data dl:15430843 fl:291653 sz:389670(389760) lv:100.6% dts:310.227 pts:310.310
2024-11-28 16:00:22.294 T:4489 info : Skipped 22 duplicate messages..
2024-11-28 16:00:22.294 T:4489 debug : CAMLCodec::PollFrame elapsed:31.795ms
2024-11-28 16:00:22.297 T:4489 debug : PrepareNextRender: frameOnScreen: 308.078 renderPts: 308.287 nextFramePts: 308.266 -> diff: 0.021 render: 1 forceNext: 0
2024-11-28 16:00:22.298 T:6455 debug : CAMLCodec::AddData: dl:15355643 fl:366853 sz:389670(389760) lv:97.6% dts:310.227 pts:310.310
2024-11-28 16:00:22.301 T:6455 debug : CAMLCodec::AddData: dl:15670369 fl:52127 sz:314732(314816) lv:99.6% dts:310.268 pts:310.268
2024-11-28 16:00:22.301 T:4489 debug : CAMLCodec::ReleaseFrame idx:8591, drop:0
2024-11-28 16:00:22.301 T:6455 debug : CAMLCodec::AddData: skip add data dl:15670285 fl:52211 sz:311349(311424) lv:101.6% dts:310.310 pts:310.352
2024-11-28 16:00:22.316 T:6452 info : Skipped 10 duplicate messages..
2024-11-28 16:00:22.316 T:6452 debug : CVideoPlayer::ProcessVideoData size:480299 dts:315.565 pts:315.982 dur:41.000ms, clock:308.097 level:66
2024-11-28 16:00:22.317 T:6455 debug : CAMLCodec::AddData: skip add data dl:15670285 fl:52211 sz:311349(311424) lv:101.6% dts:310.310 pts:310.352
2024-11-28 16:00:22.318 T:6452 debug : CVideoPlayer::ProcessVideoData size:382129 dts:315.607 pts:315.816 dur:41.000ms, clock:308.098 level:66
2024-11-28 16:00:22.320 T:6455 debug : CAMLCodec::AddData: skip add data dl:15670285 fl:52211 sz:311349(311424) lv:101.6% dts:310.310 pts:310.352
2024-11-28 16:00:22.335 T:4489 info : Skipped 11 duplicate messages..
2024-11-28 16:00:22.335 T:4489 debug : CAMLCodec::PollFrame elapsed:34.364ms
2024-11-28 16:00:22.339 T:4489 debug : PrepareNextRender: frameOnScreen: 308.119 renderPts: 308.328 nextFramePts: 308.308 -> diff: 0.020 render: 1 forceNext: 0
2024-11-28 16:00:22.339 T:6455 debug : CAMLCodec::AddData: dl:15600589 fl:121907 sz:311349(311424) lv:99.2% dts:310.310 pts:310.352
2024-11-28 16:00:22.340 T:6455 debug : CAMLCodec::AddData: skip add data dl:15600514 fl:121982 sz:383399(383488) lv:101.6% dts:310.352 pts:310.477
2024-11-28 16:00:22.342 T:4489 info : Skipped 1 duplicate messages..
2024-11-28 16:00:22.342 T:4489 debug : CAMLCodec::ReleaseFrame idx:8592, drop:0
2024-11-28 16:00:22.343 T:6455 debug : CAMLCodec::AddData: skip add data dl:15600514 fl:121982 sz:383399(383488) lv:101.6% dts:310.352 pts:310.477
2024-11-28 16:00:22.349 T:6452 info : Skipped 4 duplicate messages..
2024-11-28 16:00:22.349 T:6452 debug : CVideoPlayer::ProcessVideoData size:332304 dts:315.649 pts:315.732 dur:41.000ms, clock:308.130 level:100
2024-11-28 16:00:22.351 T:6455 debug : CAMLCodec::AddData: skip add data dl:15600514 fl:121982 sz:383399(383488) lv:101.6% dts:310.352 pts:310.477
2024-11-28 16:00:22.378 T:4489 info : Skipped 18 duplicate messages..
2024-11-28 16:00:22.378 T:4489 debug : CAMLCodec::PollFrame elapsed:35.091ms
2024-11-28 16:00:22.379 T:6455 debug : CAMLCodec::AddData: dl:15608578 fl:113918 sz:383399(383488) lv:99.2% dts:310.352 pts:310.477
2024-11-28 16:00:22.380 T:6455 debug : CAMLCodec::DequeueBuffer: pts:308.558 idx:8598
2024-11-28 16:00:22.380 T:6455 debug : CAMLCodec::GetPicture: index: 8598, pts: 308.558, dur:41.000ms ar:1.78 elf:164ms
2024-11-28 16:00:22.380 T:6455 debug : CVideoPlayerVideo::OutputPicture - ttd:397ms pts:308.558 Clock:308.161 Level:5
2024-11-28 16:00:22.382 T:4489 debug : PrepareNextRender: frameOnScreen: 308.163 renderPts: 308.372 nextFramePts: 308.350 -> diff: 0.022 render: 1 forceNext: 0
2024-11-28 16:00:22.382 T:6455 debug : CAMLCodec::AddData: skip add data dl:15608489 fl:114007 sz:334904(334976) lv:101.4% dts:310.393 pts:310.435
2024-11-28 16:00:22.386 T:4489 info : Skipped 2 duplicate messages..
2024-11-28 16:00:22.386 T:4489 debug : CAMLCodec::ReleaseFrame idx:8593, drop:0
2024-11-28 16:00:22.387 T:6455 debug : CAMLCodec::AddData: skip add data dl:15608489 fl:114007 sz:334904(334976) lv:101.4% dts:310.393 pts:310.435
2024-11-28 16:00:22.419 T:4489 info : Skipped 21 duplicate messages..
2024-11-28 16:00:22.419 T:4489 debug : CAMLCodec::PollFrame elapsed:32.655ms
2024-11-28 16:00:22.419 T:6455 debug : CAMLCodec::DequeueBuffer: pts:308.600 idx:8599
2024-11-28 16:00:22.419 T:6455 debug : CAMLCodec::GetPicture: index: 8599, pts: 308.600, dur:42.000ms ar:1.78 elf:39ms
2024-11-28 16:00:22.419 T:6455 debug : CVideoPlayerVideo::OutputPicture - ttd:400ms pts:308.600 Clock:308.200 Level:5
2024-11-28 16:00:22.423 T:4489 debug : PrepareNextRender: frameOnScreen: 308.203 renderPts: 308.413 nextFramePts: 308.391 -> diff: 0.022 render: 1 forceNext: 0
2024-11-28 16:00:22.424 T:6455 debug : CAMLCodec::AddData: dl:15647145 fl:75351 sz:334904(334976) lv:99.5% dts:310.393 pts:310.435
2024-11-28 16:00:22.425 T:6455 debug : CAMLCodec::AddData: skip add data dl:15647073 fl:75423 sz:579109(579200) lv:103.2% dts:310.435 pts:310.560
2024-11-28 16:00:22.426 T:4489 debug : CAMLCodec::ReleaseFrame idx:8594, drop:0
2024-11-28 16:00:22.427 T:6455 debug : CAMLCodec::AddData: skip add data dl:15647073 fl:75423 sz:579109(579200) lv:103.2% dts:310.435 pts:310.560
2024-11-28 16:00:22.431 T:6452 info : Skipped 2 duplicate messages..
2024-11-28 16:00:22.431 T:6452 debug : CVideoPlayer::ProcessVideoData size:280817 dts:315.690 pts:315.690 dur:41.000ms, clock:308.212 level:66
2024-11-28 16:00:22.432 T:6452 debug : CVideoPlayer::ProcessVideoData size:277660 dts:315.732 pts:315.774 dur:41.000ms, clock:308.213 level:66
2024-11-28 16:00:22.434 T:6455 debug : CAMLCodec::AddData: skip add data dl:15647073 fl:75423 sz:579109(579200) lv:103.2% dts:310.435 pts:310.560
2024-11-28 16:00:22.444 T:6452 info : Skipped 5 duplicate messages..
2024-11-28 16:00:22.444 T:6452 debug : CVideoPlayer::ProcessVideoData size:334112 dts:315.774 pts:315.899 dur:41.000ms, clock:308.225 level:66
2024-11-28 16:00:22.445 T:6455 debug : CAMLCodec::AddData: skip add data dl:15647073 fl:75423 sz:579109(579200) lv:103.2% dts:310.435 pts:310.560
2024-11-28 16:00:22.445 T:6452 debug : CVideoPlayer::ProcessVideoData size:284844 dts:315.816 pts:315.857 dur:41.000ms, clock:308.226 level:100
2024-11-28 16:00:22.447 T:6455 debug : CAMLCodec::AddData: skip add data dl:15647073 fl:75423 sz:579109(579200) lv:103.2% dts:310.435 pts:310.560
2024-11-28 16:00:22.461 T:4489 info : Skipped 8 duplicate messages..
2024-11-28 16:00:22.461 T:4489 debug : CAMLCodec::PollFrame elapsed:34.704ms
2024-11-28 16:00:22.463 T:6455 debug : CAMLCodec::AddData: skip add data dl:15354273 fl:368223 sz:579109(579200) lv:101.3% dts:310.435 pts:310.560
2024-11-28 16:00:22.464 T:6455 debug : CAMLCodec::DequeueBuffer: pts:308.642 idx:8600
2024-11-28 16:00:22.464 T:6455 debug : CAMLCodec::GetPicture: index: 8600, pts: 308.642, dur:42.000ms ar:1.78 elf:44ms
2024-11-28 16:00:22.464 T:4489 debug : PrepareNextRender: frameOnScreen: 308.245 renderPts: 308.454 nextFramePts: 308.433 -> diff: 0.021 render: 1 forceNext: 0
2024-11-28 16:00:22.464 T:6455 debug : CVideoPlayerVideo::OutputPicture - ttd:397ms pts:308.642 Clock:308.245 Level:4
2024-11-28 16:00:22.466 T:6455 debug : CAMLCodec::AddData: skip add data dl:15354273 fl:368223 sz:579109(579200) lv:101.3% dts:310.435 pts:310.560
2024-11-28 16:00:22.468 T:4489 debug : CAMLCodec::ReleaseFrame idx:8595, drop:0
2024-11-28 16:00:22.469 T:6455 debug : CAMLCodec::AddData: skip add data dl:15354273 fl:368223 sz:579109(579200) lv:101.3% dts:310.435 pts:310.560
2024-11-28 16:00:22.502 T:4489 info : Skipped 20 duplicate messages..
2024-11-28 16:00:22.502 T:4489 debug : CAMLCodec::PollFrame elapsed:33.669ms
2024-11-28 16:00:22.505 T:6455 debug : CAMLCodec::AddData: dl:15567265 fl:155231 sz:579109(579200) lv:99.0% dts:310.435 pts:310.560
2024-11-28 16:00:22.505 T:6455 debug : CAMLCodec::DequeueBuffer: pts:308.683 idx:8601
2024-11-28 16:00:22.506 T:6455 debug : CAMLCodec::GetPicture: index: 8601, pts: 308.683, dur:41.000ms ar:1.78 elf:41ms
2024-11-28 16:00:22.506 T:4489 debug : PrepareNextRender: frameOnScreen: 308.286 renderPts: 308.495 nextFramePts: 308.475 -> diff: 0.020 render: 1 forceNext: 0
2024-11-28 16:00:22.506 T:6455 debug : CVideoPlayerVideo::OutputPicture - ttd:396ms pts:308.683 Clock:308.286 Level:4
2024-11-28 16:00:22.508 T:6455 debug : CAMLCodec::AddData: skip add data dl:15567174 fl:155322 sz:489804(489920) lv:102.1% dts:310.477 pts:310.644
2024-11-28 16:00:22.509 T:4489 debug : CAMLCodec::ReleaseFrame idx:8596, drop:0
2024-11-28 16:00:22.510 T:6455 debug : CAMLCodec::AddData: skip add data dl:15567174 fl:155322 sz:489804(489920) lv:102.1% dts:310.477 pts:310.644
2024-11-28 16:00:22.544 T:4489 info : Skipped 19 duplicate messages..
2024-11-28 16:00:22.544 T:4489 debug : CAMLCodec::PollFrame elapsed:34.627ms
2024-11-28 16:00:22.545 T:6455 debug : CAMLCodec::AddData: skip add data dl:15275078 fl:447418 sz:489804(489920) lv:100.2% dts:310.477 pts:310.644
2024-11-28 16:00:22.546 T:6455 debug : CAMLCodec::DequeueBuffer: pts:308.725 idx:8602
2024-11-28 16:00:22.547 T:6455 debug : CAMLCodec::GetPicture: index: 8602, pts: 308.725, dur:42.000ms ar:1.78 elf:40ms
2024-11-28 16:00:22.547 T:6455 debug : CVideoPlayerVideo::OutputPicture - ttd:397ms pts:308.725 Clock:308.327 Level:5
2024-11-28 16:00:22.548 T:4489 debug : PrepareNextRender: frameOnScreen: 308.328 renderPts: 308.538 nextFramePts: 308.517 -> diff: 0.021 render: 1 forceNext: 0
2024-11-28 16:00:22.549 T:6455 debug : CAMLCodec::AddData: skip add data dl:15275078 fl:447418 sz:489804(489920) lv:100.2% dts:310.477 pts:310.644
2024-11-28 16:00:22.551 T:4489 info : Skipped 1 duplicate messages..
2024-11-28 16:00:22.551 T:4489 debug : CAMLCodec::ReleaseFrame idx:8597, drop:0
2024-11-28 16:00:22.553 T:6455 debug : CAMLCodec::AddData: skip add data dl:15275078 fl:447418 sz:489804(489920) lv:100.2% dts:310.477 pts:310.644
2024-11-28 16:00:22.578 T:6452 info : Skipped 14 duplicate messages..
2024-11-28 16:00:22.578 T:6452 debug : CVideoPlayer::ProcessVideoData size:303715 dts:315.857 pts:315.941 dur:41.000ms, clock:308.359 level:100
2024-11-28 16:00:22.579 T:6455 debug : CAMLCodec::AddData: skip add data dl:15275078 fl:447418 sz:489804(489920) lv:100.2% dts:310.477 pts:310.644
2024-11-28 16:00:22.586 T:4489 info : Skipped 2 duplicate messages..
2024-11-28 16:00:22.586 T:4489 debug : CAMLCodec::PollFrame elapsed:34.353ms
2024-11-28 16:00:22.588 T:6455 debug : CAMLCodec::AddData: dl:15476166 fl:246330 sz:489804(489920) lv:98.4% dts:310.477 pts:310.644
2024-11-28 16:00:22.589 T:6455 debug : CAMLCodec::DequeueBuffer: pts:308.767 idx:8603
2024-11-28 16:00:22.589 T:6455 debug : CAMLCodec::GetPicture: index: 8603, pts: 308.767, dur:42.000ms ar:1.78 elf:42ms
2024-11-28 16:00:22.589 T:6455 debug : CVideoPlayerVideo::OutputPicture - ttd:397ms pts:308.767 Clock:308.370 Level:5
2024-11-28 16:00:22.590 T:4489 debug : PrepareNextRender: frameOnScreen: 308.370 renderPts: 308.580 nextFramePts: 308.558 -> diff: 0.022 render: 1 forceNext: 0
2024-11-28 16:00:22.591 T:6455 debug : CAMLCodec::AddData: skip add data dl:15476050 fl:246446 sz:304200(304320) lv:100.3% dts:310.519 pts:310.602
2024-11-28 16:00:22.594 T:4489 info : Skipped 1 duplicate messages..
2024-11-28 16:00:22.594 T:4489 debug : CAMLCodec::ReleaseFrame idx:8598, drop:0
2024-11-28 16:00:22.594 T:6455 debug : CAMLCodec::AddData: skip add data dl:15476050 fl:246446 sz:304200(304320) lv:100.3% dts:310.519 pts:310.602
2024-11-28 16:00:22.627 T:4489 info : Skipped 25 duplicate messages..
2024-11-28 16:00:22.627 T:4489 debug : CAMLCodec::PollFrame elapsed:33.286ms
2024-11-28 16:00:22.630 T:6455 debug : CAMLCodec::AddData: dl:15294418 fl:428078 sz:304200(304320) lv:97.2% dts:310.519 pts:310.602
2024-11-28 16:00:22.631 T:6455 debug : CAMLCodec::DequeueBuffer: pts:308.809 idx:8604
2024-11-28 16:00:22.631 T:6455 debug : CAMLCodec::GetPicture: index: 8604, pts: 308.809, dur:42.000ms ar:1.78 elf:41ms
2024-11-28 16:00:22.631 T:6455 debug : CVideoPlayerVideo::OutputPicture - ttd:397ms pts:308.809 Clock:308.411 Level:5
2024-11-28 16:00:22.632 T:4489 debug : PrepareNextRender: frameOnScreen: 308.413 renderPts: 308.622 nextFramePts: 308.600 -> diff: 0.022 render: 1 forceNext: 0
2024-11-28 16:00:22.633 T:6455 debug : CAMLCodec::AddData: skip add data dl:15294298 fl:428198 sz:435128(435200) lv:100.0% dts:310.560 pts:310.685
2024-11-28 16:00:22.638 T:6452 info : Skipped 2 duplicate messages..
2024-11-28 16:00:22.638 T:6452 debug : CVideoPlayer::ProcessVideoData size:411019 dts:315.899 pts:316.149 dur:41.000ms, clock:308.419 level:67
2024-11-28 16:00:22.638 T:4489 debug : CAMLCodec::ReleaseFrame idx:8599, drop:0
2024-11-28 16:00:22.639 T:6455 debug : CAMLCodec::AddData: skip add data dl:15294298 fl:428198 sz:435128(435200) lv:100.0% dts:310.560 pts:310.685
2024-11-28 16:00:22.641 T:6452 debug : CVideoPlayer::ProcessVideoData size:357087 dts:315.941 pts:316.066 dur:41.000ms, clock:308.421 level:100
2024-11-28 16:00:22.643 T:6455 debug : CAMLCodec::AddData: skip add data dl:15294298 fl:428198 sz:435128(435200) lv:100.0% dts:310.560 pts:310.685
2024-11-28 16:00:22.670 T:4489 info : Skipped 13 duplicate messages..
2024-11-28 16:00:22.670 T:4489 debug : CAMLCodec::PollFrame elapsed:30.813ms
2024-11-28 16:00:22.671 T:6455 debug : CAMLCodec::AddData: dl:15352154 fl:370342 sz:435128(435200) lv:97.6% dts:310.560 pts:310.685
2024-11-28 16:00:22.671 T:6455 debug : CAMLCodec::DequeueBuffer: pts:308.850 idx:8605
2024-11-28 16:00:22.671 T:6455 debug : CAMLCodec::GetPicture: index: 8605, pts: 308.850, dur:41.000ms ar:1.78 elf:40ms
2024-11-28 16:00:22.671 T:6455 debug : CVideoPlayerVideo::OutputPicture - ttd:398ms pts:308.850 Clock:308.452 Level:5
2024-11-28 16:00:22.673 T:4489 debug : PrepareNextRender: frameOnScreen: 308.453 renderPts: 308.662 nextFramePts: 308.642 -> diff: 0.020 render: 1 forceNext: 0
2024-11-28 16:00:22.673 T:6455 debug : CAMLCodec::AddData: skip add data dl:15352082 fl:370414 sz:388172(388288) lv:100.1% dts:310.602 pts:311.019
2024-11-28 16:00:22.678 T:4489 info : Skipped 2 duplicate messages..
2024-11-28 16:00:22.678 T:4489 debug : CAMLCodec::ReleaseFrame idx:8600, drop:0
2024-11-28 16:00:22.678 T:6455 debug : CAMLCodec::AddData: skip add data dl:15352082 fl:370414 sz:388172(388288) lv:100.1% dts:310.602 pts:311.019
2024-11-28 16:00:22.711 T:4489 info : Skipped 20 duplicate messages..
2024-11-28 16:00:22.711 T:4489 debug : CAMLCodec::PollFrame elapsed:33.155ms
2024-11-28 16:00:22.712 T:6455 debug : CAMLCodec::AddData: dl:15384338 fl:338158 sz:388172(388288) lv:97.8% dts:310.602 pts:311.019
2024-11-28 16:00:22.713 T:6455 debug : CAMLCodec::DequeueBuffer: pts:308.892 idx:8606
2024-11-28 16:00:22.713 T:6455 debug : CAMLCodec::GetPicture: index: 8606, pts: 308.892, dur:42.000ms ar:1.78 elf:41ms
2024-11-28 16:00:22.713 T:6455 debug : CVideoPlayerVideo::OutputPicture - ttd:398ms pts:308.892 Clock:308.494 Level:5
2024-11-28 16:00:22.714 T:6452 debug : CVideoPlayer::ProcessVideoData size:289895 dts:315.982 pts:316.024 dur:41.000ms, clock:308.495 level:67
2024-11-28 16:00:22.714 T:4489 debug : PrepareNextRender: frameOnScreen: 308.495 renderPts: 308.704 nextFramePts: 308.683 -> diff: 0.021 render: 1 forceNext: 0
2024-11-28 16:00:22.718 T:6455 debug : CAMLCodec::AddData: dl:15685790 fl:36706 sz:301478(301568) lv:99.7% dts:310.644 pts:310.852
2024-11-28 16:00:22.719 T:4489 debug : CAMLCodec::ReleaseFrame idx:8601, drop:0
2024-11-28 16:00:22.720 T:6455 debug : CAMLCodec::AddData: skip add data dl:15685700 fl:36796 sz:305045(305152) lv:101.7% dts:310.685 pts:310.769
2024-11-28 16:00:22.725 T:6452 info : Skipped 3 duplicate messages..
2024-11-28 16:00:22.725 T:6452 debug : CVideoPlayer::ProcessVideoData size:291092 dts:316.024 pts:316.107 dur:41.000ms, clock:308.506 level:67
2024-11-28 16:00:22.726 T:6455 debug : CAMLCodec::AddData: skip add data dl:15685700 fl:36796 sz:305045(305152) lv:101.7% dts:310.685 pts:310.769
2024-11-28 16:00:22.753 T:4489 info : Skipped 19 duplicate messages..
2024-11-28 16:00:22.753 T:4489 debug : CAMLCodec::PollFrame elapsed:33.318ms
2024-11-28 16:00:22.755 T:6455 debug : CAMLCodec::AddData: dl:15679236 fl:43260 sz:305045(305152) lv:99.7% dts:310.685 pts:310.769
2024-11-28 16:00:22.755 T:6455 debug : CAMLCodec::DequeueBuffer: pts:308.934 idx:8607
2024-11-28 16:00:22.755 T:6455 debug : CAMLCodec::GetPicture: index: 8607, pts: 308.934, dur:42.000ms ar:1.78 elf:41ms
2024-11-28 16:00:22.755 T:6455 debug : CVideoPlayerVideo::OutputPicture - ttd:398ms pts:308.934 Clock:308.536 Level:5
2024-11-28 16:00:22.756 T:4489 debug : PrepareNextRender: frameOnScreen: 308.536 renderPts: 308.745 nextFramePts: 308.725 -> diff: 0.020 render: 1 forceNext: 0
2024-11-28 16:00:22.757 T:6455 debug : CAMLCodec::AddData: skip add data dl:15679129 fl:43367 sz:228929(229056) lv:101.1% dts:310.727 pts:310.727
2024-11-28 16:00:22.760 T:6452 info : Skipped 1 duplicate messages..
2024-11-28 16:00:22.760 T:6452 debug : CVideoPlayer::ProcessVideoData size:562648 dts:316.066 pts:316.191 dur:41.000ms, clock:308.540 level:67
2024-11-28 16:00:22.761 T:4489 debug : CAMLCodec::ReleaseFrame idx:8602, drop:0
2024-11-28 16:00:22.761 T:6455 debug : CAMLCodec::AddData: skip add data dl:15679129 fl:43367 sz:228929(229056) lv:101.1% dts:310.727 pts:310.727
2024-11-28 16:00:22.794 T:4489 info : Skipped 26 duplicate messages..
2024-11-28 16:00:22.794 T:4489 debug : CAMLCodec::PollFrame elapsed:33.145ms
2024-11-28 16:00:22.795 T:6455 debug : CAMLCodec::DequeueBuffer: pts:308.975 idx:8608
2024-11-28 16:00:22.795 T:6455 debug : CAMLCodec::GetPicture: index: 8608, pts: 308.975, dur:41.000ms ar:1.78 elf:40ms
2024-11-28 16:00:22.795 T:6455 debug : CVideoPlayerVideo::OutputPicture - ttd:398ms pts:308.975 Clock:308.576 Level:5
2024-11-28 16:00:22.798 T:4489 debug : PrepareNextRender: frameOnScreen: 308.578 renderPts: 308.788 nextFramePts: 308.767 -> diff: 0.021 render: 1 forceNext: 0
2024-11-28 16:00:22.799 T:6455 debug : CAMLCodec::AddData: dl:15600089 fl:122407 sz:228929(229056) lv:99.2% dts:310.727 pts:310.727
2024-11-28 16:00:22.800 T:6455 debug : CAMLCodec::AddData: skip add data dl:15599962 fl:122534 sz:242005(242112) lv:100.7% dts:310.769 pts:310.811
2024-11-28 16:00:22.801 T:4489 debug : CAMLCodec::ReleaseFrame idx:8603, drop:0
2024-11-28 16:00:22.801 T:6455 debug : CAMLCodec::AddData: skip add data dl:15599962 fl:122534 sz:242005(242112) lv:100.7% dts:310.769 pts:310.811
2024-11-28 16:00:22.836 T:4489 info : Skipped 27 duplicate messages..
2024-11-28 16:00:22.836 T:4489 debug : CAMLCodec::PollFrame elapsed:34.480ms
2024-11-28 16:00:22.838 T:6455 debug : CAMLCodec::AddData: dl:15456538 fl:265958 sz:242005(242112) lv:98.3% dts:310.769 pts:310.811
2024-11-28 16:00:22.838 T:6455 debug : CAMLCodec::DequeueBuffer: pts:309.017 idx:8609
2024-11-28 16:00:22.838 T:6455 debug : CAMLCodec::GetPicture: index: 8609, pts: 309.017, dur:42.000ms ar:1.78 elf:42ms
2024-11-28 16:00:22.838 T:6455 debug : CVideoPlayerVideo::OutputPicture - ttd:398ms pts:309.017 Clock:308.619 Level:5
2024-11-28 16:00:22.839 T:4489 debug : PrepareNextRender: frameOnScreen: 308.620 renderPts: 308.829 nextFramePts: 308.809 -> diff: 0.020 render: 1 forceNext: 0
2024-11-28 16:00:22.840 T:6455 debug : CAMLCodec::AddData: skip add data dl:15456431 fl:266065 sz:315875(315968) lv:100.3% dts:310.811 pts:310.936
2024-11-28 16:00:22.846 T:4489 info : Skipped 4 duplicate messages..
2024-11-28 16:00:22.846 T:4489 debug : CAMLCodec::ReleaseFrame idx:8604, drop:0
2024-11-28 16:00:22.847 T:6455 debug : CAMLCodec::AddData: skip add data dl:15456431 fl:266065 sz:315875(315968) lv:100.3% dts:310.811 pts:310.936
2024-11-28 16:00:22.856 T:6452 info : Skipped 6 duplicate messages..
2024-11-28 16:00:22.856 T:6452 debug : CVideoPlayer::ProcessVideoData size:543296 dts:316.107 pts:316.525 dur:41.000ms, clock:308.637 level:66
2024-11-28 16:00:22.858 T:6455 debug : CAMLCodec::AddData: skip add data dl:15456431 fl:266065 sz:315875(315968) lv:100.3% dts:310.811 pts:310.936
2024-11-28 16:00:22.878 T:4489 info : Skipped 14 duplicate messages..
2024-11-28 16:00:22.878 T:4489 debug : CAMLCodec::PollFrame elapsed:31.004ms
2024-11-28 16:00:22.880 T:6455 debug : CAMLCodec::AddData: dl:15477935 fl:244561 sz:315875(315968) lv:98.4% dts:310.811 pts:310.936
2024-11-28 16:00:22.880 T:6455 debug : CAMLCodec::DequeueBuffer: pts:309.059 idx:8610
2024-11-28 16:00:22.881 T:6455 debug : CAMLCodec::GetPicture: index: 8610, pts: 309.059, dur:42.000ms ar:1.78 elf:42ms
2024-11-28 16:00:22.881 T:6455 debug : CVideoPlayerVideo::OutputPicture - ttd:397ms pts:309.059 Clock:308.661 Level:5
2024-11-28 16:00:22.882 T:4489 debug : PrepareNextRender: frameOnScreen: 308.662 renderPts: 308.871 nextFramePts: 308.850 -> diff: 0.021 render: 1 forceNext: 0
2024-11-28 16:00:22.885 T:6455 debug : CAMLCodec::AddData: dl:15709202 fl:13294 sz:231293(231360) lv:99.9% dts:310.852 pts:310.894
2024-11-28 16:00:22.885 T:4489 debug : CAMLCodec::ReleaseFrame idx:8605, drop:0
2024-11-28 16:00:22.885 T:6455 debug : CAMLCodec::AddData: skip add data dl:15709135 fl:13361 sz:241866(241984) lv:101.4% dts:310.894 pts:310.977
2024-11-28 16:00:22.889 T:6452 info : Skipped 2 duplicate messages..
2024-11-28 16:00:22.889 T:6452 debug : CVideoPlayer::ProcessVideoData size:415580 dts:316.149 pts:316.358 dur:41.000ms, clock:308.670 level:66
2024-11-28 16:00:22.891 T:6455 debug : CAMLCodec::AddData: skip add data dl:15709135 fl:13361 sz:241866(241984) lv:101.4% dts:310.894 pts:310.977
2024-11-28 16:00:22.919 T:4489 info : Skipped 22 duplicate messages..
2024-11-28 16:00:22.919 T:4489 debug : CAMLCodec::PollFrame elapsed:33.983ms
2024-11-28 16:00:22.920 T:6455 debug : CAMLCodec::DequeueBuffer: pts:309.100 idx:8611
2024-11-28 16:00:22.921 T:6455 debug : CAMLCodec::GetPicture: index: 8611, pts: 309.100, dur:41.000ms ar:1.78 elf:39ms
2024-11-28 16:00:22.921 T:6455 debug : CVideoPlayerVideo::OutputPicture - ttd:398ms pts:309.100 Clock:308.701 Level:5
2024-11-28 16:00:22.923 T:4489 debug : PrepareNextRender: frameOnScreen: 308.703 renderPts: 308.912 nextFramePts: 308.892 -> diff: 0.020 render: 1 forceNext: 0
2024-11-28 16:00:22.924 T:6455 debug : CAMLCodec::AddData: dl:15647887 fl:74609 sz:241866(241984) lv:99.5% dts:310.894 pts:310.977
2024-11-28 16:00:22.925 T:6455 debug : CAMLCodec::AddData: skip add data dl:15647769 fl:74727 sz:402341(402432) lv:102.0% dts:310.936 pts:311.353
2024-11-28 16:00:22.926 T:4489 debug : CAMLCodec::ReleaseFrame idx:8606, drop:0
2024-11-28 16:00:22.927 T:6455 debug : CAMLCodec::AddData: skip add data dl:15647769 fl:74727 sz:402341(402432) lv:102.0% dts:310.936 pts:311.353
2024-11-28 16:00:22.932 T:6452 info : Skipped 2 duplicate messages..
2024-11-28 16:00:22.932 T:6452 debug : CVideoPlayer::ProcessVideoData size:429126 dts:316.191 pts:316.274 dur:41.000ms, clock:308.712 level:66
2024-11-28 16:00:22.933 T:6455 debug : CAMLCodec::AddData: skip add data dl:15647769 fl:74727 sz:402341(402432) lv:102.0% dts:310.936 pts:311.353
2024-11-28 16:00:22.943 T:6452 info : Skipped 5 duplicate messages..
2024-11-28 16:00:22.943 T:6452 debug : CVideoPlayer::ProcessVideoData size:341325 dts:316.233 pts:316.233 dur:41.000ms, clock:308.724 level:66
2024-11-28 16:00:22.944 T:6455 debug : CAMLCodec::AddData: skip add data dl:15647769 fl:74727 sz:402341(402432) lv:102.0% dts:310.936 pts:311.353
2024-11-28 16:00:22.961 T:4489 info : Skipped 10 duplicate messages..
2024-11-28 16:00:22.961 T:4489 debug : CAMLCodec::PollFrame elapsed:34.367ms
2024-11-28 16:00:22.965 T:6455 debug : CAMLCodec::AddData: dl:15606873 fl:115623 sz:402341(402432) lv:99.2% dts:310.936 pts:311.353
2024-11-28 16:00:22.965 T:4489 debug : PrepareNextRender: frameOnScreen: 308.745 renderPts: 308.954 nextFramePts: 308.934 -> diff: 0.020 render: 1 forceNext: 0
2024-11-28 16:00:22.965 T:6455 debug : CAMLCodec::DequeueBuffer: pts:309.142 idx:8612
2024-11-28 16:00:22.965 T:6455 debug : CAMLCodec::GetPicture: index: 8612, pts: 309.142, dur:42.000ms ar:1.78 elf:44ms
2024-11-28 16:00:22.965 T:6455 debug : CVideoPlayerVideo::OutputPicture - ttd:396ms pts:309.142 Clock:308.746 Level:4
2024-11-28 16:00:22.967 T:6455 debug : CAMLCodec::AddData: skip add data dl:15606782 fl:115714 sz:298819(298944) lv:101.1% dts:310.977 pts:311.186
2024-11-28 16:00:22.968 T:4489 info : Skipped 1 duplicate messages..
2024-11-28 16:00:22.968 T:4489 debug : CAMLCodec::ReleaseFrame idx:8607, drop:0
2024-11-28 16:00:22.970 T:6455 debug : CAMLCodec::AddData: skip add data dl:15606782 fl:115714 sz:298819(298944) lv:101.1% dts:310.977 pts:311.186
2024-11-28 16:00:23.003 T:4489 info : Skipped 22 duplicate messages..
2024-11-28 16:00:23.003 T:4489 debug : CAMLCodec::PollFrame elapsed:33.979ms
2024-11-28 16:00:23.003 T:6455 debug : CAMLCodec::AddData: skip add data dl:15606782 fl:115714 sz:298819(298944) lv:101.1% dts:310.977 pts:311.186
2024-11-28 16:00:23.004 T:6455 debug : CAMLCodec::DequeueBuffer: pts:309.184 idx:8613
2024-11-28 16:00:23.005 T:6455 debug : CAMLCodec::GetPicture: index: 8613, pts: 309.184, dur:42.000ms ar:1.78 elf:39ms
2024-11-28 16:00:23.005 T:6455 debug : CVideoPlayerVideo::OutputPicture - ttd:398ms pts:309.184 Clock:308.785 Level:5
2024-11-28 16:00:23.006 T:4489 debug : PrepareNextRender: frameOnScreen: 308.786 renderPts: 308.995 nextFramePts: 308.975 -> diff: 0.020 render: 1 forceNext: 0
2024-11-28 16:00:23.009 T:6455 debug : CAMLCodec::AddData: dl:15478462 fl:244034 sz:298819(298944) lv:98.4% dts:310.977 pts:311.186
2024-11-28 16:00:23.009 T:6455 debug : CAMLCodec::AddData: skip add data dl:15478337 fl:244159 sz:301829(301952) lv:100.3% dts:311.019 pts:311.102
2024-11-28 16:00:23.010 T:4489 debug : CAMLCodec::ReleaseFrame idx:8608, drop:0
2024-11-28 16:00:23.011 T:6455 debug : CAMLCodec::AddData: skip add data dl:15478337 fl:244159 sz:301829(301952) lv:100.3% dts:311.019 pts:311.102
2024-11-28 16:00:23.026 T:6452 info : Skipped 10 duplicate messages..
2024-11-28 16:00:23.026 T:6452 debug : CVideoPlayer::ProcessVideoData size:349672 dts:316.274 pts:316.316 dur:41.000ms, clock:308.806 level:65
2024-11-28 16:00:23.026 T:6455 debug : CAMLCodec::AddData: skip add data dl:15478337 fl:244159 sz:301829(301952) lv:100.3% dts:311.019 pts:311.102
2024-11-28 16:00:23.044 T:4489 info : Skipped 13 duplicate messages..
2024-11-28 16:00:23.044 T:4489 debug : CAMLCodec::PollFrame elapsed:34.426ms
2024-11-28 16:00:23.045 T:6455 debug : CAMLCodec::AddData: skip add data dl:15478337 fl:244159 sz:301829(301952) lv:100.3% dts:311.019 pts:311.102
2024-11-28 16:00:23.047 T:4489 info : Skipped 1 duplicate messages..
2024-11-28 16:00:23.047 T:4489 debug : PrepareNextRender: frameOnScreen: 308.828 renderPts: 309.037 nextFramePts: 309.017 -> diff: 0.020 render: 1 forceNext: 0
2024-11-28 16:00:23.047 T:6455 debug : CAMLCodec::AddData: skip add data dl:15478337 fl:244159 sz:301829(301952) lv:100.3% dts:311.019 pts:311.102
2024-11-28 16:00:23.050 T:4489 info : Skipped 1 duplicate messages..
2024-11-28 16:00:23.050 T:4489 debug : CAMLCodec::ReleaseFrame idx:8609, drop:0
2024-11-28 16:00:23.050 T:6455 debug : CAMLCodec::AddData: skip add data dl:15478337 fl:244159 sz:301829(301952) lv:100.3% dts:311.019 pts:311.102
2024-11-28 16:00:23.086 T:4489 info : Skipped 28 duplicate messages..
2024-11-28 16:00:23.086 T:4489 debug : CAMLCodec::PollFrame elapsed:36.057ms
2024-11-28 16:00:23.087 T:6455 debug : CAMLCodec::DequeueBuffer: pts:309.226 idx:8614
2024-11-28 16:00:23.087 T:6455 debug : CAMLCodec::GetPicture: index: 8614, pts: 309.226, dur:42.000ms ar:1.78 elf:82ms
2024-11-28 16:00:23.087 T:6455 debug : CVideoPlayerVideo::OutputPicture - ttd:357ms pts:309.226 Clock:308.868 Level:4
2024-11-28 16:00:23.090 T:4489 debug : PrepareNextRender: frameOnScreen: 308.871 renderPts: 309.080 nextFramePts: 309.059 -> diff: 0.021 render: 1 forceNext: 0
2024-11-28 16:00:23.091 T:6455 debug : CAMLCodec::AddData: dl:15376577 fl:345919 sz:301829(301952) lv:97.8% dts:311.019 pts:311.102
2024-11-28 16:00:23.094 T:4489 debug : CAMLCodec::ReleaseFrame idx:8610, drop:0
2024-11-28 16:00:23.094 T:6455 debug : CAMLCodec::AddData: dl:15613766 fl:108730 sz:237215(237312) lv:99.3% dts:311.061 pts:311.061
2024-11-28 16:00:23.095 T:6455 debug : CAMLCodec::AddData: skip add data dl:15613669 fl:108827 sz:233950(234048) lv:100.8% dts:311.102 pts:311.144
2024-11-28 16:00:23.098 T:6452 info : Skipped 1 duplicate messages..
2024-11-28 16:00:23.098 T:6452 debug : CVideoPlayer::ProcessVideoData size:414097 dts:316.316 pts:316.441 dur:41.000ms, clock:308.879 level:65
2024-11-28 16:00:23.100 T:6455 debug : CAMLCodec::AddData: dl:15537509 fl:184987 sz:233950(234048) lv:98.8% dts:311.102 pts:311.144
2024-11-28 16:00:23.101 T:6455 debug : CAMLCodec::DequeueBuffer: pts:309.267 idx:8615
2024-11-28 16:00:23.101 T:6455 debug : CAMLCodec::GetPicture: index: 8615, pts: 309.267, dur:41.000ms ar:1.78 elf:13ms
2024-11-28 16:00:23.101 T:6455 debug : CVideoPlayerVideo::OutputPicture - ttd:385ms pts:309.267 Clock:308.881 Level:4
2024-11-28 16:00:23.102 T:6455 debug : CAMLCodec::AddData: skip add data dl:15537411 fl:185085 sz:298713(298816) lv:100.7% dts:311.144 pts:311.269
2024-11-28 16:00:23.110 T:6452 info : Skipped 3 duplicate messages..
2024-11-28 16:00:23.110 T:6452 debug : CVideoPlayer::ProcessVideoData size:344746 dts:316.358 pts:316.399 dur:41.000ms, clock:308.891 level:65
2024-11-28 16:00:23.111 T:6455 debug : CAMLCodec::AddData: skip add data dl:15537411 fl:185085 sz:298713(298816) lv:100.7% dts:311.144 pts:311.269
2024-11-28 16:00:23.128 T:4489 info : Skipped 12 duplicate messages..
2024-11-28 16:00:23.128 T:4489 debug : CAMLCodec::PollFrame elapsed:33.725ms
2024-11-28 16:00:23.129 T:6455 debug : CAMLCodec::DequeueBuffer: pts:309.309 idx:8616
2024-11-28 16:00:23.129 T:6455 debug : CAMLCodec::GetPicture: index: 8616, pts: 309.309, dur:42.000ms ar:1.78 elf:28ms
2024-11-28 16:00:23.129 T:6455 debug : CVideoPlayerVideo::OutputPicture - ttd:399ms pts:309.309 Clock:308.910 Level:5
2024-11-28 16:00:23.131 T:4489 debug : PrepareNextRender: frameOnScreen: 308.912 renderPts: 309.121 nextFramePts: 309.100 -> diff: 0.021 render: 1 forceNext: 0
2024-11-28 16:00:23.133 T:6455 debug : CAMLCodec::AddData: dl:15536067 fl:186429 sz:298713(298816) lv:98.8% dts:311.144 pts:311.269
2024-11-28 16:00:23.133 T:6455 debug : CAMLCodec::AddData: skip add data dl:15535964 fl:186532 sz:249426(249536) lv:100.4% dts:311.186 pts:311.228
2024-11-28 16:00:23.134 T:4489 debug : CAMLCodec::ReleaseFrame idx:8611, drop:0
2024-11-28 16:00:23.135 T:6455 debug : CAMLCodec::AddData: skip add data dl:15535964 fl:186532 sz:249426(249536) lv:100.4% dts:311.186 pts:311.228
2024-11-28 16:00:23.170 T:4489 info : Skipped 27 duplicate messages..
2024-11-28 16:00:23.170 T:4489 debug : CAMLCodec::PollFrame elapsed:35.177ms
2024-11-28 16:00:23.171 T:6455 debug : CAMLCodec::AddData: dl:15403356 fl:319140 sz:249426(249536) lv:97.9% dts:311.186 pts:311.228
2024-11-28 16:00:23.172 T:6455 debug : CAMLCodec::DequeueBuffer: pts:309.351 idx:8617
2024-11-28 16:00:23.172 T:6455 debug : CAMLCodec::GetPicture: index: 8617, pts: 309.351, dur:42.000ms ar:1.78 elf:42ms
2024-11-28 16:00:23.172 T:6455 debug : CVideoPlayerVideo::OutputPicture - ttd:398ms pts:309.351 Clock:308.953 Level:5
2024-11-28 16:00:23.175 T:6452 debug : CVideoPlayer::ProcessVideoData size:373733 dts:316.399 pts:316.483 dur:41.000ms, clock:308.955 level:64
2024-11-28 16:00:23.175 T:4489 debug : PrepareNextRender: frameOnScreen: 308.955 renderPts: 309.165 nextFramePts: 309.142 -> diff: 0.023 render: 1 forceNext: 0
2024-11-28 16:00:23.176 T:6455 debug : CAMLCodec::AddData: dl:15650862 fl:71634 sz:247500(247616) lv:99.5% dts:311.228 pts:311.311
2024-11-28 16:00:23.177 T:6455 debug : CAMLCodec::AddData: skip add data dl:15650746 fl:71750 sz:390296(390400) lv:102.0% dts:311.269 pts:311.645
2024-11-28 16:00:23.181 T:4489 info : Skipped 2 duplicate messages..
2024-11-28 16:00:23.181 T:4489 debug : CAMLCodec::ReleaseFrame idx:8612, drop:0
2024-11-28 16:00:23.182 T:6455 debug : CAMLCodec::AddData: skip add data dl:15650746 fl:71750 sz:390296(390400) lv:102.0% dts:311.269 pts:311.645
2024-11-28 16:00:23.188 T:6452 info : Skipped 4 duplicate messages..
2024-11-28 16:00:23.188 T:6452 debug : CVideoPlayer::ProcessVideoData size:558599 dts:316.441 pts:316.858 dur:41.000ms, clock:308.969 level:65
2024-11-28 16:00:23.190 T:6455 debug : CAMLCodec::AddData: skip add data dl:15650746 fl:71750 sz:390296(390400) lv:102.0% dts:311.269 pts:311.645
2024-11-28 16:00:23.211 T:6455 info : Skipped 14 duplicate messages..
2024-11-28 16:00:23.211 T:6455 debug : CAMLCodec::AddData: skip add data dl:15350842 fl:371654 sz:390296(390400) lv:100.1% dts:311.269 pts:311.645
2024-11-28 16:00:23.211 T:4489 debug : CAMLCodec::PollFrame elapsed:30.211ms
2024-11-28 16:00:23.212 T:6455 debug : CAMLCodec::DequeueBuffer: pts:309.392 idx:8618
2024-11-28 16:00:23.212 T:6455 debug : CAMLCodec::GetPicture: index: 8618, pts: 309.392, dur:41.000ms ar:1.78 elf:40ms
2024-11-28 16:00:23.212 T:6455 debug : CVideoPlayerVideo::OutputPicture - ttd:398ms pts:309.392 Clock:308.993 Level:5
2024-11-28 16:00:23.214 T:6455 debug : CAMLCodec::DequeueBuffer: pts:309.434 idx:8619
2024-11-28 16:00:23.214 T:6455 debug : CAMLCodec::GetPicture: index: 8619, pts: 309.434, dur:42.000ms ar:1.78 elf:1ms
2024-11-28 16:00:23.214 T:6455 debug : CVideoPlayerVideo::OutputPicture - ttd:439ms pts:309.434 Clock:308.994 Level:6
2024-11-28 16:00:23.214 T:4489 debug : PrepareNextRender: frameOnScreen: 308.995 renderPts: 309.204 nextFramePts: 309.184 -> diff: 0.020 render: 1 forceNext: 0
2024-11-28 16:00:23.215 T:6455 debug : CAMLCodec::DequeueBuffer: pts:309.476 idx:8620
2024-11-28 16:00:23.215 T:6455 debug : CAMLCodec::GetPicture: index: 8620, pts: 309.476, dur:42.000ms ar:1.78 elf:1ms
2024-11-28 16:00:23.215 T:6455 debug : CVideoPlayerVideo::OutputPicture - ttd:480ms pts:309.476 Clock:308.996 Level:6
2024-11-28 16:00:23.216 T:6455 debug : CAMLCodec::DequeueBuffer: pts:309.518 idx:8621
2024-11-28 16:00:23.216 T:6455 debug : CAMLCodec::GetPicture: index: 8621, pts: 309.518, dur:42.000ms ar:1.78 elf:1ms
2024-11-28 16:00:23.216 T:6455 debug : CVideoPlayerVideo::OutputPicture - ttd:521ms pts:309.518 Clock:308.997 Level:7
2024-11-28 16:00:23.216 T:4489 debug : CAMLCodec::ReleaseFrame idx:8613, drop:0
2024-11-28 16:00:23.218 T:6455 debug : CAMLCodec::AddData: skip add data dl:15350842 fl:371654 sz:390296(390400) lv:100.1% dts:311.269 pts:311.645
2024-11-28 16:00:23.253 T:4489 info : Skipped 26 duplicate messages..
2024-11-28 16:00:23.253 T:4489 debug : CAMLCodec::PollFrame elapsed:36.501ms
2024-11-28 16:00:23.254 T:6455 debug : CAMLCodec::AddData: skip add data dl:15350842 fl:371654 sz:390296(390400) lv:100.1% dts:311.269 pts:311.645
2024-11-28 16:00:23.255 T:4489 debug : PrepareNextRender: frameOnScreen: 309.036 renderPts: 309.245 nextFramePts: 309.226 -> diff: 0.019 render: 1 forceNext: 0
2024-11-28 16:00:23.258 T:4489 debug : CAMLCodec::ReleaseFrame idx:8614, drop:0
2024-11-28 16:00:23.258 T:6455 debug : CAMLCodec::AddData: dl:15166074 fl:556422 sz:390296(390400) lv:96.4% dts:311.269 pts:311.645
2024-11-28 16:00:23.261 T:6452 debug : CVideoPlayer::ProcessVideoData size:420421 dts:316.483 pts:316.691 dur:41.000ms, clock:309.041 level:64
2024-11-28 16:00:23.261 T:6455 debug : CAMLCodec::AddData: dl:15475922 fl:246574 sz:309832(309952) lv:98.4% dts:311.311 pts:311.520
2024-11-28 16:00:23.261 T:6455 debug : CAMLCodec::AddData: skip add data dl:15475802 fl:246694 sz:304033(304128) lv:100.3% dts:311.353 pts:311.436
2024-11-28 16:00:23.295 T:4489 info : Skipped 24 duplicate messages..
2024-11-28 16:00:23.295 T:4489 debug : CAMLCodec::PollFrame elapsed:36.658ms
2024-11-28 16:00:23.298 T:6455 debug : CAMLCodec::AddData: dl:15282842 fl:439654 sz:304033(304128) lv:97.2% dts:311.353 pts:311.436
2024-11-28 16:00:23.299 T:4489 debug : PrepareNextRender: frameOnScreen: 309.080 renderPts: 309.289 nextFramePts: 309.267 -> diff: 0.022 render: 1 forceNext: 0
