2024-11-28 16:00:17.710 T:4489 debug : PrepareNextRender: frameOnScreen: 303.490 renderPts: 303.699 nextFramePts: 303.678 -> diff: 0.021 render: 1 forceNext: 0
2024-11-28 16:00:17.711 T:6455 debug : CAMLCodec::AddData: skip add data dl:15687319 fl:35177 sz:505636(505728) lv:103.0% dts:305.806 pts:306.223
2024-11-28 16:00:17.715 T:6452 info : Skipped 2 duplicate messages..
2024-11-28 16:00:17.714 T:6452 debug : CVideoPlayer::ProcessVideoData size:435148 dts:310.560 pts:310.685 dur:41.000ms, clock:303.495 level:59
2024-11-28 16:00:17.715 T:4489 debug : CAMLCodec::ReleaseFrame idx:8481, drop:0
2024-11-28 16:00:17.716 T:6455 debug : CAMLCodec::AddData: skip add data dl:15687319 fl:35177 sz:505636(505728) lv:103.0% dts:305.806 pts:306.223
2024-11-28 16:00:17.748 T:4489 info : Skipped 20 duplicate messages..
2024-11-28 16:00:17.748 T:4489 debug : CAMLCodec::PollFrame elapsed:32.161ms
2024-11-28 16:00:17.748 T:6455 debug : CAMLCodec::DequeueBuffer: pts:303.929 idx:8487
2024-11-28 16:00:17.748 T:6455 debug : CAMLCodec::GetPicture: index: 8487, pts: 303.929, dur:42.289ms ar:1.78 elf:37ms
2024-11-28 16:00:17.748 T:6455 debug : CVideoPlayerVideo::OutputPicture - ttd:400ms pts:303.929 Clock:303.529 Level:5
2024-11-28 16:00:17.750 T:6455 debug : CAMLCodec::AddData: skip add data dl:15450327 fl:272169 sz:505636(505728) lv:101.4% dts:305.806 pts:306.223
2024-11-28 16:00:17.752 T:4489 info : Skipped 1 duplicate messages..
2024-11-28 16:00:17.752 T:4489 debug : PrepareNextRender: frameOnScreen: 303.532 renderPts: 303.741 nextFramePts: 303.720 -> diff: 0.021 render: 1 forceNext: 0
2024-11-28 16:00:17.753 T:6455 debug : CAMLCodec::AddData: skip add data dl:15450327 fl:272169 sz:505636(505728) lv:101.4% dts:305.806 pts:306.223
2024-11-28 16:00:17.756 T:4489 info : Skipped 1 duplicate messages..
2024-11-28 16:00:17.756 T:4489 debug : CAMLCodec::ReleaseFrame idx:8482, drop:0
2024-11-28 16:00:17.756 T:6455 debug : CAMLCodec::AddData: skip add data dl:15450327 fl:272169 sz:505636(505728) lv:101.4% dts:305.806 pts:306.223
2024-11-28 16:00:17.790 T:4489 info : Skipped 22 duplicate messages..
2024-11-28 16:00:17.790 T:4489 debug : CAMLCodec::PollFrame elapsed:33.260ms
2024-11-28 16:00:17.790 T:6455 debug : CAMLCodec::AddData: skip add data dl:15450327 fl:272169 sz:505636(505728) lv:101.4% dts:305.806 pts:306.223
2024-11-28 16:00:17.791 T:6455 debug : CAMLCodec::DequeueBuffer: pts:303.971 idx:8488
2024-11-28 16:00:17.791 T:6455 debug : CAMLCodec::GetPicture: index: 8488, pts: 303.971, dur:41.711ms ar:1.78 elf:42ms
2024-11-28 16:00:17.791 T:6455 debug : CVideoPlayerVideo::OutputPicture - ttd:399ms pts:303.971 Clock:303.571 Level:5
2024-11-28 16:00:17.793 T:4489 debug : PrepareNextRender: frameOnScreen: 303.573 renderPts: 303.783 nextFramePts: 303.762 -> diff: 0.021 render: 1 forceNext: 0
2024-11-28 16:00:17.796 T:6455 debug : CAMLCodec::AddData: dl:15650839 fl:71657 sz:505636(505728) lv:99.5% dts:305.806 pts:306.223
2024-11-28 16:00:17.796 T:4489 debug : CAMLCodec::ReleaseFrame idx:8483, drop:0
2024-11-28 16:00:17.798 T:6455 debug : CAMLCodec::AddData: skip add data dl:15650747 fl:71749 sz:407700(407808) lv:102.1% dts:305.847 pts:306.056
2024-11-28 16:00:17.808 T:6452 info : Skipped 5 duplicate messages..
2024-11-28 16:00:17.808 T:6452 debug : CVideoPlayer::ProcessVideoData size:388176 dts:310.602 pts:311.019 dur:41.000ms, clock:303.588 level:59
2024-11-28 16:00:17.810 T:6455 debug : CAMLCodec::AddData: skip add data dl:15650747 fl:71749 sz:407700(407808) lv:102.1% dts:305.847 pts:306.056
2024-11-28 16:00:17.819 T:6452 info : Skipped 5 duplicate messages..
2024-11-28 16:00:17.819 T:6452 debug : CVideoPlayer::ProcessVideoData size:301482 dts:310.644 pts:310.852 dur:41.000ms, clock:303.600 level:100
2024-11-28 16:00:17.821 T:6455 debug : CAMLCodec::AddData: skip add data dl:15650747 fl:71749 sz:407700(407808) lv:102.1% dts:305.847 pts:306.056
2024-11-28 16:00:17.831 T:4489 info : Skipped 5 duplicate messages..
2024-11-28 16:00:17.831 T:4489 debug : CAMLCodec::PollFrame elapsed:34.822ms
2024-11-28 16:00:17.831 T:6455 debug : CAMLCodec::DequeueBuffer: pts:304.012 idx:8489
2024-11-28 16:00:17.831 T:6455 debug : CAMLCodec::GetPicture: index: 8489, pts: 304.012, dur:41.289ms ar:1.78 elf:40ms
2024-11-28 16:00:17.832 T:6455 debug : CVideoPlayerVideo::OutputPicture - ttd:400ms pts:304.012 Clock:303.612 Level:5
2024-11-28 16:00:17.834 T:6455 debug : CAMLCodec::AddData: skip add data dl:15411259 fl:311237 sz:407700(407808) lv:100.6% dts:305.847 pts:306.056
2024-11-28 16:00:17.836 T:4489 debug : PrepareNextRender: frameOnScreen: 303.616 renderPts: 303.826 nextFramePts: 303.804 -> diff: 0.022 render: 1 forceNext: 0
2024-11-28 16:00:17.836 T:6455 debug : CAMLCodec::AddData: skip add data dl:15411259 fl:311237 sz:407700(407808) lv:100.6% dts:305.847 pts:306.056
2024-11-28 16:00:17.840 T:4489 info : Skipped 1 duplicate messages..
2024-11-28 16:00:17.840 T:4489 debug : CAMLCodec::ReleaseFrame idx:8484, drop:0
2024-11-28 16:00:17.840 T:6455 debug : CAMLCodec::AddData: skip add data dl:15411259 fl:311237 sz:407700(407808) lv:100.6% dts:305.847 pts:306.056
2024-11-28 16:00:17.873 T:4489 info : Skipped 19 duplicate messages..
2024-11-28 16:00:17.873 T:4489 debug : CAMLCodec::PollFrame elapsed:32.862ms
2024-11-28 16:00:17.873 T:6455 debug : CAMLCodec::DequeueBuffer: pts:304.054 idx:8490
2024-11-28 16:00:17.873 T:6455 debug : CAMLCodec::GetPicture: index: 8490, pts: 304.054, dur:42.000ms ar:1.78 elf:41ms
2024-11-28 16:00:17.873 T:6455 debug : CVideoPlayerVideo::OutputPicture - ttd:400ms pts:304.054 Clock:303.654 Level:5
2024-11-28 16:00:17.878 T:4489 debug : PrepareNextRender: frameOnScreen: 303.658 renderPts: 303.868 nextFramePts: 303.845 -> diff: 0.023 render: 1 forceNext: 0
2024-11-28 16:00:17.878 T:6455 debug : CAMLCodec::AddData: dl:15587963 fl:134533 sz:407700(407808) lv:99.1% dts:305.847 pts:306.056
2024-11-28 16:00:17.879 T:6455 debug : CAMLCodec::AddData: skip add data dl:15587855 fl:134641 sz:368682(368768) lv:101.4% dts:305.889 pts:305.972
2024-11-28 16:00:17.881 T:4489 info : Skipped 1 duplicate messages..
2024-11-28 16:00:17.881 T:4489 debug : CAMLCodec::ReleaseFrame idx:8485, drop:0
2024-11-28 16:00:17.882 T:6455 debug : CAMLCodec::AddData: skip add data dl:15587855 fl:134641 sz:368682(368768) lv:101.4% dts:305.889 pts:305.972
2024-11-28 16:00:17.915 T:4489 info : Skipped 23 duplicate messages..
2024-11-28 16:00:17.915 T:4489 debug : CAMLCodec::PollFrame elapsed:33.447ms
2024-11-28 16:00:17.917 T:6455 debug : CAMLCodec::AddData: dl:15604943 fl:117553 sz:368682(368768) lv:99.2% dts:305.889 pts:305.972
2024-11-28 16:00:17.917 T:6455 debug : CAMLCodec::DequeueBuffer: pts:304.095 idx:8491
2024-11-28 16:00:17.917 T:6455 debug : CAMLCodec::GetPicture: index: 8491, pts: 304.095, dur:41.000ms ar:1.78 elf:43ms
2024-11-28 16:00:17.917 T:6455 debug : CVideoPlayerVideo::OutputPicture - ttd:397ms pts:304.095 Clock:303.698 Level:5
2024-11-28 16:00:17.919 T:4489 debug : PrepareNextRender: frameOnScreen: 303.699 renderPts: 303.908 nextFramePts: 303.887 -> diff: 0.022 render: 1 forceNext: 0
2024-11-28 16:00:17.919 T:6455 debug : CAMLCodec::AddData: skip add data dl:15604857 fl:117639 sz:303194(303296) lv:101.1% dts:305.931 pts:305.931
2024-11-28 16:00:17.922 T:6452 info : Skipped 1 duplicate messages..
2024-11-28 16:00:17.922 T:6452 debug : CVideoPlayer::ProcessVideoData size:305049 dts:310.685 pts:310.769 dur:41.000ms, clock:303.703 level:59
2024-11-28 16:00:17.923 T:6455 debug : CAMLCodec::AddData: skip add data dl:15604857 fl:117639 sz:303194(303296) lv:101.1% dts:305.931 pts:305.931
2024-11-28 16:00:17.923 T:4489 debug : CAMLCodec::ReleaseFrame idx:8486, drop:0
2024-11-28 16:00:17.924 T:6452 debug : CVideoPlayer::ProcessVideoData size:228933 dts:310.727 pts:310.727 dur:41.000ms, clock:303.705 level:100
2024-11-28 16:00:17.926 T:6455 debug : CAMLCodec::AddData: skip add data dl:15604857 fl:117639 sz:303194(303296) lv:101.1% dts:305.931 pts:305.931
2024-11-28 16:00:17.957 T:4489 info : Skipped 21 duplicate messages..
2024-11-28 16:00:17.957 T:4489 debug : CAMLCodec::PollFrame elapsed:32.991ms
2024-11-28 16:00:17.959 T:6455 debug : CAMLCodec::AddData: dl:15614201 fl:108295 sz:303194(303296) lv:99.3% dts:305.931 pts:305.931
2024-11-28 16:00:17.959 T:6455 debug : CAMLCodec::DequeueBuffer: pts:304.137 idx:8492
2024-11-28 16:00:17.959 T:6455 debug : CAMLCodec::GetPicture: index: 8492, pts: 304.137, dur:42.000ms ar:1.78 elf:41ms
2024-11-28 16:00:17.959 T:6455 debug : CVideoPlayerVideo::OutputPicture - ttd:397ms pts:304.137 Clock:303.739 Level:5
2024-11-28 16:00:17.960 T:4489 debug : PrepareNextRender: frameOnScreen: 303.740 renderPts: 303.949 nextFramePts: 303.929 -> diff: 0.020 render: 1 forceNext: 0
2024-11-28 16:00:17.961 T:6455 debug : CAMLCodec::AddData: skip add data dl:15614099 fl:108397 sz:311821(311936) lv:101.3% dts:305.972 pts:306.014
2024-11-28 16:00:17.964 T:4489 info : Skipped 2 duplicate messages..
2024-11-28 16:00:17.964 T:4489 debug : CAMLCodec::ReleaseFrame idx:8487, drop:0
2024-11-28 16:00:17.965 T:6455 debug : CAMLCodec::AddData: skip add data dl:15614099 fl:108397 sz:311821(311936) lv:101.3% dts:305.972 pts:306.014
2024-11-28 16:00:17.966 T:6452 debug : CVideoPlayer::ProcessVideoData size:242009 dts:310.769 pts:310.811 dur:41.000ms, clock:303.746 level:60
2024-11-28 16:00:17.967 T:6455 debug : CAMLCodec::AddData: skip add data dl:15614099 fl:108397 sz:311821(311936) lv:101.3% dts:305.972 pts:306.014
2024-11-28 16:00:17.998 T:4489 info : Skipped 23 duplicate messages..
2024-11-28 16:00:17.998 T:4489 debug : CAMLCodec::PollFrame elapsed:33.338ms
2024-11-28 16:00:18.001 T:6455 debug : CAMLCodec::AddData: dl:15644819 fl:77677 sz:311821(311936) lv:99.5% dts:305.972 pts:306.014
2024-11-28 16:00:18.001 T:6455 debug : CAMLCodec::DequeueBuffer: pts:304.179 idx:8493
2024-11-28 16:00:18.001 T:6455 debug : CAMLCodec::GetPicture: index: 8493, pts: 304.179, dur:42.000ms ar:1.78 elf:42ms
2024-11-28 16:00:18.001 T:6455 debug : CVideoPlayerVideo::OutputPicture - ttd:397ms pts:304.179 Clock:303.782 Level:5
2024-11-28 16:00:18.002 T:4489 debug : PrepareNextRender: frameOnScreen: 303.782 renderPts: 303.991 nextFramePts: 303.971 -> diff: 0.020 render: 1 forceNext: 0
2024-11-28 16:00:18.003 T:6455 debug : CAMLCodec::AddData: skip add data dl:15644704 fl:77792 sz:370872(370944) lv:101.8% dts:306.014 pts:306.139
2024-11-28 16:00:18.006 T:4489 info : Skipped 1 duplicate messages..
2024-11-28 16:00:18.006 T:4489 debug : CAMLCodec::ReleaseFrame idx:8488, drop:0
2024-11-28 16:00:18.007 T:6455 debug : CAMLCodec::AddData: skip add data dl:15644704 fl:77792 sz:370872(370944) lv:101.8% dts:306.014 pts:306.139
2024-11-28 16:00:18.008 T:6452 debug : CVideoPlayer::ProcessVideoData size:315879 dts:310.811 pts:310.936 dur:41.000ms, clock:303.788 level:60
2024-11-28 16:00:18.009 T:6455 debug : CAMLCodec::AddData: skip add data dl:15644704 fl:77792 sz:370872(370944) lv:101.8% dts:306.014 pts:306.139
2024-11-28 16:00:18.040 T:4489 info : Skipped 22 duplicate messages..
2024-11-28 16:00:18.040 T:4489 debug : CAMLCodec::PollFrame elapsed:33.745ms
2024-11-28 16:00:18.040 T:6455 debug : CAMLCodec::DequeueBuffer: pts:304.221 idx:8494
2024-11-28 16:00:18.041 T:6455 debug : CAMLCodec::GetPicture: index: 8494, pts: 304.221, dur:42.000ms ar:1.78 elf:39ms
2024-11-28 16:00:18.041 T:6455 debug : CVideoPlayerVideo::OutputPicture - ttd:399ms pts:304.221 Clock:303.821 Level:5
2024-11-28 16:00:18.042 T:6455 debug : CAMLCodec::AddData: skip add data dl:15418784 fl:303712 sz:370872(370944) lv:100.4% dts:306.014 pts:306.139
2024-11-28 16:00:18.043 T:4489 debug : PrepareNextRender: frameOnScreen: 303.824 renderPts: 304.033 nextFramePts: 304.012 -> diff: 0.021 render: 1 forceNext: 0
2024-11-28 16:00:18.044 T:6455 debug : CAMLCodec::AddData: skip add data dl:15418784 fl:303712 sz:370872(370944) lv:100.4% dts:306.014 pts:306.139
2024-11-28 16:00:18.048 T:4489 info : Skipped 2 duplicate messages..
2024-11-28 16:00:18.048 T:4489 debug : CAMLCodec::ReleaseFrame idx:8489, drop:0
2024-11-28 16:00:18.049 T:6455 debug : CAMLCodec::AddData: skip add data dl:15418784 fl:303712 sz:370872(370944) lv:100.4% dts:306.014 pts:306.139
2024-11-28 16:00:18.081 T:4489 info : Skipped 24 duplicate messages..
2024-11-28 16:00:18.081 T:4489 debug : CAMLCodec::PollFrame elapsed:33.530ms
2024-11-28 16:00:18.082 T:6455 debug : CAMLCodec::AddData: skip add data dl:15418784 fl:303712 sz:370872(370944) lv:100.4% dts:306.014 pts:306.139
2024-11-28 16:00:18.083 T:6455 debug : CAMLCodec::DequeueBuffer: pts:304.262 idx:8495
2024-11-28 16:00:18.083 T:6455 debug : CAMLCodec::GetPicture: index: 8495, pts: 304.262, dur:41.000ms ar:1.78 elf:42ms
2024-11-28 16:00:18.083 T:6455 debug : CVideoPlayerVideo::OutputPicture - ttd:398ms pts:304.262 Clock:303.863 Level:5
2024-11-28 16:00:18.084 T:4489 debug : PrepareNextRender: frameOnScreen: 303.864 renderPts: 304.073 nextFramePts: 304.054 -> diff: 0.019 render: 1 forceNext: 0
2024-11-28 16:00:18.087 T:4489 debug : CAMLCodec::ReleaseFrame idx:8490, drop:0
2024-11-28 16:00:18.087 T:6455 debug : CAMLCodec::AddData: dl:15564448 fl:158048 sz:370872(370944) lv:99.0% dts:306.014 pts:306.139
2024-11-28 16:00:18.088 T:6455 debug : CAMLCodec::AddData: skip add data dl:15564376 fl:158120 sz:313323(313408) lv:100.9% dts:306.056 pts:306.097
2024-11-28 16:00:18.090 T:6452 info : Skipped 1 duplicate messages..
2024-11-28 16:00:18.090 T:6452 debug : CVideoPlayer::ProcessVideoData size:231297 dts:310.852 pts:310.894 dur:41.000ms, clock:303.870 level:60
2024-11-28 16:00:18.092 T:6455 debug : CAMLCodec::AddData: skip add data dl:15564376 fl:158120 sz:313323(313408) lv:100.9% dts:306.056 pts:306.097
2024-11-28 16:00:18.123 T:4489 info : Skipped 23 duplicate messages..
2024-11-28 16:00:18.123 T:4489 debug : CAMLCodec::PollFrame elapsed:35.921ms
2024-11-28 16:00:18.123 T:6455 debug : CAMLCodec::DequeueBuffer: pts:304.304 idx:8496
2024-11-28 16:00:18.123 T:6455 debug : CAMLCodec::GetPicture: index: 8496, pts: 304.304, dur:42.000ms ar:1.78 elf:40ms
2024-11-28 16:00:18.123 T:6455 debug : CVideoPlayerVideo::OutputPicture - ttd:400ms pts:304.304 Clock:303.904 Level:5
2024-11-28 16:00:18.127 T:6455 debug : CAMLCodec::AddData: dl:15598872 fl:123624 sz:313323(313408) lv:99.2% dts:306.056 pts:306.097
2024-11-28 16:00:18.127 T:4489 debug : PrepareNextRender: frameOnScreen: 303.908 renderPts: 304.117 nextFramePts: 304.095 -> diff: 0.022 render: 1 forceNext: 0
2024-11-28 16:00:18.128 T:6455 debug : CAMLCodec::AddData: skip add data dl:15598787 fl:123709 sz:311884(312000) lv:101.2% dts:306.097 pts:306.181
2024-11-28 16:00:18.132 T:6452 info : Skipped 2 duplicate messages..
2024-11-28 16:00:18.132 T:6452 debug : CVideoPlayer::ProcessVideoData size:241870 dts:310.894 pts:310.977 dur:41.000ms, clock:303.912 level:60
2024-11-28 16:00:18.132 T:4489 debug : CAMLCodec::ReleaseFrame idx:8491, drop:0
2024-11-28 16:00:18.133 T:6455 debug : CAMLCodec::AddData: skip add data dl:15598787 fl:123709 sz:311884(312000) lv:101.2% dts:306.097 pts:306.181
2024-11-28 16:00:18.144 T:6452 info : Skipped 7 duplicate messages..
2024-11-28 16:00:18.144 T:6452 debug : CVideoPlayer::ProcessVideoData size:402345 dts:310.936 pts:311.353 dur:41.000ms, clock:303.924 level:60
2024-11-28 16:00:18.146 T:6455 debug : CAMLCodec::AddData: skip add data dl:15598787 fl:123709 sz:311884(312000) lv:101.2% dts:306.097 pts:306.181
2024-11-28 16:00:18.165 T:4489 info : Skipped 13 duplicate messages..
2024-11-28 16:00:18.165 T:4489 debug : CAMLCodec::PollFrame elapsed:32.394ms
2024-11-28 16:00:18.168 T:4489 debug : PrepareNextRender: frameOnScreen: 303.948 renderPts: 304.157 nextFramePts: 304.137 -> diff: 0.020 render: 1 forceNext: 0
2024-11-28 16:00:18.168 T:6455 debug : CAMLCodec::AddData: dl:15663427 fl:59069 sz:311884(312000) lv:99.6% dts:306.097 pts:306.181
2024-11-28 16:00:18.168 T:6455 debug : CAMLCodec::DequeueBuffer: pts:304.346 idx:8497
2024-11-28 16:00:18.168 T:6455 debug : CAMLCodec::GetPicture: index: 8497, pts: 304.346, dur:42.000ms ar:1.78 elf:44ms
2024-11-28 16:00:18.169 T:6455 debug : CVideoPlayerVideo::OutputPicture - ttd:397ms pts:304.346 Clock:303.948 Level:4
2024-11-28 16:00:18.170 T:6455 debug : CAMLCodec::DequeueBuffer: pts:304.387 idx:8498
2024-11-28 16:00:18.170 T:6455 debug : CAMLCodec::GetPicture: index: 8498, pts: 304.387, dur:41.000ms ar:1.78 elf:2ms
2024-11-28 16:00:18.170 T:6455 debug : CVideoPlayerVideo::OutputPicture - ttd:436ms pts:304.387 Clock:303.951 Level:5
2024-11-28 16:00:18.171 T:4489 debug : CAMLCodec::ReleaseFrame idx:8492, drop:0
2024-11-28 16:00:18.171 T:6455 debug : CAMLCodec::DequeueBuffer: pts:304.429 idx:8499
2024-11-28 16:00:18.171 T:6455 debug : CAMLCodec::GetPicture: index: 8499, pts: 304.429, dur:42.000ms ar:1.78 elf:1ms
2024-11-28 16:00:18.171 T:6455 debug : CVideoPlayerVideo::OutputPicture - ttd:477ms pts:304.429 Clock:303.952 Level:6
2024-11-28 16:00:18.173 T:6455 debug : CAMLCodec::DequeueBuffer: pts:304.471 idx:8500
2024-11-28 16:00:18.173 T:6455 debug : CAMLCodec::GetPicture: index: 8500, pts: 304.471, dur:42.000ms ar:1.78 elf:1ms
2024-11-28 16:00:18.173 T:6455 debug : CVideoPlayerVideo::OutputPicture - ttd:517ms pts:304.471 Clock:303.953 Level:7
2024-11-28 16:00:18.174 T:6455 debug : CAMLCodec::AddData: skip add data dl:15663311 fl:59185 sz:484139(484224) lv:102.7% dts:306.139 pts:306.515
2024-11-28 16:00:18.207 T:4489 info : Skipped 22 duplicate messages..
2024-11-28 16:00:18.207 T:4489 debug : CAMLCodec::PollFrame elapsed:35.898ms
2024-11-28 16:00:18.207 T:6455 debug : CAMLCodec::DequeueBuffer: pts:304.513 idx:8501
2024-11-28 16:00:18.207 T:6455 debug : CAMLCodec::GetPicture: index: 8501, pts: 304.513, dur:42.000ms ar:1.78 elf:34ms
2024-11-28 16:00:18.207 T:6455 debug : CVideoPlayerVideo::OutputPicture - ttd:525ms pts:304.513 Clock:303.988 Level:8
2024-11-28 16:00:18.210 T:4489 debug : PrepareNextRender: frameOnScreen: 303.990 renderPts: 304.200 nextFramePts: 304.179 -> diff: 0.021 render: 1 forceNext: 0
2024-11-28 16:00:18.211 T:6455 debug : CAMLCodec::AddData: dl:15722255 fl:241 sz:484139(484224) lv:100.0% dts:306.139 pts:306.515
2024-11-28 16:00:18.212 T:6455 debug : CAMLCodec::AddData: skip add data dl:15722170 fl:326 sz:393156(393280) lv:102.5% dts:306.181 pts:306.389
2024-11-28 16:00:18.212 T:4489 debug : CAMLCodec::ReleaseFrame idx:8493, drop:0
2024-11-28 16:00:18.213 T:6455 debug : CAMLCodec::AddData: skip add data dl:15722170 fl:326 sz:393156(393280) lv:102.5% dts:306.181 pts:306.389
2024-11-28 16:00:18.216 T:6452 info : Skipped 2 duplicate messages..
2024-11-28 16:00:18.216 T:6452 debug : CVideoPlayer::ProcessVideoData size:298823 dts:310.977 pts:311.186 dur:41.000ms, clock:303.997 level:60
2024-11-28 16:00:18.218 T:6452 debug : CVideoPlayer::ProcessVideoData size:301833 dts:311.019 pts:311.102 dur:41.000ms, clock:303.998 level:60
2024-11-28 16:00:18.218 T:6455 debug : CAMLCodec::AddData: skip add data dl:15722170 fl:326 sz:393156(393280) lv:102.5% dts:306.181 pts:306.389
2024-11-28 16:00:18.220 T:6452 debug : CVideoPlayer::ProcessVideoData size:237219 dts:311.061 pts:311.061 dur:41.000ms, clock:304.000 level:100
2024-11-28 16:00:18.221 T:6455 debug : CAMLCodec::AddData: skip add data dl:15722170 fl:326 sz:393156(393280) lv:102.5% dts:306.181 pts:306.389
2024-11-28 16:00:18.249 T:4489 info : Skipped 18 duplicate messages..
2024-11-28 16:00:18.249 T:4489 debug : CAMLCodec::PollFrame elapsed:36.102ms
2024-11-28 16:00:18.250 T:6455 debug : CAMLCodec::AddData: dl:15562042 fl:160454 sz:393156(393280) lv:98.9% dts:306.181 pts:306.389
2024-11-28 16:00:18.251 T:6455 debug : CAMLCodec::AddData: skip add data dl:15561918 fl:160578 sz:393295(393408) lv:101.4% dts:306.223 pts:306.306
2024-11-28 16:00:18.252 T:4489 debug : PrepareNextRender: frameOnScreen: 304.032 renderPts: 304.241 nextFramePts: 304.221 -> diff: 0.020 render: 1 forceNext: 0
2024-11-28 16:00:18.253 T:6455 debug : CAMLCodec::AddData: skip add data dl:15561918 fl:160578 sz:393295(393408) lv:101.4% dts:306.223 pts:306.306
2024-11-28 16:00:18.255 T:4489 info : Skipped 1 duplicate messages..
2024-11-28 16:00:18.255 T:4489 debug : CAMLCodec::ReleaseFrame idx:8494, drop:0
2024-11-28 16:00:18.256 T:6455 debug : CAMLCodec::AddData: skip add data dl:15561918 fl:160578 sz:393295(393408) lv:101.4% dts:306.223 pts:306.306
2024-11-28 16:00:18.261 T:6452 info : Skipped 3 duplicate messages..
2024-11-28 16:00:18.261 T:6452 debug : CVideoPlayer::ProcessVideoData size:233954 dts:311.102 pts:311.144 dur:41.000ms, clock:304.042 level:100
2024-11-28 16:00:18.262 T:6455 debug : CAMLCodec::AddData: skip add data dl:15561918 fl:160578 sz:393295(393408) lv:101.4% dts:306.223 pts:306.306
2024-11-28 16:00:18.263 T:6452 debug : CVideoPlayer::ProcessVideoData size:298717 dts:311.144 pts:311.269 dur:41.000ms, clock:304.043 level:100
2024-11-28 16:00:18.264 T:6455 debug : CAMLCodec::AddData: skip add data dl:15561918 fl:160578 sz:393295(393408) lv:101.4% dts:306.223 pts:306.306
2024-11-28 16:00:18.290 T:4489 info : Skipped 17 duplicate messages..
2024-11-28 16:00:18.290 T:4489 debug : CAMLCodec::PollFrame elapsed:34.445ms
2024-11-28 16:00:18.290 T:6455 debug : CAMLCodec::AddData: skip add data dl:15561918 fl:160578 sz:393295(393408) lv:101.4% dts:306.223 pts:306.306
2024-11-28 16:00:18.294 T:4489 debug : PrepareNextRender: frameOnScreen: 304.074 renderPts: 304.283 nextFramePts: 304.262 -> diff: 0.021 render: 1 forceNext: 0
2024-11-28 16:00:18.294 T:6455 debug : CAMLCodec::AddData: dl:15488638 fl:233858 sz:393295(393408) lv:98.5% dts:306.223 pts:306.306
2024-11-28 16:00:18.295 T:6455 debug : CAMLCodec::AddData: skip add data dl:15488525 fl:233971 sz:317330(317440) lv:100.5% dts:306.264 pts:306.264
2024-11-28 16:00:18.297 T:4489 info : Skipped 1 duplicate messages..
2024-11-28 16:00:18.297 T:4489 debug : CAMLCodec::ReleaseFrame idx:8495, drop:0
2024-11-28 16:00:18.298 T:6455 debug : CAMLCodec::AddData: skip add data dl:15488525 fl:233971 sz:317330(317440) lv:100.5% dts:306.264 pts:306.264
2024-11-28 16:00:18.304 T:6452 info : Skipped 4 duplicate messages..
2024-11-28 16:00:18.304 T:6452 debug : CVideoPlayer::ProcessVideoData size:249430 dts:311.186 pts:311.228 dur:41.000ms, clock:304.085 level:100
2024-11-28 16:00:18.306 T:6455 debug : CAMLCodec::AddData: skip add data dl:15488525 fl:233971 sz:317330(317440) lv:100.5% dts:306.264 pts:306.264
2024-11-28 16:00:18.332 T:4489 info : Skipped 19 duplicate messages..
2024-11-28 16:00:18.332 T:4489 debug : CAMLCodec::PollFrame elapsed:33.988ms
2024-11-28 16:00:18.334 T:6455 debug : CAMLCodec::AddData: dl:15446477 fl:276019 sz:317330(317440) lv:98.2% dts:306.264 pts:306.264
2024-11-28 16:00:18.335 T:4489 debug : PrepareNextRender: frameOnScreen: 304.115 renderPts: 304.324 nextFramePts: 304.304 -> diff: 0.020 render: 1 forceNext: 0
2024-11-28 16:00:18.335 T:6455 debug : CAMLCodec::AddData: skip add data dl:15446367 fl:276129 sz:340202(340288) lv:100.4% dts:306.306 pts:306.348
2024-11-28 16:00:18.338 T:4489 info : Skipped 2 duplicate messages..
2024-11-28 16:00:18.338 T:4489 debug : CAMLCodec::ReleaseFrame idx:8496, drop:0
2024-11-28 16:00:18.339 T:6455 debug : CAMLCodec::AddData: skip add data dl:15446367 fl:276129 sz:340202(340288) lv:100.4% dts:306.306 pts:306.348
2024-11-28 16:00:18.346 T:6452 info : Skipped 4 duplicate messages..
2024-11-28 16:00:18.346 T:6452 debug : CVideoPlayer::ProcessVideoData size:247504 dts:311.228 pts:311.311 dur:41.000ms, clock:304.126 level:100
2024-11-28 16:00:18.347 T:6455 debug : CAMLCodec::AddData: skip add data dl:15446367 fl:276129 sz:340202(340288) lv:100.4% dts:306.306 pts:306.348
2024-11-28 16:00:18.373 T:4489 info : Skipped 19 duplicate messages..
2024-11-28 16:00:18.373 T:4489 debug : CAMLCodec::PollFrame elapsed:34.783ms
2024-11-28 16:00:18.377 T:4489 debug : PrepareNextRender: frameOnScreen: 304.157 renderPts: 304.367 nextFramePts: 304.346 -> diff: 0.021 render: 1 forceNext: 0
2024-11-28 16:00:18.377 T:6455 debug : CAMLCodec::AddData: dl:15435295 fl:287201 sz:340202(340288) lv:98.1% dts:306.306 pts:306.348
2024-11-28 16:00:18.377 T:6455 debug : CAMLCodec::DequeueBuffer: pts:304.554 idx:8502
2024-11-28 16:00:18.377 T:6455 debug : CAMLCodec::GetPicture: index: 8502, pts: 304.554, dur:41.000ms ar:1.78 elf:170ms
2024-11-28 16:00:18.377 T:6455 debug : CVideoPlayerVideo::OutputPicture - ttd:396ms pts:304.554 Clock:304.158 Level:4
2024-11-28 16:00:18.380 T:6455 debug : CAMLCodec::AddData: skip add data dl:15435209 fl:287287 sz:367352(367424) lv:100.5% dts:306.348 pts:306.473
2024-11-28 16:00:18.381 T:4489 debug : CAMLCodec::ReleaseFrame idx:8497, drop:0
2024-11-28 16:00:18.381 T:6455 debug : CAMLCodec::AddData: skip add data dl:15435209 fl:287287 sz:367352(367424) lv:100.5% dts:306.348 pts:306.473
2024-11-28 16:00:18.415 T:4489 info : Skipped 24 duplicate messages..
2024-11-28 16:00:18.415 T:4489 debug : CAMLCodec::PollFrame elapsed:34.218ms
2024-11-28 16:00:18.415 T:6455 debug : CAMLCodec::AddData: skip add data dl:15435209 fl:287287 sz:367352(367424) lv:100.5% dts:306.348 pts:306.473
2024-11-28 16:00:18.416 T:6455 debug : CAMLCodec::DequeueBuffer: pts:304.596 idx:8503
2024-11-28 16:00:18.417 T:6455 debug : CAMLCodec::GetPicture: index: 8503, pts: 304.596, dur:42.000ms ar:1.78 elf:38ms
2024-11-28 16:00:18.417 T:6455 debug : CVideoPlayerVideo::OutputPicture - ttd:398ms pts:304.596 Clock:304.197 Level:5
2024-11-28 16:00:18.418 T:4489 debug : PrepareNextRender: frameOnScreen: 304.198 renderPts: 304.407 nextFramePts: 304.387 -> diff: 0.020 render: 1 forceNext: 0
2024-11-28 16:00:18.421 T:4489 debug : CAMLCodec::ReleaseFrame idx:8498, drop:0
2024-11-28 16:00:18.421 T:6455 debug : CAMLCodec::AddData: dl:15513801 fl:208695 sz:367352(367424) lv:98.6% dts:306.348 pts:306.473
2024-11-28 16:00:18.421 T:6455 debug : CAMLCodec::AddData: skip add data dl:15513729 fl:208767 sz:300641(300736) lv:100.5% dts:306.389 pts:306.431
2024-11-28 16:00:18.437 T:6452 info : Skipped 10 duplicate messages..
2024-11-28 16:00:18.437 T:6452 debug : CVideoPlayer::ProcessVideoData size:390300 dts:311.269 pts:311.645 dur:41.000ms, clock:304.218 level:61
2024-11-28 16:00:18.439 T:6455 debug : CAMLCodec::AddData: skip add data dl:15513729 fl:208767 sz:300641(300736) lv:100.5% dts:306.389 pts:306.431
2024-11-28 16:00:18.457 T:4489 info : Skipped 12 duplicate messages..
2024-11-28 16:00:18.457 T:4489 debug : CAMLCodec::PollFrame elapsed:35.942ms
2024-11-28 16:00:18.459 T:6452 debug : CVideoPlayer::ProcessVideoData size:309836 dts:311.311 pts:311.520 dur:41.000ms, clock:304.240 level:61
2024-11-28 16:00:18.459 T:6455 debug : CAMLCodec::AddData: dl:15474241 fl:248255 sz:300641(300736) lv:98.4% dts:306.389 pts:306.431
2024-11-28 16:00:18.460 T:6455 debug : CAMLCodec::DequeueBuffer: pts:304.638 idx:8504
2024-11-28 16:00:18.460 T:6455 debug : CAMLCodec::GetPicture: index: 8504, pts: 304.638, dur:42.000ms ar:1.78 elf:42ms
2024-11-28 16:00:18.460 T:6455 debug : CVideoPlayerVideo::OutputPicture - ttd:397ms pts:304.638 Clock:304.240 Level:5
2024-11-28 16:00:18.460 T:4489 debug : PrepareNextRender: frameOnScreen: 304.240 renderPts: 304.450 nextFramePts: 304.429 -> diff: 0.021 render: 1 forceNext: 0
2024-11-28 16:00:18.463 T:4489 debug : CAMLCodec::ReleaseFrame idx:8499, drop:0
2024-11-28 16:00:18.465 T:6455 debug : CAMLCodec::AddData: skip add data dl:15474146 fl:248350 sz:558455(558528) lv:101.9% dts:306.431 pts:306.556
2024-11-28 16:00:18.491 T:6452 info : Skipped 15 duplicate messages..
2024-11-28 16:00:18.491 T:6452 debug : CVideoPlayer::ProcessVideoData size:304037 dts:311.353 pts:311.436 dur:41.000ms, clock:304.271 level:100
2024-11-28 16:00:18.492 T:6455 debug : CAMLCodec::AddData: skip add data dl:15474146 fl:248350 sz:558455(558528) lv:101.9% dts:306.431 pts:306.556
2024-11-28 16:00:18.499 T:6455 info : Skipped 3 duplicate messages..
2024-11-28 16:00:18.499 T:6455 debug : CAMLCodec::DequeueBuffer: pts:304.679 idx:8505
2024-11-28 16:00:18.499 T:4489 debug : CAMLCodec::PollFrame elapsed:34.949ms
2024-11-28 16:00:18.499 T:6455 debug : CAMLCodec::GetPicture: index: 8505, pts: 304.679, dur:41.000ms ar:1.78 elf:39ms
2024-11-28 16:00:18.499 T:6455 debug : CVideoPlayerVideo::OutputPicture - ttd:399ms pts:304.679 Clock:304.279 Level:5
2024-11-28 16:00:18.503 T:6452 debug : CVideoPlayer::ProcessVideoData size:232593 dts:311.394 pts:311.394 dur:41.000ms, clock:304.283 level:61
2024-11-28 16:00:18.504 T:4489 debug : PrepareNextRender: frameOnScreen: 304.284 renderPts: 304.493 nextFramePts: 304.471 -> diff: 0.022 render: 1 forceNext: 0
2024-11-28 16:00:18.504 T:6455 debug : CAMLCodec::AddData: dl:15632418 fl:90078 sz:558455(558528) lv:99.4% dts:306.431 pts:306.556
2024-11-28 16:00:18.505 T:6455 debug : CAMLCodec::AddData: skip add data dl:15632345 fl:90151 sz:485758(485824) lv:102.5% dts:306.473 pts:306.890
2024-11-28 16:00:18.509 T:4489 info : Skipped 1 duplicate messages..
2024-11-28 16:00:18.509 T:4489 debug : CAMLCodec::ReleaseFrame idx:8500, drop:0
2024-11-28 16:00:18.510 T:6455 debug : CAMLCodec::AddData: skip add data dl:15632345 fl:90151 sz:485758(485824) lv:102.5% dts:306.473 pts:306.890
2024-11-28 16:00:18.525 T:6452 info : Skipped 8 duplicate messages..
2024-11-28 16:00:18.525 T:6452 debug : CVideoPlayer::ProcessVideoData size:243608 dts:311.436 pts:311.478 dur:41.000ms, clock:304.305 level:100
2024-11-28 16:00:18.525 T:6455 debug : CAMLCodec::AddData: skip add data dl:15632345 fl:90151 sz:485758(485824) lv:102.5% dts:306.473 pts:306.890
2024-11-28 16:00:18.540 T:6455 info : Skipped 7 duplicate messages..
2024-11-28 16:00:18.540 T:6455 debug : CAMLCodec::AddData: skip add data dl:15316825 fl:405671 sz:485758(485824) lv:100.5% dts:306.473 pts:306.890
2024-11-28 16:00:18.540 T:4489 debug : CAMLCodec::PollFrame elapsed:31.651ms
2024-11-28 16:00:18.541 T:6455 debug : CAMLCodec::DequeueBuffer: pts:304.721 idx:8506
2024-11-28 16:00:18.541 T:6455 debug : CAMLCodec::GetPicture: index: 8506, pts: 304.721, dur:42.000ms ar:1.78 elf:42ms
2024-11-28 16:00:18.541 T:6455 debug : CVideoPlayerVideo::OutputPicture - ttd:399ms pts:304.721 Clock:304.322 Level:5
2024-11-28 16:00:18.543 T:6455 debug : CAMLCodec::AddData: skip add data dl:15316825 fl:405671 sz:485758(485824) lv:100.5% dts:306.473 pts:306.890
2024-11-28 16:00:18.544 T:4489 debug : PrepareNextRender: frameOnScreen: 304.325 renderPts: 304.534 nextFramePts: 304.513 -> diff: 0.021 render: 1 forceNext: 0
2024-11-28 16:00:18.546 T:6455 debug : CAMLCodec::AddData: skip add data dl:15316825 fl:405671 sz:485758(485824) lv:100.5% dts:306.473 pts:306.890
2024-11-28 16:00:18.547 T:6452 debug : CVideoPlayer::ProcessVideoData size:298022 dts:311.478 pts:311.603 dur:41.000ms, clock:304.327 level:100
2024-11-28 16:00:18.549 T:6455 debug : CAMLCodec::AddData: skip add data dl:15316825 fl:405671 sz:485758(485824) lv:100.5% dts:306.473 pts:306.890
2024-11-28 16:00:18.549 T:4489 debug : CAMLCodec::ReleaseFrame idx:8501, drop:0
2024-11-28 16:00:18.551 T:6455 debug : CAMLCodec::AddData: skip add data dl:15316825 fl:405671 sz:485758(485824) lv:100.5% dts:306.473 pts:306.890
2024-11-28 16:00:18.582 T:4489 info : Skipped 17 duplicate messages..
2024-11-28 16:00:18.582 T:4489 debug : CAMLCodec::PollFrame elapsed:32.721ms
2024-11-28 16:00:18.585 T:6455 debug : CAMLCodec::AddData: dl:15476441 fl:246055 sz:485758(485824) lv:98.4% dts:306.473 pts:306.890
2024-11-28 16:00:18.585 T:6455 debug : CAMLCodec::DequeueBuffer: pts:304.763 idx:8507
2024-11-28 16:00:18.585 T:4489 debug : PrepareNextRender: frameOnScreen: 304.366 renderPts: 304.575 nextFramePts: 304.554 -> diff: 0.021 render: 1 forceNext: 0
2024-11-28 16:00:18.585 T:6455 debug : CAMLCodec::GetPicture: index: 8507, pts: 304.763, dur:42.000ms ar:1.78 elf:43ms
2024-11-28 16:00:18.585 T:6455 debug : CVideoPlayerVideo::OutputPicture - ttd:397ms pts:304.763 Clock:304.366 Level:4
2024-11-28 16:00:18.587 T:6455 debug : CAMLCodec::AddData: skip add data dl:15476375 fl:246121 sz:372663(372736) lv:100.8% dts:306.515 pts:306.723
2024-11-28 16:00:18.588 T:4489 debug : CAMLCodec::ReleaseFrame idx:8502, drop:0
2024-11-28 16:00:18.589 T:6455 debug : CAMLCodec::AddData: skip add data dl:15476375 fl:246121 sz:372663(372736) lv:100.8% dts:306.515 pts:306.723
2024-11-28 16:00:18.625 T:4489 info : Skipped 26 duplicate messages..
2024-11-28 16:00:18.624 T:4489 debug : CAMLCodec::PollFrame elapsed:36.286ms
2024-11-28 16:00:18.627 T:6455 debug : CAMLCodec::AddData: dl:15344023 fl:378473 sz:372663(372736) lv:97.6% dts:306.515 pts:306.723
2024-11-28 16:00:18.627 T:6455 debug : CAMLCodec::DequeueBuffer: pts:304.805 idx:8508
2024-11-28 16:00:18.627 T:6455 debug : CAMLCodec::GetPicture: index: 8508, pts: 304.805, dur:42.000ms ar:1.78 elf:41ms
2024-11-28 16:00:18.627 T:6455 debug : CVideoPlayerVideo::OutputPicture - ttd:397ms pts:304.805 Clock:304.408 Level:5
2024-11-28 16:00:18.628 T:4489 debug : PrepareNextRender: frameOnScreen: 304.409 renderPts: 304.618 nextFramePts: 304.596 -> diff: 0.022 render: 1 forceNext: 0
2024-11-28 16:00:18.629 T:6452 debug : CVideoPlayer::ProcessVideoData size:242663 dts:311.520 pts:311.561 dur:41.000ms, clock:304.410 level:61
2024-11-28 16:00:18.632 T:6455 debug : CAMLCodec::AddData: dl:15692878 fl:29618 sz:348804(348928) lv:99.8% dts:306.556 pts:306.640
2024-11-28 16:00:18.633 T:6455 debug : CAMLCodec::AddData: skip add data dl:15692754 fl:29742 sz:288415(288512) lv:101.6% dts:306.598 pts:306.598
2024-11-28 16:00:18.634 T:4489 debug : CAMLCodec::ReleaseFrame idx:8503, drop:0
2024-11-28 16:00:18.635 T:6452 debug : CVideoPlayer::ProcessVideoData size:410722 dts:311.561 pts:311.686 dur:41.000ms, clock:304.415 level:61
2024-11-28 16:00:18.635 T:6455 debug : CAMLCodec::AddData: skip add data dl:15692754 fl:29742 sz:288415(288512) lv:101.6% dts:306.598 pts:306.598
2024-11-28 16:00:18.649 T:6452 info : Skipped 10 duplicate messages..
2024-11-28 16:00:18.649 T:6452 debug : CVideoPlayer::ProcessVideoData size:374657 dts:311.603 pts:312.020 dur:41.000ms, clock:304.429 level:62
2024-11-28 16:00:18.651 T:6455 debug : CAMLCodec::AddData: skip add data dl:15692754 fl:29742 sz:288415(288512) lv:101.6% dts:306.598 pts:306.598
2024-11-28 16:00:18.668 T:6455 info : Skipped 10 duplicate messages..
2024-11-28 16:00:18.668 T:6455 debug : CAMLCodec::AddData: dl:15594834 fl:127662 sz:288415(288512) lv:99.1% dts:306.598 pts:306.598
2024-11-28 16:00:18.668 T:6455 debug : CAMLCodec::DequeueBuffer: pts:304.846 idx:8509
2024-11-28 16:00:18.668 T:6455 debug : CAMLCodec::GetPicture: index: 8509, pts: 304.846, dur:41.000ms ar:1.78 elf:41ms
2024-11-28 16:00:18.669 T:6455 debug : CVideoPlayerVideo::OutputPicture - ttd:397ms pts:304.846 Clock:304.449 Level:5
2024-11-28 16:00:18.670 T:6455 debug : CAMLCodec::AddData: skip add data dl:15594737 fl:127759 sz:288136(288256) lv:101.0% dts:306.640 pts:306.681
2024-11-28 16:00:18.672 T:4489 info : Skipped 1 duplicate messages..
2024-11-28 16:00:18.672 T:4489 debug : CAMLCodec::PollFrame elapsed:37.213ms
2024-11-28 16:00:18.673 T:6455 debug : CAMLCodec::AddData: skip add data dl:15594737 fl:127759 sz:288136(288256) lv:101.0% dts:306.640 pts:306.681
2024-11-28 16:00:18.676 T:4489 info : Skipped 1 duplicate messages..
2024-11-28 16:00:18.676 T:4489 debug : PrepareNextRender: frameOnScreen: 304.456 renderPts: 304.665 nextFramePts: 304.638 -> diff: 0.027 render: 1 forceNext: 0
2024-11-28 16:00:18.676 T:6455 debug : CAMLCodec::AddData: skip add data dl:15594737 fl:127759 sz:288136(288256) lv:101.0% dts:306.640 pts:306.681
2024-11-28 16:00:18.678 T:4489 info : Skipped 1 duplicate messages..
2024-11-28 16:00:18.678 T:4489 debug : CAMLCodec::ReleaseFrame idx:8504, drop:0
2024-11-28 16:00:18.679 T:6455 debug : CAMLCodec::AddData: skip add data dl:15594737 fl:127759 sz:288136(288256) lv:101.0% dts:306.640 pts:306.681
2024-11-28 16:00:18.709 T:6455 info : Skipped 23 duplicate messages..
2024-11-28 16:00:18.709 T:6455 debug : CAMLCodec::DequeueBuffer: pts:304.888 idx:8510
2024-11-28 16:00:18.709 T:6455 debug : CAMLCodec::GetPicture: index: 8510, pts: 304.888, dur:42.000ms ar:1.78 elf:40ms
2024-11-28 16:00:18.709 T:6455 debug : CVideoPlayerVideo::OutputPicture - ttd:398ms pts:304.888 Clock:304.489 Level:5
2024-11-28 16:00:18.713 T:6455 debug : CAMLCodec::AddData: dl:15477681 fl:244815 sz:288136(288256) lv:98.4% dts:306.640 pts:306.681
2024-11-28 16:00:18.713 T:6455 debug : CAMLCodec::AddData: skip add data dl:15477561 fl:244935 sz:352526(352640) lv:100.6% dts:306.681 pts:306.807
2024-11-28 16:00:18.713 T:4489 debug : CAMLCodec::PollFrame elapsed:34.634ms
2024-11-28 16:00:18.715 T:6455 debug : CAMLCodec::AddData: skip add data dl:15477561 fl:244935 sz:352526(352640) lv:100.6% dts:306.681 pts:306.807
2024-11-28 16:00:18.717 T:4489 info : Skipped 1 duplicate messages..
2024-11-28 16:00:18.717 T:4489 debug : PrepareNextRender: frameOnScreen: 304.498 renderPts: 304.707 nextFramePts: 304.679 -> diff: 0.028 render: 1 forceNext: 0
2024-11-28 16:00:18.718 T:6455 debug : CAMLCodec::AddData: skip add data dl:15477561 fl:244935 sz:352526(352640) lv:100.6% dts:306.681 pts:306.807
2024-11-28 16:00:18.720 T:4489 debug : CAMLCodec::ReleaseFrame idx:8505, drop:0
2024-11-28 16:00:18.720 T:6455 debug : CAMLCodec::AddData: skip add data dl:15477561 fl:244935 sz:352526(352640) lv:100.6% dts:306.681 pts:306.807
2024-11-28 16:00:18.721 T:6452 debug : CVideoPlayer::ProcessVideoData size:293258 dts:311.645 pts:311.853 dur:41.000ms, clock:304.501 level:62
2024-11-28 16:00:18.722 T:6455 debug : CAMLCodec::AddData: skip add data dl:15477561 fl:244935 sz:352526(352640) lv:100.6% dts:306.681 pts:306.807
2024-11-28 16:00:18.742 T:6452 info : Skipped 14 duplicate messages..
2024-11-28 16:00:18.742 T:6452 debug : CVideoPlayer::ProcessVideoData size:291173 dts:311.686 pts:311.770 dur:41.000ms, clock:304.523 level:100
2024-11-28 16:00:18.744 T:6455 debug : CAMLCodec::AddData: skip add data dl:15477561 fl:244935 sz:352526(352640) lv:100.6% dts:306.681 pts:306.807
2024-11-28 16:00:18.749 T:4489 info : Skipped 2 duplicate messages..
2024-11-28 16:00:18.749 T:4489 debug : CAMLCodec::PollFrame elapsed:28.948ms
2024-11-28 16:00:18.751 T:6455 debug : CAMLCodec::AddData: dl:15503673 fl:218823 sz:352526(352640) lv:98.6% dts:306.681 pts:306.807
2024-11-28 16:00:18.751 T:6455 debug : CAMLCodec::DequeueBuffer: pts:304.930 idx:8511
2024-11-28 16:00:18.751 T:6455 debug : CAMLCodec::GetPicture: index: 8511, pts: 304.930, dur:42.000ms ar:1.78 elf:41ms
2024-11-28 16:00:18.751 T:6455 debug : CVideoPlayerVideo::OutputPicture - ttd:398ms pts:304.930 Clock:304.531 Level:5
2024-11-28 16:00:18.752 T:4489 debug : PrepareNextRender: frameOnScreen: 304.533 renderPts: 304.741 nextFramePts: 304.721 -> diff: 0.020 render: 1 forceNext: 0
2024-11-28 16:00:18.753 T:6455 debug : CAMLCodec::AddData: skip add data dl:15503559 fl:218937 sz:297803(297920) lv:100.5% dts:306.723 pts:306.765
2024-11-28 16:00:18.754 T:6452 debug : CVideoPlayer::ProcessVideoData size:223951 dts:311.728 pts:311.728 dur:41.000ms, clock:304.534 level:100
2024-11-28 16:00:18.755 T:4489 debug : CAMLCodec::ReleaseFrame idx:8506, drop:0
2024-11-28 16:00:18.755 T:6455 debug : CAMLCodec::AddData: skip add data dl:15503559 fl:218937 sz:297803(297920) lv:100.5% dts:306.723 pts:306.765
2024-11-28 16:00:18.790 T:4489 info : Skipped 26 duplicate messages..
2024-11-28 16:00:18.790 T:4489 debug : CAMLCodec::PollFrame elapsed:34.798ms
2024-11-28 16:00:18.790 T:6455 debug : CAMLCodec::DequeueBuffer: pts:304.971 idx:8512
2024-11-28 16:00:18.791 T:6455 debug : CAMLCodec::GetPicture: index: 8512, pts: 304.971, dur:41.000ms ar:1.78 elf:39ms
2024-11-28 16:00:18.791 T:6455 debug : CVideoPlayerVideo::OutputPicture - ttd:399ms pts:304.971 Clock:304.571 Level:5
2024-11-28 16:00:18.794 T:4489 debug : PrepareNextRender: frameOnScreen: 304.574 renderPts: 304.783 nextFramePts: 304.763 -> diff: 0.020 render: 1 forceNext: 0
2024-11-28 16:00:18.794 T:6455 debug : CAMLCodec::AddData: dl:15465991 fl:256505 sz:297803(297920) lv:98.3% dts:306.723 pts:306.765
2024-11-28 16:00:18.795 T:6455 debug : CAMLCodec::AddData: skip add data dl:15465874 fl:256622 sz:287849(287936) lv:100.2% dts:306.765 pts:306.848
2024-11-28 16:00:18.796 T:6452 debug : CVideoPlayer::ProcessVideoData size:232886 dts:311.770 pts:311.812 dur:41.000ms, clock:304.576 level:63
2024-11-28 16:00:18.797 T:4489 debug : CAMLCodec::ReleaseFrame idx:8507, drop:0
2024-11-28 16:00:18.797 T:6455 debug :