2024-11-28 16:00:14.792 T:6455 debug : CAMLCodec::AddData: skip add data dl:15622466 fl:100030 sz:296301(296384) lv:101.2% dts:303.303 pts:303.428
2024-11-28 16:00:14.793 T:4489 debug : CAMLCodec::ReleaseFrame idx:8411, drop:0
2024-11-28 16:00:14.794 T:6455 debug : CAMLCodec::AddData: skip add data dl:15622466 fl:100030 sz:296301(296384) lv:101.2% dts:303.303 pts:303.428
2024-11-28 16:00:14.795 T:6452 debug : CVideoPlayer::ProcessVideoData size:381614 dts:308.350 pts:308.475 dur:41.000ms, clock:300.576 level:100
2024-11-28 16:00:14.796 T:6455 debug : CAMLCodec::AddData: skip add data dl:15622466 fl:100030 sz:296301(296384) lv:101.2% dts:303.303 pts:303.428
2024-11-28 16:00:14.828 T:4489 info : Skipped 22 duplicate messages..
2024-11-28 16:00:14.828 T:4489 debug : CAMLCodec::PollFrame elapsed:34.792ms
2024-11-28 16:00:14.829 T:6455 debug : CAMLCodec::AddData: skip add data dl:15622466 fl:100030 sz:296301(296384) lv:101.2% dts:303.303 pts:303.428
2024-11-28 16:00:14.830 T:6455 debug : CAMLCodec::DequeueBuffer: pts:301.009 idx:8417
2024-11-28 16:00:14.830 T:6455 debug : CAMLCodec::GetPicture: index: 8417, pts: 301.009, dur:42.000ms ar:1.78 elf:42ms
2024-11-28 16:00:14.830 T:6455 debug : CVideoPlayerVideo::OutputPicture - ttd:398ms pts:301.009 Clock:300.611 Level:5
2024-11-28 16:00:14.831 T:4489 debug : PrepareNextRender: frameOnScreen: 300.611 renderPts: 300.820 nextFramePts: 300.801 -> diff: 0.019 render: 1 forceNext: 0
2024-11-28 16:00:14.834 T:4489 debug : CAMLCodec::ReleaseFrame idx:8412, drop:0
2024-11-28 16:00:14.834 T:6455 debug : CAMLCodec::AddData: dl:15696706 fl:25790 sz:296301(296384) lv:99.8% dts:303.303 pts:303.428
2024-11-28 16:00:14.835 T:6455 debug : CAMLCodec::AddData: skip add data dl:15696623 fl:25873 sz:237837(237952) lv:101.3% dts:303.345 pts:303.386
2024-11-28 16:00:14.870 T:4489 info : Skipped 28 duplicate messages..
2024-11-28 16:00:14.870 T:4489 debug : CAMLCodec::PollFrame elapsed:35.468ms
2024-11-28 16:00:14.871 T:6455 debug : CAMLCodec::DequeueBuffer: pts:301.051 idx:8418
2024-11-28 16:00:14.871 T:6455 debug : CAMLCodec::GetPicture: index: 8418, pts: 301.051, dur:42.000ms ar:1.78 elf:40ms
2024-11-28 16:00:14.871 T:6455 debug : CVideoPlayerVideo::OutputPicture - ttd:400ms pts:301.051 Clock:300.651 Level:5
2024-11-28 16:00:14.874 T:4489 debug : PrepareNextRender: frameOnScreen: 300.654 renderPts: 300.863 nextFramePts: 300.842 -> diff: 0.021 render: 1 forceNext: 0
2024-11-28 16:00:14.874 T:6455 debug : CAMLCodec::AddData: dl:15679215 fl:43281 sz:237837(237952) lv:99.7% dts:303.345 pts:303.386
2024-11-28 16:00:14.876 T:6455 debug : CAMLCodec::AddData: skip add data dl:15679100 fl:43396 sz:429880(429952) lv:102.4% dts:303.386 pts:303.512
2024-11-28 16:00:14.877 T:4489 debug : CAMLCodec::ReleaseFrame idx:8413, drop:0
2024-11-28 16:00:14.878 T:6455 debug : CAMLCodec::AddData: skip add data dl:15679100 fl:43396 sz:429880(429952) lv:102.4% dts:303.386 pts:303.512
2024-11-28 16:00:14.912 T:6455 info : Skipped 20 duplicate messages..
2024-11-28 16:00:14.912 T:6455 debug : CAMLCodec::AddData: skip add data dl:15307964 fl:414532 sz:429880(429952) lv:100.1% dts:303.386 pts:303.512
2024-11-28 16:00:14.912 T:4489 debug : CAMLCodec::PollFrame elapsed:34.539ms
2024-11-28 16:00:14.913 T:6455 debug : CAMLCodec::DequeueBuffer: pts:301.092 idx:8419
2024-11-28 16:00:14.913 T:6455 debug : CAMLCodec::GetPicture: index: 8419, pts: 301.092, dur:41.000ms ar:1.78 elf:42ms
2024-11-28 16:00:14.913 T:6455 debug : CVideoPlayerVideo::OutputPicture - ttd:398ms pts:301.092 Clock:300.693 Level:5
2024-11-28 16:00:14.915 T:6455 debug : CAMLCodec::AddData: skip add data dl:15307964 fl:414532 sz:429880(429952) lv:100.1% dts:303.386 pts:303.512
2024-11-28 16:00:14.915 T:4489 debug : PrepareNextRender: frameOnScreen: 300.696 renderPts: 300.905 nextFramePts: 300.884 -> diff: 0.021 render: 1 forceNext: 0
2024-11-28 16:00:14.917 T:6455 debug : CAMLCodec::AddData: skip add data dl:15307964 fl:414532 sz:429880(429952) lv:100.1% dts:303.386 pts:303.512
2024-11-28 16:00:14.918 T:6452 debug : CVideoPlayer::ProcessVideoData size:304848 dts:308.391 pts:308.433 dur:41.000ms, clock:300.699 level:100
2024-11-28 16:00:14.919 T:4489 debug : CAMLCodec::ReleaseFrame idx:8414, drop:0
2024-11-28 16:00:14.920 T:6455 debug : CAMLCodec::AddData: skip add data dl:15307964 fl:414532 sz:429880(429952) lv:100.1% dts:303.386 pts:303.512
2024-11-28 16:00:14.953 T:4489 info : Skipped 19 duplicate messages..
2024-11-28 16:00:14.953 T:4489 debug : CAMLCodec::PollFrame elapsed:34.387ms
2024-11-28 16:00:14.954 T:6455 debug : CAMLCodec::AddData: skip add data dl:15307964 fl:414532 sz:429880(429952) lv:100.1% dts:303.386 pts:303.512
2024-11-28 16:00:14.956 T:6455 debug : CAMLCodec::DequeueBuffer: pts:301.134 idx:8420
2024-11-28 16:00:14.956 T:6455 debug : CAMLCodec::GetPicture: index: 8420, pts: 301.134, dur:42.000ms ar:1.78 elf:42ms
2024-11-28 16:00:14.956 T:6455 debug : CVideoPlayerVideo::OutputPicture - ttd:398ms pts:301.134 Clock:300.736 Level:5
2024-11-28 16:00:14.957 T:4489 debug : PrepareNextRender: frameOnScreen: 300.737 renderPts: 300.946 nextFramePts: 300.926 -> diff: 0.020 render: 1 forceNext: 0
2024-11-28 16:00:14.960 T:4489 debug : CAMLCodec::ReleaseFrame idx:8415, drop:0
2024-11-28 16:00:14.960 T:6455 debug : CAMLCodec::AddData: dl:15391676 fl:330820 sz:429880(429952) lv:97.9% dts:303.386 pts:303.512
2024-11-28 16:00:14.962 T:6455 debug : CAMLCodec::AddData: skip add data dl:15391604 fl:330892 sz:376296(376384) lv:100.3% dts:303.428 pts:303.845
2024-11-28 16:00:14.963 T:6452 debug : CVideoPlayer::ProcessVideoData size:542265 dts:308.433 pts:308.558 dur:41.000ms, clock:300.743 level:63
2024-11-28 16:00:14.965 T:6455 debug : CAMLCodec::AddData: skip add data dl:15391604 fl:330892 sz:376296(376384) lv:100.3% dts:303.428 pts:303.845
2024-11-28 16:00:14.995 T:4489 info : Skipped 20 duplicate messages..
2024-11-28 16:00:14.995 T:4489 debug : CAMLCodec::PollFrame elapsed:34.896ms
2024-11-28 16:00:14.996 T:6455 debug : CAMLCodec::DequeueBuffer: pts:301.176 idx:8421
2024-11-28 16:00:14.996 T:6455 debug : CAMLCodec::GetPicture: index: 8421, pts: 301.176, dur:42.000ms ar:1.78 elf:40ms
2024-11-28 16:00:14.997 T:6455 debug : CVideoPlayerVideo::OutputPicture - ttd:399ms pts:301.176 Clock:300.777 Level:5
2024-11-28 16:00:15.000 T:4489 debug : PrepareNextRender: frameOnScreen: 300.780 renderPts: 300.989 nextFramePts: 300.967 -> diff: 0.022 render: 1 forceNext: 0
2024-11-28 16:00:15.001 T:6455 debug : CAMLCodec::AddData: dl:15488756 fl:233740 sz:376296(376384) lv:98.5% dts:303.428 pts:303.845
2024-11-28 16:00:15.002 T:6455 debug : CAMLCodec::AddData: skip add data dl:15488668 fl:233828 sz:288606(288704) lv:100.3% dts:303.470 pts:303.678
2024-11-28 16:00:15.002 T:4489 debug : CAMLCodec::ReleaseFrame idx:8416, drop:0
2024-11-28 16:00:15.003 T:6455 debug : CAMLCodec::AddData: skip add data dl:15488668 fl:233828 sz:288606(288704) lv:100.3% dts:303.470 pts:303.678
2024-11-28 16:00:15.037 T:4489 info : Skipped 23 duplicate messages..
2024-11-28 16:00:15.037 T:4489 debug : CAMLCodec::PollFrame elapsed:34.247ms
2024-11-28 16:00:15.037 T:6455 debug : CAMLCodec::DequeueBuffer: pts:301.218 idx:8422
2024-11-28 16:00:15.037 T:6455 debug : CAMLCodec::GetPicture: index: 8422, pts: 301.218, dur:42.000ms ar:1.78 elf:40ms
2024-11-28 16:00:15.037 T:6455 debug : CVideoPlayerVideo::OutputPicture - ttd:400ms pts:301.218 Clock:300.818 Level:5
2024-11-28 16:00:15.041 T:4489 debug : PrepareNextRender: frameOnScreen: 300.822 renderPts: 301.030 nextFramePts: 301.009 -> diff: 0.021 render: 1 forceNext: 0
2024-11-28 16:00:15.042 T:6455 debug : CAMLCodec::AddData: dl:15534556 fl:187940 sz:288606(288704) lv:98.8% dts:303.470 pts:303.678
2024-11-28 16:00:15.042 T:6455 debug : CAMLCodec::AddData: skip add data dl:15534458 fl:188038 sz:320180(320256) lv:100.8% dts:303.512 pts:303.595
2024-11-28 16:00:15.044 T:4489 info : Skipped 1 duplicate messages..
2024-11-28 16:00:15.044 T:4489 debug : CAMLCodec::ReleaseFrame idx:8417, drop:0
2024-11-28 16:00:15.045 T:6455 debug : CAMLCodec::AddData: skip add data dl:15534458 fl:188038 sz:320180(320256) lv:100.8% dts:303.512 pts:303.595
2024-11-28 16:00:15.055 T:6452 info : Skipped 7 duplicate messages..
2024-11-28 16:00:15.055 T:6452 debug : CVideoPlayer::ProcessVideoData size:464961 dts:308.475 pts:308.892 dur:41.000ms, clock:300.836 level:62
2024-11-28 16:00:15.057 T:6455 debug : CAMLCodec::AddData: skip add data dl:15534458 fl:188038 sz:320180(320256) lv:100.8% dts:303.512 pts:303.595
2024-11-28 16:00:15.079 T:4489 info : Skipped 14 duplicate messages..
2024-11-28 16:00:15.079 T:4489 debug : CAMLCodec::PollFrame elapsed:34.695ms
2024-11-28 16:00:15.081 T:6455 debug : CAMLCodec::AddData: dl:15613690 fl:108806 sz:320180(320256) lv:99.3% dts:303.512 pts:303.595
2024-11-28 16:00:15.081 T:6455 debug : CAMLCodec::DequeueBuffer: pts:301.259 idx:8423
2024-11-28 16:00:15.081 T:6455 debug : CAMLCodec::GetPicture: index: 8423, pts: 301.259, dur:41.000ms ar:1.78 elf:44ms
2024-11-28 16:00:15.082 T:6455 debug : CVideoPlayerVideo::OutputPicture - ttd:397ms pts:301.259 Clock:300.862 Level:5
2024-11-28 16:00:15.083 T:6455 debug : CAMLCodec::AddData: skip add data dl:15613614 fl:108882 sz:225299(225408) lv:100.7% dts:303.553 pts:303.553
2024-11-28 16:00:15.083 T:4489 debug : PrepareNextRender: frameOnScreen: 300.863 renderPts: 301.072 nextFramePts: 301.051 -> diff: 0.021 render: 1 forceNext: 0
2024-11-28 16:00:15.085 T:6455 debug : CAMLCodec::AddData: skip add data dl:15613614 fl:108882 sz:225299(225408) lv:100.7% dts:303.553 pts:303.553
2024-11-28 16:00:15.086 T:4489 debug : CAMLCodec::ReleaseFrame idx:8418, drop:0
2024-11-28 16:00:15.086 T:6455 debug : CAMLCodec::AddData: skip add data dl:15613614 fl:108882 sz:225299(225408) lv:100.7% dts:303.553 pts:303.553
2024-11-28 16:00:15.088 T:6452 debug : CVideoPlayer::ProcessVideoData size:381127 dts:308.517 pts:308.725 dur:41.000ms, clock:300.868 level:62
2024-11-28 16:00:15.089 T:6455 debug : CAMLCodec::AddData: skip add data dl:15613614 fl:108882 sz:225299(225408) lv:100.7% dts:303.553 pts:303.553
2024-11-28 16:00:15.120 T:4489 info : Skipped 25 duplicate messages..
2024-11-28 16:00:15.120 T:4489 debug : CAMLCodec::PollFrame elapsed:34.086ms
2024-11-28 16:00:15.121 T:6455 debug : CAMLCodec::DequeueBuffer: pts:301.301 idx:8424
2024-11-28 16:00:15.121 T:6455 debug : CAMLCodec::GetPicture: index: 8424, pts: 301.301, dur:42.000ms ar:1.78 elf:39ms
2024-11-28 16:00:15.121 T:6455 debug : CVideoPlayerVideo::OutputPicture - ttd:399ms pts:301.301 Clock:300.902 Level:5
2024-11-28 16:00:15.124 T:4489 debug : PrepareNextRender: frameOnScreen: 300.904 renderPts: 301.113 nextFramePts: 301.092 -> diff: 0.021 render: 1 forceNext: 0
2024-11-28 16:00:15.125 T:6455 debug : CAMLCodec::AddData: dl:15560622 fl:161874 sz:225299(225408) lv:98.9% dts:303.553 pts:303.553
2024-11-28 16:00:15.126 T:6455 debug : CAMLCodec::AddData: skip add data dl:15560513 fl:161983 sz:233648(233728) lv:100.4% dts:303.595 pts:303.637
2024-11-28 16:00:15.127 T:4489 debug : CAMLCodec::ReleaseFrame idx:8419, drop:0
2024-11-28 16:00:15.128 T:6455 debug : CAMLCodec::AddData: skip add data dl:15560513 fl:161983 sz:233648(233728) lv:100.4% dts:303.595 pts:303.637
2024-11-28 16:00:15.162 T:4489 info : Skipped 23 duplicate messages..
2024-11-28 16:00:15.162 T:4489 debug : CAMLCodec::PollFrame elapsed:34.823ms
2024-11-28 16:00:15.164 T:6455 debug : CAMLCodec::AddData: dl:15557121 fl:165375 sz:233648(233728) lv:98.9% dts:303.595 pts:303.637
2024-11-28 16:00:15.164 T:6455 debug : CAMLCodec::DequeueBuffer: pts:301.343 idx:8425
2024-11-28 16:00:15.164 T:6455 debug : CAMLCodec::GetPicture: index: 8425, pts: 301.343, dur:42.000ms ar:1.78 elf:42ms
2024-11-28 16:00:15.164 T:6455 debug : CVideoPlayerVideo::OutputPicture - ttd:398ms pts:301.343 Clock:300.945 Level:5
2024-11-28 16:00:15.165 T:4489 debug : PrepareNextRender: frameOnScreen: 300.945 renderPts: 301.154 nextFramePts: 301.134 -> diff: 0.020 render: 1 forceNext: 0
2024-11-28 16:00:15.166 T:6455 debug : CAMLCodec::DequeueBuffer: pts:301.384 idx:8426
2024-11-28 16:00:15.166 T:6455 debug : CAMLCodec::GetPicture: index: 8426, pts: 301.384, dur:41.000ms ar:1.78 elf:1ms
2024-11-28 16:00:15.166 T:6455 debug : CVideoPlayerVideo::OutputPicture - ttd:437ms pts:301.384 Clock:300.946 Level:5
2024-11-28 16:00:15.167 T:6455 debug : CAMLCodec::DequeueBuffer: pts:301.426 idx:8427
2024-11-28 16:00:15.167 T:4489 debug : CAMLCodec::ReleaseFrame idx:8420, drop:0
2024-11-28 16:00:15.167 T:6455 debug : CAMLCodec::GetPicture: index: 8427, pts: 301.426, dur:42.000ms ar:1.78 elf:1ms
2024-11-28 16:00:15.167 T:6455 debug : CVideoPlayerVideo::OutputPicture - ttd:478ms pts:301.426 Clock:300.947 Level:6
2024-11-28 16:00:15.168 T:6455 debug : CAMLCodec::DequeueBuffer: pts:301.468 idx:8428
2024-11-28 16:00:15.168 T:6455 debug : CAMLCodec::GetPicture: index: 8428, pts: 301.468, dur:42.000ms ar:1.78 elf:1ms
2024-11-28 16:00:15.168 T:6455 debug : CVideoPlayerVideo::OutputPicture - ttd:519ms pts:301.468 Clock:300.949 Level:7
2024-11-28 16:00:15.170 T:6452 debug : CVideoPlayer::ProcessVideoData size:375396 dts:308.558 pts:308.642 dur:41.000ms, clock:300.950 level:61
2024-11-28 16:00:15.170 T:6455 debug : CAMLCodec::AddData: skip add data dl:15557041 fl:165455 sz:346161(346240) lv:101.1% dts:303.637 pts:303.762
2024-11-28 16:00:15.171 T:6452 debug : CVideoPlayer::ProcessVideoData size:296314 dts:308.600 pts:308.600 dur:41.000ms, clock:300.951 level:100
2024-11-28 16:00:15.172 T:6455 debug : CAMLCodec::AddData: skip add data dl:15557041 fl:165455 sz:346161(346240) lv:101.1% dts:303.637 pts:303.762
2024-11-28 16:00:15.204 T:4489 info : Skipped 23 duplicate messages..
2024-11-28 16:00:15.204 T:4489 debug : CAMLCodec::PollFrame elapsed:36.479ms
2024-11-28 16:00:15.205 T:6455 debug : CAMLCodec::AddData: skip add data dl:15557041 fl:165455 sz:346161(346240) lv:101.1% dts:303.637 pts:303.762
2024-11-28 16:00:15.207 T:4489 debug : PrepareNextRender: frameOnScreen: 300.987 renderPts: 301.196 nextFramePts: 301.176 -> diff: 0.020 render: 1 forceNext: 0
2024-11-28 16:00:15.209 T:6455 debug : CAMLCodec::AddData: dl:15455985 fl:266511 sz:346161(346240) lv:98.3% dts:303.637 pts:303.762
2024-11-28 16:00:15.210 T:4489 debug : CAMLCodec::ReleaseFrame idx:8421, drop:0
2024-11-28 16:00:15.212 T:6455 debug : CAMLCodec::AddData: dl:15681826 fl:40670 sz:225825(225920) lv:99.7% dts:303.678 pts:303.720
2024-11-28 16:00:15.212 T:6455 debug : CAMLCodec::AddData: skip add data dl:15681731 fl:40765 sz:243048(243136) lv:101.2% dts:303.720 pts:303.804
2024-11-28 16:00:15.213 T:6452 debug : CVideoPlayer::ProcessVideoData size:292798 dts:308.642 pts:308.683 dur:41.000ms, clock:300.993 level:61
2024-11-28 16:00:15.214 T:6455 debug : CAMLCodec::AddData: skip add data dl:15681731 fl:40765 sz:243048(243136) lv:101.2% dts:303.720 pts:303.804
2024-11-28 16:00:15.245 T:4489 info : Skipped 25 duplicate messages..
2024-11-28 16:00:15.245 T:4489 debug : CAMLCodec::PollFrame elapsed:34.756ms
2024-11-28 16:00:15.248 T:4489 debug : PrepareNextRender: frameOnScreen: 301.029 renderPts: 301.237 nextFramePts: 301.218 -> diff: 0.019 render: 1 forceNext: 0
2024-11-28 16:00:15.249 T:6455 debug : CAMLCodec::AddData: dl:15545731 fl:176765 sz:243048(243136) lv:98.8% dts:303.720 pts:303.804
2024-11-28 16:00:15.250 T:6455 debug : CAMLCodec::AddData: skip add data dl:15545643 fl:176853 sz:375960(376064) lv:101.2% dts:303.762 pts:304.179
2024-11-28 16:00:15.252 T:4489 info : Skipped 1 duplicate messages..
2024-11-28 16:00:15.252 T:4489 debug : CAMLCodec::ReleaseFrame idx:8422, drop:0
2024-11-28 16:00:15.254 T:6455 debug : CAMLCodec::AddData: skip add data dl:15545643 fl:176853 sz:375960(376064) lv:101.2% dts:303.762 pts:304.179
2024-11-28 16:00:15.255 T:6452 debug : CVideoPlayer::ProcessVideoData size:366228 dts:308.683 pts:308.809 dur:41.000ms, clock:301.036 level:61
2024-11-28 16:00:15.256 T:6455 debug : CAMLCodec::AddData: skip add data dl:15545643 fl:176853 sz:375960(376064) lv:101.2% dts:303.762 pts:304.179
2024-11-28 16:00:15.287 T:4489 info : Skipped 21 duplicate messages..
2024-11-28 16:00:15.287 T:4489 debug : CAMLCodec::PollFrame elapsed:35.016ms
2024-11-28 16:00:15.291 T:4489 debug : PrepareNextRender: frameOnScreen: 301.071 renderPts: 301.280 nextFramePts: 301.259 -> diff: 0.021 render: 1 forceNext: 0
2024-11-28 16:00:15.291 T:6455 debug : CAMLCodec::AddData: dl:15628395 fl:94101 sz:375960(376064) lv:99.4% dts:303.762 pts:304.179
2024-11-28 16:00:15.292 T:6455 debug : CAMLCodec::AddData: skip add data dl:15628291 fl:94205 sz:290695(290816) lv:101.2% dts:303.804 pts:304.012
2024-11-28 16:00:15.293 T:4489 debug : CAMLCodec::ReleaseFrame idx:8423, drop:0
2024-11-28 16:00:15.294 T:6455 debug : CAMLCodec::AddData: skip add data dl:15628291 fl:94205 sz:290695(290816) lv:101.2% dts:303.804 pts:304.012
2024-11-28 16:00:15.329 T:4489 info : Skipped 24 duplicate messages..
2024-11-28 16:00:15.329 T:4489 debug : CAMLCodec::PollFrame elapsed:35.039ms
2024-11-28 16:00:15.331 T:6455 debug : CAMLCodec::AddData: dl:15650115 fl:72381 sz:290695(290816) lv:99.5% dts:303.804 pts:304.012
2024-11-28 16:00:15.331 T:6455 debug : CAMLCodec::DequeueBuffer: pts:301.510 idx:8429
2024-11-28 16:00:15.331 T:6455 debug : CAMLCodec::GetPicture: index: 8429, pts: 301.510, dur:42.000ms ar:1.78 elf:162ms
2024-11-28 16:00:15.332 T:6455 debug : CVideoPlayerVideo::OutputPicture - ttd:398ms pts:301.510 Clock:301.112 Level:5
2024-11-28 16:00:15.332 T:4489 debug : PrepareNextRender: frameOnScreen: 301.112 renderPts: 301.321 nextFramePts: 301.301 -> diff: 0.020 render: 1 forceNext: 0
2024-11-28 16:00:15.333 T:6455 debug : CAMLCodec::AddData: skip add data dl:15649994 fl:72502 sz:298953(299072) lv:101.4% dts:303.845 pts:303.929
2024-11-28 16:00:15.335 T:4489 info : Skipped 1 duplicate messages..
2024-11-28 16:00:15.335 T:4489 debug : CAMLCodec::ReleaseFrame idx:8424, drop:0
2024-11-28 16:00:15.336 T:6455 debug : CAMLCodec::AddData: skip add data dl:15649994 fl:72502 sz:298953(299072) lv:101.4% dts:303.845 pts:303.929
2024-11-28 16:00:15.338 T:6452 debug : CVideoPlayer::ProcessVideoData size:292118 dts:308.725 pts:308.767 dur:41.000ms, clock:301.118 level:61
2024-11-28 16:00:15.339 T:6455 debug : CAMLCodec::AddData: skip add data dl:15649994 fl:72502 sz:298953(299072) lv:101.4% dts:303.845 pts:303.929
2024-11-28 16:00:15.349 T:6452 info : Skipped 6 duplicate messages..
2024-11-28 16:00:15.349 T:6452 debug : CVideoPlayer::ProcessVideoData size:288811 dts:308.767 pts:308.850 dur:41.000ms, clock:301.129 level:100
2024-11-28 16:00:15.350 T:6455 debug : CAMLCodec::AddData: skip add data dl:15649994 fl:72502 sz:298953(299072) lv:101.4% dts:303.845 pts:303.929
2024-11-28 16:00:15.371 T:4489 info : Skipped 15 duplicate messages..
2024-11-28 16:00:15.371 T:4489 debug : CAMLCodec::PollFrame elapsed:35.280ms
2024-11-28 16:00:15.371 T:6455 debug : CAMLCodec::DequeueBuffer: pts:301.551 idx:8430
2024-11-28 16:00:15.371 T:6455 debug : CAMLCodec::GetPicture: index: 8430, pts: 301.551, dur:41.000ms ar:1.78 elf:39ms
2024-11-28 16:00:15.371 T:6455 debug : CVideoPlayerVideo::OutputPicture - ttd:399ms pts:301.551 Clock:301.151 Level:5
2024-11-28 16:00:15.374 T:4489 debug : PrepareNextRender: frameOnScreen: 301.154 renderPts: 301.363 nextFramePts: 301.343 -> diff: 0.020 render: 1 forceNext: 0
2024-11-28 16:00:15.375 T:6455 debug : CAMLCodec::AddData: dl:15727370 fl:-4874 sz:298953(299072) lv:100.0% dts:303.845 pts:303.929
2024-11-28 16:00:15.375 T:6455 debug : CAMLCodec::AddData: skip add data dl:15722496 fl:0 sz:223410(223488) lv:100.0% dts:303.887 pts:303.887
2024-11-28 16:00:15.377 T:4489 info : Skipped 1 duplicate messages..
2024-11-28 16:00:15.377 T:4489 debug : CAMLCodec::ReleaseFrame idx:8425, drop:0
2024-11-28 16:00:15.378 T:6455 debug : CAMLCodec::AddData: skip add data dl:15722496 fl:0 sz:223410(223488) lv:100.0% dts:303.887 pts:303.887
2024-11-28 16:00:15.392 T:6452 info : Skipped 10 duplicate messages..
2024-11-28 16:00:15.392 T:6452 debug : CVideoPlayer::ProcessVideoData size:485945 dts:308.809 pts:309.226 dur:41.000ms, clock:301.172 level:61
2024-11-28 16:00:15.392 T:6455 debug : CAMLCodec::AddData: skip add data dl:15722496 fl:0 sz:223410(223488) lv:100.0% dts:303.887 pts:303.887
2024-11-28 16:00:15.412 T:4489 info : Skipped 15 duplicate messages..
2024-11-28 16:00:15.412 T:4489 debug : CAMLCodec::PollFrame elapsed:34.939ms
2024-11-28 16:00:15.413 T:6455 debug : CAMLCodec::DequeueBuffer: pts:301.593 idx:8431
2024-11-28 16:00:15.413 T:6455 debug : CAMLCodec::GetPicture: index: 8431, pts: 301.593, dur:42.000ms ar:1.78 elf:41ms
2024-11-28 16:00:15.413 T:6455 debug : CVideoPlayerVideo::OutputPicture - ttd:400ms pts:301.593 Clock:301.193 Level:5
2024-11-28 16:00:15.416 T:4489 debug : PrepareNextRender: frameOnScreen: 301.196 renderPts: 301.405 nextFramePts: 301.384 -> diff: 0.021 render: 1 forceNext: 0
2024-11-28 16:00:15.416 T:6455 debug : CAMLCodec::AddData: dl:15722368 fl:128 sz:223410(223488) lv:100.0% dts:303.887 pts:303.887
2024-11-28 16:00:15.417 T:6455 debug : CAMLCodec::AddData: skip add data dl:15722496 fl:0 sz:236998(237120) lv:100.0% dts:303.929 pts:303.970
2024-11-28 16:00:15.419 T:4489 info : Skipped 1 duplicate messages..
2024-11-28 16:00:15.419 T:4489 debug : CAMLCodec::ReleaseFrame idx:8426, drop:0
2024-11-28 16:00:15.420 T:6455 debug : CAMLCodec::AddData: skip add data dl:15722496 fl:0 sz:236998(237120) lv:100.0% dts:303.929 pts:303.970
2024-11-28 16:00:15.454 T:4489 info : Skipped 28 duplicate messages..
2024-11-28 16:00:15.454 T:4489 debug : CAMLCodec::PollFrame elapsed:35.178ms
2024-11-28 16:00:15.455 T:6455 debug : CAMLCodec::DequeueBuffer: pts:301.635 idx:8432
2024-11-28 16:00:15.455 T:6455 debug : CAMLCodec::GetPicture: index: 8432, pts: 301.635, dur:42.000ms ar:1.78 elf:42ms
2024-11-28 16:00:15.455 T:6455 debug : CVideoPlayerVideo::OutputPicture - ttd:399ms pts:301.635 Clock:301.235 Level:5
2024-11-28 16:00:15.458 T:4489 debug : PrepareNextRender: frameOnScreen: 301.238 renderPts: 301.447 nextFramePts: 301.426 -> diff: 0.021 render: 1 forceNext: 0
2024-11-28 16:00:15.459 T:6455 debug : CAMLCodec::AddData: dl:15681984 fl:40512 sz:236998(237120) lv:99.7% dts:303.929 pts:303.970
2024-11-28 16:00:15.460 T:6455 debug : CAMLCodec::AddData: skip add data dl:15686411 fl:36085 sz:305203(305280) lv:101.7% dts:303.970 pts:304.095
2024-11-28 16:00:15.461 T:4489 debug : CAMLCodec::ReleaseFrame idx:8427, drop:0
2024-11-28 16:00:15.461 T:6455 debug : CAMLCodec::AddData: skip add data dl:15686411 fl:36085 sz:305203(305280) lv:101.7% dts:303.970 pts:304.095
2024-11-28 16:00:15.475 T:6452 info : Skipped 9 duplicate messages..
2024-11-28 16:00:15.475 T:6452 debug : CVideoPlayer::ProcessVideoData size:377382 dts:308.850 pts:309.059 dur:41.000ms, clock:301.255 level:60
2024-11-28 16:00:15.475 T:6455 debug : CAMLCodec::AddData: skip add data dl:15686411 fl:36085 sz:305203(305280) lv:101.7% dts:303.970 pts:304.095
2024-11-28 16:00:15.495 T:6455 info : Skipped 14 duplicate messages..
2024-11-28 16:00:15.495 T:6455 debug : CAMLCodec::AddData: skip add data dl:15458571 fl:263925 sz:305203(305280) lv:100.2% dts:303.970 pts:304.095
2024-11-28 16:00:15.496 T:4489 debug : CAMLCodec::PollFrame elapsed:34.646ms
2024-11-28 16:00:15.497 T:6455 debug : CAMLCodec::DequeueBuffer: pts:301.677 idx:8433
2024-11-28 16:00:15.497 T:6455 debug : CAMLCodec::GetPicture: index: 8433, pts: 301.677, dur:41.711ms ar:1.78 elf:41ms
2024-11-28 16:00:15.497 T:6455 debug : CVideoPlayerVideo::OutputPicture - ttd:399ms pts:301.677 Clock:301.277 Level:5
2024-11-28 16:00:15.498 T:6455 debug : CAMLCodec::AddData: skip add data dl:15458571 fl:263925 sz:305203(305280) lv:100.2% dts:303.970 pts:304.095
2024-11-28 16:00:15.499 T:4489 debug : PrepareNextRender: frameOnScreen: 301.279 renderPts: 301.488 nextFramePts: 301.468 -> diff: 0.020 render: 1 forceNext: 0
2024-11-28 16:00:15.500 T:6455 debug : CAMLCodec::AddData: skip add data dl:15458571 fl:263925 sz:305203(305280) lv:100.2% dts:303.970 pts:304.095
2024-11-28 16:00:15.502 T:4489 info : Skipped 1 duplicate messages..
2024-11-28 16:00:15.502 T:4489 debug : CAMLCodec::ReleaseFrame idx:8428, drop:0
2024-11-28 16:00:15.503 T:6455 debug : CAMLCodec::AddData: skip add data dl:15458571 fl:263925 sz:305203(305280) lv:100.2% dts:303.970 pts:304.095
2024-11-28 16:00:15.537 T:4489 info : Skipped 27 duplicate messages..
2024-11-28 16:00:15.537 T:4489 debug : CAMLCodec::PollFrame elapsed:35.126ms
2024-11-28 16:00:15.539 T:6455 debug : CAMLCodec::DequeueBuffer: pts:301.718 idx:8434
2024-11-28 16:00:15.539 T:6455 debug : CAMLCodec::GetPicture: index: 8434, pts: 301.718, dur:41.289ms ar:1.78 elf:41ms
2024-11-28 16:00:15.539 T:6455 debug : CVideoPlayerVideo::OutputPicture - ttd:398ms pts:301.718 Clock:301.319 Level:5
2024-11-28 16:00:15.540 T:4489 debug : PrepareNextRender: frameOnScreen: 301.320 renderPts: 301.529 nextFramePts: 301.510 -> diff: 0.019 render: 1 forceNext: 0
2024-11-28 16:00:15.542 T:4489 debug : CAMLCodec::ReleaseFrame idx:8429, drop:0
2024-11-28 16:00:15.543 T:6455 debug : CAMLCodec::AddData: dl:15525451 fl:197045 sz:305203(305280) lv:98.7% dts:303.970 pts:304.095
2024-11-28 16:00:15.543 T:6455 debug : CAMLCodec::AddData: skip add data dl:15525374 fl:197122 sz:239505(239616) lv:100.2% dts:304.012 pts:304.054
2024-11-28 16:00:15.579 T:4489 info : Skipped 29 duplicate messages..
2024-11-28 16:00:15.579 T:4489 debug : CAMLCodec::PollFrame elapsed:36.567ms
2024-11-28 16:00:15.580 T:6455 debug : CAMLCodec::DequeueBuffer: pts:301.760 idx:8435
2024-11-28 16:00:15.580 T:6455 debug : CAMLCodec::GetPicture: index: 8435, pts: 301.760, dur:42.000ms ar:1.78 elf:40ms
2024-11-28 16:00:15.580 T:6455 debug : CVideoPlayerVideo::OutputPicture - ttd:399ms pts:301.760 Clock:301.360 Level:5
2024-11-28 16:00:15.583 T:4489 debug : PrepareNextRender: frameOnScreen: 301.363 renderPts: 301.572 nextFramePts: 301.551 -> diff: 0.021 render: 1 forceNext: 0
2024-11-28 16:00:15.584 T:6455 debug : CAMLCodec::AddData: dl:15371838 fl:350658 sz:239505(239616) lv:97.7% dts:304.012 pts:304.054
2024-11-28 16:00:15.586 T:4489 debug : CAMLCodec::ReleaseFrame idx:8430, drop:0
2024-11-28 16:00:15.587 T:6455 debug : CAMLCodec::AddData: dl:15602895 fl:119601 sz:231096(231168) lv:99.2% dts:304.054 pts:304.137
2024-11-28 16:00:15.587 T:6452 debug : CVideoPlayer::ProcessVideoData size:356045 dts:308.892 pts:308.975 dur:41.000ms, clock:301.367 level:60
2024-11-28 16:00:15.588 T:6455 debug : CAMLCodec::AddData: skip add data dl:15602823 fl:119673 sz:351663(351744) lv:101.4% dts:304.095 pts:304.471
2024-11-28 16:00:15.589 T:6452 debug : CVideoPlayer::ProcessVideoData size:311627 dts:308.934 pts:308.934 dur:41.000ms, clock:301.369 level:60
2024-11-28 16:00:15.592 T:6455 debug : CAMLCodec::AddData: skip add data dl:15602823 fl:119673 sz:351663(351744) lv:101.4% dts:304.095 pts:304.471
2024-11-28 16:00:15.601 T:6452 info : Skipped 4 duplicate messages..
2024-11-28 16:00:15.601 T:6452 debug : CVideoPlayer::ProcessVideoData size:308063 dts:308.975 pts:309.017 dur:41.000ms, clock:301.381 level:100
2024-11-28 16:00:15.602 T:6455 debug : CAMLCodec::AddData: skip add data dl:15602823 fl:119673 sz:351663(351744) lv:101.4% dts:304.095 pts:304.471
2024-11-28 16:00:15.621 T:4489 info : Skipped 11 duplicate messages..
2024-11-28 16:00:15.621 T:4489 debug : CAMLCodec::PollFrame elapsed:34.801ms
2024-11-28 16:00:15.624 T:6455 debug : CAMLCodec::AddData: dl:15663111 fl:59385 sz:351663(351744) lv:99.6% dts:304.095 pts:304.471
2024-11-28 16:00:15.624 T:6455 debug : CAMLCodec::DequeueBuffer: pts:301.802 idx:8436
2024-11-28 16:00:15.624 T:6455 debug : CAMLCodec::GetPicture: index: 8436, pts: 301.802, dur:42.000ms ar:1.78 elf:44ms
2024-11-28 16:00:15.624 T:6455 debug : CVideoPlayerVideo::OutputPicture - ttd:397ms pts:301.802 Clock:301.404 Level:5
2024-11-28 16:00:15.625 T:4489 debug : PrepareNextRender: frameOnScreen: 301.405 renderPts: 301.614 nextFramePts: 301.593 -> diff: 0.021 render: 1 forceNext: 0
2024-11-28 16:00:15.626 T:6455 debug : CAMLCodec::AddData: skip add data dl:15663030 fl:59466 sz:293950(294016) lv:101.5% dts:304.137 pts:304.346
2024-11-28 16:00:15.628 T:4489 info : Skipped 1 duplicate messages..
2024-11-28 16:00:15.628 T:4489 debug : CAMLCodec::ReleaseFrame idx:8431, drop:0
2024-11-28 16:00:15.629 T:6455 debug : CAMLCodec::AddData: skip add data dl:15663030 fl:59466 sz:293950(294016) lv:101.5% dts:304.137 pts:304.346
2024-11-28 16:00:15.663 T:4489 info : Skipped 23 duplicate messages..
2024-11-28 16:00:15.663 T:4489 debug : CAMLCodec::PollFrame elapsed:33.973ms
2024-11-28 16:00:15.663 T:6455 debug : CAMLCodec::AddData: skip add data dl:15663030 fl:59466 sz:293950(294016) lv:101.5% dts:304.137 pts:304.346
2024-11-28 16:00:15.665 T:6455 debug : CAMLCodec::DequeueBuffer: pts:301.843 idx:8437
2024-11-28 16:00:15.665 T:6455 debug : CAMLCodec::GetPicture: index: 8437, pts: 301.843, dur:41.000ms ar:1.78 elf:40ms
2024-11-28 16:00:15.665 T:6455 debug : CVideoPlayerVideo::OutputPicture - ttd:397ms pts:301.843 Clock:301.445 Level:5
2024-11-28 16:00:15.665 T:4489 debug : PrepareNextRender: frameOnScreen: 301.446 renderPts: 301.655 nextFramePts: 301.635 -> diff: 0.020 render: 1 forceNext: 0
2024-11-28 16:00:15.669 T:4489 debug : CAMLCodec::ReleaseFrame idx:8432, drop:0
2024-11-28 16:00:15.669 T:6455 debug : CAMLCodec::AddData: dl:15682742 fl:39754 sz:293950(294016) lv:99.7% dts:304.137 pts:304.346
2024-11-28 16:00:15.669 T:6455 debug : CAMLCodec::AddData: skip add data dl:15682676 fl:39820 sz:281266(281344) lv:101.5% dts:304.179 pts:304.262
2024-11-28 16:00:15.674 T:6452 info : Skipped 3 duplicate messages..
2024-11-28 16:00:15.674 T:6452 debug : CVideoPlayer::ProcessVideoData size:385568 dts:309.017 pts:309.142 dur:41.000ms, clock:301.455 level:60
2024-11-28 16:00:15.676 T:6455 debug : CAMLCodec::AddData: skip add data dl:15682676 fl:39820 sz:281266(281344) lv:101.5% dts:304.179 pts:304.262
2024-11-28 16:00:15.704 T:4489 info : Skipped 21 duplicate messages..
2024-11-28 16:00:15.704 T:4489 debug : CAMLCodec::PollFrame elapsed:35.218ms
2024-11-28 16:00:15.704 T:6455 debug : CAMLCodec::AddData: skip add data dl:15682676 fl:39820 sz:281266(281344) lv:101.5% dts:304.179 pts:304.262
2024-11-28 16:00:15.706 T:6455 debug : CAMLCodec::DequeueBuffer: pts:301.885 idx:8438
2024-11-28 16:00:15.706 T:6455 debug : CAMLCodec::GetPicture: index: 8438, pts: 301.885, dur:42.000ms ar:1.78 elf:40ms
2024-11-28 16:00:15.706 T:6455 debug : CVideoPlayerVideo::OutputPicture - ttd:398ms pts:301.885 Clock:301.486 Level:5
2024-11-28 16:00:15.707 T:6455 debug : CAMLCodec::AddData: skip add data dl:15448180 fl:274316 sz:281266(281344) lv:100.0% dts:304.179 pts:304.262
2024-11-28 16:00:15.708 T:4489 debug : PrepareNextRender: frameOnScreen: 301.487 renderPts: 301.696 nextFramePts: 301.677 -> diff: 0.020 render: 1 forceNext: 0
2024-11-28 16:00:15.709 T:6455 debug : CAMLCodec::AddData: skip add data dl:15448180 fl:274316 sz:281266(281344) lv:100.0% dts:304.179 pts:304.262
2024-11-28 16:00:15.710 T:4489 debug : CAMLCodec::ReleaseFrame idx:8433, drop:0
2024-11-28 16:00:15.710 T:6455 debug : CAMLCodec::AddData: skip add data dl:15448180 fl:274316 sz:281266(281344) lv:100.0% dts:304.179 pts:304.262
2024-11-28 16:00:15.746 T:6455 info : Skipped 27 duplicate messages..
2024-11-28 16:00:15.746 T:6455 debug : CAMLCodec::DequeueBuffer: pts:301.927 idx:8439
2024-11-28 16:00:15.746 T:4489 debug : CAMLCodec::PollFrame elapsed:35.375ms
2024-11-28 16:00:15.746 T:6455 debug : CAMLCodec::GetPicture: index: 8439, pts: 301.927, dur:42.000ms ar:1.78 elf:40ms
2024-11-28 16:00:15.746 T:6455 debug : CVideoPlayerVideo::OutputPicture - ttd:400ms pts:301.927 Clock:301.526 Level:5
2024-11-28 16:00:15.749 T:4489 debug : PrepareNextRender: frameOnScreen: 301.529 renderPts: 301.738 nextFramePts: 301.718 -> diff: 0.020 render: 1 forceNext: 0
2024-11-28 16:00:15.750 T:6455 debug : CAMLCodec::AddData: dl:15492084 fl:230412 sz:281266(281344) lv:98.5% dts:304.179 pts:304.262
2024-11-28 16:00:15.751 T:4489 debug : CAMLCodec::ReleaseFrame idx:8434, drop:0
2024-11-28 16:00:15.753 T:6455 debug : CAMLCodec::AddData: dl:15717990 fl:4506 sz:225884(225984) lv:99.9% dts:304.221 pts:304.221
2024-11-28 16:00:15.753 T:6455 debug : CAMLCodec::AddData: skip add data dl:15717890 fl:4606 sz:225263(225344) lv:101.4% dts:304.262 pts:304.304
2024-11-28 16:00:15.757 T:6452 info : Skipped 2 duplicate messages..
2024-11-28 16:00:15.757 T:6452 debug : CVideoPlayer::ProcessVideoData size:294424 dts:309.059 pts:309.100 dur:41.000ms, clock:301.537 level:59
2024-11-28 16:00:15.757 T:6455 debug : CAMLCodec::AddData: skip add data dl:15717890 fl:4606 sz:225263(225344) lv:101.4% dts:304.262 pts:304.304
2024-11-28 16:00:15.758 T:6452 debug : CVideoPlayer::ProcessVideoData size:303281 dts:309.100 pts:309.184 dur:41.000ms, clock:301.539 level:100
2024-11-28 16:00:15.759 T:6455 debug : CAMLCodec::AddData: skip add data dl:15717890 fl:4606 sz:225263(225344) lv:101.4% dts:304.262 pts:304.304
2024-11-28 16:00:15.788 T:4489 info : Skipped 23 duplicate messages..
2024-11-28 16:00:15.788 T:4489 debug : CAMLCodec::PollFrame elapsed:36.170ms
2024-11-28 16:00:15.789 T:6455 debug : CAMLCodec::DequeueBuffer: pts:301.968 idx:8440
2024-11-28 16:00:15.789 T:6455 debug : CAMLCodec::GetPicture: index: 8440, pts: 301.968, dur:41.000ms ar:1.78 elf:42ms
2024-11-28 16:00:15.789 T:6455 debug : CVideoPlayerVideo::OutputPicture - ttd:398ms pts:301.968 Clock:301.569 Level:5
2024-11-28 16:00:15.791 T:4489 debug : PrepareNextRender: frameOnScreen: 301.571 renderPts: 301.780 nextFramePts: 301.760 -> diff: 0.020 render: 1 forceNext: 0
2024-11-28 16:00:15.792 T:6455 debug : CAMLCodec::AddData: dl:15635778 fl:86718 sz:225263(225344) lv:99.4% dts:304.262 pts:304.304
2024-11-28 16:00:15.793 T:6455 debug : CAMLCodec::AddData: skip add data dl:15635697 fl:86799 sz:278946(279040) lv:101.2% dts:304.304 pts:304.429
2024-11-28 16:00:15.794 T:4489 debug : CAMLCodec::ReleaseFrame idx:8435, drop:0
2024-11-28 16:00:15.795 T:6455 debug : CAMLCodec::AddData: skip add data dl:15635697 fl:86799 sz:278946(279040) lv:101.2% dts:304.304 pts:304.429
2024-11-28 16:00:15.829 T:4489 info : Skipped 26 duplicate messages..
2024-11-28 16:00:15.829 T:4489 debug : CAMLCodec::PollFrame elapsed:35.063ms
2024-11-28 16:00:15.830 T:6455 debug : CAMLCodec::DequeueBuffer: pts:302.010 idx:8441
2024-11-28 16:00:15.830 T:6455 debug : CAMLCodec::GetPicture: index: 8441, pts: 302.010, dur:42.000ms ar:1.78 elf:41ms
2024-11-28 16:00:15.830 T:6455 debug : CVideoPlayerVideo::OutputPicture - ttd:399ms pts:302.010 Clock:301.610 Level:5
2024-11-28 16:00:15.833 T:4489 debug : PrepareNextRender: frameOnScreen: 301.614 renderPts: 301.823 nextFramePts: 301.802 -> diff: 0.021 render: 1 forceNext: 0
2024-11-28 16:00:15.834 T:6455 debug : CAMLCodec::AddData: dl:15668977 fl:53519 sz:278946(279040) lv:99.6% dts:304.304 pts:304.429
2024-11-28 16:00:15.834 T:6455 debug : CAMLCodec::AddData: skip add data dl:15668883 fl:53613 sz:247375(247488) lv:101.2% dts:304.346 pts:304.387
2024-11-28 16:00:15.836 T:4489 info : Skipped 1 duplicate messages..
2024-11-28 16:00:15.836 T:4489 debug : CAMLCodec::ReleaseFrame idx:8436, drop:0
2024-11-28 16:00:15.837 T:6455 debug : CAMLCodec::AddData: skip add data dl:15668883 fl:53613 sz:247375(247488) lv:101.2% dts:304.346 pts:304.387
2024-11-28 16:00:15.850 T:6452 info : Skipped 10 duplicate messages..
2024-11-28 16:00:15.850 T:6452 debug : CVideoPlayer::ProcessVideoData size:443322 dts:309.142 pts:309.518 dur:41.000ms, clock:301.630 level:60
2024-11-28 16:00:15.852 T:6455 debug : CAMLCodec::AddData: skip add data dl:15668883 fl:53613 sz:247375(247488) lv:101.2% dts:304.346 pts:304.387
2024-11-28 16:00:15.871 T:4489 info : Skipped 14 duplicate messages..
2024-11-28 16:00:15.871 T:4489 debug : CAMLCodec::PollFrame elapsed:34.356ms
2024-11-28 16:00:15.871 T:6455 debug : CAMLCodec::DequeueBuffer: pts:302.052 idx:8442
2024-11-28 16:00:15.871 T:6455 debug : CAMLCodec::GetPicture: index: 8442, pts: 302.052, dur:42.000ms ar:1.78 elf:41ms
2024-11-28 16:00:15.871 T:6455 debug : CVideoPlayerVideo::OutputPicture - ttd:400ms pts:302.052 Clock:301.652 Level:5
2024-11-28 16:00:15.875 T:4489 debug : PrepareNextRender: frameOnScreen: 301.655 renderPts: 301.864 nextFramePts: 301.843 -> diff: 0.021 render: 1 forceNext: 0
2024-11-28 16:00:15.875 T:6455 debug : CAMLCodec::AddData: dl:15689939 fl:32557 sz:247375(247488) lv:99.8% dts:304.346 pts:304.387
2024-11-28 16:00:15.877 T:6455 debug : CAMLCodec::AddData: skip add data dl:15689826 fl:32670 sz:425263(425344) lv:102.5% dts:304.387 pts:304.513
2024-11-28 16:00:15.878 T:4489 debug : CAMLCodec::ReleaseFrame idx:8437, drop:0
2024-11-28 16:00:15.879 T:6455 debug : CAMLCodec::AddData: skip add data dl:15689826 fl:32670 sz:425263(425344) lv:102.5% dts:304.387 pts:304.513
2024-11-28 16:00:15.893 T:6452 info : Skipped 8 duplicate messages..
2024-11-28 16:00:15.893 T:6452 debug : CVideoPlayer::ProcessVideoData size:427279 dts:309.184 pts:309.392 dur:41.000ms, clock:301.673 level:59
2024-11-28 16:00:15.893 T:6455 debug : CAMLCodec::AddData: skip add data dl:15689826 fl:32670 sz:425263(425344) lv:102.5% dts:304.387 pts:304.513
2024-11-28 16:00:15.913 T:4489 info : Skipped 11 duplicate messages..
2024-11-28 16:00:15.913 T:4489 debug : CAMLCodec::PollFrame elapsed:34.208ms
2024-11-28 16:00:15.913 T:6455 debug : CAMLCodec::AddData: skip add data dl:15689826 fl:32670 sz:425263(425344) lv:102.5% dts:304.387 pts:304.513
2024-11-28 16:00:15.914 T:6455 debug : CAMLCodec::DequeueBuffer: pts:302.093 idx:8443
2024-11-28 16:00:15.914 T:6455 debug : CAMLCodec::GetPicture: index: 8443, pts: 302.093, dur:41.000ms ar:1.78 elf:42ms
2024-11-28 16:00:15.915 T:6455 debug : CVideoPlayerVideo::OutputPicture - ttd:398ms pts:302.093 Clock:301.695 Level:5
2024-11-28 16:00:15.916 T:4489 debug : PrepareNextRender: frameOnScreen: 301.696 renderPts: 301.905 nextFramePts: 301.885 -> diff: 0.020 render: 1 forceNext: 0
2024-11-28 16:00:15.917 T:6455 debug : CAMLCodec::AddData: skip add data dl:15324322 fl:398174 sz:425263(425344) lv:100.1% dts:304.387 pts:304.513
2024-11-28 16:00:15.920 T:4489 info : Skipped 1 duplicate messages..
2024-11-28 16:00:15.920 T:4489 debug : CAMLCodec::ReleaseFrame idx:8438, drop:0
2024-11-28 16:00:15.921 T:6455 debug : CAMLCodec::AddData: skip add data dl:15324322 fl:398174 sz:425263(425344) lv:100.1% dts:304.387 pts:304.513
2024-11-28 16:00:15.955 T:4489 info : Skipped 20 duplicate messages..
2024-11-28 16:00:15.955 T:4489 debug : CAMLCodec::PollFrame elapsed:34.540ms
2024-11-28 16:00:15.958 T:4489 debug : PrepareNextRender: frameOnScreen: 301.738 renderPts: 301.947 nextFramePts: 301.927 -> diff: 0.020 render: 1 forceNext: 0
2024-11-28 16:00:15.958 T:6455 debug : CAMLCodec::AddData: dl:15451874 fl:270622 sz:425263(425344) lv:98.2% dts:304.387 pts:304.513
2024-11-28 16:00:15.958 T:6455 debug : CAMLCodec::DequeueBuffer: pts:302.135 idx:8444
2024-11-28 16:00:15.958 T:6455 debug : CAMLCodec::GetPicture: index: 8444, pts: 302.135, dur:42.000ms ar:1.78 elf:43ms
2024-11-28 16:00:15.958 T:6455 debug : CVideoPlayerVideo::OutputPicture - ttd:396ms pts:302.135 Clock:301.738 Level:4
2024-11-28 16:00:15.960 T:4489 debug : CAMLCodec::ReleaseFrame idx:8439, drop:0
2024-11-28 16:00:15.960 T:6455 debug : CAMLCodec::AddData: skip add data dl:15451793 fl:270703 sz:553434(553536) lv:101.8% dts:304.429 pts:304.554
2024-11-28 16:00:15.967 T:6452 info : Skipped 3 duplicate messages..
2024-11-28 16:00:15.967 T:6452 debug : CVideoPlayer::ProcessVideoData size:403716 dts:309.226 pts:309.309 dur:41.000ms, clock:301.747 level:100
2024-11-28 16:00:15.968 T:6455 debug : CAMLCodec::AddData: skip add data dl:15451793 fl:270703 sz:553434(553536) lv:101.8% dts:304.429 pts:304.554
2024-11-28 16:00:15.978 T:6452 info : Skipped 5 duplicate messages..
2024-11-28 16:00:15.978 T:6452 debug : CVideoPlayer::ProcessVideoData size:310174 dts:309.267 pts:309.267 dur:41.000ms, clock:301.758 level:100
2024-11-28 16:00:15.979 T:6455 debug : CAMLCodec::AddData: skip add data dl:15451793 fl:270703 sz:553434(553536) lv:101.8% dts:304.429 pts:304.554
2024-11-28 16:00:15.996 T:4489 info : Skipped 10 duplicate messages..
2024-11-28 16:00:15.996 T:4489 debug : CAMLCodec::PollFrame elapsed:35.646ms
2024-11-28 16:00:16.000 T:6455 debug : CAMLCodec::AddData: dl:15720977 fl:1519 sz:553434(553536) lv:100.0% dts:304.429 pts:304.554
2024-11-28 16:00:16.000 T:6455 debug : CAMLCodec::DequeueBuffer: pts:302.177 idx:8445
2024-11-28 16:00:16.000 T:6455 debug : CAMLCodec::GetPicture: index: 8445, pts: 302.177, dur:42.000ms ar:1.78 elf:42ms
2024-11-28 16:00:16.000 T:6455 debug : CVideoPlayerVideo::OutputPicture - ttd:396ms pts:302.177 Clock:301.781 Level:5
2024-11-28 16:00:16.001 T:4489 debug : PrepareNextRender: frameOnScreen: 301.781 renderPts: 301.990 nextFramePts: 301.968 -> diff: 0.022 render: 1 forceNext: 0
2024-11-28 16:00:16.003 T:6455 debug : CAMLCodec::AddData: skip add data dl:15720875 fl:1621 sz:466657(466752) lv:102.9% dts:304.471 pts:304.888
2024-11-28 16:00:16.008 T:4489 info : Skipped 2 duplicate messages..
2024-11-28 16:00:16.008 T:4489 debug : CAMLCodec::ReleaseFrame idx:8440, drop:0
2024-11-28 16:00:16.009 T:6455 debug : CAMLCodec::AddData: skip add data dl:15720875 fl:1621 sz:466657(466752) lv:102.9% dts:304.471 pts:304.888
2024-11-28 16:00:16.010 T:6452 debug : CVideoPlayer::ProcessVideoData size:300187 dts:309.309 pts:309.351 dur:41.000ms, clock:301.790 level:100
2024-11-28 16:00:16.012 T:6455 debug : CAMLCodec::AddData: skip add data dl:15720875 fl:1621 sz:466657(466752) lv:102.9% dts:304.471 pts:304.888
2024-11-28 16:00:16.038 T:4489 info : Skipped 15 duplicate messages..
2024-11-28 16:00:16.038 T:4489 debug : CAMLCodec::PollFrame elapsed:29.898ms
2024-11-28 16:00:16.039 T:6455 debug : CAMLCodec::DequeueBuffer: pts:302.219 idx:8446
2024-11-28 16:00:16.039 T:6455 debug : CAMLCodec::GetPicture: index: 8446, pts: 302.219, dur:42.000ms ar:1.78 elf:38ms
2024-11-28 16:00:16.039 T:6455 debug : CVideoPlayerVideo::OutputPicture - ttd:399ms pts:302.219 Clock:301.820 Level:5
2024-11-28 16:00:16.042 T:6455 debug : CAMLCodec::AddData: skip add data dl:15500139 fl:222357 sz:466657(466752) lv:101.5% dts:304.471 pts:304.888
2024-11-28 16:00:16.042 T:4489 debug : PrepareNextRender: frameOnScreen: 301.822 renderPts: 302.031 nextFramePts: 302.010 -> diff: 0.021 render: 1 forceNext: 0
2024-11-28 16:00:16.044 T:6455 debug : CAMLCodec::AddData: skip add data dl:15500139 fl:222357 sz:466657(466752) lv:101.5% dts:304.471 pts:304.888
2024-11-28 16:00:16.046 T:4489 info : Skipped 1 duplicate messages..
2024-11-28 16:00:16.046 T:4489 debug : CAMLCodec::ReleaseFrame idx:8441, drop:0
2024-11-28 16:00:16.048 T:6455 debug : CAMLCodec::AddData: skip add data dl:15500139 fl:222357 sz:466657(466752) lv:101.5% dts:304.471 pts:304.888
2024-11-28 16:00:16.080 T:4489 info : Skipped 18 duplicate messages..
2024-11-28 16:00:16.080 T:4489 debug : CAMLCodec::PollFrame elapsed:32.839ms
2024-11-28 16:00:16.083 T:4489 debug : PrepareNextRender: frameOnScreen: 301.863 renderPts: 302.072 nextFramePts: 302.052 -> diff: 0.020 render: 1 forceNext: 0
2024-11-28 16:00:16.083 T:6455 debug : CAMLCodec::AddData: dl:15719851 fl:2645 sz:466657(466752) lv:99.9% dts:304.471 pts:304.888
2024-11-28 16:00:16.084 T:6455 debug : CAMLCodec::DequeueBuffer: pts:302.260 idx:8447
2024-11-28 16:00:16.084 T:6455 debug : CAMLCodec::GetPicture: index: 8447, pts: 302.260, dur:41.000ms ar:1.78 elf:44ms
2024-11-28 16:00:16.084 T:6455 debug : CVideoPlayerVideo::OutputPicture - ttd:396ms pts:302.260 Clock:301.864 Level:4
2024-11-28 16:00:16.086 T:6455 debug : CAMLCodec::AddData: skip add data dl:15719756 fl:2740 sz:359518(359616) lv:102.2% dts:304.513 pts:304.721
2024-11-28 16:00:16.087 T:4489 debug : CAMLCodec::ReleaseFrame idx:8442, drop:0
2024-11-28 16:00:16.088 T:6455 debug : CAMLCodec::AddData: skip add data dl:15719756 fl:2740 sz:359518(359616) lv:102.2% dts:304.513 pts:304.721
2024-11-28 16:00:16.121 T:6455 info : Skipped 24 duplicate messages..
2024-11-28 16:00:16.121 T:6455 debug : CAMLCodec::DequeueBuffer: pts:302.302 idx:8448
2024-11-28 16:00:16.121 T:4489 debug : CAMLCodec::PollFrame elapsed:34.048ms
2024-11-28 16:00:16.121 T:6455 debug : CAMLCodec::GetPicture: index: 8448, pts: 302.302, dur:42.000ms ar:1.78 elf:37ms
2024-11-28 16:00:16.121 T:6455 debug : CVideoPlayerVideo::OutputPicture - ttd:400ms pts:302.302 Clock:301.902 Level:5
2024-11-28 16:00:16.123 T:6455 debug : CAMLCodec::AddData: skip add data dl:15410892 fl:311604 sz:359518(359616) lv:100.3% dts:304.513 pts:304.721
2024-11-28 16:00:16.125 T:4489 info : Skipped 1 duplicate messages..
2024-11-28 16:00:16.125 T:4489 debug : PrepareNextRender: frameOnScreen: 301.905 renderPts: 302.114 nextFramePts: 302.093 -> diff: 0.021 render: 1 forceNext: 0
2024-11-28 16:00:16.126 T:6455 debug : CAMLCodec::AddData: skip add data dl:15410892 fl:311604 sz:359518(359616) lv:100.3% dts:304.513 pts:304.721
2024-11-28 16:00:16.130 T:4489 info : Skipped 2 duplicate messages..
2024-11-28 16:00:16.130 T:4489 debug : CAMLCodec::ReleaseFrame idx:8443, drop:0
2024-11-28 16:00:16.131 T:6455 debug : CAMLCodec::AddData: skip add data dl:15410892 fl:311604 sz:359518(359616) lv:100.3% dts:304.513 pts:304.721
2024-11-28 16:00:16.163 T:4489 info : Skipped 24 duplicate messages..
2024-11-28 16:00:16.163 T:4489 debug : CAMLCodec::PollFrame elapsed:32.318ms
2024-11-28 16:00:16.165 T:4489 debug : PrepareNextRender: frameOnScreen: 301.945 renderPts: 302.155 nextFramePts: 302.135 -> diff: 0.020 render: 1 forceNext: 0
2024-11-28 16:00:16.166 T:6455 debug : CAMLCodec::AddData: dl:15533452 fl:189044 sz:359518(359616) lv:98.8% dts:304.513 pts:304.721
2024-11-28 16:00:16.166 T:6455 debug : CAMLCodec::DequeueBuffer: pts:302.344 idx:8449
2024-11-28 16:00:16.166 T:6455 debug : CAMLCodec::GetPicture: index: 8449, pts: 302.344, dur:42.000ms ar:1.78 elf:44ms
2024-11-28 16:00:16.166 T:6455 debug : CVideoPlayerVideo::OutputPicture - ttd:397ms pts:302.344 Clock:301.946 Level:4
2024-11-28 16:00:16.167 T:4489 debug : CAMLCodec::ReleaseFrame idx:8444, drop:0
2024-11-28 16:00:16.167 T:6455 debug : CAMLCodec::DequeueBuffer: pts:302.385 idx:8450
2024-11-28 16:00:16.168 T:6455 debug : CAMLCodec::GetPicture: index: 8450, pts: 302.385, dur:41.000ms ar:1.78 elf:1ms
2024-11-28 16:00:16.168 T:6455 debug : CVideoPlayerVideo::OutputPicture - ttd:437ms pts:302.385 Clock:301.948 Level:5
2024-11-28 16:00:16.169 T:6455 debug : CAMLCodec::DequeueBuffer: pts:302.427 idx:8451
2024-11-28 16:00:16.169 T:6455 debug : CAMLCodec::GetPicture: index: 8451, pts: 302.427, dur:42.000ms ar:1.78 elf:1ms
2024-11-28 16:00:16.169 T:6455 debug : CVideoPlayerVideo::OutputPicture - ttd:477ms pts:302.427 Clock:301.949 Level:6
2024-11-28 16:00:16.170 T:6455 debug : CAMLCodec::DequeueBuffer: pts:302.469 idx:8452
2024-11-28 16:00:16.170 T:6455 debug : CAMLCodec::GetPicture: index: 8452, pts: 302.469, dur:42.000ms ar:1.78 elf:1ms
2024-11-28 16:00:16.170 T:6455 debug : CVideoPlayerVideo::OutputPicture - ttd:518ms pts:302.469 Clock:301.950 Level:7
2024-11-28 16:00:16.171 T:6455 debug : CAMLCodec::AddData: skip add data dl:15533354 fl:189142 sz:351356(351424) lv:101.0% dts:304.554 pts:304.638
2024-11-28 16:00:16.173 T:6452 debug : CVideoPlayer::ProcessVideoData size:382169 dts:309.351 pts:309.476 dur:41.000ms, clock:301.953 level:59
2024-11-28 16:00:16.174 T:6452 debug : CVideoPlayer::ProcessVideoData size:299885 dts:309.392 pts:309.434 dur:41.000ms, clock:301.954 level:60
2024-11-28 16:00:16.173 T:6455 debug : CAMLCodec::AddData: skip add data dl:15533354 fl:189142 sz:351356(351424) lv:101.0% dts:304.554 pts:304.638
2024-11-28 16:00:16.205 T:4489 info : Skipped 20 duplicate messages..
2024-11-28 16:00:16.205 T:4489 debug : CAMLCodec::PollFrame elapsed:37.626ms
2024-11-28 16:00:16.207 T:6455 debug : CAMLCodec::AddData: dl:15439914 fl:282582 sz:351356(351424) lv:98.2% dts:304.554 pts:304.638
2024-11-28 16:00:16.208 T:6455 debug : CAMLCodec::AddData: skip add data dl:15439846 fl:282650 sz:288821(288896) lv:100.0% dts:304.596 pts:304.596
2024-11-28 16:00:16.209 T:4489 debug : PrepareNextRender: frameOnScreen: 301.989 renderPts: 302.198 nextFramePts: 302.177 -> diff: 0.021 render: 1 forceNext: 0
2024-11-28 16:00:16.209 T:6455 debug : CAMLCodec::AddData: skip add data dl:15439846 fl:282650 sz:288821(288896) lv:100.0% dts:304.596 pts:304.596
2024-11-28 16:00:16.212 T:4489 info : Skipped 1 duplicate messages..
2024-11-28 16:00:16.212 T:4489 debug : CAMLCodec::ReleaseFrame idx:8445, drop:0
2024-11-28 16:00:16.213 T:6455 debug : CAMLCodec::AddData: skip add data dl:15439846 fl:282650 sz:288821(288896) lv:100.0% dts:304.596 pts:304.596
2024-11-28 16:00:16.246 T:4489 info : Skipped 25 duplicate messages..
2024-11-28 16:00:16.246 T:4489 debug : CAMLCodec::PollFrame elapsed:34.336ms
2024-11-28 16:00:16.249 T:4489 debug : PrepareNextRender: frameOnScreen: 302.030 renderPts: 302.239 nextFramePts: 302.219 -> diff: 0.020 render: 1 forceNext: 0
2024-11-28 16:00:16.249 T:6455 debug : CAMLCodec::AddData: dl:15368294 fl:354202 sz:288821(288896) lv:97.7% dts:304.596 pts:304.596
2024-11-28 16:00:16.253 T:6455 debug : CAMLCodec::AddData: dl:15708571 fl:13925 sz:340225(340352) lv:99.9% dts:304.638 pts:304.679
2024-11-28 16:00:16.253 T:4489 debug : CAMLCodec::ReleaseFrame idx:8446, drop:0
2024-11-28 16:00:16.253 T:6455 debug : CAMLCodec::AddData: skip add data dl:15708444 fl:14052 sz:400243(400320) lv:102.4% dts:304.679 pts:304.805
2024-11-28 16:00:16.259 T:6452 info : Skipped 3 duplicate messages..
2024-11-28 16:00:16.259 T:6452 debug : CVideoPlayer::ProcessVideoData size:575211 dts:309.434 pts:309.559 dur:41.000ms, clock:302.040 level:59
2024-11-28 16:00:16.259 T:6455 debug : CAMLCodec::AddData: skip add data dl:15708444 fl:14052 sz:400243(400320) lv:102.4% dts:304.679 pts:304.805
2024-11-28 16:00:16.288 T:4489 info : Skipped 19 duplicate messages..
2024-11-28 16:00:16.288 T:4489 debug : CAMLCodec::PollFrame elapsed:34.717ms
