2024-11-28 16:00:33.170 T:6455 debug : CVideoPlayerVideo::CalcDropRequirement - hurry: 0
2024-11-28 16:00:33.170 T:6455 debug : CAMLCodec::AddData: skip add data dl:15670018 fl:52478 sz:187497(187584) lv:100.8% dts:296.671 pts:296.713
2024-11-28 16:00:33.171 T:6455 debug : CVideoPlayerVideo::CalcDropRequirement - hurry: 0
2024-11-28 16:00:33.172 T:6455 debug : CAMLCodec::AddData: skip add data dl:15670018 fl:52478 sz:187497(187584) lv:100.8% dts:296.671 pts:296.713
2024-11-28 16:00:33.173 T:6452 debug : CVideoPlayer::ProcessVideoData size:297767 dts:297.839 pts:297.881 dur:41.000ms, clock:293.029 level:15
2024-11-28 16:00:33.173 T:6455 debug : CVideoPlayerVideo::CalcDropRequirement - hurry: 0
2024-11-28 16:00:33.173 T:6455 debug : CAMLCodec::AddData: skip add data dl:15670018 fl:52478 sz:187497(187584) lv:100.8% dts:296.671 pts:296.713
2024-11-28 16:00:33.175 T:6455 debug : CVideoPlayerVideo::CalcDropRequirement - hurry: 0
2024-11-28 16:00:33.175 T:6455 debug : CAMLCodec::AddData: skip add data dl:15670018 fl:52478 sz:187497(187584) lv:100.8% dts:296.671 pts:296.713
2024-11-28 16:00:33.176 T:6455 debug : CVideoPlayerVideo::CalcDropRequirement - hurry: 0
2024-11-28 16:00:33.176 T:6455 debug : CAMLCodec::AddData: skip add data dl:15670018 fl:52478 sz:187497(187584) lv:100.8% dts:296.671 pts:296.713
2024-11-28 16:00:33.177 T:6455 debug : CVideoPlayerVideo::CalcDropRequirement - hurry: 0
2024-11-28 16:00:33.178 T:6455 debug : CAMLCodec::AddData: skip add data dl:15670018 fl:52478 sz:187497(187584) lv:100.8% dts:296.671 pts:296.713
2024-11-28 16:00:33.178 T:4489 debug : CAMLCodec::PollFrame elapsed:32.066ms
2024-11-28 16:00:33.179 T:6455 debug : CVideoPlayerVideo::CalcDropRequirement - hurry: 0
2024-11-28 16:00:33.179 T:6455 debug : CAMLCodec::AddData: skip add data dl:15670018 fl:52478 sz:187497(187584) lv:100.8% dts:296.671 pts:296.713
2024-11-28 16:00:33.181 T:6455 debug : CVideoPlayerVideo::CalcDropRequirement - hurry: 0
2024-11-28 16:00:33.181 T:6455 debug : CAMLCodec::AddData: skip add data dl:15670018 fl:52478 sz:187497(187584) lv:100.8% dts:296.671 pts:296.713
2024-11-28 16:00:33.183 T:6452 debug : CVideoPlayer::ProcessVideoData size:496448 dts:297.881 pts:298.006 dur:41.000ms, clock:292.989 level:15
2024-11-28 16:00:33.183 T:6455 debug : CVideoPlayerVideo::CalcDropRequirement - hurry: 0
2024-11-28 16:00:33.183 T:6455 debug : CAMLCodec::AddData: skip add data dl:15670018 fl:52478 sz:187497(187584) lv:100.8% dts:296.671 pts:296.713
2024-11-28 16:00:33.184 T:6455 debug : CVideoPlayerVideo::CalcDropRequirement - hurry: 0
2024-11-28 16:00:33.185 T:6455 debug : CAMLCodec::AddData: skip add data dl:15670018 fl:52478 sz:187497(187584) lv:100.8% dts:296.671 pts:296.713
2024-11-28 16:00:33.186 T:6455 debug : CVideoPlayerVideo::CalcDropRequirement - hurry: 0
2024-11-28 16:00:33.187 T:6455 debug : CAMLCodec::AddData: skip add data dl:15670018 fl:52478 sz:187497(187584) lv:100.8% dts:296.671 pts:296.713
2024-11-28 16:00:33.188 T:6455 debug : CVideoPlayerVideo::CalcDropRequirement - hurry: 0
2024-11-28 16:00:33.188 T:6455 debug : CAMLCodec::AddData: skip add data dl:15670018 fl:52478 sz:187497(187584) lv:100.8% dts:296.671 pts:296.713
2024-11-28 16:00:33.189 T:6455 debug : CVideoPlayerVideo::CalcDropRequirement - hurry: 0
2024-11-28 16:00:33.190 T:6455 debug : CAMLCodec::AddData: skip add data dl:15670018 fl:52478 sz:187497(187584) lv:100.8% dts:296.671 pts:296.713
2024-11-28 16:00:33.191 T:6455 debug : CVideoPlayerVideo::CalcDropRequirement - hurry: 0
2024-11-28 16:00:33.191 T:6455 debug : CAMLCodec::AddData: skip add data dl:15670018 fl:52478 sz:187497(187584) lv:100.8% dts:296.671 pts:296.713
2024-11-28 16:00:33.192 T:6455 debug : CVideoPlayerVideo::CalcDropRequirement - hurry: 0
2024-11-28 16:00:33.193 T:6455 debug : CAMLCodec::AddData: skip add data dl:15670018 fl:52478 sz:187497(187584) lv:100.8% dts:296.671 pts:296.713
2024-11-28 16:00:33.194 T:6455 debug : CVideoPlayerVideo::CalcDropRequirement - hurry: 0
2024-11-28 16:00:33.194 T:6455 debug : CAMLCodec::AddData: skip add data dl:15670018 fl:52478 sz:187497(187584) lv:100.8% dts:296.671 pts:296.713
2024-11-28 16:00:33.196 T:6455 debug : CVideoPlayerVideo::CalcDropRequirement - hurry: 0
2024-11-28 16:00:33.196 T:6455 debug : CAMLCodec::AddData: skip add data dl:15670018 fl:52478 sz:187497(187584) lv:100.8% dts:296.671 pts:296.713
2024-11-28 16:00:33.197 T:6455 debug : CVideoPlayerVideo::CalcDropRequirement - hurry: 0
2024-11-28 16:00:33.198 T:6455 debug : CAMLCodec::AddData: skip add data dl:15670018 fl:52478 sz:187497(187584) lv:100.8% dts:296.671 pts:296.713
2024-11-28 16:00:33.199 T:6455 debug : CVideoPlayerVideo::CalcDropRequirement - hurry: 0
2024-11-28 16:00:33.199 T:6455 debug : CAMLCodec::AddData: skip add data dl:15670018 fl:52478 sz:187497(187584) lv:100.8% dts:296.671 pts:296.713
2024-11-28 16:00:33.199 T:6452 debug : CVideoPlayer::ProcessVideoData size:427291 dts:297.923 pts:298.340 dur:41.000ms, clock:292.924 level:15
2024-11-28 16:00:33.200 T:6455 debug : CVideoPlayerVideo::CalcDropRequirement - hurry: 0
2024-11-28 16:00:33.201 T:6455 debug : CAMLCodec::AddData: skip add data dl:15670018 fl:52478 sz:187497(187584) lv:100.8% dts:296.671 pts:296.713
2024-11-28 16:00:33.202 T:6455 debug : CVideoPlayerVideo::CalcDropRequirement - hurry: 0
2024-11-28 16:00:33.202 T:6455 debug : CAMLCodec::AddData: skip add data dl:15670018 fl:52478 sz:187497(187584) lv:100.8% dts:296.671 pts:296.713
2024-11-28 16:00:33.203 T:6455 debug : CVideoPlayerVideo::CalcDropRequirement - hurry: 0
2024-11-28 16:00:33.203 T:6455 debug : CAMLCodec::AddData: skip add data dl:15670018 fl:52478 sz:187497(187584) lv:100.8% dts:296.671 pts:296.713
2024-11-28 16:00:33.204 T:6455 debug : CVideoPlayerVideo::CalcDropRequirement - hurry: 0
2024-11-28 16:00:33.204 T:6455 debug : CAMLCodec::AddData: skip add data dl:15670018 fl:52478 sz:187497(187584) lv:100.8% dts:296.671 pts:296.713
2024-11-28 16:00:33.206 T:6455 debug : CVideoPlayerVideo::CalcDropRequirement - hurry: 0
2024-11-28 16:00:33.206 T:6455 debug : CAMLCodec::AddData: skip add data dl:15670018 fl:52478 sz:187497(187584) lv:100.8% dts:296.671 pts:296.713
2024-11-28 16:00:33.206 T:6452 debug : CVideoPlayer::ProcessVideoData size:360152 dts:297.964 pts:298.173 dur:41.000ms, clock:292.897 level:16
2024-11-28 16:00:33.207 T:6455 debug : CVideoPlayerVideo::CalcDropRequirement - hurry: 0
2024-11-28 16:00:33.207 T:6455 debug : CAMLCodec::AddData: skip add data dl:15670018 fl:52478 sz:187497(187584) lv:100.8% dts:296.671 pts:296.713
2024-11-28 16:00:33.208 T:6455 debug : CVideoPlayerVideo::CalcDropRequirement - hurry: 0
2024-11-28 16:00:33.209 T:6455 debug : CAMLCodec::AddData: skip add data dl:15670018 fl:52478 sz:187497(187584) lv:100.8% dts:296.671 pts:296.713
2024-11-28 16:00:33.210 T:6455 debug : CVideoPlayerVideo::CalcDropRequirement - hurry: 0
2024-11-28 16:00:33.210 T:6455 debug : CAMLCodec::AddData: skip add data dl:15670018 fl:52478 sz:187497(187584) lv:100.8% dts:296.671 pts:296.713
2024-11-28 16:00:33.212 T:6455 debug : CVideoPlayerVideo::CalcDropRequirement - hurry: 0
2024-11-28 16:00:33.212 T:6455 debug : CAMLCodec::AddData: skip add data dl:15670018 fl:52478 sz:187497(187584) lv:100.8% dts:296.671 pts:296.713
2024-11-28 16:00:33.213 T:6455 debug : CVideoPlayerVideo::CalcDropRequirement - hurry: 0
2024-11-28 16:00:33.213 T:6455 debug : CAMLCodec::AddData: skip add data dl:15670018 fl:52478 sz:187497(187584) lv:100.8% dts:296.671 pts:296.713
2024-11-28 16:00:33.214 T:6452 debug : CVideoPlayer::ProcessVideoData size:355457 dts:298.006 pts:298.089 dur:41.000ms, clock:292.863 level:17
2024-11-28 16:00:33.216 T:6455 debug : CVideoPlayerVideo::CalcDropRequirement - hurry: 0
2024-11-28 16:00:33.216 T:6455 debug : CAMLCodec::AddData: skip add data dl:15670018 fl:52478 sz:187497(187584) lv:100.8% dts:296.671 pts:296.713
2024-11-28 16:00:33.217 T:6455 debug : CVideoPlayerVideo::CalcDropRequirement - hurry: 0
2024-11-28 16:00:33.217 T:6455 debug : CAMLCodec::AddData: skip add data dl:15670018 fl:52478 sz:187497(187584) lv:100.8% dts:296.671 pts:296.713
2024-11-28 16:00:33.219 T:6455 debug : CVideoPlayerVideo::CalcDropRequirement - hurry: 0
2024-11-28 16:00:33.219 T:6455 debug : CAMLCodec::AddData: skip add data dl:15670018 fl:52478 sz:187497(187584) lv:100.8% dts:296.671 pts:296.713
2024-11-28 16:00:33.219 T:6452 debug : CVideoPlayer::ProcessVideoData size:293585 dts:298.048 pts:298.048 dur:41.000ms, clock:292.843 level:17
2024-11-28 16:00:33.220 T:4489 debug : CAMLCodec::PollFrame elapsed:32.240ms
2024-11-28 16:00:33.220 T:6455 debug : CVideoPlayerVideo::CalcDropRequirement - hurry: 0
2024-11-28 16:00:33.221 T:6455 debug : CAMLCodec::AddData: skip add data dl:15670018 fl:52478 sz:187497(187584) lv:100.8% dts:296.671 pts:296.713
2024-11-28 16:00:33.222 T:6455 debug : CVideoPlayerVideo::CalcDropRequirement - hurry: 0
2024-11-28 16:00:33.222 T:6455 debug : CAMLCodec::AddData: skip add data dl:15670018 fl:52478 sz:187497(187584) lv:100.8% dts:296.671 pts:296.713
2024-11-28 16:00:33.223 T:6455 debug : CVideoPlayerVideo::CalcDropRequirement - hurry: 0
2024-11-28 16:00:33.224 T:6455 debug : CAMLCodec::AddData: skip add data dl:15670018 fl:52478 sz:187497(187584) lv:100.8% dts:296.671 pts:296.713
2024-11-28 16:00:33.225 T:6455 debug : CVideoPlayerVideo::CalcDropRequirement - hurry: 0
2024-11-28 16:00:33.226 T:6455 debug : CAMLCodec::AddData: skip add data dl:15670018 fl:52478 sz:187497(187584) lv:100.8% dts:296.671 pts:296.713
2024-11-28 16:00:33.227 T:6452 debug : CVideoPlayer::ProcessVideoData size:332200 dts:298.089 pts:298.131 dur:41.000ms, clock:292.814 level:18
2024-11-28 16:00:33.228 T:6455 debug : CVideoPlayerVideo::CalcDropRequirement - hurry: 0
2024-11-28 16:00:33.228 T:6455 debug : CAMLCodec::AddData: skip add data dl:15670018 fl:52478 sz:187497(187584) lv:100.8% dts:296.671 pts:296.713
2024-11-28 16:00:33.229 T:6455 debug : CVideoPlayerVideo::CalcDropRequirement - hurry: 0
2024-11-28 16:00:33.230 T:6455 debug : CAMLCodec::AddData: skip add data dl:15670018 fl:52478 sz:187497(187584) lv:100.8% dts:296.671 pts:296.713
2024-11-28 16:00:33.231 T:6455 debug : CVideoPlayerVideo::CalcDropRequirement - hurry: 0
2024-11-28 16:00:33.231 T:6455 debug : CAMLCodec::AddData: skip add data dl:15670018 fl:52478 sz:187497(187584) lv:100.8% dts:296.671 pts:296.713
2024-11-28 16:00:33.232 T:6455 debug : CVideoPlayerVideo::CalcDropRequirement - hurry: 0
2024-11-28 16:00:33.233 T:6455 debug : CAMLCodec::AddData: skip add data dl:15670018 fl:52478 sz:187497(187584) lv:100.8% dts:296.671 pts:296.713
2024-11-28 16:00:33.234 T:6452 debug : CVideoPlayer::ProcessVideoData size:390940 dts:298.131 pts:298.256 dur:41.000ms, clock:292.786 level:18
2024-11-28 16:00:33.234 T:6452 debug : CVideoPlayer::Process - ffd/rwd: lastpts:293.918 clock:292.785 lastseekpts:294.289 speed:-4000 error:1.133
2024-11-28 16:00:33.234 T:6452 debug : CVideoPlayer::Process - Seeking to catch up, error was: -1.504 time:291.785
2024-11-28 16:00:33.235 T:6455 debug : CVideoPlayerVideo::CalcDropRequirement - hurry: 0
2024-11-28 16:00:33.235 T:6455 debug : CAMLCodec::AddData: skip add data dl:15670018 fl:52478 sz:187497(187584) lv:100.8% dts:296.671 pts:296.713
2024-11-28 16:00:33.236 T:6455 debug : CVideoPlayerVideo::CalcDropRequirement - hurry: 0
2024-11-28 16:00:33.237 T:6455 debug : CAMLCodec::AddData: skip add data dl:15670018 fl:52478 sz:187497(187584) lv:100.8% dts:296.671 pts:296.713
2024-11-28 16:00:33.238 T:6455 debug : CVideoPlayerVideo::CalcDropRequirement - hurry: 0
2024-11-28 16:00:33.238 T:6455 debug : CAMLCodec::AddData: skip add data dl:15670018 fl:52478 sz:187497(187584) lv:100.8% dts:296.671 pts:296.713
2024-11-28 16:00:33.239 T:6455 debug : CVideoPlayerVideo::CalcDropRequirement - hurry: 0
2024-11-28 16:00:33.240 T:6455 debug : CAMLCodec::AddData: skip add data dl:15670018 fl:52478 sz:187497(187584) lv:100.8% dts:296.671 pts:296.713
2024-11-28 16:00:33.241 T:6455 debug : CVideoPlayerVideo::CalcDropRequirement - hurry: 0
2024-11-28 16:00:33.241 T:6455 debug : CAMLCodec::AddData: skip add data dl:15670018 fl:52478 sz:187497(187584) lv:100.8% dts:296.671 pts:296.713
2024-11-28 16:00:33.242 T:6455 debug : CVideoPlayerVideo::CalcDropRequirement - hurry: 0
2024-11-28 16:00:33.243 T:6455 debug : CAMLCodec::AddData: skip add data dl:15670018 fl:52478 sz:187497(187584) lv:100.8% dts:296.671 pts:296.713
2024-11-28 16:00:33.244 T:6452 debug : CVideoPlayer::ProcessVideoData size:299333 dts:298.173 pts:298.215 dur:41.000ms, clock:292.748 level:19
2024-11-28 16:00:33.245 T:6452 debug : demuxer seek to: 291784.941878
2024-11-28 16:00:33.246 T:6455 debug : CVideoPlayerVideo::CalcDropRequirement - hurry: 0
2024-11-28 16:00:33.246 T:6455 debug : CAMLCodec::AddData: skip add data dl:15670018 fl:52478 sz:187497(187584) lv:100.8% dts:296.671 pts:296.713
2024-11-28 16:00:33.247 T:6454 debug : CDoubleCache::Reset - (0x35ec9e0) Cache miss for 2352895210 with new=2428870201-2439355961 and old=2399176971-2409662731
2024-11-28 16:00:33.247 T:6454 debug : CFileCache::Process - cache completely reset for seek to position 2352895210
2024-11-28 16:00:33.247 T:6455 debug : CVideoPlayerVideo::CalcDropRequirement - hurry: 0
2024-11-28 16:00:33.248 T:6455 debug : CAMLCodec::AddData: skip add data dl:15670018 fl:52478 sz:187497(187584) lv:100.8% dts:296.671 pts:296.713
2024-11-28 16:00:33.249 T:6455 debug : CVideoPlayerVideo::CalcDropRequirement - hurry: 0
2024-11-28 16:00:33.249 T:6455 debug : CAMLCodec::AddData: skip add data dl:15670018 fl:52478 sz:187497(187584) lv:100.8% dts:296.671 pts:296.713
2024-11-28 16:00:33.250 T:6455 debug : CVideoPlayerVideo::CalcDropRequirement - hurry: 0
2024-11-28 16:00:33.251 T:6455 debug : CAMLCodec::AddData: skip add data dl:15670018 fl:52478 sz:187497(187584) lv:100.8% dts:296.671 pts:296.713
2024-11-28 16:00:33.252 T:6455 debug : CVideoPlayerVideo::CalcDropRequirement - hurry: 0
2024-11-28 16:00:33.252 T:6455 debug : CAMLCodec::AddData: skip add data dl:15670018 fl:52478 sz:187497(187584) lv:100.8% dts:296.671 pts:296.713
2024-11-28 16:00:33.253 T:6455 debug : CVideoPlayerVideo::CalcDropRequirement - hurry: 0
2024-11-28 16:00:33.254 T:6455 debug : CAMLCodec::AddData: skip add data dl:15670018 fl:52478 sz:187497(187584) lv:100.8% dts:296.671 pts:296.713
2024-11-28 16:00:33.255 T:6455 debug : CVideoPlayerVideo::CalcDropRequirement - hurry: 0
2024-11-28 16:00:33.255 T:6455 debug : CAMLCodec::AddData: skip add data dl:15670018 fl:52478 sz:187497(187584) lv:100.8% dts:296.671 pts:296.713
2024-11-28 16:00:33.256 T:6455 debug : CVideoPlayerVideo::CalcDropRequirement - hurry: 0
2024-11-28 16:00:33.257 T:6455 debug : CAMLCodec::AddData: skip add data dl:15670018 fl:52478 sz:187497(187584) lv:100.8% dts:296.671 pts:296.713
2024-11-28 16:00:33.257 T:6452 debug : SeekTime - seek ended up on time 291124
2024-11-28 16:00:33.257 T:6452 debug : demuxer seek to: 291784.941878, success
2024-11-28 16:00:33.257 T:6452 debug : CVideoPlayer::FlushBuffers - flushing buffers
2024-11-28 16:00:33.258 T:6452 debug : CVideoPlayer::HandleMessages: flush buffers: dts:291.785 lastSeek:35.052 clock:292.689
2024-11-28 16:00:33.258 T:6452 debug : CVideoPlayer::Process - ffd/rwd: lastpts:293.918 clock:292.689 lastseekpts:291.785 speed:-4000 error:1.229
2024-11-28 16:00:33.258 T:6455 debug : CAMLCodec::Reset
2024-11-28 16:00:33.258 T:6452 debug : CVideoPlayer::ProcessVideoData size:461626 dts:18442240474082.180 pts:291.124 dur:41.000ms, clock:292.686 level:19
2024-11-28 16:00:33.262 T:4489 debug : CAMLCodec::PollFrame elapsed:31.811ms
2024-11-28 16:00:33.265 T:6456 debug : CDVDAudio::Flush - flush audio stream
2024-11-28 16:00:33.271 T:6452 debug : CVideoPlayer::ProcessVideoData size:416666 dts:18442240474082.180 pts:291.458 dur:41.000ms, clock:292.635 level:31
2024-11-28 16:00:33.274 T:6452 debug : CVideoPlayer::ProcessVideoData size:340772 dts:18442240474082.180 pts:291.291 dur:41.000ms, clock:292.624 level:32
2024-11-28 16:00:33.283 T:6452 debug : CVideoPlayer::ProcessVideoData size:324137 dts:291.124 pts:291.208 dur:41.000ms, clock:292.587 level:33
2024-11-28 16:00:33.288 T:6452 debug : CVideoPlayer::ProcessVideoData size:256030 dts:291.166 pts:291.166 dur:41.000ms, clock:292.566 level:33
2024-11-28 16:00:33.295 T:6452 debug : CVideoPlayer::ProcessVideoData size:266993 dts:291.208 pts:291.249 dur:41.000ms, clock:292.539 level:0
2024-11-28 16:00:33.295 T:6455 debug : CVideoPlayerVideo - Stillframe left, switching to normal playback
2024-11-28 16:00:33.296 T:6455 debug : CVideoPlayerVideo::CalcDropRequirement - hurry: 0
2024-11-28 16:00:33.298 T:6455 debug : CAMLCodec::AddData: dl:267186 fl:15455310 sz:266989(267072) lv:1.7% dts:291.208 pts:291.249
2024-11-28 16:00:33.300 T:6452 debug : CVideoPlayer::ProcessVideoData size:323122 dts:291.249 pts:291.374 dur:41.000ms, clock:292.521 level:0
2024-11-28 16:00:33.300 T:6455 debug : CVideoPlayerVideo::CalcDropRequirement - hurry: 0
2024-11-28 16:00:33.303 T:6455 debug : CAMLCodec::AddData: dl:590303 fl:15132193 sz:323118(323200) lv:3.8% dts:291.249 pts:291.374
2024-11-28 16:00:33.303 T:4489 debug : CAMLCodec::PollFrame elapsed:6.755ms
2024-11-28 16:00:33.305 T:6452 debug : CVideoPlayer::ProcessVideoData size:271158 dts:291.291 pts:291.333 dur:41.000ms, clock:292.501 level:0
2024-11-28 16:00:33.305 T:6455 debug : CVideoPlayerVideo::CalcDropRequirement - hurry: 0
2024-11-28 16:00:33.307 T:6455 debug : CAMLCodec::AddData: dl:861453 fl:14861043 sz:271154(271232) lv:5.5% dts:291.291 pts:291.333
2024-11-28 16:00:33.309 T:6452 debug : CVideoPlayer::ProcessVideoData size:262454 dts:291.333 pts:291.416 dur:41.000ms, clock:292.483 level:0
2024-11-28 16:00:33.309 T:6455 debug : CVideoPlayerVideo::CalcDropRequirement - hurry: 0
2024-11-28 16:00:33.312 T:6455 debug : CAMLCodec::AddData: dl:1123903 fl:14598593 sz:262450(262528) lv:7.1% dts:291.333 pts:291.416
2024-11-28 16:00:33.324 T:6452 debug : CVideoPlayer::ProcessVideoData size:427726 dts:291.374 pts:291.792 dur:41.000ms, clock:292.423 level:0
2024-11-28 16:00:33.324 T:6455 debug : CVideoPlayerVideo::CalcDropRequirement - hurry: 0
2024-11-28 16:00:33.328 T:6455 debug : CAMLCodec::AddData: dl:1027377 fl:14695119 sz:427722(427840) lv:6.5% dts:291.374 pts:291.792
2024-11-28 16:00:33.329 T:6452 debug : CVideoPlayer::ProcessVideoData size:335655 dts:291.416 pts:291.625 dur:41.000ms, clock:292.403 level:0
2024-11-28 16:00:33.329 T:6455 debug : CVideoPlayerVideo::CalcDropRequirement - hurry: 0
2024-11-28 16:00:33.332 T:6455 debug : CAMLCodec::AddData: dl:1363003 fl:14359493 sz:335651(335744) lv:8.7% dts:291.416 pts:291.625
2024-11-28 16:00:33.333 T:6452 debug : CVideoPlayer::ProcessVideoData size:329164 dts:291.458 pts:291.541 dur:41.000ms, clock:292.387 level:0
2024-11-28 16:00:33.333 T:6455 debug : CVideoPlayerVideo::CalcDropRequirement - hurry: 0
2024-11-28 16:00:33.336 T:6455 debug : CAMLCodec::AddData: dl:1167902 fl:14554594 sz:329160(329280) lv:7.4% dts:291.458 pts:291.541
2024-11-28 16:00:33.338 T:6452 debug : CVideoPlayer::ProcessVideoData size:264723 dts:291.500 pts:291.500 dur:41.000ms, clock:292.368 level:0
2024-11-28 16:00:33.338 T:6455 debug : CVideoPlayerVideo::CalcDropRequirement - hurry: 0
2024-11-28 16:00:33.341 T:6455 debug : CAMLCodec::AddData: dl:908326 fl:14814170 sz:264719(264832) lv:5.8% dts:291.500 pts:291.500
2024-11-28 16:00:33.343 T:6452 debug : CVideoPlayer::ProcessVideoData size:265373 dts:291.541 pts:291.583 dur:41.000ms, clock:292.348 level:0
2024-11-28 16:00:33.343 T:6455 debug : CVideoPlayerVideo::CalcDropRequirement - hurry: 0
2024-11-28 16:00:33.345 T:4489 debug : CAMLCodec::PollFrame elapsed:31.655ms
2024-11-28 16:00:33.346 T:6455 debug : CAMLCodec::AddData: dl:1173685 fl:14548811 sz:265369(265472) lv:7.5% dts:291.541 pts:291.583
2024-11-28 16:00:33.351 T:6452 debug : CVideoPlayer::ProcessVideoData size:334036 dts:291.583 pts:291.708 dur:41.000ms, clock:292.317 level:0
2024-11-28 16:00:33.351 T:6455 debug : CVideoPlayerVideo::CalcDropRequirement - hurry: 0
2024-11-28 16:00:33.354 T:6455 debug : CAMLCodec::AddData: dl:983438 fl:14739058 sz:334032(334144) lv:6.3% dts:291.583 pts:291.708
2024-11-28 16:00:33.355 T:6452 debug : CVideoPlayer::ProcessVideoData size:270487 dts:291.625 pts:291.666 dur:41.000ms, clock:292.299 level:0
2024-11-28 16:00:33.355 T:6455 debug : CVideoPlayerVideo::CalcDropRequirement - hurry: 0
2024-11-28 16:00:33.358 T:6455 debug : CAMLCodec::AddData: dl:1253918 fl:14468578 sz:270483(270592) lv:8.0% dts:291.625 pts:291.666
2024-11-28 16:00:33.360 T:6452 debug : CVideoPlayer::ProcessVideoData size:279344 dts:291.666 pts:291.750 dur:41.000ms, clock:292.281 level:0
2024-11-28 16:00:33.360 T:6455 debug : CVideoPlayerVideo::CalcDropRequirement - hurry: 0
2024-11-28 16:00:33.363 T:6455 debug : CAMLCodec::AddData: dl:1008945 fl:14713551 sz:279340(279424) lv:6.4% dts:291.666 pts:291.750
2024-11-28 16:00:33.372 T:6452 debug : CVideoPlayer::ProcessVideoData size:432904 dts:291.708 pts:292.083 dur:41.000ms, clock:292.232 level:0
2024-11-28 16:00:33.372 T:6455 debug : CVideoPlayerVideo::CalcDropRequirement - hurry: 0
2024-11-28 16:00:33.375 T:6455 debug : CAMLCodec::AddData: dl:1441885 fl:14280611 sz:432900(433024) lv:9.2% dts:291.708 pts:292.083
2024-11-28 16:00:33.377 T:6452 debug : CVideoPlayer::ProcessVideoData size:340174 dts:291.750 pts:291.958 dur:41.000ms, clock:292.214 level:0
2024-11-28 16:00:33.377 T:6455 debug : CVideoPlayerVideo::CalcDropRequirement - hurry: 0
2024-11-28 16:00:33.380 T:6455 debug : CAMLCodec::AddData: dl:1257761 fl:14464735 sz:340170(340288) lv:8.0% dts:291.750 pts:291.958
2024-11-28 16:00:33.383 T:6452 debug : CVideoPlayer::ProcessVideoData size:327019 dts:291.792 pts:291.875 dur:41.000ms, clock:292.186 level:0
2024-11-28 16:00:33.384 T:6455 debug : CVideoPlayerVideo::CalcDropRequirement - hurry: 0
2024-11-28 16:00:33.387 T:4489 debug : CAMLCodec::PollFrame elapsed:29.174ms
2024-11-28 16:00:33.387 T:6455 debug : CAMLCodec::AddData: dl:1060459 fl:14662037 sz:327015(327104) lv:6.7% dts:291.792 pts:291.875
2024-11-28 16:00:33.389 T:6452 debug : CVideoPlayer::ProcessVideoData size:278208 dts:291.833 pts:291.833 dur:41.000ms, clock:292.165 level:0
2024-11-28 16:00:33.389 T:6455 debug : CVideoPlayerVideo::CalcDropRequirement - hurry: 0
2024-11-28 16:00:33.392 T:6455 debug : CAMLCodec::AddData: dl:814354 fl:14908142 sz:278204(278272) lv:5.2% dts:291.833 pts:291.833
2024-11-28 16:00:33.393 T:6452 debug : CVideoPlayer::ProcessVideoData size:276537 dts:291.875 pts:291.917 dur:41.000ms, clock:292.146 level:0
2024-11-28 16:00:33.394 T:6455 debug : CVideoPlayerVideo::CalcDropRequirement - hurry: 0
2024-11-28 16:00:33.397 T:6455 debug : CAMLCodec::AddData: dl:1090894 fl:14631602 sz:276533(276608) lv:6.9% dts:291.875 pts:291.917
2024-11-28 16:00:33.400 T:6452 debug : CVideoPlayer::ProcessVideoData size:325081 dts:291.917 pts:292.042 dur:41.000ms, clock:292.118 level:0
2024-11-28 16:00:33.401 T:6455 debug : CVideoPlayerVideo::CalcDropRequirement - hurry: 0
2024-11-28 16:00:33.403 T:6455 debug : CAMLCodec::AddData: dl:891715 fl:14830781 sz:325077(325184) lv:5.7% dts:291.917 pts:292.042
2024-11-28 16:00:33.405 T:6452 debug : CVideoPlayer::ProcessVideoData size:282481 dts:291.958 pts:292.000 dur:41.000ms, clock:292.098 level:0
2024-11-28 16:00:33.406 T:6455 debug : CVideoPlayerVideo::CalcDropRequirement - hurry: 0
2024-11-28 16:00:33.409 T:6455 debug : CAMLCodec::AddData: dl:1174168 fl:14548328 sz:282477(282560) lv:7.5% dts:291.958 pts:292.000
2024-11-28 16:00:33.413 T:6452 debug : CVideoPlayer::ProcessVideoData size:472249 dts:292.000 pts:292.125 dur:41.000ms, clock:292.067 level:0
2024-11-28 16:00:33.413 T:6455 debug : CVideoPlayerVideo::CalcDropRequirement - hurry: 0
2024-11-28 16:00:33.416 T:6455 debug : CAMLCodec::AddData: dl:1122117 fl:14600379 sz:472229(472320) lv:7.1% dts:292.000 pts:292.125
2024-11-28 16:00:33.429 T:4489 debug : CAMLCodec::PollFrame elapsed:31.902ms
2024-11-28 16:00:33.429 T:6452 debug : CVideoPlayer::ProcessVideoData size:412406 dts:292.042 pts:292.459 dur:41.000ms, clock:292.003 level:0
2024-11-28 16:00:33.429 T:6455 debug : CVideoPlayerVideo::CalcDropRequirement - hurry: 0
2024-11-28 16:00:33.434 T:6455 debug : CAMLCodec::AddData: dl:6777386 fl:8945110 sz:412402(412480) lv:43.1% dts:292.042 pts:292.459
2024-11-28 16:00:33.435 T:6452 debug : CVideoPlayer::ProcessVideoData size:328396 dts:292.083 pts:292.292 dur:41.000ms, clock:291.981 level:0
2024-11-28 16:00:33.435 T:6455 debug : CVideoPlayerVideo::CalcDropRequirement - hurry: 0
2024-11-28 16:00:33.438 T:6452 debug : CVideoPlayer::ProcessVideoData size:329612 dts:292.125 pts:292.209 dur:41.000ms, clock:291.969 level:0
2024-11-28 16:00:33.438 T:6455 debug : CAMLCodec::AddData: dl:7105820 fl:8616676 sz:328392(328512) lv:45.2% dts:292.083 pts:292.292
2024-11-28 16:00:33.438 T:6455 debug : CVideoPlayerVideo::CalcDropRequirement - hurry: 0
2024-11-28 16:00:33.441 T:6455 debug : CAMLCodec::AddData: dl:7435428 fl:8287068 sz:329608(329728) lv:47.3% dts:292.125 pts:292.209
2024-11-28 16:00:33.443 T:6452 debug : CVideoPlayer::ProcessVideoData size:257135 dts:292.167 pts:292.167 dur:41.000ms, clock:291.949 level:0
2024-11-28 16:00:33.443 T:6455 debug : CVideoPlayerVideo::CalcDropRequirement - hurry: 0
2024-11-28 16:00:33.446 T:6455 debug : CAMLCodec::AddData: dl:7692524 fl:8029972 sz:257131(257216) lv:48.9% dts:292.167 pts:292.167
2024-11-28 16:00:33.447 T:6452 debug : CVideoPlayer::ProcessVideoData size:273198 dts:292.209 pts:292.250 dur:41.000ms, clock:291.931 level:0
2024-11-28 16:00:33.447 T:6455 debug : CVideoPlayerVideo::CalcDropRequirement - hurry: 0
2024-11-28 16:00:33.451 T:6455 debug : CAMLCodec::AddData: dl:7965719 fl:7756777 sz:273194(273280) lv:50.6% dts:292.209 pts:292.250
2024-11-28 16:00:33.455 T:6452 debug : CVideoPlayer::ProcessVideoData size:329847 dts:292.250 pts:292.375 dur:41.000ms, clock:291.901 level:0
2024-11-28 16:00:33.455 T:6455 debug : CVideoPlayerVideo::CalcDropRequirement - hurry: 0
2024-11-28 16:00:33.458 T:6455 debug : CAMLCodec::AddData: dl:8295553 fl:7426943 sz:329843(329920) lv:52.7% dts:292.250 pts:292.375
2024-11-28 16:00:33.459 T:6452 debug : CVideoPlayer::ProcessVideoData size:271359 dts:292.292 pts:292.334 dur:41.000ms, clock:291.883 level:0
2024-11-28 16:00:33.459 T:6455 debug : CVideoPlayerVideo::CalcDropRequirement - hurry: 0
2024-11-28 16:00:33.462 T:6455 debug : CAMLCodec::AddData: dl:8566900 fl:7155596 sz:271355(271424) lv:54.5% dts:292.292 pts:292.334
2024-11-28 16:00:33.464 T:6452 debug : CVideoPlayer::ProcessVideoData size:280609 dts:292.334 pts:292.417 dur:41.000ms, clock:291.864 level:0
2024-11-28 16:00:33.464 T:6455 debug : CVideoPlayerVideo::CalcDropRequirement - hurry: 0
2024-11-28 16:00:33.467 T:6455 debug : CAMLCodec::AddData: dl:8847535 fl:6874961 sz:280605(280704) lv:56.3% dts:292.334 pts:292.417
2024-11-28 16:00:33.470 T:4489 debug : CAMLCodec::PollFrame elapsed:27.220ms
2024-11-28 16:00:33.481 T:6452 debug : CVideoPlayer::ProcessVideoData size:419916 dts:292.375 pts:292.793 dur:41.000ms, clock:291.795 level:0
2024-11-28 16:00:33.481 T:6455 debug : CVideoPlayerVideo::CalcDropRequirement - hurry: 0
2024-11-28 16:00:33.484 T:6452 debug : CVideoPlayer::ProcessVideoData size:343410 dts:292.417 pts:292.626 dur:41.000ms, clock:291.785 level:0
2024-11-28 16:00:33.485 T:6455 debug : CAMLCodec::AddData: dl:9267468 fl:6455028 sz:419912(420032) lv:58.9% dts:292.375 pts:292.793
2024-11-28 16:00:33.485 T:6455 debug : CVideoPlayerVideo::CalcDropRequirement - hurry: 0
2024-11-28 16:00:33.489 T:6455 debug : CAMLCodec::AddData: dl:9610836 fl:6111660 sz:343406(343488) lv:61.1% dts:292.417 pts:292.626
2024-11-28 16:00:33.490 T:6452 debug : CVideoPlayer::ProcessVideoData size:336057 dts:292.459 pts:292.542 dur:41.000ms, clock:291.761 level:0
2024-11-28 16:00:33.490 T:6455 debug : CVideoPlayerVideo::CalcDropRequirement - hurry: 0
2024-11-28 16:00:33.494 T:6455 debug : CAMLCodec::AddData: dl:9946882 fl:5775614 sz:336053(336128) lv:63.2% dts:292.459 pts:292.542
2024-11-28 16:00:33.495 T:6452 debug : CVideoPlayer::ProcessVideoData size:271360 dts:292.501 pts:292.501 dur:41.000ms, clock:291.742 level:0
2024-11-28 16:00:33.495 T:6455 debug : CVideoPlayerVideo::CalcDropRequirement - hurry: 0
2024-11-28 16:00:33.498 T:6455 debug : CAMLCodec::AddData: dl:10218231 fl:5504265 sz:271356(271424) lv:65.0% dts:292.501 pts:292.501
2024-11-28 16:00:33.499 T:6452 debug : CVideoPlayer::ProcessVideoData size:265734 dts:292.542 pts:292.584 dur:41.000ms, clock:291.723 level:0
2024-11-28 16:00:33.499 T:6455 debug : CVideoPlayerVideo::CalcDropRequirement - hurry: 0
2024-11-28 16:00:33.502 T:6455 debug : CAMLCodec::AddData: dl:10484019 fl:5238477 sz:265730(265856) lv:66.7% dts:292.542 pts:292.584
2024-11-28 16:00:33.506 T:6452 debug : CVideoPlayer::ProcessVideoData size:340234 dts:292.584 pts:292.709 dur:41.000ms, clock:291.694 level:0
2024-11-28 16:00:33.507 T:6455 debug : CVideoPlayerVideo::CalcDropRequirement - hurry: 0
2024-11-28 16:00:33.510 T:6455 debug : CAMLCodec::AddData: dl:10824245 fl:4898251 sz:340230(340352) lv:68.8% dts:292.584 pts:292.709
2024-11-28 16:00:33.511 T:6452 debug : CVideoPlayer::ProcessVideoData size:274205 dts:292.626 pts:292.667 dur:41.000ms, clock:291.676 level:0
2024-11-28 16:00:33.511 T:6455 debug : CVideoPlayerVideo::CalcDropRequirement - hurry: 0
2024-11-28 16:00:33.512 T:4489 debug : CAMLCodec::PollFrame elapsed:28.835ms
2024-11-28 16:00:33.514 T:6455 debug : CAMLCodec::AddData: dl:11098427 fl:4624069 sz:274201(274304) lv:70.6% dts:292.626 pts:292.667
2024-11-28 16:00:33.516 T:6452 debug : CVideoPlayer::ProcessVideoData size:276140 dts:292.667 pts:292.751 dur:41.000ms, clock:291.657 level:0
2024-11-28 16:00:33.516 T:6455 debug : CVideoPlayerVideo::CalcDropRequirement - hurry: 0
2024-11-28 16:00:33.519 T:6455 debug : CAMLCodec::AddData: dl:11374548 fl:4347948 sz:276136(276224) lv:72.3% dts:292.667 pts:292.751
2024-11-28 16:00:33.528 T:6452 debug : CVideoPlayer::ProcessVideoData size:431492 dts:292.709 pts:293.084 dur:41.000ms, clock:291.608 level:0
2024-11-28 16:00:33.528 T:6455 debug : CVideoPlayerVideo::CalcDropRequirement - hurry: 0
2024-11-28 16:00:33.532 T:6455 debug : CAMLCodec::AddData: dl:11806012 fl:3916484 sz:431488(431552) lv:75.1% dts:292.709 pts:293.084
2024-11-28 16:00:33.535 T:6452 debug : CVideoPlayer::ProcessVideoData size:355536 dts:292.751 pts:292.959 dur:41.000ms, clock:291.582 level:0
2024-11-28 16:00:33.535 T:6455 debug : CVideoPlayerVideo::CalcDropRequirement - hurry: 0
2024-11-28 16:00:33.537 T:6455 debug : CAMLCodec::AddData: dl:12161596 fl:3560900 sz:355532(355648) lv:77.3% dts:292.751 pts:292.959
2024-11-28 16:00:33.541 T:6452 debug : CVideoPlayer::ProcessVideoData size:340179 dts:292.793 pts:292.876 dur:41.000ms, clock:291.555 level:0
2024-11-28 16:00:33.541 T:6455 debug : CVideoPlayerVideo::CalcDropRequirement - hurry: 0
2024-11-28 16:00:33.545 T:6455 debug : CAMLCodec::AddData: dl:12501768 fl:3220728 sz:340175(340288) lv:79.5% dts:292.793 pts:292.876
2024-11-28 16:00:33.546 T:6452 debug : CVideoPlayer::ProcessVideoData size:269825 dts:292.834 pts:292.834 dur:41.000ms, clock:291.537 level:0
2024-11-28 16:00:33.546 T:6455 debug : CVideoPlayerVideo::CalcDropRequirement - hurry: 0
2024-11-28 16:00:33.549 T:6455 debug : CAMLCodec::AddData: dl:12771543 fl:2950953 sz:269821(269888) lv:81.2% dts:292.834 pts:292.834
2024-11-28 16:00:33.550 T:6452 debug : CVideoPlayer::ProcessVideoData size:298193 dts:292.876 pts:292.918 dur:41.000ms, clock:291.519 level:0
2024-11-28 16:00:33.550 T:6455 debug : CVideoPlayerVideo::CalcDropRequirement - hurry: 0
2024-11-28 16:00:33.553 T:6455 debug : CAMLCodec::AddData: dl:13069780 fl:2652716 sz:298189(298304) lv:83.1% dts:292.876 pts:292.918
2024-11-28 16:00:33.554 T:4489 debug : CAMLCodec::PollFrame elapsed:30.195ms
2024-11-28 16:00:33.558 T:6452 debug : CVideoPlayer::ProcessVideoData size:341424 dts:292.918 pts:293.043 dur:41.000ms, clock:291.488 level:0
2024-11-28 16:00:33.558 T:6455 debug : CVideoPlayerVideo::CalcDropRequirement - hurry: 0
2024-11-28 16:00:33.562 T:6455 debug : CAMLCodec::AddData: dl:13411169 fl:2311327 sz:341420(341504) lv:85.3% dts:292.918 pts:293.043
2024-11-28 16:00:33.563 T:6452 debug : CVideoPlayer::ProcessVideoData size:288013 dts:292.959 pts:293.001 dur:41.000ms, clock:291.470 level:0
2024-11-28 16:00:33.564 T:6455 debug : CVideoPlayerVideo::CalcDropRequirement - hurry: 0
2024-11-28 16:00:33.566 T:6455 debug : CAMLCodec::AddData: dl:13699213 fl:2023283 sz:288009(288128) lv:87.1% dts:292.959 pts:293.001
2024-11-28 16:00:33.573 T:6452 debug : CVideoPlayer::ProcessVideoData size:495721 dts:293.001 pts:293.126 dur:41.000ms, clock:291.428 level:0
2024-11-28 16:00:33.573 T:6455 debug : CVideoPlayerVideo::CalcDropRequirement - hurry: 0
2024-11-28 16:00:33.577 T:6455 debug : CAMLCodec::AddData: dl:14194902 fl:1527594 sz:495701(495808) lv:90.2% dts:293.001 pts:293.126
2024-11-28 16:00:33.577 T:6455 debug : CAMLCodec::DequeueBuffer: pts:291.249 idx:8744
2024-11-28 16:00:33.578 T:6455 debug : CAMLCodec::GetPicture: index: 8744, pts: 291.249, dur:41.708ms ar:1.78 elf:635ms
2024-11-28 16:00:33.587 T:6452 debug : CVideoPlayer::ProcessVideoData size:424552 dts:293.043 pts:293.460 dur:41.000ms, clock:291.373 level:0
2024-11-28 16:00:33.587 T:6455 debug : CVideoPlayerVideo::CalcDropRequirement - hurry: 0
2024-11-28 16:00:33.591 T:6455 debug : CAMLCodec::AddData: dl:14619435 fl:1103061 sz:424548(424640) lv:92.9% dts:293.043 pts:293.460
2024-11-28 16:00:33.592 T:6452 debug : CVideoPlayer::ProcessVideoData size:356865 dts:293.084 pts:293.293 dur:41.000ms, clock:291.351 level:0
2024-11-28 16:00:33.592 T:6455 debug : CVideoPlayerVideo::CalcDropRequirement - hurry: 0
2024-11-28 16:00:33.595 T:4489 debug : CAMLCodec::PollFrame elapsed:30.524ms
2024-11-28 16:00:33.596 T:6455 debug : CAMLCodec::AddData: dl:14976271 fl:746225 sz:356861(356928) lv:95.2% dts:293.084 pts:293.293
2024-11-28 16:00:33.598 T:6452 debug : CVideoPlayer::ProcessVideoData size:334729 dts:293.126 pts:293.210 dur:41.000ms, clock:291.329 level:0
2024-11-28 16:00:33.602 T:6452 debug : CVideoPlayer::ProcessVideoData size:276053 dts:293.168 pts:293.168 dur:41.000ms, clock:291.311 level:0
2024-11-28 16:00:33.605 T:6455 debug : CVideoPlayerVideo::CalcDropRequirement - hurry: 0
2024-11-28 16:00:33.607 T:6452 debug : CVideoPlayer::ProcessVideoData size:278317 dts:293.210 pts:293.251 dur:41.000ms, clock:291.291 level:0
2024-11-28 16:00:33.607 T:6455 debug : CAMLCodec::AddData: dl:15311052 fl:411444 sz:334725(334848) lv:97.3% dts:293.126 pts:293.210
2024-11-28 16:00:33.608 T:6455 debug : CVideoPlayerVideo::CalcDropRequirement - hurry: 0
2024-11-28 16:00:33.611 T:6455 debug : CAMLCodec::AddData: dl:15587089 fl:135407 sz:276049(276160) lv:99.1% dts:293.168 pts:293.168
2024-11-28 16:00:33.611 T:6455 debug : CVideoPlayerVideo::CalcDropRequirement - hurry: 0
2024-11-28 16:00:33.612 T:6455 debug : CAMLCodec::AddData: skip add data dl:15586978 fl:135518 sz:278313(278400) lv:100.9% dts:293.210 pts:293.251
2024-11-28 16:00:33.613 T:6455 debug : CVideoPlayerVideo::CalcDropRequirement - hurry: 0
2024-11-28 16:00:33.613 T:6455 debug : CAMLCodec::AddData: skip add data dl:15586978 fl:135518 sz:278313(278400) lv:100.9% dts:293.210 pts:293.251
2024-11-28 16:00:33.614 T:6455 debug : CVideoPlayerVideo::CalcDropRequirement - hurry: 0
2024-11-28 16:00:33.615 T:6452 debug : CVideoPlayer::ProcessVideoData size:344961 dts:293.251 pts:293.376 dur:41.000ms, clock:291.260 level:0
2024-11-28 16:00:33.615 T:6455 debug : CAMLCodec::AddData: skip add data dl:15586978 fl:135518 sz:278313(278400) lv:100.9% dts:293.210 pts:293.251
2024-11-28 16:00:33.616 T:6455 debug : CVideoPlayerVideo::CalcDropRequirement - hurry: 0
2024-11-28 16:00:33.617 T:6455 debug : CAMLCodec::AddData: skip add data dl:15586978 fl:135518 sz:278313(278400) lv:100.9% dts:293.210 pts:293.251
2024-11-28 16:00:33.618 T:6455 debug : CVideoPlayerVideo::CalcDropRequirement - hurry: 0
2024-11-28 16:00:33.618 T:6455 debug : CAMLCodec::AddData: skip add data dl:15586978 fl:135518 sz:278313(278400) lv:100.9% dts:293.210 pts:293.251
2024-11-28 16:00:33.619 T:6452 debug : CVideoPlayer::ProcessVideoData size:265861 dts:293.293 pts:293.335 dur:41.000ms, clock:291.243 level:1
2024-11-28 16:00:33.621 T:6455 debug : CVideoPlayerVideo::CalcDropRequirement - hurry: 0
2024-11-28 16:00:33.621 T:6455 debug : CAMLCodec::AddData: skip add data dl:15586978 fl:135518 sz:278313(278400) lv:100.9% dts:293.210 pts:293.251
2024-11-28 16:00:33.622 T:6455 debug : CVideoPlayerVideo::CalcDropRequirement - hurry: 0
2024-11-28 16:00:33.623 T:6455 debug : CAMLCodec::AddData: skip add data dl:15586978 fl:135518 sz:278313(278400) lv:100.9% dts:293.210 pts:293.251
2024-11-28 16:00:33.624 T:6452 debug : CVideoPlayer::ProcessVideoData size:273568 dts:293.335 pts:293.418 dur:41.000ms, clock:291.225 level:2
2024-11-28 16:00:33.625 T:6455 debug : CVideoPlayerVideo::CalcDropRequirement - hurry: 0
2024-11-28 16:00:33.626 T:6455 debug : CAMLCodec::AddData: skip add data dl:15586978 fl:135518 sz:278313(278400) lv:100.9% dts:293.210 pts:293.251
2024-11-28 16:00:33.627 T:6455 debug : CVideoPlayerVideo::CalcDropRequirement - hurry: 0
2024-11-28 16:00:33.627 T:6455 debug : CAMLCodec::AddData: skip add data dl:15586978 fl:135518 sz:278313(278400) lv:100.9% dts:293.210 pts:293.251
2024-11-28 16:00:33.629 T:6455 debug : CVideoPlayerVideo::CalcDropRequirement - hurry: 0
2024-11-28 16:00:33.629 T:6455 debug : CAMLCodec::AddData: skip add data dl:15586978 fl:135518 sz:278313(278400) lv:100.9% dts:293.210 pts:293.251
2024-11-28 16:00:33.631 T:6455 debug : CVideoPlayerVideo::CalcDropRequirement - hurry: 0
2024-11-28 16:00:33.631 T:6455 debug : CAMLCodec::AddData: skip add data dl:15586978 fl:135518 sz:278313(278400) lv:100.9% dts:293.210 pts:293.251
2024-11-28 16:00:33.632 T:6455 debug : CVideoPlayerVideo::CalcDropRequirement - hurry: 0
2024-11-28 16:00:33.633 T:6455 debug : CAMLCodec::AddData: skip add data dl:15586978 fl:135518 sz:278313(278400) lv:100.9% dts:293.210 pts:293.251
2024-11-28 16:00:33.634 T:6455 debug : CVideoPlayerVideo::CalcDropRequirement - hurry: 0
2024-11-28 16:00:33.635 T:6455 debug : CAMLCodec::AddData: skip add data dl:15586978 fl:135518 sz:278313(278400) lv:100.9% dts:293.210 pts:293.251
2024-11-28 16:00:33.636 T:6455 debug : CVideoPlayerVideo::CalcDropRequirement - hurry: 0
2024-11-28 16:00:33.636 T:6455 debug : CAMLCodec::AddData: skip add data dl:15586978 fl:135518 sz:278313(278400) lv:100.9% dts:293.210 pts:293.251
2024-11-28 16:00:33.637 T:4489 debug : CAMLCodec::PollFrame elapsed:32.374ms
2024-11-28 16:00:33.638 T:6455 debug : CVideoPlayerVideo::CalcDropRequirement - hurry: 0
2024-11-28 16:00:33.638 T:6455 debug : CAMLCodec::AddData: skip add data dl:15586978 fl:135518 sz:278313(278400) lv:100.9% dts:293.210 pts:293.251
2024-11-28 16:00:33.639 T:6455 debug : CVideoPlayerVideo::CalcDropRequirement - hurry: 0
2024-11-28 16:00:33.640 T:6455 debug : CAMLCodec::AddData: skip add data dl:15586978 fl:135518 sz:278313(278400) lv:100.9% dts:293.210 pts:293.251
2024-11-28 16:00:33.640 T:6452 debug : CVideoPlayer::ProcessVideoData size:425306 dts:293.376 pts:293.794 dur:41.000ms, clock:291.159 level:2
2024-11-28 16:00:33.642 T:6455 debug : CVideoPlayerVideo::CalcDropRequirement - hurry: 0
2024-11-28 16:00:33.642 T:6455 debug : CAMLCodec::AddData: skip add data dl:15586978 fl:135518 sz:278313(278400) lv:100.9% dts:293.210 pts:293.251
2024-11-28 16:00:33.643 T:6452 debug : CVideoPlayer::ProcessVideoData size:346999 dts:293.418 pts:293.627 dur:41.000ms, clock:291.148 level:3
2024-11-28 16:00:33.644 T:6455 debug : CVideoPlayerVideo::CalcDropRequirement - hurry: 0
2024-11-28 16:00:33.645 T:6455 debug : CAMLCodec::AddData: skip add data dl:15586978 fl:135518 sz:278313(278400) lv:100.9% dts:293.210 pts:293.251
2024-11-28 16:00:33.646 T:6455 debug : CVideoPlayerVideo::CalcDropRequirement - hurry: 0
2024-11-28 16:00:33.646 T:6455 debug : CAMLCodec::AddData: skip add data dl:15586978 fl:135518 sz:278313(278400) lv:100.9% dts:293.210 pts:293.251
2024-11-28 16:00:33.648 T:6455 debug : CVideoPlayerVideo::CalcDropRequirement - hurry: 0
2024-11-28 16:00:33.648 T:6452 debug : CVideoPlayer::ProcessVideoData size:330225 dts:293.460 pts:293.543 dur:41.000ms, clock:291.128 level:3
2024-11-28 16:00:33.648 T:6455 debug : CAMLCodec::AddData: skip add data dl:15586978 fl:135518 sz:278313(278400) lv:100.9% dts:293.210 pts:293.251
2024-11-28 16:00:33.650 T:6455 debug : CVideoPlayerVideo::CalcDropRequirement - hurry: 0
2024-11-28 16:00:33.650 T:6455 debug : CAMLCodec::AddData: skip add data dl:15586978 fl:135518 sz:278313(278400) lv:100.9% dts:293.210 pts:293.251
2024-11-28 16:00:33.651 T:6455 debug : CVideoPlayerVideo::CalcDropRequirement - hurry: 0
2024-11-28 16:00:33.652 T:6455 debug : CAMLCodec::AddData: skip add data dl:15586978 fl:135518 sz:278313(278400) lv:100.9% dts:293.210 pts:293.251
2024-11-28 16:00:33.653 T:6452 debug : CVideoPlayer::ProcessVideoData size:267371 dts:293.502 pts:293.502 dur:41.000ms, clock:291.109 level:4
2024-11-28 16:00:33.654 T:6455 debug : CVideoPlayerVideo::CalcDropRequirement - hurry: 0
2024-11-28 16:00:33.654 T:6455 debug : CAMLCodec::AddData: skip add data dl:15586978 fl:135518 sz:278313(278400) lv:100.9% dts:293.210 pts:293.251
2024-11-28 16:00:33.656 T:6455 debug : CVideoPlayerVideo::CalcDropRequirement - hurry: 0
2024-11-28 16:00:33.656 T:6455 debug : CAMLCodec::AddData: skip add data dl:15586978 fl:135518 sz:278313(278400) lv:100.9% dts:293.210 pts:293.251
2024-11-28 16:00:33.657 T:6455 debug : CVideoPlayerVideo::CalcDropRequirement - hurry: 0
2024-11-28 16:00:33.658 T:6455 debug : CAMLCodec::AddData: skip add data dl:15586978 fl:135518 sz:278313(278400) lv:100.9% dts:293.210 pts:293.251
2024-11-28 16:00:33.658 T:6452 debug : CVideoPlayer::ProcessVideoData size:271948 dts:293.543 pts:293.585 dur:41.000ms, clock:291.089 level:4
2024-11-28 16:00:33.659 T:6455 debug : CVideoPlayerVideo::CalcDropRequirement - hurry: 0
2024-11-28 16:00:33.659 T:6455 debug : CAMLCodec::AddData: skip add data dl:15586978 fl:135518 sz:278313(278400) lv:100.9% dts:293.210 pts:293.251
2024-11-28 16:00:33.661 T:6455 debug : CVideoPlayerVideo::CalcDropRequirement - hurry: 0
2024-11-28 16:00:33.661 T:6455 debug : CAMLCodec::AddData: skip add data dl:15586978 fl:135518 sz:278313(278400) lv:100.9% dts:293.210 pts:293.251
2024-11-28 16:00:33.662 T:6455 debug : CVideoPlayerVideo::CalcDropRequirement - hurry: 0
2024-11-28 16:00:33.663 T:6455 debug : CAMLCodec::AddData: skip add data dl:15586978 fl:135518 sz:278313(278400) lv:100.9% dts:293.210 pts:293.251
2024-11-28 16:00:33.664 T:6455 debug : CVideoPlayerVideo::CalcDropRequirement - hurry: 0
2024-11-28 16:00:33.664 T:6455 debug : CAMLCodec::AddData: skip add data dl:15586978 fl:135518 sz:278313(278400) lv:100.9% dts:293.210 pts:293.251
2024-11-28 16:00:33.665 T:6452 debug : CVideoPlayer::ProcessVideoData size:335921 dts:293.585 pts:293.710 dur:41.000ms, clock:291.058 level:5
2024-11-28 16:00:33.666 T:6455 debug : CVideoPlayerVideo::CalcDropRequirement - hurry: 0
2024-11-28 16:00:33.666 T:6455 debug : CAMLCodec::AddData: skip add data dl:15586978 fl:135518 sz:278313(278400) lv:100.9% dts:293.210 pts:293.251
2024-11-28 16:00:33.668 T:6455 debug : CVideoPlayerVideo::CalcDropRequirement - hurry: 0
2024-11-28 16:00:33.669 T:6455 debug : CAMLCodec::AddData: skip add data dl:15586978 fl:135518 sz:278313(278400) lv:100.9% dts:293.210 pts:293.251
2024-11-28 16:00:33.670 T:6452 debug : CVideoPlayer::ProcessVideoData size:275332 dts:293.627 pts:293.668 dur:41.000ms, clock:291.041 level:5
2024-11-28 16:00:33.670 T:6455 debug : CVideoPlayerVideo::CalcDropRequirement - hurry: 0
2024-11-28 16:00:33.670 T:6455 debug : CAMLCodec::AddData: skip add data dl:15586978 fl:135518 sz:278313(278400) lv:100.9% dts:293.210 pts:293.251
2024-11-28 16:00:33.671 T:6455 debug : CVideoPlayerVideo::CalcDropRequirement - hurry: 0
2024-11-28 16:00:33.672 T:6455 debug : CAMLCodec::AddData: skip add data dl:15586978 fl:135518 sz:278313(278400) lv:100.9% dts:293.210 pts:293.251
2024-11-28 16:00:33.673 T:6455 debug : CVideoPlayerVideo::CalcDropRequirement - hurry: 0
2024-11-28 16:00:33.673 T:6455 debug : CAMLCodec::AddData: skip add data dl:15586978 fl:135518 sz:278313(278400) lv:100.9% dts:293.210 pts:293.251
2024-11-28 16:00:33.674 T:6452 debug : CVideoPlayer::ProcessVideoData size:294485 dts:293.668 pts:293.752 dur:41.000ms, clock:291.022 level:6
2024-11-28 16:00:33.676 T:6455 debug : CVideoPlayerVideo::CalcDropRequirement - hurry: 0
2024-11-28 16:00:33.676 T:6455 debug : CAMLCodec::AddData: skip add data dl:15586978 fl:135518 sz:278313(278400) lv:100.9% dts:293.210 pts:293.251
2024-11-28 16:00:33.678 T:6455 debug : CVideoPlayerVideo::CalcDropRequirement - hurry: 0
2024-11-28 16:00:33.678 T:6455 debug : CAMLCodec::AddData: skip add data dl:15586978 fl:135518 sz:278313(278400) lv:100.9% dts:293.210 pts:293.251
2024-11-28 16:00:33.679 T:4489 debug : CAMLCodec::PollFrame elapsed:30.807ms
2024-11-28 16:00:33.680 T:6455 debug : CVideoPlayerVideo::CalcDropRequirement - hurry: 0
2024-11-28 16:00:33.680 T:6455 debug : CAMLCodec::AddData: skip add data dl:15586978 fl:135518 sz:278313(278400) lv:100.9% dts:293.210 pts:293.251
2024-11-28 16:00:33.681 T:6455 debug : CVideoPlayerVideo::CalcDropRequirement - hurry: 0
2024-11-28 16:00:33.682 T:6455 debug : CAMLCodec::AddData: skip add data dl:15586978 fl:135518 sz:278313(278400) lv:100.9% dts:293.210 pts:293.251
2024-11-28 16:00:33.683 T:6455 debug : CVideoPlayerVideo::CalcDropRequirement - hurry: 0
2024-11-28 16:00:33.683 T:6455 debug : CAMLCodec::AddData: skip add data dl:15586978 fl:135518 sz:278313(278400) lv:100.9% dts:293.210 pts:293.251
2024-11-28 16:00:33.685 T:6455 debug : CVideoPlayerVideo::CalcDropRequirement - hurry: 0
2024-11-28 16:00:33.685 T:6452 debug : CVideoPlayer::ProcessVideoData size:411618 dts:293.710 pts:293.835 dur:41.000ms, clock:290.980 level:6
2024-11-28 16:00:33.685 T:6455 debug : CAMLCodec::AddData: skip add data dl:15586978 fl:135518 sz:278313(278400) lv:100.9% dts:293.210 pts:293.251
2024-11-28 16:00:33.686 T:6455 debug : CVideoPlayerVideo::CalcDropRequirement - hurry: 0
2024-11-28 16:00:33.687 T:6455 debug : CAMLCodec::AddData: skip add data dl:15586978 fl:135518 sz:278313(278400) lv:100.9% dts:293.210 pts:293.251
2024-11-28 16:00:33.688 T:6455 debug : CVideoPlayerVideo::CalcDropRequirement - hurry: 0
2024-11-28 16:00:33.688 T:6455 debug : CAMLCodec::AddData: skip add data dl:15586978 fl:135518 sz:278313(278400) lv:100.9% dts:293.210 pts:293.251
2024-11-28 16:00:33.690 T:6455 debug : CVideoPlayerVideo::CalcDropRequirement - hurry: 0
2024-11-28 16:00:33.690 T:6455 debug : CAMLCodec::AddData: skip add data dl:15586978 fl:135518 sz:278313(278400) lv:100.9% dts:293.210 pts:293.251
2024-11-28 16:00:33.691 T:6455 debug : CVideoPlayerVideo::CalcDropRequirement - hurry: 0
2024-11-28 16:00:33.692 T:6455 debug : CAMLCodec::AddData: skip add data dl:15586978 fl:135518 sz:278313(278400) lv:100.9% dts:293.210 pts:293.251
2024-11-28 16:00:33.693 T:6455 debug : CVideoPlayerVideo::CalcDropRequirement - hurry: 0
2024-11-28 16:00:33.693 T:6455 debug : CAMLCodec::AddData: skip add data dl:15586978 fl:135518 sz:278313(278400) lv:100.9% dts:293.210 pts:293.251
2024-11-28 16:00:33.695 T:6455 debug : CVideoPlayerVideo::CalcDropRequirement - hurry: 0
2024-11-28 16:00:33.695 T:6455 debug : CAMLCodec::AddData: skip add data dl:15586978 fl:135518 sz:278313(278400) lv:100.9% dts:293.210 pts:293.251
2024-11-28 16:00:33.696 T:6455 debug : CVideoPlayerVideo::CalcDropRequirement - hurry: 0
2024-11-28 16:00:33.697 T:6455 debug : CAMLCodec::AddData: skip add data dl:15586978 fl:135518 sz:278313(278400) lv:100.9% dts:293.210 pts:293.251
2024-11-28 16:00:33.698 T:6455 debug : CVideoPlayerVideo::CalcDropRequirement - hurry: 0
2024-11-28 16:00:33.699 T:6455 debug : CAMLCodec::AddData: skip add data dl:15586978 fl:135518 sz:278313(278400) lv:100.9% dts:293.210 pts:293.251
2024-11-28 16:00:33.699 T:6452 debug : CVideoPlayer::ProcessVideoData size:319961 dts:293.752 pts:294.169 dur:41.000ms, clock:290.922 level:7
2024-11-28 16:00:33.701 T:6455 debug : CVideoPlayerVideo::CalcDropRequirement - hurry: 0
2024-11-28 16:00:33.701 T:6455 debug : CAMLCodec::AddData: skip add data dl:15586978 fl:135518 sz:278313(278400) lv:100.9% dts:293.210 pts:293.251
2024-11-28 16:00:33.702 T:6452 debug : CVideoPlayer::ProcessVideoData size:247872 dts:293.794 pts:294.002 dur:41.000ms, clock:290.913 level:7
2024-11-28 16:00:33.703 T:6455 debug : CVideoPlayerVideo::CalcDropRequirement - hurry: 0
2024-11-28 16:00:33.703 T:6455 debug : CAMLCodec::AddData: skip add data dl:15586978 fl:135518 sz:278313(278400) lv:100.9% dts:293.210 pts:293.251
2024-11-28 16:00:33.704 T:6452 debug : CVideoPlayer::ProcessVideoData size:233792 dts:293.835 pts:293.919 dur:41.000ms, clock:290.904 level:8
2024-11-28 16:00:33.705 T:6455 debug : CVideoPlayerVideo::CalcDropRequirement - hurry: 0
2024-11-28 16:00:33.705 T:6455 debug : CAMLCodec::AddData: skip add data dl:15586978 fl:135518 sz:278313(278400) lv:100.9% dts:293.210 pts:293.251
2024-11-28 16:00:33.707 T:6455 debug : CVideoPlayerVideo::CalcDropRequirement - hurry: 0
2024-11-28 16:00:33.707 T:6455 debug : CAMLCodec::AddData: skip add data dl:15586978 fl:135518 sz:278313(278400) lv:100.9% dts:293.210 pts:293.251
2024-11-28 16:00:33.708 T:6455 debug : CVideoPlayerVideo::CalcDropRequirement - hurry: 0
2024-11-28 16:00:33.709 T:6452 debug : CVideoPlayer::ProcessVideoData size:188771 dts:293.877 pts:293.877 dur:41.000ms, clock:290.886 level:8
2024-11-28 16:00:33.709 T:6455 debug : CAMLCodec::AddData: skip add data dl:15586978 fl:135518 sz:278313(278400) lv:100.9% dts:293.210 pts:293.251
2024-11-28 16:00:33.710 T:6455 debug : CVideoPlayerVideo::CalcDropRequirement - hurry: 0
2024-11-28 16:00:33.710 T:6455 debug : CAMLCodec::AddData: skip add data dl:15586978 fl:135518 sz:278313(278400) lv:100.9% dts:293.210 pts:293.251
