2024-11-28 16:00:06.242 T:6455 debug : CAMLCodec::AddData: skip add data dl:15364027 fl:358469 sz:410699(410816) lv:100.3% dts:294.711 pts:294.836
2024-11-28 16:00:06.245 T:4489 info : Skipped 1 duplicate messages..
2024-11-28 16:00:06.245 T:4489 debug : CAMLCodec::ReleaseFrame idx:8206, drop:0
2024-11-28 16:00:06.247 T:6455 debug : CAMLCodec::AddData: skip add data dl:15364027 fl:358469 sz:410699(410816) lv:100.3% dts:294.711 pts:294.836
2024-11-28 16:00:06.279 T:4489 info : Skipped 17 duplicate messages..
2024-11-28 16:00:06.279 T:4489 debug : CAMLCodec::PollFrame elapsed:34.273ms
2024-11-28 16:00:06.281 T:6455 debug : CAMLCodec::AddData: dl:15438843 fl:283653 sz:410699(410816) lv:98.2% dts:294.711 pts:294.836
2024-11-28 16:00:06.281 T:6455 debug : CAMLCodec::DequeueBuffer: pts:292.459 idx:8212
2024-11-28 16:00:06.281 T:6455 debug : CAMLCodec::GetPicture: index: 8212, pts: 292.459, dur:42.000ms ar:1.78 elf:42ms
2024-11-28 16:00:06.281 T:6455 debug : CVideoPlayerVideo::OutputPicture - ttd:397ms pts:292.459 Clock:292.061 Level:5
2024-11-28 16:00:06.283 T:4489 debug : PrepareNextRender: frameOnScreen: 292.062 renderPts: 292.268 nextFramePts: 292.250 -> diff: 0.018 render: 1 forceNext: 0
2024-11-28 16:00:06.284 T:6455 debug : CAMLCodec::AddData: skip add data dl:15438726 fl:283770 sz:348750(348864) lv:100.4% dts:294.753 pts:295.170
2024-11-28 16:00:06.286 T:4489 info : Skipped 1 duplicate messages..
2024-11-28 16:00:06.286 T:4489 debug : CAMLCodec::ReleaseFrame idx:8207, drop:0
2024-11-28 16:00:06.287 T:6455 debug : CAMLCodec::AddData: skip add data dl:15438726 fl:283770 sz:348750(348864) lv:100.4% dts:294.753 pts:295.170
2024-11-28 16:00:06.320 T:4489 info : Skipped 23 duplicate messages..
2024-11-28 16:00:06.320 T:4489 debug : CAMLCodec::PollFrame elapsed:34.008ms
2024-11-28 16:00:06.321 T:6455 debug : CAMLCodec::DequeueBuffer: pts:292.501 idx:8213
2024-11-28 16:00:06.321 T:6455 debug : CAMLCodec::GetPicture: index: 8213, pts: 292.501, dur:42.000ms ar:1.78 elf:39ms
2024-11-28 16:00:06.322 T:6455 debug : CVideoPlayerVideo::OutputPicture - ttd:399ms pts:292.501 Clock:292.101 Level:5
2024-11-28 16:00:06.325 T:4489 debug : PrepareNextRender: frameOnScreen: 292.104 renderPts: 292.310 nextFramePts: 292.292 -> diff: 0.018 render: 1 forceNext: 0
2024-11-28 16:00:06.326 T:6455 debug : CAMLCodec::AddData: dl:15516230 fl:206266 sz:348750(348864) lv:98.6% dts:294.753 pts:295.170
2024-11-28 16:00:06.327 T:6455 debug : CAMLCodec::AddData: skip add data dl:15516116 fl:206380 sz:265858(265984) lv:100.3% dts:294.795 pts:295.003
2024-11-28 16:00:06.328 T:4489 debug : CAMLCodec::ReleaseFrame idx:8208, drop:0
2024-11-28 16:00:06.329 T:6455 debug : CAMLCodec::AddData: skip add data dl:15516116 fl:206380 sz:265858(265984) lv:100.3% dts:294.795 pts:295.003
2024-11-28 16:00:06.332 T:6452 info : Skipped 2 duplicate messages..
2024-11-28 16:00:06.332 T:6452 debug : CVideoPlayer::ProcessVideoData size:317897 dts:300.342 pts:300.383 dur:41.000ms, clock:292.112 level:69
2024-11-28 16:00:06.334 T:6455 debug : CAMLCodec::AddData: skip add data dl:15516116 fl:206380 sz:265858(265984) lv:100.3% dts:294.795 pts:295.003
2024-11-28 16:00:06.362 T:4489 info : Skipped 19 duplicate messages..
2024-11-28 16:00:06.362 T:4489 debug : CAMLCodec::PollFrame elapsed:34.173ms
2024-11-28 16:00:06.365 T:6455 debug : CAMLCodec::AddData: dl:15516372 fl:206124 sz:265858(265984) lv:98.7% dts:294.795 pts:295.003
2024-11-28 16:00:06.365 T:6455 debug : CAMLCodec::DequeueBuffer: pts:292.542 idx:8214
2024-11-28 16:00:06.365 T:6455 debug : CAMLCodec::GetPicture: index: 8214, pts: 292.542, dur:41.000ms ar:1.78 elf:43ms
2024-11-28 16:00:06.366 T:6455 debug : CVideoPlayerVideo::OutputPicture - ttd:396ms pts:292.542 Clock:292.145 Level:5
2024-11-28 16:00:06.367 T:4489 debug : PrepareNextRender: frameOnScreen: 292.147 renderPts: 292.352 nextFramePts: 292.334 -> diff: 0.018 render: 1 forceNext: 0
2024-11-28 16:00:06.368 T:6452 debug : CVideoPlayer::ProcessVideoData size:447087 dts:300.383 pts:300.509 dur:41.000ms, clock:292.147 level:69
2024-11-28 16:00:06.368 T:6455 debug : CAMLCodec::AddData: skip add data dl:15516246 fl:206250 sz:257776(257856) lv:100.3% dts:294.836 pts:294.920
2024-11-28 16:00:06.372 T:4489 info : Skipped 2 duplicate messages..
2024-11-28 16:00:06.372 T:4489 debug : CAMLCodec::ReleaseFrame idx:8209, drop:0
2024-11-28 16:00:06.373 T:6455 debug : CAMLCodec::AddData: skip add data dl:15516246 fl:206250 sz:257776(257856) lv:100.3% dts:294.836 pts:294.920
2024-11-28 16:00:06.404 T:4489 info : Skipped 23 duplicate messages..
2024-11-28 16:00:06.404 T:4489 debug : CAMLCodec::PollFrame elapsed:31.600ms
2024-11-28 16:00:06.404 T:6455 debug : CAMLCodec::AddData: skip add data dl:15516246 fl:206250 sz:257776(257856) lv:100.3% dts:294.836 pts:294.920
2024-11-28 16:00:06.406 T:6455 debug : CAMLCodec::DequeueBuffer: pts:292.584 idx:8215
2024-11-28 16:00:06.406 T:6455 debug : CAMLCodec::GetPicture: index: 8215, pts: 292.584, dur:42.000ms ar:1.78 elf:40ms
2024-11-28 16:00:06.406 T:6455 debug : CVideoPlayerVideo::OutputPicture - ttd:398ms pts:292.584 Clock:292.186 Level:5
2024-11-28 16:00:06.407 T:4489 debug : PrepareNextRender: frameOnScreen: 292.186 renderPts: 292.392 nextFramePts: 292.375 -> diff: 0.017 render: 1 forceNext: 0
2024-11-28 16:00:06.410 T:6455 debug : CAMLCodec::AddData: dl:15433878 fl:288618 sz:257776(257856) lv:98.1% dts:294.836 pts:294.920
2024-11-28 16:00:06.410 T:4489 debug : CAMLCodec::ReleaseFrame idx:8210, drop:0
2024-11-28 16:00:06.413 T:6455 debug : CAMLCodec::AddData: dl:15631942 fl:90554 sz:198044(198144) lv:99.4% dts:294.878 pts:294.878
2024-11-28 16:00:06.414 T:6455 debug : CAMLCodec::AddData: skip add data dl:15631842 fl:90654 sz:193988(194112) lv:100.6% dts:294.920 pts:294.961
2024-11-28 16:00:06.432 T:6452 info : Skipped 14 duplicate messages..
2024-11-28 16:00:06.432 T:6452 debug : CVideoPlayer::ProcessVideoData size:375198 dts:300.425 pts:300.842 dur:41.000ms, clock:292.212 level:68
2024-11-28 16:00:06.433 T:6455 debug : CAMLCodec::AddData: skip add data dl:15631842 fl:90654 sz:193988(194112) lv:100.6% dts:294.920 pts:294.961
2024-11-28 16:00:06.446 T:4489 info : Skipped 8 duplicate messages..
2024-11-28 16:00:06.446 T:4489 debug : CAMLCodec::PollFrame elapsed:35.047ms
2024-11-28 16:00:06.449 T:6455 debug : CAMLCodec::AddData: dl:15551714 fl:170782 sz:193988(194112) lv:98.9% dts:294.920 pts:294.961
2024-11-28 16:00:06.449 T:6455 debug : CAMLCodec::DequeueBuffer: pts:292.626 idx:8216
2024-11-28 16:00:06.449 T:4489 debug : PrepareNextRender: frameOnScreen: 292.229 renderPts: 292.434 nextFramePts: 292.417 -> diff: 0.017 render: 1 forceNext: 0
2024-11-28 16:00:06.449 T:6455 debug : CAMLCodec::GetPicture: index: 8216, pts: 292.626, dur:42.000ms ar:1.78 elf:42ms
2024-11-28 16:00:06.449 T:6455 debug : CVideoPlayerVideo::OutputPicture - ttd:397ms pts:292.626 Clock:292.229 Level:4
2024-11-28 16:00:06.451 T:6455 debug : CAMLCodec::AddData: skip add data dl:15551590 fl:170906 sz:250286(250368) lv:100.5% dts:294.961 pts:295.086
2024-11-28 16:00:06.453 T:4489 info : Skipped 1 duplicate messages..
2024-11-28 16:00:06.453 T:4489 debug : CAMLCodec::ReleaseFrame idx:8211, drop:0
2024-11-28 16:00:06.454 T:6452 debug : CVideoPlayer::ProcessVideoData size:284553 dts:300.467 pts:300.675 dur:41.000ms, clock:292.234 level:68
2024-11-28 16:00:06.454 T:6455 debug : CAMLCodec::AddData: skip add data dl:15551590 fl:170906 sz:250286(250368) lv:100.5% dts:294.961 pts:295.086
2024-11-28 16:00:06.488 T:4489 info : Skipped 22 duplicate messages..
2024-11-28 16:00:06.487 T:4489 debug : CAMLCodec::PollFrame elapsed:33.991ms
2024-11-28 16:00:06.489 T:6455 debug : CAMLCodec::AddData: dl:15525862 fl:196634 sz:250286(250368) lv:98.7% dts:294.961 pts:295.086
2024-11-28 16:00:06.489 T:6455 debug : CAMLCodec::DequeueBuffer: pts:292.667 idx:8217
2024-11-28 16:00:06.489 T:6455 debug : CAMLCodec::GetPicture: index: 8217, pts: 292.667, dur:41.000ms ar:1.78 elf:40ms
2024-11-28 16:00:06.489 T:6455 debug : CVideoPlayerVideo::OutputPicture - ttd:398ms pts:292.667 Clock:292.269 Level:5
2024-11-28 16:00:06.491 T:4489 debug : PrepareNextRender: frameOnScreen: 292.270 renderPts: 292.476 nextFramePts: 292.459 -> diff: 0.017 render: 1 forceNext: 0
2024-11-28 16:00:06.494 T:6455 debug : CAMLCodec::AddData: dl:15722260 fl:236 sz:196370(196480) lv:100.0% dts:295.003 pts:295.045
2024-11-28 16:00:06.494 T:4489 debug : CAMLCodec::ReleaseFrame idx:8212, drop:0
2024-11-28 16:00:06.494 T:6455 debug : CAMLCodec::AddData: skip add data dl:15722150 fl:346 sz:195173(195264) lv:101.2% dts:295.045 pts:295.128
2024-11-28 16:00:06.496 T:6452 info : Skipped 1 duplicate messages..
2024-11-28 16:00:06.496 T:6452 debug : CVideoPlayer::ProcessVideoData size:288690 dts:300.509 pts:300.592 dur:41.000ms, clock:292.276 level:68
2024-11-28 16:00:06.497 T:6455 debug : CAMLCodec::AddData: skip add data dl:15722150 fl:346 sz:195173(195264) lv:101.2% dts:295.045 pts:295.128
2024-11-28 16:00:06.507 T:6452 info : Skipped 7 duplicate messages..
2024-11-28 16:00:06.507 T:6452 debug : CVideoPlayer::ProcessVideoData size:216727 dts:300.550 pts:300.550 dur:41.000ms, clock:292.287 level:100
2024-11-28 16:00:06.509 T:6455 debug : CAMLCodec::AddData: skip add data dl:15722150 fl:346 sz:195173(195264) lv:101.2% dts:295.045 pts:295.128
2024-11-28 16:00:06.529 T:6455 info : Skipped 16 duplicate messages..
2024-11-28 16:00:06.529 T:6455 debug : CAMLCodec::DequeueBuffer: pts:292.709 idx:8218
2024-11-28 16:00:06.529 T:4489 debug : CAMLCodec::PollFrame elapsed:34.570ms
2024-11-28 16:00:06.529 T:6455 debug : CAMLCodec::GetPicture: index: 8218, pts: 292.709, dur:42.000ms ar:1.78 elf:39ms
2024-11-28 16:00:06.529 T:6455 debug : CVideoPlayerVideo::OutputPicture - ttd:400ms pts:292.709 Clock:292.309 Level:5
2024-11-28 16:00:06.532 T:4489 debug : PrepareNextRender: frameOnScreen: 292.311 renderPts: 292.517 nextFramePts: 292.501 -> diff: 0.016 render: 1 forceNext: 0
2024-11-28 16:00:06.533 T:6455 debug : CAMLCodec::AddData: dl:15485926 fl:236570 sz:195173(195264) lv:98.5% dts:295.045 pts:295.128
2024-11-28 16:00:06.534 T:6455 debug : CAMLCodec::AddData: skip add data dl:15485835 fl:236661 sz:339677(339776) lv:100.6% dts:295.086 pts:295.504
2024-11-28 16:00:06.534 T:4489 debug : CAMLCodec::ReleaseFrame idx:8213, drop:0
2024-11-28 16:00:06.536 T:6455 debug : CAMLCodec::AddData: skip add data dl:15485835 fl:236661 sz:339677(339776) lv:100.6% dts:295.086 pts:295.504
2024-11-28 16:00:06.571 T:4489 info : Skipped 24 duplicate messages..
2024-11-28 16:00:06.571 T:4489 debug : CAMLCodec::PollFrame elapsed:36.023ms
2024-11-28 16:00:06.571 T:6455 debug : CAMLCodec::DequeueBuffer: pts:292.751 idx:8219
2024-11-28 16:00:06.572 T:6455 debug : CAMLCodec::GetPicture: index: 8219, pts: 292.751, dur:42.000ms ar:1.78 elf:42ms
2024-11-28 16:00:06.572 T:6455 debug : CVideoPlayerVideo::OutputPicture - ttd:399ms pts:292.751 Clock:292.351 Level:5
2024-11-28 16:00:06.575 T:4489 debug : PrepareNextRender: frameOnScreen: 292.354 renderPts: 292.560 nextFramePts: 292.542 -> diff: 0.018 render: 1 forceNext: 0
2024-11-28 16:00:06.576 T:6455 debug : CAMLCodec::AddData: dl:15470027 fl:252469 sz:339677(339776) lv:98.4% dts:295.086 pts:295.504
2024-11-28 16:00:06.577 T:6455 debug : CAMLCodec::AddData: skip add data dl:15469928 fl:252568 sz:262797(262912) lv:100.0% dts:295.128 pts:295.337
2024-11-28 16:00:06.578 T:4489 debug : CAMLCodec::ReleaseFrame idx:8214, drop:0
2024-11-28 16:00:06.579 T:6455 debug : CAMLCodec::AddData: skip add data dl:15469928 fl:252568 sz:262797(262912) lv:100.0% dts:295.128 pts:295.337
2024-11-28 16:00:06.579 T:6452 debug : CVideoPlayer::ProcessVideoData size:218139 dts:300.592 pts:300.634 dur:41.000ms, clock:292.359 level:68
2024-11-28 16:00:06.581 T:6455 debug : CAMLCodec::AddData: skip add data dl:15469928 fl:252568 sz:262797(262912) lv:100.0% dts:295.128 pts:295.337
2024-11-28 16:00:06.601 T:6452 info : Skipped 13 duplicate messages..
2024-11-28 16:00:06.601 T:6452 debug : CVideoPlayer::ProcessVideoData size:275270 dts:300.634 pts:300.759 dur:41.000ms, clock:292.380 level:100
2024-11-28 16:00:06.602 T:6455 debug : CAMLCodec::AddData: skip add data dl:15469928 fl:252568 sz:262797(262912) lv:100.0% dts:295.128 pts:295.337
2024-11-28 16:00:06.612 T:4489 info : Skipped 6 duplicate messages..
2024-11-28 16:00:06.612 T:4489 debug : CAMLCodec::PollFrame elapsed:34.585ms
2024-11-28 16:00:06.615 T:6455 debug : CAMLCodec::AddData: dl:15392680 fl:329816 sz:262797(262912) lv:97.9% dts:295.128 pts:295.337
2024-11-28 16:00:06.615 T:6455 debug : CAMLCodec::DequeueBuffer: pts:292.793 idx:8220
2024-11-28 16:00:06.615 T:6455 debug : CAMLCodec::GetPicture: index: 8220, pts: 292.793, dur:42.000ms ar:1.78 elf:43ms
2024-11-28 16:00:06.615 T:6455 debug : CVideoPlayerVideo::OutputPicture - ttd:398ms pts:292.793 Clock:292.395 Level:5
2024-11-28 16:00:06.616 T:4489 debug : PrepareNextRender: frameOnScreen: 292.396 renderPts: 292.601 nextFramePts: 292.584 -> diff: 0.017 render: 1 forceNext: 0
2024-11-28 16:00:06.619 T:4489 debug : CAMLCodec::ReleaseFrame idx:8215, drop:0
2024-11-28 16:00:06.619 T:6455 debug : CAMLCodec::AddData: dl:15642869 fl:79627 sz:250199(250304) lv:99.5% dts:295.170 pts:295.253
2024-11-28 16:00:06.620 T:6455 debug : CAMLCodec::AddData: skip add data dl:15642764 fl:79732 sz:191369(191488) lv:100.7% dts:295.212 pts:295.212
2024-11-28 16:00:06.622 T:6452 info : Skipped 1 duplicate messages..
2024-11-28 16:00:06.622 T:6452 debug : CVideoPlayer::ProcessVideoData size:241749 dts:300.675 pts:300.717 dur:41.000ms, clock:292.402 level:68
2024-11-28 16:00:06.624 T:6455 debug : CAMLCodec::AddData: skip add data dl:15642764 fl:79732 sz:191369(191488) lv:100.7% dts:295.212 pts:295.212
2024-11-28 16:00:06.654 T:4489 info : Skipped 25 duplicate messages..
2024-11-28 16:00:06.654 T:4489 debug : CAMLCodec::PollFrame elapsed:34.541ms
2024-11-28 16:00:06.657 T:6455 debug : CAMLCodec::AddData: dl:15564428 fl:158068 sz:191369(191488) lv:99.0% dts:295.212 pts:295.212
2024-11-28 16:00:06.658 T:6455 debug : CAMLCodec::DequeueBuffer: pts:292.834 idx:8221
2024-11-28 16:00:06.658 T:6455 debug : CAMLCodec::GetPicture: index: 8221, pts: 292.834, dur:41.000ms ar:1.78 elf:42ms
2024-11-28 16:00:06.658 T:4489 debug : PrepareNextRender: frameOnScreen: 292.437 renderPts: 292.643 nextFramePts: 292.626 -> diff: 0.017 render: 1 forceNext: 0
2024-11-28 16:00:06.658 T:6455 debug : CVideoPlayerVideo::OutputPicture - ttd:396ms pts:292.834 Clock:292.437 Level:4
2024-11-28 16:00:06.659 T:6455 debug : CAMLCodec::AddData: skip add data dl:15564309 fl:158187 sz:187919(188032) lv:100.2% dts:295.253 pts:295.295
2024-11-28 16:00:06.660 T:4489 debug : CAMLCodec::ReleaseFrame idx:8216, drop:0
2024-11-28 16:00:06.661 T:6455 debug : CAMLCodec::AddData: skip add data dl:15564309 fl:158187 sz:187919(188032) lv:100.2% dts:295.253 pts:295.295
2024-11-28 16:00:06.664 T:6452 info : Skipped 2 duplicate messages..
2024-11-28 16:00:06.664 T:6452 debug : CVideoPlayer::ProcessVideoData size:222630 dts:300.717 pts:300.801 dur:41.000ms, clock:292.443 level:68
2024-11-28 16:00:06.665 T:6455 debug : CAMLCodec::AddData: skip add data dl:15564309 fl:158187 sz:187919(188032) lv:100.2% dts:295.253 pts:295.295
2024-11-28 16:00:06.696 T:4489 info : Skipped 24 duplicate messages..
2024-11-28 16:00:06.696 T:4489 debug : CAMLCodec::PollFrame elapsed:35.215ms
2024-11-28 16:00:06.696 T:6455 debug : CAMLCodec::DequeueBuffer: pts:292.876 idx:8222
2024-11-28 16:00:06.696 T:6455 debug : CAMLCodec::GetPicture: index: 8222, pts: 292.876, dur:42.000ms ar:1.78 elf:38ms
2024-11-28 16:00:06.696 T:6455 debug : CVideoPlayerVideo::OutputPicture - ttd:400ms pts:292.876 Clock:292.476 Level:5
2024-11-28 16:00:06.700 T:4489 debug : PrepareNextRender: frameOnScreen: 292.479 renderPts: 292.685 nextFramePts: 292.667 -> diff: 0.018 render: 1 forceNext: 0
2024-11-28 16:00:06.700 T:6455 debug : CAMLCodec::AddData: dl:15454165 fl:268331 sz:187919(188032) lv:98.3% dts:295.253 pts:295.295
2024-11-28 16:00:06.702 T:4489 debug : CAMLCodec::ReleaseFrame idx:8217, drop:0
2024-11-28 16:00:06.703 T:6455 debug : CAMLCodec::AddData: dl:15694244 fl:28252 sz:240092(240192) lv:99.8% dts:295.295 pts:295.420
2024-11-28 16:00:06.703 T:6455 debug : CAMLCodec::AddData: skip add data dl:15694144 fl:28352 sz:185758(185856) lv:101.0% dts:295.337 pts:295.378
2024-11-28 16:00:06.715 T:6452 info : Skipped 9 duplicate messages..
2024-11-28 16:00:06.715 T:6452 debug : CVideoPlayer::ProcessVideoData size:367202 dts:300.759 pts:301.176 dur:41.000ms, clock:292.495 level:68
2024-11-28 16:00:06.717 T:6455 debug : CAMLCodec::AddData: skip add data dl:15694144 fl:28352 sz:185758(185856) lv:101.0% dts:295.337 pts:295.378
2024-11-28 16:00:06.738 T:4489 info : Skipped 16 duplicate messages..
2024-11-28 16:00:06.738 T:4489 debug : CAMLCodec::PollFrame elapsed:35.805ms
2024-11-28 16:00:06.740 T:6455 debug : CAMLCodec::AddData: dl:15538560 fl:183936 sz:185758(185856) lv:98.8% dts:295.337 pts:295.378
2024-11-28 16:00:06.740 T:6455 debug : CAMLCodec::DequeueBuffer: pts:292.918 idx:8223
2024-11-28 16:00:06.740 T:6455 debug : CAMLCodec::GetPicture: index: 8223, pts: 292.918, dur:42.000ms ar:1.78 elf:43ms
2024-11-28 16:00:06.740 T:6455 debug : CVideoPlayerVideo::OutputPicture - ttd:398ms pts:292.918 Clock:292.520 Level:5
2024-11-28 16:00:06.741 T:4489 debug : PrepareNextRender: frameOnScreen: 292.521 renderPts: 292.726 nextFramePts: 292.709 -> diff: 0.017 render: 1 forceNext: 0
2024-11-28 16:00:06.742 T:6455 debug : CAMLCodec::AddData: skip add data dl:15538462 fl:184034 sz:193172(193280) lv:100.0% dts:295.378 pts:295.462
2024-11-28 16:00:06.744 T:4489 info : Skipped 1 duplicate messages..
2024-11-28 16:00:06.744 T:4489 debug : CAMLCodec::ReleaseFrame idx:8218, drop:0
2024-11-28 16:00:06.744 T:6455 debug : CAMLCodec::AddData: skip add data dl:15538462 fl:184034 sz:193172(193280) lv:100.0% dts:295.378 pts:295.462
2024-11-28 16:00:06.747 T:6452 info : Skipped 1 duplicate messages..
2024-11-28 16:00:06.747 T:6452 debug : CVideoPlayer::ProcessVideoData size:313308 dts:300.801 pts:301.009 dur:41.000ms, clock:292.526 level:68
2024-11-28 16:00:06.748 T:6455 debug : CAMLCodec::AddData: skip add data dl:15538462 fl:184034 sz:193172(193280) lv:100.0% dts:295.378 pts:295.462
2024-11-28 16:00:06.779 T:4489 info : Skipped 25 duplicate messages..
2024-11-28 16:00:06.779 T:4489 debug : CAMLCodec::PollFrame elapsed:34.972ms
2024-11-28 16:00:06.779 T:6452 debug : CVideoPlayer::ProcessVideoData size:278423 dts:300.842 pts:300.926 dur:41.000ms, clock:292.558 level:100
2024-11-28 16:00:06.781 T:6455 debug : CAMLCodec::DequeueBuffer: pts:292.959 idx:8224
2024-11-28 16:00:06.781 T:6455 debug : CAMLCodec::GetPicture: index: 8224, pts: 292.959, dur:41.000ms ar:1.78 elf:40ms
2024-11-28 16:00:06.781 T:6455 debug : CVideoPlayerVideo::OutputPicture - ttd:398ms pts:292.959 Clock:292.560 Level:5
2024-11-28 16:00:06.782 T:4489 debug : PrepareNextRender: frameOnScreen: 292.562 renderPts: 292.767 nextFramePts: 292.751 -> diff: 0.016 render: 1 forceNext: 0
2024-11-28 16:00:06.782 T:6455 debug : CAMLCodec::DequeueBuffer: pts:293.001 idx:8225
2024-11-28 16:00:06.782 T:6455 debug : CAMLCodec::GetPicture: index: 8225, pts: 293.001, dur:42.000ms ar:1.78 elf:1ms
2024-11-28 16:00:06.782 T:6455 debug : CVideoPlayerVideo::OutputPicture - ttd:439ms pts:293.001 Clock:292.562 Level:5
2024-11-28 16:00:06.783 T:6455 debug : CAMLCodec::DequeueBuffer: pts:293.043 idx:8226
2024-11-28 16:00:06.783 T:4489 debug : CAMLCodec::ReleaseFrame idx:8219, drop:0
2024-11-28 16:00:06.783 T:6455 debug : CAMLCodec::GetPicture: index: 8226, pts: 293.043, dur:42.000ms ar:1.78 elf:1ms
2024-11-28 16:00:06.784 T:6455 debug : CVideoPlayerVideo::OutputPicture - ttd:479ms pts:293.043 Clock:292.563 Level:6
2024-11-28 16:00:06.785 T:6455 debug : CAMLCodec::DequeueBuffer: pts:293.084 idx:8227
2024-11-28 16:00:06.785 T:6455 debug : CAMLCodec::GetPicture: index: 8227, pts: 293.084, dur:41.000ms ar:1.78 elf:1ms
2024-11-28 16:00:06.785 T:6455 debug : CVideoPlayerVideo::OutputPicture - ttd:519ms pts:293.084 Clock:292.565 Level:7
2024-11-28 16:00:06.788 T:6455 debug : CAMLCodec::AddData: dl:15443742 fl:278754 sz:193172(193280) lv:98.2% dts:295.378 pts:295.462
2024-11-28 16:00:06.790 T:6455 debug : CAMLCodec::AddData: skip add data dl:15443634 fl:278862 sz:350790(350912) lv:100.4% dts:295.420 pts:295.796
2024-11-28 16:00:06.790 T:6452 debug : CVideoPlayer::ProcessVideoData size:222103 dts:300.884 pts:300.884 dur:41.000ms, clock:292.570 level:100
2024-11-28 16:00:06.792 T:6455 debug : CAMLCodec::AddData: skip add data dl:15443634 fl:278862 sz:350790(350912) lv:100.4% dts:295.420 pts:295.796
2024-11-28 16:00:06.821 T:4489 info : Skipped 19 duplicate messages..
2024-11-28 16:00:06.821 T:4489 debug : CAMLCodec::PollFrame elapsed:37.350ms
2024-11-28 16:00:06.825 T:6455 debug : CAMLCodec::AddData: dl:15298866 fl:423630 sz:350790(350912) lv:97.3% dts:295.420 pts:295.796
2024-11-28 16:00:06.825 T:4489 debug : PrepareNextRender: frameOnScreen: 292.604 renderPts: 292.810 nextFramePts: 292.793 -> diff: 0.017 render: 1 forceNext: 0
2024-11-28 16:00:06.828 T:4489 debug : CAMLCodec::ReleaseFrame idx:8220, drop:0
2024-11-28 16:00:06.828 T:6455 debug : CAMLCodec::AddData: dl:15571512 fl:150984 sz:272704(272768) lv:99.0% dts:295.462 pts:295.670
2024-11-28 16:00:06.828 T:6455 debug : CAMLCodec::AddData: skip add data dl:15571448 fl:151048 sz:277854(277952) lv:100.8% dts:295.504 pts:295.587
2024-11-28 16:00:06.832 T:6452 info : Skipped 2 duplicate messages..
2024-11-28 16:00:06.832 T:6452 debug : CVideoPlayer::ProcessVideoData size:224233 dts:300.926 pts:300.967 dur:41.000ms, clock:292.612 level:68
2024-11-28 16:00:06.834 T:6455 debug : CAMLCodec::AddData: skip add data dl:15571448 fl:151048 sz:277854(277952) lv:100.8% dts:295.504 pts:295.587
2024-11-28 16:00:06.863 T:4489 info : Skipped 20 duplicate messages..
2024-11-28 16:00:06.863 T:4489 debug : CAMLCodec::PollFrame elapsed:34.575ms
2024-11-28 16:00:06.863 T:6455 debug : CAMLCodec::AddData: skip add data dl:15571448 fl:151048 sz:277854(277952) lv:100.8% dts:295.504 pts:295.587
2024-11-28 16:00:06.866 T:4489 debug : PrepareNextRender: frameOnScreen: 292.646 renderPts: 292.851 nextFramePts: 292.834 -> diff: 0.017 render: 1 forceNext: 0
2024-11-28 16:00:06.867 T:6455 debug : CAMLCodec::AddData: dl:15424824 fl:297672 sz:277854(277952) lv:98.1% dts:295.504 pts:295.587
2024-11-28 16:00:06.868 T:4489 debug : CAMLCodec::ReleaseFrame idx:8221, drop:0
2024-11-28 16:00:06.870 T:6455 debug : CAMLCodec::AddData: dl:15631638 fl:90858 sz:206806(206912) lv:99.4% dts:295.545 pts:295.545
2024-11-28 16:00:06.871 T:6455 debug : CAMLCodec::AddData: skip add data dl:15631532 fl:90964 sz:199844(199936) lv:100.7% dts:295.587 pts:295.629
2024-11-28 16:00:06.874 T:6452 info : Skipped 1 duplicate messages..
2024-11-28 16:00:06.874 T:6452 debug : CVideoPlayer::ProcessVideoData size:278615 dts:300.967 pts:301.092 dur:41.000ms, clock:292.654 level:67
2024-11-28 16:00:06.874 T:6455 debug : CAMLCodec::AddData: skip add data dl:15631532 fl:90964 sz:199844(199936) lv:100.7% dts:295.587 pts:295.629
2024-11-28 16:00:06.875 T:6452 debug : CVideoPlayer::ProcessVideoData size:222182 dts:301.009 pts:301.051 dur:41.000ms, clock:292.655 level:68
2024-11-28 16:00:06.877 T:6455 debug : CAMLCodec::AddData: skip add data dl:15631532 fl:90964 sz:199844(199936) lv:100.7% dts:295.587 pts:295.629
2024-11-28 16:00:06.904 T:4489 info : Skipped 19 duplicate messages..
2024-11-28 16:00:06.904 T:4489 debug : CAMLCodec::PollFrame elapsed:35.557ms
2024-11-28 16:00:06.907 T:6452 debug : CVideoPlayer::ProcessVideoData size:255337 dts:301.051 pts:301.134 dur:41.000ms, clock:292.687 level:68
2024-11-28 16:00:06.907 T:6455 debug : CAMLCodec::AddData: dl:15474604 fl:247892 sz:199844(199936) lv:98.4% dts:295.587 pts:295.629
2024-11-28 16:00:06.908 T:6455 debug : CAMLCodec::AddData: skip add data dl:15474512 fl:247984 sz:254765(254848) lv:100.0% dts:295.629 pts:295.754
2024-11-28 16:00:06.909 T:4489 debug : PrepareNextRender: frameOnScreen: 292.688 renderPts: 292.894 nextFramePts: 292.876 -> diff: 0.018 render: 1 forceNext: 0
2024-11-28 16:00:06.910 T:6455 debug : CAMLCodec::AddData: skip add data dl:15474512 fl:247984 sz:254765(254848) lv:100.0% dts:295.629 pts:295.754
2024-11-28 16:00:06.911 T:4489 debug : CAMLCodec::ReleaseFrame idx:8222, drop:0
2024-11-28 16:00:06.912 T:6455 debug : CAMLCodec::AddData: skip add data dl:15474512 fl:247984 sz:254765(254848) lv:100.0% dts:295.629 pts:295.754
2024-11-28 16:00:06.946 T:4489 info : Skipped 24 duplicate messages..
2024-11-28 16:00:06.946 T:4489 debug : CAMLCodec::PollFrame elapsed:35.065ms
2024-11-28 16:00:06.946 T:6455 debug : CAMLCodec::DequeueBuffer: pts:293.126 idx:8228
2024-11-28 16:00:06.946 T:6455 debug : CAMLCodec::GetPicture: index: 8228, pts: 293.126, dur:42.000ms ar:1.78 elf:161ms
2024-11-28 16:00:06.947 T:6455 debug : CVideoPlayerVideo::OutputPicture - ttd:399ms pts:293.126 Clock:292.726 Level:5
2024-11-28 16:00:06.950 T:4489 debug : PrepareNextRender: frameOnScreen: 292.730 renderPts: 292.935 nextFramePts: 292.918 -> diff: 0.017 render: 1 forceNext: 0
2024-11-28 16:00:06.951 T:6455 debug : CAMLCodec::AddData: dl:15394640 fl:327856 sz:254765(254848) lv:97.9% dts:295.629 pts:295.754
2024-11-28 16:00:06.953 T:4489 debug : CAMLCodec::ReleaseFrame idx:8223, drop:0
2024-11-28 16:00:06.953 T:6455 debug : CAMLCodec::AddData: dl:15590077 fl:132419 sz:195430(195520) lv:99.1% dts:295.670 pts:295.712
2024-11-28 16:00:06.955 T:6455 debug : CAMLCodec::AddData: skip add data dl:15589987 fl:132509 sz:410982(411072) lv:101.7% dts:295.712 pts:295.837
2024-11-28 16:00:06.970 T:6452 info : Skipped 8 duplicate messages..
2024-11-28 16:00:06.970 T:6452 debug : CVideoPlayer::ProcessVideoData size:371159 dts:301.092 pts:301.468 dur:41.000ms, clock:292.750 level:67
2024-11-28 16:00:06.972 T:6455 debug : CAMLCodec::AddData: skip add data dl:15589987 fl:132509 sz:410982(411072) lv:101.7% dts:295.712 pts:295.837
2024-11-28 16:00:06.988 T:6455 info : Skipped 8 duplicate messages..
2024-11-28 16:00:06.988 T:6455 debug : CAMLCodec::DequeueBuffer: pts:293.168 idx:8229
2024-11-28 16:00:06.988 T:4489 debug : CAMLCodec::PollFrame elapsed:34.548ms
2024-11-28 16:00:06.988 T:6455 debug : CAMLCodec::GetPicture: index: 8229, pts: 293.168, dur:42.000ms ar:1.78 elf:41ms
2024-11-28 16:00:06.988 T:6455 debug : CVideoPlayerVideo::OutputPicture - ttd:400ms pts:293.168 Clock:292.768 Level:5
2024-11-28 16:00:06.993 T:4489 debug : PrepareNextRender: frameOnScreen: 292.772 renderPts: 292.978 nextFramePts: 292.959 -> diff: 0.019 render: 1 forceNext: 0
2024-11-28 16:00:06.993 T:6452 debug : CVideoPlayer::ProcessVideoData size:346204 dts:301.134 pts:301.343 dur:41.000ms, clock:292.772 level:67
2024-11-28 16:00:06.993 T:6455 debug : CAMLCodec::AddData: dl:15725027 fl:-2531 sz:410982(411072) lv:100.0% dts:295.712 pts:295.837
2024-11-28 16:00:06.994 T:6455 debug : CAMLCodec::AddData: skip add data dl:15722496 fl:0 sz:332627(332736) lv:100.0% dts:295.754 pts:296.171
2024-11-28 16:00:06.995 T:6452 debug : CVideoPlayer::ProcessVideoData size:279245 dts:301.176 pts:301.259 dur:41.000ms, clock:292.774 level:68
2024-11-28 16:00:06.995 T:4489 debug : CAMLCodec::ReleaseFrame idx:8224, drop:0
2024-11-28 16:00:06.997 T:6455 debug : CAMLCodec::AddData: skip add data dl:15722496 fl:0 sz:332627(332736) lv:100.0% dts:295.754 pts:296.171
2024-11-28 16:00:07.026 T:6452 info : Skipped 19 duplicate messages..
2024-11-28 16:00:07.026 T:6452 debug : CVideoPlayer::ProcessVideoData size:242816 dts:301.218 pts:301.218 dur:41.000ms, clock:292.806 level:100
2024-11-28 16:00:07.027 T:6455 debug : CAMLCodec::AddData: skip add data dl:15722496 fl:0 sz:332627(332736) lv:100.0% dts:295.754 pts:296.171
2024-11-28 16:00:07.030 T:4489 info : Skipped 1 duplicate messages..
2024-11-28 16:00:07.030 T:4489 debug : CAMLCodec::PollFrame elapsed:33.795ms
2024-11-28 16:00:07.030 T:6455 debug : CAMLCodec::AddData: skip add data dl:15722496 fl:0 sz:332627(332736) lv:100.0% dts:295.754 pts:296.171
2024-11-28 16:00:07.031 T:6455 debug : CAMLCodec::DequeueBuffer: pts:293.210 idx:8230
2024-11-28 16:00:07.031 T:6455 debug : CAMLCodec::GetPicture: index: 8230, pts: 293.210, dur:42.000ms ar:1.78 elf:43ms
2024-11-28 16:00:07.031 T:6455 debug : CVideoPlayerVideo::OutputPicture - ttd:399ms pts:293.210 Clock:292.811 Level:5
2024-11-28 16:00:07.033 T:6455 debug : CAMLCodec::AddData: skip add data dl:15444160 fl:278336 sz:332627(332736) lv:100.3% dts:295.754 pts:296.171
2024-11-28 16:00:07.034 T:4489 debug : PrepareNextRender: frameOnScreen: 292.813 renderPts: 293.019 nextFramePts: 293.001 -> diff: 0.018 render: 1 forceNext: 0
2024-11-28 16:00:07.035 T:6455 debug : CAMLCodec::AddData: skip add data dl:15444160 fl:278336 sz:332627(332736) lv:100.3% dts:295.754 pts:296.171
2024-11-28 16:00:07.036 T:4489 debug : CAMLCodec::ReleaseFrame idx:8225, drop:0
2024-11-28 16:00:07.037 T:6455 debug : CAMLCodec::AddData: skip add data dl:15444160 fl:278336 sz:332627(332736) lv:100.3% dts:295.754 pts:296.171
2024-11-28 16:00:07.071 T:4489 info : Skipped 23 duplicate messages..
2024-11-28 16:00:07.071 T:4489 debug : CAMLCodec::PollFrame elapsed:34.784ms
2024-11-28 16:00:07.071 T:6455 debug : CAMLCodec::DequeueBuffer: pts:293.251 idx:8231
2024-11-28 16:00:07.071 T:6455 debug : CAMLCodec::GetPicture: index: 8231, pts: 293.251, dur:41.000ms ar:1.78 elf:40ms
2024-11-28 16:00:07.071 T:6455 debug : CVideoPlayerVideo::OutputPicture - ttd:399ms pts:293.251 Clock:292.851 Level:5
2024-11-28 16:00:07.075 T:4489 debug : PrepareNextRender: frameOnScreen: 292.855 renderPts: 293.060 nextFramePts: 293.043 -> diff: 0.017 render: 1 forceNext: 0
2024-11-28 16:00:07.076 T:6455 debug : CAMLCodec::AddData: dl:15431936 fl:290560 sz:332627(332736) lv:98.1% dts:295.754 pts:296.171
2024-11-28 16:00:07.078 T:6452 debug : CVideoPlayer::ProcessVideoData size:241072 dts:301.259 pts:301.301 dur:41.000ms, clock:292.858 level:68
2024-11-28 16:00:07.079 T:6455 debug : CAMLCodec::AddData: dl:15694684 fl:27812 sz:260318(260416) lv:99.8% dts:295.796 pts:296.004
2024-11-28 16:00:07.079 T:4489 debug : CAMLCodec::ReleaseFrame idx:8226, drop:0
2024-11-28 16:00:07.080 T:6455 debug : CAMLCodec::AddData: skip add data dl:15694586 fl:27910 sz:252989(253056) lv:101.4% dts:295.837 pts:295.921
2024-11-28 16:00:07.110 T:6452 info : Skipped 21 duplicate messages..
2024-11-28 16:00:07.110 T:6452 debug : CVideoPlayer::ProcessVideoData size:278381 dts:301.301 pts:301.426 dur:41.000ms, clock:292.889 level:100
2024-11-28 16:00:07.110 T:6455 debug : CAMLCodec::AddData: skip add data dl:15694586 fl:27910 sz:252989(253056) lv:101.4% dts:295.837 pts:295.921
2024-11-28 16:00:07.113 T:4489 info : Skipped 2 duplicate messages..
2024-11-28 16:00:07.113 T:4489 debug : CAMLCodec::PollFrame elapsed:33.774ms
2024-11-28 16:00:07.114 T:6455 debug : CAMLCodec::DequeueBuffer: pts:293.293 idx:8232
2024-11-28 16:00:07.115 T:6455 debug : CAMLCodec::GetPicture: index: 8232, pts: 293.293, dur:42.000ms ar:1.78 elf:43ms
2024-11-28 16:00:07.115 T:6455 debug : CVideoPlayerVideo::OutputPicture - ttd:398ms pts:293.293 Clock:292.894 Level:5
2024-11-28 16:00:07.116 T:4489 debug : PrepareNextRender: frameOnScreen: 292.896 renderPts: 293.105 nextFramePts: 293.084 -> diff: 0.021 render: 1 forceNext: 0
2024-11-28 16:00:07.119 T:4489 debug : CAMLCodec::ReleaseFrame idx:8227, drop:0
2024-11-28 16:00:07.119 T:6455 debug : CAMLCodec::AddData: dl:15681786 fl:40710 sz:252989(253056) lv:99.7% dts:295.837 pts:295.921
2024-11-28 16:00:07.120 T:6455 debug : CAMLCodec::AddData: skip add data dl:15681719 fl:40777 sz:196551(196672) lv:101.0% dts:295.879 pts:295.879
2024-11-28 16:00:07.155 T:4489 info : Skipped 26 duplicate messages..
2024-11-28 16:00:07.155 T:4489 debug : CAMLCodec::PollFrame elapsed:35.342ms
2024-11-28 16:00:07.155 T:6455 debug : CAMLCodec::AddData: skip add data dl:15681719 fl:40777 sz:196551(196672) lv:101.0% dts:295.879 pts:295.879
2024-11-28 16:00:07.156 T:6455 debug : CAMLCodec::DequeueBuffer: pts:293.335 idx:8233
2024-11-28 16:00:07.157 T:6455 debug : CAMLCodec::GetPicture: index: 8233, pts: 293.335, dur:42.000ms ar:1.78 elf:41ms
2024-11-28 16:00:07.157 T:6455 debug : CVideoPlayerVideo::OutputPicture - ttd:398ms pts:293.335 Clock:292.936 Level:5
2024-11-28 16:00:07.157 T:4489 debug : PrepareNextRender: frameOnScreen: 292.937 renderPts: 293.146 nextFramePts: 293.126 -> diff: 0.020 render: 1 forceNext: 0
2024-11-28 16:00:07.160 T:4489 debug : CAMLCodec::ReleaseFrame idx:8228, drop:0
2024-11-28 16:00:07.161 T:6455 debug : CAMLCodec::AddData: dl:15604855 fl:117641 sz:196551(196672) lv:99.2% dts:295.879 pts:295.879
2024-11-28 16:00:07.161 T:6455 debug : CAMLCodec::AddData: skip add data dl:15604734 fl:117762 sz:199352(199424) lv:100.5% dts:295.921 pts:295.962
2024-11-28 16:00:07.162 T:6452 debug : CVideoPlayer::ProcessVideoData size:237150 dts:301.343 pts:301.384 dur:41.000ms, clock:292.942 level:68
2024-11-28 16:00:07.164 T:6455 debug : CAMLCodec::AddData: skip add data dl:15604734 fl:117762 sz:199352(199424) lv:100.5% dts:295.921 pts:295.962
2024-11-28 16:00:07.196 T:4489 info : Skipped 24 duplicate messages..
2024-11-28 16:00:07.196 T:4489 debug : CAMLCodec::PollFrame elapsed:35.727ms
2024-11-28 16:00:07.197 T:6455 debug : CAMLCodec::DequeueBuffer: pts:293.376 idx:8234
2024-11-28 16:00:07.197 T:6455 debug : CAMLCodec::GetPicture: index: 8234, pts: 293.376, dur:41.000ms ar:1.78 elf:40ms
2024-11-28 16:00:07.198 T:6455 debug : CVideoPlayerVideo::OutputPicture - ttd:398ms pts:293.376 Clock:292.977 Level:5
2024-11-28 16:00:07.199 T:4489 debug : PrepareNextRender: frameOnScreen: 292.979 renderPts: 293.188 nextFramePts: 293.168 -> diff: 0.020 render: 1 forceNext: 0
2024-11-28 16:00:07.202 T:6455 debug : CAMLCodec::AddData: dl:15378878 fl:343618 sz:199352(199424) lv:97.8% dts:295.921 pts:295.962
2024-11-28 16:00:07.202 T:4489 debug : CAMLCodec::ReleaseFrame idx:8229, drop:0
2024-11-28 16:00:07.206 T:6455 debug : CAMLCodec::AddData: dl:15653430 fl:69066 sz:274509(274624) lv:99.5% dts:295.962 pts:296.087
2024-11-28 16:00:07.206 T:6452 debug : CVideoPlayer::ProcessVideoData size:447301 dts:301.384 pts:301.510 dur:41.000ms, clock:292.986 level:67
2024-11-28 16:00:07.207 T:6455 debug : CAMLCodec::AddData: skip add data dl:15653315 fl:69181 sz:206953(207040) lv:100.8% dts:296.004 pts:296.046
2024-11-28 16:00:07.238 T:4489 info : Skipped 22 duplicate messages..
2024-11-28 16:00:07.238 T:4489 debug : CAMLCodec::PollFrame elapsed:35.979ms
2024-11-28 16:00:07.239 T:6455 debug : CAMLCodec::DequeueBuffer: pts:293.418 idx:8235
2024-11-28 16:00:07.239 T:6455 debug : CAMLCodec::GetPicture: index: 8235, pts: 293.418, dur:42.000ms ar:1.78 elf:41ms
2024-11-28 16:00:07.239 T:6455 debug : CVideoPlayerVideo::OutputPicture - ttd:398ms pts:293.418 Clock:293.019 Level:5
2024-11-28 16:00:07.242 T:4489 debug : PrepareNextRender: frameOnScreen: 293.021 renderPts: 293.230 nextFramePts: 293.210 -> diff: 0.020 render: 1 forceNext: 0
2024-11-28 16:00:07.243 T:6455 debug : CAMLCodec::AddData: dl:15513347 fl:209149 sz:206953(207040) lv:98.6% dts:296.004 pts:296.046
2024-11-28 16:00:07.244 T:4489 debug : CAMLCodec::ReleaseFrame idx:8230, drop:0
2024-11-28 16:00:07.246 T:6455 debug : CAMLCodec::AddData: dl:15708844 fl:13652 sz:195494(195584) lv:99.9% dts:296.046 pts:296.129
2024-11-28 16:00:07.247 T:6455 debug : CAMLCodec::AddData: skip add data dl:15708754 fl:13742 sz:342015(342080) lv:102.0% dts:296.087 pts:296.505
2024-11-28 16:00:07.260 T:6452 info : Skipped 8 duplicate messages..
2024-11-28 16:00:07.260 T:6452 debug : CVideoPlayer::ProcessVideoData size:379144 dts:301.426 pts:301.843 dur:41.000ms, clock:293.040 level:67
2024-11-28 16:00:07.262 T:6455 debug : CAMLCodec::AddData: skip add data dl:15708754 fl:13742 sz:342015(342080) lv:102.0% dts:296.087 pts:296.505
2024-11-28 16:00:07.280 T:4489 info : Skipped 11 duplicate messages..
2024-11-28 16:00:07.280 T:4489 debug : CAMLCodec::PollFrame elapsed:35.570ms
2024-11-28 16:00:07.280 T:6455 debug : CAMLCodec::AddData: skip add data dl:15708754 fl:13742 sz:342015(342080) lv:102.0% dts:296.087 pts:296.505
2024-11-28 16:00:07.281 T:6455 debug : CAMLCodec::DequeueBuffer: pts:293.460 idx:8236
2024-11-28 16:00:07.281 T:6455 debug : CAMLCodec::GetPicture: index: 8236, pts: 293.460, dur:42.000ms ar:1.78 elf:42ms
2024-11-28 16:00:07.282 T:6455 debug : CVideoPlayerVideo::OutputPicture - ttd:398ms pts:293.460 Clock:293.061 Level:5
2024-11-28 16:00:07.283 T:4489 debug : PrepareNextRender: frameOnScreen: 293.062 renderPts: 293.271 nextFramePts: 293.251 -> diff: 0.020 render: 1 forceNext: 0
2024-11-28 16:00:07.286 T:4489 debug : CAMLCodec::ReleaseFrame idx:8231, drop:0
2024-11-28 16:00:07.286 T:6455 debug : CAMLCodec::AddData: dl:15720594 fl:1902 sz:342015(342080) lv:99.9% dts:296.087 pts:296.505
2024-11-28 16:00:07.287 T:6455 debug : CAMLCodec::AddData: skip add data dl:15720529 fl:1967 sz:284313(284416) lv:101.8% dts:296.129 pts:296.338
2024-11-28 16:00:07.292 T:6452 info : Skipped 3 duplicate messages..
2024-11-28 16:00:07.292 T:6452 debug : CVideoPlayer::ProcessVideoData size:293330 dts:301.468 pts:301.676 dur:41.000ms, clock:293.072 level:67
2024-11-28 16:00:07.294 T:6455 debug : CAMLCodec::AddData: skip add data dl:15720529 fl:1967 sz:284313(284416) lv:101.8% dts:296.129 pts:296.338
2024-11-28 16:00:07.303 T:6452 info : Skipped 6 duplicate messages..
2024-11-28 16:00:07.303 T:6452 debug : CVideoPlayer::ProcessVideoData size:268969 dts:301.510 pts:301.593 dur:41.000ms, clock:293.083 level:100
2024-11-28 16:00:07.305 T:6455 debug : CAMLCodec::AddData: skip add data dl:15720529 fl:1967 sz:284313(284416) lv:101.8% dts:296.129 pts:296.338
2024-11-28 16:00:07.321 T:4489 info : Skipped 11 duplicate messages..
2024-11-28 16:00:07.321 T:4489 debug : CAMLCodec::PollFrame elapsed:35.462ms
2024-11-28 16:00:07.322 T:6455 debug : CAMLCodec::DequeueBuffer: pts:293.502 idx:8237
2024-11-28 16:00:07.322 T:6455 debug : CAMLCodec::GetPicture: index: 8237, pts: 293.502, dur:42.000ms ar:1.78 elf:40ms
2024-11-28 16:00:07.322 T:6455 debug : CVideoPlayerVideo::OutputPicture - ttd:399ms pts:293.502 Clock:293.102 Level:5
2024-11-28 16:00:07.324 T:6455 debug : CAMLCodec::AddData: skip add data dl:15453137 fl:269359 sz:284313(284416) lv:100.1% dts:296.129 pts:296.338
2024-11-28 16:00:07.325 T:4489 debug : PrepareNextRender: frameOnScreen: 293.104 renderPts: 293.314 nextFramePts: 293.293 -> diff: 0.021 render: 1 forceNext: 0
2024-11-28 16:00:07.326 T:6455 debug : CAMLCodec::AddData: skip add data dl:15453137 fl:269359 sz:284313(284416) lv:100.1% dts:296.129 pts:296.338
2024-11-28 16:00:07.327 T:4489 debug : CAMLCodec::ReleaseFrame idx:8232, drop:0
2024-11-28 16:00:07.328 T:6455 debug : CAMLCodec::AddData: skip add data dl:15453137 fl:269359 sz:284313(284416) lv:100.1% dts:296.129 pts:296.338
2024-11-28 16:00:07.363 T:4489 info : Skipped 24 duplicate messages..
2024-11-28 16:00:07.363 T:4489 debug : CAMLCodec::PollFrame elapsed:35.677ms
2024-11-28 16:00:07.363 T:6455 debug : CAMLCodec::DequeueBuffer: pts:293.543 idx:8238
2024-11-28 16:00:07.363 T:6455 debug : CAMLCodec::GetPicture: index: 8238, pts: 293.543, dur:41.000ms ar:1.78 elf:41ms
2024-11-28 16:00:07.363 T:6455 debug : CVideoPlayerVideo::OutputPicture - ttd:399ms pts:293.543 Clock:293.143 Level:5
2024-11-28 16:00:07.367 T:4489 debug : PrepareNextRender: frameOnScreen: 293.146 renderPts: 293.355 nextFramePts: 293.335 -> diff: 0.020 render: 1 forceNext: 0
2024-11-28 16:00:07.367 T:6455 debug : CAMLCodec::AddData: dl:15465617 fl:256879 sz:284313(284416) lv:98.3% dts:296.129 pts:296.338
2024-11-28 16:00:07.370 T:4489 debug : CAMLCodec::ReleaseFrame idx:8233, drop:0
2024-11-28 16:00:07.371 T:6455 debug : CAMLCodec::AddData: dl:15725866 fl:-3370 sz:260287(260352) lv:100.0% dts:296.171 pts:296.254
2024-11-28 16:00:07.371 T:6455 debug : CAMLCodec::AddData: skip add data dl:15722496 fl:0 sz:209110(209216) lv:100.0% dts:296.213 pts:296.213
2024-11-28 16:00:07.375 T:6452 info : Skipped 2 duplicate messages..
2024-11-28 16:00:07.375 T:6452 debug : CVideoPlayer::ProcessVideoData size:221683 dts:301.551 pts:301.551 dur:41.000ms, clock:293.155 level:67
2024-11-28 16:00:07.377 T:6455 debug : CAMLCodec::AddData: skip add data dl:15722496 fl:0 sz:209110(209216) lv:100.0% dts:296.213 pts:296.213
2024-11-28 16:00:07.405 T:4489 info : Skipped 21 duplicate messages..
2024-11-28 16:00:07.405 T:4489 debug : CAMLCodec::PollFrame elapsed:34.960ms
2024-11-28 16:00:07.406 T:6455 debug : CAMLCodec::AddData: skip add data dl:15722496 fl:0 sz:209110(209216) lv:100.0% dts:296.213 pts:296.213
2024-11-28 16:00:07.407 T:6452 debug : CVideoPlayer::ProcessVideoData size:223659 dts:301.593 pts:301.635 dur:41.000ms, clock:293.186 level:100
2024-11-28 16:00:07.408 T:4489 debug : PrepareNextRender: frameOnScreen: 293.187 renderPts: 293.396 nextFramePts: 293.376 -> diff: 0.020 render: 1 forceNext: 0
2024-11-28 16:00:07.408 T:6455 debug : CAMLCodec::DequeueBuffer: pts:293.585 idx:8239
2024-11-28 16:00:07.408 T:6455 debug : CAMLCodec::GetPicture: index: 8239, pts: 293.585, dur:42.000ms ar:1.78 elf:44ms
2024-11-28 16:00:07.408 T:6455 debug : CVideoPlayerVideo::OutputPicture - ttd:396ms pts:293.585 Clock:293.188 Level:4
2024-11-28 16:00:07.411 T:4489 debug : CAMLCodec::ReleaseFrame idx:8234, drop:0
2024-11-28 16:00:07.412 T:6455 debug : CAMLCodec::AddData: dl:15595840 fl:126656 sz:209110(209216) lv:99.2% dts:296.213 pts:296.213
2024-11-28 16:00:07.413 T:6455 debug : CAMLCodec::AddData: skip add data dl:15599039 fl:123457 sz:193619(193728) lv:100.4% dts:296.254 pts:296.296
2024-11-28 16:00:07.446 T:4489 info : Skipped 27 duplicate messages..
2024-11-28 16:00:07.446 T:4489 debug : CAMLCodec::PollFrame elapsed:34.918ms
2024-11-28 16:00:07.447 T:6455 debug : CAMLCodec::DequeueBuffer: pts:293.627 idx:8240
2024-11-28 16:00:07.447 T:6455 debug : CAMLCodec::GetPicture: index: 8240, pts: 293.627, dur:42.000ms ar:1.78 elf:39ms
2024-11-28 16:00:07.448 T:6455 debug : CVideoPlayerVideo::OutputPicture - ttd:399ms pts:293.627 Clock:293.227 Level:5
2024-11-28 16:00:07.450 T:4489 debug : PrepareNextRender: frameOnScreen: 293.230 renderPts: 293.439 nextFramePts: 293.418 -> diff: 0.021 render: 1 forceNext: 0
2024-11-28 16:00:07.451 T:6455 debug : CAMLCodec::AddData: dl:15517439 fl:205057 sz:193619(193728) lv:98.7% dts:296.254 pts:296.296
2024-11-28 16:00:07.452 T:6455 debug : CAMLCodec::AddData: skip add data dl:15517330 fl:205166 sz:228026(228096) lv:100.1% dts:296.296 pts:296.421
2024-11-28 16:00:07.453 T:4489 debug : CAMLCodec::ReleaseFrame idx:8235, drop:0
2024-11-28 16:00:07.453 T:6455 debug : CAMLCodec::AddData: skip add data dl:15517330 fl:205166 sz:228026(228096) lv:100.1% dts:296.296 pts:296.421
2024-11-28 16:00:07.459 T:6452 info : Skipped 3 duplicate messages..
2024-11-28 16:00:07.459 T:6452 debug : CVideoPlayer::ProcessVideoData size:277599 dts:301.635 pts:301.760 dur:41.000ms, clock:293.238 level:67
2024-11-28 16:00:07.459 T:6455 debug : CAMLCodec::AddData: skip add data dl:15517330 fl:205166 sz:228026(228096) lv:100.1% dts:296.296 pts:296.421
2024-11-28 16:00:07.460 T:6452 debug : CVideoPlayer::ProcessVideoData size:227877 dts:301.676 pts:301.718 dur:41.000ms, clock:293.239 level:100
2024-11-28 16:00:07.461 T:6455 debug : CAMLCodec::AddData: skip add data dl:15517330 fl:205166 sz:228026(228096) lv:100.1% dts:296.296 pts:296.421
2024-11-28 16:00:07.488 T:4489 info : Skipped 21 duplicate messages..
2024-11-28 16:00:07.488 T:4489 debug : CAMLCodec::PollFrame elapsed:34.872ms
2024-11-28 16:00:07.491 T:6455 debug : CAMLCodec::AddData: dl:15450898 fl:271598 sz:228026(228096) lv:98.2% dts:296.296 pts:296.421
2024-11-28 16:00:07.491 T:4489 debug : PrepareNextRender: frameOnScreen: 293.271 renderPts: 293.480 nextFramePts: 293.460 -> diff: 0.020 render: 1 forceNext: 0
2024-11-28 16:00:07.491 T:6455 debug : CAMLCodec::DequeueBuffer: pts:293.668 idx:8241
2024-11-28 16:00:07.491 T:6455 debug : CAMLCodec::GetPicture: index: 8241, pts: 293.668, dur:41.000ms ar:1.78 elf:43ms
2024-11-28 16:00:07.491 T:6455 debug : CVideoPlayerVideo::OutputPicture - ttd:397ms pts:293.668 Clock:293.271 Level:4
2024-11-28 16:00:07.492 T:6455 debug : CAMLCodec::DequeueBuffer: pts:293.710 idx:8242
2024-11-28 16:00:07.492 T:6455 debug : CAMLCodec::GetPicture: index: 8242, pts: 293.710, dur:42.000ms ar:1.78 elf:1ms
2024-11-28 16:00:07.493 T:6455 debug : CVideoPlayerVideo::OutputPicture - ttd:437ms pts:293.710 Clock:293.272 Level:5
2024-11-28 16:00:07.493 T:4489 debug : CAMLCodec::ReleaseFrame idx:8236, drop:0
2024-11-28 16:00:07.494 T:6455 debug : CAMLCodec::DequeueBuffer: pts:293.752 idx:8243
2024-11-28 16:00:07.494 T:6455 debug : CAMLCodec::GetPicture: index: 8243, pts: 293.752, dur:42.000ms ar:1.78 elf:1ms
2024-11-28 16:00:07.494 T:6455 debug : CVideoPlayerVideo::OutputPicture - ttd:478ms pts:293.752 Clock:293.273 Level:6
2024-11-28 16:00:07.495 T:6455 debug : CAMLCodec::DequeueBuffer: pts:293.794 idx:8244
2024-11-28 16:00:07.495 T:6455 debug : CAMLCodec::GetPicture: index: 8244, pts: 293.794, dur:42.000ms ar:1.78 elf:1ms
2024-11-28 16:00:07.495 T:6455 debug : CVideoPlayerVideo::OutputPicture - ttd:519ms pts:293.794 Clock:293.275 Level:7
2024-11-28 16:00:07.498 T:6455 debug : CAMLCodec::AddData: dl:15646220 fl:76276 sz:195278(195392) lv:99.5% dts:296.338 pts:296.379
2024-11-28 16:00:07.499 T:6455 debug : CAMLCodec::AddData: skip add data dl:15646106 fl:76390 sz:191051(191168) lv:100.7% dts:296.379 pts:296.463
2024-11-28 16:00:07.501 T:6452 info : Skipped 1 duplicate messages..
2024-11-28 16:00:07.501 T:6452 debug : CVideoPlayer::ProcessVideoData size:238360 dts:301.718 pts:301.802 dur:41.000ms, clock:293.281 level:67
2024-11-28 16:00:07.503 T:6455 debug : CAMLCodec::AddData: skip add data dl:15646106 fl:76390 sz:191051(191168) lv:100.7% dts:296.379 pts:296.463
2024-11-28 16:00:07.530 T:4489 info : Skipped 21 duplicate messages..
2024-11-28 16:00:07.530 T:4489 debug : CAMLCodec::PollFrame elapsed:37.281ms
2024-11-28 16:00:07.532 T:6455 debug : CAMLCodec::AddData: dl:15425690 fl:296806 sz:191051(191168) lv:98.1% dts:296.379 pts:296.463
2024-11-28 16:00:07.534 T:4489 debug : PrepareNextRender: frameOnScreen: 293.313 renderPts: 293.523 nextFramePts: 293.502 -> diff: 0.021 render: 1 forceNext: 0
2024-11-28 16:00:07.535 T:6455 debug : CAMLCodec::AddData: dl:15716901 fl:5595 sz:291234(291328) lv:99.9% dts:296.421 pts:296.797
2024-11-28 16:00:07.535 T:6455 debug : CAMLCodec::AddData: skip add data dl:15716807 fl:5689 sz:265719(265792) lv:101.6% dts:296.463 pts:296.671
2024-11-28 16:00:07.536 T:4489 debug : CAMLCodec::ReleaseFrame idx:8237, drop:0
2024-11-28 16:00:07.537 T:6455 debug : CAMLCodec::AddData: skip add data dl:15716807 fl:5689 sz:265719(265792) lv:101.6% dts:296.463 pts:296.671
2024-11-28 16:00:07.558 T:6452 info : Skipped 14 duplicate messages..
2024-11-28 16:00:07.558 T:6452 debug : CVideoPlayer::ProcessVideoData size:393157 dts:301.760 pts:302.177 dur:41.000ms, clock:293.338 level:66
2024-11-28 16:00:07.560 T:6455 debug : CAMLCodec::AddData: skip add data dl:15716807 fl:5689 sz:265719(265792) lv:101.6% dts:296.463 pts:296.671
2024-11-28 16:00:07.570 T:6452 info : Skipped 6 duplicate messages..
2024-11-28 16:00:07.570 T:6452 debug : CVideoPlayer::ProcessVideoData size:291480 dts:301.802 pts:302.010 dur:41.000ms, clock:293.349 level:100
2024-11-28 16:00:07.571 T:6455 debug : CAMLCodec::AddData: skip add data dl:15716807 fl:5689 sz:265719(265792) lv:101.6% dts:296.463 pts:296.671
2024-11-28 16:00:07.572 T:4489 debug : CAMLCodec::PollFrame elapsed:35.290ms
2024-11-28 16:00:07.576 T:6455 debug : CAMLCodec::AddData: dl:15662663 fl:59833 sz:265719(265792) lv:99.6% dts:296.463 pts:296.671
2024-11-28 16:00:07.576 T:4489 debug : PrepareNextRender: frameOnScreen: 293.356 renderPts: 293.565 nextFramePts: 293.543 -> diff: 0.022 render: 1 forceNext: 0
2024-11-28 16:00:07.576 T:6455 debug : CAMLCodec::AddData: skip add data dl:15662590 fl:59906 sz:241710(241792) lv:101.1% dts:296.505 pts:296.588
2024-11-28 16:00:07.579 T:4489 info : Skipped 1 duplicate messages..
2024-11-28 16:00:07.579 T:4489 debug : CAMLCodec::ReleaseFrame idx:8238, drop:0
2024-11-28 16:00:07.579 T:6455 debug : CAMLCodec::AddData: skip add data dl:15662590 fl:59906 sz:241710(241792) lv:101.1% dts:296.505 pts:296.588
2024-11-28 16:00:07.613 T:4489 info : Skipped 27 duplicate messages..
2024-11-28 16:00:07.613 T:4489 debug : CAMLCodec::PollFrame elapsed:34.177ms
2024-11-28 16:00:07.613 T:6455 debug : CAMLCodec::AddData: skip add data dl:15662590 fl:59906 sz:241710(241792) lv:101.1% dts:296.505 pts:296.588
2024-11-28 16:00:07.617 T:4489 debug : PrepareNextRender: frameOnScreen: 293.397 renderPts: 293.606 nextFramePts: 293.585 -> diff: 0.021 render: 1 forceNext: 0
2024-11-28 16:00:07.617 T:6455 debug : CAMLCodec::AddData: dl:15656510 fl:65986 sz:241710(241792) lv:99.5% dts:296.505 pts:296.588
2024-11-28 16:00:07.618 T:6455 debug : CAMLCodec::AddData: skip add data dl:15656428 fl:66068 sz:194556(194624) lv:100.8% dts:296.546 pts:296.546
2024-11-28 16:00:07.619 T:4489 debug : CAMLCodec::ReleaseFrame idx:8239, drop:0
2024-11-28 16:00:07.619 T:6455 debug : CAMLCodec::AddData: skip add data dl:15656428 fl:66068 sz:194556(194624) lv:100.8% dts:296.546 pts:296.546
2024-11-28 16:00:07.621 T:6452 info : Skipped 1 duplicate messages..
2024-11-28 16:00:07.621 T:6452 debug : CVideoPlayer::ProcessVideoData size:274338 dts:301.843 pts:301.927 dur:41.000ms, clock:293.401 level:66
2024-11-28 16:00:07.623 T:6455 debug : CAMLCodec::AddData: skip add data dl:15656428 fl:66068 sz:194556(194624) lv:100.8% dts:296.546 pts:296.546
2024-11-28 16:00:07.655 T:4489 info : Skipped 25 duplicate messages..
2024-11-28 16:00:07.655 T:4489 debug : CAMLCodec::PollFrame elapsed:35.963ms
2024-11-28 16:00:07.657 T:6455 debug : CAMLCodec::AddData: dl:15617260 fl:105236 sz:194556(194624) lv:99.3% dts:296.546 pts:296.546
2024-11-28 16:00:07.657 T:6455 debug : CAMLCodec::DequeueBuffer: pts:293.835 idx:8245
