2024-11-28 16:00:27.305 T:6455 debug : CAMLCodec::AddData: skip add data dl:15352894 fl:369602 sz:394432(394496) lv:100.1% dts:315.273 pts:315.482
2024-11-28 16:00:27.307 T:4489 info : Skipped 1 duplicate messages..
2024-11-28 16:00:27.307 T:4489 debug : CAMLCodec::ReleaseFrame idx:8711, drop:0
2024-11-28 16:00:27.308 T:6455 debug : CAMLCodec::AddData: skip add data dl:15352894 fl:369602 sz:394432(394496) lv:100.1% dts:315.273 pts:315.482
2024-11-28 16:00:27.340 T:4489 info : Skipped 23 duplicate messages..
2024-11-28 16:00:27.340 T:4489 debug : CAMLCodec::PollFrame elapsed:33.271ms
2024-11-28 16:00:27.340 T:6455 debug : CAMLCodec::AddData: skip add data dl:15352894 fl:369602 sz:394432(394496) lv:100.1% dts:315.273 pts:315.482
2024-11-28 16:00:27.344 T:6455 debug : CAMLCodec::AddData: dl:15211838 fl:510658 sz:394432(394496) lv:96.7% dts:315.273 pts:315.482
2024-11-28 16:00:27.346 T:4489 debug : PrepareNextRender: frameOnScreen: 313.127 renderPts: 313.334 nextFramePts: 313.313 -> diff: 0.021 render: 1 forceNext: 0
2024-11-28 16:00:27.348 T:6455 debug : CAMLCodec::AddData: dl:15580542 fl:141954 sz:368650(368768) lv:99.1% dts:315.315 pts:315.398
2024-11-28 16:00:27.349 T:6455 debug : CAMLCodec::AddData: skip add data dl:15580424 fl:142072 sz:292516(292608) lv:100.9% dts:315.357 pts:315.357
2024-11-28 16:00:27.350 T:6452 debug : CVideoPlayer::ProcessVideoData size:323849 dts:320.195 pts:320.237 dur:41.000ms, clock:313.131 level:60
2024-11-28 16:00:27.351 T:6455 debug : CAMLCodec::AddData: skip add data dl:15580424 fl:142072 sz:292516(292608) lv:100.9% dts:315.357 pts:315.357
2024-11-28 16:00:27.352 T:6452 debug : CVideoPlayer::ProcessVideoData size:335605 dts:320.237 pts:320.320 dur:41.000ms, clock:313.133 level:60
2024-11-28 16:00:27.352 T:6455 debug : CAMLCodec::AddData: skip add data dl:15580424 fl:142072 sz:292516(292608) lv:100.9% dts:315.357 pts:315.357
2024-11-28 16:00:27.353 T:4489 debug : CAMLCodec::ReleaseFrame idx:8712, drop:0
2024-11-28 16:00:27.354 T:6455 debug : CAMLCodec::AddData: skip add data dl:15580424 fl:142072 sz:292516(292608) lv:100.9% dts:315.357 pts:315.357
2024-11-28 16:00:27.382 T:4489 info : Skipped 20 duplicate messages..
2024-11-28 16:00:27.382 T:4489 debug : CAMLCodec::PollFrame elapsed:29.122ms
2024-11-28 16:00:27.384 T:6455 debug : CAMLCodec::AddData: dl:15368520 fl:353976 sz:292516(292608) lv:97.7% dts:315.357 pts:315.357
2024-11-28 16:00:27.387 T:6455 debug : CAMLCodec::AddData: dl:15657516 fl:64980 sz:288980(289088) lv:99.5% dts:315.398 pts:315.440
2024-11-28 16:00:27.387 T:4489 debug : PrepareNextRender: frameOnScreen: 313.168 renderPts: 313.375 nextFramePts: 313.355 -> diff: 0.020 render: 1 forceNext: 0
2024-11-28 16:00:27.388 T:6455 debug : CAMLCodec::AddData: skip add data dl:15657408 fl:65088 sz:340635(340736) lv:101.7% dts:315.440 pts:315.565
2024-11-28 16:00:27.393 T:4489 info : Skipped 3 duplicate messages..
2024-11-28 16:00:27.393 T:4489 debug : CAMLCodec::ReleaseFrame idx:8713, drop:0
2024-11-28 16:00:27.394 T:4494 debug : CLibInputKeyboard::ProcessKey - using delay: 500ms repeat: 33ms
2024-11-28 16:00:27.394 T:6455 debug : CAMLCodec::AddData: skip add data dl:15657408 fl:65088 sz:340635(340736) lv:101.7% dts:315.440 pts:315.565
2024-11-28 16:00:27.394 T:6504 debug : Thread Timer start, auto delete: false
2024-11-28 16:00:27.396 T:6455 debug : CAMLCodec::AddData: skip add data dl:15657408 fl:65088 sz:340635(340736) lv:101.7% dts:315.440 pts:315.565
2024-11-28 16:00:27.405 T:6452 info : Skipped 6 duplicate messages..
2024-11-28 16:00:27.405 T:6452 debug : CVideoPlayer::ProcessVideoData size:482732 dts:320.278 pts:320.695 dur:41.000ms, clock:313.186 level:60
2024-11-28 16:00:27.407 T:6455 debug : CAMLCodec::AddData: skip add data dl:15657408 fl:65088 sz:340635(340736) lv:101.7% dts:315.440 pts:315.565
2024-11-28 16:00:27.424 T:4489 info : Skipped 11 duplicate messages..
2024-11-28 16:00:27.423 T:4489 debug : CAMLCodec::PollFrame elapsed:30.012ms
2024-11-28 16:00:27.425 T:4489 debug : Keyboard: scancode: 0x1c, sym: 0x0d (enter), unicode: 0x0d, modifier: 0x0
2024-11-28 16:00:27.426 T:6455 debug : CAMLCodec::AddData: dl:15625920 fl:96576 sz:340635(340736) lv:99.3% dts:315.440 pts:315.565
2024-11-28 16:00:27.427 T:6455 debug : CAMLCodec::AddData: skip add data dl:15625819 fl:96677 sz:287080(287168) lv:101.2% dts:315.482 pts:315.524
2024-11-28 16:00:27.429 T:4489 info : Skipped 1 duplicate messages..
2024-11-28 16:00:27.429 T:4489 debug : PrepareNextRender: frameOnScreen: 313.210 renderPts: 313.417 nextFramePts: 313.396 -> diff: 0.021 render: 1 forceNext: 0
2024-11-28 16:00:27.430 T:6455 debug : CAMLCodec::AddData: skip add data dl:15625819 fl:96677 sz:287080(287168) lv:101.2% dts:315.482 pts:315.524
2024-11-28 16:00:27.434 T:4489 info : Skipped 2 duplicate messages..
2024-11-28 16:00:27.434 T:4489 debug : CAMLCodec::ReleaseFrame idx:8714, drop:0
2024-11-28 16:00:27.434 T:6455 debug : CAMLCodec::AddData: skip add data dl:15625819 fl:96677 sz:287080(287168) lv:101.2% dts:315.482 pts:315.524
2024-11-28 16:00:27.465 T:4489 info : Skipped 24 duplicate messages..
2024-11-28 16:00:27.465 T:4489 debug : CAMLCodec::PollFrame elapsed:30.738ms
2024-11-28 16:00:27.466 T:6455 debug : CAMLCodec::AddData: skip add data dl:15625819 fl:96677 sz:287080(287168) lv:101.2% dts:315.482 pts:315.524
2024-11-28 16:00:27.467 T:6455 debug : CAMLCodec::DequeueBuffer: pts:313.647 idx:8720
2024-11-28 16:00:27.467 T:6455 debug : CAMLCodec::GetPicture: index: 8720, pts: 313.647, dur:42.000ms ar:1.78 elf:163ms
2024-11-28 16:00:27.467 T:6455 debug : CVideoPlayerVideo::OutputPicture - ttd:398ms pts:313.647 Clock:313.248 Level:5
2024-11-28 16:00:27.471 T:4489 debug : PrepareNextRender: frameOnScreen: 313.251 renderPts: 313.458 nextFramePts: 313.438 -> diff: 0.020 render: 1 forceNext: 0
2024-11-28 16:00:27.471 T:6455 debug : CAMLCodec::AddData: dl:15566555 fl:155941 sz:287080(287168) lv:99.0% dts:315.482 pts:315.524
2024-11-28 16:00:27.472 T:6455 debug : CAMLCodec::AddData: skip add data dl:15566467 fl:156029 sz:524639(524736) lv:102.3% dts:315.524 pts:315.649
2024-11-28 16:00:27.477 T:4489 info : Skipped 3 duplicate messages..
2024-11-28 16:00:27.477 T:4489 debug : CAMLCodec::ReleaseFrame idx:8715, drop:0
2024-11-28 16:00:27.478 T:6455 debug : CAMLCodec::AddData: skip add data dl:15566467 fl:156029 sz:524639(524736) lv:102.3% dts:315.524 pts:315.649
2024-11-28 16:00:27.478 T:6452 debug : CVideoPlayer::ProcessVideoData size:410314 dts:320.320 pts:320.529 dur:41.000ms, clock:313.259 level:59
2024-11-28 16:00:27.480 T:6455 debug : CAMLCodec::AddData: skip add data dl:15566467 fl:156029 sz:524639(524736) lv:102.3% dts:315.524 pts:315.649
2024-11-28 16:00:27.507 T:6455 info : Skipped 17 duplicate messages..
2024-11-28 16:00:27.507 T:6455 debug : CAMLCodec::AddData: skip add data dl:15266499 fl:455997 sz:524639(524736) lv:100.4% dts:315.524 pts:315.649
2024-11-28 16:00:27.507 T:4489 debug : CAMLCodec::PollFrame elapsed:30.026ms
2024-11-28 16:00:27.508 T:6455 debug : CAMLCodec::DequeueBuffer: pts:313.688 idx:8721
2024-11-28 16:00:27.509 T:6455 debug : CAMLCodec::GetPicture: index: 8721, pts: 313.688, dur:41.000ms ar:1.78 elf:41ms
2024-11-28 16:00:27.509 T:6455 debug : CVideoPlayerVideo::OutputPicture - ttd:398ms pts:313.688 Clock:313.290 Level:5
2024-11-28 16:00:27.510 T:6455 debug : CAMLCodec::AddData: skip add data dl:15266499 fl:455997 sz:524639(524736) lv:100.4% dts:315.524 pts:315.649
2024-11-28 16:00:27.513 T:4489 info : Skipped 1 duplicate messages..
2024-11-28 16:00:27.512 T:4489 debug : PrepareNextRender: frameOnScreen: 313.293 renderPts: 313.500 nextFramePts: 313.480 -> diff: 0.020 render: 1 forceNext: 0
2024-11-28 16:00:27.514 T:6455 debug : CAMLCodec::AddData: skip add data dl:15266499 fl:455997 sz:524639(524736) lv:100.4% dts:315.524 pts:315.649
2024-11-28 16:00:27.517 T:4489 info : Skipped 1 duplicate messages..
2024-11-28 16:00:27.517 T:4489 debug : CAMLCodec::ReleaseFrame idx:8716, drop:0
2024-11-28 16:00:27.518 T:6455 debug : CAMLCodec::AddData: skip add data dl:15266499 fl:455997 sz:524639(524736) lv:100.4% dts:315.524 pts:315.649
2024-11-28 16:00:27.520 T:6452 info : Skipped 1 duplicate messages..
2024-11-28 16:00:27.520 T:6452 debug : CVideoPlayer::ProcessVideoData size:388162 dts:320.362 pts:320.445 dur:41.000ms, clock:313.301 level:60
2024-11-28 16:00:27.520 T:6455 debug : CAMLCodec::AddData: skip add data dl:15266499 fl:455997 sz:524639(524736) lv:100.4% dts:315.524 pts:315.649
2024-11-28 16:00:27.524 T:6504 info : Skipped 2 duplicate messages..
2024-11-28 16:00:27.524 T:6504 debug : Thread Timer 3814412800 terminating
2024-11-28 16:00:27.525 T:6455 debug : CAMLCodec::AddData: skip add data dl:15266499 fl:455997 sz:524639(524736) lv:100.4% dts:315.524 pts:315.649
2024-11-28 16:00:27.549 T:6455 info : Skipped 16 duplicate messages..
2024-11-28 16:00:27.549 T:6455 debug : CAMLCodec::DequeueBuffer: pts:313.730 idx:8722
2024-11-28 16:00:27.549 T:4489 debug : CAMLCodec::PollFrame elapsed:31.029ms
2024-11-28 16:00:27.549 T:6455 debug : CAMLCodec::GetPicture: index: 8722, pts: 313.730, dur:42.000ms ar:1.78 elf:40ms
2024-11-28 16:00:27.549 T:6455 debug : CVideoPlayerVideo::OutputPicture - ttd:400ms pts:313.730 Clock:313.330 Level:5
2024-11-28 16:00:27.550 T:4489 debug : Keyboard: scancode: 0x1c, sym: 0x0d (enter), unicode: 0x0d, modifier: 0x0
2024-11-28 16:00:27.550 T:4489 debug : HandleKey: return (0xf00d) pressed, window 12901, action is Select
2024-11-28 16:00:27.552 T:6452 debug : CVideoPlayer::Process - ffd/rwd: lastpts:313.313 clock:313.333 lastseekpts:0.000 speed:-2000 error:-0.020
2024-11-28 16:00:27.553 T:6455 debug : CAMLCodec::AddData: dl:15484739 fl:237757 sz:524639(524736) lv:98.4% dts:315.524 pts:315.649
2024-11-28 16:00:27.554 T:6455 debug : CAMLCodec::SetSpeed, speed(-2000)
2024-11-28 16:00:27.554 T:6455 debug : SetCodecControl 10000000->0
2024-11-28 16:00:27.555 T:6455 debug : CAMLCodec::AddData: skip add data dl:15484642 fl:237854 sz:480295(480384) lv:101.5% dts:315.565 pts:315.982
2024-11-28 16:00:27.556 T:4489 debug : PrepareNextRender: frameOnScreen: 313.325 renderPts: 313.532 nextFramePts: 313.492 -> diff: 0.040 render: 1 forceNext: 0
2024-11-28 16:00:27.557 T:6455 debug : CAMLCodec::AddData: skip add data dl:15484642 fl:237854 sz:480295(480384) lv:101.5% dts:315.565 pts:315.982
2024-11-28 16:00:27.561 T:6456 info : Skipped 1 duplicate messages..
2024-11-28 16:00:27.561 T:6456 debug : CDVDAudio::Pause - pausing audio stream
2024-11-28 16:00:27.561 T:6455 debug : CAMLCodec::AddData: skip add data dl:15484642 fl:237854 sz:480295(480384) lv:101.5% dts:315.565 pts:315.982
2024-11-28 16:00:27.562 T:4489 debug : CAMLCodec::ReleaseFrame idx:8717, drop:0
2024-11-28 16:00:27.563 T:6455 debug : CAMLCodec::AddData: skip add data dl:15484642 fl:237854 sz:480295(480384) lv:101.5% dts:315.565 pts:315.982
2024-11-28 16:00:27.591 T:4489 info : Skipped 15 duplicate messages..
2024-11-28 16:00:27.591 T:4489 debug : CAMLCodec::PollFrame elapsed:27.977ms
2024-11-28 16:00:27.592 T:6455 debug : CAMLCodec::DequeueBuffer: pts:313.772 idx:8723
2024-11-28 16:00:27.592 T:6455 debug : CAMLCodec::GetPicture: index: 8723, pts: 313.772, dur:42.000ms ar:1.78 elf:43ms
2024-11-28 16:00:27.597 T:6452 debug : CVideoPlayer::ProcessVideoData size:338948 dts:320.403 pts:320.403 dur:41.000ms, clock:313.242 level:100
2024-11-28 16:00:27.603 T:4489 debug : PrepareNextRender: frameOnScreen: 313.231 renderPts: 313.438 nextFramePts: 313.398 -> diff: 0.040 render: 1 forceNext: 0
2024-11-28 16:00:27.609 T:4489 debug : CAMLCodec::ReleaseFrame idx:8718, drop:0
2024-11-28 16:00:27.632 T:4489 debug : CAMLCodec::PollFrame elapsed:23.246ms
2024-11-28 16:00:27.637 T:4489 debug : PrepareNextRender: frameOnScreen: 313.163 renderPts: 313.370 nextFramePts: 313.330 -> diff: 0.040 render: 1 forceNext: 0
2024-11-28 16:00:27.641 T:4489 debug : CAMLCodec::ReleaseFrame idx:8719, drop:0
2024-11-28 16:00:27.644 T:6455 debug : CAMLCodec::DequeueBuffer: pts:313.814 idx:8724
2024-11-28 16:00:27.644 T:6455 debug : CAMLCodec::GetPicture: index: 8724, pts: 313.814, dur:42.000ms ar:1.78 elf:51ms
2024-11-28 16:00:27.674 T:4489 debug : CAMLCodec::PollFrame elapsed:32.630ms
2024-11-28 16:00:27.678 T:4489 debug : PrepareNextRender: frameOnScreen: 313.080 renderPts: 313.287 nextFramePts: 313.247 -> diff: 0.040 render: 1 forceNext: 0
2024-11-28 16:00:27.683 T:4489 debug : CAMLCodec::ReleaseFrame idx:8720, drop:0
2024-11-28 16:00:27.695 T:6455 debug : CAMLCodec::DequeueBuffer: pts:313.855 idx:8725
2024-11-28 16:00:27.695 T:6455 debug : CAMLCodec::GetPicture: index: 8725, pts: 313.855, dur:41.000ms ar:1.78 elf:51ms
2024-11-28 16:00:27.716 T:4489 debug : CAMLCodec::PollFrame elapsed:33.374ms
2024-11-28 16:00:27.721 T:4489 debug : PrepareNextRender: frameOnScreen: 312.995 renderPts: 313.202 nextFramePts: 313.162 -> diff: 0.040 render: 1 forceNext: 0
2024-11-28 16:00:27.725 T:4489 debug : CAMLCodec::ReleaseFrame idx:8721, drop:0
2024-11-28 16:00:27.746 T:6455 debug : CAMLCodec::DequeueBuffer: pts:313.897 idx:8726
2024-11-28 16:00:27.746 T:6455 debug : CAMLCodec::GetPicture: index: 8726, pts: 313.897, dur:42.000ms ar:1.78 elf:51ms
2024-11-28 16:00:27.764 T:4489 debug : CAMLCodec::PollFrame elapsed:39.157ms
2024-11-28 16:00:27.768 T:4489 debug : PrepareNextRender: frameOnScreen: 312.900 renderPts: 313.107 nextFramePts: 313.067 -> diff: 0.040 render: 1 forceNext: 0
2024-11-28 16:00:27.769 T:6452 debug : CVideoPlayer::Process - ffd/rwd: lastpts:313.563 clock:312.898 lastseekpts:0.000 speed:-2000 error:0.665
2024-11-28 16:00:27.772 T:4489 debug : CAMLCodec::ReleaseFrame idx:8722, drop:0
2024-11-28 16:00:27.798 T:6455 debug : CAMLCodec::DequeueBuffer: pts:313.939 idx:8727
2024-11-28 16:00:27.798 T:6455 debug : CAMLCodec::GetPicture: index: 8727, pts: 313.939, dur:42.000ms ar:1.78 elf:51ms
2024-11-28 16:00:27.805 T:4489 debug : CAMLCodec::PollFrame elapsed:32.521ms
2024-11-28 16:00:27.840 T:4489 debug : CAMLCodec::PollFrame elapsed:28.675ms
2024-11-28 16:00:27.849 T:6455 debug : CAMLCodec::DequeueBuffer: pts:313.980 idx:8728
2024-11-28 16:00:27.849 T:6455 debug : CAMLCodec::GetPicture: index: 8728, pts: 313.980, dur:41.000ms ar:1.78 elf:51ms
2024-11-28 16:00:27.881 T:4489 debug : CAMLCodec::PollFrame elapsed:34.665ms
2024-11-28 16:00:27.901 T:6455 debug : CAMLCodec::DequeueBuffer: pts:314.022 idx:8729
2024-11-28 16:00:27.901 T:6455 debug : CAMLCodec::GetPicture: index: 8729, pts: 314.022, dur:42.000ms ar:1.78 elf:51ms
2024-11-28 16:00:27.923 T:4489 debug : CAMLCodec::PollFrame elapsed:34.829ms
2024-11-28 16:00:27.952 T:6455 debug : CVideoPlayerVideo::CalcDropRequirement - hurry: 0
2024-11-28 16:00:27.952 T:6455 debug : SetCodecControl 0->4000000
2024-11-28 16:00:27.955 T:6455 debug : CAMLCodec::AddData: dl:13420706 fl:2301790 sz:480295(480384) lv:85.3% dts:315.565 pts:315.982
2024-11-28 16:00:27.956 T:6455 debug : CVideoPlayerVideo::CalcDropRequirement - hurry: 0
2024-11-28 16:00:27.958 T:6455 debug : CAMLCodec::AddData: dl:13802825 fl:1919671 sz:382125(382208) lv:87.8% dts:315.607 pts:315.816
2024-11-28 16:00:27.959 T:6455 debug : CVideoPlayerVideo::CalcDropRequirement - hurry: 0
2024-11-28 16:00:27.961 T:6455 debug : CAMLCodec::AddData: dl:14135158 fl:1587338 sz:332300(332416) lv:89.9% dts:315.649 pts:315.732
2024-11-28 16:00:27.962 T:6452 debug : CVideoPlayer::ProcessVideoData size:342365 dts:320.445 pts:320.487 dur:41.000ms, clock:312.513 level:59
2024-11-28 16:00:27.962 T:6452 debug : CVideoPlayer::Process - ffd/rwd: lastpts:313.563 clock:312.512 lastseekpts:0.000 speed:-2000 error:1.051
2024-11-28 16:00:27.962 T:6452 debug : CVideoPlayer::Process - Seeking to catch up, error was: 312.512 time:311.512
2024-11-28 16:00:27.962 T:6455 debug : CVideoPlayerVideo::CalcDropRequirement - hurry: 0
2024-11-28 16:00:27.963 T:6452 debug : CVideoPlayer::ProcessVideoData size:395193 dts:320.487 pts:320.612 dur:41.000ms, clock:312.510 level:59
2024-11-28 16:00:27.963 T:6452 debug : demuxer seek to: 311512.165638
2024-11-28 16:00:27.965 T:6454 debug : CDoubleCache::Reset - (0x35ec9e0) Cache miss for 2518217493 with new=786432-11272192 and old=2604223749-2614709509
2024-11-28 16:00:27.965 T:6454 debug : CFileCache::Process - cache completely reset for seek to position 2518217493
2024-11-28 16:00:27.965 T:4489 debug : CAMLCodec::PollFrame elapsed:34.941ms
2024-11-28 16:00:27.966 T:6455 debug : CAMLCodec::AddData: dl:14415938 fl:1306558 sz:280813(280896) lv:91.7% dts:315.690 pts:315.690
2024-11-28 16:00:27.966 T:6455 debug : CVideoPlayerVideo::CalcDropRequirement - hurry: 0
2024-11-28 16:00:27.969 T:6455 debug : CAMLCodec::AddData: dl:14693615 fl:1028881 sz:277656(277760) lv:93.4% dts:315.732 pts:315.774
2024-11-28 16:00:27.969 T:6455 debug : CVideoPlayerVideo::CalcDropRequirement - hurry: 0
2024-11-28 16:00:27.972 T:6455 debug : CAMLCodec::AddData: dl:15027719 fl:694777 sz:334108(334208) lv:95.5% dts:315.774 pts:315.899
2024-11-28 16:00:27.972 T:6455 debug : CVideoPlayerVideo::CalcDropRequirement - hurry: 0
2024-11-28 16:00:27.975 T:6455 debug : CAMLCodec::AddData: dl:15312547 fl:409949 sz:284840(284928) lv:97.4% dts:315.816 pts:315.857
2024-11-28 16:00:27.975 T:6455 debug : CVideoPlayerVideo::CalcDropRequirement - hurry: 0
2024-11-28 16:00:27.978 T:6455 debug : CAMLCodec::AddData: dl:15616267 fl:106229 sz:303711(303808) lv:99.3% dts:315.857 pts:315.941
2024-11-28 16:00:27.978 T:6455 debug : CVideoPlayerVideo::CalcDropRequirement - hurry: 0
2024-11-28 16:00:27.978 T:6452 debug : SeekTime - seek ended up on time 310685
2024-11-28 16:00:27.978 T:6452 debug : demuxer seek to: 311512.165638, success
2024-11-28 16:00:27.978 T:6452 debug : CVideoPlayer::FlushBuffers - flushing buffers
2024-11-28 16:00:27.978 T:6452 debug : CVideoPlayer::HandleMessages: flush buffers: dts:311.512 lastSeek:29.773 clock:312.479
2024-11-28 16:00:27.979 T:6452 debug : CVideoPlayer::Process - ffd/rwd: lastpts:313.563 clock:312.479 lastseekpts:311.512 speed:-2000 error:1.084
2024-11-28 16:00:27.979 T:6455 debug : CAMLCodec::AddData: skip add data dl:15616170 fl:106326 sz:411015(411136) lv:101.9% dts:315.899 pts:316.149
2024-11-28 16:00:27.979 T:6455 debug : CAMLCodec::Reset
2024-11-28 16:00:27.979 T:6452 debug : CVideoPlayer::Process - Seeking to catch up, error was: 0.967 time:311.479
2024-11-28 16:00:27.979 T:6452 debug : CVideoPlayer::ProcessVideoData size:435148 dts:18442240474082.180 pts:310.685 dur:41.000ms, clock:312.478 level:58
2024-11-28 16:00:27.980 T:6452 debug : demuxer seek to: 311479.046970
2024-11-28 16:00:27.981 T:6452 debug : SeekTime - seek ended up on time 310685
2024-11-28 16:00:27.981 T:6452 debug : demuxer seek to: 311479.046970, success
2024-11-28 16:00:27.981 T:6452 debug : CVideoPlayer::FlushBuffers - flushing buffers
2024-11-28 16:00:27.981 T:6452 debug : CVideoPlayer::HandleMessages: flush buffers: dts:311.479 lastSeek:29.776 clock:312.474
2024-11-28 16:00:27.981 T:6452 debug : CVideoPlayer::Process - ffd/rwd: lastpts:313.563 clock:312.474 lastseekpts:311.479 speed:-2000 error:1.089
2024-11-28 16:00:27.981 T:6452 debug : CVideoPlayer::Process - Seeking to catch up, error was: 0.995 time:311.474
2024-11-28 16:00:27.982 T:6452 debug : CVideoPlayer::ProcessVideoData size:435148 dts:18442240474082.180 pts:310.685 dur:41.000ms, clock:312.472 level:97
2024-11-28 16:00:27.982 T:6452 debug : demuxer seek to: 311473.771638
2024-11-28 16:00:27.983 T:6452 debug : SeekTime - seek ended up on time 310685
2024-11-28 16:00:27.984 T:6452 debug : demuxer seek to: 311473.771638, success
2024-11-28 16:00:27.984 T:6452 debug : CVideoPlayer::FlushBuffers - flushing buffers
2024-11-28 16:00:27.984 T:6452 debug : CVideoPlayer::HandleMessages: flush buffers: dts:311.474 lastSeek:29.778 clock:312.469
2024-11-28 16:00:27.984 T:6452 debug : CVideoPlayer::Process - ffd/rwd: lastpts:313.563 clock:312.469 lastseekpts:311.474 speed:-2000 error:1.094
2024-11-28 16:00:27.984 T:6452 debug : CVideoPlayer::Process - Seeking to catch up, error was: 0.995 time:311.469
2024-11-28 16:00:27.985 T:6452 debug : CVideoPlayer::ProcessVideoData size:435148 dts:18442240474082.180 pts:310.685 dur:41.000ms, clock:312.467 level:98
2024-11-28 16:00:27.985 T:6452 debug : demuxer seek to: 311468.723304
2024-11-28 16:00:27.986 T:6452 debug : SeekTime - seek ended up on time 310685
2024-11-28 16:00:27.986 T:6452 debug : demuxer seek to: 311468.723304, success
2024-11-28 16:00:27.986 T:6452 debug : CVideoPlayer::FlushBuffers - flushing buffers
2024-11-28 16:00:27.986 T:6452 debug : CVideoPlayer::HandleMessages: flush buffers: dts:311.469 lastSeek:29.781 clock:312.464
2024-11-28 16:00:27.986 T:6452 debug : CVideoPlayer::Process - ffd/rwd: lastpts:313.563 clock:312.464 lastseekpts:311.469 speed:-2000 error:1.099
2024-11-28 16:00:27.986 T:6452 debug : CVideoPlayer::Process - Seeking to catch up, error was: 0.995 time:311.464
2024-11-28 16:00:27.987 T:6452 debug : CVideoPlayer::ProcessVideoData size:435148 dts:18442240474082.180 pts:310.685 dur:41.000ms, clock:312.462 level:99
2024-11-28 16:00:27.987 T:6452 debug : demuxer seek to: 311463.634388
2024-11-28 16:00:27.987 T:6456 debug : CDVDAudio::Flush - flush audio stream
2024-11-28 16:00:27.989 T:6452 info : Skipped 3 duplicate messages..
2024-11-28 16:00:27.989 T:6452 debug : SeekTime - seek ended up on time 310685
2024-11-28 16:00:27.989 T:6452 debug : demuxer seek to: 311463.634388, success
2024-11-28 16:00:27.989 T:6452 debug : CVideoPlayer::FlushBuffers - flushing buffers
2024-11-28 16:00:27.989 T:6452 debug : CVideoPlayer::HandleMessages: flush buffers: dts:311.464 lastSeek:29.783 clock:312.459
2024-11-28 16:00:27.989 T:6452 debug : CVideoPlayer::Process - ffd/rwd: lastpts:313.563 clock:312.458 lastseekpts:311.464 speed:-2000 error:1.105
2024-11-28 16:00:27.989 T:6452 debug : CVideoPlayer::Process - Seeking to catch up, error was: 0.995 time:311.458
2024-11-28 16:00:27.998 T:6456 debug : CDVDAudio::Flush - flush audio stream
2024-11-28 16:00:27.999 T:6452 debug : demuxer seek to: 311458.432470
2024-11-28 16:00:28.001 T:6452 debug : SeekTime - seek ended up on time 310685
2024-11-28 16:00:28.001 T:6452 debug : demuxer seek to: 311458.432470, success
2024-11-28 16:00:28.001 T:6452 debug : CVideoPlayer::FlushBuffers - flushing buffers
2024-11-28 16:00:28.001 T:6452 debug : CVideoPlayer::HandleMessages: flush buffers: dts:311.458 lastSeek:29.795 clock:312.434
2024-11-28 16:00:28.001 T:6452 debug : CVideoPlayer::Process - ffd/rwd: lastpts:313.563 clock:312.434 lastseekpts:311.458 speed:-2000 error:1.129
2024-11-28 16:00:28.001 T:6452 debug : CVideoPlayer::Process - Seeking to catch up, error was: 0.976 time:311.434
2024-11-28 16:00:28.007 T:4489 debug : CAMLCodec::PollFrame elapsed:32.885ms
2024-11-28 16:00:28.008 T:6456 debug : CDVDAudio::Flush - flush audio stream
2024-11-28 16:00:28.011 T:6452 debug : demuxer seek to: 311434.316388
2024-11-28 16:00:28.013 T:6452 debug : SeekTime - seek ended up on time 310685
2024-11-28 16:00:28.013 T:6452 debug : demuxer seek to: 311434.316388, success
2024-11-28 16:00:28.013 T:6452 debug : CVideoPlayer::FlushBuffers - flushing buffers
2024-11-28 16:00:28.013 T:6452 debug : CVideoPlayer::HandleMessages: flush buffers: dts:311.434 lastSeek:29.808 clock:312.409
2024-11-28 16:00:28.013 T:6452 debug : CVideoPlayer::Process - ffd/rwd: lastpts:313.563 clock:312.409 lastseekpts:311.434 speed:-2000 error:1.154
2024-11-28 16:00:28.014 T:6452 debug : CVideoPlayer::Process - Seeking to catch up, error was: 0.975 time:311.409
2024-11-28 16:00:28.018 T:6456 debug : CDVDAudio::Flush - flush audio stream
2024-11-28 16:00:28.024 T:6452 debug : demuxer seek to: 311409.340888
2024-11-28 16:00:28.026 T:6452 debug : SeekTime - seek ended up on time 310685
2024-11-28 16:00:28.026 T:6452 debug : demuxer seek to: 311409.340888, success
2024-11-28 16:00:28.026 T:6452 debug : CVideoPlayer::FlushBuffers - flushing buffers
2024-11-28 16:00:28.026 T:6452 debug : CVideoPlayer::HandleMessages: flush buffers: dts:311.409 lastSeek:29.820 clock:312.384
2024-11-28 16:00:28.026 T:6452 debug : CVideoPlayer::Process - ffd/rwd: lastpts:313.563 clock:312.384 lastseekpts:311.409 speed:-2000 error:1.179
2024-11-28 16:00:28.026 T:6452 debug : CVideoPlayer::Process - Seeking to catch up, error was: 0.975 time:311.384
2024-11-28 16:00:28.029 T:6456 debug : CDVDAudio::Flush - flush audio stream
2024-11-28 16:00:28.036 T:6452 debug : demuxer seek to: 311384.199054
2024-11-28 16:00:28.038 T:6452 debug : SeekTime - seek ended up on time 310685
2024-11-28 16:00:28.038 T:6452 debug : demuxer seek to: 311384.199054, success
2024-11-28 16:00:28.038 T:6452 debug : CVideoPlayer::FlushBuffers - flushing buffers
2024-11-28 16:00:28.039 T:6455 debug : CAMLCodec::ReleaseFrame idx:8729, drop:1
2024-11-28 16:00:28.041 T:6456 debug : CDVDAudio::Flush - flush audio stream
2024-11-28 16:00:28.048 T:4489 debug : CAMLCodec::PollFrame elapsed:3.539ms
2024-11-28 16:00:28.052 T:6455 debug : CAMLCodec::Reset
2024-11-28 16:00:28.053 T:6452 debug : CVideoPlayer::HandleMessages: flush buffers: dts:311.384 lastSeek:29.833 clock:312.331
2024-11-28 16:00:28.055 T:6452 debug : CVideoPlayer::ProcessVideoData size:435148 dts:18442240474082.180 pts:310.685 dur:41.000ms, clock:312.327 level:0
2024-11-28 16:00:28.068 T:6455 debug : CAMLCodec::Reset
2024-11-28 16:00:28.080 T:6452 debug : CVideoPlayer::ProcessVideoData size:388176 dts:18442240474082.180 pts:311.019 dur:41.000ms, clock:312.277 level:0
2024-11-28 16:00:28.081 T:6452 debug : CVideoPlayer::ProcessVideoData size:301482 dts:18442240474082.180 pts:310.852 dur:41.000ms, clock:312.274 level:0
2024-11-28 16:00:28.082 T:6452 debug : CVideoPlayer::ProcessVideoData size:305049 dts:310.685 pts:310.769 dur:41.000ms, clock:312.272 level:1
2024-11-28 16:00:28.083 T:6452 debug : CVideoPlayer::ProcessVideoData size:228933 dts:310.727 pts:310.727 dur:41.000ms, clock:312.269 level:2
2024-11-28 16:00:28.085 T:6452 debug : CVideoPlayer::ProcessVideoData size:242009 dts:310.769 pts:310.811 dur:41.000ms, clock:312.267 level:2
2024-11-28 16:00:28.086 T:6452 debug : CVideoPlayer::ProcessVideoData size:315879 dts:310.811 pts:310.936 dur:41.000ms, clock:312.264 level:3
2024-11-28 16:00:28.087 T:6452 debug : CVideoPlayer::ProcessVideoData size:231297 dts:310.852 pts:310.894 dur:41.000ms, clock:312.262 level:4
2024-11-28 16:00:28.088 T:6452 debug : CVideoPlayer::ProcessVideoData size:241870 dts:310.894 pts:310.977 dur:41.000ms, clock:312.259 level:4
2024-11-28 16:00:28.090 T:4489 debug : CAMLCodec::PollFrame elapsed:21.681ms
2024-11-28 16:00:28.104 T:6452 debug : CVideoPlayer::ProcessVideoData size:402345 dts:310.936 pts:311.353 dur:41.000ms, clock:312.228 level:5
2024-11-28 16:00:28.106 T:6452 debug : CVideoPlayer::ProcessVideoData size:298823 dts:310.977 pts:311.186 dur:41.000ms, clock:312.224 level:6
2024-11-28 16:00:28.107 T:6452 debug : CVideoPlayer::ProcessVideoData size:301833 dts:311.019 pts:311.102 dur:41.000ms, clock:312.222 level:7
2024-11-28 16:00:28.108 T:6452 debug : CVideoPlayer::ProcessVideoData size:237219 dts:311.061 pts:311.061 dur:41.000ms, clock:312.220 level:7
2024-11-28 16:00:28.109 T:6452 debug : CVideoPlayer::ProcessVideoData size:233954 dts:311.102 pts:311.144 dur:41.000ms, clock:312.219 level:1
2024-11-28 16:00:28.110 T:6452 debug : CVideoPlayer::ProcessVideoData size:298717 dts:311.144 pts:311.269 dur:41.000ms, clock:312.216 level:2
2024-11-28 16:00:28.112 T:6455 debug : CAMLCodec::Reset
2024-11-28 16:00:28.112 T:6452 debug : CVideoPlayer::ProcessVideoData size:249430 dts:311.186 pts:311.228 dur:41.000ms, clock:312.212 level:0
2024-11-28 16:00:28.113 T:6452 debug : CVideoPlayer::ProcessVideoData size:247504 dts:311.228 pts:311.311 dur:41.000ms, clock:312.210 level:0
2024-11-28 16:00:28.124 T:6452 debug : CVideoPlayer::ProcessVideoData size:390300 dts:311.269 pts:311.645 dur:41.000ms, clock:312.189 level:1
2024-11-28 16:00:28.125 T:6452 debug : CVideoPlayer::ProcessVideoData size:309836 dts:311.311 pts:311.520 dur:41.000ms, clock:312.187 level:2
2024-11-28 16:00:28.125 T:6452 debug : CVideoPlayer::ProcessVideoData size:304037 dts:311.353 pts:311.436 dur:41.000ms, clock:312.186 level:2
2024-11-28 16:00:28.126 T:6452 debug : CVideoPlayer::ProcessVideoData size:232593 dts:311.394 pts:311.394 dur:41.000ms, clock:312.184 level:3
2024-11-28 16:00:28.127 T:6452 debug : CVideoPlayer::ProcessVideoData size:243608 dts:311.436 pts:311.478 dur:41.000ms, clock:312.182 level:3
2024-11-28 16:00:28.128 T:6452 debug : CVideoPlayer::ProcessVideoData size:298022 dts:311.478 pts:311.603 dur:41.000ms, clock:312.180 level:4
2024-11-28 16:00:28.129 T:6452 debug : CVideoPlayer::ProcessVideoData size:242663 dts:311.520 pts:311.561 dur:41.000ms, clock:312.178 level:4
2024-11-28 16:00:28.132 T:4489 debug : CAMLCodec::PollFrame elapsed:21.020ms
2024-11-28 16:00:28.133 T:6452 debug : CVideoPlayer::ProcessVideoData size:410722 dts:311.561 pts:311.686 dur:41.000ms, clock:312.170 level:5
2024-11-28 16:00:28.147 T:6452 debug : CVideoPlayer::ProcessVideoData size:374657 dts:311.603 pts:312.020 dur:41.000ms, clock:312.143 level:5
2024-11-28 16:00:28.150 T:6455 debug : CAMLCodec::Reset
2024-11-28 16:00:28.152 T:6452 debug : CVideoPlayer::ProcessVideoData size:293258 dts:311.645 pts:311.853 dur:41.000ms, clock:312.133 level:0
2024-11-28 16:00:28.159 T:6452 debug : CVideoPlayer::ProcessVideoData size:291173 dts:311.686 pts:311.770 dur:41.000ms, clock:312.119 level:0
2024-11-28 16:00:28.164 T:6452 debug : CVideoPlayer::ProcessVideoData size:223951 dts:311.728 pts:311.728 dur:41.000ms, clock:312.109 level:1
2024-11-28 16:00:28.165 T:6455 debug : CAMLCodec::Reset
2024-11-28 16:00:28.173 T:6452 debug : CVideoPlayer::ProcessVideoData size:232886 dts:311.770 pts:311.812 dur:41.000ms, clock:312.091 level:0
2024-11-28 16:00:28.178 T:6455 debug : CAMLCodec::Reset
2024-11-28 16:00:28.180 T:6452 debug : CVideoPlayer::ProcessVideoData size:299510 dts:311.812 pts:311.937 dur:41.000ms, clock:312.076 level:0
2024-11-28 16:00:28.189 T:6452 debug : CVideoPlayer::ProcessVideoData size:236693 dts:311.853 pts:311.895 dur:41.000ms, clock:312.058 level:0
2024-11-28 16:00:28.191 T:6455 debug : CAMLCodec::Reset
2024-11-28 16:00:28.193 T:6452 debug : CVideoPlayer::ProcessVideoData size:231045 dts:311.895 pts:311.978 dur:41.000ms, clock:312.051 level:0
2024-11-28 16:00:28.209 T:6455 debug : CAMLCodec::Reset
2024-11-28 16:00:28.212 T:6452 debug : CVideoPlayer::ProcessVideoData size:390155 dts:311.937 pts:312.354 dur:41.000ms, clock:312.013 level:0
2024-11-28 16:00:28.222 T:6452 debug : CVideoPlayer::ProcessVideoData size:306718 dts:311.978 pts:312.187 dur:41.000ms, clock:311.992 level:0
2024-11-28 16:00:28.223 T:6455 debug : CVideoPlayerVideo - Stillframe left, switching to normal playback
2024-11-28 16:00:28.223 T:6455 debug : CVideoPlayerVideo::CalcDropRequirement - hurry: 0
2024-11-28 16:00:28.225 T:6455 debug : CAMLCodec::AddData: dl:306930 fl:15415566 sz:306714(306816) lv:2.0% dts:311.978 pts:312.187
2024-11-28 16:00:28.229 T:6452 debug : CVideoPlayer::ProcessVideoData size:304350 dts:312.020 pts:312.103 dur:41.000ms, clock:311.978 level:0
2024-11-28 16:00:28.229 T:6452 debug : CVideoPlayer::Process - ffd/rwd: lastpts:313.563 clock:311.978 lastseekpts:311.384 speed:-2000 error:1.586
2024-11-28 16:00:28.229 T:6455 debug : CVideoPlayerVideo::CalcDropRequirement - hurry: 0
2024-11-28 16:00:28.233 T:6455 debug : CAMLCodec::AddData: dl:611276 fl:15111220 sz:304346(304448) lv:3.9% dts:312.020 pts:312.103
2024-11-28 16:00:28.234 T:6452 debug : CVideoPlayer::ProcessVideoData size:243625 dts:312.062 pts:312.062 dur:41.000ms, clock:311.968 level:0
2024-11-28 16:00:28.234 T:6455 debug : CVideoPlayerVideo::CalcDropRequirement - hurry: 0
2024-11-28 16:00:28.237 T:6452 debug : CVideoPlayer::ProcessVideoData size:239016 dts:312.103 pts:312.145 dur:41.000ms, clock:311.963 level:0
2024-11-28 16:00:28.237 T:6455 debug : CAMLCodec::AddData: dl:854886 fl:14867610 sz:243621(243712) lv:5.4% dts:312.062 pts:312.062
2024-11-28 16:00:28.237 T:6455 debug : CVideoPlayerVideo::CalcDropRequirement - hurry: 0
2024-11-28 16:00:28.239 T:6455 debug : CAMLCodec::AddData: dl:1093899 fl:14628597 sz:239012(239104) lv:7.0% dts:312.103 pts:312.145
2024-11-28 16:00:28.244 T:6452 debug : CVideoPlayer::ProcessVideoData size:300084 dts:312.145 pts:312.270 dur:41.000ms, clock:311.948 level:0
2024-11-28 16:00:28.244 T:6455 debug : CVideoPlayerVideo::CalcDropRequirement - hurry: 0
2024-11-28 16:00:28.247 T:6455 debug : CAMLCodec::AddData: dl:869679 fl:14852817 sz:300080(300160) lv:5.5% dts:312.145 pts:312.270
2024-11-28 16:00:28.249 T:6452 debug : CVideoPlayer::ProcessVideoData size:245276 dts:312.187 pts:312.229 dur:41.000ms, clock:311.939 level:0
2024-11-28 16:00:28.249 T:6455 debug : CVideoPlayerVideo::CalcDropRequirement - hurry: 0
2024-11-28 16:00:28.251 T:6452 debug : CVideoPlayer::ProcessVideoData size:238230 dts:312.229 pts:312.312 dur:41.000ms, clock:311.934 level:0
2024-11-28 16:00:28.252 T:6455 debug : CAMLCodec::AddData: dl:1114975 fl:14607521 sz:245272(245376) lv:7.1% dts:312.187 pts:312.229
2024-11-28 16:00:28.252 T:6455 debug : CVideoPlayerVideo::CalcDropRequirement - hurry: 0
2024-11-28 16:00:28.255 T:6455 debug : CAMLCodec::AddData: dl:828919 fl:14893577 sz:238226(238336) lv:5.3% dts:312.229 pts:312.312
2024-11-28 16:00:28.257 T:4489 debug : CAMLCodec::PollFrame elapsed:30.796ms
2024-11-28 16:00:28.266 T:6452 debug : CVideoPlayer::ProcessVideoData size:411151 dts:312.270 pts:312.646 dur:41.000ms, clock:311.905 level:0
2024-11-28 16:00:28.266 T:6455 debug : CVideoPlayerVideo::CalcDropRequirement - hurry: 0
2024-11-28 16:00:28.269 T:6455 debug : CAMLCodec::AddData: dl:1240073 fl:14482423 sz:411147(411264) lv:7.9% dts:312.270 pts:312.646
2024-11-28 16:00:28.272 T:6452 debug : CVideoPlayer::ProcessVideoData size:329200 dts:312.312 pts:312.521 dur:41.000ms, clock:311.893 level:0
2024-11-28 16:00:28.272 T:6455 debug : CVideoPlayerVideo::CalcDropRequirement - hurry: 0
2024-11-28 16:00:28.275 T:6455 debug : CAMLCodec::AddData: dl:1044948 fl:14677548 sz:329196(329280) lv:6.6% dts:312.312 pts:312.521
2024-11-28 16:00:28.276 T:6452 debug : CVideoPlayer::ProcessVideoData size:305720 dts:312.354 pts:312.437 dur:41.000ms, clock:311.884 level:0
2024-11-28 16:00:28.276 T:6455 debug : CVideoPlayerVideo::CalcDropRequirement - hurry: 0
2024-11-28 16:00:28.280 T:6455 debug : CAMLCodec::AddData: dl:1350656 fl:14371840 sz:305716(305792) lv:8.6% dts:312.354 pts:312.437
2024-11-28 16:00:28.281 T:6452 debug : CVideoPlayer::ProcessVideoData size:249469 dts:312.395 pts:312.395 dur:41.000ms, clock:311.875 level:0
2024-11-28 16:00:28.281 T:6455 debug : CVideoPlayerVideo::CalcDropRequirement - hurry: 0
2024-11-28 16:00:28.284 T:6455 debug : CAMLCodec::AddData: dl:1075828 fl:14646668 sz:249465(249536) lv:6.8% dts:312.395 pts:312.395
2024-11-28 16:00:28.286 T:6452 debug : CVideoPlayer::ProcessVideoData size:243057 dts:312.437 pts:312.479 dur:41.000ms, clock:311.865 level:0
2024-11-28 16:00:28.286 T:6455 debug : CVideoPlayerVideo::CalcDropRequirement - hurry: 0
2024-11-28 16:00:28.288 T:6455 debug : CAMLCodec::AddData: dl:794605 fl:14927891 sz:243053(243136) lv:5.1% dts:312.437 pts:312.479
2024-11-28 16:00:28.291 T:6452 debug : CVideoPlayer::ProcessVideoData size:342048 dts:312.479 pts:312.604 dur:41.000ms, clock:311.855 level:0
2024-11-28 16:00:28.291 T:6455 debug : CVideoPlayerVideo::CalcDropRequirement - hurry: 0
2024-11-28 16:00:28.294 T:6455 debug : CAMLCodec::AddData: dl:1136666 fl:14585830 sz:342044(342144) lv:7.2% dts:312.479 pts:312.604
2024-11-28 16:00:28.296 T:6452 debug : CVideoPlayer::ProcessVideoData size:252970 dts:312.521 pts:312.562 dur:41.000ms, clock:311.845 level:0
2024-11-28 16:00:28.296 T:6455 debug : CVideoPlayerVideo::CalcDropRequirement - hurry: 0
2024-11-28 16:00:28.299 T:4489 debug : CAMLCodec::PollFrame elapsed:30.275ms
2024-11-28 16:00:28.299 T:6455 debug : CAMLCodec::AddData: dl:865334 fl:14857162 sz:252966(253056) lv:5.5% dts:312.521 pts:312.562
2024-11-28 16:00:28.305 T:6452 debug : CVideoPlayer::ProcessVideoData size:423856 dts:312.562 pts:312.687 dur:41.000ms, clock:311.826 level:0
2024-11-28 16:00:28.306 T:6455 debug : CVideoPlayerVideo::CalcDropRequirement - hurry: 0
2024-11-28 16:00:28.310 T:6455 debug : CAMLCodec::AddData: dl:1289180 fl:14433316 sz:423836(423936) lv:8.2% dts:312.562 pts:312.687
2024-11-28 16:00:28.316 T:6452 debug : CVideoPlayer::ProcessVideoData size:383906 dts:312.604 pts:312.938 dur:41.000ms, clock:311.804 level:0
2024-11-28 16:00:28.316 T:6455 debug : CVideoPlayerVideo::CalcDropRequirement - hurry: 0
2024-11-28 16:00:28.320 T:6455 debug : CAMLCodec::AddData: dl:1673080 fl:14049416 sz:383902(384000) lv:10.6% dts:312.604 pts:312.938
2024-11-28 16:00:28.323 T:6452 debug : CVideoPlayer::ProcessVideoData size:349387 dts:312.646 pts:312.813 dur:41.000ms, clock:311.791 level:0
2024-11-28 16:00:28.323 T:6455 debug : CVideoPlayerVideo::CalcDropRequirement - hurry: 0
2024-11-28 16:00:28.326 T:6455 debug : CAMLCodec::AddData: dl:5168214 fl:10554282 sz:349383(349504) lv:32.9% dts:312.646 pts:312.813
2024-11-28 16:00:28.330 T:6452 debug : CVideoPlayer::ProcessVideoData size:316027 dts:312.687 pts:312.771 dur:41.000ms, clock:311.776 level:0
2024-11-28 16:00:28.330 T:6455 debug : CVideoPlayerVideo::CalcDropRequirement - hurry: 0
2024-11-28 16:00:28.334 T:6455 debug : CAMLCodec::AddData: dl:1048349 fl:14674147 sz:316023(316096) lv:6.7% dts:312.687 pts:312.771
2024-11-28 16:00:28.335 T:6452 debug : CVideoPlayer::ProcessVideoData size:238822 dts:312.729 pts:312.729 dur:41.000ms, clock:311.766 level:0
2024-11-28 16:00:28.335 T:6455 debug : CVideoPlayerVideo::CalcDropRequirement - hurry: 0
2024-11-28 16:00:28.339 T:6455 debug : CAMLCodec::AddData: dl:1287188 fl:14435308 sz:238818(238912) lv:8.2% dts:312.729 pts:312.729
2024-11-28 16:00:28.340 T:6452 debug : CVideoPlayer::ProcessVideoData size:314876 dts:312.771 pts:312.896 dur:41.000ms, clock:311.756 level:0
2024-11-28 16:00:28.340 T:4489 debug : CAMLCodec::PollFrame elapsed:31.192ms
2024-11-28 16:00:28.340 T:6455 debug : CVideoPlayerVideo::CalcDropRequirement - hurry: 0
2024-11-28 16:00:28.344 T:6455 debug : CAMLCodec::AddData: dl:1218166 fl:14504330 sz:314872(314944) lv:7.7% dts:312.771 pts:312.896
2024-11-28 16:00:28.345 T:6452 debug : CVideoPlayer::ProcessVideoData size:251345 dts:312.813 pts:312.854 dur:41.000ms, clock:311.745 level:0
2024-11-28 16:00:28.346 T:6455 debug : CVideoPlayerVideo::CalcDropRequirement - hurry: 0
2024-11-28 16:00:28.350 T:6455 debug : CAMLCodec::AddData: dl:1469550 fl:14252946 sz:251341(251456) lv:9.3% dts:312.813 pts:312.854
2024-11-28 16:00:28.354 T:6452 debug : CVideoPlayer::ProcessVideoData size:434160 dts:312.854 pts:312.979 dur:41.000ms, clock:311.728 level:0
2024-11-28 16:00:28.354 T:6455 debug : CVideoPlayerVideo::CalcDropRequirement - hurry: 0
2024-11-28 16:00:28.359 T:6455 debug : CAMLCodec::AddData: dl:1554299 fl:14168197 sz:434140(434240) lv:9.9% dts:312.854 pts:312.979
2024-11-28 16:00:28.370 T:6452 debug : CVideoPlayer::ProcessVideoData size:397720 dts:312.896 pts:313.313 dur:41.000ms, clock:311.697 level:0
2024-11-28 16:00:28.370 T:6455 debug : CVideoPlayerVideo::CalcDropRequirement - hurry: 0
2024-11-28 16:00:28.374 T:6455 debug : CAMLCodec::AddData: dl:1635991 fl:14086505 sz:397716(397824) lv:10.4% dts:312.896 pts:313.313
2024-11-28 16:00:28.375 T:6452 debug : CVideoPlayer::ProcessVideoData size:329958 dts:312.938 pts:313.146 dur:41.000ms, clock:311.686 level:0
2024-11-28 16:00:28.376 T:6455 debug : CVideoPlayerVideo::CalcDropRequirement - hurry: 0
2024-11-28 16:00:28.379 T:6455 debug : CAMLCodec::AddData: dl:1727083 fl:13995413 sz:329954(330048) lv:11.0% dts:312.938 pts:313.146
2024-11-28 16:00:28.381 T:6452 debug : CVideoPlayer::ProcessVideoData size:314325 dts:312.979 pts:313.063 dur:41.000ms, clock:311.675 level:0
2024-11-28 16:00:28.381 T:6455 debug : CVideoPlayerVideo::CalcDropRequirement - hurry: 0
2024-11-28 16:00:28.382 T:4489 debug : CAMLCodec::PollFrame elapsed:31.162ms
2024-11-28 16:00:28.384 T:6455 debug : CAMLCodec::AddData: dl:2041421 fl:13681075 sz:314321(314432) lv:13.0% dts:312.979 pts:313.063
2024-11-28 16:00:28.386 T:6452 debug : CVideoPlayer::ProcessVideoData size:256353 dts:313.021 pts:313.021 dur:41.000ms, clock:311.664 level:0
2024-11-28 16:00:28.387 T:6455 debug : CVideoPlayerVideo::CalcDropRequirement - hurry: 0
2024-11-28 16:00:28.389 T:6455 debug : CAMLCodec::AddData: dl:1982878 fl:13739618 sz:256349(256448) lv:12.6% dts:313.021 pts:313.021
2024-11-28 16:00:28.393 T:6452 debug : CVideoPlayer::ProcessVideoData size:257531 dts:313.063 pts:313.104 dur:41.000ms, clock:311.651 level:0
2024-11-28 16:00:28.393 T:6455 debug : CVideoPlayerVideo::CalcDropRequirement - hurry: 0
2024-11-28 16:00:28.396 T:6455 debug : CAMLCodec::AddData: dl:2240379 fl:13482117 sz:257527(257600) lv:14.2% dts:313.063 pts:313.104
2024-11-28 16:00:28.400 T:6452 debug : CVideoPlayer::ProcessVideoData size:330059 dts:313.104 pts:313.230 dur:41.000ms, clock:311.636 level:0
2024-11-28 16:00:28.401 T:6455 debug : CVideoPlayerVideo::CalcDropRequirement - hurry: 0
2024-11-28 16:00:28.404 T:6455 debug : CAMLCodec::AddData: dl:2319154 fl:13403342 sz:330055(330176) lv:14.7% dts:313.104 pts:313.230
2024-11-28 16:00:28.405 T:6452 debug : CVideoPlayer::ProcessVideoData size:263889 dts:313.146 pts:313.188 dur:41.000ms, clock:311.626 level:0
2024-11-28 16:00:28.405 T:6455 debug : CVideoPlayerVideo::CalcDropRequirement - hurry: 0
2024-11-28 16:00:28.408 T:6455 debug : CAMLCodec::AddData: dl:2583033 fl:13139463 sz:263885(264000) lv:16.4% dts:313.146 pts:313.188
2024-11-28 16:00:28.410 T:6452 debug : CVideoPlayer::ProcessVideoData size:276158 dts:313.188 pts:313.271 dur:41.000ms, clock:311.617 level:0
2024-11-28 16:00:28.410 T:6455 debug : CVideoPlayerVideo::CalcDropRequirement - hurry: 0
2024-11-28 16:00:28.414 T:6455 debug : CAMLCodec::AddData: dl:2425030 fl:13297466 sz:276154(276224) lv:15.4% dts:313.188 pts:313.271
2024-11-28 16:00:28.422 T:6452 debug : CVideoPlayer::ProcessVideoData size:373659 dts:313.230 pts:313.605 dur:41.000ms, clock:311.592 level:0
2024-11-28 16:00:28.422 T:6455 debug : CVideoPlayerVideo::CalcDropRequirement - hurry: 0
2024-11-28 16:00:28.424 T:4489 debug : CAMLCodec::PollFrame elapsed:30.297ms
2024-11-28 16:00:28.425 T:4494 debug : CLibInputKeyboard::ProcessKey - using delay: 500ms repeat: 33ms
2024-11-28 16:00:28.425 T:6582 debug : Thread Timer start, auto delete: false
2024-11-28 16:00:28.426 T:4489 debug : Keyboard: scancode: 0x1c, sym: 0x0d (enter), unicode: 0x0d, modifier: 0x0
2024-11-28 16:00:28.426 T:6455 debug : CAMLCodec::AddData: dl:2401024 fl:13321472 sz:373655(373760) lv:15.3% dts:313.230 pts:313.605
2024-11-28 16:00:28.429 T:6452 debug : CVideoPlayer::ProcessVideoData size:319294 dts:313.271 pts:313.480 dur:41.000ms, clock:311.579 level:0
2024-11-28 16:00:28.429 T:6455 debug : CVideoPlayerVideo::CalcDropRequirement - hurry: 0
2024-11-28 16:00:28.435 T:6455 debug : CAMLCodec::AddData: dl:2720279 fl:13002217 sz:319290(319360) lv:17.3% dts:313.271 pts:313.480
2024-11-28 16:00:28.435 T:6452 debug : CVideoPlayer::ProcessVideoData size:318588 dts:313.313 pts:313.396 dur:41.000ms, clock:311.567 level:0
2024-11-28 16:00:28.435 T:6455 debug : CVideoPlayerVideo::CalcDropRequirement - hurry: 0
2024-11-28 16:00:28.438 T:6455 debug : CAMLCodec::AddData: dl:2708881 fl:13013615 sz:318584(318656) lv:17.2% dts:313.313 pts:313.396
2024-11-28 16:00:28.440 T:6452 debug : CVideoPlayer::ProcessVideoData size:262874 dts:313.355 pts:313.355 dur:41.000ms, clock:311.557 level:0
2024-11-28 16:00:28.440 T:6455 debug : CVideoPlayerVideo::CalcDropRequirement - hurry: 0
2024-11-28 16:00:28.443 T:6455 debug : CAMLCodec::AddData: dl:2971785 fl:12750711 sz:262870(262976) lv:18.9% dts:313.355 pts:313.355
2024-11-28 16:00:28.445 T:6452 debug : CVideoPlayer::ProcessVideoData size:256939 dts:313.396 pts:313.438 dur:41.000ms, clock:311.546 level:0
2024-11-28 16:00:28.445 T:6455 debug : CVideoPlayerVideo::CalcDropRequirement - hurry: 0
2024-11-28 16:00:28.449 T:6455 debug : CAMLCodec::AddData: dl:2914399 fl:12808097 sz:256935(257024) lv:18.5% dts:313.396 pts:313.438
2024-11-28 16:00:28.451 T:6452 debug : CVideoPlayer::ProcessVideoData size:312254 dts:313.438 pts:313.563 dur:41.000ms, clock:311.533 level:0
2024-11-28 16:00:28.452 T:6455 debug : CVideoPlayerVideo::CalcDropRequirement - hurry: 0
2024-11-28 16:00:28.455 T:6455 debug : CAMLCodec::AddData: dl:3226630 fl:12495866 sz:312250(312320) lv:20.5% dts:313.438 pts:313.563
2024-11-28 16:00:28.456 T:6452 debug : CVideoPlayer::ProcessVideoData size:244876 dts:313.480 pts:313.522 dur:41.000ms, clock:311.523 level:0
2024-11-28 16:00:28.457 T:6455 debug : CVideoPlayerVideo::CalcDropRequirement - hurry: 0
2024-11-28 16:00:28.459 T:6455 debug : CAMLCodec::AddData: dl:3471552 fl:12250944 sz:244872(244992) lv:22.1% dts:313.480 pts:313.522
2024-11-28 16:00:28.465 T:4489 debug : CAMLCodec::PollFrame elapsed:26.207ms
2024-11-28 16:00:28.469 T:6452 debug : CVideoPlayer::ProcessVideoData size:535571 dts:313.522 pts:313.647 dur:41.000ms, clock:311.498 level:0
2024-11-28 16:00:28.470 T:6455 debug : CVideoPlayerVideo::CalcDropRequirement - hurry: 0
2024-11-28 16:00:28.473 T:6455 debug : CAMLCodec::AddData: dl:4007048 fl:11715448 sz:535551(535616) lv:25.5% dts:313.522 pts:313.647
2024-11-28 16:00:28.485 T:6452 debug : CVideoPlayer::ProcessVideoData size:504573 dts:313.563 pts:313.980 dur:41.000ms, clock:311.467 level:0
2024-11-28 16:00:28.485 T:6455 debug : CVideoPlayerVideo::CalcDropRequirement - hurry: 0
2024-11-28 16:00:28.488 T:6455 debug : CAMLCodec::AddData: dl:4511623 fl:11210873 sz:504569(504640) lv:28.7% dts:313.563 pts:313.980
2024-11-28 16:00:28.488 T:6452 debug : CVideoPlayer::ProcessVideoData size:372226 dts:313.605 pts:313.814 dur:41.000ms, clock:311.460 level:0
2024-11-28 16:00:28.488 T:6455 debug : CVideoPlayerVideo::CalcDropRequirement - hurry: 0
2024-11-28 16:00:28.491 T:6455 debug : CAMLCodec::AddData: dl:4883840 fl:10838656 sz:372222(372288) lv:31.1% dts:313.605 pts:313.814
2024-11-28 16:00:28.495 T:6452 debug : CVideoPlayer::ProcessVideoData size:346424 dts:313.647 pts:313.730 dur:41.000ms, clock:311.446 level:0
2024-11-28 16:00:28.495 T:6455 debug : CVideoPlayerVideo::CalcDropRequirement - hurry: 0
2024-11-28 16:00:28.499 T:6455 debug : CAMLCodec::AddData: dl:5230270 fl:10492226 sz:346420(346496) lv:33.3% dts:313.647 pts:313.730
2024-11-28 16:00:28.500 T:6452 debug : CVideoPlayer::ProcessVideoData size:299959 dts:313.688 pts:313.688 dur:41.000ms, clock:311.437 level:0
2024-11-28 16:00:28.500 T:6455 debug : CVideoPlayerVideo::CalcDropRequirement - hurry: 0
2024-11-28 16:00:28.502 T:6455 debug : CAMLCodec::AddData: dl:5530226 fl:10192270 sz:299955(300032) lv:35.2% dts:313.688 pts:313.688
2024-11-28 16:00:28.504 T:6452 debug : CVideoPlayer::ProcessVideoData size:306513 dts:313.730 pts:313.772 dur:41.000ms, clock:311.428 level:0
2024-11-28 16:00:28.504 T:6455 debug : CVideoPlayerVideo::CalcDropRequirement - hurry: 0
2024-11-28 16:00:28.507 T:4489 debug : CAMLCodec::PollFrame elapsed:32.612ms
2024-11-28 16:00:28.507 T:6455 debug : CAMLCodec::AddData: dl:5836773 fl:9885723 sz:306509(306624) lv:37.1% dts:313.730 pts:313.772
2024-11-28 16:00:28.512 T:6452 debug : CVideoPlayer::ProcessVideoData size:375530 dts:313.772 pts:313.897 dur:41.000ms, clock:311.413 level:0
2024-11-28 16:00:28.512 T:6455 debug : CVideoPlayerVideo::CalcDropRequirement - hurry: 0
2024-11-28 16:00:28.515 T:6455 debug : CAMLCodec::AddData: dl:6212274 fl:9510222 sz:375526(375616) lv:39.5% dts:313.772 pts:313.897
2024-11-28 16:00:28.519 T:6452 debug : CVideoPlayer::ProcessVideoData size:294820 dts:313.814 pts:313.855 dur:41.000ms, clock:311.399 level:0
2024-11-28 16:00:28.519 T:6455 debug : CVideoPlayerVideo::CalcDropRequirement - hurry: 0
2024-11-28 16:00:28.522 T:6455 debug : CAMLCodec::AddData: dl:6507096 fl:9215400 sz:294816(294912) lv:41.4% dts:313.814 pts:313.855
2024-11-28 16:00:28.524 T:6452 debug : CVideoPlayer::ProcessVideoData size:305296 dts:313.855 pts:313.939 dur:41.000ms, clock:311.389 level:0
2024-11-28 16:00:28.524 T:6455 debug : CVideoPlayerVideo::CalcDropRequirement - hurry: 0
2024-11-28 16:00:28.527 T:6455 debug : CAMLCodec::AddData: dl:6812408 fl:8910088 sz:305292(305408) lv:43.3% dts:313.855 pts:313.939
2024-11-28 16:00:28.539 T:6452 debug : CVideoPlayer::ProcessVideoData size:500029 dts:313.897 pts:314.314 dur:41.000ms, clock:311.359 level:0
2024-11-28 16:00:28.539 T:6455 debug : CVideoPlayerVideo::CalcDropRequirement - hurry: 0
2024-11-28 16:00:28.542 T:6455 debug : CAMLCodec::AddData: dl:7312388 fl:8410108 sz:500025(500096) lv:46.5% dts:313.897 pts:314.314
2024-11-28 16:00:28.542 T:6452 debug : CVideoPlayer::ProcessVideoData size:375990 dts:313.939 pts:314.147 dur:41.000ms, clock:311.351 level:0
2024-11-28 16:00:28.543 T:6455 debug : CVideoPlayerVideo::CalcDropRequirement - hurry: 0
2024-11-28 16:00:28.546 T:6455 debug : CAMLCodec::AddData: dl:7688381 fl:8034115 sz:375986(376064) lv:48.9% dts:313.939 pts:314.147
2024-11-28 16:00:28.549 T:4489 debug : CAMLCodec::PollFrame elapsed:33.012ms
2024-11-28 16:00:28.550 T:6452 debug : CVideoPlayer::ProcessVideoData size:384695 dts:313.980 pts:314.064 dur:41.000ms, clock:311.336 level:0
2024-11-28 16:00:28.550 T:6455 debug : CVideoPlayerVideo::CalcDropRequirement - hurry: 0
2024-11-28 16:00:28.553 T:6455 debug : CAMLCodec::AddData: dl:8073071 fl:7649425 sz:384691(384768) lv:51.3% dts:313.980 pts:314.064
2024-11-28 16:00:28.557 T:6452 debug : CVideoPlayer::ProcessVideoData size:307977 dts:314.022 pts:314.022 dur:41.000ms, clock:311.323 level:0
2024-11-28 16:00:28.557 T:6455 debug : CVideoPlayerVideo::CalcDropRequirement - hurry: 0
2024-11-28 16:00:28.560 T:6455 debug : CAMLCodec::AddData: dl:8381090 fl:7341406 sz:307973(308096) lv:53.3% dts:314.022 pts:314.022
2024-11-28 16:00:28.562 T:6452 debug : CVideoPlayer::ProcessVideoData size:312782 dts:314.064 pts:314.105 dur:41.000ms, clock:311.313 level:0
2024-11-28 16:00:28.562 T:6455 debug : CVideoPlayerVideo::CalcDropRequirement - hurry: 0
