2024-11-28 16:00:11.998 T:6455 debug : CAMLCodec::AddData: dl:15572079 fl:150417 sz:359606(359680) lv:99.0% dts:299.966 pts:300.175
2024-11-28 16:00:11.998 T:6455 debug : CAMLCodec::AddData: skip add data dl:15572005 fl:150491 sz:358106(358208) lv:101.3% dts:300.008 pts:300.091
2024-11-28 16:00:11.999 T:4489 debug : CAMLCodec::ReleaseFrame idx:8344, drop:0
2024-11-28 16:00:12.000 T:6455 debug : CAMLCodec::AddData: skip add data dl:15572005 fl:150491 sz:358106(358208) lv:101.3% dts:300.008 pts:300.091
2024-11-28 16:00:12.024 T:6452 info : Skipped 17 duplicate messages..
2024-11-28 16:00:12.024 T:6452 debug : CVideoPlayer::ProcessVideoData size:369020 dts:305.680 pts:305.806 dur:41.000ms, clock:297.804 level:70
2024-11-28 16:00:12.024 T:6455 debug : CAMLCodec::AddData: skip add data dl:15572005 fl:150491 sz:358106(358208) lv:101.3% dts:300.008 pts:300.091
2024-11-28 16:00:12.034 T:4489 info : Skipped 6 duplicate messages..
2024-11-28 16:00:12.034 T:4489 debug : CAMLCodec::PollFrame elapsed:34.568ms
2024-11-28 16:00:12.034 T:6455 debug : CAMLCodec::AddData: skip add data dl:15572005 fl:150491 sz:358106(358208) lv:101.3% dts:300.008 pts:300.091
2024-11-28 16:00:12.036 T:6455 debug : CAMLCodec::DequeueBuffer: pts:298.215 idx:8350
2024-11-28 16:00:12.036 T:6455 debug : CAMLCodec::GetPicture: index: 8350, pts: 298.215, dur:42.000ms ar:1.78 elf:41ms
2024-11-28 16:00:12.036 T:6455 debug : CVideoPlayerVideo::OutputPicture - ttd:399ms pts:298.215 Clock:297.816 Level:5
2024-11-28 16:00:12.038 T:4489 debug : PrepareNextRender: frameOnScreen: 297.818 renderPts: 298.027 nextFramePts: 298.006 -> diff: 0.021 render: 1 forceNext: 0
2024-11-28 16:00:12.040 T:6455 debug : CAMLCodec::AddData: dl:15626149 fl:96347 sz:358106(358208) lv:99.3% dts:300.008 pts:300.091
2024-11-28 16:00:12.041 T:6455 debug : CAMLCodec::AddData: skip add data dl:15626047 fl:96449 sz:292850(292928) lv:101.2% dts:300.050 pts:300.050
2024-11-28 16:00:12.041 T:4489 debug : CAMLCodec::ReleaseFrame idx:8345, drop:0
2024-11-28 16:00:12.042 T:6455 debug : CAMLCodec::AddData: skip add data dl:15626047 fl:96449 sz:292850(292928) lv:101.2% dts:300.050 pts:300.050
2024-11-28 16:00:12.076 T:4489 info : Skipped 25 duplicate messages..
2024-11-28 16:00:12.076 T:4489 debug : CAMLCodec::PollFrame elapsed:34.076ms
2024-11-28 16:00:12.076 T:6455 debug : CAMLCodec::AddData: skip add data dl:15626047 fl:96449 sz:292850(292928) lv:101.2% dts:300.050 pts:300.050
2024-11-28 16:00:12.077 T:6455 debug : CAMLCodec::DequeueBuffer: pts:298.256 idx:8351
2024-11-28 16:00:12.077 T:6455 debug : CAMLCodec::GetPicture: index: 8351, pts: 298.256, dur:41.000ms ar:1.78 elf:41ms
2024-11-28 16:00:12.077 T:6455 debug : CVideoPlayerVideo::OutputPicture - ttd:398ms pts:298.256 Clock:297.857 Level:5
2024-11-28 16:00:12.080 T:4489 debug : PrepareNextRender: frameOnScreen: 297.860 renderPts: 298.069 nextFramePts: 298.048 -> diff: 0.021 render: 1 forceNext: 0
2024-11-28 16:00:12.081 T:6455 debug : CAMLCodec::AddData: dl:15481215 fl:241281 sz:292850(292928) lv:98.4% dts:300.050 pts:300.050
2024-11-28 16:00:12.082 T:6455 debug : CAMLCodec::AddData: skip add data dl:15481137 fl:241359 sz:294287(294400) lv:100.3% dts:300.091 pts:300.133
2024-11-28 16:00:12.083 T:4489 debug : CAMLCodec::ReleaseFrame idx:8346, drop:0
2024-11-28 16:00:12.084 T:6455 debug : CAMLCodec::AddData: skip add data dl:15481137 fl:241359 sz:294287(294400) lv:100.3% dts:300.091 pts:300.133
2024-11-28 16:00:12.086 T:6452 info : Skipped 1 duplicate messages..
2024-11-28 16:00:12.086 T:6452 debug : CVideoPlayer::ProcessVideoData size:299251 dts:305.722 pts:305.764 dur:41.000ms, clock:297.866 level:70
2024-11-28 16:00:12.086 T:6455 debug : CAMLCodec::AddData: skip add data dl:15481137 fl:241359 sz:294287(294400) lv:100.3% dts:300.091 pts:300.133
2024-11-28 16:00:12.088 T:6452 debug : CVideoPlayer::ProcessVideoData size:328082 dts:305.764 pts:305.847 dur:41.000ms, clock:297.868 level:70
2024-11-28 16:00:12.088 T:6455 debug : CAMLCodec::AddData: skip add data dl:15481137 fl:241359 sz:294287(294400) lv:100.3% dts:300.091 pts:300.133
2024-11-28 16:00:12.118 T:4489 info : Skipped 20 duplicate messages..
2024-11-28 16:00:12.118 T:4489 debug : CAMLCodec::PollFrame elapsed:34.498ms
2024-11-28 16:00:12.119 T:6455 debug : CAMLCodec::AddData: dl:15402481 fl:320015 sz:294287(294400) lv:97.9% dts:300.091 pts:300.133
2024-11-28 16:00:12.119 T:6455 debug : CAMLCodec::DequeueBuffer: pts:298.298 idx:8352
2024-11-28 16:00:12.119 T:6455 debug : CAMLCodec::GetPicture: index: 8352, pts: 298.298, dur:42.000ms ar:1.78 elf:41ms
2024-11-28 16:00:12.119 T:6455 debug : CVideoPlayerVideo::OutputPicture - ttd:398ms pts:298.298 Clock:297.899 Level:5
2024-11-28 16:00:12.121 T:4489 debug : PrepareNextRender: frameOnScreen: 297.901 renderPts: 298.110 nextFramePts: 298.089 -> diff: 0.021 render: 1 forceNext: 0
2024-11-28 16:00:12.121 T:6455 debug : CAMLCodec::AddData: skip add data dl:15402368 fl:320128 sz:350239(350336) lv:100.2% dts:300.133 pts:300.258
2024-11-28 16:00:12.124 T:4489 info : Skipped 1 duplicate messages..
2024-11-28 16:00:12.124 T:4489 debug : CAMLCodec::ReleaseFrame idx:8347, drop:0
2024-11-28 16:00:12.124 T:6455 debug : CAMLCodec::AddData: skip add data dl:15402368 fl:320128 sz:350239(350336) lv:100.2% dts:300.133 pts:300.258
2024-11-28 16:00:12.159 T:4489 info : Skipped 26 duplicate messages..
2024-11-28 16:00:12.159 T:4489 debug : CAMLCodec::PollFrame elapsed:34.865ms
2024-11-28 16:00:12.160 T:6455 debug : CAMLCodec::DequeueBuffer: pts:298.340 idx:8353
2024-11-28 16:00:12.160 T:6455 debug : CAMLCodec::GetPicture: index: 8353, pts: 298.340, dur:42.000ms ar:1.78 elf:40ms
2024-11-28 16:00:12.160 T:6455 debug : CVideoPlayerVideo::OutputPicture - ttd:399ms pts:298.340 Clock:297.940 Level:5
2024-11-28 16:00:12.162 T:4489 debug : PrepareNextRender: frameOnScreen: 297.942 renderPts: 298.152 nextFramePts: 298.131 -> diff: 0.021 render: 1 forceNext: 0
2024-11-28 16:00:12.164 T:6455 debug : CAMLCodec::AddData: dl:15354688 fl:367808 sz:350239(350336) lv:97.6% dts:300.133 pts:300.258
2024-11-28 16:00:12.165 T:4489 debug : CAMLCodec::ReleaseFrame idx:8348, drop:0
2024-11-28 16:00:12.167 T:6455 debug : CAMLCodec::AddData: dl:15648799 fl:73697 sz:294087(294208) lv:99.5% dts:300.175 pts:300.217
2024-11-28 16:00:12.167 T:6455 debug : CAMLCodec::AddData: skip add data dl:15648678 fl:73818 sz:287030(287104) lv:101.3% dts:300.217 pts:300.300
2024-11-28 16:00:12.181 T:6452 info : Skipped 9 duplicate messages..
2024-11-28 16:00:12.181 T:6452 debug : CVideoPlayer::ProcessVideoData size:505640 dts:305.806 pts:306.223 dur:41.000ms, clock:297.961 level:70
2024-11-28 16:00:12.182 T:6455 debug : CAMLCodec::AddData: skip add data dl:15648678 fl:73818 sz:287030(287104) lv:101.3% dts:300.217 pts:300.300
2024-11-28 16:00:12.183 T:6452 debug : CVideoPlayer::ProcessVideoData size:407704 dts:305.847 pts:306.056 dur:41.000ms, clock:297.963 level:70
2024-11-28 16:00:12.185 T:6455 debug : CAMLCodec::AddData: skip add data dl:15648678 fl:73818 sz:287030(287104) lv:101.3% dts:300.217 pts:300.300
2024-11-28 16:00:12.201 T:4489 info : Skipped 10 duplicate messages..
2024-11-28 16:00:12.201 T:4489 debug : CAMLCodec::PollFrame elapsed:35.127ms
2024-11-28 16:00:12.204 T:4489 debug : PrepareNextRender: frameOnScreen: 297.984 renderPts: 298.193 nextFramePts: 298.173 -> diff: 0.020 render: 1 forceNext: 0
2024-11-28 16:00:12.204 T:6455 debug : CAMLCodec::AddData: dl:15630438 fl:92058 sz:287030(287104) lv:99.4% dts:300.217 pts:300.300
2024-11-28 16:00:12.204 T:6455 debug : CAMLCodec::DequeueBuffer: pts:298.381 idx:8354
2024-11-28 16:00:12.204 T:6455 debug : CAMLCodec::GetPicture: index: 8354, pts: 298.381, dur:41.000ms ar:1.78 elf:44ms
2024-11-28 16:00:12.205 T:6455 debug : CVideoPlayerVideo::OutputPicture - ttd:396ms pts:298.381 Clock:297.985 Level:4
2024-11-28 16:00:12.207 T:6455 debug : CAMLCodec::AddData: skip add data dl:15630364 fl:92132 sz:476214(476288) lv:102.4% dts:300.258 pts:300.467
2024-11-28 16:00:12.208 T:4489 debug : CAMLCodec::ReleaseFrame idx:8349, drop:0
2024-11-28 16:00:12.209 T:6455 debug : CAMLCodec::AddData: skip add data dl:15630364 fl:92132 sz:476214(476288) lv:102.4% dts:300.258 pts:300.467
2024-11-28 16:00:12.243 T:6455 info : Skipped 19 duplicate messages..
2024-11-28 16:00:12.243 T:6455 debug : CAMLCodec::DequeueBuffer: pts:298.423 idx:8355
2024-11-28 16:00:12.243 T:4489 debug : CAMLCodec::PollFrame elapsed:34.709ms
2024-11-28 16:00:12.243 T:6455 debug : CAMLCodec::GetPicture: index: 8355, pts: 298.423, dur:42.000ms ar:1.78 elf:38ms
2024-11-28 16:00:12.243 T:6455 debug : CVideoPlayerVideo::OutputPicture - ttd:400ms pts:298.423 Clock:298.023 Level:5
2024-11-28 16:00:12.245 T:6455 debug : CAMLCodec::AddData: skip add data dl:15323868 fl:398628 sz:476214(476288) lv:100.5% dts:300.258 pts:300.467
2024-11-28 16:00:12.246 T:4489 debug : PrepareNextRender: frameOnScreen: 298.026 renderPts: 298.236 nextFramePts: 298.215 -> diff: 0.021 render: 1 forceNext: 0
2024-11-28 16:00:12.247 T:6455 debug : CAMLCodec::AddData: skip add data dl:15323868 fl:398628 sz:476214(476288) lv:100.5% dts:300.258 pts:300.467
2024-11-28 16:00:12.250 T:4489 info : Skipped 1 duplicate messages..
2024-11-28 16:00:12.250 T:4489 debug : CAMLCodec::ReleaseFrame idx:8350, drop:0
2024-11-28 16:00:12.251 T:6455 debug : CAMLCodec::AddData: skip add data dl:15323868 fl:398628 sz:476214(476288) lv:100.5% dts:300.258 pts:300.467
2024-11-28 16:00:12.284 T:4489 info : Skipped 19 duplicate messages..
2024-11-28 16:00:12.284 T:4489 debug : CAMLCodec::PollFrame elapsed:33.609ms
2024-11-28 16:00:12.287 T:4489 debug : PrepareNextRender: frameOnScreen: 298.067 renderPts: 298.276 nextFramePts: 298.256 -> diff: 0.020 render: 1 forceNext: 0
2024-11-28 16:00:12.288 T:6455 debug : CAMLCodec::AddData: dl:15422620 fl:299876 sz:476214(476288) lv:98.1% dts:300.258 pts:300.467
2024-11-28 16:00:12.288 T:6455 debug : CAMLCodec::DequeueBuffer: pts:298.465 idx:8356
2024-11-28 16:00:12.288 T:6455 debug : CAMLCodec::GetPicture: index: 8356, pts: 298.465, dur:42.000ms ar:1.78 elf:45ms
2024-11-28 16:00:12.289 T:6455 debug : CVideoPlayerVideo::OutputPicture - ttd:396ms pts:298.465 Clock:298.068 Level:4
2024-11-28 16:00:12.290 T:4489 debug : CAMLCodec::ReleaseFrame idx:8351, drop:0
2024-11-28 16:00:12.291 T:6455 debug : CAMLCodec::AddData: skip add data dl:15422546 fl:299950 sz:362699(362816) lv:100.4% dts:300.300 pts:300.425
2024-11-28 16:00:12.296 T:6452 info : Skipped 3 duplicate messages..
2024-11-28 16:00:12.296 T:6452 debug : CVideoPlayer::ProcessVideoData size:368686 dts:305.889 pts:305.972 dur:41.000ms, clock:298.076 level:70
2024-11-28 16:00:12.297 T:6452 debug : CVideoPlayer::ProcessVideoData size:303198 dts:305.931 pts:305.931 dur:41.000ms, clock:298.077 level:70
2024-11-28 16:00:12.299 T:6455 debug : CAMLCodec::AddData: skip add data dl:15422546 fl:299950 sz:362699(362816) lv:100.4% dts:300.300 pts:300.425
2024-11-28 16:00:12.326 T:4489 info : Skipped 19 duplicate messages..
2024-11-28 16:00:12.326 T:4489 debug : CAMLCodec::PollFrame elapsed:35.866ms
2024-11-28 16:00:12.326 T:6455 debug : CAMLCodec::DequeueBuffer: pts:298.507 idx:8357
2024-11-28 16:00:12.326 T:6455 debug : CAMLCodec::GetPicture: index: 8357, pts: 298.507, dur:42.000ms ar:1.78 elf:37ms
2024-11-28 16:00:12.326 T:6455 debug : CVideoPlayerVideo::OutputPicture - ttd:400ms pts:298.507 Clock:298.106 Level:5
2024-11-28 16:00:12.330 T:6452 debug : CVideoPlayer::ProcessVideoData size:311825 dts:305.972 pts:306.014 dur:41.000ms, clock:298.110 level:70
2024-11-28 16:00:12.330 T:6455 debug : CAMLCodec::AddData: dl:15458322 fl:264174 sz:362699(362816) lv:98.3% dts:300.300 pts:300.425
2024-11-28 16:00:12.331 T:4489 debug : PrepareNextRender: frameOnScreen: 298.111 renderPts: 298.319 nextFramePts: 298.298 -> diff: 0.021 render: 1 forceNext: 0
2024-11-28 16:00:12.331 T:6455 debug : CAMLCodec::AddData: skip add data dl:15458205 fl:264291 sz:317893(318016) lv:100.3% dts:300.342 pts:300.383
2024-11-28 16:00:12.336 T:4489 info : Skipped 3 duplicate messages..
2024-11-28 16:00:12.336 T:4489 debug : CAMLCodec::ReleaseFrame idx:8352, drop:0
2024-11-28 16:00:12.337 T:6455 debug : CAMLCodec::AddData: skip add data dl:15458205 fl:264291 sz:317893(318016) lv:100.3% dts:300.342 pts:300.383
2024-11-28 16:00:12.352 T:6452 info : Skipped 10 duplicate messages..
2024-11-28 16:00:12.352 T:6452 debug : CVideoPlayer::ProcessVideoData size:370876 dts:306.014 pts:306.139 dur:41.000ms, clock:298.132 level:70
2024-11-28 16:00:12.352 T:6455 debug : CAMLCodec::AddData: skip add data dl:15458205 fl:264291 sz:317893(318016) lv:100.3% dts:300.342 pts:300.383
2024-11-28 16:00:12.368 T:4489 info : Skipped 11 duplicate messages..
2024-11-28 16:00:12.368 T:4489 debug : CAMLCodec::PollFrame elapsed:30.959ms
2024-11-28 16:00:12.370 T:6455 debug : CAMLCodec::AddData: dl:15480925 fl:241571 sz:317893(318016) lv:98.4% dts:300.342 pts:300.383
2024-11-28 16:00:12.371 T:6455 debug : CAMLCodec::DequeueBuffer: pts:298.548 idx:8358
2024-11-28 16:00:12.371 T:6455 debug : CAMLCodec::GetPicture: index: 8358, pts: 298.548, dur:41.000ms ar:1.78 elf:44ms
2024-11-28 16:00:12.371 T:4489 debug : PrepareNextRender: frameOnScreen: 298.151 renderPts: 298.359 nextFramePts: 298.340 -> diff: 0.019 render: 1 forceNext: 0
2024-11-28 16:00:12.371 T:6455 debug : CVideoPlayerVideo::OutputPicture - ttd:397ms pts:298.548 Clock:298.151 Level:4
2024-11-28 16:00:12.374 T:6455 debug : CAMLCodec::AddData: skip add data dl:15480802 fl:241694 sz:447067(447168) lv:101.3% dts:300.383 pts:300.509
2024-11-28 16:00:12.375 T:6452 debug : CVideoPlayer::ProcessVideoData size:313327 dts:306.056 pts:306.097 dur:41.000ms, clock:298.155 level:100
2024-11-28 16:00:12.377 T:6455 debug : CAMLCodec::AddData: skip add data dl:15480802 fl:241694 sz:447067(447168) lv:101.3% dts:300.383 pts:300.509
2024-11-28 16:00:12.378 T:4489 debug : CAMLCodec::ReleaseFrame idx:8353, drop:0
2024-11-28 16:00:12.379 T:6455 debug : CAMLCodec::AddData: skip add data dl:15480802 fl:241694 sz:447067(447168) lv:101.3% dts:300.383 pts:300.509
2024-11-28 16:00:12.410 T:4489 info : Skipped 18 duplicate messages..
2024-11-28 16:00:12.409 T:4489 debug : CAMLCodec::PollFrame elapsed:31.798ms
2024-11-28 16:00:12.412 T:6455 debug : CAMLCodec::AddData: dl:15494370 fl:228126 sz:447067(447168) lv:98.5% dts:300.383 pts:300.509
2024-11-28 16:00:12.413 T:6455 debug : CAMLCodec::DequeueBuffer: pts:298.590 idx:8359
2024-11-28 16:00:12.413 T:6455 debug : CAMLCodec::GetPicture: index: 8359, pts: 298.590, dur:42.000ms ar:1.78 elf:41ms
2024-11-28 16:00:12.413 T:6455 debug : CVideoPlayerVideo::OutputPicture - ttd:397ms pts:298.590 Clock:298.193 Level:5
2024-11-28 16:00:12.413 T:4489 debug : PrepareNextRender: frameOnScreen: 298.193 renderPts: 298.402 nextFramePts: 298.381 -> diff: 0.021 render: 1 forceNext: 0
2024-11-28 16:00:12.415 T:6455 debug : CAMLCodec::AddData: skip add data dl:15494269 fl:228227 sz:375194(375296) lv:100.9% dts:300.425 pts:300.842
2024-11-28 16:00:12.417 T:4489 info : Skipped 1 duplicate messages..
2024-11-28 16:00:12.417 T:4489 debug : CAMLCodec::ReleaseFrame idx:8354, drop:0
2024-11-28 16:00:12.418 T:6455 debug : CAMLCodec::AddData: skip add data dl:15494269 fl:228227 sz:375194(375296) lv:100.9% dts:300.425 pts:300.842
2024-11-28 16:00:12.427 T:6452 info : Skipped 5 duplicate messages..
2024-11-28 16:00:12.427 T:6452 debug : CVideoPlayer::ProcessVideoData size:311888 dts:306.097 pts:306.181 dur:41.000ms, clock:298.207 level:100
2024-11-28 16:00:12.428 T:6455 debug : CAMLCodec::AddData: skip add data dl:15494269 fl:228227 sz:375194(375296) lv:100.9% dts:300.425 pts:300.842
2024-11-28 16:00:12.451 T:4489 info : Skipped 14 duplicate messages..
2024-11-28 16:00:12.451 T:4489 debug : CAMLCodec::PollFrame elapsed:33.658ms
2024-11-28 16:00:12.452 T:6455 debug : CAMLCodec::AddData: skip add data dl:15494269 fl:228227 sz:375194(375296) lv:100.9% dts:300.425 pts:300.842
2024-11-28 16:00:12.453 T:6455 debug : CAMLCodec::DequeueBuffer: pts:298.632 idx:8360
2024-11-28 16:00:12.453 T:6455 debug : CAMLCodec::GetPicture: index: 8360, pts: 298.632, dur:42.000ms ar:1.78 elf:40ms
2024-11-28 16:00:12.453 T:6455 debug : CVideoPlayerVideo::OutputPicture - ttd:398ms pts:298.632 Clock:298.233 Level:5
2024-11-28 16:00:12.454 T:4489 debug : PrepareNextRender: frameOnScreen: 298.234 renderPts: 298.443 nextFramePts: 298.423 -> diff: 0.020 render: 1 forceNext: 0
2024-11-28 16:00:12.458 T:6455 debug : CAMLCodec::AddData: dl:15478397 fl:244099 sz:375194(375296) lv:98.4% dts:300.425 pts:300.842
2024-11-28 16:00:12.458 T:6455 debug : CAMLCodec::AddData: skip add data dl:15478295 fl:244201 sz:284549(284672) lv:100.2% dts:300.467 pts:300.675
2024-11-28 16:00:12.459 T:4489 debug : CAMLCodec::ReleaseFrame idx:8355, drop:0
2024-11-28 16:00:12.460 T:6455 debug : CAMLCodec::AddData: skip add data dl:15478295 fl:244201 sz:284549(284672) lv:100.2% dts:300.467 pts:300.675
2024-11-28 16:00:12.493 T:4489 info : Skipped 25 duplicate messages..
2024-11-28 16:00:12.493 T:4489 debug : CAMLCodec::PollFrame elapsed:34.119ms
2024-11-28 16:00:12.493 T:6455 debug : CAMLCodec::AddData: skip add data dl:15478295 fl:244201 sz:284549(284672) lv:100.2% dts:300.467 pts:300.675
2024-11-28 16:00:12.495 T:6455 debug : CAMLCodec::DequeueBuffer: pts:298.673 idx:8361
2024-11-28 16:00:12.495 T:6455 debug : CAMLCodec::GetPicture: index: 8361, pts: 298.673, dur:41.000ms ar:1.78 elf:41ms
2024-11-28 16:00:12.495 T:6455 debug : CVideoPlayerVideo::OutputPicture - ttd:398ms pts:298.673 Clock:298.275 Level:5
2024-11-28 16:00:12.496 T:4489 debug : PrepareNextRender: frameOnScreen: 298.276 renderPts: 298.485 nextFramePts: 298.465 -> diff: 0.020 render: 1 forceNext: 0
2024-11-28 16:00:12.499 T:6455 debug : CAMLCodec::AddData: dl:15395735 fl:326761 sz:284549(284672) lv:97.9% dts:300.467 pts:300.675
2024-11-28 16:00:12.502 T:4489 debug : CAMLCodec::ReleaseFrame idx:8356, drop:0
2024-11-28 16:00:12.503 T:6455 debug : CAMLCodec::AddData: dl:15684380 fl:38116 sz:288686(288768) lv:99.7% dts:300.509 pts:300.592
2024-11-28 16:00:12.503 T:6455 debug : CAMLCodec::AddData: skip add data dl:15684298 fl:38198 sz:216723(216832) lv:101.1% dts:300.550 pts:300.550
2024-11-28 16:00:12.510 T:6452 info : Skipped 5 duplicate messages..
2024-11-28 16:00:12.510 T:6452 debug : CVideoPlayer::ProcessVideoData size:484143 dts:306.139 pts:306.515 dur:41.000ms, clock:298.290 level:70
2024-11-28 16:00:12.512 T:6455 debug : CAMLCodec::AddData: skip add data dl:15684298 fl:38198 sz:216723(216832) lv:101.1% dts:300.550 pts:300.550
2024-11-28 16:00:12.532 T:6452 info : Skipped 15 duplicate messages..
2024-11-28 16:00:12.532 T:6452 debug : CVideoPlayer::ProcessVideoData size:393160 dts:306.181 pts:306.389 dur:41.000ms, clock:298.312 level:100
2024-11-28 16:00:12.532 T:6455 debug : CAMLCodec::AddData: skip add data dl:15684298 fl:38198 sz:216723(216832) lv:101.1% dts:300.550 pts:300.550
2024-11-28 16:00:12.535 T:4489 info : Skipped 1 duplicate messages..
2024-11-28 16:00:12.535 T:4489 debug : CAMLCodec::PollFrame elapsed:32.804ms
2024-11-28 16:00:12.535 T:6455 debug : CAMLCodec::DequeueBuffer: pts:298.715 idx:8362
2024-11-28 16:00:12.535 T:6455 debug : CAMLCodec::GetPicture: index: 8362, pts: 298.715, dur:42.000ms ar:1.78 elf:39ms
2024-11-28 16:00:12.535 T:6455 debug : CVideoPlayerVideo::OutputPicture - ttd:400ms pts:298.715 Clock:298.315 Level:5
2024-11-28 16:00:12.539 T:6455 debug : CAMLCodec::AddData: dl:15553610 fl:168886 sz:216723(216832) lv:98.9% dts:300.550 pts:300.550
2024-11-28 16:00:12.539 T:4489 debug : PrepareNextRender: frameOnScreen: 298.319 renderPts: 298.527 nextFramePts: 298.507 -> diff: 0.020 render: 1 forceNext: 0
2024-11-28 16:00:12.539 T:6455 debug : CAMLCodec::AddData: skip add data dl:15553501 fl:168995 sz:218135(218240) lv:100.3% dts:300.592 pts:300.634
2024-11-28 16:00:12.544 T:4489 info : Skipped 2 duplicate messages..
2024-11-28 16:00:12.544 T:4489 debug : CAMLCodec::ReleaseFrame idx:8357, drop:0
2024-11-28 16:00:12.544 T:6455 debug : CAMLCodec::AddData: skip add data dl:15553501 fl:168995 sz:218135(218240) lv:100.3% dts:300.592 pts:300.634
2024-11-28 16:00:12.544 T:6452 debug : CVideoPlayer::ProcessVideoData size:393299 dts:306.223 pts:306.306 dur:41.000ms, clock:298.324 level:70
2024-11-28 16:00:12.545 T:6455 debug : CAMLCodec::AddData: skip add data dl:15553501 fl:168995 sz:218135(218240) lv:100.3% dts:300.592 pts:300.634
2024-11-28 16:00:12.576 T:4489 info : Skipped 24 duplicate messages..
2024-11-28 16:00:12.576 T:4489 debug : CAMLCodec::PollFrame elapsed:32.074ms
2024-11-28 16:00:12.579 T:4489 debug : PrepareNextRender: frameOnScreen: 298.359 renderPts: 298.568 nextFramePts: 298.548 -> diff: 0.020 render: 1 forceNext: 0
2024-11-28 16:00:12.579 T:6455 debug : CAMLCodec::AddData: dl:15474461 fl:248035 sz:218135(218240) lv:98.4% dts:300.592 pts:300.634
2024-11-28 16:00:12.579 T:6455 debug : CAMLCodec::DequeueBuffer: pts:298.757 idx:8363
2024-11-28 16:00:12.579 T:6455 debug : CAMLCodec::GetPicture: index: 8363, pts: 298.757, dur:42.000ms ar:1.78 elf:44ms
2024-11-28 16:00:12.580 T:6455 debug : CVideoPlayerVideo::OutputPicture - ttd:397ms pts:298.757 Clock:298.360 Level:4
2024-11-28 16:00:12.581 T:6455 debug : CAMLCodec::AddData: skip add data dl:15474356 fl:248140 sz:275266(275392) lv:100.1% dts:300.634 pts:300.759
2024-11-28 16:00:12.582 T:4489 debug : CAMLCodec::ReleaseFrame idx:8358, drop:0
2024-11-28 16:00:12.583 T:6455 debug : CAMLCodec::AddData: skip add data dl:15474356 fl:248140 sz:275266(275392) lv:100.1% dts:300.634 pts:300.759
2024-11-28 16:00:12.618 T:4489 info : Skipped 28 duplicate messages..
2024-11-28 16:00:12.618 T:4489 debug : CAMLCodec::PollFrame elapsed:35.336ms
2024-11-28 16:00:12.619 T:6455 debug : CAMLCodec::DequeueBuffer: pts:298.799 idx:8364
2024-11-28 16:00:12.619 T:6455 debug : CAMLCodec::GetPicture: index: 8364, pts: 298.799, dur:42.000ms ar:1.78 elf:39ms
2024-11-28 16:00:12.620 T:6455 debug : CVideoPlayerVideo::OutputPicture - ttd:399ms pts:298.799 Clock:298.400 Level:5
2024-11-28 16:00:12.622 T:4489 debug : PrepareNextRender: frameOnScreen: 298.401 renderPts: 298.610 nextFramePts: 298.590 -> diff: 0.020 render: 1 forceNext: 0
2024-11-28 16:00:12.623 T:6455 debug : CAMLCodec::AddData: dl:15368948 fl:353548 sz:275266(275392) lv:97.7% dts:300.634 pts:300.759
2024-11-28 16:00:12.625 T:4489 debug : CAMLCodec::ReleaseFrame idx:8359, drop:0
2024-11-28 16:00:12.626 T:6452 debug : CVideoPlayer::ProcessVideoData size:317334 dts:306.264 pts:306.264 dur:41.000ms, clock:298.407 level:69
2024-11-28 16:00:12.627 T:6455 debug : CAMLCodec::AddData: dl:15610678 fl:111818 sz:241745(241856) lv:99.3% dts:300.675 pts:300.717
2024-11-28 16:00:12.627 T:6455 debug : CAMLCodec::AddData: skip add data dl:15610567 fl:111929 sz:222626(222720) lv:100.7% dts:300.717 pts:300.801
2024-11-28 16:00:12.660 T:4489 info : Skipped 26 duplicate messages..
2024-11-28 16:00:12.660 T:4489 debug : CAMLCodec::PollFrame elapsed:33.894ms
2024-11-28 16:00:12.660 T:6455 debug : CAMLCodec::AddData: skip add data dl:15610567 fl:111929 sz:222626(222720) lv:100.7% dts:300.717 pts:300.801
2024-11-28 16:00:12.662 T:6455 debug : CAMLCodec::DequeueBuffer: pts:298.840 idx:8365
2024-11-28 16:00:12.662 T:6455 debug : CAMLCodec::GetPicture: index: 8365, pts: 298.840, dur:41.000ms ar:1.78 elf:42ms
2024-11-28 16:00:12.662 T:6455 debug : CVideoPlayerVideo::OutputPicture - ttd:397ms pts:298.840 Clock:298.442 Level:5
2024-11-28 16:00:12.662 T:4489 debug : PrepareNextRender: frameOnScreen: 298.442 renderPts: 298.651 nextFramePts: 298.632 -> diff: 0.019 render: 1 forceNext: 0
2024-11-28 16:00:12.663 T:6455 debug : CAMLCodec::DequeueBuffer: pts:298.882 idx:8366
2024-11-28 16:00:12.663 T:6455 debug : CAMLCodec::GetPicture: index: 8366, pts: 298.882, dur:42.000ms ar:1.78 elf:1ms
2024-11-28 16:00:12.663 T:6455 debug : CVideoPlayerVideo::OutputPicture - ttd:438ms pts:298.882 Clock:298.443 Level:5
2024-11-28 16:00:12.665 T:6455 debug : CAMLCodec::DequeueBuffer: pts:298.924 idx:8367
2024-11-28 16:00:12.665 T:6455 debug : CAMLCodec::GetPicture: index: 8367, pts: 298.924, dur:42.000ms ar:1.78 elf:1ms
2024-11-28 16:00:12.665 T:6455 debug : CVideoPlayerVideo::OutputPicture - ttd:479ms pts:298.924 Clock:298.445 Level:6
2024-11-28 16:00:12.665 T:4489 debug : CAMLCodec::ReleaseFrame idx:8360, drop:0
2024-11-28 16:00:12.666 T:6455 debug : CAMLCodec::DequeueBuffer: pts:298.965 idx:8368
2024-11-28 16:00:12.666 T:6455 debug : CAMLCodec::GetPicture: index: 8368, pts: 298.965, dur:41.000ms ar:1.78 elf:1ms
2024-11-28 16:00:12.666 T:6455 debug : CVideoPlayerVideo::OutputPicture - ttd:518ms pts:298.965 Clock:298.446 Level:7
2024-11-28 16:00:12.669 T:6455 debug : CAMLCodec::AddData: dl:15501575 fl:220921 sz:222626(222720) lv:98.6% dts:300.717 pts:300.801
2024-11-28 16:00:12.670 T:6455 debug : CAMLCodec::AddData: skip add data dl:15501481 fl:221015 sz:367198(367296) lv:100.9% dts:300.759 pts:301.176
2024-11-28 16:00:12.678 T:6452 info : Skipped 4 duplicate messages..
2024-11-28 16:00:12.678 T:6452 debug : CVideoPlayer::ProcessVideoData size:340206 dts:306.306 pts:306.348 dur:41.000ms, clock:298.458 level:69
2024-11-28 16:00:12.679 T:6455 debug : CAMLCodec::AddData: skip add data dl:15501481 fl:221015 sz:367198(367296) lv:100.9% dts:300.759 pts:301.176
2024-11-28 16:00:12.680 T:6452 info : Skipped 1 duplicate messages..
2024-11-28 16:00:12.680 T:6452 debug : CVideoPlayer::ProcessVideoData size:367356 dts:306.348 pts:306.473 dur:41.000ms, clock:298.460 level:69
2024-11-28 16:00:12.682 T:6455 debug : CAMLCodec::AddData: skip add data dl:15501481 fl:221015 sz:367198(367296) lv:100.9% dts:300.759 pts:301.176
2024-11-28 16:00:12.701 T:4489 info : Skipped 11 duplicate messages..
2024-11-28 16:00:12.701 T:4489 debug : CAMLCodec::PollFrame elapsed:36.267ms
2024-11-28 16:00:12.702 T:6455 debug : CAMLCodec::AddData: skip add data dl:15501481 fl:221015 sz:367198(367296) lv:100.9% dts:300.759 pts:301.176
2024-11-28 16:00:12.705 T:4489 debug : PrepareNextRender: frameOnScreen: 298.485 renderPts: 298.694 nextFramePts: 298.673 -> diff: 0.021 render: 1 forceNext: 0
2024-11-28 16:00:12.706 T:6455 debug : CAMLCodec::AddData: dl:15377769 fl:344727 sz:367198(367296) lv:97.8% dts:300.759 pts:301.176
2024-11-28 16:00:12.709 T:4489 debug : CAMLCodec::ReleaseFrame idx:8361, drop:0
2024-11-28 16:00:12.709 T:6455 debug : CAMLCodec::AddData: dl:15691079 fl:31417 sz:313304(313408) lv:99.8% dts:300.801 pts:301.009
2024-11-28 16:00:12.710 T:6455 debug : CAMLCodec::AddData: skip add data dl:15690975 fl:31521 sz:278419(278528) lv:101.5% dts:300.842 pts:300.926
2024-11-28 16:00:12.712 T:6452 info : Skipped 1 duplicate messages..
2024-11-28 16:00:12.712 T:6452 debug : CVideoPlayer::ProcessVideoData size:300645 dts:306.389 pts:306.431 dur:41.000ms, clock:298.492 level:69
2024-11-28 16:00:12.712 T:6455 debug : CAMLCodec::AddData: skip add data dl:15690975 fl:31521 sz:278419(278528) lv:101.5% dts:300.842 pts:300.926
2024-11-28 16:00:12.743 T:4489 info : Skipped 23 duplicate messages..
2024-11-28 16:00:12.743 T:4489 debug : CAMLCodec::PollFrame elapsed:34.115ms
2024-11-28 16:00:12.743 T:6455 debug : CAMLCodec::AddData: skip add data dl:15690975 fl:31521 sz:278419(278528) lv:101.5% dts:300.842 pts:300.926
2024-11-28 16:00:12.747 T:4489 debug : PrepareNextRender: frameOnScreen: 298.527 renderPts: 298.735 nextFramePts: 298.715 -> diff: 0.020 render: 1 forceNext: 0
2024-11-28 16:00:12.747 T:6455 debug : CAMLCodec::AddData: dl:15518815 fl:203681 sz:278419(278528) lv:98.7% dts:300.842 pts:300.926
2024-11-28 16:00:12.748 T:6455 debug : CAMLCodec::AddData: skip add data dl:15518706 fl:203790 sz:222099(222208) lv:100.1% dts:300.884 pts:300.884
2024-11-28 16:00:12.750 T:4489 info : Skipped 1 duplicate messages..
2024-11-28 16:00:12.750 T:4489 debug : CAMLCodec::ReleaseFrame idx:8362, drop:0
2024-11-28 16:00:12.750 T:6455 debug : CAMLCodec::AddData: skip add data dl:15518706 fl:203790 sz:222099(222208) lv:100.1% dts:300.884 pts:300.884
2024-11-28 16:00:12.757 T:6452 info : Skipped 4 duplicate messages..
2024-11-28 16:00:12.757 T:6452 debug : CVideoPlayer::ProcessVideoData size:558475 dts:306.431 pts:306.556 dur:41.000ms, clock:298.537 level:69
2024-11-28 16:00:12.758 T:6455 debug : CAMLCodec::AddData: skip add data dl:15518706 fl:203790 sz:222099(222208) lv:100.1% dts:300.884 pts:300.884
2024-11-28 16:00:12.785 T:4489 info : Skipped 20 duplicate messages..
2024-11-28 16:00:12.785 T:4489 debug : CAMLCodec::PollFrame elapsed:35.008ms
2024-11-28 16:00:12.786 T:6455 debug : CAMLCodec::AddData: dl:15362418 fl:360078 sz:222099(222208) lv:97.7% dts:300.884 pts:300.884
2024-11-28 16:00:12.789 T:4489 debug : PrepareNextRender: frameOnScreen: 298.569 renderPts: 298.777 nextFramePts: 298.757 -> diff: 0.020 render: 1 forceNext: 0
2024-11-28 16:00:12.789 T:6455 debug : CAMLCodec::AddData: dl:15586629 fl:135867 sz:224229(224320) lv:99.1% dts:300.926 pts:300.967
2024-11-28 16:00:12.790 T:6455 debug : CAMLCodec::AddData: skip add data dl:15586538 fl:135958 sz:278611(278720) lv:100.9% dts:300.967 pts:301.092
2024-11-28 16:00:12.792 T:4489 info : Skipped 1 duplicate messages..
2024-11-28 16:00:12.792 T:4489 debug : CAMLCodec::ReleaseFrame idx:8363, drop:0
2024-11-28 16:00:12.793 T:6455 debug : CAMLCodec::AddData: skip add data dl:15586538 fl:135958 sz:278611(278720) lv:100.9% dts:300.967 pts:301.092
2024-11-28 16:00:12.826 T:4489 info : Skipped 26 duplicate messages..
2024-11-28 16:00:12.826 T:4489 debug : CAMLCodec::PollFrame elapsed:34.192ms
2024-11-28 16:00:12.830 T:6455 debug : CAMLCodec::AddData: dl:15512618 fl:209878 sz:278611(278720) lv:98.6% dts:300.967 pts:301.092
2024-11-28 16:00:12.830 T:6455 debug : CAMLCodec::DequeueBuffer: pts:299.007 idx:8369
2024-11-28 16:00:12.830 T:6455 debug : CAMLCodec::GetPicture: index: 8369, pts: 299.007, dur:42.000ms ar:1.78 elf:163ms
2024-11-28 16:00:12.830 T:6455 debug : CVideoPlayerVideo::OutputPicture - ttd:396ms pts:299.007 Clock:298.610 Level:5
2024-11-28 16:00:12.832 T:6455 debug : CAMLCodec::AddData: skip add data dl:15512509 fl:209987 sz:222178(222272) lv:100.0% dts:301.009 pts:301.051
2024-11-28 16:00:12.833 T:4489 info : Skipped 1 duplicate messages..
2024-11-28 16:00:12.833 T:4489 debug : PrepareNextRender: frameOnScreen: 298.613 renderPts: 298.822 nextFramePts: 298.799 -> diff: 0.023 render: 1 forceNext: 0
2024-11-28 16:00:12.835 T:6455 debug : CAMLCodec::AddData: skip add data dl:15512509 fl:209987 sz:222178(222272) lv:100.0% dts:301.009 pts:301.051
2024-11-28 16:00:12.837 T:4489 info : Skipped 1 duplicate messages..
2024-11-28 16:00:12.837 T:4489 debug : CAMLCodec::ReleaseFrame idx:8364, drop:0
2024-11-28 16:00:12.838 T:6455 debug : CAMLCodec::AddData: skip add data dl:15512509 fl:209987 sz:222178(222272) lv:100.0% dts:301.009 pts:301.051
2024-11-28 16:00:12.841 T:6452 info : Skipped 1 duplicate messages..
2024-11-28 16:00:12.841 T:6452 debug : CVideoPlayer::ProcessVideoData size:485762 dts:306.473 pts:306.890 dur:41.000ms, clock:298.621 level:68
2024-11-28 16:00:12.841 T:6455 debug : CAMLCodec::AddData: skip add data dl:15512509 fl:209987 sz:222178(222272) lv:100.0% dts:301.009 pts:301.051
2024-11-28 16:00:12.868 T:4489 info : Skipped 20 duplicate messages..
2024-11-28 16:00:12.868 T:4489 debug : CAMLCodec::PollFrame elapsed:31.332ms
2024-11-28 16:00:12.871 T:6455 debug : CAMLCodec::AddData: dl:15412925 fl:309571 sz:222178(222272) lv:98.0% dts:301.009 pts:301.051
2024-11-28 16:00:12.871 T:6455 debug : CAMLCodec::DequeueBuffer: pts:299.049 idx:8370
2024-11-28 16:00:12.871 T:6455 debug : CAMLCodec::GetPicture: index: 8370, pts: 299.049, dur:42.000ms ar:1.78 elf:40ms
2024-11-28 16:00:12.871 T:6455 debug : CVideoPlayerVideo::OutputPicture - ttd:397ms pts:299.049 Clock:298.651 Level:5
2024-11-28 16:00:12.872 T:4489 debug : PrepareNextRender: frameOnScreen: 298.652 renderPts: 298.860 nextFramePts: 298.840 -> diff: 0.020 render: 1 forceNext: 0
2024-11-28 16:00:12.875 T:4489 debug : CAMLCodec::ReleaseFrame idx:8365, drop:0
2024-11-28 16:00:12.875 T:6455 debug : CAMLCodec::AddData: dl:15668255 fl:54241 sz:255333(255424) lv:99.6% dts:301.051 pts:301.134
2024-11-28 16:00:12.876 T:6455 debug : CAMLCodec::AddData: skip add data dl:15668164 fl:54332 sz:371155(371264) lv:102.0% dts:301.092 pts:301.468
2024-11-28 16:00:12.882 T:6452 info : Skipped 4 duplicate messages..
2024-11-28 16:00:12.882 T:6452 debug : CVideoPlayer::ProcessVideoData size:372667 dts:306.515 pts:306.723 dur:41.000ms, clock:298.662 level:68
2024-11-28 16:00:12.884 T:6455 debug : CAMLCodec::AddData: skip add data dl:15668164 fl:54332 sz:371155(371264) lv:102.0% dts:301.092 pts:301.468
2024-11-28 16:00:12.910 T:6455 info : Skipped 16 duplicate messages..
2024-11-28 16:00:12.910 T:6455 debug : CAMLCodec::AddData: skip add data dl:15379652 fl:342844 sz:371155(371264) lv:100.1% dts:301.092 pts:301.468
2024-11-28 16:00:12.910 T:4489 debug : CAMLCodec::PollFrame elapsed:34.824ms
2024-11-28 16:00:12.911 T:6455 debug : CAMLCodec::DequeueBuffer: pts:299.090 idx:8371
2024-11-28 16:00:12.911 T:6455 debug : CAMLCodec::GetPicture: index: 8371, pts: 299.090, dur:41.000ms ar:1.78 elf:39ms
2024-11-28 16:00:12.911 T:6455 debug : CVideoPlayerVideo::OutputPicture - ttd:398ms pts:299.090 Clock:298.691 Level:5
2024-11-28 16:00:12.913 T:6455 debug : CAMLCodec::AddData: skip add data dl:15379652 fl:342844 sz:371155(371264) lv:100.1% dts:301.092 pts:301.468
2024-11-28 16:00:12.913 T:4489 debug : PrepareNextRender: frameOnScreen: 298.693 renderPts: 298.902 nextFramePts: 298.882 -> diff: 0.020 render: 1 forceNext: 0
2024-11-28 16:00:12.914 T:6452 debug : CVideoPlayer::ProcessVideoData size:348808 dts:306.556 pts:306.640 dur:41.000ms, clock:298.695 level:100
2024-11-28 16:00:12.916 T:6455 debug : CAMLCodec::AddData: skip add data dl:15379652 fl:342844 sz:371155(371264) lv:100.1% dts:301.092 pts:301.468
2024-11-28 16:00:12.919 T:4489 info : Skipped 1 duplicate messages..
2024-11-28 16:00:12.919 T:4489 debug : CAMLCodec::ReleaseFrame idx:8366, drop:0
2024-11-28 16:00:12.920 T:6455 debug : CAMLCodec::AddData: skip add data dl:15379652 fl:342844 sz:371155(371264) lv:100.1% dts:301.092 pts:301.468
2024-11-28 16:00:12.952 T:4489 info : Skipped 21 duplicate messages..
2024-11-28 16:00:12.952 T:4489 debug : CAMLCodec::PollFrame elapsed:32.462ms
2024-11-28 16:00:12.953 T:6455 debug : CAMLCodec::DequeueBuffer: pts:299.132 idx:8372
2024-11-28 16:00:12.953 T:6455 debug : CAMLCodec::GetPicture: index: 8372, pts: 299.132, dur:42.000ms ar:1.78 elf:41ms
2024-11-28 16:00:12.953 T:6455 debug : CVideoPlayerVideo::OutputPicture - ttd:399ms pts:299.132 Clock:298.733 Level:5
2024-11-28 16:00:12.956 T:4489 debug : PrepareNextRender: frameOnScreen: 298.736 renderPts: 298.944 nextFramePts: 298.924 -> diff: 0.020 render: 1 forceNext: 0
2024-11-28 16:00:12.957 T:6455 debug : CAMLCodec::AddData: dl:15392964 fl:329532 sz:371155(371264) lv:97.9% dts:301.092 pts:301.468
2024-11-28 16:00:12.958 T:6455 debug : CAMLCodec::AddData: skip add data dl:15392855 fl:329641 sz:346200(346304) lv:100.1% dts:301.134 pts:301.343
2024-11-28 16:00:12.959 T:4489 debug : CAMLCodec::ReleaseFrame idx:8367, drop:0
2024-11-28 16:00:12.960 T:6455 debug : CAMLCodec::AddData: skip add data dl:15392855 fl:329641 sz:346200(346304) lv:100.1% dts:301.134 pts:301.343
2024-11-28 16:00:12.993 T:4489 info : Skipped 22 duplicate messages..
2024-11-28 16:00:12.993 T:4489 debug : CAMLCodec::PollFrame elapsed:33.964ms
2024-11-28 16:00:12.997 T:6455 debug : CAMLCodec::AddData: dl:15443415 fl:279081 sz:346200(346304) lv:98.2% dts:301.134 pts:301.343
2024-11-28 16:00:12.997 T:6455 debug : CAMLCodec::DequeueBuffer: pts:299.174 idx:8373
2024-11-28 16:00:12.997 T:6455 debug : CAMLCodec::GetPicture: index: 8373, pts: 299.174, dur:42.000ms ar:1.78 elf:44ms
2024-11-28 16:00:12.997 T:6452 debug : CVideoPlayer::ProcessVideoData size:288419 dts:306.598 pts:306.598 dur:41.000ms, clock:298.777 level:68
2024-11-28 16:00:12.997 T:6455 debug : CVideoPlayerVideo::OutputPicture - ttd:396ms pts:299.174 Clock:298.777 Level:5
2024-11-28 16:00:12.998 T:4489 debug : PrepareNextRender: frameOnScreen: 298.778 renderPts: 298.987 nextFramePts: 298.965 -> diff: 0.022 render: 1 forceNext: 0
2024-11-28 16:00:13.002 T:6455 debug : CAMLCodec::AddData: dl:15722671 fl:-175 sz:279241(279360) lv:100.0% dts:301.176 pts:301.259
2024-11-28 16:00:13.002 T:4489 debug : CAMLCodec::ReleaseFrame idx:8368, drop:0
2024-11-28 16:00:13.003 T:6455 debug : CAMLCodec::AddData: skip add data dl:15722496 fl:0 sz:242812(242880) lv:100.0% dts:301.218 pts:301.218
2024-11-28 16:00:13.009 T:6452 info : Skipped 4 duplicate messages..
2024-11-28 16:00:13.009 T:6452 debug : CVideoPlayer::ProcessVideoData size:288140 dts:306.640 pts:306.681 dur:41.000ms, clock:298.789 level:68
2024-11-28 16:00:13.010 T:6455 debug : CAMLCodec::AddData: skip add data dl:15722496 fl:0 sz:242812(242880) lv:100.0% dts:301.218 pts:301.218
2024-11-28 16:00:13.035 T:4489 info : Skipped 18 duplicate messages..
2024-11-28 16:00:13.035 T:4489 debug : CAMLCodec::PollFrame elapsed:32.742ms
2024-11-28 16:00:13.037 T:6455 debug : CAMLCodec::AddData: dl:15630592 fl:91904 sz:242812(242880) lv:99.4% dts:301.218 pts:301.218
2024-11-28 16:00:13.037 T:6455 debug : CAMLCodec::DequeueBuffer: pts:299.216 idx:8374
2024-11-28 16:00:13.037 T:6455 debug : CAMLCodec::GetPicture: index: 8374, pts: 299.216, dur:42.000ms ar:1.78 elf:40ms
2024-11-28 16:00:13.037 T:6455 debug : CVideoPlayerVideo::OutputPicture - ttd:398ms pts:299.216 Clock:298.818 Level:5
2024-11-28 16:00:13.039 T:4489 debug : PrepareNextRender: frameOnScreen: 298.819 renderPts: 299.028 nextFramePts: 299.007 -> diff: 0.021 render: 1 forceNext: 0
2024-11-28 16:00:13.039 T:6455 debug : CAMLCodec::AddData: skip add data dl:15630580 fl:91916 sz:241068(241152) lv:100.9% dts:301.259 pts:301.301
2024-11-28 16:00:13.041 T:6452 debug : CVideoPlayer::ProcessVideoData size:352530 dts:306.681 pts:306.807 dur:41.000ms, clock:298.821 level:68
2024-11-28 16:00:13.043 T:6455 debug : CAMLCodec::AddData: skip add data dl:15630580 fl:91916 sz:241068(241152) lv:100.9% dts:301.259 pts:301.301
2024-11-28 16:00:13.044 T:4489 debug : CAMLCodec::ReleaseFrame idx:8369, drop:0
2024-11-28 16:00:13.044 T:6455 debug : CAMLCodec::AddData: skip add data dl:15630580 fl:91916 sz:241068(241152) lv:100.9% dts:301.259 pts:301.301
2024-11-28 16:00:13.077 T:4489 info : Skipped 26 duplicate messages..
2024-11-28 16:00:13.077 T:4489 debug : CAMLCodec::PollFrame elapsed:32.501ms
2024-11-28 16:00:13.077 T:6455 debug : CAMLCodec::AddData: skip add data dl:15630580 fl:91916 sz:241068(241152) lv:100.9% dts:301.259 pts:301.301
2024-11-28 16:00:13.079 T:6455 debug : CAMLCodec::DequeueBuffer: pts:299.257 idx:8375
2024-11-28 16:00:13.079 T:6455 debug : CAMLCodec::GetPicture: index: 8375, pts: 299.257, dur:41.000ms ar:1.78 elf:41ms
2024-11-28 16:00:13.079 T:6455 debug : CVideoPlayerVideo::OutputPicture - ttd:397ms pts:299.257 Clock:298.859 Level:5
2024-11-28 16:00:13.080 T:4489 debug : PrepareNextRender: frameOnScreen: 298.860 renderPts: 299.069 nextFramePts: 299.049 -> diff: 0.020 render: 1 forceNext: 0
2024-11-28 16:00:13.083 T:6455 debug : CAMLCodec::AddData: dl:15425396 fl:297100 sz:241068(241152) lv:98.1% dts:301.259 pts:301.301
2024-11-28 16:00:13.084 T:4489 debug : CAMLCodec::ReleaseFrame idx:8370, drop:0
2024-11-28 16:00:13.086 T:6455 debug : CAMLCodec::AddData: dl:15703776 fl:18720 sz:278377(278464) lv:99.8% dts:301.301 pts:301.426
2024-11-28 16:00:13.086 T:6455 debug : CAMLCodec::AddData: skip add data dl:15703689 fl:18807 sz:237146(237248) lv:101.3% dts:301.343 pts:301.384
2024-11-28 16:00:13.093 T:6452 info : Skipped 5 duplicate messages..
2024-11-28 16:00:13.093 T:6452 debug : CVideoPlayer::ProcessVideoData size:297807 dts:306.723 pts:306.765 dur:41.000ms, clock:298.873 level:67
2024-11-28 16:00:13.094 T:6455 debug : CAMLCodec::AddData: skip add data dl:15703689 fl:18807 sz:237146(237248) lv:101.3% dts:301.343 pts:301.384
2024-11-28 16:00:13.119 T:4489 info : Skipped 18 duplicate messages..
2024-11-28 16:00:13.119 T:4489 debug : CAMLCodec::PollFrame elapsed:33.892ms
2024-11-28 16:00:13.121 T:6455 debug : CAMLCodec::AddData: dl:15570633 fl:151863 sz:237146(237248) lv:99.0% dts:301.343 pts:301.384
2024-11-28 16:00:13.121 T:6455 debug : CAMLCodec::DequeueBuffer: pts:299.299 idx:8376
2024-11-28 16:00:13.121 T:6455 debug : CAMLCodec::GetPicture: index: 8376, pts: 299.299, dur:42.000ms ar:1.78 elf:41ms
2024-11-28 16:00:13.121 T:6455 debug : CVideoPlayerVideo::OutputPicture - ttd:397ms pts:299.299 Clock:298.901 Level:5
2024-11-28 16:00:13.122 T:4489 debug : PrepareNextRender: frameOnScreen: 298.902 renderPts: 299.111 nextFramePts: 299.090 -> diff: 0.021 render: 1 forceNext: 0
2024-11-28 16:00:13.123 T:6455 debug : CAMLCodec::AddData: skip add data dl:15570531 fl:151965 sz:447281(447360) lv:101.8% dts:301.384 pts:301.510
2024-11-28 16:00:13.124 T:6452 debug : CVideoPlayer::ProcessVideoData size:287853 dts:306.765 pts:306.848 dur:41.000ms, clock:298.905 level:67
2024-11-28 16:00:13.125 T:6455 debug : CAMLCodec::AddData: skip add data dl:15570531 fl:151965 sz:447281(447360) lv:101.8% dts:301.384 pts:301.510
2024-11-28 16:00:13.126 T:4489 debug : CAMLCodec::ReleaseFrame idx:8371, drop:0
2024-11-28 16:00:13.128 T:6455 debug : CAMLCodec::AddData: skip add data dl:15570531 fl:151965 sz:447281(447360) lv:101.8% dts:301.384 pts:301.510
2024-11-28 16:00:13.160 T:4489 info : Skipped 18 duplicate messages..
2024-11-28 16:00:13.160 T:4489 debug : CAMLCodec::PollFrame elapsed:33.513ms
2024-11-28 16:00:13.160 T:6455 debug : CAMLCodec::AddData: skip add data dl:15570531 fl:151965 sz:447281(447360) lv:101.8% dts:301.384 pts:301.510
2024-11-28 16:00:13.162 T:6455 debug : CAMLCodec::DequeueBuffer: pts:299.341 idx:8377
2024-11-28 16:00:13.162 T:6455 debug : CAMLCodec::GetPicture: index: 8377, pts: 299.341, dur:42.000ms ar:1.78 elf:40ms
2024-11-28 16:00:13.162 T:6455 debug : CVideoPlayerVideo::OutputPicture - ttd:398ms pts:299.341 Clock:298.942 Level:5
2024-11-28 16:00:13.165 T:4489 debug : PrepareNextRender: frameOnScreen: 298.945 renderPts: 299.153 nextFramePts: 299.132 -> diff: 0.021 render: 1 forceNext: 0
2024-11-28 16:00:13.167 T:6455 debug : CAMLCodec::AddData: dl:15656931 fl:65565 sz:447281(447360) lv:99.5% dts:301.384 pts:301.510
2024-11-28 16:00:13.168 T:6455 debug : CAMLCodec::AddData: skip add data dl:15656852 fl:65644 sz:379140(379264) lv:102.0% dts:301.426 pts:301.843
2024-11-28 16:00:13.171 T:4489 info : Skipped 1 duplicate messages..
2024-11-28 16:00:13.171 T:4489 debug : CAMLCodec::ReleaseFrame idx:8372, drop:0
2024-11-28 16:00:13.171 T:6455 debug : CAMLCodec::AddData: skip add data dl:15656852 fl:65644 sz:379140(379264) lv:102.0% dts:301.426 pts:301.843
2024-11-28 16:00:13.181 T:6452 info : Skipped 6 duplicate messages..
2024-11-28 16:00:13.181 T:6452 debug : CVideoPlayer::ProcessVideoData size:458526 dts:306.807 pts:307.224 dur:41.000ms, clock:298.961 level:67
2024-11-28 16:00:13.183 T:6455 debug : CAMLCodec::AddData: skip add data dl:15656852 fl:65644 sz:379140(379264) lv:102.0% dts:301.426 pts:301.843
2024-11-28 16:00:13.202 T:4489 info : Skipped 11 duplicate messages..
2024-11-28 16:00:13.202 T:4489 debug : CAMLCodec::PollFrame elapsed:30.412ms
2024-11-28 16:00:13.202 T:6455 debug : CAMLCodec::DequeueBuffer: pts:299.382 idx:8378
2024-11-28 16:00:13.202 T:6455 debug : CAMLCodec::GetPicture: index: 8378, pts: 299.382, dur:41.000ms ar:1.78 elf:40ms
2024-11-28 16:00:13.202 T:6455 debug : CVideoPlayerVideo::OutputPicture - ttd:399ms pts:299.382 Clock:298.982 Level:5
2024-11-28 16:00:13.207 T:4489 debug : PrepareNextRender: frameOnScreen: 298.987 renderPts: 299.195 nextFramePts: 299.174 -> diff: 0.021 render: 1 forceNext: 0
2024-11-28 16:00:13.207 T:6455 debug : CAMLCodec::AddData: dl:15728276 fl:-5780 sz:379140(379264) lv:100.0% dts:301.426 pts:301.843
2024-11-28 16:00:13.208 T:6455 debug : CAMLCodec::AddData: skip add data dl:15722496 fl:0 sz:293326(293440) lv:100.0% dts:301.468 pts:301.676
2024-11-28 16:00:13.210 T:4489 info : Skipped 1 duplicate messages..
2024-11-28 16:00:13.210 T:4489 debug : CAMLCodec::ReleaseFrame idx:8373, drop:0
2024-11-28 16:00:13.211 T:6455 debug : CAMLCodec::AddData: skip add data dl:15722496 fl:0 sz:293326(293440) lv:100.0% dts:301.468 pts:301.676
2024-11-28 16:00:13.214 T:6452 info : Skipped 1 duplicate messages..
2024-11-28 16:00:13.214 T:6452 debug : CVideoPlayer::ProcessVideoData size:373835 dts:306.848 pts:307.057 dur:41.000ms, clock:298.994 level:67
2024-11-28 16:00:13.214 T:6455 debug : CAMLCodec::AddData: skip add data dl:15722496 fl:0 sz:293326(293440) lv:100.0% dts:301.468 pts:301.676
2024-11-28 16:00:13.215 T:6452 debug : CVideoPlayer::ProcessVideoData size:366329 dts:306.890 pts:306.973 dur:41.000ms, clock:298.995 level:100
2024-11-28 16:00:13.216 T:6455 debug : CAMLCodec::AddData: skip add data dl:15722496 fl:0 sz:293326(293440) lv:100.0% dts:301.468 pts:301.676
2024-11-28 16:00:13.244 T:4489 info : Skipped 18 duplicate messages..
2024-11-28 16:00:13.244 T:4489 debug : CAMLCodec::PollFrame elapsed:33.362ms
2024-11-28 16:00:13.244 T:6455 debug : CAMLCodec::DequeueBuffer: pts:299.424 idx:8379
2024-11-28 16:00:13.244 T:6455 debug : CAMLCodec::GetPicture: index: 8379, pts: 299.424, dur:42.000ms ar:1.78 elf:41ms
2024-11-28 16:00:13.244 T:6455 debug : CVideoPlayerVideo::OutputPicture - ttd:400ms pts:299.424 Clock:299.024 Level:5
2024-11-28 16:00:13.248 T:4489 debug : PrepareNextRender: frameOnScreen: 299.028 renderPts: 299.236 nextFramePts: 299.216 -> diff: 0.020 render: 1 forceNext: 0
2024-11-28 16:00:13.248 T:6455 debug : CAMLCodec::AddData: dl:15701824 fl:20672 sz:293326(293440) lv:99.8% dts:301.468 pts:301.676
2024-11-28 16:00:13.249 T:6455 debug : CAMLCodec::AddData: skip add data dl:15707366 fl:15130 sz:268965(269056) lv:101.6% dts:301.510 pts:301.593
2024-11-28 16:00:13.251 T:4489 info : Skipped 1 duplicate messages..
2024-11-28 16:00:13.251 T:4489 debug : CAMLCodec::ReleaseFrame idx:8374, drop:0
2024-11-28 16:00:13.252 T:6455 debug : CAMLCodec::AddData: skip add data dl:15707366 fl:15130 sz:268965(269056) lv:101.6% dts:301.510 pts:301.593
2024-11-28 16:00:13.285 T:6455 info : Skipped 23 duplicate messages..
2024-11-28 16:00:13.285 T:6455 debug : CAMLCodec::DequeueBuffer: pts:299.466 idx:8380
2024-11-28 16:00:13.285 T:6455 debug : CAMLCodec::GetPicture: index: 8380, pts: 299.466, dur:42.000ms ar:1.78 elf:41ms
2024-11-28 16:00:13.285 T:6455 debug : CVideoPlayerVideo::OutputPicture - ttd:400ms pts:299.466 Clock:299.065 Level:5
2024-11-28 16:00:13.285 T:4489 debug : CAMLCodec::PollFrame elapsed:33.646ms
2024-11-28 16:00:13.289 T:6452 debug : CVideoPlayer::ProcessVideoData size:309123 dts:306.932 pts:306.932 dur:41.000ms, clock:299.069 level:67
2024-11-28 16:00:13.289 T:4489 debug : PrepareNextRender: frameOnScreen: 299.069 renderPts: 299.278 nextFramePts: 299.257 -> diff: 0.021 render: 1 forceNext: 0
2024-11-28 16:00:13.290 T:6455 debug : CAMLCodec::AddData: dl:15581862 fl:140634 sz:268965(269056) lv:99.1% dts:301.510 pts:301.593
2024-11-28 16:00:13.290 T:6455 debug : CAMLCodec::AddData: skip add data dl:15581771 fl:140725 sz:221679(221760) lv:100.5% dts:301.551 pts:301.551
2024-11-28 16:00:13.292 T:4489 info : Skipped 1 duplicate messages..
2024-11-28 16:00:13.292 T:4489 debug : CAMLCodec::ReleaseFrame idx:8375, drop:0
2024-11-28 16:00:13.293 T:6455 debug : CAMLCodec::AddData: skip add data dl:15581771 fl:140725 sz:221679(221760) lv:100.5% dts:301.551 pts:301.551
2024-11-28 16:00:13.327 T:4489 info : Skipped 26 duplicate messages..
2024-11-28 16:00:13.327 T:4489 debug : CAMLCodec::PollFrame elapsed:34.633ms
2024-11-28 16:00:13.329 T:6455 debug : CAMLCodec::AddData: dl:15472267 fl:250229 sz:221679(221760) lv:98.4% dts:301.551 pts:301.551
2024-11-28 16:00:13.330 T:6455 debug : CAMLCodec::DequeueBuffer: pts:299.508 idx:8381
2024-11-28 16:00:13.330 T:6455 debug : CAMLCodec::GetPicture: index: 8381, pts: 299.508, dur:42.000ms ar:1.78 elf:44ms
2024-11-28 16:00:13.330 T:6455 debug : CVideoPlayerVideo::OutputPicture - ttd:398ms pts:299.508 Clock:299.110 Level:5
2024-11-28 16:00:13.331 T:4489 debug : PrepareNextRender: frameOnScreen: 299.111 renderPts: 299.319 nextFramePts: 299.299 -> diff: 0.020 render: 1 forceNext: 0
2024-11-28 16:00:13.331 T:6452 debug : CVideoPlayer::ProcessVideoData size:292141 dts:306.973 pts:307.015 dur:41.000ms, clock:299.111 level:67
2024-11-28 16:00:13.334 T:4489 debug : CAMLCodec::ReleaseFrame idx:8376, drop:0
2024-11-28 16:00:13.335 T:6455 debug : CAMLCodec::AddData: dl:15695930 fl:26566 sz:223655(223744) lv:99.8% dts:301.593 pts:301.635
2024-11-28 16:00:13.335 T:6455 debug : CAMLCodec::AddData: skip add data dl:15695841 fl:26655 sz:277595(277696) lv:101.6% dts:301.635 pts:301.760
2024-11-28 16:00:13.369 T:4489 info : Skipped 25 duplicate messages..
2024-11-28 16:00:13.369 T:4489 debug : CAMLCodec::PollFrame elapsed:34.136ms
2024-11-28 16:00:13.369 T:6455 debug : CAMLCodec::AddData: skip add data dl:15695841 fl:26655 sz:277595(277696) lv:101.6% dts:301.635 pts:301.760
2024-11-28 16:00:13.370 T:6455 debug : CAMLCodec::DequeueBuffer: pts:299.549 idx:8382
2024-11-28 16:00:13.370 T:6455 debug : CAMLCodec::GetPicture: index: 8382, pts: 299.549, dur:41.000ms ar:1.78 elf:40ms
2024-11-28 16:00:13.370 T:6455 debug : CVideoPlayerVideo::OutputPicture - ttd:398ms pts:299.549 Clock:299.150 Level:5
2024-11-28 16:00:13.372 T:4489 debug : PrepareNextRender: frameOnScreen: 299.151 renderPts: 299.360 nextFramePts: 299.341 -> diff: 0.019 render: 1 forceNext: 0
2024-11-28 16:00:13.374 T:6452 debug : CVideoPlayer::ProcessVideoData size:357166 dts:307.015 pts:307.140 dur:41.000ms, clock:299.154 level:67
2024-11-28 16:00:13.374 T:6455 debug : CAMLCodec::AddData: dl:15674977 fl:47519 sz:277595(277696) lv:99.7% dts:301.635 pts:301.760
2024-11-28 16:00:13.375 T:6455 debug : CAMLCodec::AddData: skip add data dl:15674876 fl:47620 sz:227873(227968) lv:101.1% dts:301.676 pts:301.718
2024-11-28 16:00:13.377 T:4489 info : Skipped 1 duplicate messages..
2024-11-28 16:00:13.377 T:4489 debug : CAMLCodec::ReleaseFrame idx:8377, drop:0
