2024-11-28 16:00:16.289 T:6455 debug : CAMLCodec::AddData: skip add data dl:15401244 fl:321252 sz:400243(400320) lv:100.5% dts:304.679 pts:304.805
2024-11-28 16:00:16.291 T:4489 info : Skipped 1 duplicate messages..
2024-11-28 16:00:16.291 T:4489 debug : PrepareNextRender: frameOnScreen: 302.071 renderPts: 302.281 nextFramePts: 302.260 -> diff: 0.021 render: 1 forceNext: 0
2024-11-28 16:00:16.292 T:6455 debug : CAMLCodec::AddData: skip add data dl:15401244 fl:321252 sz:400243(400320) lv:100.5% dts:304.679 pts:304.805
2024-11-28 16:00:16.294 T:4489 info : Skipped 1 duplicate messages..
2024-11-28 16:00:16.294 T:4489 debug : CAMLCodec::ReleaseFrame idx:8447, drop:0
2024-11-28 16:00:16.295 T:6455 debug : CAMLCodec::AddData: skip add data dl:15401244 fl:321252 sz:400243(400320) lv:100.5% dts:304.679 pts:304.805
2024-11-28 16:00:16.330 T:4489 info : Skipped 24 duplicate messages..
2024-11-28 16:00:16.330 T:4489 debug : CAMLCodec::PollFrame elapsed:35.691ms
2024-11-28 16:00:16.330 T:6455 debug : CAMLCodec::AddData: skip add data dl:15401244 fl:321252 sz:400243(400320) lv:100.5% dts:304.679 pts:304.805
2024-11-28 16:00:16.331 T:6455 debug : CAMLCodec::DequeueBuffer: pts:302.511 idx:8453
2024-11-28 16:00:16.331 T:6455 debug : CAMLCodec::GetPicture: index: 8453, pts: 302.511, dur:42.000ms ar:1.78 elf:161ms
2024-11-28 16:00:16.332 T:6455 debug : CVideoPlayerVideo::OutputPicture - ttd:399ms pts:302.511 Clock:302.112 Level:5
2024-11-28 16:00:16.332 T:4489 debug : PrepareNextRender: frameOnScreen: 302.112 renderPts: 302.322 nextFramePts: 302.302 -> diff: 0.020 render: 1 forceNext: 0
2024-11-28 16:00:16.335 T:4489 debug : CAMLCodec::ReleaseFrame idx:8448, drop:0
2024-11-28 16:00:16.336 T:6455 debug : CAMLCodec::AddData: dl:15519900 fl:202596 sz:400243(400320) lv:98.7% dts:304.679 pts:304.805
2024-11-28 16:00:16.336 T:6455 debug : CAMLCodec::AddData: skip add data dl:15519823 fl:202673 sz:315512(315584) lv:100.7% dts:304.721 pts:304.763
2024-11-28 16:00:16.354 T:6452 info : Skipped 13 duplicate messages..
2024-11-28 16:00:16.354 T:6452 debug : CVideoPlayer::ProcessVideoData size:497101 dts:309.476 pts:309.893 dur:41.000ms, clock:302.134 level:59
2024-11-28 16:00:16.356 T:6455 debug : CAMLCodec::AddData: skip add data dl:15519823 fl:202673 sz:315512(315584) lv:100.7% dts:304.721 pts:304.763
2024-11-28 16:00:16.372 T:4489 info : Skipped 10 duplicate messages..
2024-11-28 16:00:16.372 T:4489 debug : CAMLCodec::PollFrame elapsed:36.271ms
2024-11-28 16:00:16.372 T:6455 debug : CAMLCodec::DequeueBuffer: pts:302.552 idx:8454
2024-11-28 16:00:16.372 T:6455 debug : CAMLCodec::GetPicture: index: 8454, pts: 302.552, dur:41.000ms ar:1.78 elf:40ms
2024-11-28 16:00:16.372 T:6455 debug : CVideoPlayerVideo::OutputPicture - ttd:399ms pts:302.552 Clock:302.152 Level:5
2024-11-28 16:00:16.376 T:6455 debug : CAMLCodec::AddData: dl:15611407 fl:111089 sz:315512(315584) lv:99.3% dts:304.721 pts:304.763
2024-11-28 16:00:16.376 T:4489 debug : PrepareNextRender: frameOnScreen: 302.156 renderPts: 302.365 nextFramePts: 302.344 -> diff: 0.021 render: 1 forceNext: 0
2024-11-28 16:00:16.377 T:6452 debug : CVideoPlayer::ProcessVideoData size:381650 dts:309.518 pts:309.726 dur:41.000ms, clock:302.157 level:59
2024-11-28 16:00:16.377 T:6455 debug : CAMLCodec::AddData: skip add data dl:15611335 fl:111161 sz:326243(326336) lv:101.3% dts:304.763 pts:304.846
2024-11-28 16:00:16.379 T:4489 info : Skipped 1 duplicate messages..
2024-11-28 16:00:16.379 T:4489 debug : CAMLCodec::ReleaseFrame idx:8449, drop:0
2024-11-28 16:00:16.380 T:6455 debug : CAMLCodec::AddData: skip add data dl:15611335 fl:111161 sz:326243(326336) lv:101.3% dts:304.763 pts:304.846
2024-11-28 16:00:16.388 T:6452 info : Skipped 6 duplicate messages..
2024-11-28 16:00:16.388 T:6452 debug : CVideoPlayer::ProcessVideoData size:392831 dts:309.559 pts:309.643 dur:41.000ms, clock:302.169 level:59
2024-11-28 16:00:16.390 T:6455 debug : CAMLCodec::AddData: skip add data dl:15611335 fl:111161 sz:326243(326336) lv:101.3% dts:304.763 pts:304.846
2024-11-28 16:00:16.413 T:4489 info : Skipped 16 duplicate messages..
2024-11-28 16:00:16.413 T:4489 debug : CAMLCodec::PollFrame elapsed:33.380ms
2024-11-28 16:00:16.413 T:6455 debug : CAMLCodec::AddData: skip add data dl:15611335 fl:111161 sz:326243(326336) lv:101.3% dts:304.763 pts:304.846
2024-11-28 16:00:16.415 T:6455 debug : CAMLCodec::DequeueBuffer: pts:302.594 idx:8455
2024-11-28 16:00:16.415 T:6455 debug : CAMLCodec::GetPicture: index: 8455, pts: 302.594, dur:42.000ms ar:1.78 elf:42ms
2024-11-28 16:00:16.415 T:6455 debug : CVideoPlayerVideo::OutputPicture - ttd:398ms pts:302.594 Clock:302.195 Level:5
2024-11-28 16:00:16.416 T:4489 debug : PrepareNextRender: frameOnScreen: 302.196 renderPts: 302.405 nextFramePts: 302.385 -> diff: 0.020 render: 1 forceNext: 0
2024-11-28 16:00:16.419 T:6455 debug : CAMLCodec::AddData: dl:15712391 fl:10105 sz:326243(326336) lv:99.9% dts:304.763 pts:304.846
2024-11-28 16:00:16.420 T:6455 debug : CAMLCodec::AddData: skip add data dl:15712298 fl:10198 sz:505074(505152) lv:103.1% dts:304.805 pts:305.222
2024-11-28 16:00:16.420 T:4489 debug : CAMLCodec::ReleaseFrame idx:8450, drop:0
2024-11-28 16:00:16.421 T:6455 debug : CAMLCodec::AddData: skip add data dl:15712298 fl:10198 sz:505074(505152) lv:103.1% dts:304.805 pts:305.222
2024-11-28 16:00:16.440 T:6452 info : Skipped 12 duplicate messages..
2024-11-28 16:00:16.440 T:6452 debug : CVideoPlayer::ProcessVideoData size:298264 dts:309.601 pts:309.601 dur:41.000ms, clock:302.220 level:100
2024-11-28 16:00:16.440 T:6455 debug : CAMLCodec::AddData: skip add data dl:15712298 fl:10198 sz:505074(505152) lv:103.1% dts:304.805 pts:305.222
2024-11-28 16:00:16.455 T:4489 info : Skipped 9 duplicate messages..
2024-11-28 16:00:16.455 T:4489 debug : CAMLCodec::PollFrame elapsed:34.703ms
2024-11-28 16:00:16.455 T:6455 debug : CAMLCodec::DequeueBuffer: pts:302.636 idx:8456
2024-11-28 16:00:16.455 T:6455 debug : CAMLCodec::GetPicture: index: 8456, pts: 302.636, dur:42.000ms ar:1.78 elf:40ms
2024-11-28 16:00:16.455 T:6455 debug : CVideoPlayerVideo::OutputPicture - ttd:400ms pts:302.636 Clock:302.236 Level:5
2024-11-28 16:00:16.457 T:6455 debug : CAMLCodec::AddData: skip add data dl:15410282 fl:312214 sz:505074(505152) lv:101.2% dts:304.805 pts:305.222
2024-11-28 16:00:16.459 T:4489 info : Skipped 1 duplicate messages..
2024-11-28 16:00:16.459 T:4489 debug : PrepareNextRender: frameOnScreen: 302.239 renderPts: 302.448 nextFramePts: 302.427 -> diff: 0.021 render: 1 forceNext: 0
2024-11-28 16:00:16.460 T:6455 debug : CAMLCodec::AddData: skip add data dl:15410282 fl:312214 sz:505074(505152) lv:101.2% dts:304.805 pts:305.222
2024-11-28 16:00:16.462 T:4489 info : Skipped 1 duplicate messages..
2024-11-28 16:00:16.462 T:4489 debug : CAMLCodec::ReleaseFrame idx:8451, drop:0
2024-11-28 16:00:16.464 T:6455 debug : CAMLCodec::AddData: skip add data dl:15410282 fl:312214 sz:505074(505152) lv:101.2% dts:304.805 pts:305.222
2024-11-28 16:00:16.497 T:4489 info : Skipped 22 duplicate messages..
2024-11-28 16:00:16.497 T:4489 debug : CAMLCodec::PollFrame elapsed:33.983ms
2024-11-28 16:00:16.499 T:6455 debug : CAMLCodec::AddData: dl:15664298 fl:58198 sz:505074(505152) lv:99.6% dts:304.805 pts:305.222
2024-11-28 16:00:16.499 T:6455 debug : CAMLCodec::DequeueBuffer: pts:302.678 idx:8457
2024-11-28 16:00:16.500 T:6455 debug : CAMLCodec::GetPicture: index: 8457, pts: 302.678, dur:41.711ms ar:1.78 elf:44ms
2024-11-28 16:00:16.500 T:6455 debug : CVideoPlayerVideo::OutputPicture - ttd:397ms pts:302.678 Clock:302.280 Level:5
2024-11-28 16:00:16.500 T:4489 debug : PrepareNextRender: frameOnScreen: 302.280 renderPts: 302.490 nextFramePts: 302.469 -> diff: 0.021 render: 1 forceNext: 0
2024-11-28 16:00:16.501 T:6455 debug : CAMLCodec::AddData: skip add data dl:15664220 fl:58276 sz:386441(386560) lv:102.0% dts:304.846 pts:305.055
2024-11-28 16:00:16.504 T:4489 info : Skipped 1 duplicate messages..
2024-11-28 16:00:16.504 T:4489 debug : CAMLCodec::ReleaseFrame idx:8452, drop:0
2024-11-28 16:00:16.504 T:6455 debug : CAMLCodec::AddData: skip add data dl:15664220 fl:58276 sz:386441(386560) lv:102.0% dts:304.846 pts:305.055
2024-11-28 16:00:16.512 T:6452 info : Skipped 5 duplicate messages..
2024-11-28 16:00:16.512 T:6452 debug : CVideoPlayer::ProcessVideoData size:298046 dts:309.643 pts:309.684 dur:41.000ms, clock:302.292 level:100
2024-11-28 16:00:16.513 T:6455 debug : CAMLCodec::AddData: skip add data dl:15664220 fl:58276 sz:386441(386560) lv:102.0% dts:304.846 pts:305.055
2024-11-28 16:00:16.514 T:6452 debug : CVideoPlayer::ProcessVideoData size:365258 dts:309.684 pts:309.810 dur:41.000ms, clock:302.294 level:100
2024-11-28 16:00:16.515 T:6455 debug : CAMLCodec::AddData: skip add data dl:15664220 fl:58276 sz:386441(386560) lv:102.0% dts:304.846 pts:305.055
2024-11-28 16:00:16.538 T:4489 info : Skipped 15 duplicate messages..
2024-11-28 16:00:16.538 T:4489 debug : CAMLCodec::PollFrame elapsed:34.333ms
2024-11-28 16:00:16.538 T:6455 debug : CAMLCodec::AddData: skip add data dl:15664220 fl:58276 sz:386441(386560) lv:102.0% dts:304.846 pts:305.055
2024-11-28 16:00:16.540 T:6455 debug : CAMLCodec::DequeueBuffer: pts:302.719 idx:8458
2024-11-28 16:00:16.540 T:6455 debug : CAMLCodec::GetPicture: index: 8458, pts: 302.719, dur:41.289ms ar:1.78 elf:40ms
2024-11-28 16:00:16.540 T:6455 debug : CVideoPlayerVideo::OutputPicture - ttd:398ms pts:302.719 Clock:302.320 Level:5
2024-11-28 16:00:16.542 T:6455 debug : CAMLCodec::AddData: skip add data dl:15434332 fl:288164 sz:386441(386560) lv:100.6% dts:304.846 pts:305.055
2024-11-28 16:00:16.542 T:4489 debug : PrepareNextRender: frameOnScreen: 302.322 renderPts: 302.532 nextFramePts: 302.511 -> diff: 0.021 render: 1 forceNext: 0
2024-11-28 16:00:16.543 T:6455 debug : CAMLCodec::AddData: skip add data dl:15434332 fl:288164 sz:386441(386560) lv:100.6% dts:304.846 pts:305.055
2024-11-28 16:00:16.545 T:4489 info : Skipped 1 duplicate messages..
2024-11-28 16:00:16.545 T:4489 debug : CAMLCodec::ReleaseFrame idx:8453, drop:0
2024-11-28 16:00:16.546 T:6455 debug : CAMLCodec::AddData: skip add data dl:15434332 fl:288164 sz:386441(386560) lv:100.6% dts:304.846 pts:305.055
2024-11-28 16:00:16.580 T:6455 info : Skipped 24 duplicate messages..
2024-11-28 16:00:16.580 T:6455 debug : CAMLCodec::DequeueBuffer: pts:302.761 idx:8459
2024-11-28 16:00:16.580 T:4489 debug : CAMLCodec::PollFrame elapsed:34.449ms
2024-11-28 16:00:16.580 T:6455 debug : CAMLCodec::GetPicture: index: 8459, pts: 302.761, dur:42.000ms ar:1.78 elf:40ms
2024-11-28 16:00:16.580 T:6455 debug : CVideoPlayerVideo::OutputPicture - ttd:400ms pts:302.761 Clock:302.361 Level:5
2024-11-28 16:00:16.583 T:4489 debug : PrepareNextRender: frameOnScreen: 302.363 renderPts: 302.572 nextFramePts: 302.552 -> diff: 0.020 render: 1 forceNext: 0
2024-11-28 16:00:16.584 T:6455 debug : CAMLCodec::AddData: dl:15452508 fl:269988 sz:386441(386560) lv:98.2% dts:304.846 pts:305.055
2024-11-28 16:00:16.586 T:6455 debug : CAMLCodec::AddData: skip add data dl:15452389 fl:270107 sz:405298(405376) lv:100.8% dts:304.888 pts:304.971
2024-11-28 16:00:16.586 T:4489 debug : CAMLCodec::ReleaseFrame idx:8454, drop:0
2024-11-28 16:00:16.588 T:6455 debug : CAMLCodec::AddData: skip add data dl:15452389 fl:270107 sz:405298(405376) lv:100.8% dts:304.888 pts:304.971
2024-11-28 16:00:16.596 T:6452 info : Skipped 4 duplicate messages..
2024-11-28 16:00:16.596 T:6452 debug : CVideoPlayer::ProcessVideoData size:294731 dts:309.726 pts:309.768 dur:41.000ms, clock:302.376 level:100
2024-11-28 16:00:16.597 T:6455 debug : CAMLCodec::AddData: skip add data dl:15452389 fl:270107 sz:405298(405376) lv:100.8% dts:304.888 pts:304.971
2024-11-28 16:00:16.622 T:4489 info : Skipped 13 duplicate messages..
2024-11-28 16:00:16.622 T:4489 debug : CAMLCodec::PollFrame elapsed:35.283ms
2024-11-28 16:00:16.622 T:6455 debug : CAMLCodec::AddData: skip add data dl:15452389 fl:270107 sz:405298(405376) lv:100.8% dts:304.888 pts:304.971
2024-11-28 16:00:16.623 T:6455 debug : CAMLCodec::DequeueBuffer: pts:302.803 idx:8460
2024-11-28 16:00:16.624 T:6455 debug : CAMLCodec::GetPicture: index: 8460, pts: 302.803, dur:42.000ms ar:1.78 elf:43ms
2024-11-28 16:00:16.624 T:6455 debug : CVideoPlayerVideo::OutputPicture - ttd:399ms pts:302.803 Clock:302.404 Level:5
2024-11-28 16:00:16.625 T:4489 debug : PrepareNextRender: frameOnScreen: 302.405 renderPts: 302.614 nextFramePts: 302.594 -> diff: 0.020 render: 1 forceNext: 0
2024-11-28 16:00:16.629 T:6455 debug : CAMLCodec::AddData: dl:15563301 fl:159195 sz:405298(405376) lv:98.9% dts:304.888 pts:304.971
2024-11-28 16:00:16.629 T:6455 debug : CAMLCodec::AddData: skip add data dl:15563223 fl:159273 sz:326523(326592) lv:101.0% dts:304.930 pts:304.930
2024-11-28 16:00:16.630 T:4489 debug : CAMLCodec::ReleaseFrame idx:8455, drop:0
2024-11-28 16:00:16.631 T:6455 debug : CAMLCodec::AddData: skip add data dl:15563223 fl:159273 sz:326523(326592) lv:101.0% dts:304.930 pts:304.930
2024-11-28 16:00:16.638 T:6452 info : Skipped 4 duplicate messages..
2024-11-28 16:00:16.638 T:6452 debug : CVideoPlayer::ProcessVideoData size:305590 dts:309.768 pts:309.851 dur:41.000ms, clock:302.418 level:100
2024-11-28 16:00:16.638 T:6455 debug : CAMLCodec::AddData: skip add data dl:15563223 fl:159273 sz:326523(326592) lv:101.0% dts:304.930 pts:304.930
2024-11-28 16:00:16.663 T:4489 info : Skipped 17 duplicate messages..
2024-11-28 16:00:16.663 T:4489 debug : CAMLCodec::PollFrame elapsed:33.026ms
2024-11-28 16:00:16.664 T:6455 debug : CAMLCodec::AddData: skip add data dl:15563223 fl:159273 sz:326523(326592) lv:101.0% dts:304.930 pts:304.930
2024-11-28 16:00:16.666 T:4489 info : Skipped 1 duplicate messages..
2024-11-28 16:00:16.666 T:4489 debug : PrepareNextRender: frameOnScreen: 302.446 renderPts: 302.656 nextFramePts: 302.636 -> diff: 0.020 render: 1 forceNext: 0
2024-11-28 16:00:16.667 T:6455 debug : CAMLCodec::AddData: skip add data dl:15563223 fl:159273 sz:326523(326592) lv:101.0% dts:304.930 pts:304.930
2024-11-28 16:00:16.669 T:4489 info : Skipped 1 duplicate messages..
2024-11-28 16:00:16.669 T:4489 debug : CAMLCodec::ReleaseFrame idx:8456, drop:0
2024-11-28 16:00:16.669 T:6455 debug : CAMLCodec::AddData: skip add data dl:15563223 fl:159273 sz:326523(326592) lv:101.0% dts:304.930 pts:304.930
2024-11-28 16:00:16.705 T:4489 info : Skipped 26 duplicate messages..
2024-11-28 16:00:16.705 T:4489 debug : CAMLCodec::PollFrame elapsed:35.937ms
2024-11-28 16:00:16.705 T:6455 debug : CAMLCodec::DequeueBuffer: pts:302.844 idx:8461
2024-11-28 16:00:16.705 T:6455 debug : CAMLCodec::GetPicture: index: 8461, pts: 302.844, dur:41.000ms ar:1.78 elf:81ms
2024-11-28 16:00:16.705 T:6455 debug : CVideoPlayerVideo::OutputPicture - ttd:358ms pts:302.844 Clock:302.486 Level:4
2024-11-28 16:00:16.709 T:4489 debug : PrepareNextRender: frameOnScreen: 302.490 renderPts: 302.699 nextFramePts: 302.678 -> diff: 0.021 render: 1 forceNext: 0
2024-11-28 16:00:16.709 T:6455 debug : CAMLCodec::AddData: dl:15601431 fl:121065 sz:326523(326592) lv:99.2% dts:304.930 pts:304.930
2024-11-28 16:00:16.710 T:6455 debug : CAMLCodec::AddData: skip add data dl:15601362 fl:121134 sz:335494(335616) lv:101.3% dts:304.971 pts:305.013
2024-11-28 16:00:16.713 T:4489 info : Skipped 1 duplicate messages..
2024-11-28 16:00:16.713 T:4489 debug : CAMLCodec::ReleaseFrame idx:8457, drop:0
2024-11-28 16:00:16.713 T:6455 debug : CAMLCodec::AddData: skip add data dl:15601362 fl:121134 sz:335494(335616) lv:101.3% dts:304.971 pts:305.013
2024-11-28 16:00:16.716 T:6455 info : Skipped 1 duplicate messages..
2024-11-28 16:00:16.716 T:6455 debug : CAMLCodec::DequeueBuffer: pts:302.886 idx:8462
2024-11-28 16:00:16.716 T:6455 debug : CAMLCodec::GetPicture: index: 8462, pts: 302.886, dur:42.000ms ar:1.78 elf:10ms
2024-11-28 16:00:16.716 T:6455 debug : CVideoPlayerVideo::OutputPicture - ttd:389ms pts:302.886 Clock:302.496 Level:4
2024-11-28 16:00:16.720 T:6455 debug : CAMLCodec::AddData: dl:15709650 fl:12846 sz:335494(335616) lv:99.9% dts:304.971 pts:305.013
2024-11-28 16:00:16.721 T:6455 debug : CAMLCodec::AddData: skip add data dl:15709528 fl:12968 sz:403474(403584) lv:102.4% dts:305.013 pts:305.138
2024-11-28 16:00:16.733 T:6452 info : Skipped 6 duplicate messages..
2024-11-28 16:00:16.733 T:6452 debug : CVideoPlayer::ProcessVideoData size:481439 dts:309.810 pts:310.227 dur:41.000ms, clock:302.513 level:60
2024-11-28 16:00:16.735 T:6455 debug : CAMLCodec::AddData: skip add data dl:15709528 fl:12968 sz:403474(403584) lv:102.4% dts:305.013 pts:305.138
2024-11-28 16:00:16.745 T:6452 info : Skipped 5 duplicate messages..
2024-11-28 16:00:16.745 T:6452 debug : CVideoPlayer::ProcessVideoData size:423565 dts:309.851 pts:310.060 dur:41.000ms, clock:302.525 level:100
2024-11-28 16:00:16.746 T:6455 debug : CAMLCodec::AddData: skip add data dl:15709528 fl:12968 sz:403474(403584) lv:102.4% dts:305.013 pts:305.138
2024-11-28 16:00:16.747 T:4489 debug : CAMLCodec::PollFrame elapsed:33.955ms
2024-11-28 16:00:16.747 T:6455 debug : CAMLCodec::AddData: skip add data dl:15709528 fl:12968 sz:403474(403584) lv:102.4% dts:305.013 pts:305.138
2024-11-28 16:00:16.749 T:6455 debug : CAMLCodec::DequeueBuffer: pts:302.928 idx:8463
2024-11-28 16:00:16.749 T:6455 debug : CAMLCodec::GetPicture: index: 8463, pts: 302.928, dur:42.000ms ar:1.78 elf:32ms
2024-11-28 16:00:16.749 T:6455 debug : CVideoPlayerVideo::OutputPicture - ttd:398ms pts:302.928 Clock:302.529 Level:5
2024-11-28 16:00:16.750 T:4489 debug : PrepareNextRender: frameOnScreen: 302.530 renderPts: 302.739 nextFramePts: 302.719 -> diff: 0.020 render: 1 forceNext: 0
2024-11-28 16:00:16.751 T:6455 debug : CAMLCodec::AddData: skip add data dl:15465752 fl:256744 sz:403474(403584) lv:100.9% dts:305.013 pts:305.138
2024-11-28 16:00:16.755 T:4489 info : Skipped 1 duplicate messages..
2024-11-28 16:00:16.755 T:4489 debug : CAMLCodec::ReleaseFrame idx:8458, drop:0
2024-11-28 16:00:16.755 T:6455 debug : CAMLCodec::AddData: skip add data dl:15465752 fl:256744 sz:403474(403584) lv:100.9% dts:305.013 pts:305.138
2024-11-28 16:00:16.789 T:4489 info : Skipped 19 duplicate messages..
2024-11-28 16:00:16.789 T:4489 debug : CAMLCodec::PollFrame elapsed:33.545ms
2024-11-28 16:00:16.792 T:6455 debug : CAMLCodec::AddData: dl:15520216 fl:202280 sz:403474(403584) lv:98.7% dts:305.013 pts:305.138
2024-11-28 16:00:16.792 T:6455 debug : CAMLCodec::DequeueBuffer: pts:302.969 idx:8464
2024-11-28 16:00:16.792 T:6455 debug : CAMLCodec::GetPicture: index: 8464, pts: 302.969, dur:41.000ms ar:1.78 elf:43ms
2024-11-28 16:00:16.792 T:6455 debug : CVideoPlayerVideo::OutputPicture - ttd:396ms pts:302.969 Clock:302.573 Level:5
2024-11-28 16:00:16.793 T:4489 debug : PrepareNextRender: frameOnScreen: 302.573 renderPts: 302.783 nextFramePts: 302.761 -> diff: 0.022 render: 1 forceNext: 0
2024-11-28 16:00:16.794 T:6455 debug : CAMLCodec::AddData: skip add data dl:15520106 fl:202390 sz:296686(296768) lv:100.6% dts:305.055 pts:305.096
2024-11-28 16:00:16.797 T:4489 info : Skipped 1 duplicate messages..
2024-11-28 16:00:16.796 T:4489 debug : CAMLCodec::ReleaseFrame idx:8459, drop:0
2024-11-28 16:00:16.797 T:6455 debug : CAMLCodec::AddData: skip add data dl:15520106 fl:202390 sz:296686(296768) lv:100.6% dts:305.055 pts:305.096
2024-11-28 16:00:16.830 T:6455 info : Skipped 25 duplicate messages..
2024-11-28 16:00:16.830 T:6455 debug : CAMLCodec::DequeueBuffer: pts:303.011 idx:8465
2024-11-28 16:00:16.830 T:6455 debug : CAMLCodec::GetPicture: index: 8465, pts: 303.011, dur:42.000ms ar:1.78 elf:37ms
2024-11-28 16:00:16.830 T:6455 debug : CVideoPlayerVideo::OutputPicture - ttd:400ms pts:303.011 Clock:302.610 Level:5
2024-11-28 16:00:16.830 T:4489 debug : CAMLCodec::PollFrame elapsed:33.609ms
2024-11-28 16:00:16.834 T:4489 debug : PrepareNextRender: frameOnScreen: 302.614 renderPts: 302.824 nextFramePts: 302.803 -> diff: 0.021 render: 1 forceNext: 0
2024-11-28 16:00:16.834 T:6455 debug : CAMLCodec::AddData: dl:15578986 fl:143510 sz:296686(296768) lv:99.0% dts:305.055 pts:305.096
2024-11-28 16:00:16.835 T:6455 debug : CAMLCodec::AddData: skip add data dl:15578904 fl:143592 sz:319179(319296) lv:101.1% dts:305.096 pts:305.180
2024-11-28 16:00:16.838 T:4489 info : Skipped 1 duplicate messages..
2024-11-28 16:00:16.838 T:4489 debug : CAMLCodec::ReleaseFrame idx:8460, drop:0
2024-11-28 16:00:16.838 T:6455 debug : CAMLCodec::AddData: skip add data dl:15578904 fl:143592 sz:319179(319296) lv:101.1% dts:305.096 pts:305.180
2024-11-28 16:00:16.858 T:6452 info : Skipped 15 duplicate messages..
2024-11-28 16:00:16.858 T:6452 debug : CVideoPlayer::ProcessVideoData size:380343 dts:309.893 pts:309.976 dur:41.000ms, clock:302.638 level:59
2024-11-28 16:00:16.859 T:6455 debug : CAMLCodec::AddData: skip add data dl:15578904 fl:143592 sz:319179(319296) lv:101.1% dts:305.096 pts:305.180
2024-11-28 16:00:16.872 T:4489 info : Skipped 9 duplicate messages..
2024-11-28 16:00:16.872 T:4489 debug : CAMLCodec::PollFrame elapsed:34.194ms
2024-11-28 16:00:16.873 T:6455 debug : CAMLCodec::DequeueBuffer: pts:303.053 idx:8466
2024-11-28 16:00:16.873 T:6455 debug : CAMLCodec::GetPicture: index: 8466, pts: 303.053, dur:42.000ms ar:1.78 elf:42ms
2024-11-28 16:00:16.873 T:6455 debug : CVideoPlayerVideo::OutputPicture - ttd:399ms pts:303.053 Clock:302.653 Level:5
2024-11-28 16:00:16.876 T:4489 debug : PrepareNextRender: frameOnScreen: 302.656 renderPts: 302.865 nextFramePts: 302.844 -> diff: 0.021 render: 1 forceNext: 0
2024-11-28 16:00:16.877 T:6455 debug : CAMLCodec::AddData: dl:15662808 fl:59688 sz:319179(319296) lv:99.6% dts:305.096 pts:305.180
2024-11-28 16:00:16.878 T:6455 debug : CAMLCodec::AddData: skip add data dl:15662691 fl:59805 sz:481043(481152) lv:102.6% dts:305.138 pts:305.514
2024-11-28 16:00:16.879 T:6452 debug : CVideoPlayer::ProcessVideoData size:303372 dts:309.935 pts:309.935 dur:41.000ms, clock:302.660 level:59
2024-11-28 16:00:16.880 T:6455 debug : CAMLCodec::AddData: skip add data dl:15662691 fl:59805 sz:481043(481152) lv:102.6% dts:305.138 pts:305.514
2024-11-28 16:00:16.881 T:4489 debug : CAMLCodec::ReleaseFrame idx:8461, drop:0
2024-11-28 16:00:16.882 T:6452 debug : CVideoPlayer::ProcessVideoData size:306060 dts:309.976 pts:310.018 dur:41.000ms, clock:302.662 level:60
2024-11-28 16:00:16.882 T:6455 debug : CAMLCodec::AddData: skip add data dl:15662691 fl:59805 sz:481043(481152) lv:102.6% dts:305.138 pts:305.514
2024-11-28 16:00:16.914 T:6455 info : Skipped 21 duplicate messages..
2024-11-28 16:00:16.914 T:6455 debug : CAMLCodec::DequeueBuffer: pts:303.094 idx:8467
2024-11-28 16:00:16.914 T:4489 debug : CAMLCodec::PollFrame elapsed:32.357ms
2024-11-28 16:00:16.914 T:6455 debug : CAMLCodec::GetPicture: index: 8467, pts: 303.094, dur:41.000ms ar:1.78 elf:40ms
2024-11-28 16:00:16.914 T:6455 debug : CVideoPlayerVideo::OutputPicture - ttd:399ms pts:303.094 Clock:302.694 Level:5
2024-11-28 16:00:16.916 T:6455 debug : CAMLCodec::AddData: skip add data dl:15260323 fl:462173 sz:481043(481152) lv:100.1% dts:305.138 pts:305.514
2024-11-28 16:00:16.918 T:4489 info : Skipped 1 duplicate messages..
2024-11-28 16:00:16.918 T:4489 debug : PrepareNextRender: frameOnScreen: 302.698 renderPts: 302.907 nextFramePts: 302.886 -> diff: 0.021 render: 1 forceNext: 0
2024-11-28 16:00:16.919 T:6455 debug : CAMLCodec::AddData: skip add data dl:15260323 fl:462173 sz:481043(481152) lv:100.1% dts:305.138 pts:305.514
2024-11-28 16:00:16.922 T:4489 info : Skipped 1 duplicate messages..
2024-11-28 16:00:16.922 T:4489 debug : CAMLCodec::ReleaseFrame idx:8462, drop:0
2024-11-28 16:00:16.922 T:6455 debug : CAMLCodec::AddData: skip add data dl:15260323 fl:462173 sz:481043(481152) lv:100.1% dts:305.138 pts:305.514
2024-11-28 16:00:16.955 T:4489 info : Skipped 23 duplicate messages..
2024-11-28 16:00:16.955 T:4489 debug : CAMLCodec::PollFrame elapsed:33.278ms
2024-11-28 16:00:16.959 T:6455 debug : CAMLCodec::AddData: dl:15401891 fl:320605 sz:481043(481152) lv:97.9% dts:305.138 pts:305.514
2024-11-28 16:00:16.959 T:6455 debug : CAMLCodec::DequeueBuffer: pts:303.136 idx:8468
2024-11-28 16:00:16.959 T:4489 debug : PrepareNextRender: frameOnScreen: 302.739 renderPts: 302.948 nextFramePts: 302.928 -> diff: 0.020 render: 1 forceNext: 0
2024-11-28 16:00:16.959 T:6455 debug : CAMLCodec::GetPicture: index: 8468, pts: 303.136, dur:42.000ms ar:1.78 elf:45ms
2024-11-28 16:00:16.959 T:6455 debug : CVideoPlayerVideo::OutputPicture - ttd:396ms pts:303.136 Clock:302.740 Level:4
2024-11-28 16:00:16.961 T:6455 debug : CAMLCodec::AddData: skip add data dl:15401782 fl:320714 sz:395247(395328) lv:100.4% dts:305.180 pts:305.388
2024-11-28 16:00:16.963 T:4489 info : Skipped 1 duplicate messages..
2024-11-28 16:00:16.963 T:4489 debug : CAMLCodec::ReleaseFrame idx:8463, drop:0
2024-11-28 16:00:16.964 T:6455 debug : CAMLCodec::AddData: skip add data dl:15401782 fl:320714 sz:395247(395328) lv:100.4% dts:305.180 pts:305.388
2024-11-28 16:00:16.984 T:6452 info : Skipped 14 duplicate messages..
2024-11-28 16:00:16.984 T:6452 debug : CVideoPlayer::ProcessVideoData size:384355 dts:310.018 pts:310.143 dur:41.000ms, clock:302.765 level:100
2024-11-28 16:00:16.985 T:6455 debug : CAMLCodec::AddData: skip add data dl:15401782 fl:320714 sz:395247(395328) lv:100.4% dts:305.180 pts:305.388
2024-11-28 16:00:16.997 T:4489 info : Skipped 8 duplicate messages..
2024-11-28 16:00:16.997 T:4489 debug : CAMLCodec::PollFrame elapsed:34.160ms
2024-11-28 16:00:16.997 T:6455 debug : CAMLCodec::AddData: skip add data dl:15401782 fl:320714 sz:395247(395328) lv:100.4% dts:305.180 pts:305.388
2024-11-28 16:00:16.999 T:6455 debug : CAMLCodec::DequeueBuffer: pts:303.178 idx:8469
2024-11-28 16:00:16.999 T:6455 debug : CAMLCodec::GetPicture: index: 8469, pts: 303.178, dur:42.000ms ar:1.78 elf:39ms
2024-11-28 16:00:16.999 T:6455 debug : CVideoPlayerVideo::OutputPicture - ttd:398ms pts:303.178 Clock:302.779 Level:5
2024-11-28 16:00:17.000 T:4489 debug : PrepareNextRender: frameOnScreen: 302.780 renderPts: 302.989 nextFramePts: 302.969 -> diff: 0.020 render: 1 forceNext: 0
2024-11-28 16:00:17.005 T:6455 debug : CAMLCodec::AddData: dl:15508278 fl:214218 sz:395247(395328) lv:98.6% dts:305.180 pts:305.388
2024-11-28 16:00:17.006 T:6455 debug : CAMLCodec::AddData: skip add data dl:15508197 fl:214299 sz:383721(383808) lv:101.0% dts:305.222 pts:305.305
2024-11-28 16:00:17.006 T:4489 debug : CAMLCodec::ReleaseFrame idx:8464, drop:0
2024-11-28 16:00:17.007 T:6455 debug : CAMLCodec::AddData: skip add data dl:15508197 fl:214299 sz:383721(383808) lv:101.0% dts:305.222 pts:305.305
2024-11-28 16:00:17.039 T:4489 info : Skipped 23 duplicate messages..
2024-11-28 16:00:17.039 T:4489 debug : CAMLCodec::PollFrame elapsed:32.634ms
2024-11-28 16:00:17.039 T:6455 debug : CAMLCodec::DequeueBuffer: pts:303.220 idx:8470
2024-11-28 16:00:17.039 T:6455 debug : CAMLCodec::GetPicture: index: 8470, pts: 303.220, dur:42.000ms ar:1.78 elf:40ms
2024-11-28 16:00:17.040 T:6455 debug : CVideoPlayerVideo::OutputPicture - ttd:400ms pts:303.220 Clock:302.820 Level:5
2024-11-28 16:00:17.043 T:4489 debug : PrepareNextRender: frameOnScreen: 302.823 renderPts: 303.033 nextFramePts: 303.011 -> diff: 0.022 render: 1 forceNext: 0
2024-11-28 16:00:17.044 T:6455 debug : CAMLCodec::AddData: dl:15641445 fl:81051 sz:383721(383808) lv:99.4% dts:305.222 pts:305.305
2024-11-28 16:00:17.045 T:6455 debug : CAMLCodec::AddData: skip add data dl:15641358 fl:81138 sz:301082(301184) lv:101.4% dts:305.263 pts:305.263
2024-11-28 16:00:17.047 T:4489 info : Skipped 1 duplicate messages..
2024-11-28 16:00:17.047 T:4489 debug : CAMLCodec::ReleaseFrame idx:8465, drop:0
2024-11-28 16:00:17.048 T:6452 debug : CVideoPlayer::ProcessVideoData size:324146 dts:310.060 pts:310.101 dur:41.000ms, clock:302.828 level:59
2024-11-28 16:00:17.050 T:6452 debug : CVideoPlayer::ProcessVideoData size:339558 dts:310.101 pts:310.185 dur:41.000ms, clock:302.830 level:60
2024-11-28 16:00:17.048 T:6455 debug : CAMLCodec::AddData: skip add data dl:15641358 fl:81138 sz:301082(301184) lv:101.4% dts:305.263 pts:305.263
2024-11-28 16:00:17.080 T:4489 info : Skipped 23 duplicate messages..
2024-11-28 16:00:17.080 T:4489 debug : CAMLCodec::PollFrame elapsed:33.332ms
2024-11-28 16:00:17.081 T:6455 debug : CAMLCodec::AddData: skip add data dl:15641358 fl:81138 sz:301082(301184) lv:101.4% dts:305.263 pts:305.263
2024-11-28 16:00:17.083 T:6455 debug : CAMLCodec::DequeueBuffer: pts:303.261 idx:8471
2024-11-28 16:00:17.083 T:6455 debug : CAMLCodec::GetPicture: index: 8471, pts: 303.261, dur:41.000ms ar:1.78 elf:43ms
2024-11-28 16:00:17.083 T:6455 debug : CVideoPlayerVideo::OutputPicture - ttd:397ms pts:303.261 Clock:302.863 Level:5
2024-11-28 16:00:17.083 T:4489 debug : PrepareNextRender: frameOnScreen: 302.863 renderPts: 303.073 nextFramePts: 303.053 -> diff: 0.020 render: 1 forceNext: 0
2024-11-28 16:00:17.087 T:6455 debug : CAMLCodec::AddData: dl:15694862 fl:27634 sz:301082(301184) lv:99.8% dts:305.263 pts:305.263
2024-11-28 16:00:17.087 T:4489 debug : CAMLCodec::ReleaseFrame idx:8466, drop:0
2024-11-28 16:00:17.088 T:6455 debug : CAMLCodec::AddData: skip add data dl:15694760 fl:27736 sz:306768(306880) lv:101.7% dts:305.305 pts:305.347
2024-11-28 16:00:17.122 T:4489 info : Skipped 25 duplicate messages..
2024-11-28 16:00:17.122 T:4489 debug : CAMLCodec::PollFrame elapsed:34.398ms
2024-11-28 16:00:17.122 T:6455 debug : CAMLCodec::AddData: skip add data dl:15694760 fl:27736 sz:306768(306880) lv:101.7% dts:305.305 pts:305.347
2024-11-28 16:00:17.124 T:6455 debug : CAMLCodec::DequeueBuffer: pts:303.303 idx:8472
2024-11-28 16:00:17.124 T:6455 debug : CAMLCodec::GetPicture: index: 8472, pts: 303.303, dur:42.000ms ar:1.78 elf:40ms
2024-11-28 16:00:17.124 T:6455 debug : CVideoPlayerVideo::OutputPicture - ttd:398ms pts:303.303 Clock:302.904 Level:5
2024-11-28 16:00:17.126 T:4489 debug : PrepareNextRender: frameOnScreen: 302.906 renderPts: 303.115 nextFramePts: 303.094 -> diff: 0.021 render: 1 forceNext: 0
2024-11-28 16:00:17.128 T:6455 debug : CAMLCodec::AddData: dl:15705320 fl:17176 sz:306768(306880) lv:99.9% dts:305.305 pts:305.347
2024-11-28 16:00:17.129 T:6455 debug : CAMLCodec::AddData: skip add data dl:15705208 fl:17288 sz:372298(372416) lv:102.2% dts:305.347 pts:305.472
2024-11-28 16:00:17.131 T:4489 info : Skipped 1 duplicate messages..
2024-11-28 16:00:17.131 T:4489 debug : CAMLCodec::ReleaseFrame idx:8467, drop:0
2024-11-28 16:00:17.132 T:6455 debug : CAMLCodec::AddData: skip add data dl:15705208 fl:17288 sz:372298(372416) lv:102.2% dts:305.347 pts:305.472
2024-11-28 16:00:17.142 T:6452 info : Skipped 6 duplicate messages..
2024-11-28 16:00:17.142 T:6452 debug : CVideoPlayer::ProcessVideoData size:527129 dts:310.143 pts:310.519 dur:41.000ms, clock:302.922 level:60
2024-11-28 16:00:17.143 T:6455 debug : CAMLCodec::AddData: skip add data dl:15705208 fl:17288 sz:372298(372416) lv:102.2% dts:305.347 pts:305.472
2024-11-28 16:00:17.164 T:4489 info : Skipped 14 duplicate messages..
2024-11-28 16:00:17.164 T:4489 debug : CAMLCodec::PollFrame elapsed:32.646ms
2024-11-28 16:00:17.164 T:6455 debug : CAMLCodec::AddData: skip add data dl:15705208 fl:17288 sz:372298(372416) lv:102.2% dts:305.347 pts:305.472
2024-11-28 16:00:17.165 T:6455 debug : CAMLCodec::DequeueBuffer: pts:303.345 idx:8473
2024-11-28 16:00:17.165 T:6455 debug : CAMLCodec::GetPicture: index: 8473, pts: 303.345, dur:42.000ms ar:1.78 elf:41ms
2024-11-28 16:00:17.166 T:6455 debug : CVideoPlayerVideo::OutputPicture - ttd:399ms pts:303.345 Clock:302.946 Level:5
2024-11-28 16:00:17.166 T:4489 debug : PrepareNextRender: frameOnScreen: 302.947 renderPts: 303.156 nextFramePts: 303.136 -> diff: 0.020 render: 1 forceNext: 0
2024-11-28 16:00:17.167 T:6455 debug : CAMLCodec::DequeueBuffer: pts:303.386 idx:8474
2024-11-28 16:00:17.167 T:6455 debug : CAMLCodec::GetPicture: index: 8474, pts: 303.386, dur:41.000ms ar:1.78 elf:1ms
2024-11-28 16:00:17.168 T:6455 debug : CVideoPlayerVideo::OutputPicture - ttd:438ms pts:303.386 Clock:302.947 Level:5
2024-11-28 16:00:17.169 T:6455 debug : CAMLCodec::DequeueBuffer: pts:303.428 idx:8475
2024-11-28 16:00:17.169 T:6455 debug : CAMLCodec::GetPicture: index: 8475, pts: 303.428, dur:42.000ms ar:1.78 elf:2ms
2024-11-28 16:00:17.169 T:6455 debug : CVideoPlayerVideo::OutputPicture - ttd:478ms pts:303.428 Clock:302.949 Level:6
2024-11-28 16:00:17.169 T:4489 debug : CAMLCodec::ReleaseFrame idx:8468, drop:0
2024-11-28 16:00:17.170 T:6455 debug : CAMLCodec::DequeueBuffer: pts:303.470 idx:8476
2024-11-28 16:00:17.170 T:6455 debug : CAMLCodec::GetPicture: index: 8476, pts: 303.470, dur:42.000ms ar:1.78 elf:1ms
2024-11-28 16:00:17.170 T:6455 debug : CVideoPlayerVideo::OutputPicture - ttd:519ms pts:303.470 Clock:302.951 Level:7
2024-11-28 16:00:17.172 T:6455 debug : CAMLCodec::AddData: skip add data dl:15467384 fl:255112 sz:372298(372416) lv:100.7% dts:305.347 pts:305.472
2024-11-28 16:00:17.206 T:4489 info : Skipped 24 duplicate messages..
2024-11-28 16:00:17.206 T:4489 debug : CAMLCodec::PollFrame elapsed:36.113ms
2024-11-28 16:00:17.208 T:4489 debug : PrepareNextRender: frameOnScreen: 302.989 renderPts: 303.198 nextFramePts: 303.178 -> diff: 0.020 render: 1 forceNext: 0
2024-11-28 16:00:17.208 T:6455 debug : CAMLCodec::AddData: dl:15409912 fl:312584 sz:372298(372416) lv:98.0% dts:305.347 pts:305.472
2024-11-28 16:00:17.211 T:4489 debug : CAMLCodec::ReleaseFrame idx:8469, drop:0
2024-11-28 16:00:17.212 T:6455 debug : CAMLCodec::AddData: dl:15710850 fl:11646 sz:300963(301056) lv:99.9% dts:305.388 pts:305.430
2024-11-28 16:00:17.213 T:6455 debug : CAMLCodec::AddData: skip add data dl:15710757 fl:11739 sz:557493(557568) lv:103.4% dts:305.430 pts:305.555
2024-11-28 16:00:17.215 T:6452 debug : CVideoPlayer::ProcessVideoData size:406547 dts:310.185 pts:310.393 dur:41.000ms, clock:302.995 level:59
2024-11-28 16:00:17.215 T:6455 debug : CAMLCodec::AddData: skip add data dl:15710757 fl:11739 sz:557493(557568) lv:103.4% dts:305.430 pts:305.555
2024-11-28 16:00:17.217 T:6452 debug : CVideoPlayer::ProcessVideoData size:389674 dts:310.227 pts:310.310 dur:41.000ms, clock:302.997 level:59
2024-11-28 16:00:17.217 T:6455 debug : CAMLCodec::AddData: skip add data dl:15710757 fl:11739 sz:557493(557568) lv:103.4% dts:305.430 pts:305.555
2024-11-28 16:00:17.248 T:4489 info : Skipped 16 duplicate messages..
2024-11-28 16:00:17.247 T:4489 debug : CAMLCodec::PollFrame elapsed:35.919ms
2024-11-28 16:00:17.248 T:6455 debug : CAMLCodec::AddData: skip add data dl:15334501 fl:387995 sz:557493(557568) lv:101.0% dts:305.430 pts:305.555
2024-11-28 16:00:17.252 T:4489 info : Skipped 2 duplicate messages..
2024-11-28 16:00:17.252 T:4489 debug : PrepareNextRender: frameOnScreen: 303.032 renderPts: 303.242 nextFramePts: 303.220 -> diff: 0.022 render: 1 forceNext: 0
2024-11-28 16:00:17.254 T:6455 debug : CAMLCodec::AddData: skip add data dl:15334501 fl:387995 sz:557493(557568) lv:101.0% dts:305.430 pts:305.555
2024-11-28 16:00:17.256 T:4489 debug : CAMLCodec::ReleaseFrame idx:8470, drop:0
2024-11-28 16:00:17.256 T:6455 debug : CAMLCodec::AddData: skip add data dl:15334501 fl:387995 sz:557493(557568) lv:101.0% dts:305.430 pts:305.555
2024-11-28 16:00:17.289 T:4489 info : Skipped 20 duplicate messages..
2024-11-28 16:00:17.289 T:4489 debug : CAMLCodec::PollFrame elapsed:32.836ms
2024-11-28 16:00:17.293 T:6455 debug : CAMLCodec::AddData: dl:15603429 fl:119067 sz:557493(557568) lv:99.2% dts:305.430 pts:305.555
2024-11-28 16:00:17.293 T:4489 debug : PrepareNextRender: frameOnScreen: 303.073 renderPts: 303.283 nextFramePts: 303.261 -> diff: 0.022 render: 1 forceNext: 0
2024-11-28 16:00:17.294 T:6455 debug : CAMLCodec::AddData: skip add data dl:15603354 fl:119142 sz:493444(493568) lv:102.3% dts:305.472 pts:305.889
2024-11-28 16:00:17.297 T:4489 info : Skipped 1 duplicate messages..
2024-11-28 16:00:17.297 T:4489 debug : CAMLCodec::ReleaseFrame idx:8471, drop:0
2024-11-28 16:00:17.297 T:6455 debug : CAMLCodec::AddData: skip add data dl:15603354 fl:119142 sz:493444(493568) lv:102.3% dts:305.472 pts:305.889
2024-11-28 16:00:17.310 T:6452 info : Skipped 8 duplicate messages..
2024-11-28 16:00:17.310 T:6452 debug : CVideoPlayer::ProcessVideoData size:314736 dts:310.268 pts:310.268 dur:41.000ms, clock:303.090 level:100
2024-11-28 16:00:17.312 T:6455 debug : CAMLCodec::AddData: skip add data dl:15603354 fl:119142 sz:493444(493568) lv:102.3% dts:305.472 pts:305.889
2024-11-28 16:00:17.331 T:4489 info : Skipped 12 duplicate messages..
2024-11-28 16:00:17.331 T:4489 debug : CAMLCodec::PollFrame elapsed:33.356ms
2024-11-28 16:00:17.331 T:6455 debug : CAMLCodec::DequeueBuffer: pts:303.512 idx:8477
2024-11-28 16:00:17.331 T:6455 debug : CAMLCodec::GetPicture: index: 8477, pts: 303.512, dur:42.000ms ar:1.78 elf:160ms
2024-11-28 16:00:17.331 T:6455 debug : CVideoPlayerVideo::OutputPicture - ttd:400ms pts:303.512 Clock:303.111 Level:5
2024-11-28 16:00:17.333 T:6455 debug : CAMLCodec::AddData: skip add data dl:15283162 fl:439334 sz:493444(493568) lv:100.3% dts:305.472 pts:305.889
2024-11-28 16:00:17.335 T:4489 info : Skipped 1 duplicate messages..
2024-11-28 16:00:17.335 T:4489 debug : PrepareNextRender: frameOnScreen: 303.115 renderPts: 303.324 nextFramePts: 303.303 -> diff: 0.021 render: 1 forceNext: 0
2024-11-28 16:00:17.336 T:6455 debug : CAMLCodec::AddData: skip add data dl:15283162 fl:439334 sz:493444(493568) lv:100.3% dts:305.472 pts:305.889
2024-11-28 16:00:17.338 T:4489 info : Skipped 1 duplicate messages..
2024-11-28 16:00:17.338 T:4489 debug : CAMLCodec::ReleaseFrame idx:8472, drop:0
2024-11-28 16:00:17.340 T:6455 debug : CAMLCodec::AddData: skip add data dl:15283162 fl:439334 sz:493444(493568) lv:100.3% dts:305.472 pts:305.889
2024-11-28 16:00:17.362 T:6452 info : Skipped 15 duplicate messages..
2024-11-28 16:00:17.362 T:6452 debug : CVideoPlayer::ProcessVideoData size:311353 dts:310.310 pts:310.352 dur:41.000ms, clock:303.142 level:100
2024-11-28 16:00:17.363 T:6455 debug : CAMLCodec::AddData: skip add data dl:15283162 fl:439334 sz:493444(493568) lv:100.3% dts:305.472 pts:305.889
2024-11-28 16:00:17.373 T:4489 info : Skipped 5 duplicate messages..
2024-11-28 16:00:17.373 T:4489 debug : CAMLCodec::PollFrame elapsed:34.312ms
2024-11-28 16:00:17.376 T:6455 debug : CAMLCodec::AddData: dl:15551450 fl:171046 sz:493444(493568) lv:98.9% dts:305.472 pts:305.889
2024-11-28 16:00:17.376 T:6455 debug : CAMLCodec::DequeueBuffer: pts:303.553 idx:8478
2024-11-28 16:00:17.376 T:4489 debug : PrepareNextRender: frameOnScreen: 303.157 renderPts: 303.366 nextFramePts: 303.345 -> diff: 0.021 render: 1 forceNext: 0
2024-11-28 16:00:17.376 T:6455 debug : CAMLCodec::GetPicture: index: 8478, pts: 303.553, dur:41.000ms ar:1.78 elf:45ms
2024-11-28 16:00:17.377 T:6455 debug : CVideoPlayerVideo::OutputPicture - ttd:396ms pts:303.553 Clock:303.157 Level:4
2024-11-28 16:00:17.379 T:6455 debug : CAMLCodec::AddData: skip add data dl:15551326 fl:171170 sz:405640(405760) lv:101.5% dts:305.514 pts:305.722
2024-11-28 16:00:17.380 T:4489 debug : CAMLCodec::ReleaseFrame idx:8473, drop:0
2024-11-28 16:00:17.381 T:6455 debug : CAMLCodec::AddData: skip add data dl:15551326 fl:171170 sz:405640(405760) lv:101.5% dts:305.514 pts:305.722
2024-11-28 16:00:17.384 T:6452 info : Skipped 1 duplicate messages..
2024-11-28 16:00:17.384 T:6452 debug : CVideoPlayer::ProcessVideoData size:383403 dts:310.352 pts:310.477 dur:41.000ms, clock:303.165 level:60
2024-11-28 16:00:17.385 T:6455 debug : CAMLCodec::AddData: skip add data dl:15551326 fl:171170 sz:405640(405760) lv:101.5% dts:305.514 pts:305.722
2024-11-28 16:00:17.414 T:4489 info : Skipped 16 duplicate messages..
2024-11-28 16:00:17.414 T:4489 debug : CAMLCodec::PollFrame elapsed:33.565ms
2024-11-28 16:00:17.415 T:6455 debug : CAMLCodec::DequeueBuffer: pts:303.595 idx:8479
2024-11-28 16:00:17.415 T:6455 debug : CAMLCodec::GetPicture: index: 8479, pts: 303.595, dur:42.000ms ar:1.78 elf:38ms
2024-11-28 16:00:17.415 T:6455 debug : CVideoPlayerVideo::OutputPicture - ttd:399ms pts:303.595 Clock:303.195 Level:5
2024-11-28 16:00:17.418 T:4489 debug : PrepareNextRender: frameOnScreen: 303.199 renderPts: 303.408 nextFramePts: 303.386 -> diff: 0.022 render: 1 forceNext: 0
2024-11-28 16:00:17.419 T:6455 debug : CAMLCodec::AddData: dl:15723422 fl:-926 sz:405640(405760) lv:100.0% dts:305.514 pts:305.722
2024-11-28 16:00:17.420 T:6455 debug : CAMLCodec::AddData: skip add data dl:15722496 fl:0 sz:374182(374272) lv:100.0% dts:305.555 pts:305.639
2024-11-28 16:00:17.421 T:4489 debug : CAMLCodec::ReleaseFrame idx:8474, drop:0
2024-11-28 16:00:17.421 T:6455 debug : CAMLCodec::AddData: skip add data dl:15722496 fl:0 sz:374182(374272) lv:100.0% dts:305.555 pts:305.639
2024-11-28 16:00:17.456 T:4489 info : Skipped 25 duplicate messages..
2024-11-28 16:00:17.456 T:4489 debug : CAMLCodec::PollFrame elapsed:34.195ms
2024-11-28 16:00:17.456 T:6455 debug : CAMLCodec::AddData: skip add data dl:15722496 fl:0 sz:374182(374272) lv:100.0% dts:305.555 pts:305.639
2024-11-28 16:00:17.457 T:6455 debug : CAMLCodec::DequeueBuffer: pts:303.637 idx:8480
2024-11-28 16:00:17.457 T:6455 debug : CAMLCodec::GetPicture: index: 8480, pts: 303.637, dur:42.000ms ar:1.78 elf:42ms
2024-11-28 16:00:17.457 T:6455 debug : CVideoPlayerVideo::OutputPicture - ttd:399ms pts:303.637 Clock:303.238 Level:5
2024-11-28 16:00:17.459 T:6455 debug : CAMLCodec::AddData: skip add data dl:15376384 fl:346112 sz:374182(374272) lv:100.1% dts:305.555 pts:305.639
2024-11-28 16:00:17.459 T:4489 debug : PrepareNextRender: frameOnScreen: 303.240 renderPts: 303.449 nextFramePts: 303.428 -> diff: 0.021 render: 1 forceNext: 0
2024-11-28 16:00:17.461 T:6455 debug : CAMLCodec::AddData: skip add data dl:15376384 fl:346112 sz:374182(374272) lv:100.1% dts:305.555 pts:305.639
2024-11-28 16:00:17.463 T:4489 info : Skipped 1 duplicate messages..
2024-11-28 16:00:17.463 T:4489 debug : CAMLCodec::ReleaseFrame idx:8475, drop:0
2024-11-28 16:00:17.464 T:6455 debug : CAMLCodec::AddData: skip add data dl:15376384 fl:346112 sz:374182(374272) lv:100.1% dts:305.555 pts:305.639
2024-11-28 16:00:17.498 T:4489 info : Skipped 25 duplicate messages..
2024-11-28 16:00:17.498 T:4489 debug : CAMLCodec::PollFrame elapsed:34.125ms
2024-11-28 16:00:17.498 T:6455 debug : CAMLCodec::DequeueBuffer: pts:303.678 idx:8481
2024-11-28 16:00:17.498 T:6455 debug : CAMLCodec::GetPicture: index: 8481, pts: 303.678, dur:41.000ms ar:1.78 elf:40ms
2024-11-28 16:00:17.498 T:6455 debug : CVideoPlayerVideo::OutputPicture - ttd:399ms pts:303.678 Clock:303.278 Level:5
2024-11-28 16:00:17.501 T:4489 debug : PrepareNextRender: frameOnScreen: 303.282 renderPts: 303.491 nextFramePts: 303.470 -> diff: 0.021 render: 1 forceNext: 0
2024-11-28 16:00:17.502 T:6455 debug : CAMLCodec::AddData: dl:15524800 fl:197696 sz:374182(374272) lv:98.7% dts:305.555 pts:305.639
2024-11-28 16:00:17.503 T:6455 debug : CAMLCodec::AddData: skip add data dl:15525516 fl:196980 sz:297735(297856) lv:100.6% dts:305.597 pts:305.597
2024-11-28 16:00:17.504 T:4489 debug : CAMLCodec::ReleaseFrame idx:8476, drop:0
2024-11-28 16:00:17.504 T:6455 debug : CAMLCodec::AddData: skip add data dl:15525516 fl:196980 sz:297735(297856) lv:100.6% dts:305.597 pts:305.597
2024-11-28 16:00:17.507 T:6452 info : Skipped 2 duplicate messages..
2024-11-28 16:00:17.507 T:6452 debug : CVideoPlayer::ProcessVideoData size:334908 dts:310.393 pts:310.435 dur:41.000ms, clock:303.288 level:60
2024-11-28 16:00:17.509 T:6455 debug : CAMLCodec::AddData: skip add data dl:15525516 fl:196980 sz:297735(297856) lv:100.6% dts:305.597 pts:305.597
2024-11-28 16:00:17.539 T:4489 info : Skipped 22 duplicate messages..
2024-11-28 16:00:17.539 T:4489 debug : CAMLCodec::PollFrame elapsed:34.915ms
2024-11-28 16:00:17.539 T:6455 debug : CAMLCodec::AddData: skip add data dl:15525516 fl:196980 sz:297735(297856) lv:100.6% dts:305.597 pts:305.597
2024-11-28 16:00:17.541 T:6455 debug : CAMLCodec::DequeueBuffer: pts:303.720 idx:8482
2024-11-28 16:00:17.541 T:6455 debug : CAMLCodec::GetPicture: index: 8482, pts: 303.720, dur:42.000ms ar:1.78 elf:42ms
2024-11-28 16:00:17.541 T:6455 debug : CVideoPlayerVideo::OutputPicture - ttd:398ms pts:303.720 Clock:303.321 Level:5
2024-11-28 16:00:17.543 T:4489 debug : PrepareNextRender: frameOnScreen: 303.323 renderPts: 303.533 nextFramePts: 303.512 -> diff: 0.021 render: 1 forceNext: 0
2024-11-28 16:00:17.545 T:6455 debug : CAMLCodec::AddData: dl:15580364 fl:142132 sz:297735(297856) lv:99.1% dts:305.597 pts:305.597
2024-11-28 16:00:17.546 T:6455 debug : CAMLCodec::AddData: skip add data dl:15580243 fl:142253 sz:299791(299904) lv:101.0% dts:305.639 pts:305.680
2024-11-28 16:00:17.546 T:4489 debug : CAMLCodec::ReleaseFrame idx:8477, drop:0
2024-11-28 16:00:17.547 T:6455 debug : CAMLCodec::AddData: skip add data dl:15580243 fl:142253 sz:299791(299904) lv:101.0% dts:305.639 pts:305.680
2024-11-28 16:00:17.552 T:6452 info : Skipped 3 duplicate messages..
2024-11-28 16:00:17.552 T:6452 debug : CVideoPlayer::ProcessVideoData size:579129 dts:310.435 pts:310.560 dur:41.000ms, clock:303.332 level:60
2024-11-28 16:00:17.554 T:6455 debug : CAMLCodec::AddData: skip add data dl:15580243 fl:142253 sz:299791(299904) lv:101.0% dts:305.639 pts:305.680
2024-11-28 16:00:17.581 T:4489 info : Skipped 19 duplicate messages..
2024-11-28 16:00:17.581 T:4489 debug : CAMLCodec::PollFrame elapsed:34.289ms
2024-11-28 16:00:17.581 T:6455 debug : CAMLCodec::DequeueBuffer: pts:303.762 idx:8483
2024-11-28 16:00:17.581 T:6455 debug : CAMLCodec::GetPicture: index: 8483, pts: 303.762, dur:42.000ms ar:1.78 elf:40ms
2024-11-28 16:00:17.581 T:6455 debug : CVideoPlayerVideo::OutputPicture - ttd:400ms pts:303.762 Clock:303.362 Level:5
2024-11-28 16:00:17.585 T:4489 debug : PrepareNextRender: frameOnScreen: 303.365 renderPts: 303.575 nextFramePts: 303.553 -> diff: 0.022 render: 1 forceNext: 0
2024-11-28 16:00:17.585 T:6455 debug : CAMLCodec::AddData: dl:15504147 fl:218349 sz:299791(299904) lv:98.6% dts:305.639 pts:305.680
2024-11-28 16:00:17.586 T:6455 debug : CAMLCodec::AddData: skip add data dl:15504034 fl:218462 sz:369016(369088) lv:100.9% dts:305.680 pts:305.806
2024-11-28 16:00:17.589 T:4489 info : Skipped 1 duplicate messages..
2024-11-28 16:00:17.589 T:4489 debug : CAMLCodec::ReleaseFrame idx:8478, drop:0
2024-11-28 16:00:17.589 T:6455 debug : CAMLCodec::AddData: skip add data dl:15504034 fl:218462 sz:369016(369088) lv:100.9% dts:305.680 pts:305.806
2024-11-28 16:00:17.623 T:4489 info : Skipped 24 duplicate messages..
2024-11-28 16:00:17.623 T:4489 debug : CAMLCodec::PollFrame elapsed:33.863ms
2024-11-28 16:00:17.624 T:6455 debug : CAMLCodec::AddData: dl:15582434 fl:140062 sz:369016(369088) lv:99.1% dts:305.680 pts:305.806
2024-11-28 16:00:17.625 T:6455 debug : CAMLCodec::DequeueBuffer: pts:303.804 idx:8484
2024-11-28 16:00:17.625 T:6455 debug : CAMLCodec::GetPicture: index: 8484, pts: 303.804, dur:42.000ms ar:1.78 elf:43ms
2024-11-28 16:00:17.625 T:6455 debug : CVideoPlayerVideo::OutputPicture - ttd:398ms pts:303.804 Clock:303.405 Level:5
2024-11-28 16:00:17.627 T:6455 debug : CAMLCodec::AddData: skip add data dl:15582362 fl:140134 sz:299247(299328) lv:101.0% dts:305.722 pts:305.764
2024-11-28 16:00:17.628 T:6452 debug : CVideoPlayer::ProcessVideoData size:489808 dts:310.477 pts:310.644 dur:41.000ms, clock:303.409 level:59
2024-11-28 16:00:17.628 T:6455 debug : CAMLCodec::AddData: skip add data dl:15582362 fl:140134 sz:299247(299328) lv:101.0% dts:305.722 pts:305.764
2024-11-28 16:00:17.630 T:4489 debug : PrepareNextRender: frameOnScreen: 303.410 renderPts: 303.619 nextFramePts: 303.595 -> diff: 0.024 render: 1 forceNext: 0
2024-11-28 16:00:17.630 T:6452 debug : CVideoPlayer::ProcessVideoData size:304204 dts:310.519 pts:310.602 dur:41.000ms, clock:303.410 level:100
2024-11-28 16:00:17.630 T:6455 debug : CAMLCodec::AddData: skip add data dl:15582362 fl:140134 sz:299247(299328) lv:101.0% dts:305.722 pts:305.764
2024-11-28 16:00:17.634 T:4489 info : Skipped 2 duplicate messages..
2024-11-28 16:00:17.634 T:4489 debug : CAMLCodec::ReleaseFrame idx:8479, drop:0
2024-11-28 16:00:17.635 T:6455 debug : CAMLCodec::AddData: skip add data dl:15582362 fl:140134 sz:299247(299328) lv:101.0% dts:305.722 pts:305.764
2024-11-28 16:00:17.664 T:4489 info : Skipped 21 duplicate messages..
2024-11-28 16:00:17.664 T:4489 debug : CAMLCodec::PollFrame elapsed:29.700ms
2024-11-28 16:00:17.665 T:6455 debug : CAMLCodec::DequeueBuffer: pts:303.845 idx:8485
2024-11-28 16:00:17.665 T:6455 debug : CAMLCodec::GetPicture: index: 8485, pts: 303.845, dur:41.000ms ar:1.78 elf:39ms
2024-11-28 16:00:17.665 T:6455 debug : CVideoPlayerVideo::OutputPicture - ttd:399ms pts:303.845 Clock:303.445 Level:5
2024-11-28 16:00:17.668 T:4489 debug : PrepareNextRender: frameOnScreen: 303.449 renderPts: 303.658 nextFramePts: 303.637 -> diff: 0.021 render: 1 forceNext: 0
2024-11-28 16:00:17.669 T:6455 debug : CAMLCodec::AddData: dl:15582746 fl:139750 sz:299247(299328) lv:99.1% dts:305.722 pts:305.764
2024-11-28 16:00:17.670 T:6455 debug : CAMLCodec::AddData: skip add data dl:15582665 fl:139831 sz:328078(328192) lv:101.2% dts:305.764 pts:305.847
2024-11-28 16:00:17.672 T:4489 info : Skipped 1 duplicate messages..
2024-11-28 16:00:17.672 T:4489 debug : CAMLCodec::ReleaseFrame idx:8480, drop:0
2024-11-28 16:00:17.672 T:6455 debug : CAMLCodec::AddData: skip add data dl:15582665 fl:139831 sz:328078(328192) lv:101.2% dts:305.764 pts:305.847
2024-11-28 16:00:17.706 T:4489 info : Skipped 25 duplicate messages..
2024-11-28 16:00:17.706 T:4489 debug : CAMLCodec::PollFrame elapsed:34.010ms
2024-11-28 16:00:17.709 T:6455 debug : CAMLCodec::AddData: dl:15687433 fl:35063 sz:328078(328192) lv:99.7% dts:305.764 pts:305.847
2024-11-28 16:00:17.709 T:6455 debug : CAMLCodec::DequeueBuffer: pts:303.887 idx:8486
2024-11-28 16:00:17.709 T:6455 debug : CAMLCodec::GetPicture: index: 8486, pts: 303.887, dur:41.711ms ar:1.78 elf:44ms
2024-11-28 16:00:17.709 T:6455 debug : CVideoPlayerVideo::OutputPicture - ttd:397ms pts:303.887 Clock:303.489 Level:5
