2024-11-28 16:00:32.344 T:6455 debug : CAMLCodec::AddData: skip add data dl:15416916 fl:305580 sz:331712(331776) lv:100.1% dts:298.840 pts:298.882
2024-11-28 16:00:32.346 T:6455 debug : CVideoPlayerVideo::CalcDropRequirement - hurry: 0
2024-11-28 16:00:32.346 T:6455 debug : CAMLCodec::AddData: skip add data dl:15416916 fl:305580 sz:331712(331776) lv:100.1% dts:298.840 pts:298.882
2024-11-28 16:00:32.347 T:6455 debug : CVideoPlayerVideo::CalcDropRequirement - hurry: 0
2024-11-28 16:00:32.348 T:6455 debug : CAMLCodec::AddData: skip add data dl:15416916 fl:305580 sz:331712(331776) lv:100.1% dts:298.840 pts:298.882
2024-11-28 16:00:32.349 T:6455 debug : CVideoPlayerVideo::CalcDropRequirement - hurry: 0
2024-11-28 16:00:32.349 T:6455 debug : CAMLCodec::AddData: skip add data dl:15416916 fl:305580 sz:331712(331776) lv:100.1% dts:298.840 pts:298.882
2024-11-28 16:00:32.351 T:6455 debug : CVideoPlayerVideo::CalcDropRequirement - hurry: 0
2024-11-28 16:00:32.351 T:6455 debug : CAMLCodec::AddData: skip add data dl:15416916 fl:305580 sz:331712(331776) lv:100.1% dts:298.840 pts:298.882
2024-11-28 16:00:32.353 T:6455 debug : CVideoPlayerVideo::CalcDropRequirement - hurry: 0
2024-11-28 16:00:32.353 T:6455 debug : CAMLCodec::AddData: skip add data dl:15416916 fl:305580 sz:331712(331776) lv:100.1% dts:298.840 pts:298.882
2024-11-28 16:00:32.354 T:6455 debug : CVideoPlayerVideo::CalcDropRequirement - hurry: 0
2024-11-28 16:00:32.355 T:6455 debug : CAMLCodec::AddData: skip add data dl:15416916 fl:305580 sz:331712(331776) lv:100.1% dts:298.840 pts:298.882
2024-11-28 16:00:32.356 T:6455 debug : CVideoPlayerVideo::CalcDropRequirement - hurry: 0
2024-11-28 16:00:32.357 T:6455 debug : CAMLCodec::AddData: skip add data dl:15416916 fl:305580 sz:331712(331776) lv:100.1% dts:298.840 pts:298.882
2024-11-28 16:00:32.358 T:6455 debug : CVideoPlayerVideo::CalcDropRequirement - hurry: 0
2024-11-28 16:00:32.358 T:6455 debug : CAMLCodec::AddData: skip add data dl:15416916 fl:305580 sz:331712(331776) lv:100.1% dts:298.840 pts:298.882
2024-11-28 16:00:32.360 T:6455 debug : CVideoPlayerVideo::CalcDropRequirement - hurry: 0
2024-11-28 16:00:32.360 T:6455 debug : CAMLCodec::AddData: skip add data dl:15416916 fl:305580 sz:331712(331776) lv:100.1% dts:298.840 pts:298.882
2024-11-28 16:00:32.360 T:6452 debug : CVideoPlayer::ProcessVideoData size:464559 dts:299.925 pts:300.342 dur:41.000ms, clock:296.279 level:13
2024-11-28 16:00:32.362 T:6455 debug : CVideoPlayerVideo::CalcDropRequirement - hurry: 0
2024-11-28 16:00:32.362 T:6455 debug : CAMLCodec::AddData: skip add data dl:15416916 fl:305580 sz:331712(331776) lv:100.1% dts:298.840 pts:298.882
2024-11-28 16:00:32.362 T:6452 debug : CVideoPlayer::ProcessVideoData size:359610 dts:299.966 pts:300.175 dur:41.000ms, clock:296.271 level:14
2024-11-28 16:00:32.364 T:6452 debug : CVideoPlayer::ProcessVideoData size:358110 dts:300.008 pts:300.091 dur:41.000ms, clock:296.265 level:15
2024-11-28 16:00:32.364 T:6455 debug : CVideoPlayerVideo::CalcDropRequirement - hurry: 0
2024-11-28 16:00:32.365 T:6455 debug : CAMLCodec::AddData: skip add data dl:15416916 fl:305580 sz:331712(331776) lv:100.1% dts:298.840 pts:298.882
2024-11-28 16:00:32.366 T:6455 debug : CVideoPlayerVideo::CalcDropRequirement - hurry: 0
2024-11-28 16:00:32.367 T:6455 debug : CAMLCodec::AddData: skip add data dl:15416916 fl:305580 sz:331712(331776) lv:100.1% dts:298.840 pts:298.882
2024-11-28 16:00:32.368 T:6452 debug : CVideoPlayer::ProcessVideoData size:292854 dts:300.050 pts:300.050 dur:41.000ms, clock:296.249 level:15
2024-11-28 16:00:32.369 T:6455 debug : CVideoPlayerVideo::CalcDropRequirement - hurry: 0
2024-11-28 16:00:32.369 T:6455 debug : CAMLCodec::AddData: skip add data dl:15416916 fl:305580 sz:331712(331776) lv:100.1% dts:298.840 pts:298.882
2024-11-28 16:00:32.371 T:6455 debug : CVideoPlayerVideo::CalcDropRequirement - hurry: 0
2024-11-28 16:00:32.371 T:6455 debug : CAMLCodec::AddData: skip add data dl:15416916 fl:305580 sz:331712(331776) lv:100.1% dts:298.840 pts:298.882
2024-11-28 16:00:32.372 T:6455 debug : CVideoPlayerVideo::CalcDropRequirement - hurry: 0
2024-11-28 16:00:32.373 T:6452 debug : CVideoPlayer::ProcessVideoData size:294291 dts:300.091 pts:300.133 dur:41.000ms, clock:296.230 level:15
2024-11-28 16:00:32.373 T:6455 debug : CAMLCodec::AddData: skip add data dl:15416916 fl:305580 sz:331712(331776) lv:100.1% dts:298.840 pts:298.882
2024-11-28 16:00:32.374 T:6455 debug : CVideoPlayerVideo::CalcDropRequirement - hurry: 0
2024-11-28 16:00:32.374 T:6455 debug : CAMLCodec::AddData: skip add data dl:15416916 fl:305580 sz:331712(331776) lv:100.1% dts:298.840 pts:298.882
2024-11-28 16:00:32.376 T:6455 debug : CVideoPlayerVideo::CalcDropRequirement - hurry: 0
2024-11-28 16:00:32.376 T:6455 debug : CAMLCodec::AddData: skip add data dl:15416916 fl:305580 sz:331712(331776) lv:100.1% dts:298.840 pts:298.882
2024-11-28 16:00:32.377 T:6455 debug : CVideoPlayerVideo::CalcDropRequirement - hurry: 0
2024-11-28 16:00:32.378 T:6455 debug : CAMLCodec::AddData: skip add data dl:15416916 fl:305580 sz:331712(331776) lv:100.1% dts:298.840 pts:298.882
2024-11-28 16:00:32.379 T:6455 debug : CVideoPlayerVideo::CalcDropRequirement - hurry: 0
2024-11-28 16:00:32.380 T:6452 debug : CVideoPlayer::ProcessVideoData size:350243 dts:300.133 pts:300.258 dur:41.000ms, clock:296.201 level:16
2024-11-28 16:00:32.380 T:6455 debug : CAMLCodec::AddData: skip add data dl:15416916 fl:305580 sz:331712(331776) lv:100.1% dts:298.840 pts:298.882
2024-11-28 16:00:32.382 T:6455 debug : CVideoPlayerVideo::CalcDropRequirement - hurry: 0
2024-11-28 16:00:32.382 T:6455 debug : CAMLCodec::AddData: skip add data dl:15416916 fl:305580 sz:331712(331776) lv:100.1% dts:298.840 pts:298.882
2024-11-28 16:00:32.383 T:6455 debug : CVideoPlayerVideo::CalcDropRequirement - hurry: 0
2024-11-28 16:00:32.384 T:6455 debug : CAMLCodec::AddData: skip add data dl:15416916 fl:305580 sz:331712(331776) lv:100.1% dts:298.840 pts:298.882
2024-11-28 16:00:32.384 T:6452 debug : CVideoPlayer::ProcessVideoData size:294091 dts:300.175 pts:300.217 dur:41.000ms, clock:296.182 level:17
2024-11-28 16:00:32.386 T:4489 debug : CAMLCodec::PollFrame elapsed:30.458ms
2024-11-28 16:00:32.386 T:6455 debug : CVideoPlayerVideo::CalcDropRequirement - hurry: 0
2024-11-28 16:00:32.386 T:6455 debug : CAMLCodec::AddData: skip add data dl:15416916 fl:305580 sz:331712(331776) lv:100.1% dts:298.840 pts:298.882
2024-11-28 16:00:32.388 T:6455 debug : CVideoPlayerVideo::CalcDropRequirement - hurry: 0
2024-11-28 16:00:32.389 T:6455 debug : CAMLCodec::AddData: skip add data dl:15416916 fl:305580 sz:331712(331776) lv:100.1% dts:298.840 pts:298.882
2024-11-28 16:00:32.390 T:6455 debug : CVideoPlayerVideo::CalcDropRequirement - hurry: 0
2024-11-28 16:00:32.391 T:6455 debug : CAMLCodec::AddData: skip add data dl:15416916 fl:305580 sz:331712(331776) lv:100.1% dts:298.840 pts:298.882
2024-11-28 16:00:32.392 T:6455 debug : CVideoPlayerVideo::CalcDropRequirement - hurry: 0
2024-11-28 16:00:32.392 T:6452 debug : CVideoPlayer::ProcessVideoData size:287034 dts:300.217 pts:300.300 dur:41.000ms, clock:296.151 level:17
2024-11-28 16:00:32.392 T:6455 debug : CAMLCodec::AddData: skip add data dl:15416916 fl:305580 sz:331712(331776) lv:100.1% dts:298.840 pts:298.882
2024-11-28 16:00:32.394 T:6455 debug : CVideoPlayerVideo::CalcDropRequirement - hurry: 0
2024-11-28 16:00:32.394 T:6455 debug : CAMLCodec::AddData: skip add data dl:15416916 fl:305580 sz:331712(331776) lv:100.1% dts:298.840 pts:298.882
2024-11-28 16:00:32.395 T:6455 debug : CVideoPlayerVideo::CalcDropRequirement - hurry: 0
2024-11-28 16:00:32.396 T:6455 debug : CAMLCodec::AddData: skip add data dl:15416916 fl:305580 sz:331712(331776) lv:100.1% dts:298.840 pts:298.882
2024-11-28 16:00:32.397 T:6455 debug : CVideoPlayerVideo::CalcDropRequirement - hurry: 0
2024-11-28 16:00:32.398 T:6455 debug : CAMLCodec::AddData: skip add data dl:15416916 fl:305580 sz:331712(331776) lv:100.1% dts:298.840 pts:298.882
2024-11-28 16:00:32.399 T:6455 debug : CVideoPlayerVideo::CalcDropRequirement - hurry: 0
2024-11-28 16:00:32.399 T:6455 debug : CAMLCodec::AddData: skip add data dl:15416916 fl:305580 sz:331712(331776) lv:100.1% dts:298.840 pts:298.882
2024-11-28 16:00:32.401 T:6455 debug : CVideoPlayerVideo::CalcDropRequirement - hurry: 0
2024-11-28 16:00:32.401 T:6455 debug : CAMLCodec::AddData: skip add data dl:15416916 fl:305580 sz:331712(331776) lv:100.1% dts:298.840 pts:298.882
2024-11-28 16:00:32.402 T:6455 debug : CVideoPlayerVideo::CalcDropRequirement - hurry: 0
2024-11-28 16:00:32.402 T:6452 debug : CVideoPlayer::ProcessVideoData size:476218 dts:300.258 pts:300.467 dur:41.000ms, clock:296.110 level:17
2024-11-28 16:00:32.403 T:6455 debug : CAMLCodec::AddData: skip add data dl:15416916 fl:305580 sz:331712(331776) lv:100.1% dts:298.840 pts:298.882
2024-11-28 16:00:32.404 T:6455 debug : CVideoPlayerVideo::CalcDropRequirement - hurry: 0
2024-11-28 16:00:32.404 T:6455 debug : CAMLCodec::AddData: skip add data dl:15416916 fl:305580 sz:331712(331776) lv:100.1% dts:298.840 pts:298.882
2024-11-28 16:00:32.406 T:6455 debug : CVideoPlayerVideo::CalcDropRequirement - hurry: 0
2024-11-28 16:00:32.406 T:6455 debug : CAMLCodec::AddData: skip add data dl:15416916 fl:305580 sz:331712(331776) lv:100.1% dts:298.840 pts:298.882
2024-11-28 16:00:32.407 T:6455 debug : CVideoPlayerVideo::CalcDropRequirement - hurry: 0
2024-11-28 16:00:32.408 T:6455 debug : CAMLCodec::AddData: skip add data dl:15416916 fl:305580 sz:331712(331776) lv:100.1% dts:298.840 pts:298.882
2024-11-28 16:00:32.409 T:6455 debug : CVideoPlayerVideo::CalcDropRequirement - hurry: 0
2024-11-28 16:00:32.409 T:6455 debug : CAMLCodec::AddData: skip add data dl:15416916 fl:305580 sz:331712(331776) lv:100.1% dts:298.840 pts:298.882
2024-11-28 16:00:32.410 T:6452 debug : CVideoPlayer::ProcessVideoData size:362703 dts:300.300 pts:300.425 dur:41.000ms, clock:296.081 level:18
2024-11-28 16:00:32.411 T:6455 debug : CVideoPlayerVideo::CalcDropRequirement - hurry: 0
2024-11-28 16:00:32.411 T:6455 debug : CAMLCodec::AddData: skip add data dl:15416916 fl:305580 sz:331712(331776) lv:100.1% dts:298.840 pts:298.882
2024-11-28 16:00:32.413 T:6455 debug : CVideoPlayerVideo::CalcDropRequirement - hurry: 0
2024-11-28 16:00:32.413 T:6455 debug : CAMLCodec::AddData: skip add data dl:15416916 fl:305580 sz:331712(331776) lv:100.1% dts:298.840 pts:298.882
2024-11-28 16:00:32.414 T:6452 debug : CVideoPlayer::ProcessVideoData size:317897 dts:300.342 pts:300.383 dur:41.000ms, clock:296.065 level:19
2024-11-28 16:00:32.415 T:6455 debug : CVideoPlayerVideo::CalcDropRequirement - hurry: 0
2024-11-28 16:00:32.416 T:6455 debug : CAMLCodec::AddData: skip add data dl:15416916 fl:305580 sz:331712(331776) lv:100.1% dts:298.840 pts:298.882
2024-11-28 16:00:32.417 T:6455 debug : CVideoPlayerVideo::CalcDropRequirement - hurry: 0
2024-11-28 16:00:32.417 T:6455 debug : CAMLCodec::AddData: skip add data dl:15416916 fl:305580 sz:331712(331776) lv:100.1% dts:298.840 pts:298.882
2024-11-28 16:00:32.418 T:6455 debug : CVideoPlayerVideo::CalcDropRequirement - hurry: 0
2024-11-28 16:00:32.419 T:6455 debug : CAMLCodec::AddData: skip add data dl:15416916 fl:305580 sz:331712(331776) lv:100.1% dts:298.840 pts:298.882
2024-11-28 16:00:32.420 T:6455 debug : CVideoPlayerVideo::CalcDropRequirement - hurry: 0
2024-11-28 16:00:32.421 T:6455 debug : CAMLCodec::AddData: skip add data dl:15416916 fl:305580 sz:331712(331776) lv:100.1% dts:298.840 pts:298.882
2024-11-28 16:00:32.422 T:6455 debug : CVideoPlayerVideo::CalcDropRequirement - hurry: 0
2024-11-28 16:00:32.422 T:6455 debug : CAMLCodec::AddData: skip add data dl:15416916 fl:305580 sz:331712(331776) lv:100.1% dts:298.840 pts:298.882
2024-11-28 16:00:32.423 T:6455 debug : CVideoPlayerVideo::CalcDropRequirement - hurry: 0
2024-11-28 16:00:32.424 T:6452 debug : CVideoPlayer::ProcessVideoData size:447087 dts:300.383 pts:300.509 dur:41.000ms, clock:296.025 level:19
2024-11-28 16:00:32.424 T:6455 debug : CAMLCodec::AddData: skip add data dl:15416916 fl:305580 sz:331712(331776) lv:100.1% dts:298.840 pts:298.882
2024-11-28 16:00:32.426 T:6455 debug : CVideoPlayerVideo::CalcDropRequirement - hurry: 0
2024-11-28 16:00:32.427 T:6455 debug : CAMLCodec::AddData: skip add data dl:15416916 fl:305580 sz:331712(331776) lv:100.1% dts:298.840 pts:298.882
2024-11-28 16:00:32.427 T:4489 debug : CAMLCodec::PollFrame elapsed:30.985ms
2024-11-28 16:00:32.428 T:6455 debug : CVideoPlayerVideo::CalcDropRequirement - hurry: 0
2024-11-28 16:00:32.429 T:6455 debug : CAMLCodec::AddData: skip add data dl:15416916 fl:305580 sz:331712(331776) lv:100.1% dts:298.840 pts:298.882
2024-11-28 16:00:32.430 T:6455 debug : CVideoPlayerVideo::CalcDropRequirement - hurry: 0
2024-11-28 16:00:32.431 T:6455 debug : CAMLCodec::AddData: skip add data dl:15416916 fl:305580 sz:331712(331776) lv:100.1% dts:298.840 pts:298.882
2024-11-28 16:00:32.432 T:6455 debug : CVideoPlayerVideo::CalcDropRequirement - hurry: 0
2024-11-28 16:00:32.433 T:6455 debug : CAMLCodec::AddData: skip add data dl:15416916 fl:305580 sz:331712(331776) lv:100.1% dts:298.840 pts:298.882
2024-11-28 16:00:32.434 T:6455 debug : CVideoPlayerVideo::CalcDropRequirement - hurry: 0
2024-11-28 16:00:32.434 T:6455 debug : CAMLCodec::AddData: skip add data dl:15416916 fl:305580 sz:331712(331776) lv:100.1% dts:298.840 pts:298.882
2024-11-28 16:00:32.436 T:6455 debug : CVideoPlayerVideo::CalcDropRequirement - hurry: 0
2024-11-28 16:00:32.436 T:6455 debug : CAMLCodec::AddData: skip add data dl:15416916 fl:305580 sz:331712(331776) lv:100.1% dts:298.840 pts:298.882
2024-11-28 16:00:32.438 T:6452 debug : CVideoPlayer::ProcessVideoData size:375198 dts:300.425 pts:300.842 dur:41.000ms, clock:295.969 level:20
2024-11-28 16:00:32.439 T:6455 debug : CVideoPlayerVideo::CalcDropRequirement - hurry: 0
2024-11-28 16:00:32.440 T:6455 debug : CAMLCodec::AddData: skip add data dl:15416916 fl:305580 sz:331712(331776) lv:100.1% dts:298.840 pts:298.882
2024-11-28 16:00:32.441 T:6452 debug : CVideoPlayer::ProcessVideoData size:284553 dts:300.467 pts:300.675 dur:41.000ms, clock:295.957 level:20
2024-11-28 16:00:32.441 T:6455 debug : CVideoPlayerVideo::CalcDropRequirement - hurry: 0
2024-11-28 16:00:32.441 T:6455 debug : CAMLCodec::AddData: skip add data dl:15416916 fl:305580 sz:331712(331776) lv:100.1% dts:298.840 pts:298.882
2024-11-28 16:00:32.443 T:6455 debug : CVideoPlayerVideo::CalcDropRequirement - hurry: 0
2024-11-28 16:00:32.443 T:6455 debug : CAMLCodec::AddData: skip add data dl:15416916 fl:305580 sz:331712(331776) lv:100.1% dts:298.840 pts:298.882
2024-11-28 16:00:32.445 T:6455 debug : CVideoPlayerVideo::CalcDropRequirement - hurry: 0
2024-11-28 16:00:32.445 T:6455 debug : CAMLCodec::AddData: skip add data dl:15416916 fl:305580 sz:331712(331776) lv:100.1% dts:298.840 pts:298.882
2024-11-28 16:00:32.446 T:6452 debug : CVideoPlayer::ProcessVideoData size:288690 dts:300.509 pts:300.592 dur:41.000ms, clock:295.937 level:21
2024-11-28 16:00:32.447 T:6455 debug : CVideoPlayerVideo::CalcDropRequirement - hurry: 0
2024-11-28 16:00:32.447 T:6455 debug : CAMLCodec::AddData: skip add data dl:15416916 fl:305580 sz:331712(331776) lv:100.1% dts:298.840 pts:298.882
2024-11-28 16:00:32.449 T:6455 debug : CVideoPlayerVideo::CalcDropRequirement - hurry: 0
2024-11-28 16:00:32.450 T:6455 debug : CAMLCodec::AddData: skip add data dl:15416916 fl:305580 sz:331712(331776) lv:100.1% dts:298.840 pts:298.882
2024-11-28 16:00:32.450 T:6452 debug : CVideoPlayer::ProcessVideoData size:216727 dts:300.550 pts:300.550 dur:41.000ms, clock:295.918 level:21
2024-11-28 16:00:32.452 T:6455 debug : CVideoPlayerVideo::CalcDropRequirement - hurry: 0
2024-11-28 16:00:32.452 T:6455 debug : CAMLCodec::AddData: skip add data dl:15416916 fl:305580 sz:331712(331776) lv:100.1% dts:298.840 pts:298.882
2024-11-28 16:00:32.453 T:6455 debug : CVideoPlayerVideo::CalcDropRequirement - hurry: 0
2024-11-28 16:00:32.454 T:6455 debug : CAMLCodec::AddData: skip add data dl:15416916 fl:305580 sz:331712(331776) lv:100.1% dts:298.840 pts:298.882
2024-11-28 16:00:32.455 T:6455 debug : CVideoPlayerVideo::CalcDropRequirement - hurry: 0
2024-11-28 16:00:32.456 T:6452 debug : CVideoPlayer::ProcessVideoData size:218139 dts:300.592 pts:300.634 dur:41.000ms, clock:295.898 level:21
2024-11-28 16:00:32.456 T:6455 debug : CAMLCodec::AddData: skip add data dl:15416916 fl:305580 sz:331712(331776) lv:100.1% dts:298.840 pts:298.882
2024-11-28 16:00:32.457 T:6455 debug : CVideoPlayerVideo::CalcDropRequirement - hurry: 0
2024-11-28 16:00:32.457 T:6455 debug : CAMLCodec::AddData: skip add data dl:15416916 fl:305580 sz:331712(331776) lv:100.1% dts:298.840 pts:298.882
2024-11-28 16:00:32.458 T:6455 debug : CVideoPlayerVideo::CalcDropRequirement - hurry: 0
2024-11-28 16:00:32.459 T:6455 debug : CAMLCodec::AddData: skip add data dl:15416916 fl:305580 sz:331712(331776) lv:100.1% dts:298.840 pts:298.882
2024-11-28 16:00:32.460 T:6455 debug : CVideoPlayerVideo::CalcDropRequirement - hurry: 0
2024-11-28 16:00:32.460 T:6455 debug : CAMLCodec::AddData: skip add data dl:15416916 fl:305580 sz:331712(331776) lv:100.1% dts:298.840 pts:298.882
2024-11-28 16:00:32.461 T:6452 debug : CVideoPlayer::ProcessVideoData size:275270 dts:300.634 pts:300.759 dur:41.000ms, clock:295.877 level:22
2024-11-28 16:00:32.462 T:6455 debug : CVideoPlayerVideo::CalcDropRequirement - hurry: 0
2024-11-28 16:00:32.462 T:6455 debug : CAMLCodec::AddData: skip add data dl:15416916 fl:305580 sz:331712(331776) lv:100.1% dts:298.840 pts:298.882
2024-11-28 16:00:32.464 T:6455 debug : CVideoPlayerVideo::CalcDropRequirement - hurry: 0
2024-11-28 16:00:32.464 T:6455 debug : CAMLCodec::AddData: skip add data dl:15416916 fl:305580 sz:331712(331776) lv:100.1% dts:298.840 pts:298.882
2024-11-28 16:00:32.465 T:6452 debug : CVideoPlayer::ProcessVideoData size:241749 dts:300.675 pts:300.717 dur:41.000ms, clock:295.859 level:23
2024-11-28 16:00:32.467 T:6455 debug : CVideoPlayerVideo::CalcDropRequirement - hurry: 0
2024-11-28 16:00:32.467 T:6455 debug : CAMLCodec::AddData: skip add data dl:15416916 fl:305580 sz:331712(331776) lv:100.1% dts:298.840 pts:298.882
2024-11-28 16:00:32.468 T:6452 debug : CVideoPlayer::ProcessVideoData size:222630 dts:300.717 pts:300.801 dur:41.000ms, clock:295.849 level:23
2024-11-28 16:00:32.469 T:6455 debug : CVideoPlayerVideo::CalcDropRequirement - hurry: 0
2024-11-28 16:00:32.469 T:4489 debug : CAMLCodec::PollFrame elapsed:29.605ms
2024-11-28 16:00:32.470 T:6455 debug : CAMLCodec::AddData: skip add data dl:15416916 fl:305580 sz:331712(331776) lv:100.1% dts:298.840 pts:298.882
2024-11-28 16:00:32.472 T:6455 debug : CVideoPlayerVideo::CalcDropRequirement - hurry: 0
2024-11-28 16:00:32.472 T:6455 debug : CAMLCodec::AddData: skip add data dl:15416916 fl:305580 sz:331712(331776) lv:100.1% dts:298.840 pts:298.882
2024-11-28 16:00:32.474 T:6455 debug : CVideoPlayerVideo::CalcDropRequirement - hurry: 0
2024-11-28 16:00:32.474 T:6455 debug : CAMLCodec::AddData: skip add data dl:15416916 fl:305580 sz:331712(331776) lv:100.1% dts:298.840 pts:298.882
2024-11-28 16:00:32.475 T:6455 debug : CVideoPlayerVideo::CalcDropRequirement - hurry: 0
2024-11-28 16:00:32.476 T:6455 debug : CAMLCodec::AddData: skip add data dl:15416916 fl:305580 sz:331712(331776) lv:100.1% dts:298.840 pts:298.882
2024-11-28 16:00:32.477 T:6455 debug : CVideoPlayerVideo::CalcDropRequirement - hurry: 0
2024-11-28 16:00:32.478 T:6455 debug : CAMLCodec::AddData: skip add data dl:15416916 fl:305580 sz:331712(331776) lv:100.1% dts:298.840 pts:298.882
2024-11-28 16:00:32.479 T:6455 debug : CVideoPlayerVideo::CalcDropRequirement - hurry: 0
2024-11-28 16:00:32.480 T:6455 debug : CAMLCodec::AddData: skip add data dl:15416916 fl:305580 sz:331712(331776) lv:100.1% dts:298.840 pts:298.882
2024-11-28 16:00:32.481 T:6455 debug : CVideoPlayerVideo::CalcDropRequirement - hurry: 0
2024-11-28 16:00:32.481 T:6455 debug : CAMLCodec::AddData: skip add data dl:15416916 fl:305580 sz:331712(331776) lv:100.1% dts:298.840 pts:298.882
2024-11-28 16:00:32.483 T:6455 debug : CVideoPlayerVideo::CalcDropRequirement - hurry: 0
2024-11-28 16:00:32.484 T:6452 debug : CVideoPlayer::ProcessVideoData size:367202 dts:300.759 pts:301.176 dur:41.000ms, clock:295.786 level:23
2024-11-28 16:00:32.484 T:6455 debug : CAMLCodec::AddData: skip add data dl:15416916 fl:305580 sz:331712(331776) lv:100.1% dts:298.840 pts:298.882
2024-11-28 16:00:32.485 T:6452 debug : CVideoPlayer::ProcessVideoData size:313308 dts:300.801 pts:301.009 dur:41.000ms, clock:295.781 level:24
2024-11-28 16:00:32.485 T:6455 debug : CVideoPlayerVideo::CalcDropRequirement - hurry: 0
2024-11-28 16:00:32.486 T:6455 debug : CAMLCodec::AddData: skip add data dl:15416916 fl:305580 sz:331712(331776) lv:100.1% dts:298.840 pts:298.882
2024-11-28 16:00:32.487 T:6455 debug : CVideoPlayerVideo::CalcDropRequirement - hurry: 0
2024-11-28 16:00:32.488 T:6455 debug : CAMLCodec::AddData: skip add data dl:15416916 fl:305580 sz:331712(331776) lv:100.1% dts:298.840 pts:298.882
2024-11-28 16:00:32.489 T:6455 debug : CVideoPlayerVideo::CalcDropRequirement - hurry: 0
2024-11-28 16:00:32.489 T:6452 debug : CVideoPlayer::ProcessVideoData size:278423 dts:300.842 pts:300.926 dur:41.000ms, clock:295.762 level:24
2024-11-28 16:00:32.490 T:6455 debug : CAMLCodec::AddData: skip add data dl:15416916 fl:305580 sz:331712(331776) lv:100.1% dts:298.840 pts:298.882
2024-11-28 16:00:32.491 T:6455 debug : CVideoPlayerVideo::CalcDropRequirement - hurry: 0
2024-11-28 16:00:32.492 T:6455 debug : CAMLCodec::AddData: skip add data dl:15416916 fl:305580 sz:331712(331776) lv:100.1% dts:298.840 pts:298.882
2024-11-28 16:00:32.493 T:6455 debug : CVideoPlayerVideo::CalcDropRequirement - hurry: 0
2024-11-28 16:00:32.493 T:6455 debug : CAMLCodec::AddData: skip add data dl:15416916 fl:305580 sz:331712(331776) lv:100.1% dts:298.840 pts:298.882
2024-11-28 16:00:32.494 T:6452 debug : CVideoPlayer::ProcessVideoData size:222103 dts:300.884 pts:300.884 dur:41.000ms, clock:295.743 level:26
2024-11-28 16:00:32.495 T:6455 debug : CVideoPlayerVideo::CalcDropRequirement - hurry: 0
2024-11-28 16:00:32.496 T:6455 debug : CAMLCodec::AddData: skip add data dl:15416916 fl:305580 sz:331712(331776) lv:100.1% dts:298.840 pts:298.882
2024-11-28 16:00:32.496 T:6452 debug : CVideoPlayer::ProcessVideoData size:224233 dts:300.926 pts:300.967 dur:41.000ms, clock:295.734 level:26
2024-11-28 16:00:32.498 T:6455 debug : CVideoPlayerVideo::CalcDropRequirement - hurry: 0
2024-11-28 16:00:32.498 T:6455 debug : CAMLCodec::AddData: skip add data dl:15416916 fl:305580 sz:331712(331776) lv:100.1% dts:298.840 pts:298.882
2024-11-28 16:00:32.499 T:6455 debug : CVideoPlayerVideo::CalcDropRequirement - hurry: 0
2024-11-28 16:00:32.500 T:6455 debug : CAMLCodec::AddData: skip add data dl:15416916 fl:305580 sz:331712(331776) lv:100.1% dts:298.840 pts:298.882
2024-11-28 16:00:32.501 T:6455 debug : CVideoPlayerVideo::CalcDropRequirement - hurry: 0
2024-11-28 16:00:32.501 T:6455 debug : CAMLCodec::AddData: skip add data dl:15416916 fl:305580 sz:331712(331776) lv:100.1% dts:298.840 pts:298.882
2024-11-28 16:00:32.503 T:6455 debug : CVideoPlayerVideo::CalcDropRequirement - hurry: 0
2024-11-28 16:00:32.503 T:6455 debug : CAMLCodec::AddData: skip add data dl:15416916 fl:305580 sz:331712(331776) lv:100.1% dts:298.840 pts:298.882
2024-11-28 16:00:32.503 T:6452 debug : CVideoPlayer::ProcessVideoData size:278615 dts:300.967 pts:301.092 dur:41.000ms, clock:295.706 level:27
2024-11-28 16:00:32.505 T:6455 debug : CVideoPlayerVideo::CalcDropRequirement - hurry: 0
2024-11-28 16:00:32.505 T:6455 debug : CAMLCodec::AddData: skip add data dl:15416916 fl:305580 sz:331712(331776) lv:100.1% dts:298.840 pts:298.882
2024-11-28 16:00:32.506 T:6452 debug : CVideoPlayer::ProcessVideoData size:222182 dts:301.009 pts:301.051 dur:41.000ms, clock:295.697 level:27
2024-11-28 16:00:32.507 T:6455 debug : CVideoPlayerVideo::CalcDropRequirement - hurry: 0
2024-11-28 16:00:32.508 T:6455 debug : CAMLCodec::AddData: skip add data dl:15416916 fl:305580 sz:331712(331776) lv:100.1% dts:298.840 pts:298.882
2024-11-28 16:00:32.509 T:6455 debug : CVideoPlayerVideo::CalcDropRequirement - hurry: 0
2024-11-28 16:00:32.510 T:6455 debug : CAMLCodec::AddData: skip add data dl:15416916 fl:305580 sz:331712(331776) lv:100.1% dts:298.840 pts:298.882
2024-11-28 16:00:32.511 T:6452 debug : CVideoPlayer::ProcessVideoData size:255337 dts:301.051 pts:301.134 dur:41.000ms, clock:295.678 level:28
2024-11-28 16:00:32.511 T:4489 debug : CAMLCodec::PollFrame elapsed:28.881ms
2024-11-28 16:00:32.512 T:6455 debug : CVideoPlayerVideo::CalcDropRequirement - hurry: 0
2024-11-28 16:00:32.513 T:6455 debug : CAMLCodec::AddData: skip add data dl:15416916 fl:305580 sz:331712(331776) lv:100.1% dts:298.840 pts:298.882
2024-11-28 16:00:32.514 T:6455 debug : CVideoPlayerVideo::CalcDropRequirement - hurry: 0
2024-11-28 16:00:32.514 T:6455 debug : CAMLCodec::AddData: skip add data dl:15416916 fl:305580 sz:331712(331776) lv:100.1% dts:298.840 pts:298.882
2024-11-28 16:00:32.516 T:6455 debug : CVideoPlayerVideo::CalcDropRequirement - hurry: 0
2024-11-28 16:00:32.516 T:6455 debug : CAMLCodec::AddData: skip add data dl:15416916 fl:305580 sz:331712(331776) lv:100.1% dts:298.840 pts:298.882
2024-11-28 16:00:32.518 T:6455 debug : CVideoPlayerVideo::CalcDropRequirement - hurry: 0
2024-11-28 16:00:32.518 T:6455 debug : CAMLCodec::AddData: skip add data dl:15416916 fl:305580 sz:331712(331776) lv:100.1% dts:298.840 pts:298.882
2024-11-28 16:00:32.519 T:6455 debug : CVideoPlayerVideo::CalcDropRequirement - hurry: 0
2024-11-28 16:00:32.520 T:6455 debug : CAMLCodec::AddData: skip add data dl:15416916 fl:305580 sz:331712(331776) lv:100.1% dts:298.840 pts:298.882
2024-11-28 16:00:32.521 T:6455 debug : CVideoPlayerVideo::CalcDropRequirement - hurry: 0
2024-11-28 16:00:32.522 T:6455 debug : CAMLCodec::AddData: skip add data dl:15416916 fl:305580 sz:331712(331776) lv:100.1% dts:298.840 pts:298.882
2024-11-28 16:00:32.523 T:6455 debug : CVideoPlayerVideo::CalcDropRequirement - hurry: 0
2024-11-28 16:00:32.523 T:6455 debug : CAMLCodec::AddData: skip add data dl:15416916 fl:305580 sz:331712(331776) lv:100.1% dts:298.840 pts:298.882
2024-11-28 16:00:32.525 T:6455 debug : CVideoPlayerVideo::CalcDropRequirement - hurry: 0
2024-11-28 16:00:32.525 T:6455 debug : CAMLCodec::AddData: skip add data dl:15416916 fl:305580 sz:331712(331776) lv:100.1% dts:298.840 pts:298.882
2024-11-28 16:00:32.526 T:6455 debug : CVideoPlayerVideo::CalcDropRequirement - hurry: 0
2024-11-28 16:00:32.526 T:6452 debug : CVideoPlayer::ProcessVideoData size:371159 dts:301.092 pts:301.468 dur:41.000ms, clock:295.615 level:28
2024-11-28 16:00:32.527 T:6455 debug : CAMLCodec::AddData: skip add data dl:15416916 fl:305580 sz:331712(331776) lv:100.1% dts:298.840 pts:298.882
2024-11-28 16:00:32.528 T:6455 debug : CVideoPlayerVideo::CalcDropRequirement - hurry: 0
2024-11-28 16:00:32.529 T:6455 debug : CAMLCodec::AddData: skip add data dl:15416916 fl:305580 sz:331712(331776) lv:100.1% dts:298.840 pts:298.882
2024-11-28 16:00:32.529 T:6452 debug : CVideoPlayer::ProcessVideoData size:346204 dts:301.134 pts:301.343 dur:41.000ms, clock:295.604 level:29
2024-11-28 16:00:32.530 T:6455 debug : CVideoPlayerVideo::CalcDropRequirement - hurry: 0
2024-11-28 16:00:32.531 T:6455 debug : CAMLCodec::AddData: skip add data dl:15416916 fl:305580 sz:331712(331776) lv:100.1% dts:298.840 pts:298.882
2024-11-28 16:00:32.532 T:6455 debug : CVideoPlayerVideo::CalcDropRequirement - hurry: 0
2024-11-28 16:00:32.533 T:6455 debug : CAMLCodec::AddData: skip add data dl:15416916 fl:305580 sz:331712(331776) lv:100.1% dts:298.840 pts:298.882
2024-11-28 16:00:32.534 T:6452 debug : CVideoPlayer::ProcessVideoData size:279245 dts:301.176 pts:301.259 dur:41.000ms, clock:295.585 level:29
2024-11-28 16:00:32.535 T:6455 debug : CVideoPlayerVideo::CalcDropRequirement - hurry: 0
2024-11-28 16:00:32.536 T:6455 debug : CAMLCodec::AddData: skip add data dl:15416916 fl:305580 sz:331712(331776) lv:100.1% dts:298.840 pts:298.882
2024-11-28 16:00:32.537 T:6455 debug : CVideoPlayerVideo::CalcDropRequirement - hurry: 0
2024-11-28 16:00:32.537 T:6455 debug : CAMLCodec::AddData: skip add data dl:15416916 fl:305580 sz:331712(331776) lv:100.1% dts:298.840 pts:298.882
2024-11-28 16:00:32.538 T:6452 debug : CVideoPlayer::ProcessVideoData size:242816 dts:301.218 pts:301.218 dur:41.000ms, clock:295.567 level:30
2024-11-28 16:00:32.538 T:6455 debug : CVideoPlayerVideo::CalcDropRequirement - hurry: 0
2024-11-28 16:00:32.539 T:6455 debug : CAMLCodec::AddData: skip add data dl:15416916 fl:305580 sz:331712(331776) lv:100.1% dts:298.840 pts:298.882
2024-11-28 16:00:32.540 T:6455 debug : CVideoPlayerVideo::CalcDropRequirement - hurry: 0
2024-11-28 16:00:32.541 T:6455 debug : CAMLCodec::AddData: skip add data dl:15416916 fl:305580 sz:331712(331776) lv:100.1% dts:298.840 pts:298.882
2024-11-28 16:00:32.543 T:6455 debug : CVideoPlayerVideo::CalcDropRequirement - hurry: 0
2024-11-28 16:00:32.543 T:6452 debug : CVideoPlayer::ProcessVideoData size:241072 dts:301.259 pts:301.301 dur:41.000ms, clock:295.549 level:30
2024-11-28 16:00:32.543 T:6455 debug : CAMLCodec::AddData: skip add data dl:15416916 fl:305580 sz:331712(331776) lv:100.1% dts:298.840 pts:298.882
2024-11-28 16:00:32.544 T:6455 debug : CVideoPlayerVideo::CalcDropRequirement - hurry: 0
2024-11-28 16:00:32.545 T:6455 debug : CAMLCodec::AddData: skip add data dl:15416916 fl:305580 sz:331712(331776) lv:100.1% dts:298.840 pts:298.882
2024-11-28 16:00:32.546 T:6455 debug : CVideoPlayerVideo::CalcDropRequirement - hurry: 0
2024-11-28 16:00:32.546 T:6455 debug : CAMLCodec::AddData: skip add data dl:15416916 fl:305580 sz:331712(331776) lv:100.1% dts:298.840 pts:298.882
2024-11-28 16:00:32.547 T:6452 debug : CVideoPlayer::ProcessVideoData size:278381 dts:301.301 pts:301.426 dur:41.000ms, clock:295.531 level:31
2024-11-28 16:00:32.549 T:6455 debug : CVideoPlayerVideo::CalcDropRequirement - hurry: 0
2024-11-28 16:00:32.549 T:6455 debug : CAMLCodec::AddData: skip add data dl:15416916 fl:305580 sz:331712(331776) lv:100.1% dts:298.840 pts:298.882
2024-11-28 16:00:32.550 T:6455 debug : CVideoPlayerVideo::CalcDropRequirement - hurry: 0
2024-11-28 16:00:32.551 T:6455 debug : CAMLCodec::AddData: skip add data dl:15416916 fl:305580 sz:331712(331776) lv:100.1% dts:298.840 pts:298.882
2024-11-28 16:00:32.552 T:6452 debug : CVideoPlayer::ProcessVideoData size:237150 dts:301.343 pts:301.384 dur:41.000ms, clock:295.513 level:31
2024-11-28 16:00:32.553 T:4489 debug : CAMLCodec::PollFrame elapsed:31.147ms
2024-11-28 16:00:32.553 T:6455 debug : CVideoPlayerVideo::CalcDropRequirement - hurry: 0
2024-11-28 16:00:32.554 T:6455 debug : CAMLCodec::AddData: skip add data dl:15416916 fl:305580 sz:331712(331776) lv:100.1% dts:298.840 pts:298.882
2024-11-28 16:00:32.555 T:6455 debug : CVideoPlayerVideo::CalcDropRequirement - hurry: 0
2024-11-28 16:00:32.555 T:6455 debug : CAMLCodec::AddData: skip add data dl:15416916 fl:305580 sz:331712(331776) lv:100.1% dts:298.840 pts:298.882
2024-11-28 16:00:32.557 T:6455 debug : CVideoPlayerVideo::CalcDropRequirement - hurry: 0
2024-11-28 16:00:32.557 T:6455 debug : CAMLCodec::AddData: skip add data dl:15416916 fl:305580 sz:331712(331776) lv:100.1% dts:298.840 pts:298.882
2024-11-28 16:00:32.558 T:6455 debug : CVideoPlayerVideo::CalcDropRequirement - hurry: 0
2024-11-28 16:00:32.559 T:6455 debug : CAMLCodec::AddData: skip add data dl:15416916 fl:305580 sz:331712(331776) lv:100.1% dts:298.840 pts:298.882
2024-11-28 16:00:32.560 T:6452 debug : CVideoPlayer::ProcessVideoData size:447301 dts:301.384 pts:301.510 dur:41.000ms, clock:295.479 level:32
2024-11-28 16:00:32.560 T:6455 debug : CVideoPlayerVideo::CalcDropRequirement - hurry: 0
2024-11-28 16:00:32.561 T:6455 debug : CAMLCodec::AddData: skip add data dl:15416916 fl:305580 sz:331712(331776) lv:100.1% dts:298.840 pts:298.882
2024-11-28 16:00:32.563 T:6455 debug : CVideoPlayerVideo::CalcDropRequirement - hurry: 0
2024-11-28 16:00:32.563 T:6455 debug : CAMLCodec::AddData: skip add data dl:15416916 fl:305580 sz:331712(331776) lv:100.1% dts:298.840 pts:298.882
2024-11-28 16:00:32.564 T:6455 debug : CVideoPlayerVideo::CalcDropRequirement - hurry: 0
2024-11-28 16:00:32.565 T:6455 debug : CAMLCodec::AddData: skip add data dl:15416916 fl:305580 sz:331712(331776) lv:100.1% dts:298.840 pts:298.882
2024-11-28 16:00:32.566 T:6455 debug : CVideoPlayerVideo::CalcDropRequirement - hurry: 0
2024-11-28 16:00:32.566 T:6455 debug : CAMLCodec::AddData: skip add data dl:15416916 fl:305580 sz:331712(331776) lv:100.1% dts:298.840 pts:298.882
2024-11-28 16:00:32.568 T:6455 debug : CVideoPlayerVideo::CalcDropRequirement - hurry: 0
2024-11-28 16:00:32.568 T:6455 debug : CAMLCodec::AddData: skip add data dl:15416916 fl:305580 sz:331712(331776) lv:100.1% dts:298.840 pts:298.882
2024-11-28 16:00:32.569 T:6455 debug : CVideoPlayerVideo::CalcDropRequirement - hurry: 0
2024-11-28 16:00:32.570 T:6455 debug : CAMLCodec::AddData: skip add data dl:15416916 fl:305580 sz:331712(331776) lv:100.1% dts:298.840 pts:298.882
2024-11-28 16:00:32.571 T:6455 debug : CVideoPlayerVideo::CalcDropRequirement - hurry: 0
2024-11-28 16:00:32.572 T:6455 debug : CAMLCodec::AddData: skip add data dl:15416916 fl:305580 sz:331712(331776) lv:100.1% dts:298.840 pts:298.882
2024-11-28 16:00:32.573 T:6455 debug : CVideoPlayerVideo::CalcDropRequirement - hurry: 0
2024-11-28 16:00:32.573 T:6455 debug : CAMLCodec::AddData: skip add data dl:15416916 fl:305580 sz:331712(331776) lv:100.1% dts:298.840 pts:298.882
2024-11-28 16:00:32.575 T:6455 debug : CVideoPlayerVideo::CalcDropRequirement - hurry: 0
2024-11-28 16:00:32.575 T:6455 debug : CAMLCodec::AddData: skip add data dl:15416916 fl:305580 sz:331712(331776) lv:100.1% dts:298.840 pts:298.882
2024-11-28 16:00:32.576 T:6455 debug : CVideoPlayerVideo::CalcDropRequirement - hurry: 0
2024-11-28 16:00:32.577 T:6455 debug : CAMLCodec::AddData: skip add data dl:15416916 fl:305580 sz:331712(331776) lv:100.1% dts:298.840 pts:298.882
2024-11-28 16:00:32.578 T:6455 debug : CVideoPlayerVideo::CalcDropRequirement - hurry: 0
2024-11-28 16:00:32.578 T:6455 debug : CAMLCodec::AddData: skip add data dl:15416916 fl:305580 sz:331712(331776) lv:100.1% dts:298.840 pts:298.882
2024-11-28 16:00:32.580 T:6455 debug : CVideoPlayerVideo::CalcDropRequirement - hurry: 0
2024-11-28 16:00:32.580 T:6455 debug : CAMLCodec::AddData: skip add data dl:15416916 fl:305580 sz:331712(331776) lv:100.1% dts:298.840 pts:298.882
2024-11-28 16:00:32.580 T:6452 debug : CVideoPlayer::ProcessVideoData size:379144 dts:301.426 pts:301.843 dur:41.000ms, clock:295.399 level:32
2024-11-28 16:00:32.582 T:6455 debug : CVideoPlayerVideo::CalcDropRequirement - hurry: 0
2024-11-28 16:00:32.582 T:6452 debug : CVideoPlayer::ProcessVideoData size:293330 dts:301.468 pts:301.676 dur:41.000ms, clock:295.393 level:32
2024-11-28 16:00:32.582 T:6455 debug : CAMLCodec::AddData: skip add data dl:15416916 fl:305580 sz:331712(331776) lv:100.1% dts:298.840 pts:298.882
2024-11-28 16:00:32.583 T:6452 debug : CVideoPlayer::ProcessVideoData size:268969 dts:301.510 pts:301.593 dur:41.000ms, clock:295.388 level:33
2024-11-28 16:00:32.584 T:6455 debug : CVideoPlayerVideo::CalcDropRequirement - hurry: 0
2024-11-28 16:00:32.585 T:6455 debug : CAMLCodec::AddData: skip add data dl:15416916 fl:305580 sz:331712(331776) lv:100.1% dts:298.840 pts:298.882
2024-11-28 16:00:32.586 T:6455 debug : CVideoPlayerVideo::CalcDropRequirement - hurry: 0
2024-11-28 16:00:32.586 T:6455 debug : CAMLCodec::AddData: skip add data dl:15416916 fl:305580 sz:331712(331776) lv:100.1% dts:298.840 pts:298.882
2024-11-28 16:00:32.587 T:6455 debug : CVideoPlayerVideo::CalcDropRequirement - hurry: 0
2024-11-28 16:00:32.588 T:6455 debug : CAMLCodec::AddData: skip add data dl:15416916 fl:305580 sz:331712(331776) lv:100.1% dts:298.840 pts:298.882
2024-11-28 16:00:32.588 T:6452 debug : CVideoPlayer::ProcessVideoData size:221683 dts:301.551 pts:301.551 dur:41.000ms, clock:295.367 level:34
2024-11-28 16:00:32.589 T:6455 debug : CVideoPlayerVideo::CalcDropRequirement - hurry: 0
2024-11-28 16:00:32.590 T:6455 debug : CAMLCodec::AddData: skip add data dl:15416916 fl:305580 sz:331712(331776) lv:100.1% dts:298.840 pts:298.882
2024-11-28 16:00:32.590 T:6452 debug : CVideoPlayer::ProcessVideoData size:223659 dts:301.593 pts:301.635 dur:41.000ms, clock:295.359 level:34
2024-11-28 16:00:32.592 T:6455 debug : CVideoPlayerVideo::CalcDropRequirement - hurry: 0
2024-11-28 16:00:32.592 T:6455 debug : CAMLCodec::AddData: skip add data dl:15416916 fl:305580 sz:331712(331776) lv:100.1% dts:298.840 pts:298.882
2024-11-28 16:00:32.594 T:6455 debug : CVideoPlayerVideo::CalcDropRequirement - hurry: 0
2024-11-28 16:00:32.594 T:6455 debug : CAMLCodec::AddData: skip add data dl:15416916 fl:305580 sz:331712(331776) lv:100.1% dts:298.840 pts:298.882
2024-11-28 16:00:32.594 T:4489 debug : CAMLCodec::PollFrame elapsed:30.565ms
2024-11-28 16:00:32.596 T:6455 debug : CVideoPlayerVideo::CalcDropRequirement - hurry: 0
2024-11-28 16:00:32.596 T:6455 debug : CAMLCodec::AddData: skip add data dl:15416916 fl:305580 sz:331712(331776) lv:100.1% dts:298.840 pts:298.882
2024-11-28 16:00:32.596 T:6452 debug : CVideoPlayer::ProcessVideoData size:277599 dts:301.635 pts:301.760 dur:41.000ms, clock:295.334 level:35
2024-11-28 16:00:32.598 T:6455 debug : CVideoPlayerVideo::CalcDropRequirement - hurry: 0
2024-11-28 16:00:32.598 T:6455 debug : CAMLCodec::AddData: skip add data dl:15416916 fl:305580 sz:331712(331776) lv:100.1% dts:298.840 pts:298.882
2024-11-28 16:00:32.599 T:6455 debug : CVideoPlayerVideo::CalcDropRequirement - hurry: 0
2024-11-28 16:00:32.600 T:6455 debug : CAMLCodec::AddData: skip add data dl:15416916 fl:305580 sz:331712(331776) lv:100.1% dts:298.840 pts:298.882
2024-11-28 16:00:32.601 T:6455 debug : CVideoPlayerVideo::CalcDropRequirement - hurry: 0
2024-11-28 16:00:32.601 T:6455 debug : CAMLCodec::AddData: skip add data dl:15416916 fl:305580 sz:331712(331776) lv:100.1% dts:298.840 pts:298.882
2024-11-28 16:00:32.602 T:6452 debug : CVideoPlayer::ProcessVideoData size:227877 dts:301.676 pts:301.718 dur:41.000ms, clock:295.311 level:35
2024-11-28 16:00:32.604 T:6455 debug : CVideoPlayerVideo::CalcDropRequirement - hurry: 0
2024-11-28 16:00:32.604 T:6455 debug : CAMLCodec::AddData: skip add data dl:15416916 fl:305580 sz:331712(331776) lv:100.1% dts:298.840 pts:298.882
2024-11-28 16:00:32.606 T:6455 debug : CVideoPlayerVideo::CalcDropRequirement - hurry: 0
2024-11-28 16:00:32.606 T:6455 debug : CAMLCodec::AddData: skip add data dl:15416916 fl:305580 sz:331712(331776) lv:100.1% dts:298.840 pts:298.882
2024-11-28 16:00:32.607 T:6452 debug : CVideoPlayer::ProcessVideoData size:238360 dts:301.718 pts:301.802 dur:41.000ms, clock:295.292 level:36
2024-11-28 16:00:32.607 T:6455 debug : CVideoPlayerVideo::CalcDropRequirement - hurry: 0
2024-11-28 16:00:32.608 T:6452 debug : CVideoPlayer::Process - ffd/rwd: lastpts:300.425 clock:295.290 lastseekpts:297.625 speed:-4000 error:5.136
2024-11-28 16:00:32.608 T:6452 debug : CVideoPlayer::Process - Seeking to catch up, error was: -2.336 time:294.289
2024-11-28 16:00:32.608 T:6452 debug : demuxer seek to: 294289.394214
2024-11-28 16:00:32.608 T:6455 debug : CAMLCodec::AddData: skip add data dl:15416916 fl:305580 sz:331712(331776) lv:100.1% dts:298.840 pts:298.882
2024-11-28 16:00:32.609 T:6454 debug : CDoubleCache::Reset - (0x35ec9e0) Cache miss for 2375715083 with new=2461462516-2471948276 and old=2428870201-2439355961
2024-11-28 16:00:32.609 T:6454 debug : CFileCache::Process - cache completely reset for seek to position 2375715083
2024-11-28 16:00:32.609 T:6455 debug : CVideoPlayerVideo::CalcDropRequirement - hurry: 0
2024-11-28 16:00:32.610 T:6455 debug : CAMLCodec::AddData: skip add data dl:15416916 fl:305580 sz:331712(331776) lv:100.1% dts:298.840 pts:298.882
2024-11-28 16:00:32.611 T:6455 debug : CVideoPlayerVideo::CalcDropRequirement - hurry: 0
2024-11-28 16:00:32.611 T:6455 debug : CAMLCodec::AddData: skip add data dl:15416916 fl:305580 sz:331712(331776) lv:100.1% dts:298.840 pts:298.882
2024-11-28 16:00:32.612 T:6455 debug : CVideoPlayerVideo::CalcDropRequirement - hurry: 0
2024-11-28 16:00:32.613 T:6455 debug : CAMLCodec::AddData: skip add data dl:15416916 fl:305580 sz:331712(331776) lv:100.1% dts:298.840 pts:298.882
2024-11-28 16:00:32.614 T:6455 debug : CVideoPlayerVideo::CalcDropRequirement - hurry: 0
2024-11-28 16:00:32.614 T:6455 debug : CAMLCodec::AddData: skip add data dl:15416916 fl:305580 sz:331712(331776) lv:100.1% dts:298.840 pts:298.882
2024-11-28 16:00:32.616 T:6455 debug : CVideoPlayerVideo::CalcDropRequirement - hurry: 0
2024-11-28 16:00:32.616 T:6455 debug : CAMLCodec::AddData: skip add data dl:15416916 fl:305580 sz:331712(331776) lv:100.1% dts:298.840 pts:298.882
2024-11-28 16:00:32.617 T:6455 debug : CVideoPlayerVideo::CalcDropRequirement - hurry: 0
2024-11-28 16:00:32.618 T:6455 debug : CAMLCodec::AddData: skip add data dl:15416916 fl:305580 sz:331712(331776) lv:100.1% dts:298.840 pts:298.882
2024-11-28 16:00:32.619 T:6455 debug : CVideoPlayerVideo::CalcDropRequirement - hurry: 0
2024-11-28 16:00:32.619 T:6455 debug : CAMLCodec::AddData: skip add data dl:15416916 fl:305580 sz:331712(331776) lv:100.1% dts:298.840 pts:298.882
2024-11-28 16:00:32.620 T:6452 debug : SeekTime - seek ended up on time 293835
2024-11-28 16:00:32.620 T:6452 debug : demuxer seek to: 294289.394214, success
2024-11-28 16:00:32.620 T:6452 debug : CVideoPlayer::FlushBuffers - flushing buffers
2024-11-28 16:00:32.620 T:6455 debug : CAMLCodec::Reset
2024-11-28 16:00:32.620 T:6452 debug : CVideoPlayer::HandleMessages: flush buffers: dts:294.289 lastSeek:34.414 clock:295.238
2024-11-28 16:00:32.620 T:6452 debug : CVideoPlayer::Process - ffd/rwd: lastpts:300.425 clock:295.238 lastseekpts:294.289 speed:-4000 error:5.187
2024-11-28 16:00:32.621 T:6452 debug : CVideoPlayer::ProcessVideoData size:411618 dts:18442240474082.180 pts:293.835 dur:41.000ms, clock:295.235 level:36
2024-11-28 16:00:32.626 T:6456 debug : CDVDAudio::Flush - flush audio stream
2024-11-28 16:00:32.635 T:6452 debug : CVideoPlayer::ProcessVideoData size:319961 dts:18442240474082.180 pts:294.169 dur:41.000ms, clock:295.181 level:54
2024-11-28 16:00:32.636 T:6452 debug : CVideoPlayer::ProcessVideoData size:247872 dts:18442240474082.180 pts:294.002 dur:41.000ms, clock:295.177 level:55
2024-11-28 16:00:32.636 T:4489 debug : CAMLCodec::PollFrame elapsed:32.625ms
2024-11-28 16:00:32.638 T:6452 debug : CVideoPlayer::ProcessVideoData size:233792 dts:293.835 pts:293.919 dur:41.000ms, clock:295.169 level:56
2024-11-28 16:00:32.644 T:6452 debug : CVideoPlayer::ProcessVideoData size:188771 dts:293.877 pts:293.877 dur:41.000ms, clock:295.143 level:56
2024-11-28 16:00:32.646 T:6452 debug : CVideoPlayer::ProcessVideoData size:186341 dts:293.919 pts:293.960 dur:41.000ms, clock:295.134 level:57
2024-11-28 16:00:32.651 T:6455 debug : CAMLCodec::ReleaseFrame idx:8742, drop:1
2024-11-28 16:00:32.651 T:6452 debug : CVideoPlayer::ProcessVideoData size:244707 dts:293.960 pts:294.085 dur:41.000ms, clock:295.116 level:57
2024-11-28 16:00:32.657 T:6455 debug : CVideoPlayerVideo - Stillframe left, switching to normal playback
2024-11-28 16:00:32.657 T:6455 debug : CVideoPlayerVideo::CalcDropRequirement - hurry: 0
2024-11-28 16:00:32.658 T:6452 debug : CVideoPlayer::ProcessVideoData size:198225 dts:294.002 pts:294.044 dur:41.000ms, clock:295.088 level:0
2024-11-28 16:00:32.660 T:6455 debug : CAMLCodec::AddData: dl:244914 fl:15477582 sz:244703(244800) lv:1.6% dts:293.960 pts:294.085
2024-11-28 16:00:32.660 T:6455 debug : CVideoPlayerVideo::CalcDropRequirement - hurry: 0
2024-11-28 16:00:32.660 T:6452 debug : CVideoPlayer::ProcessVideoData size:189147 dts:294.044 pts:294.127 dur:41.000ms, clock:295.080 level:0
2024-11-28 16:00:32.663 T:6455 debug : CAMLCodec::AddData: dl:443153 fl:15279343 sz:198221(198336) lv:2.8% dts:294.002 pts:294.044
2024-11-28 16:00:32.663 T:6455 debug : CVideoPlayerVideo::CalcDropRequirement - hurry: 0
2024-11-28 16:00:32.665 T:6455 debug : CAMLCodec::AddData: dl:632286 fl:15090210 sz:189143(189248) lv:4.0% dts:294.044 pts:294.127
2024-11-28 16:00:32.674 T:6452 debug : CVideoPlayer::ProcessVideoData size:321870 dts:294.085 pts:294.503 dur:41.000ms, clock:295.023 level:0
2024-11-28 16:00:32.675 T:6455 debug : CVideoPlayerVideo::CalcDropRequirement - hurry: 0
2024-11-28 16:00:32.676 T:6452 debug : CVideoPlayer::ProcessVideoData size:253699 dts:294.127 pts:294.336 dur:41.000ms, clock:295.015 level:0
2024-11-28 16:00:32.678 T:4489 debug : CAMLCodec::PollFrame elapsed:24.933ms
2024-11-28 16:00:32.678 T:6455 debug : CAMLCodec::AddData: dl:954165 fl:14768331 sz:321866(321984) lv:6.1% dts:294.085 pts:294.503
2024-11-28 16:00:32.678 T:6455 debug : CVideoPlayerVideo::CalcDropRequirement - hurry: 0
2024-11-28 16:00:32.680 T:6452 debug : CVideoPlayer::ProcessVideoData size:245206 dts:294.169 pts:294.252 dur:41.000ms, clock:295.001 level:0
2024-11-28 16:00:32.681 T:6455 debug : CAMLCodec::AddData: dl:1207807 fl:14514689 sz:253695(253760) lv:7.7% dts:294.127 pts:294.336
2024-11-28 16:00:32.681 T:6452 debug : CVideoPlayer::ProcessVideoData size:192610 dts:294.211 pts:294.211 dur:41.000ms, clock:294.996 level:0
2024-11-28 16:00:32.681 T:6455 debug : CVideoPlayerVideo::CalcDropRequirement - hurry: 0
2024-11-28 16:00:32.684 T:6455 debug : CAMLCodec::AddData: dl:928766 fl:14793730 sz:245202(245312) lv:5.9% dts:294.169 pts:294.252
2024-11-28 16:00:32.684 T:6455 debug : CVideoPlayerVideo::CalcDropRequirement - hurry: 0
2024-11-28 16:00:32.686 T:6452 debug : CVideoPlayer::ProcessVideoData size:185548 dts:294.252 pts:294.294 dur:41.000ms, clock:294.974 level:0
2024-11-28 16:00:32.687 T:6455 debug : CAMLCodec::AddData: dl:1121360 fl:14601136 sz:192606(192704) lv:7.1% dts:294.211 pts:294.211
2024-11-28 16:00:32.687 T:6455 debug : CVideoPlayerVideo::CalcDropRequirement - hurry: 0
2024-11-28 16:00:32.690 T:6455 debug : CAMLCodec::AddData: dl:782638 fl:14939858 sz:185544(185664) lv:5.0% dts:294.252 pts:294.294
2024-11-28 16:00:32.691 T:6452 debug : CVideoPlayer::ProcessVideoData size:238860 dts:294.294 pts:294.419 dur:41.000ms, clock:294.956 level:0
2024-11-28 16:00:32.691 T:6455 debug : CVideoPlayerVideo::CalcDropRequirement - hurry: 0
2024-11-28 16:00:32.693 T:6452 debug : CVideoPlayer::ProcessVideoData size:186531 dts:294.336 pts:294.377 dur:41.000ms, clock:294.947 level:0
2024-11-28 16:00:32.694 T:6455 debug : CAMLCodec::AddData: dl:1021494 fl:14701002 sz:238856(238976) lv:6.5% dts:294.294 pts:294.419
2024-11-28 16:00:32.694 T:6455 debug : CVideoPlayerVideo::CalcDropRequirement - hurry: 0
2024-11-28 16:00:32.697 T:6455 debug : CAMLCodec::AddData: dl:1207998 fl:14514498 sz:186527(186624) lv:7.7% dts:294.336 pts:294.377
2024-11-28 16:00:32.698 T:6452 debug : CVideoPlayer::ProcessVideoData size:198920 dts:294.377 pts:294.461 dur:41.000ms, clock:294.928 level:0
2024-11-28 16:00:32.698 T:6455 debug : CVideoPlayerVideo::CalcDropRequirement - hurry: 0
2024-11-28 16:00:32.701 T:6455 debug : CAMLCodec::AddData: dl:882653 fl:14839843 sz:198916(199040) lv:5.6% dts:294.377 pts:294.461
2024-11-28 16:00:32.709 T:6452 debug : CVideoPlayer::ProcessVideoData size:325144 dts:294.419 pts:294.795 dur:41.000ms, clock:294.886 level:0
2024-11-28 16:00:32.709 T:6455 debug : CVideoPlayerVideo::CalcDropRequirement - hurry: 0
2024-11-28 16:00:32.710 T:6452 debug : CVideoPlayer::ProcessVideoData size:256074 dts:294.461 pts:294.669 dur:41.000ms, clock:294.880 level:0
2024-11-28 16:00:32.712 T:6455 debug : CAMLCodec::AddData: dl:1207777 fl:14514719 sz:325140(325248) lv:7.7% dts:294.419 pts:294.795
2024-11-28 16:00:32.712 T:6455 debug : CVideoPlayerVideo::CalcDropRequirement - hurry: 0
2024-11-28 16:00:32.715 T:6455 debug : CAMLCodec::AddData: dl:939573 fl:14782923 sz:256070(256192) lv:6.0% dts:294.461 pts:294.669
2024-11-28 16:00:32.716 T:6452 debug : CVideoPlayer::ProcessVideoData size:245470 dts:294.503 pts:294.586 dur:41.000ms, clock:294.857 level:0
2024-11-28 16:00:32.716 T:6455 debug : CVideoPlayerVideo::CalcDropRequirement - hurry: 0
2024-11-28 16:00:32.719 T:6455 debug : CAMLCodec::AddData: dl:1185019 fl:14537477 sz:245466(245568) lv:7.5% dts:294.503 pts:294.586
2024-11-28 16:00:32.719 T:4489 debug : CAMLCodec::PollFrame elapsed:30.707ms
2024-11-28 16:00:32.720 T:6452 debug : CVideoPlayer::ProcessVideoData size:193265 dts:294.544 pts:294.544 dur:41.000ms, clock:294.841 level:0
2024-11-28 16:00:32.720 T:6455 debug : CVideoPlayerVideo::CalcDropRequirement - hurry: 0
2024-11-28 16:00:32.722 T:6452 debug : CVideoPlayer::ProcessVideoData size:185149 dts:294.586 pts:294.628 dur:41.000ms, clock:294.830 level:0
2024-11-28 16:00:32.723 T:6455 debug : CAMLCodec::AddData: dl:853973 fl:14868523 sz:193261(193344) lv:5.4% dts:294.544 pts:294.544
2024-11-28 16:00:32.723 T:6455 debug : CVideoPlayerVideo::CalcDropRequirement - hurry: 0
2024-11-28 16:00:32.726 T:6455 debug : CAMLCodec::AddData: dl:1039106 fl:14683390 sz:185145(185216) lv:6.6% dts:294.586 pts:294.628
2024-11-28 16:00:32.727 T:6452 debug : CVideoPlayer::ProcessVideoData size:242063 dts:294.628 pts:294.753 dur:41.000ms, clock:294.811 level:0
2024-11-28 16:00:32.727 T:6455 debug : CVideoPlayerVideo::CalcDropRequirement - hurry: 0
2024-11-28 16:00:32.730 T:6452 debug : CVideoPlayer::ProcessVideoData size:187865 dts:294.669 pts:294.711 dur:41.000ms, clock:294.801 level:0
2024-11-28 16:00:32.731 T:6455 debug : CAMLCodec::AddData: dl:1281211 fl:14441285 sz:242059(242176) lv:8.1% dts:294.628 pts:294.753
2024-11-28 16:00:32.731 T:6455 debug : CVideoPlayerVideo::CalcDropRequirement - hurry: 0
2024-11-28 16:00:32.733 T:6455 debug : CAMLCodec::AddData: dl:944774 fl:14777722 sz:187861(187968) lv:6.0% dts:294.669 pts:294.711
2024-11-28 16:00:32.740 T:6452 debug : CVideoPlayer::ProcessVideoData size:410719 dts:294.711 pts:294.836 dur:41.000ms, clock:294.761 level:0
2024-11-28 16:00:32.740 T:6455 debug : CVideoPlayerVideo::CalcDropRequirement - hurry: 0
