2024-11-28 16:00:00.988 T:6455 debug : CAMLCodec::AddData: skip add data dl:15445260 fl:277236 sz:328379(328448) lv:100.3% dts:289.122 pts:289.206
2024-11-28 16:00:00.991 T:4489 info : Skipped 2 duplicate messages..
2024-11-28 16:00:00.991 T:4489 debug : PrepareNextRender: frameOnScreen: 286.687 renderPts: 286.875 nextFramePts: 286.870 -> diff: 0.005 render: 1 forceNext: 0
2024-11-28 16:00:00.993 T:6455 debug : CAMLCodec::AddData: skip add data dl:15445260 fl:277236 sz:328379(328448) lv:100.3% dts:289.122 pts:289.206
2024-11-28 16:00:00.994 T:6452 debug : CVideoPlayer::ProcessVideoData size:410719 dts:294.711 pts:294.836 dur:41.000ms, clock:286.690 level:70
2024-11-28 16:00:00.995 T:4489 debug : CAMLCodec::ReleaseFrame idx:8078, drop:0
2024-11-28 16:00:00.995 T:6455 debug : CAMLCodec::AddData: skip add data dl:15445260 fl:277236 sz:328379(328448) lv:100.3% dts:289.122 pts:289.206
2024-11-28 16:00:01.008 T:6452 info : Skipped 9 duplicate messages..
2024-11-28 16:00:01.008 T:6452 debug : CVideoPlayer::ProcessVideoData size:348754 dts:294.753 pts:295.170 dur:41.000ms, clock:286.704 level:70
2024-11-28 16:00:01.010 T:6455 debug : CAMLCodec::AddData: skip add data dl:15445260 fl:277236 sz:328379(328448) lv:100.3% dts:289.122 pts:289.206
2024-11-28 16:00:01.026 T:6455 info : Skipped 8 duplicate messages..
2024-11-28 16:00:01.026 T:6455 debug : CAMLCodec::AddData: dl:15455756 fl:266740 sz:328379(328448) lv:98.3% dts:289.122 pts:289.206
2024-11-28 16:00:01.026 T:6455 debug : CAMLCodec::DequeueBuffer: pts:287.120 idx:8084
2024-11-28 16:00:01.026 T:6455 debug : CAMLCodec::GetPicture: index: 8084, pts: 287.120, dur:42.000ms ar:1.78 elf:40ms
2024-11-28 16:00:01.027 T:6455 debug : CVideoPlayerVideo::OutputPicture - ttd:397ms pts:287.120 Clock:286.722 Level:5
2024-11-28 16:00:01.029 T:4489 debug : CAMLCodec::PollFrame elapsed:34.198ms
2024-11-28 16:00:01.031 T:6455 debug : CAMLCodec::AddData: dl:15724487 fl:-1991 sz:268685(268800) lv:100.0% dts:289.164 pts:289.164
2024-11-28 16:00:01.031 T:6452 debug : CVideoPlayer::ProcessVideoData size:265862 dts:294.795 pts:295.003 dur:41.000ms, clock:286.727 level:70
2024-11-28 16:00:01.032 T:6455 debug : CAMLCodec::AddData: skip add data dl:15722496 fl:0 sz:278663(278784) lv:100.0% dts:289.206 pts:289.247
2024-11-28 16:00:01.034 T:4489 debug : PrepareNextRender: frameOnScreen: 286.730 renderPts: 286.917 nextFramePts: 286.912 -> diff: 0.005 render: 1 forceNext: 0
2024-11-28 16:00:01.034 T:6452 debug : CVideoPlayer::ProcessVideoData size:257780 dts:294.836 pts:294.920 dur:41.000ms, clock:286.730 level:70
2024-11-28 16:00:01.034 T:6455 debug : CAMLCodec::AddData: skip add data dl:15722496 fl:0 sz:278663(278784) lv:100.0% dts:289.206 pts:289.247
2024-11-28 16:00:01.035 T:6452 debug : CVideoPlayer::ProcessVideoData size:198048 dts:294.878 pts:294.878 dur:41.000ms, clock:286.731 level:100
2024-11-28 16:00:01.036 T:4489 debug : CAMLCodec::ReleaseFrame idx:8079, drop:0
2024-11-28 16:00:01.036 T:6455 debug : CAMLCodec::AddData: skip add data dl:15722496 fl:0 sz:278663(278784) lv:100.0% dts:289.206 pts:289.247
2024-11-28 16:00:01.067 T:6455 info : Skipped 22 duplicate messages..
2024-11-28 16:00:01.067 T:6455 debug : CAMLCodec::DequeueBuffer: pts:287.162 idx:8085
2024-11-28 16:00:01.068 T:6455 debug : CAMLCodec::GetPicture: index: 8085, pts: 287.162, dur:42.000ms ar:1.78 elf:40ms
2024-11-28 16:00:01.068 T:6455 debug : CVideoPlayerVideo::OutputPicture - ttd:398ms pts:287.162 Clock:286.764 Level:5
2024-11-28 16:00:01.069 T:6455 debug : CAMLCodec::AddData: skip add data dl:15479680 fl:242816 sz:278663(278784) lv:100.2% dts:289.206 pts:289.247
2024-11-28 16:00:01.070 T:4489 debug : CAMLCodec::PollFrame elapsed:33.499ms
2024-11-28 16:00:01.071 T:6455 debug : CAMLCodec::AddData: skip add data dl:15479680 fl:242816 sz:278663(278784) lv:100.2% dts:289.206 pts:289.247
2024-11-28 16:00:01.073 T:4489 debug : PrepareNextRender: frameOnScreen: 286.769 renderPts: 286.957 nextFramePts: 286.953 -> diff: 0.004 render: 1 forceNext: 0
2024-11-28 16:00:01.073 T:6455 debug : CAMLCodec::AddData: skip add data dl:15479680 fl:242816 sz:278663(278784) lv:100.2% dts:289.206 pts:289.247
2024-11-28 16:00:01.077 T:4489 info : Skipped 2 duplicate messages..
2024-11-28 16:00:01.077 T:4489 debug : CAMLCodec::ReleaseFrame idx:8080, drop:0
2024-11-28 16:00:01.078 T:6455 debug : CAMLCodec::AddData: skip add data dl:15479680 fl:242816 sz:278663(278784) lv:100.2% dts:289.206 pts:289.247
2024-11-28 16:00:01.111 T:4489 info : Skipped 20 duplicate messages..
2024-11-28 16:00:01.111 T:4489 debug : CAMLCodec::PollFrame elapsed:33.714ms
2024-11-28 16:00:01.111 T:6455 debug : CAMLCodec::DequeueBuffer: pts:287.204 idx:8086
2024-11-28 16:00:01.111 T:6455 debug : CAMLCodec::GetPicture: index: 8086, pts: 287.204, dur:42.000ms ar:1.78 elf:38ms
2024-11-28 16:00:01.112 T:6455 debug : CVideoPlayerVideo::OutputPicture - ttd:396ms pts:287.204 Clock:286.807 Level:5
2024-11-28 16:00:01.115 T:4489 debug : PrepareNextRender: frameOnScreen: 286.811 renderPts: 286.999 nextFramePts: 286.995 -> diff: 0.004 render: 1 forceNext: 0
2024-11-28 16:00:01.116 T:6455 debug : CAMLCodec::AddData: dl:15503040 fl:219456 sz:278663(278784) lv:98.6% dts:289.206 pts:289.247
2024-11-28 16:00:01.116 T:6455 debug : CAMLCodec::AddData: skip add data dl:15504795 fl:217701 sz:331106(331200) lv:100.7% dts:289.247 pts:289.372
2024-11-28 16:00:01.118 T:4489 info : Skipped 1 duplicate messages..
2024-11-28 16:00:01.118 T:4489 debug : CAMLCodec::ReleaseFrame idx:8081, drop:0
2024-11-28 16:00:01.120 T:6455 debug : CAMLCodec::AddData: skip add data dl:15504795 fl:217701 sz:331106(331200) lv:100.7% dts:289.247 pts:289.372
2024-11-28 16:00:01.152 T:4489 info : Skipped 19 duplicate messages..
2024-11-28 16:00:01.152 T:4489 debug : CAMLCodec::PollFrame elapsed:33.791ms
2024-11-28 16:00:01.153 T:6455 debug : CAMLCodec::AddData: skip add data dl:15504795 fl:217701 sz:331106(331200) lv:100.7% dts:289.247 pts:289.372
2024-11-28 16:00:01.154 T:6452 debug : CVideoPlayer::ProcessVideoData size:193992 dts:294.920 pts:294.961 dur:41.000ms, clock:286.850 level:100
2024-11-28 16:00:01.154 T:6455 debug : CAMLCodec::DequeueBuffer: pts:287.245 idx:8087
2024-11-28 16:00:01.155 T:6455 debug : CAMLCodec::GetPicture: index: 8087, pts: 287.245, dur:41.000ms ar:1.78 elf:42ms
2024-11-28 16:00:01.155 T:6455 debug : CVideoPlayerVideo::OutputPicture - ttd:394ms pts:287.245 Clock:286.851 Level:5
2024-11-28 16:00:01.158 T:4489 debug : PrepareNextRender: frameOnScreen: 286.854 renderPts: 287.042 nextFramePts: 287.037 -> diff: 0.005 render: 1 forceNext: 0
2024-11-28 16:00:01.159 T:6455 debug : CAMLCodec::AddData: dl:15522587 fl:199909 sz:331106(331200) lv:98.7% dts:289.247 pts:289.372
2024-11-28 16:00:01.160 T:6455 debug : CAMLCodec::AddData: skip add data dl:15522493 fl:200003 sz:292553(292672) lv:100.6% dts:289.289 pts:289.331
2024-11-28 16:00:01.162 T:4489 info : Skipped 1 duplicate messages..
2024-11-28 16:00:01.161 T:4489 debug : CAMLCodec::ReleaseFrame idx:8082, drop:0
2024-11-28 16:00:01.163 T:6455 debug : CAMLCodec::AddData: skip add data dl:15522493 fl:200003 sz:292553(292672) lv:100.6% dts:289.289 pts:289.331
2024-11-28 16:00:01.165 T:6452 info : Skipped 1 duplicate messages..
2024-11-28 16:00:01.165 T:6452 debug : CVideoPlayer::ProcessVideoData size:250290 dts:294.961 pts:295.086 dur:41.000ms, clock:286.861 level:71
2024-11-28 16:00:01.167 T:6455 debug : CAMLCodec::AddData: skip add data dl:15522493 fl:200003 sz:292553(292672) lv:100.6% dts:289.289 pts:289.331
2024-11-28 16:00:01.194 T:4489 info : Skipped 17 duplicate messages..
2024-11-28 16:00:01.194 T:4489 debug : CAMLCodec::PollFrame elapsed:31.878ms
2024-11-28 16:00:01.194 T:6455 debug : CAMLCodec::DequeueBuffer: pts:287.287 idx:8088
2024-11-28 16:00:01.194 T:6455 debug : CAMLCodec::GetPicture: index: 8088, pts: 287.287, dur:42.000ms ar:1.78 elf:38ms
2024-11-28 16:00:01.194 T:6455 debug : CVideoPlayerVideo::OutputPicture - ttd:397ms pts:287.287 Clock:286.890 Level:5
2024-11-28 16:00:01.197 T:6452 debug : CVideoPlayer::ProcessVideoData size:196374 dts:295.003 pts:295.045 dur:41.000ms, clock:286.893 level:71
2024-11-28 16:00:01.198 T:6455 debug : CAMLCodec::AddData: dl:15554749 fl:167747 sz:292553(292672) lv:98.9% dts:289.289 pts:289.331
2024-11-28 16:00:01.198 T:6455 debug : CAMLCodec::AddData: skip add data dl:15554630 fl:167866 sz:281359(281472) lv:100.7% dts:289.331 pts:289.414
2024-11-28 16:00:01.198 T:4489 debug : PrepareNextRender: frameOnScreen: 286.894 renderPts: 287.082 nextFramePts: 287.078 -> diff: 0.004 render: 1 forceNext: 0
2024-11-28 16:00:01.200 T:6455 debug : CAMLCodec::AddData: skip add data dl:15554630 fl:167866 sz:281359(281472) lv:100.7% dts:289.331 pts:289.414
2024-11-28 16:00:01.201 T:4489 debug : CAMLCodec::ReleaseFrame idx:8083, drop:0
2024-11-28 16:00:01.201 T:6455 debug : CAMLCodec::AddData: skip add data dl:15554630 fl:167866 sz:281359(281472) lv:100.7% dts:289.331 pts:289.414
2024-11-28 16:00:01.229 T:6452 info : Skipped 21 duplicate messages..
2024-11-28 16:00:01.229 T:6452 debug : CVideoPlayer::ProcessVideoData size:195177 dts:295.045 pts:295.128 dur:41.000ms, clock:286.924 level:100
2024-11-28 16:00:01.230 T:6455 debug : CAMLCodec::AddData: skip add data dl:15554630 fl:167866 sz:281359(281472) lv:100.7% dts:289.331 pts:289.414
2024-11-28 16:00:01.234 T:6455 debug : CAMLCodec::AddData: dl:15590022 fl:132474 sz:281359(281472) lv:99.1% dts:289.331 pts:289.414
2024-11-28 16:00:01.234 T:6455 debug : CAMLCodec::DequeueBuffer: pts:287.329 idx:8089
2024-11-28 16:00:01.234 T:6455 debug : CAMLCodec::GetPicture: index: 8089, pts: 287.329, dur:42.000ms ar:1.78 elf:40ms
2024-11-28 16:00:01.234 T:6455 debug : CVideoPlayerVideo::OutputPicture - ttd:398ms pts:287.329 Clock:286.930 Level:5
2024-11-28 16:00:01.237 T:6455 debug : CAMLCodec::AddData: skip add data dl:15589909 fl:132587 sz:461348(461440) lv:102.1% dts:289.372 pts:289.790
2024-11-28 16:00:01.237 T:4489 debug : CAMLCodec::PollFrame elapsed:36.242ms
2024-11-28 16:00:01.239 T:6455 debug : CAMLCodec::AddData: skip add data dl:15589909 fl:132587 sz:461348(461440) lv:102.1% dts:289.372 pts:289.790
2024-11-28 16:00:01.242 T:4489 info : Skipped 1 duplicate messages..
2024-11-28 16:00:01.242 T:4489 debug : PrepareNextRender: frameOnScreen: 286.938 renderPts: 287.125 nextFramePts: 287.120 -> diff: 0.005 render: 1 forceNext: 0
2024-11-28 16:00:01.244 T:6455 debug : CAMLCodec::AddData: skip add data dl:15589909 fl:132587 sz:461348(461440) lv:102.1% dts:289.372 pts:289.790
2024-11-28 16:00:01.244 T:4489 debug : CAMLCodec::ReleaseFrame idx:8084, drop:0
2024-11-28 16:00:01.246 T:6455 debug : CAMLCodec::AddData: skip add data dl:15589909 fl:132587 sz:461348(461440) lv:102.1% dts:289.372 pts:289.790
2024-11-28 16:00:01.277 T:6455 info : Skipped 16 duplicate messages..
2024-11-28 16:00:01.277 T:6455 debug : CAMLCodec::AddData: dl:15683285 fl:39211 sz:461348(461440) lv:99.7% dts:289.372 pts:289.790
2024-11-28 16:00:01.278 T:6455 debug : CAMLCodec::DequeueBuffer: pts:287.370 idx:8090
2024-11-28 16:00:01.278 T:6455 debug : CAMLCodec::GetPicture: index: 8090, pts: 287.370, dur:41.000ms ar:1.78 elf:43ms
2024-11-28 16:00:01.278 T:6455 debug : CVideoPlayerVideo::OutputPicture - ttd:396ms pts:287.370 Clock:286.974 Level:5
2024-11-28 16:00:01.278 T:4489 debug : CAMLCodec::PollFrame elapsed:33.604ms
2024-11-28 16:00:01.280 T:6455 debug : CAMLCodec::AddData: skip add data dl:15683193 fl:39303 sz:356862(356928) lv:102.0% dts:289.414 pts:289.623
2024-11-28 16:00:01.283 T:4489 info : Skipped 1 duplicate messages..
2024-11-28 16:00:01.282 T:4489 debug : PrepareNextRender: frameOnScreen: 286.978 renderPts: 287.166 nextFramePts: 287.162 -> diff: 0.004 render: 1 forceNext: 0
2024-11-28 16:00:01.283 T:6455 debug : CAMLCodec::AddData: skip add data dl:15683193 fl:39303 sz:356862(356928) lv:102.0% dts:289.414 pts:289.623
2024-11-28 16:00:01.286 T:4489 info : Skipped 1 duplicate messages..
2024-11-28 16:00:01.286 T:4489 debug : CAMLCodec::ReleaseFrame idx:8085, drop:0
2024-11-28 16:00:01.286 T:6455 debug : CAMLCodec::AddData: skip add data dl:15683193 fl:39303 sz:356862(356928) lv:102.0% dts:289.414 pts:289.623
2024-11-28 16:00:01.294 T:6452 info : Skipped 4 duplicate messages..
2024-11-28 16:00:01.294 T:6452 debug : CVideoPlayer::ProcessVideoData size:339681 dts:295.086 pts:295.504 dur:41.000ms, clock:286.990 level:71
2024-11-28 16:00:01.294 T:6455 debug : CAMLCodec::AddData: skip add data dl:15683193 fl:39303 sz:356862(356928) lv:102.0% dts:289.414 pts:289.623
2024-11-28 16:00:01.295 T:6452 debug : CVideoPlayer::ProcessVideoData size:262801 dts:295.128 pts:295.337 dur:41.000ms, clock:286.991 level:71
2024-11-28 16:00:01.297 T:6455 debug : CAMLCodec::AddData: skip add data dl:15683193 fl:39303 sz:356862(356928) lv:102.0% dts:289.414 pts:289.623
2024-11-28 16:00:01.307 T:6452 info : Skipped 7 duplicate messages..
2024-11-28 16:00:01.307 T:6452 debug : CVideoPlayer::ProcessVideoData size:250203 dts:295.170 pts:295.253 dur:41.000ms, clock:287.003 level:100
2024-11-28 16:00:01.308 T:6455 debug : CAMLCodec::AddData: skip add data dl:15683193 fl:39303 sz:356862(356928) lv:102.0% dts:289.414 pts:289.623
2024-11-28 16:00:01.317 T:6455 info : Skipped 5 duplicate messages..
2024-11-28 16:00:01.317 T:6455 debug : CAMLCodec::DequeueBuffer: pts:287.412 idx:8091
2024-11-28 16:00:01.317 T:6455 debug : CAMLCodec::GetPicture: index: 8091, pts: 287.412, dur:42.000ms ar:1.78 elf:39ms
2024-11-28 16:00:01.317 T:6455 debug : CVideoPlayerVideo::OutputPicture - ttd:398ms pts:287.412 Clock:287.013 Level:5
2024-11-28 16:00:01.319 T:4489 debug : CAMLCodec::PollFrame elapsed:33.065ms
2024-11-28 16:00:01.321 T:6455 debug : CAMLCodec::AddData: dl:15715001 fl:7495 sz:356862(356928) lv:99.9% dts:289.414 pts:289.623
2024-11-28 16:00:01.322 T:6455 debug : CAMLCodec::AddData: skip add data dl:15714935 fl:7561 sz:348499(348608) lv:102.1% dts:289.456 pts:289.539
2024-11-28 16:00:01.323 T:4489 debug : PrepareNextRender: frameOnScreen: 287.019 renderPts: 287.207 nextFramePts: 287.204 -> diff: 0.003 render: 1 forceNext: 0
2024-11-28 16:00:01.324 T:6455 debug : CAMLCodec::AddData: skip add data dl:15714935 fl:7561 sz:348499(348608) lv:102.1% dts:289.456 pts:289.539
2024-11-28 16:00:01.326 T:4489 info : Skipped 1 duplicate messages..
2024-11-28 16:00:01.326 T:4489 debug : CAMLCodec::ReleaseFrame idx:8086, drop:0
2024-11-28 16:00:01.327 T:6455 debug : CAMLCodec::AddData: skip add data dl:15714935 fl:7561 sz:348499(348608) lv:102.1% dts:289.456 pts:289.539
2024-11-28 16:00:01.358 T:6455 info : Skipped 21 duplicate messages..
2024-11-28 16:00:01.358 T:6455 debug : CAMLCodec::AddData: skip add data dl:15410807 fl:311689 sz:348499(348608) lv:100.2% dts:289.456 pts:289.539
2024-11-28 16:00:01.359 T:6452 debug : CVideoPlayer::ProcessVideoData size:191373 dts:295.212 pts:295.212 dur:41.000ms, clock:287.055 level:100
2024-11-28 16:00:01.360 T:6455 debug : CAMLCodec::DequeueBuffer: pts:287.454 idx:8092
2024-11-28 16:00:01.360 T:6455 debug : CAMLCodec::GetPicture: index: 8092, pts: 287.454, dur:42.000ms ar:1.78 elf:42ms
2024-11-28 16:00:01.360 T:6455 debug : CVideoPlayerVideo::OutputPicture - ttd:397ms pts:287.454 Clock:287.056 Level:5
2024-11-28 16:00:01.361 T:4489 debug : CAMLCodec::PollFrame elapsed:35.371ms
2024-11-28 16:00:01.362 T:6455 debug : CAMLCodec::AddData: skip add data dl:15410807 fl:311689 sz:348499(348608) lv:100.2% dts:289.456 pts:289.539
2024-11-28 16:00:01.366 T:4489 info : Skipped 2 duplicate messages..
2024-11-28 16:00:01.366 T:4489 debug : PrepareNextRender: frameOnScreen: 287.062 renderPts: 287.250 nextFramePts: 287.245 -> diff: 0.005 render: 1 forceNext: 0
2024-11-28 16:00:01.367 T:6455 debug : CAMLCodec::AddData: skip add data dl:15410807 fl:311689 sz:348499(348608) lv:100.2% dts:289.456 pts:289.539
2024-11-28 16:00:01.369 T:4489 info : Skipped 1 duplicate messages..
2024-11-28 16:00:01.369 T:4489 debug : CAMLCodec::ReleaseFrame idx:8087, drop:0
2024-11-28 16:00:01.370 T:6455 debug : CAMLCodec::AddData: skip add data dl:15410807 fl:311689 sz:348499(348608) lv:100.2% dts:289.456 pts:289.539
2024-11-28 16:00:01.380 T:6452 info : Skipped 7 duplicate messages..
2024-11-28 16:00:01.380 T:6452 debug : CVideoPlayer::ProcessVideoData size:187923 dts:295.253 pts:295.295 dur:41.000ms, clock:287.076 level:100
2024-11-28 16:00:01.381 T:6455 debug : CAMLCodec::AddData: skip add data dl:15410807 fl:311689 sz:348499(348608) lv:100.2% dts:289.456 pts:289.539
2024-11-28 16:00:01.403 T:4489 info : Skipped 13 duplicate messages..
2024-11-28 16:00:01.403 T:4489 debug : CAMLCodec::PollFrame elapsed:33.459ms
2024-11-28 16:00:01.403 T:6455 debug : CAMLCodec::AddData: dl:15504311 fl:218185 sz:348499(348608) lv:98.6% dts:289.456 pts:289.539
2024-11-28 16:00:01.403 T:6455 debug : CAMLCodec::DequeueBuffer: pts:287.496 idx:8093
2024-11-28 16:00:01.403 T:6455 debug : CAMLCodec::GetPicture: index: 8093, pts: 287.496, dur:42.000ms ar:1.78 elf:42ms
2024-11-28 16:00:01.403 T:6455 debug : CVideoPlayerVideo::OutputPicture - ttd:396ms pts:287.496 Clock:287.099 Level:5
2024-11-28 16:00:01.405 T:6455 debug : CAMLCodec::AddData: skip add data dl:15504202 fl:218294 sz:280168(280256) lv:100.4% dts:289.498 pts:289.498
2024-11-28 16:00:01.406 T:4489 debug : PrepareNextRender: frameOnScreen: 287.102 renderPts: 287.290 nextFramePts: 287.287 -> diff: 0.003 render: 1 forceNext: 0
2024-11-28 16:00:01.407 T:6455 debug : CAMLCodec::AddData: skip add data dl:15504202 fl:218294 sz:280168(280256) lv:100.4% dts:289.498 pts:289.498
2024-11-28 16:00:01.409 T:4489 info : Skipped 1 duplicate messages..
2024-11-28 16:00:01.409 T:4489 debug : CAMLCodec::ReleaseFrame idx:8088, drop:0
2024-11-28 16:00:01.410 T:6455 debug : CAMLCodec::AddData: skip add data dl:15504202 fl:218294 sz:280168(280256) lv:100.4% dts:289.498 pts:289.498
2024-11-28 16:00:01.443 T:6455 info : Skipped 24 duplicate messages..
2024-11-28 16:00:01.443 T:6455 debug : CAMLCodec::AddData: dl:15530506 fl:191990 sz:280168(280256) lv:98.7% dts:289.498 pts:289.498
2024-11-28 16:00:01.443 T:6455 debug : CAMLCodec::DequeueBuffer: pts:287.537 idx:8094
2024-11-28 16:00:01.443 T:6455 debug : CAMLCodec::GetPicture: index: 8094, pts: 287.537, dur:41.000ms ar:1.78 elf:39ms
2024-11-28 16:00:01.443 T:6455 debug : CVideoPlayerVideo::OutputPicture - ttd:397ms pts:287.537 Clock:287.139 Level:5
2024-11-28 16:00:01.444 T:6452 debug : CVideoPlayer::ProcessVideoData size:240096 dts:295.295 pts:295.420 dur:41.000ms, clock:287.140 level:72
2024-11-28 16:00:01.445 T:4489 debug : CAMLCodec::PollFrame elapsed:35.511ms
2024-11-28 16:00:01.446 T:6455 debug : CAMLCodec::AddData: skip add data dl:15530418 fl:192078 sz:282141(282240) lv:100.5% dts:289.539 pts:289.581
2024-11-28 16:00:01.448 T:4489 info : Skipped 1 duplicate messages..
2024-11-28 16:00:01.448 T:4489 debug : PrepareNextRender: frameOnScreen: 287.144 renderPts: 287.331 nextFramePts: 287.329 -> diff: 0.002 render: 1 forceNext: 0
2024-11-28 16:00:01.449 T:6455 debug : CAMLCodec::AddData: skip add data dl:15530418 fl:192078 sz:282141(282240) lv:100.5% dts:289.539 pts:289.581
2024-11-28 16:00:01.451 T:4489 info : Skipped 1 duplicate messages..
2024-11-28 16:00:01.451 T:4489 debug : CAMLCodec::ReleaseFrame idx:8089, drop:0
2024-11-28 16:00:01.452 T:6455 debug : CAMLCodec::AddData: skip add data dl:15530418 fl:192078 sz:282141(282240) lv:100.5% dts:289.539 pts:289.581
2024-11-28 16:00:01.483 T:6455 info : Skipped 24 duplicate messages..
2024-11-28 16:00:01.483 T:6455 debug : CAMLCodec::DequeueBuffer: pts:287.579 idx:8095
2024-11-28 16:00:01.484 T:6455 debug : CAMLCodec::GetPicture: index: 8095, pts: 287.579, dur:42.000ms ar:1.78 elf:40ms
2024-11-28 16:00:01.484 T:6455 debug : CVideoPlayerVideo::OutputPicture - ttd:399ms pts:287.579 Clock:287.180 Level:5
2024-11-28 16:00:01.486 T:4489 debug : CAMLCodec::PollFrame elapsed:35.098ms
2024-11-28 16:00:01.487 T:6455 debug : CAMLCodec::AddData: dl:15496690 fl:225806 sz:282141(282240) lv:98.5% dts:289.539 pts:289.581
2024-11-28 16:00:01.488 T:6455 debug : CAMLCodec::AddData: skip add data dl:15496591 fl:225905 sz:347749(347840) lv:100.7% dts:289.581 pts:289.706
2024-11-28 16:00:01.490 T:4489 info : Skipped 1 duplicate messages..
2024-11-28 16:00:01.490 T:4489 debug : PrepareNextRender: frameOnScreen: 287.186 renderPts: 287.374 nextFramePts: 287.370 -> diff: 0.004 render: 1 forceNext: 0
2024-11-28 16:00:01.491 T:6455 debug : CAMLCodec::AddData: skip add data dl:15496591 fl:225905 sz:347749(347840) lv:100.7% dts:289.581 pts:289.706
2024-11-28 16:00:01.492 T:4489 debug : CAMLCodec::ReleaseFrame idx:8090, drop:0
2024-11-28 16:00:01.493 T:6455 debug : CAMLCodec::AddData: skip add data dl:15496591 fl:225905 sz:347749(347840) lv:100.7% dts:289.581 pts:289.706
2024-11-28 16:00:01.496 T:6452 info : Skipped 1 duplicate messages..
2024-11-28 16:00:01.496 T:6452 debug : CVideoPlayer::ProcessVideoData size:185762 dts:295.337 pts:295.378 dur:41.000ms, clock:287.191 level:72
2024-11-28 16:00:01.496 T:6455 debug : CAMLCodec::AddData: skip add data dl:15496591 fl:225905 sz:347749(347840) lv:100.7% dts:289.581 pts:289.706
2024-11-28 16:00:01.496 T:6452 debug : CVideoPlayer::ProcessVideoData size:193176 dts:295.378 pts:295.462 dur:41.000ms, clock:287.192 level:72
2024-11-28 16:00:01.498 T:6455 debug : CAMLCodec::AddData: skip add data dl:15496591 fl:225905 sz:347749(347840) lv:100.7% dts:289.581 pts:289.706
2024-11-28 16:00:01.527 T:6455 info : Skipped 18 duplicate messages..
2024-11-28 16:00:01.527 T:6455 debug : CAMLCodec::AddData: dl:15593103 fl:129393 sz:347749(347840) lv:99.1% dts:289.581 pts:289.706
2024-11-28 16:00:01.527 T:6455 debug : CAMLCodec::DequeueBuffer: pts:287.621 idx:8096
2024-11-28 16:00:01.527 T:6455 debug : CAMLCodec::GetPicture: index: 8096, pts: 287.621, dur:42.000ms ar:1.78 elf:43ms
2024-11-28 16:00:01.527 T:6455 debug : CVideoPlayerVideo::OutputPicture - ttd:398ms pts:287.621 Clock:287.223 Level:5
2024-11-28 16:00:01.528 T:4489 debug : CAMLCodec::PollFrame elapsed:35.198ms
2024-11-28 16:00:01.528 T:6455 debug : CAMLCodec::DequeueBuffer: pts:287.662 idx:8097
2024-11-28 16:00:01.528 T:6455 debug : CAMLCodec::GetPicture: index: 8097, pts: 287.662, dur:41.000ms ar:1.78 elf:1ms
2024-11-28 16:00:01.528 T:6455 debug : CVideoPlayerVideo::OutputPicture - ttd:437ms pts:287.662 Clock:287.224 Level:6
2024-11-28 16:00:01.529 T:6455 debug : CAMLCodec::DequeueBuffer: pts:287.704 idx:8098
2024-11-28 16:00:01.530 T:6455 debug : CAMLCodec::GetPicture: index: 8098, pts: 287.704, dur:42.000ms ar:1.78 elf:1ms
2024-11-28 16:00:01.530 T:6455 debug : CVideoPlayerVideo::OutputPicture - ttd:478ms pts:287.704 Clock:287.226 Level:7
2024-11-28 16:00:01.531 T:6455 debug : CAMLCodec::DequeueBuffer: pts:287.746 idx:8099
2024-11-28 16:00:01.531 T:6455 debug : CAMLCodec::GetPicture: index: 8099, pts: 287.746, dur:42.000ms ar:1.78 elf:1ms
2024-11-28 16:00:01.531 T:6455 debug : CVideoPlayerVideo::OutputPicture - ttd:519ms pts:287.746 Clock:287.227 Level:8
2024-11-28 16:00:01.531 T:4489 debug : PrepareNextRender: frameOnScreen: 287.227 renderPts: 287.415 nextFramePts: 287.412 -> diff: 0.003 render: 1 forceNext: 0
2024-11-28 16:00:01.532 T:6455 debug : CAMLCodec::AddData: skip add data dl:15593012 fl:129484 sz:282138(282240) lv:100.9% dts:289.623 pts:289.664
2024-11-28 16:00:01.533 T:4489 debug : CAMLCodec::ReleaseFrame idx:8091, drop:0
2024-11-28 16:00:01.534 T:6455 debug : CAMLCodec::AddData: skip add data dl:15593012 fl:129484 sz:282138(282240) lv:100.9% dts:289.623 pts:289.664
2024-11-28 16:00:01.538 T:6452 info : Skipped 2 duplicate messages..
2024-11-28 16:00:01.538 T:6452 debug : CVideoPlayer::ProcessVideoData size:350794 dts:295.420 pts:295.796 dur:41.000ms, clock:287.234 level:72
2024-11-28 16:00:01.538 T:6455 debug : CAMLCodec::AddData: skip add data dl:15593012 fl:129484 sz:282138(282240) lv:100.9% dts:289.623 pts:289.664
2024-11-28 16:00:01.539 T:6452 debug : CVideoPlayer::ProcessVideoData size:272708 dts:295.462 pts:295.670 dur:41.000ms, clock:287.235 level:100
2024-11-28 16:00:01.540 T:6455 debug : CAMLCodec::AddData: skip add data dl:15593012 fl:129484 sz:282138(282240) lv:100.9% dts:289.623 pts:289.664
2024-11-28 16:00:01.569 T:4489 info : Skipped 18 duplicate messages..
2024-11-28 16:00:01.569 T:4489 debug : CAMLCodec::PollFrame elapsed:36.543ms
2024-11-28 16:00:01.572 T:6455 debug : CAMLCodec::AddData: dl:15463668 fl:258828 sz:282138(282240) lv:98.3% dts:289.623 pts:289.664
2024-11-28 16:00:01.573 T:6455 debug : CAMLCodec::AddData: skip add data dl:15463566 fl:258930 sz:287840(287936) lv:100.1% dts:289.664 pts:289.748
2024-11-28 16:00:01.573 T:4489 debug : PrepareNextRender: frameOnScreen: 287.269 renderPts: 287.457 nextFramePts: 287.454 -> diff: 0.003 render: 1 forceNext: 0
2024-11-28 16:00:01.574 T:6455 debug : CAMLCodec::AddData: skip add data dl:15463566 fl:258930 sz:287840(287936) lv:100.1% dts:289.664 pts:289.748
2024-11-28 16:00:01.575 T:4489 debug : CAMLCodec::ReleaseFrame idx:8092, drop:0
2024-11-28 16:00:01.576 T:6455 debug : CAMLCodec::AddData: skip add data dl:15463566 fl:258930 sz:287840(287936) lv:100.1% dts:289.664 pts:289.748
2024-11-28 16:00:01.610 T:6455 info : Skipped 23 duplicate messages..
2024-11-28 16:00:01.610 T:6455 debug : CAMLCodec::AddData: dl:15382542 fl:339954 sz:287840(287936) lv:97.8% dts:289.664 pts:289.748
2024-11-28 16:00:01.612 T:6455 debug : CAMLCodec::AddData: skip add data dl:15382446 fl:340050 sz:440018(440128) lv:100.6% dts:289.706 pts:290.081
2024-11-28 16:00:01.612 T:6452 debug : CVideoPlayer::ProcessVideoData size:277858 dts:295.504 pts:295.587 dur:41.000ms, clock:287.308 level:72
2024-11-28 16:00:01.612 T:4489 debug : CAMLCodec::PollFrame elapsed:37.060ms
2024-11-28 16:00:01.614 T:6455 debug : CAMLCodec::AddData: skip add data dl:15382446 fl:340050 sz:440018(440128) lv:100.6% dts:289.706 pts:290.081
2024-11-28 16:00:01.617 T:4489 info : Skipped 1 duplicate messages..
2024-11-28 16:00:01.617 T:4489 debug : PrepareNextRender: frameOnScreen: 287.312 renderPts: 287.500 nextFramePts: 287.496 -> diff: 0.004 render: 1 forceNext: 0
2024-11-28 16:00:01.619 T:6455 debug : CAMLCodec::AddData: skip add data dl:15382446 fl:340050 sz:440018(440128) lv:100.6% dts:289.706 pts:290.081
2024-11-28 16:00:01.619 T:4489 debug : CAMLCodec::ReleaseFrame idx:8093, drop:0
2024-11-28 16:00:01.621 T:6455 debug : CAMLCodec::AddData: skip add data dl:15382446 fl:340050 sz:440018(440128) lv:100.6% dts:289.706 pts:290.081
2024-11-28 16:00:01.623 T:6452 info : Skipped 1 duplicate messages..
2024-11-28 16:00:01.623 T:6452 debug : CVideoPlayer::ProcessVideoData size:206810 dts:295.545 pts:295.545 dur:41.000ms, clock:287.319 level:100
2024-11-28 16:00:01.625 T:6455 debug : CAMLCodec::AddData: skip add data dl:15382446 fl:340050 sz:440018(440128) lv:100.6% dts:289.706 pts:290.081
2024-11-28 16:00:01.634 T:6452 info : Skipped 5 duplicate messages..
2024-11-28 16:00:01.634 T:6452 debug : CVideoPlayer::ProcessVideoData size:199848 dts:295.587 pts:295.629 dur:41.000ms, clock:287.330 level:100
2024-11-28 16:00:01.636 T:6455 debug : CAMLCodec::AddData: skip add data dl:15382446 fl:340050 sz:440018(440128) lv:100.6% dts:289.706 pts:290.081
2024-11-28 16:00:01.653 T:4489 info : Skipped 7 duplicate messages..
2024-11-28 16:00:01.653 T:4489 debug : CAMLCodec::PollFrame elapsed:33.068ms
2024-11-28 16:00:01.656 T:6455 debug : CAMLCodec::AddData: dl:15511726 fl:210770 sz:440018(440128) lv:98.6% dts:289.706 pts:290.081
2024-11-28 16:00:01.656 T:4489 debug : PrepareNextRender: frameOnScreen: 287.352 renderPts: 287.540 nextFramePts: 287.537 -> diff: 0.003 render: 1 forceNext: 0
2024-11-28 16:00:01.657 T:6455 debug : CAMLCodec::AddData: skip add data dl:15511616 fl:210880 sz:364562(364672) lv:100.9% dts:289.748 pts:289.956
2024-11-28 16:00:01.658 T:4489 debug : CAMLCodec::ReleaseFrame idx:8094, drop:0
2024-11-28 16:00:01.659 T:6455 debug : CAMLCodec::AddData: skip add data dl:15511616 fl:210880 sz:364562(364672) lv:100.9% dts:289.748 pts:289.956
2024-11-28 16:00:01.693 T:6455 info : Skipped 23 duplicate messages..
2024-11-28 16:00:01.693 T:6455 debug : CAMLCodec::AddData: dl:15569088 fl:153408 sz:364562(364672) lv:99.0% dts:289.748 pts:289.956
2024-11-28 16:00:01.693 T:6455 debug : CAMLCodec::DequeueBuffer: pts:287.788 idx:8100
2024-11-28 16:00:01.693 T:6455 debug : CAMLCodec::GetPicture: index: 8100, pts: 287.788, dur:42.000ms ar:1.78 elf:162ms
2024-11-28 16:00:01.693 T:6455 debug : CVideoPlayerVideo::OutputPicture - ttd:398ms pts:287.788 Clock:287.389 Level:5
2024-11-28 16:00:01.695 T:4489 debug : CAMLCodec::PollFrame elapsed:36.467ms
2024-11-28 16:00:01.695 T:6455 debug : CAMLCodec::AddData: skip add data dl:15568978 fl:153518 sz:355069(355136) lv:101.2% dts:289.790 pts:289.873
2024-11-28 16:00:01.697 T:6452 debug : CVideoPlayer::ProcessVideoData size:254769 dts:295.629 pts:295.754 dur:41.000ms, clock:287.393 level:73
2024-11-28 16:00:01.697 T:6455 debug : CAMLCodec::AddData: skip add data dl:15568978 fl:153518 sz:355069(355136) lv:101.2% dts:289.790 pts:289.873
2024-11-28 16:00:01.698 T:6452 debug : CVideoPlayer::ProcessVideoData size:195434 dts:295.670 pts:295.712 dur:41.000ms, clock:287.394 level:100
2024-11-28 16:00:01.699 T:4489 debug : PrepareNextRender: frameOnScreen: 287.395 renderPts: 287.582 nextFramePts: 287.579 -> diff: 0.003 render: 1 forceNext: 0
2024-11-28 16:00:01.700 T:6455 debug : CAMLCodec::AddData: skip add data dl:15568978 fl:153518 sz:355069(355136) lv:101.2% dts:289.790 pts:289.873
2024-11-28 16:00:01.701 T:4489 debug : CAMLCodec::ReleaseFrame idx:8095, drop:0
2024-11-28 16:00:01.701 T:6455 debug : CAMLCodec::AddData: skip add data dl:15568978 fl:153518 sz:355069(355136) lv:101.2% dts:289.790 pts:289.873
2024-11-28 16:00:01.728 T:4524 info : Skipped 19 duplicate messages..
2024-11-28 16:00:01.728 T:4524 debug : ActiveAE::SyncStream - average error 147.899940 above threshold of 100.000000
2024-11-28 16:00:01.728 T:6455 debug : CAMLCodec::AddData: skip add data dl:15568978 fl:153518 sz:355069(355136) lv:101.2% dts:289.790 pts:289.873
2024-11-28 16:00:01.728 T:4524 debug : ActiveAE::SyncStream - average error 27.899940 below threshold of 30.000000
2024-11-28 16:00:01.730 T:6455 debug : CAMLCodec::AddData: skip add data dl:15568978 fl:153518 sz:355069(355136) lv:101.2% dts:289.790 pts:289.873
2024-11-28 16:00:01.736 T:4489 info : Skipped 1 duplicate messages..
2024-11-28 16:00:01.736 T:4489 debug : CAMLCodec::PollFrame elapsed:35.011ms
2024-11-28 16:00:01.736 T:6455 debug : CAMLCodec::DequeueBuffer: pts:287.829 idx:8101
2024-11-28 16:00:01.736 T:6455 debug : CAMLCodec::GetPicture: index: 8101, pts: 287.829, dur:41.000ms ar:1.78 elf:42ms
2024-11-28 16:00:01.736 T:6455 debug : CVideoPlayerVideo::OutputPicture - ttd:396ms pts:287.829 Clock:287.432 Level:5
2024-11-28 16:00:01.740 T:4489 debug : PrepareNextRender: frameOnScreen: 287.436 renderPts: 287.623 nextFramePts: 287.621 -> diff: 0.002 render: 1 forceNext: 0
2024-11-28 16:00:01.740 T:6455 debug : CAMLCodec::AddData: dl:15663570 fl:58926 sz:355069(355136) lv:99.6% dts:289.790 pts:289.873
2024-11-28 16:00:01.741 T:6455 debug : CAMLCodec::AddData: skip add data dl:15663503 fl:58993 sz:280833(280960) lv:101.4% dts:289.831 pts:289.831
2024-11-28 16:00:01.742 T:4489 debug : CAMLCodec::ReleaseFrame idx:8096, drop:0
2024-11-28 16:00:01.743 T:6452 debug : CVideoPlayer::ProcessVideoData size:411002 dts:295.712 pts:295.837 dur:41.000ms, clock:287.438 level:73
2024-11-28 16:00:01.743 T:6455 debug : CAMLCodec::AddData: skip add data dl:15663503 fl:58993 sz:280833(280960) lv:101.4% dts:289.831 pts:289.831
2024-11-28 16:00:01.778 T:4489 info : Skipped 23 duplicate messages..
2024-11-28 16:00:01.778 T:4489 debug : CAMLCodec::PollFrame elapsed:35.607ms
2024-11-28 16:00:01.778 T:6455 debug : CAMLCodec::DequeueBuffer: pts:287.871 idx:8102
2024-11-28 16:00:01.778 T:6455 debug : CAMLCodec::GetPicture: index: 8102, pts: 287.871, dur:42.000ms ar:1.78 elf:41ms
2024-11-28 16:00:01.778 T:6455 debug : CVideoPlayerVideo::OutputPicture - ttd:396ms pts:287.871 Clock:287.474 Level:5
2024-11-28 16:00:01.782 T:6455 debug : CAMLCodec::AddData: dl:15687503 fl:34993 sz:280833(280960) lv:99.7% dts:289.831 pts:289.831
2024-11-28 16:00:01.782 T:4489 debug : PrepareNextRender: frameOnScreen: 287.478 renderPts: 287.666 nextFramePts: 287.662 -> diff: 0.004 render: 1 forceNext: 0
2024-11-28 16:00:01.783 T:6455 debug : CAMLCodec::AddData: skip add data dl:15687376 fl:35120 sz:274567(274688) lv:101.5% dts:289.873 pts:289.915
2024-11-28 16:00:01.784 T:4489 debug : CAMLCodec::ReleaseFrame idx:8097, drop:0
2024-11-28 16:00:01.784 T:6455 debug : CAMLCodec::AddData: skip add data dl:15687376 fl:35120 sz:274567(274688) lv:101.5% dts:289.873 pts:289.915
2024-11-28 16:00:01.795 T:6452 info : Skipped 7 duplicate messages..
2024-11-28 16:00:01.795 T:6452 debug : CVideoPlayer::ProcessVideoData size:332631 dts:295.754 pts:296.171 dur:41.000ms, clock:287.491 level:73
2024-11-28 16:00:01.796 T:6455 debug : CAMLCodec::AddData: skip add data dl:15687376 fl:35120 sz:274567(274688) lv:101.5% dts:289.873 pts:289.915
2024-11-28 16:00:01.820 T:4489 info : Skipped 14 duplicate messages..
2024-11-28 16:00:01.820 T:4489 debug : CAMLCodec::PollFrame elapsed:35.203ms
2024-11-28 16:00:01.820 T:6455 debug : CAMLCodec::DequeueBuffer: pts:287.913 idx:8103
2024-11-28 16:00:01.820 T:6455 debug : CAMLCodec::GetPicture: index: 8103, pts: 287.913, dur:42.000ms ar:1.78 elf:41ms
2024-11-28 16:00:01.820 T:6455 debug : CVideoPlayerVideo::OutputPicture - ttd:396ms pts:287.913 Clock:287.516 Level:5
2024-11-28 16:00:01.824 T:4489 debug : PrepareNextRender: frameOnScreen: 287.519 renderPts: 287.707 nextFramePts: 287.704 -> diff: 0.003 render: 1 forceNext: 0
2024-11-28 16:00:01.824 T:6455 debug : CAMLCodec::AddData: dl:15671888 fl:50608 sz:274567(274688) lv:99.6% dts:289.873 pts:289.915
2024-11-28 16:00:01.824 T:6455 debug : CAMLCodec::AddData: skip add data dl:15671767 fl:50729 sz:343636(343744) lv:101.8% dts:289.915 pts:290.040
2024-11-28 16:00:01.825 T:4489 debug : CAMLCodec::ReleaseFrame idx:8098, drop:0
2024-11-28 16:00:01.826 T:6455 debug : CAMLCodec::AddData: skip add data dl:15671767 fl:50729 sz:343636(343744) lv:101.8% dts:289.915 pts:290.040
2024-11-28 16:00:01.836 T:6452 info : Skipped 7 duplicate messages..
2024-11-28 16:00:01.836 T:6452 debug : CVideoPlayer::ProcessVideoData size:260322 dts:295.796 pts:296.004 dur:41.000ms, clock:287.532 level:100
2024-11-28 16:00:01.838 T:6455 debug : CAMLCodec::AddData: skip add data dl:15671767 fl:50729 sz:343636(343744) lv:101.8% dts:289.915 pts:290.040
2024-11-28 16:00:01.861 T:4489 info : Skipped 14 duplicate messages..
2024-11-28 16:00:01.861 T:4489 debug : CAMLCodec::PollFrame elapsed:35.231ms
2024-11-28 16:00:01.861 T:6455 debug : CAMLCodec::DequeueBuffer: pts:287.954 idx:8104
2024-11-28 16:00:01.861 T:6455 debug : CAMLCodec::GetPicture: index: 8104, pts: 287.954, dur:41.000ms ar:1.78 elf:40ms
2024-11-28 16:00:01.861 T:6455 debug : CVideoPlayerVideo::OutputPicture - ttd:397ms pts:287.954 Clock:287.557 Level:5
2024-11-28 16:00:01.862 T:6455 debug : CAMLCodec::DequeueBuffer: pts:287.996 idx:8105
2024-11-28 16:00:01.862 T:6455 debug : CAMLCodec::GetPicture: index: 8105, pts: 287.996, dur:42.000ms ar:1.78 elf:1ms
2024-11-28 16:00:01.862 T:6455 debug : CVideoPlayerVideo::OutputPicture - ttd:437ms pts:287.996 Clock:287.558 Level:6
2024-11-28 16:00:01.863 T:4489 debug : PrepareNextRender: frameOnScreen: 287.559 renderPts: 287.747 nextFramePts: 287.746 -> diff: 0.001 render: 1 forceNext: 0
2024-11-28 16:00:01.863 T:6455 debug : CAMLCodec::DequeueBuffer: pts:288.038 idx:8106
2024-11-28 16:00:01.863 T:6455 debug : CAMLCodec::GetPicture: index: 8106, pts: 288.038, dur:42.000ms ar:1.78 elf:1ms
2024-11-28 16:00:01.864 T:6455 debug : CVideoPlayerVideo::OutputPicture - ttd:478ms pts:288.038 Clock:287.559 Level:6
2024-11-28 16:00:01.865 T:6455 debug : CAMLCodec::DequeueBuffer: pts:288.079 idx:8107
2024-11-28 16:00:01.865 T:6455 debug : CAMLCodec::GetPicture: index: 8107, pts: 288.079, dur:41.000ms ar:1.78 elf:1ms
2024-11-28 16:00:01.865 T:6455 debug : CVideoPlayerVideo::OutputPicture - ttd:518ms pts:288.079 Clock:287.561 Level:7
2024-11-28 16:00:01.865 T:4489 debug : CAMLCodec::ReleaseFrame idx:8099, drop:0
2024-11-28 16:00:01.866 T:6455 debug : CAMLCodec::AddData: skip add data dl:15407703 fl:314793 sz:343636(343744) lv:100.1% dts:289.915 pts:290.040
2024-11-28 16:00:01.888 T:6452 info : Skipped 15 duplicate messages..
2024-11-28 16:00:01.888 T:6452 debug : CVideoPlayer::ProcessVideoData size:252993 dts:295.837 pts:295.921 dur:41.000ms, clock:287.584 level:100
2024-11-28 16:00:01.889 T:6455 debug : CAMLCodec::AddData: skip add data dl:15407703 fl:314793 sz:343636(343744) lv:100.1% dts:289.915 pts:290.040
2024-11-28 16:00:01.903 T:4489 info : Skipped 6 duplicate messages..
2024-11-28 16:00:01.903 T:4489 debug : CAMLCodec::PollFrame elapsed:38.160ms
2024-11-28 16:00:01.906 T:6455 debug : CAMLCodec::AddData: dl:15254807 fl:467689 sz:343636(343744) lv:97.0% dts:289.915 pts:290.040
2024-11-28 16:00:01.906 T:4489 debug : PrepareNextRender: frameOnScreen: 287.602 renderPts: 287.790 nextFramePts: 287.788 -> diff: 0.002 render: 1 forceNext: 0
2024-11-28 16:00:01.908 T:4489 debug : CAMLCodec::ReleaseFrame idx:8100, drop:0
2024-11-28 16:00:01.909 T:6452 debug : CVideoPlayer::ProcessVideoData size:196555 dts:295.879 pts:295.879 dur:41.000ms, clock:287.605 level:73
2024-11-28 16:00:01.909 T:6455 debug : CAMLCodec::AddData: dl:15538283 fl:184213 sz:283500(283584) lv:98.8% dts:289.956 pts:289.998
2024-11-28 16:00:01.910 T:6455 debug : CAMLCodec::AddData: skip add data dl:15538199 fl:184297 sz:486260(486336) lv:101.9% dts:289.998 pts:290.123
2024-11-28 16:00:01.930 T:6452 info : Skipped 14 duplicate messages..
2024-11-28 16:00:01.930 T:6452 debug : CVideoPlayer::ProcessVideoData size:199356 dts:295.921 pts:295.962 dur:41.000ms, clock:287.626 level:100
2024-11-28 16:00:01.932 T:6455 debug : CAMLCodec::AddData: skip add data dl:15538199 fl:184297 sz:486260(486336) lv:101.9% dts:289.998 pts:290.123
2024-11-28 16:00:01.945 T:6455 info : Skipped 6 duplicate messages..
2024-11-28 16:00:01.945 T:6455 debug : CAMLCodec::AddData: dl:15591511 fl:130985 sz:486260(486336) lv:99.1% dts:289.998 pts:290.123
2024-11-28 16:00:01.945 T:4489 debug : CAMLCodec::PollFrame elapsed:36.590ms
2024-11-28 16:00:01.946 T:6455 debug : CAMLCodec::AddData: skip add data dl:15591435 fl:131061 sz:434496(434560) lv:101.9% dts:290.040 pts:290.457
2024-11-28 16:00:01.949 T:4489 info : Skipped 1 duplicate messages..
2024-11-28 16:00:01.949 T:4489 debug : PrepareNextRender: frameOnScreen: 287.645 renderPts: 287.843 nextFramePts: 287.829 -> diff: 0.014 render: 1 forceNext: 0
2024-11-28 16:00:01.950 T:6455 debug : CAMLCodec::AddData: skip add data dl:15591435 fl:131061 sz:434496(434560) lv:101.9% dts:290.040 pts:290.457
2024-11-28 16:00:01.951 T:4489 debug : CAMLCodec::ReleaseFrame idx:8101, drop:0
2024-11-28 16:00:01.952 T:6452 debug : CVideoPlayer::ProcessVideoData size:274513 dts:295.962 pts:296.087 dur:41.000ms, clock:287.648 level:73
2024-11-28 16:00:01.953 T:6455 debug : CAMLCodec::AddData: skip add data dl:15591435 fl:131061 sz:434496(434560) lv:101.9% dts:290.040 pts:290.457
2024-11-28 16:00:01.953 T:6452 debug : CVideoPlayer::ProcessVideoData size:206957 dts:296.004 pts:296.046 dur:41.000ms, clock:287.649 level:100
2024-11-28 16:00:01.955 T:6455 debug : CAMLCodec::AddData: skip add data dl:15591435 fl:131061 sz:434496(434560) lv:101.9% dts:290.040 pts:290.457
2024-11-28 16:00:01.965 T:6452 info : Skipped 5 duplicate messages..
2024-11-28 16:00:01.965 T:6452 debug : CVideoPlayer::ProcessVideoData size:195498 dts:296.046 pts:296.129 dur:41.000ms, clock:287.660 level:100
2024-11-28 16:00:01.966 T:6455 debug : CAMLCodec::AddData: skip add data dl:15591435 fl:131061 sz:434496(434560) lv:101.9% dts:290.040 pts:290.457
2024-11-28 16:00:01.986 T:4489 info : Skipped 9 duplicate messages..
2024-11-28 16:00:01.986 T:4489 debug : CAMLCodec::PollFrame elapsed:35.235ms
2024-11-28 16:00:01.990 T:4489 debug : PrepareNextRender: frameOnScreen: 287.686 renderPts: 287.884 nextFramePts: 287.871 -> diff: 0.013 render: 1 forceNext: 0
2024-11-28 16:00:01.990 T:6455 debug : CAMLCodec::AddData: dl:15680331 fl:42165 sz:434496(434560) lv:99.7% dts:290.040 pts:290.457
2024-11-28 16:00:01.991 T:6455 debug : CAMLCodec::AddData: skip add data dl:15680267 fl:42229 sz:354794(354880) lv:101.9% dts:290.081 pts:290.290
2024-11-28 16:00:01.992 T:4489 debug : CAMLCodec::ReleaseFrame idx:8102, drop:0
2024-11-28 16:00:01.992 T:6455 debug : CAMLCodec::AddData: skip add data dl:15680267 fl:42229 sz:354794(354880) lv:101.9% dts:290.081 pts:290.290
2024-11-28 16:00:02.028 T:6455 info : Skipped 24 duplicate messages..
2024-11-28 16:00:02.028 T:6455 debug : CAMLCodec::AddData: dl:15685323 fl:37173 sz:354794(354880) lv:99.7% dts:290.081 pts:290.290
2024-11-28 16:00:02.028 T:6455 debug : CAMLCodec::DequeueBuffer: pts:288.121 idx:8108
2024-11-28 16:00:02.028 T:6455 debug : CAMLCodec::GetPicture: index: 8108, pts: 288.121, dur:42.000ms ar:1.78 elf:163ms
2024-11-28 16:00:02.028 T:6455 debug : CVideoPlayerVideo::OutputPicture - ttd:396ms pts:288.121 Clock:287.724 Level:5
2024-11-28 16:00:02.028 T:4489 debug : CAMLCodec::PollFrame elapsed:36.074ms
2024-11-28 16:00:02.031 T:6455 debug : CAMLCodec::AddData: skip add data dl:15685237 fl:37259 sz:334936(335040) lv:101.9% dts:290.123 pts:290.207
2024-11-28 16:00:02.036 T:4489 info : Skipped 3 duplicate messages..
2024-11-28 16:00:02.036 T:4489 debug : PrepareNextRender: frameOnScreen: 287.732 renderPts: 287.931 nextFramePts: 287.913 -> diff: 0.018 render: 1 forceNext: 0
2024-11-28 16:00:02.038 T:6455 debug : CAMLCodec::AddData: skip add data dl:15685237 fl:37259 sz:334936(335040) lv:101.9% dts:290.123 pts:290.207
2024-11-28 16:00:02.039 T:4489 debug : CAMLCodec::ReleaseFrame idx:8103, drop:0
2024-11-28 16:00:02.039 T:6455 debug : CAMLCodec::AddData: skip add data dl:15685237 fl:37259 sz:334936(335040) lv:101.9% dts:290.123 pts:290.207
2024-11-28 16:00:02.040 T:6452 debug : CVideoPlayer::ProcessVideoData size:342019 dts:296.087 pts:296.505 dur:41.000ms, clock:287.736 level:75
2024-11-28 16:00:02.041 T:6455 debug : CAMLCodec::AddData: skip add data dl:15685237 fl:37259 sz:334936(335040) lv:101.9% dts:290.123 pts:290.207
2024-11-28 16:00:02.070 T:4489 info : Skipped 16 duplicate messages..
2024-11-28 16:00:02.070 T:4489 debug : CAMLCodec::PollFrame elapsed:31.060ms
2024-11-28 16:00:02.070 T:6455 debug : CAMLCodec::DequeueBuffer: pts:288.163 idx:8109
2024-11-28 16:00:02.070 T:6455 debug : CAMLCodec::GetPicture: index: 8109, pts: 288.163, dur:42.000ms ar:1.78 elf:41ms
2024-11-28 16:00:02.070 T:6455 debug : CVideoPlayerVideo::OutputPicture - ttd:396ms pts:288.163 Clock:287.766 Level:5
2024-11-28 16:00:02.072 T:6455 debug : CAMLCodec::AddData: skip add data dl:15410101 fl:312395 sz:334936(335040) lv:100.1% dts:290.123 pts:290.207
2024-11-28 16:00:02.074 T:4489 info : Skipped 1 duplicate messages..
2024-11-28 16:00:02.074 T:4489 debug : PrepareNextRender: frameOnScreen: 287.770 renderPts: 287.969 nextFramePts: 287.954 -> diff: 0.015 render: 1 forceNext: 0
2024-11-28 16:00:02.076 T:6455 debug : CAMLCodec::AddData: skip add data dl:15410101 fl:312395 sz:334936(335040) lv:100.1% dts:290.123 pts:290.207
2024-11-28 16:00:02.077 T:4489 debug : CAMLCodec::ReleaseFrame idx:8104, drop:0
2024-11-28 16:00:02.078 T:6455 debug : CAMLCodec::AddData: skip add data dl:15410101 fl:312395 sz:334936(335040) lv:100.1% dts:290.123 pts:290.207
2024-11-28 16:00:02.081 T:6452 info : Skipped 2 duplicate messages..
2024-11-28 16:00:02.081 T:6452 debug : CVideoPlayer::ProcessVideoData size:284317 dts:296.129 pts:296.338 dur:41.000ms, clock:287.777 level:100
2024-11-28 16:00:02.084 T:6455 debug : CAMLCodec::AddData: skip add data dl:15410101 fl:312395 sz:334936(335040) lv:100.1% dts:290.123 pts:290.207
2024-11-28 16:00:02.109 T:6455 info : Skipped 16 duplicate messages..
2024-11-28 16:00:02.109 T:6455 debug : CAMLCodec::DequeueBuffer: pts:288.205 idx:8110
2024-11-28 16:00:02.109 T:6455 debug : CAMLCodec::GetPicture: index: 8110, pts: 288.205, dur:42.000ms ar:1.78 elf:38ms
2024-11-28 16:00:02.109 T:6455 debug : CVideoPlayerVideo::OutputPicture - ttd:400ms pts:288.205 Clock:287.805 Level:5
2024-11-28 16:00:02.112 T:4489 debug : CAMLCodec::PollFrame elapsed:35.065ms
2024-11-28 16:00:02.113 T:6455 debug : CAMLCodec::AddData: dl:15463541 fl:258955 sz:334936(335040) lv:98.3% dts:290.123 pts:290.207
2024-11-28 16:00:02.114 T:6455 debug : CAMLCodec::AddData: skip add data dl:15463437 fl:259059 sz:279347(279424) lv:100.1% dts:290.165 pts:290.165
2024-11-28 16:00:02.116 T:4489 info : Skipped 1 duplicate messages..
2024-11-28 16:00:02.116 T:4489 debug : PrepareNextRender: frameOnScreen: 287.811 renderPts: 288.010 nextFramePts: 287.996 -> diff: 0.014 render: 1 forceNext: 0
2024-11-28 16:00:02.117 T:6455 debug : CAMLCodec::AddData: skip add data dl:15463437 fl:259059 sz:279347(279424) lv:100.1% dts:290.165 pts:290.165
2024-11-28 16:00:02.117 T:4489 debug : CAMLCodec::ReleaseFrame idx:8105, drop:0
2024-11-28 16:00:02.118 T:6455 debug : CAMLCodec::AddData: skip add data dl:15463437 fl:259059 sz:279347(279424) lv:100.1% dts:290.165 pts:290.165
2024-11-28 16:00:02.133 T:6452 info : Skipped 11 duplicate messages..
2024-11-28 16:00:02.133 T:6452 debug : CVideoPlayer::ProcessVideoData size:260291 dts:296.171 pts:296.254 dur:41.000ms, clock:287.829 level:100
2024-11-28 16:00:02.133 T:6455 debug : CAMLCodec::AddData: skip add data dl:15463437 fl:259059 sz:279347(279424) lv:100.1% dts:290.165 pts:290.165
2024-11-28 16:00:02.153 T:4489 info : Skipped 12 duplicate messages..
2024-11-28 16:00:02.153 T:4489 debug : CAMLCodec::PollFrame elapsed:35.161ms
2024-11-28 16:00:02.153 T:6455 debug : CAMLCodec::DequeueBuffer: pts:288.246 idx:8111
2024-11-28 16:00:02.153 T:6455 debug : CAMLCodec::GetPicture: index: 8111, pts: 288.246, dur:41.000ms ar:1.78 elf:44ms
2024-11-28 16:00:02.153 T:6455 debug : CVideoPlayerVideo::OutputPicture - ttd:396ms pts:288.246 Clock:287.849 Level:5
2024-11-28 16:00:02.157 T:4489 debug : PrepareNextRender: frameOnScreen: 287.853 renderPts: 288.051 nextFramePts: 288.038 -> diff: 0.013 render: 1 forceNext: 0
2024-11-28 16:00:02.157 T:6455 debug : CAMLCodec::AddData: dl:15393421 fl:329075 sz:279347(279424) lv:97.9% dts:290.165 pts:290.165
2024-11-28 16:00:02.159 T:4489 debug : CAMLCodec::ReleaseFrame idx:8106, drop:0
2024-11-28 16:00:02.160 T:6455 debug : CAMLCodec::AddData: dl:15672704 fl:49792 sz:279271(279360) lv:99.6% dts:290.207 pts:290.248
2024-11-28 16:00:02.161 T:6455 debug : CAMLCodec::AddData: skip add data dl:15672615 fl:49881 sz:340362(340480) lv:101.8% dts:290.248 pts:290.373
2024-11-28 16:00:02.165 T:6452 info : Skipped 2 duplicate messages..
2024-11-28 16:00:02.165 T:6452 debug : CVideoPlayer::ProcessVideoData size:209114 dts:296.213 pts:296.213 dur:41.000ms, clock:287.861 level:75
2024-11-28 16:00:02.165 T:6452 debug : CVideoPlayer::ProcessVideoData size:193623 dts:296.254 pts:296.296 dur:41.000ms, clock:287.861 level:75
2024-11-28 16:00:02.167 T:6455 debug : CAMLCodec::AddData: skip add data dl:15672615 fl:49881 sz:340362(340480) lv:101.8% dts:290.248 pts:290.373
2024-11-28 16:00:02.192 T:6455 info : Skipped 16 duplicate messages..
2024-11-28 16:00:02.192 T:6455 debug : CAMLCodec::AddData: skip add data dl:15401063 fl:321433 sz:340362(340480) lv:100.1% dts:290.248 pts:290.373
2024-11-28 16:00:02.194 T:6455 debug : CAMLCodec::DequeueBuffer: pts:288.288 idx:8112
2024-11-28 16:00:02.194 T:6455 debug : CAMLCodec::GetPicture: index: 8112, pts: 288.288, dur:42.000ms ar:1.78 elf:40ms
2024-11-28 16:00:02.194 T:6455 debug : CVideoPlayerVideo::OutputPicture - ttd:398ms pts:288.288 Clock:287.890 Level:5
2024-11-28 16:00:02.195 T:4489 debug : CAMLCodec::PollFrame elapsed:35.970ms
2024-11-28 16:00:02.196 T:6455 debug : CAMLCodec::AddData: skip add data dl:15401063 fl:321433 sz:340362(340480) lv:100.1% dts:290.248 pts:290.373
2024-11-28 16:00:02.200 T:4489 info : Skipped 2 duplicate messages..
2024-11-28 16:00:02.200 T:4489 debug : PrepareNextRender: frameOnScreen: 287.896 renderPts: 288.094 nextFramePts: 288.079 -> diff: 0.015 render: 1 forceNext: 0
2024-11-28 16:00:02.201 T:6455 debug : CAMLCodec::AddData: skip add data dl:15401063 fl:321433 sz:340362(340480) lv:100.1% dts:290.248 pts:290.373
2024-11-28 16:00:02.202 T:4489 debug : CAMLCodec::ReleaseFrame idx:8107, drop:0
2024-11-28 16:00:02.203 T:6455 debug : CAMLCodec::AddData: skip add data dl:15401063 fl:321433 sz:340362(340480) lv:100.1% dts:290.248 pts:290.373
2024-11-28 16:00:02.237 T:6452 info : Skipped 21 duplicate messages..
2024-11-28 16:00:02.237 T:6452 debug : CVideoPlayer::ProcessVideoData size:228030 dts:296.296 pts:296.421 dur:41.000ms, clock:287.933 level:75
2024-11-28 16:00:02.237 T:6455 debug : CAMLCodec::AddData: dl:15463399 fl:259097 sz:340362(340480) lv:98.3% dts:290.248 pts:290.373
2024-11-28 16:00:02.237 T:4489 debug : CAMLCodec::PollFrame elapsed:35.400ms
2024-11-28 16:00:02.238 T:6455 debug : CAMLCodec::DequeueBuffer: pts:288.330 idx:8113
2024-11-28 16:00:02.238 T:6455 debug : CAMLCodec::GetPicture: index: 8113, pts: 288.330, dur:42.000ms ar:1.78 elf:43ms
2024-11-28 16:00:02.238 T:6455 debug : CVideoPlayerVideo::OutputPicture - ttd:396ms pts:288.330 Clock:287.934 Level:5
2024-11-28 16:00:02.240 T:6455 debug : CAMLCodec::AddData: skip add data dl:15463281 fl:259215 sz:274875(274944) lv:100.1% dts:290.290 pts:290.332
2024-11-28 16:00:02.241 T:4489 debug : PrepareNextRender: frameOnScreen: 287.937 renderPts: 288.135 nextFramePts: 288.121 -> diff: 0.014 render: 1 forceNext: 0
2024-11-28 16:00:02.242 T:6455 debug : CAMLCodec::AddData: skip add data dl:15463281 fl:259215 sz:274875(274944) lv:100.1% dts:290.290 pts:290.332
2024-11-28 16:00:02.243 T:4489 debug : CAMLCodec::ReleaseFrame idx:8108, drop:0
2024-11-28 16:00:02.243 T:6455 debug : CAMLCodec::AddData: skip add data dl:15463281 fl:259215 sz:274875(274944) lv:100.1% dts:290.290 pts:290.332
