2024-11-28 16:00:04.851 T:6455 debug : CAMLCodec::AddData: skip add data dl:15531226 fl:191270 sz:424548(424640) lv:101.4% dts:293.043 pts:293.460
2024-11-28 16:00:04.860 T:6452 info : Skipped 5 duplicate messages..
2024-11-28 16:00:04.860 T:6452 debug : CVideoPlayer::ProcessVideoData size:321862 dts:299.049 pts:299.049 dur:41.000ms, clock:290.640 level:100
2024-11-28 16:00:04.865 T:4489 debug : CAMLCodec::PollFrame elapsed:34.922ms
2024-11-28 16:00:04.866 T:6455 debug : CAMLCodec::AddData: dl:15539226 fl:183270 sz:424548(424640) lv:98.8% dts:293.043 pts:293.460
2024-11-28 16:00:04.867 T:6455 debug : CAMLCodec::AddData: skip add data dl:15539134 fl:183362 sz:356861(356928) lv:101.1% dts:293.084 pts:293.293
2024-11-28 16:00:04.872 T:4489 info : Skipped 3 duplicate messages..
2024-11-28 16:00:04.872 T:4489 debug : PrepareNextRender: frameOnScreen: 290.651 renderPts: 290.855 nextFramePts: 290.832 -> diff: 0.023 render: 1 forceNext: 0
2024-11-28 16:00:04.873 T:6455 debug : CAMLCodec::AddData: skip add data dl:15539134 fl:183362 sz:356861(356928) lv:101.1% dts:293.084 pts:293.293
2024-11-28 16:00:04.875 T:4489 info : Skipped 1 duplicate messages..
2024-11-28 16:00:04.875 T:4489 debug : CAMLCodec::ReleaseFrame idx:8173, drop:0
2024-11-28 16:00:04.876 T:6455 debug : CAMLCodec::AddData: skip add data dl:15539134 fl:183362 sz:356861(356928) lv:101.1% dts:293.084 pts:293.293
2024-11-28 16:00:04.892 T:6452 info : Skipped 11 duplicate messages..
2024-11-28 16:00:04.892 T:6452 debug : CVideoPlayer::ProcessVideoData size:288499 dts:299.090 pts:299.132 dur:41.000ms, clock:290.671 level:100
2024-11-28 16:00:04.893 T:6455 debug : CAMLCodec::AddData: skip add data dl:15539134 fl:183362 sz:356861(356928) lv:101.1% dts:293.084 pts:293.293
2024-11-28 16:00:04.906 T:4489 info : Skipped 5 duplicate messages..
2024-11-28 16:00:04.906 T:4489 debug : CAMLCodec::PollFrame elapsed:30.553ms
2024-11-28 16:00:04.909 T:6455 debug : CAMLCodec::AddData: dl:15555326 fl:167170 sz:356861(356928) lv:98.9% dts:293.084 pts:293.293
2024-11-28 16:00:04.910 T:6455 debug : CAMLCodec::AddData: skip add data dl:15555259 fl:167237 sz:334725(334848) lv:101.0% dts:293.126 pts:293.210
2024-11-28 16:00:04.910 T:4489 debug : PrepareNextRender: frameOnScreen: 290.690 renderPts: 290.893 nextFramePts: 290.874 -> diff: 0.019 render: 1 forceNext: 0
2024-11-28 16:00:04.911 T:6455 debug : CAMLCodec::AddData: skip add data dl:15555259 fl:167237 sz:334725(334848) lv:101.0% dts:293.126 pts:293.210
2024-11-28 16:00:04.913 T:4489 debug : CAMLCodec::ReleaseFrame idx:8174, drop:0
2024-11-28 16:00:04.913 T:6455 debug : CAMLCodec::AddData: skip add data dl:15555259 fl:167237 sz:334725(334848) lv:101.0% dts:293.126 pts:293.210
2024-11-28 16:00:04.945 T:6455 info : Skipped 21 duplicate messages..
2024-11-28 16:00:04.945 T:6455 debug : CAMLCodec::DequeueBuffer: pts:291.124 idx:8180
2024-11-28 16:00:04.945 T:6455 debug : CAMLCodec::GetPicture: index: 8180, pts: 291.124, dur:42.000ms ar:1.78 elf:159ms
2024-11-28 16:00:04.945 T:6455 debug : CVideoPlayerVideo::OutputPicture - ttd:399ms pts:291.124 Clock:290.725 Level:5
2024-11-28 16:00:04.948 T:4489 debug : CAMLCodec::PollFrame elapsed:35.074ms
2024-11-28 16:00:04.949 T:6455 debug : CAMLCodec::AddData: dl:15565947 fl:156549 sz:334725(334848) lv:99.0% dts:293.126 pts:293.210
2024-11-28 16:00:04.950 T:6455 debug : CAMLCodec::AddData: skip add data dl:15565824 fl:156672 sz:276049(276160) lv:100.7% dts:293.168 pts:293.168
2024-11-28 16:00:04.951 T:4489 debug : PrepareNextRender: frameOnScreen: 290.731 renderPts: 290.935 nextFramePts: 290.916 -> diff: 0.019 render: 1 forceNext: 0
2024-11-28 16:00:04.952 T:6455 debug : CAMLCodec::AddData: skip add data dl:15565824 fl:156672 sz:276049(276160) lv:100.7% dts:293.168 pts:293.168
2024-11-28 16:00:04.954 T:6452 info : Skipped 1 duplicate messages..
2024-11-28 16:00:04.954 T:6452 debug : CVideoPlayer::ProcessVideoData size:357932 dts:299.132 pts:299.257 dur:41.000ms, clock:290.734 level:75
2024-11-28 16:00:04.955 T:4489 debug : CAMLCodec::ReleaseFrame idx:8175, drop:0
2024-11-28 16:00:04.956 T:6455 debug : CAMLCodec::AddData: skip add data dl:15565824 fl:156672 sz:276049(276160) lv:100.7% dts:293.168 pts:293.168
2024-11-28 16:00:04.989 T:4489 info : Skipped 22 duplicate messages..
2024-11-28 16:00:04.989 T:4489 debug : CAMLCodec::PollFrame elapsed:34.464ms
2024-11-28 16:00:04.989 T:6455 debug : CAMLCodec::DequeueBuffer: pts:291.166 idx:8181
2024-11-28 16:00:04.990 T:6455 debug : CAMLCodec::GetPicture: index: 8181, pts: 291.166, dur:42.000ms ar:1.78 elf:39ms
2024-11-28 16:00:04.990 T:6455 debug : CVideoPlayerVideo::OutputPicture - ttd:396ms pts:291.166 Clock:290.769 Level:5
2024-11-28 16:00:04.994 T:4489 debug : PrepareNextRender: frameOnScreen: 290.773 renderPts: 290.977 nextFramePts: 290.957 -> diff: 0.020 render: 1 forceNext: 0
2024-11-28 16:00:04.994 T:6455 debug : CAMLCodec::AddData: dl:15585984 fl:136512 sz:276049(276160) lv:99.1% dts:293.168 pts:293.168
2024-11-28 16:00:04.994 T:6455 debug : CAMLCodec::AddData: skip add data dl:15585873 fl:136623 sz:278313(278400) lv:100.9% dts:293.210 pts:293.251
2024-11-28 16:00:04.996 T:6452 info : Skipped 1 duplicate messages..
2024-11-28 16:00:04.996 T:6452 debug : CVideoPlayer::ProcessVideoData size:295765 dts:299.174 pts:299.216 dur:41.000ms, clock:290.776 level:75
2024-11-28 16:00:04.998 T:6455 debug : CAMLCodec::AddData: skip add data dl:15585873 fl:136623 sz:278313(278400) lv:100.9% dts:293.210 pts:293.251
2024-11-28 16:00:04.998 T:4489 debug : CAMLCodec::ReleaseFrame idx:8176, drop:0
2024-11-28 16:00:04.999 T:6455 debug : CAMLCodec::AddData: skip add data dl:15585873 fl:136623 sz:278313(278400) lv:100.9% dts:293.210 pts:293.251
2024-11-28 16:00:05.028 T:6452 info : Skipped 21 duplicate messages..
2024-11-28 16:00:05.028 T:6452 debug : CVideoPlayer::ProcessVideoData size:334807 dts:299.216 pts:299.299 dur:41.000ms, clock:290.807 level:75
2024-11-28 16:00:05.031 T:4489 debug : CAMLCodec::PollFrame elapsed:32.210ms
2024-11-28 16:00:05.033 T:6455 debug : CAMLCodec::AddData: dl:15597265 fl:125231 sz:278313(278400) lv:99.2% dts:293.210 pts:293.251
2024-11-28 16:00:05.034 T:6455 debug : CAMLCodec::DequeueBuffer: pts:291.208 idx:8182
2024-11-28 16:00:05.034 T:6455 debug : CAMLCodec::GetPicture: index: 8182, pts: 291.208, dur:42.000ms ar:1.78 elf:43ms
2024-11-28 16:00:05.034 T:6455 debug : CVideoPlayerVideo::OutputPicture - ttd:394ms pts:291.208 Clock:290.813 Level:5
2024-11-28 16:00:05.035 T:4489 debug : PrepareNextRender: frameOnScreen: 290.815 renderPts: 291.018 nextFramePts: 290.999 -> diff: 0.019 render: 1 forceNext: 0
2024-11-28 16:00:05.036 T:6455 debug : CAMLCodec::AddData: skip add data dl:15597178 fl:125318 sz:344957(345024) lv:101.4% dts:293.251 pts:293.376
2024-11-28 16:00:05.038 T:4489 info : Skipped 1 duplicate messages..
2024-11-28 16:00:05.038 T:4489 debug : CAMLCodec::ReleaseFrame idx:8177, drop:0
2024-11-28 16:00:05.039 T:6455 debug : CAMLCodec::AddData: skip add data dl:15597178 fl:125318 sz:344957(345024) lv:101.4% dts:293.251 pts:293.376
2024-11-28 16:00:05.072 T:6455 info : Skipped 21 duplicate messages..
2024-11-28 16:00:05.071 T:6455 debug : CAMLCodec::AddData: dl:15619066 fl:103430 sz:344957(345024) lv:99.3% dts:293.251 pts:293.376
2024-11-28 16:00:05.072 T:6455 debug : CAMLCodec::DequeueBuffer: pts:291.249 idx:8183
2024-11-28 16:00:05.072 T:6455 debug : CAMLCodec::GetPicture: index: 8183, pts: 291.249, dur:41.000ms ar:1.78 elf:38ms
2024-11-28 16:00:05.072 T:6455 debug : CVideoPlayerVideo::OutputPicture - ttd:397ms pts:291.249 Clock:290.851 Level:5
2024-11-28 16:00:05.073 T:4489 debug : CAMLCodec::PollFrame elapsed:34.860ms
2024-11-28 16:00:05.074 T:6455 debug : CAMLCodec::AddData: skip add data dl:15618999 fl:103497 sz:265857(265984) lv:101.0% dts:293.293 pts:293.335
2024-11-28 16:00:05.079 T:4489 info : Skipped 3 duplicate messages..
2024-11-28 16:00:05.079 T:4489 debug : PrepareNextRender: frameOnScreen: 290.859 renderPts: 291.063 nextFramePts: 291.041 -> diff: 0.022 render: 1 forceNext: 0
2024-11-28 16:00:05.080 T:6455 debug : CAMLCodec::AddData: skip add data dl:15618999 fl:103497 sz:265857(265984) lv:101.0% dts:293.293 pts:293.335
2024-11-28 16:00:05.082 T:4489 info : Skipped 1 duplicate messages..
2024-11-28 16:00:05.082 T:4489 debug : CAMLCodec::ReleaseFrame idx:8178, drop:0
2024-11-28 16:00:05.083 T:6455 debug : CAMLCodec::AddData: skip add data dl:15618999 fl:103497 sz:265857(265984) lv:101.0% dts:293.293 pts:293.335
2024-11-28 16:00:05.087 T:6452 info : Skipped 3 duplicate messages..
2024-11-28 16:00:05.087 T:6452 debug : CVideoPlayer::ProcessVideoData size:446287 dts:299.257 pts:299.674 dur:41.000ms, clock:290.867 level:74
2024-11-28 16:00:05.088 T:6455 debug : CAMLCodec::AddData: skip add data dl:15618999 fl:103497 sz:265857(265984) lv:101.0% dts:293.293 pts:293.335
2024-11-28 16:00:05.115 T:4489 info : Skipped 16 duplicate messages..
2024-11-28 16:00:05.115 T:4489 debug : CAMLCodec::PollFrame elapsed:32.550ms
2024-11-28 16:00:05.115 T:6455 debug : CAMLCodec::DequeueBuffer: pts:291.291 idx:8184
2024-11-28 16:00:05.115 T:6455 debug : CAMLCodec::GetPicture: index: 8184, pts: 291.291, dur:42.000ms ar:1.78 elf:42ms
2024-11-28 16:00:05.115 T:6455 debug : CVideoPlayerVideo::OutputPicture - ttd:396ms pts:291.291 Clock:290.895 Level:5
2024-11-28 16:00:05.118 T:4489 debug : PrepareNextRender: frameOnScreen: 290.898 renderPts: 291.102 nextFramePts: 291.082 -> diff: 0.020 render: 1 forceNext: 0
2024-11-28 16:00:05.119 T:6455 debug : CAMLCodec::AddData: dl:15613815 fl:108681 sz:265857(265984) lv:99.3% dts:293.293 pts:293.335
2024-11-28 16:00:05.119 T:6455 debug : CAMLCodec::AddData: skip add data dl:15613688 fl:108808 sz:273564(273664) lv:101.0% dts:293.335 pts:293.418
2024-11-28 16:00:05.121 T:4489 info : Skipped 1 duplicate messages..
2024-11-28 16:00:05.121 T:4489 debug : CAMLCodec::ReleaseFrame idx:8179, drop:0
2024-11-28 16:00:05.122 T:6455 debug : CAMLCodec::AddData: skip add data dl:15613688 fl:108808 sz:273564(273664) lv:101.0% dts:293.335 pts:293.418
2024-11-28 16:00:05.153 T:6455 info : Skipped 24 duplicate messages..
2024-11-28 16:00:05.153 T:6455 debug : CAMLCodec::DequeueBuffer: pts:291.333 idx:8185
2024-11-28 16:00:05.153 T:6455 debug : CAMLCodec::GetPicture: index: 8185, pts: 291.333, dur:42.000ms ar:1.78 elf:38ms
2024-11-28 16:00:05.153 T:6455 debug : CVideoPlayerVideo::OutputPicture - ttd:399ms pts:291.333 Clock:290.933 Level:5
2024-11-28 16:00:05.157 T:4489 debug : CAMLCodec::PollFrame elapsed:34.955ms
2024-11-28 16:00:05.157 T:6455 debug : CAMLCodec::AddData: dl:15624952 fl:97544 sz:273564(273664) lv:99.3% dts:293.335 pts:293.418
2024-11-28 16:00:05.159 T:6455 debug : CAMLCodec::AddData: skip add data dl:15624852 fl:97644 sz:425302(425408) lv:102.0% dts:293.376 pts:293.794
2024-11-28 16:00:05.160 T:6452 debug : CVideoPlayer::ProcessVideoData size:370364 dts:299.299 pts:299.508 dur:41.000ms, clock:290.940 level:74
2024-11-28 16:00:05.161 T:4489 debug : PrepareNextRender: frameOnScreen: 290.941 renderPts: 291.144 nextFramePts: 291.124 -> diff: 0.020 render: 1 forceNext: 0
2024-11-28 16:00:05.163 T:6455 debug : CAMLCodec::AddData: skip add data dl:15624852 fl:97644 sz:425302(425408) lv:102.0% dts:293.376 pts:293.794
2024-11-28 16:00:05.164 T:4489 debug : CAMLCodec::ReleaseFrame idx:8180, drop:0
2024-11-28 16:00:05.166 T:6455 debug : CAMLCodec::AddData: skip add data dl:15624852 fl:97644 sz:425302(425408) lv:102.0% dts:293.376 pts:293.794
2024-11-28 16:00:05.192 T:6452 info : Skipped 15 duplicate messages..
2024-11-28 16:00:05.192 T:6452 debug : CVideoPlayer::ProcessVideoData size:360940 dts:299.341 pts:299.424 dur:41.000ms, clock:290.972 level:100
2024-11-28 16:00:05.193 T:6455 debug : CAMLCodec::AddData: skip add data dl:15624852 fl:97644 sz:425302(425408) lv:102.0% dts:293.376 pts:293.794
2024-11-28 16:00:05.197 T:6455 debug : CAMLCodec::AddData: dl:15622548 fl:99948 sz:425302(425408) lv:99.3% dts:293.376 pts:293.794
2024-11-28 16:00:05.197 T:6455 debug : CAMLCodec::DequeueBuffer: pts:291.374 idx:8186
2024-11-28 16:00:05.197 T:6455 debug : CAMLCodec::GetPicture: index: 8186, pts: 291.374, dur:41.000ms ar:1.78 elf:43ms
2024-11-28 16:00:05.197 T:6455 debug : CVideoPlayerVideo::OutputPicture - ttd:396ms pts:291.374 Clock:290.977 Level:5
2024-11-28 16:00:05.198 T:4489 debug : CAMLCodec::PollFrame elapsed:33.725ms
2024-11-28 16:00:05.200 T:6455 debug : CAMLCodec::AddData: skip add data dl:15622442 fl:100054 sz:346995(347072) lv:101.5% dts:293.418 pts:293.627
2024-11-28 16:00:05.204 T:4489 info : Skipped 1 duplicate messages..
2024-11-28 16:00:05.204 T:4489 debug : PrepareNextRender: frameOnScreen: 290.983 renderPts: 291.187 nextFramePts: 291.166 -> diff: 0.021 render: 1 forceNext: 0
2024-11-28 16:00:05.205 T:6455 debug : CAMLCodec::AddData: skip add data dl:15622442 fl:100054 sz:346995(347072) lv:101.5% dts:293.418 pts:293.627
2024-11-28 16:00:05.205 T:6452 debug : CVideoPlayer::ProcessVideoData size:307839 dts:299.382 pts:299.382 dur:41.000ms, clock:290.985 level:100
2024-11-28 16:00:05.207 T:6455 debug : CAMLCodec::AddData: skip add data dl:15622442 fl:100054 sz:346995(347072) lv:101.5% dts:293.418 pts:293.627
2024-11-28 16:00:05.208 T:4489 debug : CAMLCodec::ReleaseFrame idx:8181, drop:0
2024-11-28 16:00:05.208 T:6455 debug : CAMLCodec::AddData: skip add data dl:15622442 fl:100054 sz:346995(347072) lv:101.5% dts:293.418 pts:293.627
2024-11-28 16:00:05.239 T:4489 info : Skipped 18 duplicate messages..
2024-11-28 16:00:05.239 T:4489 debug : CAMLCodec::PollFrame elapsed:30.515ms
2024-11-28 16:00:05.239 T:6455 debug : CAMLCodec::DequeueBuffer: pts:291.416 idx:8187
2024-11-28 16:00:05.240 T:6455 debug : CAMLCodec::GetPicture: index: 8187, pts: 291.416, dur:42.000ms ar:1.78 elf:42ms
2024-11-28 16:00:05.240 T:6455 debug : CVideoPlayerVideo::OutputPicture - ttd:396ms pts:291.416 Clock:291.019 Level:5
2024-11-28 16:00:05.244 T:4489 debug : PrepareNextRender: frameOnScreen: 291.023 renderPts: 291.227 nextFramePts: 291.208 -> diff: 0.019 render: 1 forceNext: 0
2024-11-28 16:00:05.244 T:6455 debug : CAMLCodec::AddData: dl:15633834 fl:88662 sz:346995(347072) lv:99.4% dts:293.418 pts:293.627
2024-11-28 16:00:05.245 T:6455 debug : CAMLCodec::AddData: skip add data dl:15633757 fl:88739 sz:330221(330304) lv:101.5% dts:293.460 pts:293.543
2024-11-28 16:00:05.247 T:4489 info : Skipped 1 duplicate messages..
2024-11-28 16:00:05.247 T:4489 debug : CAMLCodec::ReleaseFrame idx:8182, drop:0
2024-11-28 16:00:05.248 T:6455 debug : CAMLCodec::AddData: skip add data dl:15633757 fl:88739 sz:330221(330304) lv:101.5% dts:293.460 pts:293.543
2024-11-28 16:00:05.278 T:6455 info : Skipped 23 duplicate messages..
2024-11-28 16:00:05.278 T:6455 debug : CAMLCodec::DequeueBuffer: pts:291.458 idx:8188
2024-11-28 16:00:05.278 T:6455 debug : CAMLCodec::GetPicture: index: 8188, pts: 291.458, dur:42.000ms ar:1.78 elf:38ms
2024-11-28 16:00:05.279 T:6455 debug : CVideoPlayerVideo::OutputPicture - ttd:399ms pts:291.458 Clock:291.058 Level:5
2024-11-28 16:00:05.282 T:4489 debug : CAMLCodec::PollFrame elapsed:34.395ms
2024-11-28 16:00:05.282 T:6455 debug : CAMLCodec::AddData: dl:15634909 fl:87587 sz:330221(330304) lv:99.4% dts:293.460 pts:293.543
2024-11-28 16:00:05.283 T:6455 debug : CAMLCodec::AddData: skip add data dl:15634826 fl:87670 sz:267367(267456) lv:101.1% dts:293.502 pts:293.502
2024-11-28 16:00:05.285 T:4489 info : Skipped 1 duplicate messages..
2024-11-28 16:00:05.285 T:4489 debug : PrepareNextRender: frameOnScreen: 291.065 renderPts: 291.269 nextFramePts: 291.249 -> diff: 0.020 render: 1 forceNext: 0
2024-11-28 16:00:05.286 T:6455 debug : CAMLCodec::AddData: skip add data dl:15634826 fl:87670 sz:267367(267456) lv:101.1% dts:293.502 pts:293.502
2024-11-28 16:00:05.287 T:6452 debug : CVideoPlayer::ProcessVideoData size:314137 dts:299.424 pts:299.466 dur:41.000ms, clock:291.067 level:74
2024-11-28 16:00:05.288 T:6455 debug : CAMLCodec::AddData: skip add data dl:15634826 fl:87670 sz:267367(267456) lv:101.1% dts:293.502 pts:293.502
2024-11-28 16:00:05.290 T:4489 info : Skipped 1 duplicate messages..
2024-11-28 16:00:05.290 T:4489 debug : CAMLCodec::ReleaseFrame idx:8183, drop:0
2024-11-28 16:00:05.291 T:6455 debug : CAMLCodec::AddData: skip add data dl:15634826 fl:87670 sz:267367(267456) lv:101.1% dts:293.502 pts:293.502
2024-11-28 16:00:05.322 T:6455 info : Skipped 21 duplicate messages..
2024-11-28 16:00:05.322 T:6455 debug : CAMLCodec::AddData: dl:15637578 fl:84918 sz:267367(267456) lv:99.4% dts:293.502 pts:293.502
2024-11-28 16:00:05.322 T:6455 debug : CAMLCodec::DequeueBuffer: pts:291.500 idx:8189
2024-11-28 16:00:05.322 T:6455 debug : CAMLCodec::GetPicture: index: 8189, pts: 291.500, dur:42.000ms ar:1.78 elf:43ms
2024-11-28 16:00:05.322 T:6455 debug : CVideoPlayerVideo::OutputPicture - ttd:398ms pts:291.500 Clock:291.102 Level:5
2024-11-28 16:00:05.323 T:4489 debug : CAMLCodec::PollFrame elapsed:32.768ms
2024-11-28 16:00:05.324 T:6455 debug : CAMLCodec::AddData: skip add data dl:15637489 fl:85007 sz:271944(272064) lv:101.2% dts:293.543 pts:293.585
2024-11-28 16:00:05.327 T:4489 info : Skipped 2 duplicate messages..
2024-11-28 16:00:05.327 T:4489 debug : PrepareNextRender: frameOnScreen: 291.107 renderPts: 291.310 nextFramePts: 291.291 -> diff: 0.019 render: 1 forceNext: 0
2024-11-28 16:00:05.328 T:6455 debug : CAMLCodec::AddData: skip add data dl:15637489 fl:85007 sz:271944(272064) lv:101.2% dts:293.543 pts:293.585
2024-11-28 16:00:05.329 T:4489 debug : CAMLCodec::ReleaseFrame idx:8184, drop:0
2024-11-28 16:00:05.330 T:6452 debug : CVideoPlayer::ProcessVideoData size:394571 dts:299.466 pts:299.591 dur:41.000ms, clock:291.109 level:73
2024-11-28 16:00:05.330 T:6455 debug : CAMLCodec::AddData: skip add data dl:15637489 fl:85007 sz:271944(272064) lv:101.2% dts:293.543 pts:293.585
2024-11-28 16:00:05.331 T:6452 debug : CVideoPlayer::ProcessVideoData size:331247 dts:299.508 pts:299.549 dur:41.000ms, clock:291.111 level:100
2024-11-28 16:00:05.333 T:6455 debug : CAMLCodec::AddData: skip add data dl:15637489 fl:85007 sz:271944(272064) lv:101.2% dts:293.543 pts:293.585
2024-11-28 16:00:05.363 T:6455 info : Skipped 22 duplicate messages..
2024-11-28 16:00:05.363 T:6455 debug : CAMLCodec::DequeueBuffer: pts:291.541 idx:8190
2024-11-28 16:00:05.363 T:6455 debug : CAMLCodec::GetPicture: index: 8190, pts: 291.541, dur:41.000ms ar:1.78 elf:40ms
2024-11-28 16:00:05.363 T:6455 debug : CVideoPlayerVideo::OutputPicture - ttd:398ms pts:291.541 Clock:291.143 Level:5
2024-11-28 16:00:05.364 T:4489 debug : CAMLCodec::PollFrame elapsed:34.534ms
2024-11-28 16:00:05.367 T:6455 debug : CAMLCodec::AddData: dl:15644145 fl:78351 sz:271944(272064) lv:99.5% dts:293.543 pts:293.585
2024-11-28 16:00:05.368 T:6455 debug : CAMLCodec::AddData: skip add data dl:15644025 fl:78471 sz:335917(336000) lv:101.6% dts:293.585 pts:293.710
2024-11-28 16:00:05.368 T:4489 debug : PrepareNextRender: frameOnScreen: 291.147 renderPts: 291.351 nextFramePts: 291.333 -> diff: 0.018 render: 1 forceNext: 0
2024-11-28 16:00:05.370 T:6455 debug : CAMLCodec::AddData: skip add data dl:15644025 fl:78471 sz:335917(336000) lv:101.6% dts:293.585 pts:293.710
2024-11-28 16:00:05.371 T:4489 debug : CAMLCodec::ReleaseFrame idx:8185, drop:0
2024-11-28 16:00:05.372 T:6455 debug : CAMLCodec::AddData: skip add data dl:15644025 fl:78471 sz:335917(336000) lv:101.6% dts:293.585 pts:293.710
2024-11-28 16:00:05.383 T:6452 info : Skipped 7 duplicate messages..
2024-11-28 16:00:05.383 T:6452 debug : CVideoPlayer::ProcessVideoData size:298565 dts:299.549 pts:299.633 dur:41.000ms, clock:291.163 level:100
2024-11-28 16:00:05.383 T:6455 debug : CAMLCodec::AddData: skip add data dl:15644025 fl:78471 sz:335917(336000) lv:101.6% dts:293.585 pts:293.710
2024-11-28 16:00:05.405 T:6455 info : Skipped 12 duplicate messages..
2024-11-28 16:00:05.405 T:6455 debug : CAMLCodec::AddData: dl:15646009 fl:76487 sz:335917(336000) lv:99.5% dts:293.585 pts:293.710
2024-11-28 16:00:05.407 T:4489 debug : CAMLCodec::PollFrame elapsed:35.855ms
2024-11-28 16:00:05.410 T:6455 debug : CAMLCodec::DequeueBuffer: pts:291.583 idx:8191
2024-11-28 16:00:05.410 T:6455 debug : CAMLCodec::GetPicture: index: 8191, pts: 291.583, dur:42.000ms ar:1.78 elf:46ms
2024-11-28 16:00:05.410 T:6455 debug : CVideoPlayerVideo::OutputPicture - ttd:393ms pts:291.583 Clock:291.190 Level:5
2024-11-28 16:00:05.412 T:6455 debug : CAMLCodec::AddData: skip add data dl:15645926 fl:76570 sz:275328(275392) lv:101.2% dts:293.627 pts:293.668
2024-11-28 16:00:05.414 T:4489 info : Skipped 1 duplicate messages..
2024-11-28 16:00:05.414 T:4489 debug : PrepareNextRender: frameOnScreen: 291.194 renderPts: 291.397 nextFramePts: 291.374 -> diff: 0.023 render: 1 forceNext: 0
2024-11-28 16:00:05.415 T:6455 debug : CAMLCodec::AddData: skip add data dl:15645926 fl:76570 sz:275328(275392) lv:101.2% dts:293.627 pts:293.668
2024-11-28 16:00:05.416 T:4489 debug : CAMLCodec::ReleaseFrame idx:8186, drop:0
2024-11-28 16:00:05.417 T:6455 debug : CAMLCodec::AddData: skip add data dl:15645926 fl:76570 sz:275328(275392) lv:101.2% dts:293.627 pts:293.668
2024-11-28 16:00:05.447 T:6455 info : Skipped 21 duplicate messages..
2024-11-28 16:00:05.447 T:6455 debug : CAMLCodec::AddData: dl:15650854 fl:71642 sz:275328(275392) lv:99.5% dts:293.627 pts:293.668
2024-11-28 16:00:05.448 T:6455 debug : CAMLCodec::DequeueBuffer: pts:291.625 idx:8192
2024-11-28 16:00:05.448 T:6455 debug : CAMLCodec::GetPicture: index: 8192, pts: 291.625, dur:42.000ms ar:1.78 elf:37ms
2024-11-28 16:00:05.448 T:6455 debug : CVideoPlayerVideo::OutputPicture - ttd:397ms pts:291.625 Clock:291.227 Level:5
2024-11-28 16:00:05.448 T:4489 debug : CAMLCodec::PollFrame elapsed:31.510ms
2024-11-28 16:00:05.449 T:6455 debug : CAMLCodec::AddData: skip add data dl:15650790 fl:71706 sz:294481(294592) lv:101.4% dts:293.668 pts:293.752
2024-11-28 16:00:05.452 T:4489 info : Skipped 1 duplicate messages..
2024-11-28 16:00:05.452 T:4489 debug : PrepareNextRender: frameOnScreen: 291.231 renderPts: 291.435 nextFramePts: 291.416 -> diff: 0.019 render: 1 forceNext: 0
2024-11-28 16:00:05.453 T:6455 debug : CAMLCodec::AddData: skip add data dl:15650790 fl:71706 sz:294481(294592) lv:101.4% dts:293.668 pts:293.752
2024-11-28 16:00:05.455 T:4489 info : Skipped 1 duplicate messages..
2024-11-28 16:00:05.455 T:4489 debug : CAMLCodec::ReleaseFrame idx:8187, drop:0
2024-11-28 16:00:05.455 T:6455 debug : CAMLCodec::AddData: skip add data dl:15650790 fl:71706 sz:294481(294592) lv:101.4% dts:293.668 pts:293.752
2024-11-28 16:00:05.488 T:6455 info : Skipped 22 duplicate messages..
2024-11-28 16:00:05.488 T:6455 debug : CAMLCodec::AddData: dl:15666022 fl:56474 sz:294481(294592) lv:99.6% dts:293.668 pts:293.752
2024-11-28 16:00:05.489 T:6455 debug : CAMLCodec::DequeueBuffer: pts:291.666 idx:8193
2024-11-28 16:00:05.489 T:6455 debug : CAMLCodec::GetPicture: index: 8193, pts: 291.666, dur:41.000ms ar:1.78 elf:40ms
2024-11-28 16:00:05.489 T:6455 debug : CVideoPlayerVideo::OutputPicture - ttd:397ms pts:291.666 Clock:291.268 Level:5
2024-11-28 16:00:05.491 T:4489 debug : CAMLCodec::PollFrame elapsed:35.394ms
2024-11-28 16:00:05.491 T:6455 debug : CAMLCodec::AddData: skip add data dl:15665911 fl:56585 sz:411598(411712) lv:102.2% dts:293.710 pts:293.835
2024-11-28 16:00:05.495 T:4489 info : Skipped 1 duplicate messages..
2024-11-28 16:00:05.495 T:4489 debug : PrepareNextRender: frameOnScreen: 291.274 renderPts: 291.478 nextFramePts: 291.458 -> diff: 0.020 render: 1 forceNext: 0
2024-11-28 16:00:05.495 T:6455 debug : CAMLCodec::AddData: skip add data dl:15665911 fl:56585 sz:411598(411712) lv:102.2% dts:293.710 pts:293.835
2024-11-28 16:00:05.498 T:4489 info : Skipped 1 duplicate messages..
2024-11-28 16:00:05.498 T:4489 debug : CAMLCodec::ReleaseFrame idx:8188, drop:0
2024-11-28 16:00:05.499 T:6455 debug : CAMLCodec::AddData: skip add data dl:15665911 fl:56585 sz:411598(411712) lv:102.2% dts:293.710 pts:293.835
2024-11-28 16:00:05.507 T:6452 info : Skipped 4 duplicate messages..
2024-11-28 16:00:05.507 T:6452 debug : CVideoPlayer::ProcessVideoData size:467884 dts:299.591 pts:299.966 dur:41.000ms, clock:291.286 level:73
2024-11-28 16:00:05.509 T:6455 debug : CAMLCodec::AddData: skip add data dl:15665911 fl:56585 sz:411598(411712) lv:102.2% dts:293.710 pts:293.835
2024-11-28 16:00:05.518 T:6452 info : Skipped 4 duplicate messages..
2024-11-28 16:00:05.518 T:6452 debug : CVideoPlayer::ProcessVideoData size:373957 dts:299.633 pts:299.841 dur:41.000ms, clock:291.298 level:100
2024-11-28 16:00:05.519 T:6455 debug : CAMLCodec::AddData: skip add data dl:15665911 fl:56585 sz:411598(411712) lv:102.2% dts:293.710 pts:293.835
2024-11-28 16:00:05.531 T:4489 info : Skipped 4 duplicate messages..
2024-11-28 16:00:05.531 T:4489 debug : CAMLCodec::PollFrame elapsed:33.279ms
2024-11-28 16:00:05.531 T:6455 debug : CAMLCodec::DequeueBuffer: pts:291.708 idx:8194
2024-11-28 16:00:05.531 T:6455 debug : CAMLCodec::GetPicture: index: 8194, pts: 291.708, dur:42.000ms ar:1.78 elf:42ms
2024-11-28 16:00:05.532 T:6455 debug : CVideoPlayerVideo::OutputPicture - ttd:396ms pts:291.708 Clock:291.311 Level:5
2024-11-28 16:00:05.535 T:4489 debug : PrepareNextRender: frameOnScreen: 291.315 renderPts: 291.519 nextFramePts: 291.500 -> diff: 0.019 render: 1 forceNext: 0
2024-11-28 16:00:05.536 T:6455 debug : CAMLCodec::AddData: dl:15644727 fl:77769 sz:411598(411712) lv:99.5% dts:293.710 pts:293.835
2024-11-28 16:00:05.537 T:6455 debug : CAMLCodec::AddData: skip add data dl:15644613 fl:77883 sz:319957(320064) lv:101.5% dts:293.752 pts:294.169
2024-11-28 16:00:05.538 T:4489 debug : CAMLCodec::ReleaseFrame idx:8189, drop:0
2024-11-28 16:00:05.539 T:6455 debug : CAMLCodec::AddData: skip add data dl:15644613 fl:77883 sz:319957(320064) lv:101.5% dts:293.752 pts:294.169
2024-11-28 16:00:05.540 T:6452 debug : CVideoPlayer::ProcessVideoData size:357182 dts:299.674 pts:299.758 dur:41.000ms, clock:291.320 level:73
2024-11-28 16:00:05.540 T:6455 debug : CAMLCodec::AddData: skip add data dl:15644613 fl:77883 sz:319957(320064) lv:101.5% dts:293.752 pts:294.169
2024-11-28 16:00:05.573 T:4489 info : Skipped 19 duplicate messages..
2024-11-28 16:00:05.573 T:4489 debug : CAMLCodec::PollFrame elapsed:34.276ms
2024-11-28 16:00:05.573 T:6455 debug : CAMLCodec::DequeueBuffer: pts:291.750 idx:8195
2024-11-28 16:00:05.573 T:6455 debug : CAMLCodec::GetPicture: index: 8195, pts: 291.750, dur:42.000ms ar:1.78 elf:41ms
2024-11-28 16:00:05.573 T:6455 debug : CVideoPlayerVideo::OutputPicture - ttd:397ms pts:291.750 Clock:291.353 Level:5
2024-11-28 16:00:05.577 T:4489 debug : PrepareNextRender: frameOnScreen: 291.357 renderPts: 291.561 nextFramePts: 291.541 -> diff: 0.020 render: 1 forceNext: 0
2024-11-28 16:00:05.577 T:6455 debug : CAMLCodec::AddData: dl:15624517 fl:97979 sz:319957(320064) lv:99.3% dts:293.752 pts:294.169
2024-11-28 16:00:05.578 T:6455 debug : CAMLCodec::AddData: skip add data dl:15624410 fl:98086 sz:247868(247936) lv:100.9% dts:293.794 pts:294.002
2024-11-28 16:00:05.579 T:4489 debug : CAMLCodec::ReleaseFrame idx:8190, drop:0
2024-11-28 16:00:05.580 T:6455 debug : CAMLCodec::AddData: skip add data dl:15624410 fl:98086 sz:247868(247936) lv:100.9% dts:293.794 pts:294.002
2024-11-28 16:00:05.592 T:6452 info : Skipped 8 duplicate messages..
2024-11-28 16:00:05.592 T:6452 debug : CVideoPlayer::ProcessVideoData size:320017 dts:299.716 pts:299.716 dur:41.000ms, clock:291.372 level:100
2024-11-28 16:00:05.594 T:6455 debug : CAMLCodec::AddData: skip add data dl:15624410 fl:98086 sz:247868(247936) lv:100.9% dts:293.794 pts:294.002
2024-11-28 16:00:05.614 T:6455 info : Skipped 12 duplicate messages..
2024-11-28 16:00:05.614 T:6455 debug : CAMLCodec::AddData: dl:15545306 fl:177190 sz:247868(247936) lv:98.8% dts:293.794 pts:294.002
2024-11-28 16:00:05.614 T:6455 debug : CAMLCodec::DequeueBuffer: pts:291.792 idx:8196
2024-11-28 16:00:05.615 T:6455 debug : CAMLCodec::GetPicture: index: 8196, pts: 291.792, dur:42.000ms ar:1.78 elf:41ms
2024-11-28 16:00:05.615 T:6455 debug : CVideoPlayerVideo::OutputPicture - ttd:397ms pts:291.792 Clock:291.394 Level:5
2024-11-28 16:00:05.615 T:4489 debug : CAMLCodec::PollFrame elapsed:35.705ms
2024-11-28 16:00:05.616 T:6455 debug : SetCodecControl 0->10000000
2024-11-28 16:00:05.617 T:6455 debug : CAMLCodec::AddData: skip add data dl:15545238 fl:177258 sz:233788(233856) lv:100.3% dts:293.835 pts:293.919
2024-11-28 16:00:05.619 T:4489 info : Skipped 1 duplicate messages..
2024-11-28 16:00:05.619 T:4489 debug : PrepareNextRender: frameOnScreen: 291.399 renderPts: 291.603 nextFramePts: 291.583 -> diff: 0.020 render: 1 forceNext: 0
2024-11-28 16:00:05.621 T:6455 debug : CAMLCodec::AddData: skip add data dl:15545238 fl:177258 sz:233788(233856) lv:100.3% dts:293.835 pts:293.919
2024-11-28 16:00:05.621 T:4489 debug : CAMLCodec::ReleaseFrame idx:8191, drop:0
2024-11-28 16:00:05.623 T:6455 debug : CAMLCodec::AddData: skip add data dl:15545238 fl:177258 sz:233788(233856) lv:100.3% dts:293.835 pts:293.919
2024-11-28 16:00:05.657 T:6455 info : Skipped 20 duplicate messages..
2024-11-28 16:00:05.657 T:6455 debug : CAMLCodec::AddData: dl:15500886 fl:221610 sz:233788(233856) lv:98.6% dts:293.835 pts:293.919
2024-11-28 16:00:05.657 T:4489 debug : CAMLCodec::PollFrame elapsed:35.225ms
2024-11-28 16:00:05.657 T:6455 debug : CAMLCodec::DequeueBuffer: pts:291.833 idx:8197
2024-11-28 16:00:05.657 T:6455 debug : CAMLCodec::GetPicture: index: 8197, pts: 291.833, dur:41.000ms ar:1.78 elf:42ms
2024-11-28 16:00:05.657 T:6455 debug : CVideoPlayerVideo::OutputPicture - ttd:396ms pts:291.833 Clock:291.437 Level:5
2024-11-28 16:00:05.661 T:4489 debug : PrepareNextRender: frameOnScreen: 291.441 renderPts: 291.644 nextFramePts: 291.625 -> diff: 0.019 render: 1 forceNext: 0
2024-11-28 16:00:05.661 T:6455 debug : CAMLCodec::AddData: dl:15689682 fl:32814 sz:188767(188864) lv:99.8% dts:293.877 pts:293.877
2024-11-28 16:00:05.662 T:6455 debug : CAMLCodec::AddData: skip add data dl:15689585 fl:32911 sz:186337(186432) lv:100.9% dts:293.919 pts:293.960
2024-11-28 16:00:05.663 T:4489 debug : CAMLCodec::ReleaseFrame idx:8192, drop:0
2024-11-28 16:00:05.663 T:6455 debug : CAMLCodec::AddData: skip add data dl:15689585 fl:32911 sz:186337(186432) lv:100.9% dts:293.919 pts:293.960
2024-11-28 16:00:05.664 T:6452 debug : CVideoPlayer::ProcessVideoData size:291591 dts:299.758 pts:299.800 dur:41.000ms, clock:291.444 level:73
2024-11-28 16:00:05.665 T:6455 debug : CAMLCodec::AddData: skip add data dl:15689585 fl:32911 sz:186337(186432) lv:100.9% dts:293.919 pts:293.960
2024-11-28 16:00:05.666 T:6452 debug : CVideoPlayer::ProcessVideoData size:359531 dts:299.800 pts:299.925 dur:41.000ms, clock:291.446 level:100
2024-11-28 16:00:05.666 T:6455 debug : CAMLCodec::AddData: skip add data dl:15689585 fl:32911 sz:186337(186432) lv:100.9% dts:293.919 pts:293.960
2024-11-28 16:00:05.698 T:4489 info : Skipped 22 duplicate messages..
2024-11-28 16:00:05.698 T:4489 debug : CAMLCodec::PollFrame elapsed:34.694ms
2024-11-28 16:00:05.698 T:6455 debug : CAMLCodec::DequeueBuffer: pts:291.875 idx:8198
2024-11-28 16:00:05.698 T:6455 debug : CAMLCodec::GetPicture: index: 8198, pts: 291.875, dur:42.000ms ar:1.78 elf:40ms
2024-11-28 16:00:05.698 T:6455 debug : CVideoPlayerVideo::OutputPicture - ttd:397ms pts:291.875 Clock:291.478 Level:5
2024-11-28 16:00:05.702 T:4489 debug : PrepareNextRender: frameOnScreen: 291.481 renderPts: 291.685 nextFramePts: 291.666 -> diff: 0.019 render: 1 forceNext: 0
2024-11-28 16:00:05.702 T:6455 debug : CAMLCodec::AddData: dl:15599473 fl:123023 sz:186337(186432) lv:99.2% dts:293.919 pts:293.960
2024-11-28 16:00:05.702 T:6455 debug : CAMLCodec::AddData: skip add data dl:15599378 fl:123118 sz:244703(244800) lv:100.7% dts:293.960 pts:294.085
2024-11-28 16:00:05.704 T:4489 debug : CAMLCodec::ReleaseFrame idx:8193, drop:0
2024-11-28 16:00:05.704 T:6455 debug : CAMLCodec::AddData: skip add data dl:15599378 fl:123118 sz:244703(244800) lv:100.7% dts:293.960 pts:294.085
2024-11-28 16:00:05.737 T:4489 info : Skipped 24 duplicate messages..
2024-11-28 16:00:05.737 T:4489 debug : CAMLCodec::PollFrame elapsed:32.360ms
2024-11-28 16:00:05.738 T:6455 debug : CAMLCodec::DequeueBuffer: pts:291.917 idx:8199
2024-11-28 16:00:05.738 T:6455 debug : CAMLCodec::GetPicture: index: 8199, pts: 291.917, dur:42.000ms ar:1.78 elf:39ms
2024-11-28 16:00:05.738 T:6455 debug : CVideoPlayerVideo::OutputPicture - ttd:399ms pts:291.917 Clock:291.518 Level:5
2024-11-28 16:00:05.739 T:4489 debug : PrepareNextRender: frameOnScreen: 291.519 renderPts: 291.722 nextFramePts: 291.708 -> diff: 0.014 render: 1 forceNext: 0
2024-11-28 16:00:05.742 T:4489 debug : CAMLCodec::ReleaseFrame idx:8194, drop:0
2024-11-28 16:00:05.742 T:6455 debug : CAMLCodec::AddData: dl:15519122 fl:203374 sz:244703(244800) lv:98.7% dts:293.960 pts:294.085
2024-11-28 16:00:05.745 T:6455 debug : CAMLCodec::AddData: dl:15717361 fl:5135 sz:198221(198336) lv:99.9% dts:294.002 pts:294.044
2024-11-28 16:00:05.746 T:6455 debug : CAMLCodec::AddData: skip add data dl:15717246 fl:5250 sz:189143(189248) lv:101.1% dts:294.044 pts:294.127
2024-11-28 16:00:05.748 T:6452 info : Skipped 1 duplicate messages..
2024-11-28 16:00:05.748 T:6452 debug : CVideoPlayer::ProcessVideoData size:296275 dts:299.841 pts:299.883 dur:41.000ms, clock:291.528 level:72
2024-11-28 16:00:05.749 T:6455 debug : CAMLCodec::AddData: skip add data dl:15717246 fl:5250 sz:189143(189248) lv:101.1% dts:294.044 pts:294.127
2024-11-28 16:00:05.778 T:4489 info : Skipped 23 duplicate messages..
2024-11-28 16:00:05.778 T:4489 debug : CAMLCodec::PollFrame elapsed:35.932ms
2024-11-28 16:00:05.781 T:6455 debug : CAMLCodec::AddData: dl:15623998 fl:98498 sz:189143(189248) lv:99.3% dts:294.044 pts:294.127
2024-11-28 16:00:05.781 T:6455 debug : CAMLCodec::DequeueBuffer: pts:291.958 idx:8200
2024-11-28 16:00:05.781 T:6455 debug : CAMLCodec::GetPicture: index: 8200, pts: 291.958, dur:41.000ms ar:1.78 elf:43ms
2024-11-28 16:00:05.782 T:6455 debug : CVideoPlayerVideo::OutputPicture - ttd:396ms pts:291.958 Clock:291.561 Level:5
2024-11-28 16:00:05.783 T:4489 debug : PrepareNextRender: frameOnScreen: 291.562 renderPts: 291.766 nextFramePts: 291.750 -> diff: 0.016 render: 1 forceNext: 0
2024-11-28 16:00:05.783 T:6452 debug : CVideoPlayer::ProcessVideoData size:512927 dts:299.883 pts:300.008 dur:41.000ms, clock:291.562 level:72
2024-11-28 16:00:05.784 T:6455 debug : CAMLCodec::DequeueBuffer: pts:292.000 idx:8201
2024-11-28 16:00:05.785 T:6455 debug : CAMLCodec::GetPicture: index: 8201, pts: 292.000, dur:42.000ms ar:1.78 elf:2ms
2024-11-28 16:00:05.785 T:6455 debug : CVideoPlayerVideo::OutputPicture - ttd:435ms pts:292.000 Clock:291.564 Level:5
2024-11-28 16:00:05.785 T:4489 debug : CAMLCodec::ReleaseFrame idx:8195, drop:0
2024-11-28 16:00:05.786 T:6455 debug : CAMLCodec::DequeueBuffer: pts:292.042 idx:8202
2024-11-28 16:00:05.786 T:6455 debug : CAMLCodec::GetPicture: index: 8202, pts: 292.042, dur:42.000ms ar:1.78 elf:1ms
2024-11-28 16:00:05.787 T:6455 debug : CVideoPlayerVideo::OutputPicture - ttd:475ms pts:292.042 Clock:291.566 Level:6
2024-11-28 16:00:05.788 T:6455 debug : CAMLCodec::DequeueBuffer: pts:292.083 idx:8203
2024-11-28 16:00:05.788 T:6455 debug : CAMLCodec::GetPicture: index: 8203, pts: 292.083, dur:41.000ms ar:1.78 elf:1ms
2024-11-28 16:00:05.788 T:6455 debug : CVideoPlayerVideo::OutputPicture - ttd:515ms pts:292.083 Clock:291.567 Level:7
2024-11-28 16:00:05.790 T:6455 debug : CAMLCodec::AddData: skip add data dl:15623893 fl:98603 sz:321866(321984) lv:101.4% dts:294.085 pts:294.503
2024-11-28 16:00:05.820 T:4489 info : Skipped 21 duplicate messages..
2024-11-28 16:00:05.820 T:4489 debug : CAMLCodec::PollFrame elapsed:34.676ms
2024-11-28 16:00:05.824 T:6455 debug : CAMLCodec::AddData: dl:15473685 fl:248811 sz:321866(321984) lv:98.4% dts:294.085 pts:294.503
2024-11-28 16:00:05.824 T:4489 debug : PrepareNextRender: frameOnScreen: 291.604 renderPts: 291.809 nextFramePts: 291.792 -> diff: 0.017 render: 1 forceNext: 0
2024-11-28 16:00:05.827 T:4489 debug : CAMLCodec::ReleaseFrame idx:8196, drop:0
2024-11-28 16:00:05.827 T:6455 debug : CAMLCodec::AddData: dl:15727327 fl:-4831 sz:253695(253760) lv:100.0% dts:294.127 pts:294.336
2024-11-28 16:00:05.828 T:6455 debug : CAMLCodec::AddData: skip add data dl:15722496 fl:0 sz:245202(245312) lv:100.0% dts:294.169 pts:294.252
2024-11-28 16:00:05.845 T:6452 info : Skipped 11 duplicate messages..
2024-11-28 16:00:05.845 T:6452 debug : CVideoPlayer::ProcessVideoData size:464559 dts:299.925 pts:300.342 dur:41.000ms, clock:291.624 level:71
2024-11-28 16:00:05.845 T:6455 debug : CAMLCodec::AddData: skip add data dl:15722496 fl:0 sz:245202(245312) lv:100.0% dts:294.169 pts:294.252
2024-11-28 16:00:05.862 T:4489 info : Skipped 11 duplicate messages..
2024-11-28 16:00:05.862 T:4489 debug : CAMLCodec::PollFrame elapsed:34.134ms
2024-11-28 16:00:05.865 T:4489 debug : PrepareNextRender: frameOnScreen: 291.644 renderPts: 291.850 nextFramePts: 291.833 -> diff: 0.017 render: 1 forceNext: 0
2024-11-28 16:00:05.865 T:6455 debug : CAMLCodec::AddData: dl:15555392 fl:167104 sz:245202(245312) lv:98.9% dts:294.169 pts:294.252
2024-11-28 16:00:05.866 T:6455 debug : CAMLCodec::AddData: skip add data dl:15560048 fl:162448 sz:192606(192704) lv:100.2% dts:294.211 pts:294.211
2024-11-28 16:00:05.868 T:4489 info : Skipped 1 duplicate messages..
2024-11-28 16:00:05.868 T:4489 debug : CAMLCodec::ReleaseFrame idx:8197, drop:0
2024-11-28 16:00:05.868 T:6455 debug : CAMLCodec::AddData: skip add data dl:15560048 fl:162448 sz:192606(192704) lv:100.2% dts:294.211 pts:294.211
2024-11-28 16:00:05.903 T:4489 info : Skipped 28 duplicate messages..
2024-11-28 16:00:05.903 T:4489 debug : CAMLCodec::PollFrame elapsed:34.744ms
2024-11-28 16:00:05.903 T:6455 debug : CAMLCodec::AddData: skip add data dl:15560048 fl:162448 sz:192606(192704) lv:100.2% dts:294.211 pts:294.211
2024-11-28 16:00:05.907 T:4489 debug : PrepareNextRender: frameOnScreen: 291.686 renderPts: 291.892 nextFramePts: 291.875 -> diff: 0.017 render: 1 forceNext: 0
2024-11-28 16:00:05.907 T:6452 debug : CVideoPlayer::ProcessVideoData size:359610 dts:299.966 pts:300.175 dur:41.000ms, clock:291.687 level:71
2024-11-28 16:00:05.907 T:6455 debug : CAMLCodec::AddData: dl:15424368 fl:298128 sz:192606(192704) lv:98.1% dts:294.211 pts:294.211
2024-11-28 16:00:05.910 T:6455 debug : CAMLCodec::AddData: dl:15609934 fl:112562 sz:185544(185664) lv:99.2% dts:294.252 pts:294.294
2024-11-28 16:00:05.911 T:6455 debug : CAMLCodec::AddData: skip add data dl:15609814 fl:112682 sz:238856(238976) lv:100.8% dts:294.294 pts:294.419
2024-11-28 16:00:05.912 T:4489 debug : CAMLCodec::ReleaseFrame idx:8198, drop:0
2024-11-28 16:00:05.913 T:6455 debug : CAMLCodec::AddData: skip add data dl:15609814 fl:112682 sz:238856(238976) lv:100.8% dts:294.294 pts:294.419
2024-11-28 16:00:05.945 T:4489 info : Skipped 23 duplicate messages..
2024-11-28 16:00:05.945 T:4489 debug : CAMLCodec::PollFrame elapsed:33.276ms
2024-11-28 16:00:05.947 T:6455 debug : CAMLCodec::AddData: dl:15519190 fl:203306 sz:238856(238976) lv:98.7% dts:294.294 pts:294.419
2024-11-28 16:00:05.948 T:6455 debug : CAMLCodec::DequeueBuffer: pts:292.125 idx:8204
2024-11-28 16:00:05.948 T:6455 debug : CAMLCodec::GetPicture: index: 8204, pts: 292.125, dur:42.000ms ar:1.78 elf:159ms
2024-11-28 16:00:05.948 T:6455 debug : CVideoPlayerVideo::OutputPicture - ttd:397ms pts:292.125 Clock:291.728 Level:5
2024-11-28 16:00:05.949 T:4489 debug : PrepareNextRender: frameOnScreen: 291.729 renderPts: 291.934 nextFramePts: 291.917 -> diff: 0.017 render: 1 forceNext: 0
2024-11-28 16:00:05.949 T:6452 debug : CVideoPlayer::ProcessVideoData size:358110 dts:300.008 pts:300.091 dur:41.000ms, clock:291.729 level:71
2024-11-28 16:00:05.952 T:6455 debug : CAMLCodec::AddData: dl:15705694 fl:16802 sz:186527(186624) lv:99.9% dts:294.336 pts:294.377
2024-11-28 16:00:05.953 T:6455 debug : CAMLCodec::AddData: skip add data dl:15705597 fl:16899 sz:198916(199040) lv:101.1% dts:294.377 pts:294.461
2024-11-28 16:00:05.955 T:4489 debug : CAMLCodec::ReleaseFrame idx:8199, drop:0
2024-11-28 16:00:05.955 T:6455 debug : CAMLCodec::AddData: skip add data dl:15705597 fl:16899 sz:198916(199040) lv:101.1% dts:294.377 pts:294.461
2024-11-28 16:00:05.971 T:6452 info : Skipped 11 duplicate messages..
2024-11-28 16:00:05.971 T:6452 debug : CVideoPlayer::ProcessVideoData size:292854 dts:300.050 pts:300.050 dur:41.000ms, clock:291.750 level:100
2024-11-28 16:00:05.973 T:6455 debug : CAMLCodec::AddData: skip add data dl:15705597 fl:16899 sz:198916(199040) lv:101.1% dts:294.377 pts:294.461
2024-11-28 16:00:05.987 T:4489 info : Skipped 9 duplicate messages..
2024-11-28 16:00:05.987 T:4489 debug : CAMLCodec::PollFrame elapsed:31.618ms
2024-11-28 16:00:05.987 T:6455 debug : CAMLCodec::DequeueBuffer: pts:292.167 idx:8205
2024-11-28 16:00:05.987 T:6455 debug : CAMLCodec::GetPicture: index: 8205, pts: 292.167, dur:42.000ms ar:1.78 elf:39ms
2024-11-28 16:00:05.987 T:6455 debug : CVideoPlayerVideo::OutputPicture - ttd:400ms pts:292.167 Clock:291.767 Level:5
2024-11-28 16:00:05.990 T:4489 debug : PrepareNextRender: frameOnScreen: 291.769 renderPts: 291.975 nextFramePts: 291.958 -> diff: 0.017 render: 1 forceNext: 0
2024-11-28 16:00:05.991 T:6455 debug : CAMLCodec::AddData: dl:15647485 fl:75011 sz:198916(199040) lv:99.5% dts:294.377 pts:294.461
2024-11-28 16:00:05.992 T:6455 debug : CAMLCodec::AddData: skip add data dl:15647361 fl:75135 sz:325140(325248) lv:101.6% dts:294.419 pts:294.795
2024-11-28 16:00:05.993 T:4489 debug : CAMLCodec::ReleaseFrame idx:8200, drop:0
2024-11-28 16:00:05.994 T:6455 debug : CAMLCodec::AddData: skip add data dl:15647361 fl:75135 sz:325140(325248) lv:101.6% dts:294.419 pts:294.795
2024-11-28 16:00:06.003 T:6452 info : Skipped 5 duplicate messages..
2024-11-28 16:00:06.002 T:6452 debug : CVideoPlayer::ProcessVideoData size:294291 dts:300.091 pts:300.133 dur:41.000ms, clock:291.782 level:100
2024-11-28 16:00:06.004 T:6455 debug : CAMLCodec::AddData: skip add data dl:15647361 fl:75135 sz:325140(325248) lv:101.6% dts:294.419 pts:294.795
2024-11-28 16:00:06.029 T:4489 info : Skipped 16 duplicate messages..
2024-11-28 16:00:06.028 T:4489 debug : CAMLCodec::PollFrame elapsed:35.738ms
2024-11-28 16:00:06.029 T:6455 debug : CAMLCodec::AddData: skip add data dl:15647361 fl:75135 sz:325140(325248) lv:101.6% dts:294.419 pts:294.795
2024-11-28 16:00:06.031 T:6455 debug : CAMLCodec::DequeueBuffer: pts:292.209 idx:8206
2024-11-28 16:00:06.031 T:6455 debug : CAMLCodec::GetPicture: index: 8206, pts: 292.209, dur:42.000ms ar:1.78 elf:43ms
2024-11-28 16:00:06.031 T:6455 debug : CVideoPlayerVideo::OutputPicture - ttd:398ms pts:292.209 Clock:291.811 Level:5
2024-11-28 16:00:06.031 T:4489 debug : PrepareNextRender: frameOnScreen: 291.811 renderPts: 292.016 nextFramePts: 292.000 -> diff: 0.016 render: 1 forceNext: 0
2024-11-28 16:00:06.034 T:4489 debug : CAMLCodec::ReleaseFrame idx:8201, drop:0
2024-11-28 16:00:06.035 T:6455 debug : CAMLCodec::AddData: dl:15699393 fl:23103 sz:325140(325248) lv:99.8% dts:294.419 pts:294.795
2024-11-28 16:00:06.036 T:6455 debug : CAMLCodec::AddData: skip add data dl:15699285 fl:23211 sz:256070(256192) lv:101.4% dts:294.461 pts:294.669
2024-11-28 16:00:06.070 T:6455 info : Skipped 24 duplicate messages..
2024-11-28 16:00:06.070 T:6455 debug : CAMLCodec::DequeueBuffer: pts:292.250 idx:8207
2024-11-28 16:00:06.070 T:4489 debug : CAMLCodec::PollFrame elapsed:35.406ms
2024-11-28 16:00:06.070 T:6455 debug : CAMLCodec::GetPicture: index: 8207, pts: 292.250, dur:41.000ms ar:1.78 elf:39ms
2024-11-28 16:00:06.070 T:6455 debug : CVideoPlayerVideo::OutputPicture - ttd:399ms pts:292.250 Clock:291.850 Level:5
2024-11-28 16:00:06.074 T:4489 debug : PrepareNextRender: frameOnScreen: 291.854 renderPts: 292.059 nextFramePts: 292.042 -> diff: 0.017 render: 1 forceNext: 0
2024-11-28 16:00:06.074 T:6455 debug : CAMLCodec::AddData: dl:15625685 fl:96811 sz:256070(256192) lv:99.3% dts:294.461 pts:294.669
2024-11-28 16:00:06.076 T:6455 debug : CAMLCodec::AddData: skip add data dl:15625563 fl:96933 sz:245466(245568) lv:100.9% dts:294.503 pts:294.586
2024-11-28 16:00:06.076 T:6452 debug : CVideoPlayer::ProcessVideoData size:350243 dts:300.133 pts:300.258 dur:41.000ms, clock:291.855 level:70
2024-11-28 16:00:06.078 T:6455 debug : CAMLCodec::AddData: skip add data dl:15625563 fl:96933 sz:245466(245568) lv:100.9% dts:294.503 pts:294.586
2024-11-28 16:00:06.078 T:4489 debug : CAMLCodec::ReleaseFrame idx:8202, drop:0
2024-11-28 16:00:06.080 T:6455 debug : CAMLCodec::AddData: skip add data dl:15625563 fl:96933 sz:245466(245568) lv:100.9% dts:294.503 pts:294.586
2024-11-28 16:00:06.097 T:6452 info : Skipped 12 duplicate messages..
2024-11-28 16:00:06.097 T:6452 debug : CVideoPlayer::ProcessVideoData size:294091 dts:300.175 pts:300.217 dur:41.000ms, clock:291.877 level:100
2024-11-28 16:00:06.098 T:6455 debug : CAMLCodec::AddData: skip add data dl:15625563 fl:96933 sz:245466(245568) lv:100.9% dts:294.503 pts:294.586
2024-11-28 16:00:06.112 T:4489 info : Skipped 9 duplicate messages..
2024-11-28 16:00:06.112 T:4489 debug : CAMLCodec::PollFrame elapsed:33.335ms
2024-11-28 16:00:06.114 T:6455 debug : CAMLCodec::AddData: dl:15599771 fl:122725 sz:245466(245568) lv:99.2% dts:294.503 pts:294.586
2024-11-28 16:00:06.114 T:6455 debug : CAMLCodec::DequeueBuffer: pts:292.292 idx:8208
2024-11-28 16:00:06.114 T:6455 debug : CAMLCodec::GetPicture: index: 8208, pts: 292.292, dur:42.000ms ar:1.78 elf:43ms
2024-11-28 16:00:06.114 T:6455 debug : CVideoPlayerVideo::OutputPicture - ttd:397ms pts:292.292 Clock:291.894 Level:5
2024-11-28 16:00:06.115 T:4489 debug : PrepareNextRender: frameOnScreen: 291.895 renderPts: 292.100 nextFramePts: 292.083 -> diff: 0.017 render: 1 forceNext: 0
2024-11-28 16:00:06.116 T:6455 debug : CAMLCodec::AddData: skip add data dl:15599669 fl:122827 sz:193261(193344) lv:100.4% dts:294.544 pts:294.544
2024-11-28 16:00:06.118 T:4489 info : Skipped 1 duplicate messages..
2024-11-28 16:00:06.118 T:4489 debug : CAMLCodec::ReleaseFrame idx:8203, drop:0
2024-11-28 16:00:06.119 T:6455 debug : CAMLCodec::AddData: skip add data dl:15599669 fl:122827 sz:193261(193344) lv:100.4% dts:294.544 pts:294.544
2024-11-28 16:00:06.154 T:4489 info : Skipped 29 duplicate messages..
2024-11-28 16:00:06.154 T:4489 debug : CAMLCodec::PollFrame elapsed:35.077ms
2024-11-28 16:00:06.154 T:6455 debug : CAMLCodec::DequeueBuffer: pts:292.334 idx:8209
2024-11-28 16:00:06.155 T:6455 debug : CAMLCodec::GetPicture: index: 8209, pts: 292.334, dur:42.000ms ar:1.78 elf:40ms
2024-11-28 16:00:06.155 T:6455 debug : CVideoPlayerVideo::OutputPicture - ttd:399ms pts:292.334 Clock:291.934 Level:5
2024-11-28 16:00:06.157 T:4489 debug : PrepareNextRender: frameOnScreen: 291.937 renderPts: 292.142 nextFramePts: 292.125 -> diff: 0.017 render: 1 forceNext: 0
2024-11-28 16:00:06.158 T:6455 debug : CAMLCodec::AddData: dl:15512373 fl:210123 sz:193261(193344) lv:98.6% dts:294.544 pts:294.544
2024-11-28 16:00:06.160 T:4489 debug : CAMLCodec::ReleaseFrame idx:8204, drop:0
2024-11-28 16:00:06.161 T:6455 debug : CAMLCodec::AddData: dl:15697506 fl:24990 sz:185145(185216) lv:99.8% dts:294.586 pts:294.628
2024-11-28 16:00:06.162 T:6455 debug : CAMLCodec::AddData: skip add data dl:15697435 fl:25061 sz:242059(242176) lv:101.3% dts:294.628 pts:294.753
2024-11-28 16:00:06.169 T:6452 info : Skipped 5 duplicate messages..
2024-11-28 16:00:06.169 T:6452 debug : CVideoPlayer::ProcessVideoData size:287034 dts:300.217 pts:300.300 dur:41.000ms, clock:291.949 level:70
2024-11-28 16:00:06.171 T:6455 debug : CAMLCodec::AddData: skip add data dl:15697435 fl:25061 sz:242059(242176) lv:101.3% dts:294.628 pts:294.753
2024-11-28 16:00:06.195 T:4489 info : Skipped 17 duplicate messages..
2024-11-28 16:00:06.195 T:4489 debug : CAMLCodec::PollFrame elapsed:34.615ms
2024-11-28 16:00:06.196 T:6455 debug : CAMLCodec::DequeueBuffer: pts:292.375 idx:8210
2024-11-28 16:00:06.196 T:6455 debug : CAMLCodec::GetPicture: index: 8210, pts: 292.375, dur:41.000ms ar:1.78 elf:41ms
2024-11-28 16:00:06.196 T:6455 debug : CVideoPlayerVideo::OutputPicture - ttd:399ms pts:292.375 Clock:291.976 Level:5
2024-11-28 16:00:06.199 T:4489 debug : PrepareNextRender: frameOnScreen: 291.979 renderPts: 292.184 nextFramePts: 292.167 -> diff: 0.017 render: 1 forceNext: 0
2024-11-28 16:00:06.201 T:6455 debug : CAMLCodec::AddData: dl:15519707 fl:202789 sz:242059(242176) lv:98.7% dts:294.628 pts:294.753
2024-11-28 16:00:06.202 T:4489 debug : CAMLCodec::ReleaseFrame idx:8205, drop:0
2024-11-28 16:00:06.204 T:6455 debug : CAMLCodec::AddData: dl:15707558 fl:14938 sz:187861(187968) lv:99.9% dts:294.669 pts:294.711
2024-11-28 16:00:06.205 T:6455 debug : CAMLCodec::AddData: skip add data dl:15707451 fl:15045 sz:410699(410816) lv:102.5% dts:294.711 pts:294.836
2024-11-28 16:00:06.206 T:6452 debug : CVideoPlayer::ProcessVideoData size:476218 dts:300.258 pts:300.467 dur:41.000ms, clock:291.986 level:69
2024-11-28 16:00:06.208 T:6455 debug : CAMLCodec::AddData: skip add data dl:15707451 fl:15045 sz:410699(410816) lv:102.5% dts:294.711 pts:294.836
2024-11-28 16:00:06.237 T:6455 info : Skipped 15 duplicate messages..
2024-11-28 16:00:06.237 T:6455 debug : CAMLCodec::AddData: skip add data dl:15364027 fl:358469 sz:410699(410816) lv:100.3% dts:294.711 pts:294.836
2024-11-28 16:00:06.237 T:4489 debug : CAMLCodec::PollFrame elapsed:34.626ms
2024-11-28 16:00:06.239 T:6455 debug : CAMLCodec::DequeueBuffer: pts:292.417 idx:8211
2024-11-28 16:00:06.239 T:6455 debug : CAMLCodec::GetPicture: index: 8211, pts: 292.417, dur:42.000ms ar:1.78 elf:42ms
2024-11-28 16:00:06.239 T:6455 debug : CVideoPlayerVideo::OutputPicture - ttd:398ms pts:292.417 Clock:292.018 Level:5
2024-11-28 16:00:06.240 T:6452 debug : CVideoPlayer::ProcessVideoData size:362703 dts:300.300 pts:300.425 dur:41.000ms, clock:292.019 level:100
2024-11-28 16:00:06.242 T:4489 debug : PrepareNextRender: frameOnScreen: 292.021 renderPts: 292.227 nextFramePts: 292.209 -> diff: 0.018 render: 1 forceNext: 0
