2024-11-28 16:00:03.534 T:6452 debug : CVideoPlayer::ProcessVideoData size:359478 dts:297.798 pts:297.923 dur:41.000ms, clock:289.271 level:76
2024-11-28 16:00:03.534 T:6455 debug : CAMLCodec::AddData: dl:15689504 fl:32992 sz:279340(279424) lv:99.8% dts:291.666 pts:291.750
2024-11-28 16:00:03.534 T:4489 debug : PrepareNextRender: frameOnScreen: 289.272 renderPts: 289.475 nextFramePts: 289.456 -> diff: 0.019 render: 1 forceNext: 0
2024-11-28 16:00:03.535 T:6455 debug : CAMLCodec::AddData: skip add data dl:15689420 fl:33076 sz:432900(433024) lv:102.5% dts:291.708 pts:292.083
2024-11-28 16:00:03.537 T:4489 info : Skipped 1 duplicate messages..
2024-11-28 16:00:03.537 T:4489 debug : CAMLCodec::ReleaseFrame idx:8140, drop:0
2024-11-28 16:00:03.539 T:6455 debug : CAMLCodec::AddData: skip add data dl:15689420 fl:33076 sz:432900(433024) lv:102.5% dts:291.708 pts:292.083
2024-11-28 16:00:03.571 T:6455 info : Skipped 16 duplicate messages..
2024-11-28 16:00:03.571 T:6455 debug : CAMLCodec::AddData: dl:15682444 fl:40052 sz:432900(433024) lv:99.7% dts:291.708 pts:292.083
2024-11-28 16:00:03.571 T:6455 debug : CAMLCodec::DequeueBuffer: pts:289.706 idx:8146
2024-11-28 16:00:03.571 T:6455 debug : CAMLCodec::GetPicture: index: 8146, pts: 289.706, dur:42.000ms ar:1.78 elf:41ms
2024-11-28 16:00:03.572 T:6455 debug : CVideoPlayerVideo::OutputPicture - ttd:396ms pts:289.706 Clock:289.309 Level:5
2024-11-28 16:00:03.572 T:4489 debug : CAMLCodec::PollFrame elapsed:34.601ms
2024-11-28 16:00:03.574 T:6455 debug : CAMLCodec::AddData: skip add data dl:15682320 fl:40176 sz:340170(340288) lv:101.9% dts:291.750 pts:291.958
2024-11-28 16:00:03.576 T:6452 info : Skipped 1 duplicate messages..
2024-11-28 16:00:03.576 T:6452 debug : CVideoPlayer::ProcessVideoData size:297767 dts:297.839 pts:297.881 dur:41.000ms, clock:289.314 level:76
2024-11-28 16:00:03.577 T:4489 debug : PrepareNextRender: frameOnScreen: 289.315 renderPts: 289.518 nextFramePts: 289.498 -> diff: 0.020 render: 1 forceNext: 0
2024-11-28 16:00:03.578 T:6455 debug : CAMLCodec::AddData: skip add data dl:15682320 fl:40176 sz:340170(340288) lv:101.9% dts:291.750 pts:291.958
2024-11-28 16:00:03.581 T:4489 info : Skipped 1 duplicate messages..
2024-11-28 16:00:03.581 T:4489 debug : CAMLCodec::ReleaseFrame idx:8141, drop:0
2024-11-28 16:00:03.581 T:6455 debug : CAMLCodec::AddData: skip add data dl:15682320 fl:40176 sz:340170(340288) lv:101.9% dts:291.750 pts:291.958
2024-11-28 16:00:03.610 T:6455 info : Skipped 19 duplicate messages..
2024-11-28 16:00:03.610 T:6455 debug : CAMLCodec::DequeueBuffer: pts:289.748 idx:8147
2024-11-28 16:00:03.610 T:6455 debug : CAMLCodec::GetPicture: index: 8147, pts: 289.748, dur:42.000ms ar:1.78 elf:38ms
2024-11-28 16:00:03.611 T:6455 debug : CVideoPlayerVideo::OutputPicture - ttd:399ms pts:289.748 Clock:289.348 Level:5
2024-11-28 16:00:03.613 T:4489 debug : CAMLCodec::PollFrame elapsed:32.307ms
2024-11-28 16:00:03.615 T:6455 debug : CAMLCodec::AddData: dl:15658064 fl:64432 sz:340170(340288) lv:99.6% dts:291.750 pts:291.958
2024-11-28 16:00:03.615 T:6455 debug : CAMLCodec::AddData: skip add data dl:15657946 fl:64550 sz:327015(327104) lv:101.6% dts:291.792 pts:291.875
2024-11-28 16:00:03.617 T:4489 info : Skipped 1 duplicate messages..
2024-11-28 16:00:03.617 T:4489 debug : PrepareNextRender: frameOnScreen: 289.355 renderPts: 289.558 nextFramePts: 289.539 -> diff: 0.019 render: 1 forceNext: 0
2024-11-28 16:00:03.618 T:6455 debug : CAMLCodec::AddData: skip add data dl:15657946 fl:64550 sz:327015(327104) lv:101.6% dts:291.792 pts:291.875
2024-11-28 16:00:03.620 T:6452 debug : CVideoPlayer::ProcessVideoData size:496448 dts:297.881 pts:298.006 dur:41.000ms, clock:289.358 level:76
2024-11-28 16:00:03.620 T:6455 debug : CAMLCodec::AddData: skip add data dl:15657946 fl:64550 sz:327015(327104) lv:101.6% dts:291.792 pts:291.875
2024-11-28 16:00:03.622 T:4489 debug : CAMLCodec::ReleaseFrame idx:8142, drop:0
2024-11-28 16:00:03.622 T:6455 debug : CAMLCodec::AddData: skip add data dl:15657946 fl:64550 sz:327015(327104) lv:101.6% dts:291.792 pts:291.875
2024-11-28 16:00:03.655 T:6455 info : Skipped 21 duplicate messages..
2024-11-28 16:00:03.654 T:6455 debug : CAMLCodec::AddData: dl:15629978 fl:92518 sz:327015(327104) lv:99.4% dts:291.792 pts:291.875
2024-11-28 16:00:03.655 T:4489 debug : CAMLCodec::PollFrame elapsed:32.543ms
2024-11-28 16:00:03.655 T:6455 debug : CAMLCodec::DequeueBuffer: pts:289.790 idx:8148
2024-11-28 16:00:03.655 T:6455 debug : CAMLCodec::GetPicture: index: 8148, pts: 289.790, dur:42.000ms ar:1.78 elf:44ms
2024-11-28 16:00:03.655 T:6455 debug : CVideoPlayerVideo::OutputPicture - ttd:397ms pts:289.790 Clock:289.393 Level:5
2024-11-28 16:00:03.657 T:6455 debug : CAMLCodec::AddData: skip add data dl:15629889 fl:92607 sz:278204(278272) lv:101.1% dts:291.833 pts:291.833
2024-11-28 16:00:03.658 T:4489 info : Skipped 1 duplicate messages..
2024-11-28 16:00:03.658 T:4489 debug : PrepareNextRender: frameOnScreen: 289.396 renderPts: 289.600 nextFramePts: 289.581 -> diff: 0.019 render: 1 forceNext: 0
2024-11-28 16:00:03.660 T:6455 debug : CAMLCodec::AddData: skip add data dl:15629889 fl:92607 sz:278204(278272) lv:101.1% dts:291.833 pts:291.833
2024-11-28 16:00:03.661 T:4489 debug : CAMLCodec::ReleaseFrame idx:8143, drop:0
2024-11-28 16:00:03.661 T:6455 debug : CAMLCodec::AddData: skip add data dl:15629889 fl:92607 sz:278204(278272) lv:101.1% dts:291.833 pts:291.833
2024-11-28 16:00:03.695 T:6455 info : Skipped 24 duplicate messages..
2024-11-28 16:00:03.695 T:6455 debug : CAMLCodec::AddData: dl:15627329 fl:95167 sz:278204(278272) lv:99.4% dts:291.833 pts:291.833
2024-11-28 16:00:03.695 T:6455 debug : CAMLCodec::DequeueBuffer: pts:289.831 idx:8149
2024-11-28 16:00:03.695 T:6455 debug : CAMLCodec::GetPicture: index: 8149, pts: 289.831, dur:41.000ms ar:1.78 elf:39ms
2024-11-28 16:00:03.695 T:6455 debug : CVideoPlayerVideo::OutputPicture - ttd:398ms pts:289.831 Clock:289.433 Level:5
2024-11-28 16:00:03.697 T:6455 debug : CAMLCodec::AddData: skip add data dl:15627261 fl:95235 sz:276533(276608) lv:101.1% dts:291.875 pts:291.917
2024-11-28 16:00:03.697 T:4489 debug : CAMLCodec::PollFrame elapsed:35.907ms
2024-11-28 16:00:03.698 T:6455 debug : CAMLCodec::AddData: skip add data dl:15627261 fl:95235 sz:276533(276608) lv:101.1% dts:291.875 pts:291.917
2024-11-28 16:00:03.701 T:4489 info : Skipped 1 duplicate messages..
2024-11-28 16:00:03.701 T:4489 debug : PrepareNextRender: frameOnScreen: 289.439 renderPts: 289.643 nextFramePts: 289.623 -> diff: 0.020 render: 1 forceNext: 0
2024-11-28 16:00:03.702 T:6455 debug : CAMLCodec::AddData: skip add data dl:15627261 fl:95235 sz:276533(276608) lv:101.1% dts:291.875 pts:291.917
2024-11-28 16:00:03.705 T:4489 info : Skipped 1 duplicate messages..
2024-11-28 16:00:03.705 T:4489 debug : CAMLCodec::ReleaseFrame idx:8144, drop:0
2024-11-28 16:00:03.705 T:6455 debug : CAMLCodec::AddData: skip add data dl:15627261 fl:95235 sz:276533(276608) lv:101.1% dts:291.875 pts:291.917
2024-11-28 16:00:03.709 T:6452 info : Skipped 3 duplicate messages..
2024-11-28 16:00:03.709 T:6452 debug : CVideoPlayer::ProcessVideoData size:427291 dts:297.923 pts:298.340 dur:41.000ms, clock:289.447 level:76
2024-11-28 16:00:03.711 T:6455 debug : CAMLCodec::AddData: skip add data dl:15627261 fl:95235 sz:276533(276608) lv:101.1% dts:291.875 pts:291.917
2024-11-28 16:00:03.738 T:4489 info : Skipped 18 duplicate messages..
2024-11-28 16:00:03.738 T:4489 debug : CAMLCodec::PollFrame elapsed:32.927ms
2024-11-28 16:00:03.738 T:6455 debug : CAMLCodec::AddData: dl:15629309 fl:93187 sz:276533(276608) lv:99.4% dts:291.875 pts:291.917
2024-11-28 16:00:03.738 T:6455 debug : CAMLCodec::DequeueBuffer: pts:289.873 idx:8150
2024-11-28 16:00:03.738 T:6455 debug : CAMLCodec::GetPicture: index: 8150, pts: 289.873, dur:42.000ms ar:1.78 elf:43ms
2024-11-28 16:00:03.738 T:6455 debug : CVideoPlayerVideo::OutputPicture - ttd:396ms pts:289.873 Clock:289.476 Level:5
2024-11-28 16:00:03.741 T:6455 debug : CAMLCodec::AddData: skip add data dl:15629234 fl:93262 sz:325077(325184) lv:101.4% dts:291.917 pts:292.042
2024-11-28 16:00:03.742 T:4489 debug : PrepareNextRender: frameOnScreen: 289.479 renderPts: 289.683 nextFramePts: 289.664 -> diff: 0.019 render: 1 forceNext: 0
2024-11-28 16:00:03.742 T:6452 debug : CVideoPlayer::ProcessVideoData size:360152 dts:297.964 pts:298.173 dur:41.000ms, clock:289.480 level:76
2024-11-28 16:00:03.743 T:6455 debug : CAMLCodec::AddData: skip add data dl:15629234 fl:93262 sz:325077(325184) lv:101.4% dts:291.917 pts:292.042
2024-11-28 16:00:03.745 T:4489 debug : CAMLCodec::ReleaseFrame idx:8145, drop:0
2024-11-28 16:00:03.745 T:6455 debug : CAMLCodec::AddData: skip add data dl:15629234 fl:93262 sz:325077(325184) lv:101.4% dts:291.917 pts:292.042
2024-11-28 16:00:03.753 T:6452 info : Skipped 5 duplicate messages..
2024-11-28 16:00:03.753 T:6452 debug : CVideoPlayer::ProcessVideoData size:355457 dts:298.006 pts:298.089 dur:41.000ms, clock:289.491 level:100
2024-11-28 16:00:03.754 T:6455 debug : CAMLCodec::AddData: skip add data dl:15629234 fl:93262 sz:325077(325184) lv:101.4% dts:291.917 pts:292.042
2024-11-28 16:00:03.776 T:6456 info : Skipped 16 duplicate messages..
2024-11-28 16:00:03.776 T:6456 debug : CDVDClock::ErrorAdjust - CVideoPlayerAudio::OutputPacket - error:67053.574564, adjusted:41708.333333
2024-11-28 16:00:03.780 T:4489 debug : CAMLCodec::PollFrame elapsed:34.724ms
2024-11-28 16:00:03.780 T:6455 debug : CAMLCodec::DequeueBuffer: pts:289.915 idx:8151
2024-11-28 16:00:03.780 T:6455 debug : CAMLCodec::GetPicture: index: 8151, pts: 289.915, dur:42.000ms ar:1.78 elf:41ms
2024-11-28 16:00:03.780 T:6455 debug : CVideoPlayerVideo::OutputPicture - ttd:355ms pts:289.915 Clock:289.560 Level:5
2024-11-28 16:00:03.784 T:4489 debug : PrepareNextRender: frameOnScreen: 289.563 renderPts: 289.767 nextFramePts: 289.706 -> diff: 0.061 render: 1 forceNext: 0
2024-11-28 16:00:03.784 T:4489 debug : CAMLCodec::ReleaseFrame idx:8146, drop:1
2024-11-28 16:00:03.784 T:6455 debug : CAMLCodec::AddData: dl:15610802 fl:111694 sz:325077(325184) lv:99.3% dts:291.917 pts:292.042
2024-11-28 16:00:03.785 T:6455 debug : CAMLCodec::AddData: skip add data dl:15610695 fl:111801 sz:282477(282560) lv:101.0% dts:291.958 pts:292.000
2024-11-28 16:00:03.786 T:4489 debug : CAMLCodec::ReleaseFrame idx:8147, drop:0
2024-11-28 16:00:03.786 T:6455 debug : CAMLCodec::AddData: skip add data dl:15610695 fl:111801 sz:282477(282560) lv:101.0% dts:291.958 pts:292.000
2024-11-28 16:00:03.821 T:4489 info : Skipped 26 duplicate messages..
2024-11-28 16:00:03.821 T:4489 debug : CAMLCodec::PollFrame elapsed:35.129ms
2024-11-28 16:00:03.822 T:6455 debug : CAMLCodec::AddData: dl:15609735 fl:112761 sz:282477(282560) lv:99.2% dts:291.958 pts:292.000
2024-11-28 16:00:03.822 T:6455 debug : CAMLCodec::DequeueBuffer: pts:289.956 idx:8152
2024-11-28 16:00:03.822 T:6455 debug : CAMLCodec::GetPicture: index: 8152, pts: 289.956, dur:41.000ms ar:1.78 elf:41ms
2024-11-28 16:00:03.822 T:6455 debug : CVideoPlayerVideo::OutputPicture - ttd:354ms pts:289.956 Clock:289.602 Level:4
2024-11-28 16:00:03.824 T:6455 debug : CAMLCodec::DequeueBuffer: pts:289.998 idx:8153
2024-11-28 16:00:03.824 T:6455 debug : CAMLCodec::GetPicture: index: 8153, pts: 289.998, dur:42.000ms ar:1.78 elf:1ms
2024-11-28 16:00:03.824 T:6455 debug : CVideoPlayerVideo::OutputPicture - ttd:394ms pts:289.998 Clock:289.603 Level:5
2024-11-28 16:00:03.824 T:4489 debug : PrepareNextRender: frameOnScreen: 289.604 renderPts: 289.807 nextFramePts: 289.790 -> diff: 0.017 render: 1 forceNext: 0
2024-11-28 16:00:03.825 T:6455 debug : CAMLCodec::DequeueBuffer: pts:290.040 idx:8154
2024-11-28 16:00:03.825 T:6455 debug : CAMLCodec::GetPicture: index: 8154, pts: 290.040, dur:42.000ms ar:1.78 elf:1ms
2024-11-28 16:00:03.825 T:6455 debug : CVideoPlayerVideo::OutputPicture - ttd:435ms pts:290.040 Clock:289.605 Level:5
2024-11-28 16:00:03.826 T:4489 debug : CAMLCodec::ReleaseFrame idx:8148, drop:0
2024-11-28 16:00:03.826 T:6455 debug : CAMLCodec::DequeueBuffer: pts:290.081 idx:8155
2024-11-28 16:00:03.826 T:6455 debug : CAMLCodec::GetPicture: index: 8155, pts: 290.081, dur:41.000ms ar:1.78 elf:1ms
2024-11-28 16:00:03.826 T:6455 debug : CVideoPlayerVideo::OutputPicture - ttd:475ms pts:290.081 Clock:289.606 Level:6
2024-11-28 16:00:03.828 T:6455 debug : CAMLCodec::AddData: skip add data dl:15609652 fl:112844 sz:472229(472320) lv:102.2% dts:292.000 pts:292.125
2024-11-28 16:00:03.835 T:6455 info : Skipped 2 duplicate messages..
2024-11-28 16:00:03.835 T:6455 debug : CAMLCodec::AddData: dl:15595700 fl:126796 sz:472229(472320) lv:99.2% dts:292.000 pts:292.125
2024-11-28 16:00:03.836 T:6452 debug : CVideoPlayer::ProcessVideoData size:293585 dts:298.048 pts:298.048 dur:41.000ms, clock:289.615 level:75
2024-11-28 16:00:03.837 T:6452 debug : CVideoPlayer::ProcessVideoData size:332200 dts:298.089 pts:298.131 dur:41.000ms, clock:289.617 level:75
2024-11-28 16:00:03.838 T:6455 debug : CAMLCodec::AddData: skip add data dl:15595609 fl:126887 sz:412402(412480) lv:101.8% dts:292.042 pts:292.459
2024-11-28 16:00:03.840 T:6452 debug : CVideoPlayer::ProcessVideoData size:390940 dts:298.131 pts:298.256 dur:41.000ms, clock:289.619 level:76
2024-11-28 16:00:03.840 T:6455 debug : CAMLCodec::AddData: skip add data dl:15595609 fl:126887 sz:412402(412480) lv:101.8% dts:292.042 pts:292.459
2024-11-28 16:00:03.863 T:4489 info : Skipped 10 duplicate messages..
2024-11-28 16:00:03.863 T:4489 debug : CAMLCodec::PollFrame elapsed:36.879ms
2024-11-28 16:00:03.866 T:6455 debug : CAMLCodec::AddData: dl:15573593 fl:148903 sz:412402(412480) lv:99.0% dts:292.042 pts:292.459
2024-11-28 16:00:03.867 T:6455 debug : CAMLCodec::AddData: skip add data dl:15573515 fl:148981 sz:328392(328512) lv:101.1% dts:292.083 pts:292.292
2024-11-28 16:00:03.867 T:4489 debug : PrepareNextRender: frameOnScreen: 289.647 renderPts: 289.850 nextFramePts: 289.831 -> diff: 0.019 render: 1 forceNext: 0
2024-11-28 16:00:03.869 T:6455 debug : CAMLCodec::AddData: skip add data dl:15573515 fl:148981 sz:328392(328512) lv:101.1% dts:292.083 pts:292.292
2024-11-28 16:00:03.870 T:4489 debug : CAMLCodec::ReleaseFrame idx:8149, drop:0
2024-11-28 16:00:03.870 T:6455 debug : CAMLCodec::AddData: skip add data dl:15573515 fl:148981 sz:328392(328512) lv:101.1% dts:292.083 pts:292.292
2024-11-28 16:00:03.905 T:4489 info : Skipped 24 duplicate messages..
2024-11-28 16:00:03.905 T:4489 debug : CAMLCodec::PollFrame elapsed:34.603ms
2024-11-28 16:00:03.905 T:6455 debug : CAMLCodec::AddData: dl:15547211 fl:175285 sz:328392(328512) lv:98.8% dts:292.083 pts:292.292
2024-11-28 16:00:03.906 T:6455 debug : CAMLCodec::AddData: skip add data dl:15547091 fl:175405 sz:329608(329728) lv:100.9% dts:292.125 pts:292.209
2024-11-28 16:00:03.909 T:4489 info : Skipped 2 duplicate messages..
2024-11-28 16:00:03.909 T:4489 debug : PrepareNextRender: frameOnScreen: 289.688 renderPts: 289.892 nextFramePts: 289.873 -> diff: 0.019 render: 1 forceNext: 0
2024-11-28 16:00:03.910 T:6455 debug : CAMLCodec::AddData: skip add data dl:15547091 fl:175405 sz:329608(329728) lv:100.9% dts:292.125 pts:292.209
2024-11-28 16:00:03.911 T:4489 debug : CAMLCodec::ReleaseFrame idx:8150, drop:0
2024-11-28 16:00:03.912 T:6455 debug : CAMLCodec::AddData: skip add data dl:15547091 fl:175405 sz:329608(329728) lv:100.9% dts:292.125 pts:292.209
2024-11-28 16:00:03.912 T:6452 debug : CVideoPlayer::ProcessVideoData size:299333 dts:298.173 pts:298.215 dur:41.000ms, clock:289.692 level:76
2024-11-28 16:00:03.914 T:6455 debug : CAMLCodec::AddData: skip add data dl:15547091 fl:175405 sz:329608(329728) lv:100.9% dts:292.125 pts:292.209
2024-11-28 16:00:03.946 T:4489 info : Skipped 21 duplicate messages..
2024-11-28 16:00:03.946 T:4489 debug : CAMLCodec::PollFrame elapsed:34.776ms
2024-11-28 16:00:03.946 T:6455 debug : CAMLCodec::DequeueBuffer: pts:290.123 idx:8156
2024-11-28 16:00:03.946 T:6455 debug : CAMLCodec::GetPicture: index: 8156, pts: 290.123, dur:42.000ms ar:1.78 elf:120ms
2024-11-28 16:00:03.947 T:6455 debug : CVideoPlayerVideo::OutputPicture - ttd:396ms pts:290.123 Clock:289.726 Level:5
2024-11-28 16:00:03.950 T:4489 debug : PrepareNextRender: frameOnScreen: 289.729 renderPts: 289.932 nextFramePts: 289.915 -> diff: 0.017 render: 1 forceNext: 0
2024-11-28 16:00:03.951 T:6455 debug : CAMLCodec::AddData: dl:15541907 fl:180589 sz:329608(329728) lv:98.8% dts:292.125 pts:292.209
2024-11-28 16:00:03.951 T:6455 debug : CAMLCodec::AddData: skip add data dl:15541787 fl:180709 sz:257131(257216) lv:100.4% dts:292.167 pts:292.167
2024-11-28 16:00:03.951 T:4489 debug : CAMLCodec::ReleaseFrame idx:8151, drop:0
2024-11-28 16:00:03.953 T:6455 debug : CAMLCodec::AddData: skip add data dl:15541787 fl:180709 sz:257131(257216) lv:100.4% dts:292.167 pts:292.167
2024-11-28 16:00:03.954 T:6452 info : Skipped 1 duplicate messages..
2024-11-28 16:00:03.954 T:6452 debug : CVideoPlayer::ProcessVideoData size:304116 dts:298.215 pts:298.298 dur:41.000ms, clock:289.734 level:76
2024-11-28 16:00:03.956 T:6455 debug : CAMLCodec::AddData: skip add data dl:15541787 fl:180709 sz:257131(257216) lv:100.4% dts:292.167 pts:292.167
2024-11-28 16:00:03.988 T:6455 info : Skipped 23 duplicate messages..
2024-11-28 16:00:03.988 T:6455 debug : CAMLCodec::AddData: dl:15519643 fl:202853 sz:257131(257216) lv:98.7% dts:292.167 pts:292.167
2024-11-28 16:00:03.988 T:4489 debug : CAMLCodec::PollFrame elapsed:36.701ms
2024-11-28 16:00:03.988 T:6455 debug : CAMLCodec::DequeueBuffer: pts:290.165 idx:8157
2024-11-28 16:00:03.988 T:6455 debug : CAMLCodec::GetPicture: index: 8157, pts: 290.165, dur:42.000ms ar:1.78 elf:41ms
2024-11-28 16:00:03.989 T:6455 debug : CVideoPlayerVideo::OutputPicture - ttd:396ms pts:290.165 Clock:289.768 Level:5
2024-11-28 16:00:03.990 T:6455 debug : CAMLCodec::AddData: skip add data dl:15519558 fl:202938 sz:273194(273280) lv:100.4% dts:292.209 pts:292.250
2024-11-28 16:00:03.992 T:4489 info : Skipped 1 duplicate messages..
2024-11-28 16:00:03.992 T:4489 debug : PrepareNextRender: frameOnScreen: 289.771 renderPts: 289.975 nextFramePts: 289.956 -> diff: 0.019 render: 1 forceNext: 0
2024-11-28 16:00:03.993 T:6455 debug : CAMLCodec::AddData: skip add data dl:15519558 fl:202938 sz:273194(273280) lv:100.4% dts:292.209 pts:292.250
2024-11-28 16:00:03.994 T:4489 debug : CAMLCodec::ReleaseFrame idx:8152, drop:0
2024-11-28 16:00:03.995 T:6455 debug : CAMLCodec::AddData: skip add data dl:15519558 fl:202938 sz:273194(273280) lv:100.4% dts:292.209 pts:292.250
2024-11-28 16:00:04.007 T:6452 info : Skipped 8 duplicate messages..
2024-11-28 16:00:04.007 T:6452 debug : CVideoPlayer::ProcessVideoData size:437709 dts:298.256 pts:298.673 dur:41.000ms, clock:289.786 level:76
2024-11-28 16:00:04.008 T:6455 debug : CAMLCodec::AddData: skip add data dl:15519558 fl:202938 sz:273194(273280) lv:100.4% dts:292.209 pts:292.250
2024-11-28 16:00:04.029 T:6455 info : Skipped 13 duplicate messages..
2024-11-28 16:00:04.029 T:6455 debug : CAMLCodec::AddData: dl:15513606 fl:208890 sz:273194(273280) lv:98.6% dts:292.209 pts:292.250
2024-11-28 16:00:04.029 T:6455 debug : CAMLCodec::DequeueBuffer: pts:290.207 idx:8158
2024-11-28 16:00:04.029 T:6455 debug : CAMLCodec::GetPicture: index: 8158, pts: 290.207, dur:42.000ms ar:1.78 elf:40ms
2024-11-28 16:00:04.029 T:6455 debug : CVideoPlayerVideo::OutputPicture - ttd:398ms pts:290.207 Clock:289.809 Level:5
2024-11-28 16:00:04.031 T:6455 debug : CAMLCodec::AddData: skip add data dl:15513520 fl:208976 sz:329843(329920) lv:100.7% dts:292.250 pts:292.375
2024-11-28 16:00:04.031 T:4489 debug : CAMLCodec::PollFrame elapsed:36.426ms
2024-11-28 16:00:04.032 T:6455 debug : CAMLCodec::AddData: skip add data dl:15513520 fl:208976 sz:329843(329920) lv:100.7% dts:292.250 pts:292.375
2024-11-28 16:00:04.034 T:4489 info : Skipped 1 duplicate messages..
2024-11-28 16:00:04.034 T:4489 debug : PrepareNextRender: frameOnScreen: 289.814 renderPts: 290.017 nextFramePts: 289.998 -> diff: 0.019 render: 1 forceNext: 0
2024-11-28 16:00:04.036 T:6455 debug : CAMLCodec::AddData: skip add data dl:15513520 fl:208976 sz:329843(329920) lv:100.7% dts:292.250 pts:292.375
2024-11-28 16:00:04.036 T:4489 debug : CAMLCodec::ReleaseFrame idx:8153, drop:0
2024-11-28 16:00:04.037 T:6455 debug : CAMLCodec::AddData: skip add data dl:15513520 fl:208976 sz:329843(329920) lv:100.7% dts:292.250 pts:292.375
2024-11-28 16:00:04.039 T:6452 debug : CVideoPlayer::ProcessVideoData size:373090 dts:298.298 pts:298.507 dur:41.000ms, clock:289.818 level:75
2024-11-28 16:00:04.039 T:6455 debug : CAMLCodec::AddData: skip add data dl:15513520 fl:208976 sz:329843(329920) lv:100.7% dts:292.250 pts:292.375
2024-11-28 16:00:04.072 T:4489 info : Skipped 21 duplicate messages..
2024-11-28 16:00:04.072 T:4489 debug : CAMLCodec::PollFrame elapsed:35.024ms
2024-11-28 16:00:04.072 T:6455 debug : CAMLCodec::DequeueBuffer: pts:290.248 idx:8159
2024-11-28 16:00:04.072 T:6455 debug : CAMLCodec::GetPicture: index: 8159, pts: 290.248, dur:41.000ms ar:1.78 elf:42ms
2024-11-28 16:00:04.072 T:6455 debug : CVideoPlayerVideo::OutputPicture - ttd:396ms pts:290.248 Clock:289.852 Level:5
2024-11-28 16:00:04.076 T:6455 debug : CAMLCodec::AddData: dl:15503024 fl:219472 sz:329843(329920) lv:98.6% dts:292.250 pts:292.375
2024-11-28 16:00:04.076 T:4489 debug : PrepareNextRender: frameOnScreen: 289.856 renderPts: 290.059 nextFramePts: 290.040 -> diff: 0.019 render: 1 forceNext: 0
2024-11-28 16:00:04.077 T:6455 debug : CAMLCodec::AddData: skip add data dl:15502947 fl:219549 sz:271355(271424) lv:100.3% dts:292.292 pts:292.334
2024-11-28 16:00:04.078 T:4489 debug : CAMLCodec::ReleaseFrame idx:8154, drop:0
2024-11-28 16:00:04.078 T:6455 debug : CAMLCodec::AddData: skip add data dl:15502947 fl:219549 sz:271355(271424) lv:100.3% dts:292.292 pts:292.334
2024-11-28 16:00:04.103 T:6452 info : Skipped 19 duplicate messages..
2024-11-28 16:00:04.103 T:6452 debug : CVideoPlayer::ProcessVideoData size:398045 dts:298.340 pts:298.423 dur:41.000ms, clock:289.883 level:75
2024-11-28 16:00:04.103 T:6455 debug : CAMLCodec::AddData: skip add data dl:15502947 fl:219549 sz:271355(271424) lv:100.3% dts:292.292 pts:292.334
2024-11-28 16:00:04.114 T:4489 info : Skipped 4 duplicate messages..
2024-11-28 16:00:04.114 T:4489 debug : CAMLCodec::PollFrame elapsed:35.342ms
2024-11-28 16:00:04.114 T:6455 debug : CAMLCodec::DequeueBuffer: pts:290.290 idx:8160
2024-11-28 16:00:04.114 T:6455 debug : CAMLCodec::GetPicture: index: 8160, pts: 290.290, dur:42.000ms ar:1.78 elf:41ms
2024-11-28 16:00:04.114 T:6455 debug : CVideoPlayerVideo::OutputPicture - ttd:396ms pts:290.290 Clock:289.894 Level:5
2024-11-28 16:00:04.118 T:6455 debug : CAMLCodec::AddData: dl:15499491 fl:223005 sz:271355(271424) lv:98.5% dts:292.292 pts:292.334
2024-11-28 16:00:04.118 T:4489 debug : PrepareNextRender: frameOnScreen: 289.897 renderPts: 290.101 nextFramePts: 290.081 -> diff: 0.020 render: 1 forceNext: 0
2024-11-28 16:00:04.119 T:6455 debug : CAMLCodec::AddData: skip add data dl:15499422 fl:223074 sz:280605(280704) lv:100.3% dts:292.334 pts:292.417
2024-11-28 16:00:04.120 T:4489 debug : CAMLCodec::ReleaseFrame idx:8155, drop:0
2024-11-28 16:00:04.120 T:6455 debug : CAMLCodec::AddData: skip add data dl:15499422 fl:223074 sz:280605(280704) lv:100.3% dts:292.334 pts:292.417
2024-11-28 16:00:04.135 T:6452 info : Skipped 11 duplicate messages..
2024-11-28 16:00:04.135 T:6452 debug : CVideoPlayer::ProcessVideoData size:305296 dts:298.381 pts:298.381 dur:41.000ms, clock:289.914 level:100
2024-11-28 16:00:04.135 T:6455 debug : CAMLCodec::AddData: skip add data dl:15499422 fl:223074 sz:280605(280704) lv:100.3% dts:292.334 pts:292.417
2024-11-28 16:00:04.155 T:4489 info : Skipped 11 duplicate messages..
2024-11-28 16:00:04.155 T:4489 debug : CAMLCodec::PollFrame elapsed:34.579ms
2024-11-28 16:00:04.155 T:6455 debug : CAMLCodec::DequeueBuffer: pts:290.332 idx:8161
2024-11-28 16:00:04.155 T:6455 debug : CAMLCodec::GetPicture: index: 8161, pts: 290.332, dur:42.000ms ar:1.78 elf:40ms
2024-11-28 16:00:04.155 T:6455 debug : CVideoPlayerVideo::OutputPicture - ttd:397ms pts:290.332 Clock:289.934 Level:5
2024-11-28 16:00:04.159 T:4489 debug : PrepareNextRender: frameOnScreen: 289.938 renderPts: 290.142 nextFramePts: 290.123 -> diff: 0.019 render: 1 forceNext: 0
2024-11-28 16:00:04.159 T:6455 debug : CAMLCodec::AddData: dl:15491038 fl:231458 sz:280605(280704) lv:98.5% dts:292.334 pts:292.417
2024-11-28 16:00:04.160 T:6455 debug : CAMLCodec::AddData: skip add data dl:15490939 fl:231557 sz:419912(420032) lv:101.2% dts:292.375 pts:292.793
2024-11-28 16:00:04.162 T:4489 debug : CAMLCodec::ReleaseFrame idx:8156, drop:0
2024-11-28 16:00:04.162 T:6455 debug : CAMLCodec::AddData: skip add data dl:15490939 fl:231557 sz:419912(420032) lv:101.2% dts:292.375 pts:292.793
2024-11-28 16:00:04.167 T:6452 info : Skipped 2 duplicate messages..
2024-11-28 16:00:04.167 T:6452 debug : CVideoPlayer::ProcessVideoData size:306540 dts:298.423 pts:298.465 dur:41.000ms, clock:289.946 level:100
2024-11-28 16:00:04.169 T:6455 debug : CAMLCodec::AddData: skip add data dl:15490939 fl:231557 sz:419912(420032) lv:101.2% dts:292.375 pts:292.793
2024-11-28 16:00:04.196 T:4489 info : Skipped 14 duplicate messages..
2024-11-28 16:00:04.196 T:4489 debug : CAMLCodec::PollFrame elapsed:34.552ms
2024-11-28 16:00:04.197 T:6455 debug : CAMLCodec::DequeueBuffer: pts:290.373 idx:8162
2024-11-28 16:00:04.197 T:6455 debug : CAMLCodec::GetPicture: index: 8162, pts: 290.373, dur:41.000ms ar:1.78 elf:41ms
2024-11-28 16:00:04.197 T:6455 debug : CVideoPlayerVideo::OutputPicture - ttd:396ms pts:290.373 Clock:289.976 Level:5
2024-11-28 16:00:04.201 T:4489 debug : PrepareNextRender: frameOnScreen: 289.980 renderPts: 290.184 nextFramePts: 290.165 -> diff: 0.019 render: 1 forceNext: 0
2024-11-28 16:00:04.201 T:6455 debug : CAMLCodec::AddData: dl:15491387 fl:231109 sz:419912(420032) lv:98.5% dts:292.375 pts:292.793
2024-11-28 16:00:04.202 T:6455 debug : CAMLCodec::AddData: skip add data dl:15491267 fl:231229 sz:343406(343488) lv:100.7% dts:292.417 pts:292.626
2024-11-28 16:00:04.204 T:4489 debug : CAMLCodec::ReleaseFrame idx:8157, drop:0
2024-11-28 16:00:04.204 T:6455 debug : CAMLCodec::AddData: skip add data dl:15491267 fl:231229 sz:343406(343488) lv:100.7% dts:292.417 pts:292.626
2024-11-28 16:00:04.219 T:6452 info : Skipped 9 duplicate messages..
2024-11-28 16:00:04.219 T:6452 debug : CVideoPlayer::ProcessVideoData size:377551 dts:298.465 pts:298.590 dur:41.000ms, clock:289.998 level:100
2024-11-28 16:00:04.220 T:6455 debug : CAMLCodec::AddData: skip add data dl:15491267 fl:231229 sz:343406(343488) lv:100.7% dts:292.417 pts:292.626
2024-11-28 16:00:04.238 T:6455 info : Skipped 9 duplicate messages..
2024-11-28 16:00:04.238 T:6455 debug : CAMLCodec::AddData: dl:15492163 fl:230333 sz:343406(343488) lv:98.5% dts:292.417 pts:292.626
2024-11-28 16:00:04.239 T:6455 debug : CAMLCodec::DequeueBuffer: pts:290.415 idx:8163
2024-11-28 16:00:04.239 T:4489 debug : CAMLCodec::PollFrame elapsed:34.394ms
2024-11-28 16:00:04.239 T:6455 debug : CAMLCodec::GetPicture: index: 8163, pts: 290.415, dur:42.000ms ar:1.78 elf:41ms
2024-11-28 16:00:04.239 T:6455 debug : CVideoPlayerVideo::OutputPicture - ttd:396ms pts:290.415 Clock:290.018 Level:5
2024-11-28 16:00:04.241 T:6455 debug : CAMLCodec::AddData: skip add data dl:15492081 fl:230415 sz:336053(336128) lv:100.6% dts:292.459 pts:292.542
2024-11-28 16:00:04.243 T:4489 info : Skipped 1 duplicate messages..
2024-11-28 16:00:04.243 T:4489 debug : PrepareNextRender: frameOnScreen: 290.022 renderPts: 290.226 nextFramePts: 290.207 -> diff: 0.019 render: 1 forceNext: 0
2024-11-28 16:00:04.244 T:6455 debug : CAMLCodec::AddData: skip add data dl:15492081 fl:230415 sz:336053(336128) lv:100.6% dts:292.459 pts:292.542
2024-11-28 16:00:04.245 T:4489 debug : CAMLCodec::ReleaseFrame idx:8158, drop:0
2024-11-28 16:00:04.246 T:6455 debug : CAMLCodec::AddData: skip add data dl:15492081 fl:230415 sz:336053(336128) lv:100.6% dts:292.459 pts:292.542
2024-11-28 16:00:04.250 T:6452 info : Skipped 2 duplicate messages..
2024-11-28 16:00:04.250 T:6452 debug : CVideoPlayer::ProcessVideoData size:327012 dts:298.507 pts:298.548 dur:41.000ms, clock:290.030 level:100
2024-11-28 16:00:04.251 T:6455 debug : CAMLCodec::AddData: skip add data dl:15492081 fl:230415 sz:336053(336128) lv:100.6% dts:292.459 pts:292.542
2024-11-28 16:00:04.279 T:6455 info : Skipped 16 duplicate messages..
2024-11-28 16:00:04.279 T:6455 debug : CAMLCodec::AddData: dl:15487729 fl:234767 sz:336053(336128) lv:98.5% dts:292.459 pts:292.542
2024-11-28 16:00:04.279 T:6455 debug : CAMLCodec::DequeueBuffer: pts:290.457 idx:8164
2024-11-28 16:00:04.279 T:6455 debug : CAMLCodec::GetPicture: index: 8164, pts: 290.457, dur:42.000ms ar:1.78 elf:40ms
2024-11-28 16:00:04.279 T:6455 debug : CVideoPlayerVideo::OutputPicture - ttd:398ms pts:290.457 Clock:290.059 Level:5
2024-11-28 16:00:04.281 T:6455 debug : CAMLCodec::AddData: skip add data dl:15487654 fl:234842 sz:271356(271424) lv:100.2% dts:292.501 pts:292.501
2024-11-28 16:00:04.281 T:4489 debug : CAMLCodec::PollFrame elapsed:35.280ms
2024-11-28 16:00:04.282 T:6455 debug : CAMLCodec::AddData: skip add data dl:15487654 fl:234842 sz:271356(271424) lv:100.2% dts:292.501 pts:292.501
2024-11-28 16:00:04.284 T:4489 info : Skipped 1 duplicate messages..
2024-11-28 16:00:04.284 T:4489 debug : PrepareNextRender: frameOnScreen: 290.064 renderPts: 290.267 nextFramePts: 290.248 -> diff: 0.019 render: 1 forceNext: 0
2024-11-28 16:00:04.285 T:6455 debug : CAMLCodec::AddData: skip add data dl:15487654 fl:234842 sz:271356(271424) lv:100.2% dts:292.501 pts:292.501
2024-11-28 16:00:04.286 T:4489 debug : CAMLCodec::ReleaseFrame idx:8159, drop:0
2024-11-28 16:00:04.287 T:6455 debug : CAMLCodec::AddData: skip add data dl:15487654 fl:234842 sz:271356(271424) lv:100.2% dts:292.501 pts:292.501
2024-11-28 16:00:04.321 T:6455 info : Skipped 25 duplicate messages..
2024-11-28 16:00:04.321 T:6455 debug : CAMLCodec::AddData: dl:15462950 fl:259546 sz:271356(271424) lv:98.3% dts:292.501 pts:292.501
2024-11-28 16:00:04.321 T:6455 debug : CAMLCodec::DequeueBuffer: pts:290.499 idx:8165
2024-11-28 16:00:04.322 T:6455 debug : CAMLCodec::GetPicture: index: 8165, pts: 290.499, dur:42.000ms ar:1.78 elf:42ms
2024-11-28 16:00:04.322 T:6455 debug : CVideoPlayerVideo::OutputPicture - ttd:397ms pts:290.499 Clock:290.101 Level:5
2024-11-28 16:00:04.322 T:4489 debug : CAMLCodec::PollFrame elapsed:35.731ms
2024-11-28 16:00:04.323 T:6452 debug : CVideoPlayer::ProcessVideoData size:295297 dts:298.548 pts:298.632 dur:41.000ms, clock:290.102 level:75
2024-11-28 16:00:04.323 T:6455 debug : CAMLCodec::AddData: skip add data dl:15462882 fl:259614 sz:265730(265856) lv:100.0% dts:292.542 pts:292.584
2024-11-28 16:00:04.328 T:4489 info : Skipped 2 duplicate messages..
2024-11-28 16:00:04.328 T:4489 debug : PrepareNextRender: frameOnScreen: 290.107 renderPts: 290.311 nextFramePts: 290.290 -> diff: 0.021 render: 1 forceNext: 0
2024-11-28 16:00:04.329 T:6455 debug : CAMLCodec::AddData: skip add data dl:15462882 fl:259614 sz:265730(265856) lv:100.0% dts:292.542 pts:292.584
2024-11-28 16:00:04.330 T:4489 info : Skipped 1 duplicate messages..
2024-11-28 16:00:04.330 T:4489 debug : CAMLCodec::ReleaseFrame idx:8160, drop:0
2024-11-28 16:00:04.331 T:6455 debug : CAMLCodec::AddData: skip add data dl:15462882 fl:259614 sz:265730(265856) lv:100.0% dts:292.542 pts:292.584
2024-11-28 16:00:04.361 T:6455 info : Skipped 23 duplicate messages..
2024-11-28 16:00:04.361 T:6455 debug : CAMLCodec::DequeueBuffer: pts:290.540 idx:8166
2024-11-28 16:00:04.361 T:6455 debug : CAMLCodec::GetPicture: index: 8166, pts: 290.540, dur:41.000ms ar:1.78 elf:39ms
2024-11-28 16:00:04.361 T:6455 debug : CVideoPlayerVideo::OutputPicture - ttd:399ms pts:290.540 Clock:290.140 Level:5
2024-11-28 16:00:04.364 T:4489 debug : CAMLCodec::PollFrame elapsed:33.525ms
2024-11-28 16:00:04.365 T:6455 debug : CAMLCodec::AddData: dl:15459426 fl:263070 sz:265730(265856) lv:98.3% dts:292.542 pts:292.584
2024-11-28 16:00:04.366 T:6455 debug : CAMLCodec::AddData: skip add data dl:15459300 fl:263196 sz:340230(340352) lv:100.5% dts:292.584 pts:292.709
2024-11-28 16:00:04.373 T:4489 info : Skipped 3 duplicate messages..
2024-11-28 16:00:04.373 T:4489 debug : PrepareNextRender: frameOnScreen: 290.152 renderPts: 290.356 nextFramePts: 290.332 -> diff: 0.024 render: 1 forceNext: 0
2024-11-28 16:00:04.374 T:6455 debug : CAMLCodec::AddData: skip add data dl:15459300 fl:263196 sz:340230(340352) lv:100.5% dts:292.584 pts:292.709
2024-11-28 16:00:04.375 T:4489 info : Skipped 1 duplicate messages..
2024-11-28 16:00:04.375 T:4489 debug : CAMLCodec::ReleaseFrame idx:8161, drop:0
2024-11-28 16:00:04.377 T:6452 debug : CVideoPlayer::ProcessVideoData size:433594 dts:298.590 pts:298.965 dur:41.000ms, clock:290.156 level:75
2024-11-28 16:00:04.377 T:6455 debug : CAMLCodec::AddData: skip add data dl:15459300 fl:263196 sz:340230(340352) lv:100.5% dts:292.584 pts:292.709
2024-11-28 16:00:04.378 T:6452 debug : CVideoPlayer::ProcessVideoData size:391218 dts:298.632 pts:298.840 dur:41.000ms, clock:290.158 level:75
2024-11-28 16:00:04.378 T:6455 debug : CAMLCodec::AddData: skip add data dl:15459300 fl:263196 sz:340230(340352) lv:100.5% dts:292.584 pts:292.709
2024-11-28 16:00:04.405 T:4489 info : Skipped 14 duplicate messages..
2024-11-28 16:00:04.405 T:4489 debug : CAMLCodec::PollFrame elapsed:29.232ms
2024-11-28 16:00:04.405 T:6455 debug : CAMLCodec::DequeueBuffer: pts:290.582 idx:8167
2024-11-28 16:00:04.405 T:6455 debug : CAMLCodec::GetPicture: index: 8167, pts: 290.582, dur:42.000ms ar:1.78 elf:44ms
2024-11-28 16:00:04.405 T:6455 debug : CVideoPlayerVideo::OutputPicture - ttd:397ms pts:290.582 Clock:290.185 Level:5
2024-11-28 16:00:04.409 T:4489 debug : PrepareNextRender: frameOnScreen: 290.189 renderPts: 290.392 nextFramePts: 290.373 -> diff: 0.019 render: 1 forceNext: 0
2024-11-28 16:00:04.409 T:6455 debug : CAMLCodec::AddData: dl:15476260 fl:246236 sz:340230(340352) lv:98.4% dts:292.584 pts:292.709
2024-11-28 16:00:04.410 T:6455 debug : CAMLCodec::AddData: skip add data dl:15476138 fl:246358 sz:274201(274304) lv:100.1% dts:292.626 pts:292.667
2024-11-28 16:00:04.411 T:4489 debug : CAMLCodec::ReleaseFrame idx:8162, drop:0
2024-11-28 16:00:04.411 T:6455 debug : CAMLCodec::AddData: skip add data dl:15476138 fl:246358 sz:274201(274304) lv:100.1% dts:292.626 pts:292.667
2024-11-28 16:00:04.445 T:6455 info : Skipped 26 duplicate messages..
2024-11-28 16:00:04.445 T:6455 debug : CAMLCodec::DequeueBuffer: pts:290.624 idx:8168
2024-11-28 16:00:04.445 T:6455 debug : CAMLCodec::GetPicture: index: 8168, pts: 290.624, dur:42.000ms ar:1.78 elf:40ms
2024-11-28 16:00:04.446 T:6455 debug : CVideoPlayerVideo::OutputPicture - ttd:398ms pts:290.624 Clock:290.225 Level:5
2024-11-28 16:00:04.447 T:4489 debug : CAMLCodec::PollFrame elapsed:35.834ms
2024-11-28 16:00:04.449 T:6455 debug : CAMLCodec::AddData: dl:15470506 fl:251990 sz:274201(274304) lv:98.4% dts:292.626 pts:292.667
2024-11-28 16:00:04.450 T:6455 debug : CAMLCodec::AddData: skip add data dl:15470403 fl:252093 sz:276136(276224) lv:100.1% dts:292.667 pts:292.751
2024-11-28 16:00:04.451 T:4489 debug : PrepareNextRender: frameOnScreen: 290.231 renderPts: 290.434 nextFramePts: 290.415 -> diff: 0.019 render: 1 forceNext: 0
2024-11-28 16:00:04.452 T:6455 debug : CAMLCodec::AddData: skip add data dl:15470403 fl:252093 sz:276136(276224) lv:100.1% dts:292.667 pts:292.751
2024-11-28 16:00:04.453 T:4489 info : Skipped 1 duplicate messages..
2024-11-28 16:00:04.453 T:4489 debug : CAMLCodec::ReleaseFrame idx:8163, drop:0
2024-11-28 16:00:04.454 T:6455 debug : CAMLCodec::AddData: skip add data dl:15470403 fl:252093 sz:276136(276224) lv:100.1% dts:292.667 pts:292.751
2024-11-28 16:00:04.488 T:6455 info : Skipped 24 duplicate messages..
2024-11-28 16:00:04.488 T:6455 debug : CAMLCodec::AddData: dl:15484995 fl:237501 sz:276136(276224) lv:98.5% dts:292.667 pts:292.751
2024-11-28 16:00:04.488 T:6455 debug : CAMLCodec::DequeueBuffer: pts:290.665 idx:8169
2024-11-28 16:00:04.488 T:6455 debug : CAMLCodec::GetPicture: index: 8169, pts: 290.665, dur:41.000ms ar:1.78 elf:42ms
2024-11-28 16:00:04.488 T:6455 debug : CVideoPlayerVideo::OutputPicture - ttd:397ms pts:290.665 Clock:290.268 Level:5
2024-11-28 16:00:04.489 T:4489 debug : CAMLCodec::PollFrame elapsed:35.287ms
2024-11-28 16:00:04.491 T:6455 debug : CAMLCodec::AddData: skip add data dl:15484907 fl:237589 sz:431488(431552) lv:101.2% dts:292.709 pts:293.084
2024-11-28 16:00:04.492 T:6452 debug : CVideoPlayer::ProcessVideoData size:367212 dts:298.673 pts:298.757 dur:41.000ms, clock:290.272 level:75
2024-11-28 16:00:04.493 T:6455 debug : CAMLCodec::AddData: skip add data dl:15484907 fl:237589 sz:431488(431552) lv:101.2% dts:292.709 pts:293.084
2024-11-28 16:00:04.494 T:4489 debug : PrepareNextRender: frameOnScreen: 290.273 renderPts: 290.477 nextFramePts: 290.457 -> diff: 0.020 render: 1 forceNext: 0
2024-11-28 16:00:04.494 T:6452 debug : CVideoPlayer::ProcessVideoData size:347545 dts:298.715 pts:298.715 dur:41.000ms, clock:290.274 level:100
2024-11-28 16:00:04.496 T:4489 debug : CAMLCodec::ReleaseFrame idx:8164, drop:0
2024-11-28 16:00:04.497 T:6455 debug : CAMLCodec::AddData: skip add data dl:15484907 fl:237589 sz:431488(431552) lv:101.2% dts:292.709 pts:293.084
2024-11-28 16:00:04.530 T:6455 info : Skipped 16 duplicate messages..
2024-11-28 16:00:04.530 T:6455 debug : CAMLCodec::AddData: dl:15492139 fl:230357 sz:431488(431552) lv:98.5% dts:292.709 pts:293.084
2024-11-28 16:00:04.530 T:6455 debug : CAMLCodec::DequeueBuffer: pts:290.707 idx:8170
2024-11-28 16:00:04.530 T:6455 debug : CAMLCodec::GetPicture: index: 8170, pts: 290.707, dur:42.000ms ar:1.78 elf:42ms
2024-11-28 16:00:04.530 T:6455 debug : CVideoPlayerVideo::OutputPicture - ttd:396ms pts:290.707 Clock:290.310 Level:5
2024-11-28 16:00:04.531 T:4489 debug : CAMLCodec::PollFrame elapsed:34.554ms
2024-11-28 16:00:04.532 T:6455 debug : CAMLCodec::AddData: skip add data dl:15492075 fl:230421 sz:355532(355648) lv:100.8% dts:292.751 pts:292.959
2024-11-28 16:00:04.534 T:4489 info : Skipped 1 duplicate messages..
2024-11-28 16:00:04.534 T:4489 debug : PrepareNextRender: frameOnScreen: 290.314 renderPts: 290.517 nextFramePts: 290.499 -> diff: 0.018 render: 1 forceNext: 0
2024-11-28 16:00:04.535 T:6455 debug : CAMLCodec::AddData: skip add data dl:15492075 fl:230421 sz:355532(355648) lv:100.8% dts:292.751 pts:292.959
2024-11-28 16:00:04.536 T:4489 debug : CAMLCodec::ReleaseFrame idx:8165, drop:0
2024-11-28 16:00:04.537 T:6455 debug : CAMLCodec::AddData: skip add data dl:15492075 fl:230421 sz:355532(355648) lv:100.8% dts:292.751 pts:292.959
2024-11-28 16:00:04.546 T:6452 info : Skipped 6 duplicate messages..
2024-11-28 16:00:04.546 T:6452 debug : CVideoPlayer::ProcessVideoData size:297249 dts:298.757 pts:298.799 dur:41.000ms, clock:290.325 level:100
2024-11-28 16:00:04.546 T:6455 debug : CAMLCodec::AddData: skip add data dl:15492075 fl:230421 sz:355532(355648) lv:100.8% dts:292.751 pts:292.959
2024-11-28 16:00:04.571 T:6455 info : Skipped 15 duplicate messages..
2024-11-28 16:00:04.571 T:6455 debug : CAMLCodec::AddData: dl:15484203 fl:238293 sz:355532(355648) lv:98.4% dts:292.751 pts:292.959
2024-11-28 16:00:04.571 T:6455 debug : CAMLCodec::DequeueBuffer: pts:290.749 idx:8171
2024-11-28 16:00:04.571 T:6455 debug : CAMLCodec::GetPicture: index: 8171, pts: 290.749, dur:42.000ms ar:1.78 elf:40ms
2024-11-28 16:00:04.571 T:6455 debug : CVideoPlayerVideo::OutputPicture - ttd:398ms pts:290.749 Clock:290.351 Level:5
2024-11-28 16:00:04.572 T:4489 debug : CAMLCodec::PollFrame elapsed:35.931ms
2024-11-28 16:00:04.574 T:6455 debug : CAMLCodec::AddData: skip add data dl:15484087 fl:238409 sz:340175(340288) lv:100.6% dts:292.793 pts:292.876
2024-11-28 16:00:04.576 T:4489 debug : PrepareNextRender: frameOnScreen: 290.355 renderPts: 290.559 nextFramePts: 290.540 -> diff: 0.019 render: 1 forceNext: 0
2024-11-28 16:00:04.576 T:6455 debug : CAMLCodec::AddData: skip add data dl:15484087 fl:238409 sz:340175(340288) lv:100.6% dts:292.793 pts:292.876
2024-11-28 16:00:04.578 T:4489 info : Skipped 1 duplicate messages..
2024-11-28 16:00:04.578 T:4489 debug : CAMLCodec::ReleaseFrame idx:8166, drop:0
2024-11-28 16:00:04.579 T:6455 debug : CAMLCodec::AddData: skip add data dl:15484087 fl:238409 sz:340175(340288) lv:100.6% dts:292.793 pts:292.876
2024-11-28 16:00:04.613 T:6455 info : Skipped 20 duplicate messages..
2024-11-28 16:00:04.613 T:6455 debug : CAMLCodec::AddData: dl:15491063 fl:231433 sz:340175(340288) lv:98.5% dts:292.793 pts:292.876
2024-11-28 16:00:04.613 T:6455 debug : CAMLCodec::DequeueBuffer: pts:290.791 idx:8172
2024-11-28 16:00:04.613 T:6455 debug : CAMLCodec::GetPicture: index: 8172, pts: 290.791, dur:42.000ms ar:1.78 elf:41ms
2024-11-28 16:00:04.613 T:6455 debug : CVideoPlayerVideo::OutputPicture - ttd:398ms pts:290.791 Clock:290.393 Level:5
2024-11-28 16:00:04.614 T:4489 debug : CAMLCodec::PollFrame elapsed:36.282ms
2024-11-28 16:00:04.615 T:6455 debug : CAMLCodec::AddData: skip add data dl:15490950 fl:231546 sz:269821(269888) lv:100.2% dts:292.834 pts:292.834
2024-11-28 16:00:04.618 T:4489 info : Skipped 2 duplicate messages..
2024-11-28 16:00:04.618 T:4489 debug : PrepareNextRender: frameOnScreen: 290.397 renderPts: 290.601 nextFramePts: 290.582 -> diff: 0.019 render: 1 forceNext: 0
2024-11-28 16:00:04.619 T:6452 debug : CVideoPlayer::ProcessVideoData size:380840 dts:298.799 pts:298.924 dur:41.000ms, clock:290.399 level:75
2024-11-28 16:00:04.620 T:4489 debug : CAMLCodec::ReleaseFrame idx:8167, drop:0
2024-11-28 16:00:04.621 T:6455 debug : CAMLCodec::AddData: skip add data dl:15490950 fl:231546 sz:269821(269888) lv:100.2% dts:292.834 pts:292.834
2024-11-28 16:00:04.651 T:6452 info : Skipped 22 duplicate messages..
2024-11-28 16:00:04.651 T:6452 debug : CVideoPlayer::ProcessVideoData size:331716 dts:298.840 pts:298.882 dur:41.000ms, clock:290.430 level:75
2024-11-28 16:00:04.651 T:6455 debug : CAMLCodec::AddData: skip add data dl:15490950 fl:231546 sz:269821(269888) lv:100.2% dts:292.834 pts:292.834
2024-11-28 16:00:04.656 T:4489 debug : CAMLCodec::PollFrame elapsed:35.877ms
2024-11-28 16:00:04.656 T:6455 debug : CAMLCodec::DequeueBuffer: pts:290.832 idx:8173
2024-11-28 16:00:04.656 T:6455 debug : CAMLCodec::GetPicture: index: 8173, pts: 290.832, dur:41.000ms ar:1.78 elf:42ms
2024-11-28 16:00:04.656 T:6455 debug : CPtsTracker: detected pattern of length 1: 41708.33, frameduration: 41708.333333
2024-11-28 16:00:04.656 T:6455 debug : CVideoPlayerVideo::OutputPicture - ttd:396ms pts:290.832 Clock:290.436 Level:5
2024-11-28 16:00:04.660 T:4489 debug : PrepareNextRender: frameOnScreen: 290.439 renderPts: 290.643 nextFramePts: 290.624 -> diff: 0.019 render: 1 forceNext: 0
2024-11-28 16:00:04.660 T:6455 debug : CAMLCodec::AddData: dl:15480454 fl:242042 sz:269821(269888) lv:98.4% dts:292.834 pts:292.834
2024-11-28 16:00:04.661 T:6455 debug : CAMLCodec::AddData: skip add data dl:15480387 fl:242109 sz:298189(298304) lv:100.3% dts:292.876 pts:292.918
2024-11-28 16:00:04.667 T:4489 info : Skipped 4 duplicate messages..
2024-11-28 16:00:04.667 T:4489 debug : CAMLCodec::ReleaseFrame idx:8168, drop:0
2024-11-28 16:00:04.668 T:6455 debug : CAMLCodec::AddData: skip add data dl:15480387 fl:242109 sz:298189(298304) lv:100.3% dts:292.876 pts:292.918
2024-11-28 16:00:04.694 T:6455 info : Skipped 20 duplicate messages..
2024-11-28 16:00:04.694 T:6455 debug : CAMLCodec::DequeueBuffer: pts:290.874 idx:8174
2024-11-28 16:00:04.694 T:6455 debug : CAMLCodec::GetPicture: index: 8174, pts: 290.874, dur:42.000ms ar:1.78 elf:38ms
2024-11-28 16:00:04.695 T:6455 debug : CVideoPlayerVideo::OutputPicture - ttd:399ms pts:290.874 Clock:290.474 Level:5
2024-11-28 16:00:04.698 T:4489 debug : CAMLCodec::PollFrame elapsed:30.806ms
2024-11-28 16:00:04.698 T:6455 debug : CAMLCodec::AddData: dl:15488003 fl:234493 sz:298189(298304) lv:98.5% dts:292.876 pts:292.918
2024-11-28 16:00:04.699 T:6455 debug : CAMLCodec::AddData: skip add data dl:15487888 fl:234608 sz:341420(341504) lv:100.6% dts:292.918 pts:293.043
2024-11-28 16:00:04.701 T:4489 info : Skipped 1 duplicate messages..
2024-11-28 16:00:04.701 T:4489 debug : PrepareNextRender: frameOnScreen: 290.481 renderPts: 290.685 nextFramePts: 290.665 -> diff: 0.020 render: 1 forceNext: 0
2024-11-28 16:00:04.702 T:6455 debug : CAMLCodec::AddData: skip add data dl:15487888 fl:234608 sz:341420(341504) lv:100.6% dts:292.918 pts:293.043
2024-11-28 16:00:04.705 T:6452 info : Skipped 1 duplicate messages..
2024-11-28 16:00:04.705 T:6452 debug : CVideoPlayer::ProcessVideoData size:490997 dts:298.882 pts:299.007 dur:41.000ms, clock:290.485 level:75
2024-11-28 16:00:04.706 T:4489 debug : CAMLCodec::ReleaseFrame idx:8169, drop:0
2024-11-28 16:00:04.707 T:6455 debug : CAMLCodec::AddData: skip add data dl:15487888 fl:234608 sz:341420(341504) lv:100.6% dts:292.918 pts:293.043
2024-11-28 16:00:04.737 T:6455 info : Skipped 22 duplicate messages..
2024-11-28 16:00:04.737 T:6455 debug : CAMLCodec::DequeueBuffer: pts:290.916 idx:8175
2024-11-28 16:00:04.737 T:6455 debug : CAMLCodec::GetPicture: index: 8175, pts: 290.916, dur:42.000ms ar:1.78 elf:42ms
2024-11-28 16:00:04.737 T:6455 debug : CVideoPlayerVideo::OutputPicture - ttd:399ms pts:290.916 Clock:290.517 Level:5
2024-11-28 16:00:04.739 T:4489 debug : CAMLCodec::PollFrame elapsed:32.331ms
2024-11-28 16:00:04.741 T:6455 debug : CAMLCodec::AddData: dl:15489104 fl:233392 sz:341420(341504) lv:98.5% dts:292.918 pts:293.043
2024-11-28 16:00:04.742 T:6455 debug : CAMLCodec::AddData: skip add data dl:15489020 fl:233476 sz:288009(288128) lv:100.3% dts:292.959 pts:293.001
2024-11-28 16:00:04.743 T:4489 debug : PrepareNextRender: frameOnScreen: 290.523 renderPts: 290.726 nextFramePts: 290.707 -> diff: 0.019 render: 1 forceNext: 0
2024-11-28 16:00:04.744 T:6455 debug : CAMLCodec::AddData: skip add data dl:15489020 fl:233476 sz:288009(288128) lv:100.3% dts:292.959 pts:293.001
2024-11-28 16:00:04.746 T:4489 info : Skipped 1 duplicate messages..
2024-11-28 16:00:04.746 T:4489 debug : CAMLCodec::ReleaseFrame idx:8170, drop:0
2024-11-28 16:00:04.747 T:6455 debug : CAMLCodec::AddData: skip add data dl:15489020 fl:233476 sz:288009(288128) lv:100.3% dts:292.959 pts:293.001
2024-11-28 16:00:04.754 T:6452 info : Skipped 4 duplicate messages..
2024-11-28 16:00:04.754 T:6452 debug : CVideoPlayer::ProcessVideoData size:450685 dts:298.924 pts:299.341 dur:41.000ms, clock:290.533 level:74
2024-11-28 16:00:04.754 T:6455 debug : CAMLCodec::AddData: skip add data dl:15489020 fl:233476 sz:288009(288128) lv:100.3% dts:292.959 pts:293.001
2024-11-28 16:00:04.780 T:4489 info : Skipped 17 duplicate messages..
2024-11-28 16:00:04.780 T:4489 debug : CAMLCodec::PollFrame elapsed:33.834ms
2024-11-28 16:00:04.780 T:6455 debug : CAMLCodec::DequeueBuffer: pts:290.957 idx:8176
2024-11-28 16:00:04.780 T:6455 debug : CAMLCodec::GetPicture: index: 8176, pts: 290.957, dur:41.000ms ar:1.78 elf:42ms
2024-11-28 16:00:04.780 T:6455 debug : CVideoPlayerVideo::OutputPicture - ttd:396ms pts:290.957 Clock:290.560 Level:5
2024-11-28 16:00:04.782 T:6455 debug : CAMLCodec::DequeueBuffer: pts:290.999 idx:8177
2024-11-28 16:00:04.782 T:6455 debug : CAMLCodec::GetPicture: index: 8177, pts: 290.999, dur:42.000ms ar:1.78 elf:1ms
2024-11-28 16:00:04.782 T:6455 debug : CVideoPlayerVideo::OutputPicture - ttd:437ms pts:290.999 Clock:290.562 Level:6
2024-11-28 16:00:04.783 T:4489 debug : PrepareNextRender: frameOnScreen: 290.562 renderPts: 290.766 nextFramePts: 290.749 -> diff: 0.017 render: 1 forceNext: 0
2024-11-28 16:00:04.784 T:6455 debug : CAMLCodec::DequeueBuffer: pts:291.041 idx:8178
2024-11-28 16:00:04.784 T:6455 debug : CAMLCodec::GetPicture: index: 8178, pts: 291.041, dur:42.000ms ar:1.78 elf:1ms
2024-11-28 16:00:04.784 T:6455 debug : CVideoPlayerVideo::OutputPicture - ttd:477ms pts:291.041 Clock:290.563 Level:6
2024-11-28 16:00:04.785 T:6455 debug : CAMLCodec::DequeueBuffer: pts:291.082 idx:8179
2024-11-28 16:00:04.785 T:4489 debug : CAMLCodec::ReleaseFrame idx:8171, drop:0
2024-11-28 16:00:04.785 T:6455 debug : CAMLCodec::GetPicture: index: 8179, pts: 291.082, dur:41.000ms ar:1.78 elf:1ms
2024-11-28 16:00:04.785 T:6455 debug : CVideoPlayerVideo::OutputPicture - ttd:517ms pts:291.082 Clock:290.565 Level:7
2024-11-28 16:00:04.789 T:6455 debug : CAMLCodec::AddData: dl:15497276 fl:225220 sz:288009(288128) lv:98.5% dts:292.959 pts:293.001
2024-11-28 16:00:04.789 T:6455 debug : CAMLCodec::AddData: skip add data dl:15497157 fl:225339 sz:495701(495808) lv:101.7% dts:293.001 pts:293.126
2024-11-28 16:00:04.822 T:4489 info : Skipped 20 duplicate messages..
2024-11-28 16:00:04.822 T:4489 debug : CAMLCodec::PollFrame elapsed:36.822ms
2024-11-28 16:00:04.825 T:6455 debug : CAMLCodec::AddData: dl:15531333 fl:191163 sz:495701(495808) lv:98.7% dts:293.001 pts:293.126
2024-11-28 16:00:04.827 T:6455 debug : CAMLCodec::AddData: skip add data dl:15531226 fl:191270 sz:424548(424640) lv:101.4% dts:293.043 pts:293.460
2024-11-28 16:00:04.827 T:6452 debug : CVideoPlayer::ProcessVideoData size:378486 dts:298.965 pts:299.174 dur:41.000ms, clock:290.607 level:73
2024-11-28 16:00:04.827 T:4489 debug : PrepareNextRender: frameOnScreen: 290.607 renderPts: 290.811 nextFramePts: 290.791 -> diff: 0.020 render: 1 forceNext: 0
2024-11-28 16:00:04.829 T:6455 debug : CAMLCodec::AddData: skip add data dl:15531226 fl:191270 sz:424548(424640) lv:101.4% dts:293.043 pts:293.460
2024-11-28 16:00:04.830 T:4489 debug : CAMLCodec::ReleaseFrame idx:8172, drop:0
2024-11-28 16:00:04.831 T:6455 debug : CAMLCodec::AddData: skip add data dl:15531226 fl:191270 sz:424548(424640) lv:101.4% dts:293.043 pts:293.460
2024-11-28 16:00:04.849 T:6452 info : Skipped 10 duplicate messages..
2024-11-28 16:00:04.849 T:6452 debug : CVideoPlayer::ProcessVideoData size:352696 dts:299.007 pts:299.090 dur:41.000ms, clock:290.628 level:100
