2024-11-28 16:00:26.049 T:6455 debug : CVideoPlayerVideo::OutputPicture - ttd:399ms pts:312.229 Clock:311.830 Level:5
2024-11-28 16:00:26.053 T:6455 debug : CAMLCodec::AddData: dl:15617347 fl:105149 sz:324136(324224) lv:99.3% dts:314.189 pts:314.272
2024-11-28 16:00:26.053 T:4489 debug : PrepareNextRender: frameOnScreen: 311.834 renderPts: 312.043 nextFramePts: 312.020 -> diff: 0.023 render: 1 forceNext: 0
2024-11-28 16:00:26.054 T:6455 debug : CAMLCodec::AddData: skip add data dl:15617259 fl:105237 sz:471999(472064) lv:102.3% dts:314.231 pts:314.606
2024-11-28 16:00:26.058 T:4489 info : Skipped 2 duplicate messages..
2024-11-28 16:00:26.058 T:4489 debug : CAMLCodec::ReleaseFrame idx:8681, drop:0
2024-11-28 16:00:26.058 T:6455 debug : CAMLCodec::AddData: skip add data dl:15617259 fl:105237 sz:471999(472064) lv:102.3% dts:314.231 pts:314.606
2024-11-28 16:00:26.089 T:4489 info : Skipped 21 duplicate messages..
2024-11-28 16:00:26.089 T:4489 debug : CAMLCodec::PollFrame elapsed:30.482ms
2024-11-28 16:00:26.092 T:6455 debug : CAMLCodec::AddData: dl:15678187 fl:44309 sz:471999(472064) lv:99.7% dts:314.231 pts:314.606
2024-11-28 16:00:26.092 T:6455 debug : CAMLCodec::DequeueBuffer: pts:312.270 idx:8687
2024-11-28 16:00:26.092 T:6455 debug : CAMLCodec::GetPicture: index: 8687, pts: 312.270, dur:41.000ms ar:1.78 elf:43ms
2024-11-28 16:00:26.093 T:6455 debug : CVideoPlayerVideo::OutputPicture - ttd:396ms pts:312.270 Clock:311.873 Level:5
2024-11-28 16:00:26.094 T:6455 debug : CAMLCodec::AddData: skip add data dl:15678122 fl:44374 sz:368694(368768) lv:102.0% dts:314.272 pts:314.481
2024-11-28 16:00:26.094 T:4489 debug : PrepareNextRender: frameOnScreen: 311.875 renderPts: 312.084 nextFramePts: 312.062 -> diff: 0.022 render: 1 forceNext: 0
2024-11-28 16:00:26.096 T:6455 debug : CAMLCodec::AddData: skip add data dl:15678122 fl:44374 sz:368694(368768) lv:102.0% dts:314.272 pts:314.481
2024-11-28 16:00:26.103 T:4489 info : Skipped 4 duplicate messages..
2024-11-28 16:00:26.103 T:4489 debug : CAMLCodec::ReleaseFrame idx:8682, drop:0
2024-11-28 16:00:26.103 T:6455 debug : CAMLCodec::AddData: skip add data dl:15678122 fl:44374 sz:368694(368768) lv:102.0% dts:314.272 pts:314.481
2024-11-28 16:00:26.109 T:6452 info : Skipped 3 duplicate messages..
2024-11-28 16:00:26.109 T:6452 debug : CVideoPlayer::ProcessVideoData size:411159 dts:319.027 pts:319.444 dur:41.000ms, clock:311.890 level:59
2024-11-28 16:00:26.109 T:6455 debug : CAMLCodec::AddData: skip add data dl:15678122 fl:44374 sz:368694(368768) lv:102.0% dts:314.272 pts:314.481
2024-11-28 16:00:26.110 T:6452 debug : CVideoPlayer::ProcessVideoData size:339847 dts:319.069 pts:319.277 dur:41.000ms, clock:311.891 level:100
2024-11-28 16:00:26.111 T:6455 debug : CAMLCodec::AddData: skip add data dl:15678122 fl:44374 sz:368694(368768) lv:102.0% dts:314.272 pts:314.481
2024-11-28 16:00:26.131 T:4489 info : Skipped 13 duplicate messages..
2024-11-28 16:00:26.131 T:4489 debug : CAMLCodec::PollFrame elapsed:27.746ms
2024-11-28 16:00:26.131 T:6455 debug : CAMLCodec::DequeueBuffer: pts:312.312 idx:8688
2024-11-28 16:00:26.131 T:6455 debug : CAMLCodec::GetPicture: index: 8688, pts: 312.312, dur:42.000ms ar:1.78 elf:38ms
2024-11-28 16:00:26.131 T:6455 debug : CVideoPlayerVideo::OutputPicture - ttd:400ms pts:312.312 Clock:311.912 Level:5
2024-11-28 16:00:26.136 T:6455 debug : CAMLCodec::AddData: dl:15717738 fl:4758 sz:368694(368768) lv:99.9% dts:314.272 pts:314.481
2024-11-28 16:00:26.137 T:6455 debug : CAMLCodec::AddData: skip add data dl:15717664 fl:4832 sz:396784(396864) lv:102.5% dts:314.314 pts:314.397
2024-11-28 16:00:26.137 T:4489 debug : PrepareNextRender: frameOnScreen: 311.918 renderPts: 312.127 nextFramePts: 312.103 -> diff: 0.024 render: 1 forceNext: 0
2024-11-28 16:00:26.139 T:6455 debug : CAMLCodec::AddData: skip add data dl:15717664 fl:4832 sz:396784(396864) lv:102.5% dts:314.314 pts:314.397
2024-11-28 16:00:26.142 T:6452 info : Skipped 1 duplicate messages..
2024-11-28 16:00:26.142 T:6452 debug : CVideoPlayer::ProcessVideoData size:322383 dts:319.110 pts:319.194 dur:41.000ms, clock:311.923 level:59
2024-11-28 16:00:26.142 T:6455 debug : CAMLCodec::AddData: skip add data dl:15717664 fl:4832 sz:396784(396864) lv:102.5% dts:314.314 pts:314.397
2024-11-28 16:00:26.143 T:6452 debug : CVideoPlayer::ProcessVideoData size:268546 dts:319.152 pts:319.152 dur:41.000ms, clock:311.924 level:100
2024-11-28 16:00:26.143 T:4489 debug : CAMLCodec::ReleaseFrame idx:8683, drop:0
2024-11-28 16:00:26.144 T:6455 debug : CAMLCodec::AddData: skip add data dl:15717664 fl:4832 sz:396784(396864) lv:102.5% dts:314.314 pts:314.397
2024-11-28 16:00:26.172 T:4489 info : Skipped 19 duplicate messages..
2024-11-28 16:00:26.172 T:4489 debug : CAMLCodec::PollFrame elapsed:29.342ms
2024-11-28 16:00:26.173 T:6455 debug : CAMLCodec::AddData: skip add data dl:15717664 fl:4832 sz:396784(396864) lv:102.5% dts:314.314 pts:314.397
2024-11-28 16:00:26.174 T:6455 debug : CAMLCodec::DequeueBuffer: pts:312.354 idx:8689
2024-11-28 16:00:26.174 T:6455 debug : CAMLCodec::GetPicture: index: 8689, pts: 312.354, dur:42.000ms ar:1.78 elf:42ms
2024-11-28 16:00:26.174 T:6455 debug : CVideoPlayerVideo::OutputPicture - ttd:398ms pts:312.354 Clock:311.955 Level:5
2024-11-28 16:00:26.176 T:6455 debug : CAMLCodec::AddData: skip add data dl:15411936 fl:310560 sz:396784(396864) lv:100.5% dts:314.314 pts:314.397
2024-11-28 16:00:26.178 T:4489 info : Skipped 1 duplicate messages..
2024-11-28 16:00:26.178 T:4489 debug : PrepareNextRender: frameOnScreen: 311.959 renderPts: 312.167 nextFramePts: 312.145 -> diff: 0.022 render: 1 forceNext: 0
2024-11-28 16:00:26.179 T:6455 debug : CAMLCodec::AddData: skip add data dl:15411936 fl:310560 sz:396784(396864) lv:100.5% dts:314.314 pts:314.397
2024-11-28 16:00:26.183 T:4489 info : Skipped 2 duplicate messages..
2024-11-28 16:00:26.183 T:4489 debug : CAMLCodec::ReleaseFrame idx:8684, drop:0
2024-11-28 16:00:26.183 T:6455 debug : CAMLCodec::AddData: skip add data dl:15411936 fl:310560 sz:396784(396864) lv:100.5% dts:314.314 pts:314.397
2024-11-28 16:00:26.214 T:4489 info : Skipped 22 duplicate messages..
2024-11-28 16:00:26.214 T:4489 debug : CAMLCodec::PollFrame elapsed:31.139ms
2024-11-28 16:00:26.217 T:6455 debug : CAMLCodec::AddData: dl:15559328 fl:163168 sz:396784(396864) lv:98.9% dts:314.314 pts:314.397
2024-11-28 16:00:26.217 T:6455 debug : CAMLCodec::DequeueBuffer: pts:312.395 idx:8690
2024-11-28 16:00:26.217 T:6455 debug : CAMLCodec::GetPicture: index: 8690, pts: 312.395, dur:41.000ms ar:1.78 elf:42ms
2024-11-28 16:00:26.217 T:6455 debug : CVideoPlayerVideo::OutputPicture - ttd:397ms pts:312.395 Clock:311.998 Level:5
2024-11-28 16:00:26.219 T:6455 debug : CAMLCodec::AddData: skip add data dl:15559248 fl:163248 sz:315738(315840) lv:100.9% dts:314.356 pts:314.356
2024-11-28 16:00:26.220 T:4489 debug : PrepareNextRender: frameOnScreen: 312.001 renderPts: 312.210 nextFramePts: 312.187 -> diff: 0.023 render: 1 forceNext: 0
2024-11-28 16:00:26.221 T:6455 debug : CAMLCodec::AddData: skip add data dl:15559248 fl:163248 sz:315738(315840) lv:100.9% dts:314.356 pts:314.356
2024-11-28 16:00:26.224 T:4489 info : Skipped 1 duplicate messages..
2024-11-28 16:00:26.224 T:4489 debug : CAMLCodec::ReleaseFrame idx:8685, drop:0
2024-11-28 16:00:26.224 T:6455 debug : CAMLCodec::AddData: skip add data dl:15559248 fl:163248 sz:315738(315840) lv:100.9% dts:314.356 pts:314.356
2024-11-28 16:00:26.225 T:6452 debug : CVideoPlayer::ProcessVideoData size:262964 dts:319.194 pts:319.236 dur:41.000ms, clock:312.006 level:100
2024-11-28 16:00:26.227 T:6455 debug : CAMLCodec::AddData: skip add data dl:15559248 fl:163248 sz:315738(315840) lv:100.9% dts:314.356 pts:314.356
2024-11-28 16:00:26.255 T:6455 info : Skipped 21 duplicate messages..
2024-11-28 16:00:26.255 T:6455 debug : CAMLCodec::DequeueBuffer: pts:312.437 idx:8691
2024-11-28 16:00:26.255 T:6455 debug : CAMLCodec::GetPicture: index: 8691, pts: 312.437, dur:42.000ms ar:1.78 elf:38ms
2024-11-28 16:00:26.256 T:6455 debug : CVideoPlayerVideo::OutputPicture - ttd:400ms pts:312.437 Clock:312.036 Level:5
2024-11-28 16:00:26.256 T:4489 debug : CAMLCodec::PollFrame elapsed:31.887ms
2024-11-28 16:00:26.259 T:6455 debug : CAMLCodec::AddData: dl:15632016 fl:90480 sz:315738(315840) lv:99.4% dts:314.356 pts:314.356
2024-11-28 16:00:26.260 T:6455 debug : CAMLCodec::AddData: skip add data dl:15631914 fl:90582 sz:311374(311488) lv:101.4% dts:314.397 pts:314.439
2024-11-28 16:00:26.261 T:4489 debug : PrepareNextRender: frameOnScreen: 312.042 renderPts: 312.251 nextFramePts: 312.229 -> diff: 0.022 render: 1 forceNext: 0
2024-11-28 16:00:26.262 T:6455 debug : CAMLCodec::AddData: skip add data dl:15631914 fl:90582 sz:311374(311488) lv:101.4% dts:314.397 pts:314.439
2024-11-28 16:00:26.266 T:4489 info : Skipped 2 duplicate messages..
2024-11-28 16:00:26.266 T:4489 debug : CAMLCodec::ReleaseFrame idx:8686, drop:0
2024-11-28 16:00:26.266 T:6455 debug : CAMLCodec::AddData: skip add data dl:15631914 fl:90582 sz:311374(311488) lv:101.4% dts:314.397 pts:314.439
2024-11-28 16:00:26.287 T:6452 info : Skipped 15 duplicate messages..
2024-11-28 16:00:26.287 T:6452 debug : CVideoPlayer::ProcessVideoData size:312485 dts:319.236 pts:319.361 dur:41.000ms, clock:312.068 level:100
2024-11-28 16:00:26.287 T:6455 debug : CAMLCodec::AddData: skip add data dl:15631914 fl:90582 sz:311374(311488) lv:101.4% dts:314.397 pts:314.439
2024-11-28 16:00:26.298 T:4489 info : Skipped 7 duplicate messages..
2024-11-28 16:00:26.297 T:4489 debug : CAMLCodec::PollFrame elapsed:31.029ms
2024-11-28 16:00:26.300 T:6455 debug : CAMLCodec::AddData: dl:15601386 fl:121110 sz:311374(311488) lv:99.2% dts:314.397 pts:314.439
2024-11-28 16:00:26.300 T:6455 debug : CAMLCodec::DequeueBuffer: pts:312.479 idx:8692
2024-11-28 16:00:26.300 T:6455 debug : CAMLCodec::GetPicture: index: 8692, pts: 312.479, dur:42.000ms ar:1.78 elf:44ms
2024-11-28 16:00:26.300 T:6455 debug : CVideoPlayerVideo::OutputPicture - ttd:397ms pts:312.479 Clock:312.081 Level:5
2024-11-28 16:00:26.303 T:6455 debug : CAMLCodec::AddData: skip add data dl:15601272 fl:121224 sz:348122(348224) lv:101.4% dts:314.439 pts:314.564
2024-11-28 16:00:26.303 T:4489 debug : PrepareNextRender: frameOnScreen: 312.084 renderPts: 312.292 nextFramePts: 312.270 -> diff: 0.022 render: 1 forceNext: 0
2024-11-28 16:00:26.304 T:6455 debug : CAMLCodec::AddData: skip add data dl:15601272 fl:121224 sz:348122(348224) lv:101.4% dts:314.439 pts:314.564
2024-11-28 16:00:26.307 T:4489 info : Skipped 1 duplicate messages..
2024-11-28 16:00:26.307 T:4489 debug : CAMLCodec::ReleaseFrame idx:8687, drop:0
2024-11-28 16:00:26.307 T:6455 debug : CAMLCodec::AddData: skip add data dl:15601272 fl:121224 sz:348122(348224) lv:101.4% dts:314.439 pts:314.564
2024-11-28 16:00:26.309 T:6452 debug : CVideoPlayer::ProcessVideoData size:265828 dts:319.277 pts:319.319 dur:41.000ms, clock:312.089 level:100
2024-11-28 16:00:26.310 T:6455 debug : CAMLCodec::AddData: skip add data dl:15601272 fl:121224 sz:348122(348224) lv:101.4% dts:314.439 pts:314.564
2024-11-28 16:00:26.339 T:4489 info : Skipped 21 duplicate messages..
2024-11-28 16:00:26.339 T:4489 debug : CAMLCodec::PollFrame elapsed:31.998ms
2024-11-28 16:00:26.342 T:6455 debug : CAMLCodec::AddData: dl:15696504 fl:25992 sz:348122(348224) lv:99.8% dts:314.439 pts:314.564
2024-11-28 16:00:26.342 T:6455 debug : CAMLCodec::DequeueBuffer: pts:312.521 idx:8693
2024-11-28 16:00:26.342 T:6455 debug : CAMLCodec::GetPicture: index: 8693, pts: 312.521, dur:42.000ms ar:1.78 elf:41ms
2024-11-28 16:00:26.342 T:6455 debug : CVideoPlayerVideo::OutputPicture - ttd:398ms pts:312.521 Clock:312.123 Level:5
2024-11-28 16:00:26.343 T:4489 debug : PrepareNextRender: frameOnScreen: 312.124 renderPts: 312.333 nextFramePts: 312.312 -> diff: 0.021 render: 1 forceNext: 0
2024-11-28 16:00:26.343 T:6455 debug : CAMLCodec::DequeueBuffer: pts:312.562 idx:8694
2024-11-28 16:00:26.343 T:6455 debug : CAMLCodec::GetPicture: index: 8694, pts: 312.562, dur:41.000ms ar:1.78 elf:1ms
2024-11-28 16:00:26.343 T:6455 debug : CVideoPlayerVideo::OutputPicture - ttd:437ms pts:312.562 Clock:312.124 Level:5
2024-11-28 16:00:26.345 T:6455 debug : CAMLCodec::DequeueBuffer: pts:312.604 idx:8695
2024-11-28 16:00:26.345 T:6455 debug : CAMLCodec::GetPicture: index: 8695, pts: 312.604, dur:42.000ms ar:1.78 elf:1ms
2024-11-28 16:00:26.345 T:6455 debug : CVideoPlayerVideo::OutputPicture - ttd:478ms pts:312.604 Clock:312.126 Level:6
2024-11-28 16:00:26.346 T:6455 debug : CAMLCodec::DequeueBuffer: pts:312.646 idx:8696
2024-11-28 16:00:26.346 T:6455 debug : CAMLCodec::GetPicture: index: 8696, pts: 312.646, dur:42.000ms ar:1.78 elf:1ms
2024-11-28 16:00:26.346 T:6455 debug : CVideoPlayerVideo::OutputPicture - ttd:518ms pts:312.646 Clock:312.127 Level:7
2024-11-28 16:00:26.347 T:4489 debug : CAMLCodec::ReleaseFrame idx:8688, drop:0
2024-11-28 16:00:26.348 T:6455 debug : CAMLCodec::AddData: skip add data dl:15696402 fl:26094 sz:300150(300224) lv:101.7% dts:314.481 pts:314.523
2024-11-28 16:00:26.360 T:6452 info : Skipped 9 duplicate messages..
2024-11-28 16:00:26.360 T:6452 debug : CVideoPlayer::ProcessVideoData size:288094 dts:319.319 pts:319.402 dur:41.000ms, clock:312.141 level:100
2024-11-28 16:00:26.361 T:6455 debug : CAMLCodec::AddData: skip add data dl:15696402 fl:26094 sz:300150(300224) lv:101.7% dts:314.481 pts:314.523
2024-11-28 16:00:26.381 T:4489 info : Skipped 14 duplicate messages..
2024-11-28 16:00:26.381 T:4489 debug : CAMLCodec::PollFrame elapsed:33.622ms
2024-11-28 16:00:26.381 T:6455 debug : CAMLCodec::AddData: skip add data dl:15696402 fl:26094 sz:300150(300224) lv:101.7% dts:314.481 pts:314.523
2024-11-28 16:00:26.385 T:6455 debug : CAMLCodec::AddData: dl:15572818 fl:149678 sz:300150(300224) lv:99.0% dts:314.481 pts:314.523
2024-11-28 16:00:26.386 T:6455 debug : CAMLCodec::AddData: skip add data dl:15572744 fl:149752 sz:528411(528512) lv:102.4% dts:314.523 pts:314.648
2024-11-28 16:00:26.386 T:4489 debug : PrepareNextRender: frameOnScreen: 312.167 renderPts: 312.376 nextFramePts: 312.354 -> diff: 0.022 render: 1 forceNext: 0
2024-11-28 16:00:26.388 T:6455 debug : CAMLCodec::AddData: skip add data dl:15572744 fl:149752 sz:528411(528512) lv:102.4% dts:314.523 pts:314.648
2024-11-28 16:00:26.392 T:4489 info : Skipped 2 duplicate messages..
2024-11-28 16:00:26.392 T:4489 debug : CAMLCodec::ReleaseFrame idx:8689, drop:0
2024-11-28 16:00:26.393 T:6455 debug : CAMLCodec::AddData: skip add data dl:15572744 fl:149752 sz:528411(528512) lv:102.4% dts:314.523 pts:314.648
2024-11-28 16:00:26.423 T:4489 info : Skipped 20 duplicate messages..
2024-11-28 16:00:26.423 T:4489 debug : CAMLCodec::PollFrame elapsed:30.036ms
2024-11-28 16:00:26.424 T:4494 debug : CLibInputKeyboard::ProcessKey - using delay: 500ms repeat: 33ms
2024-11-28 16:00:26.424 T:4489 debug : Keyboard: scancode: 0x69, sym: 0x114 (left), unicode: 0x00, modifier: 0x0
2024-11-28 16:00:26.425 T:6503 debug : Thread Timer start, auto delete: false
2024-11-28 16:00:26.425 T:4489 debug : HandleKey: left (0xf082) pressed, window 12901, action is Left
2024-11-28 16:00:26.425 T:6455 debug : CAMLCodec::AddData: dl:15717320 fl:5176 sz:528411(528512) lv:99.9% dts:314.523 pts:314.648
2024-11-28 16:00:26.426 T:6455 debug : CAMLCodec::AddData: skip add data dl:15717219 fl:5277 sz:509601(509696) lv:103.2% dts:314.564 pts:314.981
2024-11-28 16:00:26.428 T:4489 info : Skipped 1 duplicate messages..
2024-11-28 16:00:26.428 T:4489 debug : PrepareNextRender: frameOnScreen: 312.209 renderPts: 312.418 nextFramePts: 312.395 -> diff: 0.023 render: 1 forceNext: 0
2024-11-28 16:00:26.429 T:6455 debug : CAMLCodec::AddData: skip add data dl:15717219 fl:5277 sz:509601(509696) lv:103.2% dts:314.564 pts:314.981
2024-11-28 16:00:26.435 T:4489 info : Skipped 2 duplicate messages..
2024-11-28 16:00:26.435 T:4489 debug : CAMLCodec::ReleaseFrame idx:8690, drop:0
2024-11-28 16:00:26.436 T:6455 debug : CAMLCodec::AddData: skip add data dl:15717219 fl:5277 sz:509601(509696) lv:103.2% dts:314.564 pts:314.981
2024-11-28 16:00:26.443 T:6452 info : Skipped 4 duplicate messages..
2024-11-28 16:00:26.443 T:6452 debug : CVideoPlayer::ProcessVideoData size:401484 dts:319.361 pts:319.736 dur:41.000ms, clock:312.223 level:60
2024-11-28 16:00:26.444 T:6452 debug : CVideoPlayer::ProcessVideoData size:331625 dts:319.402 pts:319.611 dur:41.000ms, clock:312.225 level:60
2024-11-28 16:00:26.444 T:6455 debug : CAMLCodec::AddData: skip add data dl:15717219 fl:5277 sz:509601(509696) lv:103.2% dts:314.564 pts:314.981
2024-11-28 16:00:26.445 T:6452 debug : CVideoPlayer::ProcessVideoData size:326588 dts:319.444 pts:319.528 dur:41.000ms, clock:312.226 level:100
2024-11-28 16:00:26.447 T:6455 debug : CAMLCodec::AddData: skip add data dl:15717219 fl:5277 sz:509601(509696) lv:103.2% dts:314.564 pts:314.981
2024-11-28 16:00:26.464 T:4489 info : Skipped 10 duplicate messages..
2024-11-28 16:00:26.464 T:4489 debug : CAMLCodec::PollFrame elapsed:28.758ms
2024-11-28 16:00:26.465 T:6455 debug : CAMLCodec::AddData: skip add data dl:15367843 fl:354653 sz:509601(509696) lv:100.9% dts:314.564 pts:314.981
2024-11-28 16:00:26.470 T:4489 info : Skipped 3 duplicate messages..
2024-11-28 16:00:26.470 T:4489 debug : PrepareNextRender: frameOnScreen: 312.251 renderPts: 312.460 nextFramePts: 312.437 -> diff: 0.023 render: 1 forceNext: 0
2024-11-28 16:00:26.471 T:6455 debug : CAMLCodec::AddData: skip add data dl:15367843 fl:354653 sz:509601(509696) lv:100.9% dts:314.564 pts:314.981
2024-11-28 16:00:26.475 T:4489 info : Skipped 2 duplicate messages..
2024-11-28 16:00:26.475 T:4489 debug : CAMLCodec::ReleaseFrame idx:8691, drop:0
2024-11-28 16:00:26.476 T:6455 debug : CAMLCodec::AddData: skip add data dl:15367843 fl:354653 sz:509601(509696) lv:100.9% dts:314.564 pts:314.981
2024-11-28 16:00:26.506 T:4489 info : Skipped 20 duplicate messages..
2024-11-28 16:00:26.506 T:4489 debug : CAMLCodec::PollFrame elapsed:30.343ms
2024-11-28 16:00:26.506 T:6455 debug : CAMLCodec::DequeueBuffer: pts:312.687 idx:8697
2024-11-28 16:00:26.506 T:6455 debug : CAMLCodec::GetPicture: index: 8697, pts: 312.687, dur:41.000ms ar:1.78 elf:159ms
2024-11-28 16:00:26.506 T:6455 debug : CVideoPlayerVideo::OutputPicture - ttd:399ms pts:312.687 Clock:312.287 Level:5
2024-11-28 16:00:26.511 T:6455 debug : CAMLCodec::AddData: dl:15561507 fl:160989 sz:509601(509696) lv:98.9% dts:314.564 pts:314.981
2024-11-28 16:00:26.511 T:6455 debug : CAMLCodec::AddData: skip add data dl:15561412 fl:161084 sz:358125(358208) lv:101.2% dts:314.606 pts:314.815
2024-11-28 16:00:26.512 T:4489 debug : PrepareNextRender: frameOnScreen: 312.293 renderPts: 312.500 nextFramePts: 312.479 -> diff: 0.021 render: 1 forceNext: 0
2024-11-28 16:00:26.513 T:6455 debug : CAMLCodec::AddData: skip add data dl:15561412 fl:161084 sz:358125(358208) lv:101.2% dts:314.606 pts:314.815
2024-11-28 16:00:26.517 T:4489 info : Skipped 2 duplicate messages..
2024-11-28 16:00:26.517 T:4489 debug : CAMLCodec::ReleaseFrame idx:8692, drop:0
2024-11-28 16:00:26.517 T:6452 debug : CVideoPlayer::ProcessVideoData size:269109 dts:319.486 pts:319.486 dur:41.000ms, clock:312.298 level:60
2024-11-28 16:00:26.517 T:6455 debug : CAMLCodec::AddData: skip add data dl:15561412 fl:161084 sz:358125(358208) lv:101.2% dts:314.606 pts:314.815
2024-11-28 16:00:26.519 T:6452 debug : CVideoPlayer::ProcessVideoData size:264916 dts:319.528 pts:319.569 dur:41.000ms, clock:312.299 level:100
2024-11-28 16:00:26.520 T:6455 debug : CAMLCodec::AddData: skip add data dl:15561412 fl:161084 sz:358125(358208) lv:101.2% dts:314.606 pts:314.815
2024-11-28 16:00:26.548 T:4489 info : Skipped 19 duplicate messages..
2024-11-28 16:00:26.548 T:4489 debug : CAMLCodec::PollFrame elapsed:31.225ms
2024-11-28 16:00:26.550 T:6455 debug : CAMLCodec::AddData: dl:15680836 fl:41660 sz:358125(358208) lv:99.7% dts:314.606 pts:314.815
2024-11-28 16:00:26.550 T:6455 debug : CAMLCodec::DequeueBuffer: pts:312.729 idx:8698
2024-11-28 16:00:26.550 T:6455 debug : CAMLCodec::GetPicture: index: 8698, pts: 312.729, dur:42.000ms ar:1.78 elf:43ms
2024-11-28 16:00:26.550 T:6455 debug : CVideoPlayerVideo::OutputPicture - ttd:398ms pts:312.729 Clock:312.331 Level:5
2024-11-28 16:00:26.552 T:6455 debug : CAMLCodec::AddData: skip add data dl:15680753 fl:41743 sz:388196(388288) lv:102.2% dts:314.648 pts:314.731
2024-11-28 16:00:26.553 T:4489 debug : PrepareNextRender: frameOnScreen: 312.334 renderPts: 312.541 nextFramePts: 312.521 -> diff: 0.020 render: 1 forceNext: 0
2024-11-28 16:00:26.553 T:6455 debug : CAMLCodec::AddData: skip add data dl:15680753 fl:41743 sz:388196(388288) lv:102.2% dts:314.648 pts:314.731
2024-11-28 16:00:26.557 T:4489 info : Skipped 2 duplicate messages..
2024-11-28 16:00:26.557 T:4489 debug : CAMLCodec::ReleaseFrame idx:8693, drop:0
2024-11-28 16:00:26.558 T:6455 debug : CAMLCodec::AddData: skip add data dl:15680753 fl:41743 sz:388196(388288) lv:102.2% dts:314.648 pts:314.731
2024-11-28 16:00:26.560 T:6452 info : Skipped 1 duplicate messages..
2024-11-28 16:00:26.560 T:6452 debug : CVideoPlayer::ProcessVideoData size:326319 dts:319.569 pts:319.694 dur:41.000ms, clock:312.341 level:100
2024-11-28 16:00:26.561 T:6455 debug : CAMLCodec::AddData: skip add data dl:15680753 fl:41743 sz:388196(388288) lv:102.2% dts:314.648 pts:314.731
2024-11-28 16:00:26.589 T:6455 info : Skipped 20 duplicate messages..
2024-11-28 16:00:26.589 T:6455 debug : CAMLCodec::DequeueBuffer: pts:312.771 idx:8699
2024-11-28 16:00:26.589 T:4489 debug : CAMLCodec::PollFrame elapsed:31.686ms
2024-11-28 16:00:26.589 T:6455 debug : CAMLCodec::GetPicture: index: 8699, pts: 312.771, dur:42.000ms ar:1.78 elf:39ms
2024-11-28 16:00:26.590 T:6455 debug : CVideoPlayerVideo::OutputPicture - ttd:400ms pts:312.771 Clock:312.370 Level:5
2024-11-28 16:00:26.591 T:6455 debug : CAMLCodec::AddData: skip add data dl:15365873 fl:356623 sz:388196(388288) lv:100.2% dts:314.648 pts:314.731
2024-11-28 16:00:26.595 T:4489 info : Skipped 2 duplicate messages..
2024-11-28 16:00:26.595 T:4489 debug : PrepareNextRender: frameOnScreen: 312.376 renderPts: 312.583 nextFramePts: 312.562 -> diff: 0.021 render: 1 forceNext: 0
2024-11-28 16:00:26.596 T:6455 debug : CAMLCodec::AddData: skip add data dl:15365873 fl:356623 sz:388196(388288) lv:100.2% dts:314.648 pts:314.731
2024-11-28 16:00:26.600 T:4489 info : Skipped 2 duplicate messages..
2024-11-28 16:00:26.600 T:4489 debug : CAMLCodec::ReleaseFrame idx:8694, drop:0
2024-11-28 16:00:26.600 T:6455 debug : CAMLCodec::AddData: skip add data dl:15365873 fl:356623 sz:388196(388288) lv:100.2% dts:314.648 pts:314.731
2024-11-28 16:00:26.614 T:6503 info : Skipped 10 duplicate messages..
2024-11-28 16:00:26.614 T:6503 debug : Thread Timer 3814412800 terminating
2024-11-28 16:00:26.615 T:6455 debug : CAMLCodec::AddData: skip add data dl:15365873 fl:356623 sz:388196(388288) lv:100.2% dts:314.648 pts:314.731
2024-11-28 16:00:26.631 T:4489 info : Skipped 11 duplicate messages..
2024-11-28 16:00:26.631 T:4489 debug : CAMLCodec::PollFrame elapsed:31.380ms
2024-11-28 16:00:26.632 T:4489 debug : Keyboard: scancode: 0x69, sym: 0x114 (left), unicode: 0x00, modifier: 0x0
2024-11-28 16:00:26.634 T:6455 debug : CAMLCodec::AddData: dl:15502833 fl:219663 sz:388196(388288) lv:98.6% dts:314.648 pts:314.731
2024-11-28 16:00:26.634 T:6455 debug : CAMLCodec::DequeueBuffer: pts:312.813 idx:8700
2024-11-28 16:00:26.634 T:6455 debug : CAMLCodec::GetPicture: index: 8700, pts: 312.813, dur:42.000ms ar:1.78 elf:44ms
2024-11-28 16:00:26.634 T:6455 debug : CVideoPlayerVideo::OutputPicture - ttd:397ms pts:312.813 Clock:312.415 Level:5
2024-11-28 16:00:26.635 T:4489 debug : PrepareNextRender: frameOnScreen: 312.416 renderPts: 312.623 nextFramePts: 312.604 -> diff: 0.019 render: 1 forceNext: 0
2024-11-28 16:00:26.635 T:6455 debug : CAMLCodec::DequeueBuffer: pts:312.854 idx:8701
2024-11-28 16:00:26.636 T:6455 debug : CAMLCodec::GetPicture: index: 8701, pts: 312.854, dur:41.000ms ar:1.78 elf:1ms
2024-11-28 16:00:26.636 T:6455 debug : CVideoPlayerVideo::OutputPicture - ttd:437ms pts:312.854 Clock:312.417 Level:5
2024-11-28 16:00:26.637 T:6455 debug : CAMLCodec::DequeueBuffer: pts:312.896 idx:8702
2024-11-28 16:00:26.637 T:6455 debug : CAMLCodec::GetPicture: index: 8702, pts: 312.896, dur:42.000ms ar:1.78 elf:1ms
2024-11-28 16:00:26.637 T:6455 debug : CVideoPlayerVideo::OutputPicture - ttd:478ms pts:312.896 Clock:312.418 Level:6
2024-11-28 16:00:26.638 T:6455 debug : CAMLCodec::DequeueBuffer: pts:312.938 idx:8703
2024-11-28 16:00:26.638 T:6455 debug : CAMLCodec::GetPicture: index: 8703, pts: 312.938, dur:42.000ms ar:1.78 elf:1ms
2024-11-28 16:00:26.638 T:6455 debug : CVideoPlayerVideo::OutputPicture - ttd:518ms pts:312.938 Clock:312.419 Level:7
2024-11-28 16:00:26.639 T:4489 debug : CAMLCodec::ReleaseFrame idx:8695, drop:0
2024-11-28 16:00:26.640 T:6455 debug : CAMLCodec::AddData: skip add data dl:15502741 fl:219755 sz:297807(297920) lv:100.5% dts:314.689 pts:314.689
2024-11-28 16:00:26.673 T:4489 info : Skipped 25 duplicate messages..
2024-11-28 16:00:26.673 T:4489 debug : CAMLCodec::PollFrame elapsed:33.673ms
2024-11-28 16:00:26.676 T:6455 debug : CAMLCodec::AddData: dl:15366485 fl:356011 sz:297807(297920) lv:97.7% dts:314.689 pts:314.689
2024-11-28 16:00:26.679 T:6455 debug : CAMLCodec::AddData: dl:15671268 fl:51228 sz:304811(304896) lv:99.6% dts:314.731 pts:314.773
2024-11-28 16:00:26.679 T:4489 debug : PrepareNextRender: frameOnScreen: 312.460 renderPts: 312.667 nextFramePts: 312.646 -> diff: 0.021 render: 1 forceNext: 0
2024-11-28 16:00:26.680 T:6455 debug : CAMLCodec::AddData: skip add data dl:15671183 fl:51313 sz:400092(400192) lv:102.2% dts:314.773 pts:314.898
2024-11-28 16:00:26.683 T:6452 info : Skipped 2 duplicate messages..
2024-11-28 16:00:26.683 T:6452 debug : CVideoPlayer::ProcessVideoData size:278256 dts:319.611 pts:319.653 dur:41.000ms, clock:312.464 level:60
2024-11-28 16:00:26.684 T:4489 debug : CAMLCodec::ReleaseFrame idx:8696, drop:0
2024-11-28 16:00:26.685 T:6455 debug : CAMLCodec::AddData: skip add data dl:15671183 fl:51313 sz:400092(400192) lv:102.2% dts:314.773 pts:314.898
2024-11-28 16:00:26.687 T:6452 debug : CVideoPlayer::ProcessVideoData size:494769 dts:319.653 pts:319.778 dur:41.000ms, clock:312.468 level:60
2024-11-28 16:00:26.687 T:6455 debug : CAMLCodec::AddData: skip add data dl:15671183 fl:51313 sz:400092(400192) lv:102.2% dts:314.773 pts:314.898
2024-11-28 16:00:26.715 T:4489 info : Skipped 19 duplicate messages..
2024-11-28 16:00:26.715 T:4489 debug : CAMLCodec::PollFrame elapsed:30.795ms
2024-11-28 16:00:26.715 T:6455 debug : CAMLCodec::AddData: skip add data dl:15671183 fl:51313 sz:400092(400192) lv:102.2% dts:314.773 pts:314.898
2024-11-28 16:00:26.720 T:6455 debug : CAMLCodec::AddData: dl:15673679 fl:48817 sz:400092(400192) lv:99.7% dts:314.773 pts:314.898
2024-11-28 16:00:26.720 T:4489 debug : PrepareNextRender: frameOnScreen: 312.501 renderPts: 312.708 nextFramePts: 312.687 -> diff: 0.021 render: 1 forceNext: 0
2024-11-28 16:00:26.720 T:6455 debug : CAMLCodec::AddData: skip add data dl:15673579 fl:48917 sz:309813(309888) lv:101.6% dts:314.815 pts:314.856
2024-11-28 16:00:26.725 T:4489 info : Skipped 2 duplicate messages..
2024-11-28 16:00:26.725 T:4489 debug : CAMLCodec::ReleaseFrame idx:8697, drop:0
2024-11-28 16:00:26.726 T:6455 debug : CAMLCodec::AddData: skip add data dl:15673579 fl:48917 sz:309813(309888) lv:101.6% dts:314.815 pts:314.856
2024-11-28 16:00:26.727 T:6452 info : Skipped 1 duplicate messages..
2024-11-28 16:00:26.727 T:6452 debug : CVideoPlayer::ProcessVideoData size:390027 dts:319.694 pts:319.986 dur:41.000ms, clock:312.508 level:61
2024-11-28 16:00:26.729 T:6455 debug : CAMLCodec::AddData: skip add data dl:15673579 fl:48917 sz:309813(309888) lv:101.6% dts:314.815 pts:314.856
2024-11-28 16:00:26.756 T:4489 info : Skipped 20 duplicate messages..
2024-11-28 16:00:26.756 T:4489 debug : CAMLCodec::PollFrame elapsed:30.937ms
2024-11-28 16:00:26.760 T:6455 debug : CAMLCodec::AddData: dl:15653483 fl:69013 sz:309813(309888) lv:99.5% dts:314.815 pts:314.856
2024-11-28 16:00:26.760 T:6455 debug : CAMLCodec::AddData: skip add data dl:15653408 fl:69088 sz:294741(294848) lv:101.4% dts:314.856 pts:314.940
2024-11-28 16:00:26.762 T:4489 debug : PrepareNextRender: frameOnScreen: 312.543 renderPts: 312.750 nextFramePts: 312.729 -> diff: 0.021 render: 1 forceNext: 0
2024-11-28 16:00:26.762 T:6455 debug : CAMLCodec::AddData: skip add data dl:15653408 fl:69088 sz:294741(294848) lv:101.4% dts:314.856 pts:314.940
2024-11-28 16:00:26.767 T:4489 info : Skipped 3 duplicate messages..
2024-11-28 16:00:26.767 T:4489 debug : CAMLCodec::ReleaseFrame idx:8698, drop:0
2024-11-28 16:00:26.768 T:6455 debug : CAMLCodec::AddData: skip add data dl:15653408 fl:69088 sz:294741(294848) lv:101.4% dts:314.856 pts:314.940
2024-11-28 16:00:26.798 T:4489 info : Skipped 22 duplicate messages..
2024-11-28 16:00:26.798 T:4489 debug : CAMLCodec::PollFrame elapsed:30.868ms
2024-11-28 16:00:26.799 T:6455 debug : CAMLCodec::DequeueBuffer: pts:312.979 idx:8704
2024-11-28 16:00:26.799 T:6455 debug : CAMLCodec::GetPicture: index: 8704, pts: 312.979, dur:41.000ms ar:1.78 elf:160ms
2024-11-28 16:00:26.799 T:6455 debug : CVideoPlayerVideo::OutputPicture - ttd:399ms pts:312.979 Clock:312.580 Level:5
2024-11-28 16:00:26.803 T:6455 debug : CAMLCodec::AddData: dl:15633952 fl:88544 sz:294741(294848) lv:99.4% dts:314.856 pts:314.940
2024-11-28 16:00:26.803 T:4489 debug : PrepareNextRender: frameOnScreen: 312.584 renderPts: 312.791 nextFramePts: 312.771 -> diff: 0.020 render: 1 forceNext: 0
2024-11-28 16:00:26.804 T:6455 debug : CAMLCodec::AddData: skip add data dl:15633845 fl:88651 sz:461482(461568) lv:102.3% dts:314.898 pts:315.315
2024-11-28 16:00:26.810 T:4489 info : Skipped 2 duplicate messages..
2024-11-28 16:00:26.810 T:4489 debug : CAMLCodec::ReleaseFrame idx:8699, drop:0
2024-11-28 16:00:26.810 T:6452 debug : CVideoPlayer::ProcessVideoData size:334671 dts:319.736 pts:319.903 dur:41.000ms, clock:312.591 level:60
2024-11-28 16:00:26.812 T:6455 debug : CAMLCodec::AddData: skip add data dl:15633845 fl:88651 sz:461482(461568) lv:102.3% dts:314.898 pts:315.315
2024-11-28 16:00:26.821 T:6452 info : Skipped 5 duplicate messages..
2024-11-28 16:00:26.821 T:6452 debug : CVideoPlayer::ProcessVideoData size:325751 dts:319.778 pts:319.861 dur:41.000ms, clock:312.602 level:100
2024-11-28 16:00:26.824 T:6455 debug : CAMLCodec::AddData: skip add data dl:15633845 fl:88651 sz:461482(461568) lv:102.3% dts:314.898 pts:315.315
2024-11-28 16:00:26.840 T:4489 info : Skipped 8 duplicate messages..
2024-11-28 16:00:26.840 T:4489 debug : CAMLCodec::PollFrame elapsed:29.846ms
2024-11-28 16:00:26.840 T:6455 debug : CAMLCodec::AddData: skip add data dl:15633845 fl:88651 sz:461482(461568) lv:102.3% dts:314.898 pts:315.315
2024-11-28 16:00:26.841 T:6455 debug : CAMLCodec::DequeueBuffer: pts:313.021 idx:8705
2024-11-28 16:00:26.841 T:6455 debug : CAMLCodec::GetPicture: index: 8705, pts: 313.021, dur:42.000ms ar:1.78 elf:42ms
2024-11-28 16:00:26.842 T:6455 debug : CVideoPlayerVideo::OutputPicture - ttd:398ms pts:313.021 Clock:312.622 Level:5
2024-11-28 16:00:26.844 T:6455 debug : CAMLCodec::AddData: skip add data dl:15377525 fl:344971 sz:461482(461568) lv:100.7% dts:314.898 pts:315.315
2024-11-28 16:00:26.845 T:4489 debug : PrepareNextRender: frameOnScreen: 312.626 renderPts: 312.833 nextFramePts: 312.813 -> diff: 0.020 render: 1 forceNext: 0
2024-11-28 16:00:26.846 T:6455 debug : CAMLCodec::AddData: skip add data dl:15377525 fl:344971 sz:461482(461568) lv:100.7% dts:314.898 pts:315.315
2024-11-28 16:00:26.851 T:4489 info : Skipped 2 duplicate messages..
2024-11-28 16:00:26.851 T:4489 debug : CAMLCodec::ReleaseFrame idx:8700, drop:0
2024-11-28 16:00:26.852 T:6455 debug : CAMLCodec::AddData: skip add data dl:15377525 fl:344971 sz:461482(461568) lv:100.7% dts:314.898 pts:315.315
2024-11-28 16:00:26.853 T:6452 debug : CVideoPlayer::ProcessVideoData size:266067 dts:319.820 pts:319.820 dur:41.000ms, clock:312.634 level:100
2024-11-28 16:00:26.855 T:6455 debug : CAMLCodec::AddData: skip add data dl:15377525 fl:344971 sz:461482(461568) lv:100.7% dts:314.898 pts:315.315
2024-11-28 16:00:26.881 T:4489 info : Skipped 15 duplicate messages..
2024-11-28 16:00:26.881 T:4489 debug : CAMLCodec::PollFrame elapsed:29.927ms
2024-11-28 16:00:26.883 T:6455 debug : CAMLCodec::DequeueBuffer: pts:313.063 idx:8706
2024-11-28 16:00:26.883 T:6455 debug : CAMLCodec::GetPicture: index: 8706, pts: 313.063, dur:42.000ms ar:1.78 elf:41ms
2024-11-28 16:00:26.883 T:6455 debug : CVideoPlayerVideo::OutputPicture - ttd:399ms pts:313.063 Clock:312.664 Level:5
2024-11-28 16:00:26.887 T:4489 debug : PrepareNextRender: frameOnScreen: 312.668 renderPts: 312.875 nextFramePts: 312.854 -> diff: 0.021 render: 1 forceNext: 0
2024-11-28 16:00:26.888 T:6455 debug : CAMLCodec::AddData: dl:15581557 fl:140939 sz:461482(461568) lv:99.1% dts:314.898 pts:315.315
2024-11-28 16:00:26.888 T:6455 debug : CAMLCodec::AddData: skip add data dl:15581471 fl:141025 sz:375860(375936) lv:101.5% dts:314.940 pts:315.148
2024-11-28 16:00:26.892 T:4489 info : Skipped 2 duplicate messages..
2024-11-28 16:00:26.892 T:4489 debug : CAMLCodec::ReleaseFrame idx:8701, drop:0
2024-11-28 16:00:26.893 T:6455 debug : CAMLCodec::AddData: skip add data dl:15581471 fl:141025 sz:375860(375936) lv:101.5% dts:314.940 pts:315.148
2024-11-28 16:00:26.905 T:6452 info : Skipped 8 duplicate messages..
2024-11-28 16:00:26.905 T:6452 debug : CVideoPlayer::ProcessVideoData size:279767 dts:319.861 pts:319.945 dur:41.000ms, clock:312.686 level:100
2024-11-28 16:00:26.906 T:6455 debug : CAMLCodec::AddData: skip add data dl:15581471 fl:141025 sz:375860(375936) lv:101.5% dts:314.940 pts:315.148
2024-11-28 16:00:26.923 T:4489 info : Skipped 11 duplicate messages..
2024-11-28 16:00:26.923 T:4489 debug : CAMLCodec::PollFrame elapsed:30.662ms
2024-11-28 16:00:26.926 T:6455 debug : CAMLCodec::AddData: dl:15627359 fl:95137 sz:375860(375936) lv:99.4% dts:314.940 pts:315.148
2024-11-28 16:00:26.926 T:6455 debug : CAMLCodec::DequeueBuffer: pts:313.104 idx:8707
2024-11-28 16:00:26.926 T:6455 debug : CAMLCodec::GetPicture: index: 8707, pts: 313.104, dur:41.000ms ar:1.78 elf:43ms
2024-11-28 16:00:26.926 T:6455 debug : CVideoPlayerVideo::OutputPicture - ttd:396ms pts:313.104 Clock:312.707 Level:5
2024-11-28 16:00:26.928 T:6455 debug : CAMLCodec::AddData: skip add data dl:15627283 fl:95213 sz:338540(338624) lv:101.5% dts:314.981 pts:315.065
2024-11-28 16:00:26.928 T:4489 debug : PrepareNextRender: frameOnScreen: 312.709 renderPts: 312.916 nextFramePts: 312.896 -> diff: 0.020 render: 1 forceNext: 0
2024-11-28 16:00:26.930 T:6455 debug : CAMLCodec::AddData: skip add data dl:15627283 fl:95213 sz:338540(338624) lv:101.5% dts:314.981 pts:315.065
2024-11-28 16:00:26.933 T:4489 info : Skipped 2 duplicate messages..
2024-11-28 16:00:26.933 T:4489 debug : CAMLCodec::ReleaseFrame idx:8702, drop:0
2024-11-28 16:00:26.934 T:6455 debug : CAMLCodec::AddData: skip add data dl:15627283 fl:95213 sz:338540(338624) lv:101.5% dts:314.981 pts:315.065
2024-11-28 16:00:26.965 T:4489 info : Skipped 23 duplicate messages..
2024-11-28 16:00:26.965 T:4489 debug : CAMLCodec::PollFrame elapsed:31.657ms
2024-11-28 16:00:26.965 T:6455 debug : CAMLCodec::DequeueBuffer: pts:313.146 idx:8708
2024-11-28 16:00:26.965 T:6455 debug : CAMLCodec::GetPicture: index: 8708, pts: 313.146, dur:42.000ms ar:1.78 elf:38ms
2024-11-28 16:00:26.965 T:6455 debug : CVideoPlayerVideo::OutputPicture - ttd:399ms pts:313.146 Clock:312.746 Level:5
2024-11-28 16:00:26.969 T:6455 debug : CAMLCodec::AddData: dl:15701971 fl:20525 sz:338540(338624) lv:99.8% dts:314.981 pts:315.065
2024-11-28 16:00:26.970 T:6455 debug : CAMLCodec::AddData: skip add data dl:15701887 fl:20609 sz:299690(299776) lv:101.7% dts:315.023 pts:315.023
2024-11-28 16:00:26.971 T:4489 debug : PrepareNextRender: frameOnScreen: 312.752 renderPts: 312.959 nextFramePts: 312.938 -> diff: 0.021 render: 1 forceNext: 0
2024-11-28 16:00:26.971 T:6455 debug : CAMLCodec::AddData: skip add data dl:15701887 fl:20609 sz:299690(299776) lv:101.7% dts:315.023 pts:315.023
2024-11-28 16:00:26.975 T:4489 info : Skipped 2 duplicate messages..
2024-11-28 16:00:26.975 T:4489 debug : CAMLCodec::ReleaseFrame idx:8703, drop:0
2024-11-28 16:00:26.976 T:6455 debug : CAMLCodec::AddData: skip add data dl:15701887 fl:20609 sz:299690(299776) lv:101.7% dts:315.023 pts:315.023
2024-11-28 16:00:26.979 T:6452 info : Skipped 2 duplicate messages..
2024-11-28 16:00:26.979 T:6452 debug : CVideoPlayer::ProcessVideoData size:528748 dts:319.903 pts:320.028 dur:41.000ms, clock:312.760 level:60
2024-11-28 16:00:26.980 T:6455 debug : CAMLCodec::AddData: skip add data dl:15701887 fl:20609 sz:299690(299776) lv:101.7% dts:315.023 pts:315.023
2024-11-28 16:00:27.006 T:4489 info : Skipped 19 duplicate messages..
2024-11-28 16:00:27.006 T:4489 debug : CAMLCodec::PollFrame elapsed:30.963ms
2024-11-28 16:00:27.007 T:6455 debug : CAMLCodec::AddData: skip add data dl:15701887 fl:20609 sz:299690(299776) lv:101.7% dts:315.023 pts:315.023
2024-11-28 16:00:27.008 T:6455 debug : CAMLCodec::DequeueBuffer: pts:313.188 idx:8709
2024-11-28 16:00:27.008 T:6455 debug : CAMLCodec::GetPicture: index: 8709, pts: 313.188, dur:42.000ms ar:1.78 elf:43ms
2024-11-28 16:00:27.008 T:6455 debug : CVideoPlayerVideo::OutputPicture - ttd:398ms pts:313.188 Clock:312.789 Level:5
2024-11-28 16:00:27.012 T:4489 debug : PrepareNextRender: frameOnScreen: 312.793 renderPts: 313.000 nextFramePts: 312.979 -> diff: 0.021 render: 1 forceNext: 0
2024-11-28 16:00:27.012 T:6455 debug : CAMLCodec::AddData: dl:15725567 fl:-3071 sz:299690(299776) lv:100.0% dts:315.023 pts:315.023
2024-11-28 16:00:27.013 T:6455 debug : CAMLCodec::AddData: skip add data dl:15722496 fl:0 sz:298637(298752) lv:100.0% dts:315.065 pts:315.106
2024-11-28 16:00:27.017 T:4489 info : Skipped 2 duplicate messages..
2024-11-28 16:00:27.017 T:4489 debug : CAMLCodec::ReleaseFrame idx:8704, drop:0
2024-11-28 16:00:27.017 T:6455 debug : CAMLCodec::AddData: skip add data dl:15722496 fl:0 sz:298637(298752) lv:100.0% dts:315.065 pts:315.106
2024-11-28 16:00:27.032 T:6452 info : Skipped 10 duplicate messages..
2024-11-28 16:00:27.032 T:6452 debug : CVideoPlayer::ProcessVideoData size:476821 dts:319.945 pts:320.362 dur:41.000ms, clock:312.813 level:61
2024-11-28 16:00:27.033 T:6455 debug : CAMLCodec::AddData: skip add data dl:15722496 fl:0 sz:298637(298752) lv:100.0% dts:315.065 pts:315.106
2024-11-28 16:00:27.049 T:4489 info : Skipped 10 duplicate messages..
2024-11-28 16:00:27.049 T:4489 debug : CAMLCodec::PollFrame elapsed:31.833ms
2024-11-28 16:00:27.051 T:6455 debug : CAMLCodec::AddData: dl:15647552 fl:74944 sz:298637(298752) lv:99.5% dts:315.065 pts:315.106
2024-11-28 16:00:27.051 T:6455 debug : CAMLCodec::DequeueBuffer: pts:313.230 idx:8710
2024-11-28 16:00:27.051 T:6455 debug : CAMLCodec::GetPicture: index: 8710, pts: 313.230, dur:42.000ms ar:1.78 elf:42ms
2024-11-28 16:00:27.051 T:6455 debug : CVideoPlayerVideo::OutputPicture - ttd:398ms pts:313.230 Clock:312.832 Level:5
2024-11-28 16:00:27.053 T:6455 debug : CAMLCodec::AddData: skip add data dl:15650422 fl:72074 sz:351021(351104) lv:101.7% dts:315.106 pts:315.232
2024-11-28 16:00:27.054 T:4489 info : Skipped 1 duplicate messages..
2024-11-28 16:00:27.054 T:4489 debug : PrepareNextRender: frameOnScreen: 312.835 renderPts: 313.042 nextFramePts: 313.021 -> diff: 0.021 render: 1 forceNext: 0
2024-11-28 16:00:27.056 T:6455 debug : CAMLCodec::AddData: skip add data dl:15650422 fl:72074 sz:351021(351104) lv:101.7% dts:315.106 pts:315.232
2024-11-28 16:00:27.059 T:4489 info : Skipped 2 duplicate messages..
2024-11-28 16:00:27.059 T:4489 debug : CAMLCodec::ReleaseFrame idx:8705, drop:0
2024-11-28 16:00:27.060 T:6455 debug : CAMLCodec::AddData: skip add data dl:15650422 fl:72074 sz:351021(351104) lv:101.7% dts:315.106 pts:315.232
2024-11-28 16:00:27.074 T:6452 info : Skipped 9 duplicate messages..
2024-11-28 16:00:27.074 T:6452 debug : CVideoPlayer::ProcessVideoData size:401782 dts:319.986 pts:320.195 dur:41.000ms, clock:312.855 level:60
2024-11-28 16:00:27.074 T:6455 debug : CAMLCodec::AddData: skip add data dl:15650422 fl:72074 sz:351021(351104) lv:101.7% dts:315.106 pts:315.232
2024-11-28 16:00:27.090 T:6455 info : Skipped 11 duplicate messages..
2024-11-28 16:00:27.090 T:6455 debug : CAMLCodec::DequeueBuffer: pts:313.271 idx:8711
2024-11-28 16:00:27.091 T:6455 debug : CAMLCodec::GetPicture: index: 8711, pts: 313.271, dur:41.000ms ar:1.78 elf:39ms
2024-11-28 16:00:27.091 T:6455 debug : CVideoPlayerVideo::OutputPicture - ttd:399ms pts:313.271 Clock:312.872 Level:5
2024-11-28 16:00:27.095 T:6455 debug : CAMLCodec::AddData: dl:15682230 fl:40266 sz:351021(351104) lv:99.7% dts:315.106 pts:315.232
2024-11-28 16:00:27.095 T:6455 debug : CAMLCodec::AddData: skip add data dl:15682147 fl:40349 sz:288131(288256) lv:101.5% dts:315.148 pts:315.190
2024-11-28 16:00:27.097 T:4489 info : Skipped 1 duplicate messages..
2024-11-28 16:00:27.097 T:4489 debug : CAMLCodec::PollFrame elapsed:38.333ms
2024-11-28 16:00:27.098 T:6455 debug : CAMLCodec::AddData: skip add data dl:15682147 fl:40349 sz:288131(288256) lv:101.5% dts:315.148 pts:315.190
2024-11-28 16:00:27.102 T:4489 info : Skipped 2 duplicate messages..
2024-11-28 16:00:27.102 T:4489 debug : PrepareNextRender: frameOnScreen: 312.883 renderPts: 313.090 nextFramePts: 313.063 -> diff: 0.027 render: 1 forceNext: 0
2024-11-28 16:00:27.103 T:6455 debug : CAMLCodec::AddData: skip add data dl:15682147 fl:40349 sz:288131(288256) lv:101.5% dts:315.148 pts:315.190
2024-11-28 16:00:27.106 T:6452 info : Skipped 1 duplicate messages..
2024-11-28 16:00:27.106 T:6452 debug : CVideoPlayer::ProcessVideoData size:393388 dts:320.028 pts:320.111 dur:41.000ms, clock:312.887 level:60
2024-11-28 16:00:27.106 T:6455 debug : CAMLCodec::AddData: skip add data dl:15682147 fl:40349 sz:288131(288256) lv:101.5% dts:315.148 pts:315.190
2024-11-28 16:00:27.106 T:4489 debug : CAMLCodec::ReleaseFrame idx:8706, drop:0
2024-11-28 16:00:27.107 T:6455 debug : CAMLCodec::AddData: skip add data dl:15682147 fl:40349 sz:288131(288256) lv:101.5% dts:315.148 pts:315.190
2024-11-28 16:00:27.136 T:4489 info : Skipped 22 duplicate messages..
2024-11-28 16:00:27.136 T:4489 debug : CAMLCodec::PollFrame elapsed:30.487ms
2024-11-28 16:00:27.138 T:6455 debug : CAMLCodec::AddData: skip add data dl:15682147 fl:40349 sz:288131(288256) lv:101.5% dts:315.148 pts:315.190
2024-11-28 16:00:27.140 T:4489 info : Skipped 1 duplicate messages..
2024-11-28 16:00:27.140 T:4489 debug : PrepareNextRender: frameOnScreen: 312.921 renderPts: 313.128 nextFramePts: 313.104 -> diff: 0.024 render: 1 forceNext: 0
2024-11-28 16:00:27.140 T:6455 debug : CAMLCodec::AddData: skip add data dl:15682147 fl:40349 sz:288131(288256) lv:101.5% dts:315.148 pts:315.190
2024-11-28 16:00:27.143 T:4489 info : Skipped 1 duplicate messages..
2024-11-28 16:00:27.143 T:4489 debug : CAMLCodec::ReleaseFrame idx:8707, drop:0
2024-11-28 16:00:27.143 T:6455 debug : CAMLCodec::AddData: skip add data dl:15682147 fl:40349 sz:288131(288256) lv:101.5% dts:315.148 pts:315.190
2024-11-28 16:00:27.173 T:4489 info : Skipped 24 duplicate messages..
2024-11-28 16:00:27.173 T:4489 debug : CAMLCodec::PollFrame elapsed:30.323ms
2024-11-28 16:00:27.174 T:6455 debug : CAMLCodec::DequeueBuffer: pts:313.313 idx:8712
2024-11-28 16:00:27.174 T:6455 debug : CAMLCodec::GetPicture: index: 8712, pts: 313.313, dur:42.000ms ar:1.78 elf:83ms
2024-11-28 16:00:27.174 T:6455 debug : CVideoPlayerVideo::OutputPicture - ttd:357ms pts:313.313 Clock:312.955 Level:4
2024-11-28 16:00:27.178 T:4489 debug : PrepareNextRender: frameOnScreen: 312.959 renderPts: 313.166 nextFramePts: 313.146 -> diff: 0.020 render: 1 forceNext: 0
2024-11-28 16:00:27.178 T:6455 debug : CAMLCodec::AddData: dl:15651811 fl:70685 sz:288131(288256) lv:99.5% dts:315.148 pts:315.190
2024-11-28 16:00:27.179 T:6455 debug : CAMLCodec::AddData: skip add data dl:15651686 fl:70810 sz:324963(325056) lv:101.6% dts:315.190 pts:315.273
2024-11-28 16:00:27.182 T:4489 info : Skipped 1 duplicate messages..
2024-11-28 16:00:27.182 T:4489 debug : CAMLCodec::ReleaseFrame idx:8708, drop:0
2024-11-28 16:00:27.182 T:6455 debug : CAMLCodec::AddData: skip add data dl:15651686 fl:70810 sz:324963(325056) lv:101.6% dts:315.190 pts:315.273
2024-11-28 16:00:27.185 T:6455 info : Skipped 1 duplicate messages..
2024-11-28 16:00:27.185 T:6455 debug : CAMLCodec::DequeueBuffer: pts:313.355 idx:8713
2024-11-28 16:00:27.185 T:6455 debug : CAMLCodec::GetPicture: index: 8713, pts: 313.355, dur:42.000ms ar:1.78 elf:10ms
2024-11-28 16:00:27.185 T:6455 debug : CVideoPlayerVideo::OutputPicture - ttd:389ms pts:313.355 Clock:312.966 Level:4
2024-11-28 16:00:27.189 T:6455 debug : CAMLCodec::AddData: dl:15713894 fl:8602 sz:324963(325056) lv:99.9% dts:315.190 pts:315.273
2024-11-28 16:00:27.190 T:6455 debug : CAMLCodec::AddData: skip add data dl:15713801 fl:8695 sz:453173(453248) lv:102.8% dts:315.232 pts:315.607
2024-11-28 16:00:27.215 T:4489 info : Skipped 14 duplicate messages..
2024-11-28 16:00:27.215 T:4489 debug : CAMLCodec::PollFrame elapsed:32.753ms
2024-11-28 16:00:27.215 T:6455 debug : CAMLCodec::DequeueBuffer: pts:313.396 idx:8714
2024-11-28 16:00:27.215 T:6455 debug : CAMLCodec::GetPicture: index: 8714, pts: 313.396, dur:41.000ms ar:1.78 elf:30ms
2024-11-28 16:00:27.215 T:6455 debug : CVideoPlayerVideo::OutputPicture - ttd:399ms pts:313.396 Clock:312.996 Level:5
2024-11-28 16:00:27.218 T:6455 debug : CAMLCodec::AddData: skip add data dl:15456841 fl:265655 sz:453173(453248) lv:101.2% dts:315.232 pts:315.607
2024-11-28 16:00:27.221 T:4489 info : Skipped 1 duplicate messages..
2024-11-28 16:00:27.221 T:4489 debug : PrepareNextRender: frameOnScreen: 313.002 renderPts: 313.209 nextFramePts: 313.188 -> diff: 0.021 render: 1 forceNext: 0
2024-11-28 16:00:27.222 T:6455 debug : CAMLCodec::AddData: skip add data dl:15456841 fl:265655 sz:453173(453248) lv:101.2% dts:315.232 pts:315.607
2024-11-28 16:00:27.227 T:4489 info : Skipped 2 duplicate messages..
2024-11-28 16:00:27.227 T:4489 debug : CAMLCodec::ReleaseFrame idx:8709, drop:0
2024-11-28 16:00:27.228 T:6455 debug : CAMLCodec::AddData: skip add data dl:15456841 fl:265655 sz:453173(453248) lv:101.2% dts:315.232 pts:315.607
2024-11-28 16:00:27.257 T:4489 info : Skipped 16 duplicate messages..
2024-11-28 16:00:27.257 T:4489 debug : CAMLCodec::PollFrame elapsed:30.198ms
2024-11-28 16:00:27.259 T:6455 debug : CAMLCodec::AddData: dl:15597897 fl:124599 sz:453173(453248) lv:99.2% dts:315.232 pts:315.607
2024-11-28 16:00:27.259 T:6455 debug : CAMLCodec::DequeueBuffer: pts:313.438 idx:8715
2024-11-28 16:00:27.259 T:6455 debug : CAMLCodec::GetPicture: index: 8715, pts: 313.438, dur:42.000ms ar:1.78 elf:43ms
2024-11-28 16:00:27.259 T:6455 debug : CVideoPlayerVideo::OutputPicture - ttd:397ms pts:313.438 Clock:313.040 Level:5
2024-11-28 16:00:27.261 T:6452 debug : CVideoPlayer::ProcessVideoData size:348760 dts:320.070 pts:320.070 dur:41.000ms, clock:313.041 level:60
2024-11-28 16:00:27.263 T:6452 debug : CVideoPlayer::ProcessVideoData size:341948 dts:320.111 pts:320.153 dur:41.000ms, clock:313.043 level:60
2024-11-28 16:00:27.263 T:6455 debug : CAMLCodec::AddData: skip add data dl:15597822 fl:124674 sz:394432(394496) lv:101.7% dts:315.273 pts:315.482
2024-11-28 16:00:27.266 T:4489 info : Skipped 1 duplicate messages..
2024-11-28 16:00:27.266 T:4489 debug : PrepareNextRender: frameOnScreen: 313.046 renderPts: 313.253 nextFramePts: 313.230 -> diff: 0.023 render: 1 forceNext: 0
2024-11-28 16:00:27.266 T:6455 debug : CAMLCodec::AddData: skip add data dl:15597822 fl:124674 sz:394432(394496) lv:101.7% dts:315.273 pts:315.482
2024-11-28 16:00:27.267 T:6452 debug : CVideoPlayer::ProcessVideoData size:391508 dts:320.153 pts:320.278 dur:41.000ms, clock:313.048 level:100
2024-11-28 16:00:27.269 T:6455 debug : CAMLCodec::AddData: skip add data dl:15597822 fl:124674 sz:394432(394496) lv:101.7% dts:315.273 pts:315.482
2024-11-28 16:00:27.270 T:4489 debug : CAMLCodec::ReleaseFrame idx:8710, drop:0
2024-11-28 16:00:27.270 T:6455 debug : CAMLCodec::AddData: skip add data dl:15597822 fl:124674 sz:394432(394496) lv:101.7% dts:315.273 pts:315.482
2024-11-28 16:00:27.298 T:6455 info : Skipped 18 duplicate messages..
2024-11-28 16:00:27.298 T:6455 debug : CAMLCodec::AddData: skip add data dl:15352894 fl:369602 sz:394432(394496) lv:100.1% dts:315.273 pts:315.482
2024-11-28 16:00:27.298 T:4489 debug : CAMLCodec::PollFrame elapsed:27.914ms
2024-11-28 16:00:27.299 T:6455 debug : CAMLCodec::DequeueBuffer: pts:313.480 idx:8716
2024-11-28 16:00:27.300 T:6455 debug : CAMLCodec::GetPicture: index: 8716, pts: 313.480, dur:42.000ms ar:1.78 elf:40ms
2024-11-28 16:00:27.300 T:6455 debug : CVideoPlayerVideo::OutputPicture - ttd:399ms pts:313.480 Clock:313.081 Level:5
2024-11-28 16:00:27.301 T:6455 debug : CAMLCodec::DequeueBuffer: pts:313.522 idx:8717
2024-11-28 16:00:27.301 T:6455 debug : CAMLCodec::GetPicture: index: 8717, pts: 313.522, dur:42.000ms ar:1.78 elf:1ms
2024-11-28 16:00:27.301 T:6455 debug : CVideoPlayerVideo::OutputPicture - ttd:440ms pts:313.522 Clock:313.082 Level:6
2024-11-28 16:00:27.302 T:4489 debug : PrepareNextRender: frameOnScreen: 313.083 renderPts: 313.290 nextFramePts: 313.271 -> diff: 0.019 render: 1 forceNext: 0
2024-11-28 16:00:27.302 T:6455 debug : CAMLCodec::DequeueBuffer: pts:313.563 idx:8718
2024-11-28 16:00:27.302 T:6455 debug : CAMLCodec::GetPicture: index: 8718, pts: 313.563, dur:41.000ms ar:1.78 elf:1ms
2024-11-28 16:00:27.302 T:6455 debug : CVideoPlayerVideo::OutputPicture - ttd:479ms pts:313.563 Clock:313.083 Level:6
2024-11-28 16:00:27.303 T:6455 debug : CAMLCodec::DequeueBuffer: pts:313.605 idx:8719
2024-11-28 16:00:27.303 T:6455 debug : CAMLCodec::GetPicture: index: 8719, pts: 313.605, dur:42.000ms ar:1.78 elf:1ms
2024-11-28 16:00:27.303 T:6455 debug : CVideoPlayerVideo::OutputPicture - ttd:520ms pts:313.605 Clock:313.084 Level:7
