2024-11-28 16:00:19.052 T:6452 info : Skipped 1 duplicate messages..
2024-11-28 16:00:19.052 T:6452 debug : CVideoPlayer::ProcessVideoData size:300084 dts:312.145 pts:312.270 dur:41.000ms, clock:304.833 level:63
2024-11-28 16:00:19.053 T:6452 debug : CVideoPlayer::ProcessVideoData size:245276 dts:312.187 pts:312.229 dur:41.000ms, clock:304.834 level:64
2024-11-28 16:00:19.052 T:6455 debug : CAMLCodec::AddData: skip add data dl:15631459 fl:91037 sz:298086(298176) lv:101.3% dts:307.057 pts:307.098
2024-11-28 16:00:19.082 T:4489 info : Skipped 21 duplicate messages..
2024-11-28 16:00:19.082 T:4489 debug : CAMLCodec::PollFrame elapsed:34.355ms
2024-11-28 16:00:19.085 T:6455 debug : CAMLCodec::AddData: dl:15628579 fl:93917 sz:298086(298176) lv:99.4% dts:307.057 pts:307.098
2024-11-28 16:00:19.085 T:6455 debug : CAMLCodec::DequeueBuffer: pts:305.263 idx:8519
2024-11-28 16:00:19.085 T:6455 debug : CAMLCodec::GetPicture: index: 8519, pts: 305.263, dur:41.000ms ar:1.78 elf:43ms
2024-11-28 16:00:19.085 T:6455 debug : CVideoPlayerVideo::OutputPicture - ttd:397ms pts:305.263 Clock:304.865 Level:5
2024-11-28 16:00:19.086 T:4489 debug : PrepareNextRender: frameOnScreen: 304.866 renderPts: 305.075 nextFramePts: 305.055 -> diff: 0.020 render: 1 forceNext: 0
2024-11-28 16:00:19.087 T:6455 debug : CAMLCodec::AddData: skip add data dl:15628489 fl:94007 sz:307883(307968) lv:101.3% dts:307.098 pts:307.182
2024-11-28 16:00:19.088 T:4489 info : Skipped 1 duplicate messages..
2024-11-28 16:00:19.088 T:4489 debug : CAMLCodec::ReleaseFrame idx:8514, drop:0
2024-11-28 16:00:19.090 T:6455 debug : CAMLCodec::AddData: skip add data dl:15628489 fl:94007 sz:307883(307968) lv:101.3% dts:307.098 pts:307.182
2024-11-28 16:00:19.124 T:4489 info : Skipped 26 duplicate messages..
2024-11-28 16:00:19.124 T:4489 debug : CAMLCodec::PollFrame elapsed:35.252ms
2024-11-28 16:00:19.127 T:6455 debug : CAMLCodec::AddData: dl:15629641 fl:92855 sz:307883(307968) lv:99.4% dts:307.098 pts:307.182
2024-11-28 16:00:19.127 T:6455 debug : CAMLCodec::DequeueBuffer: pts:305.305 idx:8520
2024-11-28 16:00:19.127 T:6455 debug : CAMLCodec::GetPicture: index: 8520, pts: 305.305, dur:42.000ms ar:1.78 elf:41ms
2024-11-28 16:00:19.127 T:6455 debug : CVideoPlayerVideo::OutputPicture - ttd:397ms pts:305.305 Clock:304.907 Level:5
2024-11-28 16:00:19.127 T:4489 debug : PrepareNextRender: frameOnScreen: 304.908 renderPts: 305.116 nextFramePts: 305.096 -> diff: 0.020 render: 1 forceNext: 0
2024-11-28 16:00:19.129 T:6455 debug : CAMLCodec::AddData: skip add data dl:15629556 fl:92940 sz:465229(465344) lv:102.3% dts:307.140 pts:307.516
2024-11-28 16:00:19.130 T:4489 debug : CAMLCodec::ReleaseFrame idx:8515, drop:0
2024-11-28 16:00:19.130 T:6455 debug : CAMLCodec::AddData: skip add data dl:15629556 fl:92940 sz:465229(465344) lv:102.3% dts:307.140 pts:307.516
2024-11-28 16:00:19.135 T:6452 info : Skipped 2 duplicate messages..
2024-11-28 16:00:19.135 T:6452 debug : CVideoPlayer::ProcessVideoData size:238230 dts:312.229 pts:312.312 dur:41.000ms, clock:304.915 level:64
2024-11-28 16:00:19.137 T:6455 debug : CAMLCodec::AddData: skip add data dl:15629556 fl:92940 sz:465229(465344) lv:102.3% dts:307.140 pts:307.516
2024-11-28 16:00:19.166 T:4489 info : Skipped 19 duplicate messages..
2024-11-28 16:00:19.166 T:4489 debug : CAMLCodec::PollFrame elapsed:35.713ms
2024-11-28 16:00:19.169 T:6455 debug : CAMLCodec::AddData: dl:15722612 fl:-116 sz:465229(465344) lv:100.0% dts:307.140 pts:307.516
2024-11-28 16:00:19.169 T:6455 debug : CAMLCodec::DequeueBuffer: pts:305.347 idx:8521
2024-11-28 16:00:19.169 T:6455 debug : CAMLCodec::GetPicture: index: 8521, pts: 305.347, dur:42.000ms ar:1.78 elf:41ms
2024-11-28 16:00:19.169 T:6455 debug : CVideoPlayerVideo::OutputPicture - ttd:397ms pts:305.347 Clock:304.949 Level:5
2024-11-28 16:00:19.170 T:4489 debug : PrepareNextRender: frameOnScreen: 304.950 renderPts: 305.159 nextFramePts: 305.138 -> diff: 0.021 render: 1 forceNext: 0
2024-11-28 16:00:19.171 T:6455 debug : CAMLCodec::AddData: skip add data dl:15722496 fl:0 sz:380107(380224) lv:100.0% dts:307.182 pts:307.390
2024-11-28 16:00:19.173 T:4489 info : Skipped 1 duplicate messages..
2024-11-28 16:00:19.172 T:4489 debug : CAMLCodec::ReleaseFrame idx:8516, drop:0
2024-11-28 16:00:19.174 T:6455 debug : CAMLCodec::AddData: skip add data dl:15722496 fl:0 sz:380107(380224) lv:100.0% dts:307.182 pts:307.390
2024-11-28 16:00:19.187 T:6452 info : Skipped 8 duplicate messages..
2024-11-28 16:00:19.187 T:6452 debug : CVideoPlayer::ProcessVideoData size:411151 dts:312.270 pts:312.646 dur:41.000ms, clock:304.967 level:64
2024-11-28 16:00:19.187 T:6455 debug : CAMLCodec::AddData: skip add data dl:15722496 fl:0 sz:380107(380224) lv:100.0% dts:307.182 pts:307.390
2024-11-28 16:00:19.188 T:6452 debug : CVideoPlayer::ProcessVideoData size:329200 dts:312.312 pts:312.521 dur:41.000ms, clock:304.969 level:100
2024-11-28 16:00:19.189 T:6455 debug : CAMLCodec::AddData: skip add data dl:15722496 fl:0 sz:380107(380224) lv:100.0% dts:307.182 pts:307.390
2024-11-28 16:00:19.208 T:4489 info : Skipped 13 duplicate messages..
2024-11-28 16:00:19.207 T:4489 debug : CAMLCodec::PollFrame elapsed:34.708ms
2024-11-28 16:00:19.209 T:6455 debug : CAMLCodec::AddData: skip add data dl:15421568 fl:300928 sz:380107(380224) lv:100.5% dts:307.182 pts:307.390
2024-11-28 16:00:19.210 T:4489 debug : PrepareNextRender: frameOnScreen: 304.990 renderPts: 305.199 nextFramePts: 305.180 -> diff: 0.019 render: 1 forceNext: 0
2024-11-28 16:00:19.210 T:6455 debug : CAMLCodec::DequeueBuffer: pts:305.388 idx:8522
2024-11-28 16:00:19.210 T:6455 debug : CAMLCodec::GetPicture: index: 8522, pts: 305.388, dur:41.000ms ar:1.78 elf:41ms
2024-11-28 16:00:19.210 T:6455 debug : CVideoPlayerVideo::OutputPicture - ttd:397ms pts:305.388 Clock:304.991 Level:4
2024-11-28 16:00:19.211 T:4489 debug : CAMLCodec::ReleaseFrame idx:8517, drop:0
2024-11-28 16:00:19.212 T:6455 debug : CAMLCodec::DequeueBuffer: pts:305.430 idx:8523
2024-11-28 16:00:19.212 T:6455 debug : CAMLCodec::GetPicture: index: 8523, pts: 305.430, dur:42.000ms ar:1.78 elf:1ms
2024-11-28 16:00:19.212 T:6455 debug : CVideoPlayerVideo::OutputPicture - ttd:437ms pts:305.430 Clock:304.992 Level:5
2024-11-28 16:00:19.213 T:6455 debug : CAMLCodec::DequeueBuffer: pts:305.472 idx:8524
2024-11-28 16:00:19.213 T:6455 debug : CAMLCodec::GetPicture: index: 8524, pts: 305.472, dur:42.000ms ar:1.78 elf:1ms
2024-11-28 16:00:19.213 T:6455 debug : CVideoPlayerVideo::OutputPicture - ttd:478ms pts:305.472 Clock:304.993 Level:6
2024-11-28 16:00:19.214 T:6455 debug : CAMLCodec::DequeueBuffer: pts:305.514 idx:8525
2024-11-28 16:00:19.214 T:6455 debug : CAMLCodec::GetPicture: index: 8525, pts: 305.514, dur:42.000ms ar:1.78 elf:1ms
2024-11-28 16:00:19.214 T:6455 debug : CVideoPlayerVideo::OutputPicture - ttd:519ms pts:305.514 Clock:304.995 Level:7
2024-11-28 16:00:19.215 T:6455 debug : CAMLCodec::AddData: skip add data dl:15421568 fl:300928 sz:380107(380224) lv:100.5% dts:307.182 pts:307.390
2024-11-28 16:00:19.249 T:4489 info : Skipped 24 duplicate messages..
2024-11-28 16:00:19.249 T:4489 debug : CAMLCodec::PollFrame elapsed:37.675ms
2024-11-28 16:00:19.252 T:6455 debug : CAMLCodec::AddData: dl:15244288 fl:478208 sz:380107(380224) lv:96.9% dts:307.182 pts:307.390
2024-11-28 16:00:19.252 T:4489 debug : PrepareNextRender: frameOnScreen: 305.032 renderPts: 305.241 nextFramePts: 305.222 -> diff: 0.019 render: 1 forceNext: 0
2024-11-28 16:00:19.254 T:4489 debug : CAMLCodec::ReleaseFrame idx:8518, drop:0
2024-11-28 16:00:19.255 T:6455 debug : CAMLCodec::AddData: dl:15612748 fl:109748 sz:368494(368576) lv:99.3% dts:307.224 pts:307.307
2024-11-28 16:00:19.256 T:6455 debug : CAMLCodec::AddData: skip add data dl:15612666 fl:109830 sz:332464(332544) lv:101.4% dts:307.265 pts:307.265
2024-11-28 16:00:19.261 T:6452 info : Skipped 3 duplicate messages..
2024-11-28 16:00:19.261 T:6452 debug : CVideoPlayer::ProcessVideoData size:305720 dts:312.354 pts:312.437 dur:41.000ms, clock:305.041 level:64
2024-11-28 16:00:19.262 T:6455 debug : CAMLCodec::AddData: skip add data dl:15612666 fl:109830 sz:332464(332544) lv:101.4% dts:307.265 pts:307.265
2024-11-28 16:00:19.282 T:6452 info : Skipped 14 duplicate messages..
2024-11-28 16:00:19.282 T:6452 debug : CVideoPlayer::ProcessVideoData size:249469 dts:312.395 pts:312.395 dur:41.000ms, clock:305.062 level:100
2024-11-28 16:00:19.283 T:6455 debug : CAMLCodec::AddData: skip add data dl:15612666 fl:109830 sz:332464(332544) lv:101.4% dts:307.265 pts:307.265
2024-11-28 16:00:19.291 T:4489 info : Skipped 4 duplicate messages..
2024-11-28 16:00:19.291 T:4489 debug : CAMLCodec::PollFrame elapsed:37.152ms
2024-11-28 16:00:19.293 T:6455 debug : CAMLCodec::AddData: dl:15451770 fl:270726 sz:332464(332544) lv:98.2% dts:307.265 pts:307.265
2024-11-28 16:00:19.294 T:6455 debug : CAMLCodec::AddData: skip add data dl:15451690 fl:270806 sz:295640(295744) lv:100.1% dts:307.307 pts:307.349
2024-11-28 16:00:19.294 T:6452 debug : CVideoPlayer::ProcessVideoData size:243057 dts:312.437 pts:312.479 dur:41.000ms, clock:305.074 level:64
2024-11-28 16:00:19.295 T:4489 debug : PrepareNextRender: frameOnScreen: 305.075 renderPts: 305.284 nextFramePts: 305.263 -> diff: 0.021 render: 1 forceNext: 0
2024-11-28 16:00:19.295 T:6455 debug : CAMLCodec::AddData: skip add data dl:15451690 fl:270806 sz:295640(295744) lv:100.1% dts:307.307 pts:307.349
2024-11-28 16:00:19.298 T:4489 info : Skipped 1 duplicate messages..
2024-11-28 16:00:19.298 T:4489 debug : CAMLCodec::ReleaseFrame idx:8519, drop:0
2024-11-28 16:00:19.298 T:6455 debug : CAMLCodec::AddData: skip add data dl:15451690 fl:270806 sz:295640(295744) lv:100.1% dts:307.307 pts:307.349
2024-11-28 16:00:19.316 T:6452 info : Skipped 12 duplicate messages..
2024-11-28 16:00:19.315 T:6452 debug : CVideoPlayer::ProcessVideoData size:342048 dts:312.479 pts:312.604 dur:41.000ms, clock:305.096 level:100
2024-11-28 16:00:19.316 T:6455 debug : CAMLCodec::AddData: skip add data dl:15451690 fl:270806 sz:295640(295744) lv:100.1% dts:307.307 pts:307.349
2024-11-28 16:00:19.333 T:4489 info : Skipped 11 duplicate messages..
2024-11-28 16:00:19.333 T:4489 debug : CAMLCodec::PollFrame elapsed:34.330ms
2024-11-28 16:00:19.333 T:6455 debug : CAMLCodec::AddData: skip add data dl:15451690 fl:270806 sz:295640(295744) lv:100.1% dts:307.307 pts:307.349
2024-11-28 16:00:19.336 T:4489 debug : PrepareNextRender: frameOnScreen: 305.117 renderPts: 305.325 nextFramePts: 305.305 -> diff: 0.020 render: 1 forceNext: 0
2024-11-28 16:00:19.337 T:6455 debug : CAMLCodec::AddData: dl:15341802 fl:380694 sz:295640(295744) lv:97.5% dts:307.307 pts:307.349
2024-11-28 16:00:19.339 T:4489 debug : CAMLCodec::ReleaseFrame idx:8520, drop:0
2024-11-28 16:00:19.340 T:6455 debug : CAMLCodec::AddData: dl:15708866 fl:13630 sz:367081(367168) lv:99.9% dts:307.349 pts:307.474
2024-11-28 16:00:19.340 T:6455 debug : CAMLCodec::AddData: skip add data dl:15708779 fl:13717 sz:289654(289728) lv:101.7% dts:307.390 pts:307.432
2024-11-28 16:00:19.347 T:6452 info : Skipped 4 duplicate messages..
2024-11-28 16:00:19.347 T:6452 debug : CVideoPlayer::ProcessVideoData size:252970 dts:312.521 pts:312.562 dur:41.000ms, clock:305.127 level:64
2024-11-28 16:00:19.348 T:6455 debug : CAMLCodec::AddData: skip add data dl:15708779 fl:13717 sz:289654(289728) lv:101.7% dts:307.390 pts:307.432
2024-11-28 16:00:19.374 T:4489 info : Skipped 19 duplicate messages..
2024-11-28 16:00:19.374 T:4489 debug : CAMLCodec::PollFrame elapsed:34.706ms
2024-11-28 16:00:19.377 T:6455 debug : CAMLCodec::AddData: dl:15624299 fl:98197 sz:289654(289728) lv:99.3% dts:307.390 pts:307.432
2024-11-28 16:00:19.377 T:6455 debug : CAMLCodec::DequeueBuffer: pts:305.555 idx:8526
2024-11-28 16:00:19.377 T:6455 debug : CAMLCodec::GetPicture: index: 8526, pts: 305.555, dur:41.000ms ar:1.78 elf:163ms
2024-11-28 16:00:19.377 T:6455 debug : CVideoPlayerVideo::OutputPicture - ttd:397ms pts:305.555 Clock:305.158 Level:5
2024-11-28 16:00:19.378 T:4489 debug : PrepareNextRender: frameOnScreen: 305.158 renderPts: 305.367 nextFramePts: 305.347 -> diff: 0.020 render: 1 forceNext: 0
2024-11-28 16:00:19.380 T:6455 debug : CAMLCodec::AddData: skip add data dl:15624225 fl:98271 sz:543185(543296) lv:102.8% dts:307.432 pts:307.557
2024-11-28 16:00:19.382 T:6452 debug : CVideoPlayer::ProcessVideoData size:423856 dts:312.562 pts:312.687 dur:41.000ms, clock:305.162 level:64
2024-11-28 16:00:19.382 T:6455 debug : CAMLCodec::AddData: skip add data dl:15624225 fl:98271 sz:543185(543296) lv:102.8% dts:307.432 pts:307.557
2024-11-28 16:00:19.383 T:4489 debug : CAMLCodec::ReleaseFrame idx:8521, drop:0
2024-11-28 16:00:19.384 T:6455 debug : CAMLCodec::AddData: skip add data dl:15624225 fl:98271 sz:543185(543296) lv:102.8% dts:307.432 pts:307.557
2024-11-28 16:00:19.416 T:4489 info : Skipped 19 duplicate messages..
2024-11-28 16:00:19.416 T:4489 debug : CAMLCodec::PollFrame elapsed:32.952ms
2024-11-28 16:00:19.417 T:6455 debug : CAMLCodec::AddData: skip add data dl:15326497 fl:395999 sz:543185(543296) lv:100.9% dts:307.432 pts:307.557
2024-11-28 16:00:19.418 T:6455 debug : CAMLCodec::DequeueBuffer: pts:305.597 idx:8527
2024-11-28 16:00:19.418 T:6455 debug : CAMLCodec::GetPicture: index: 8527, pts: 305.597, dur:42.000ms ar:1.78 elf:40ms
2024-11-28 16:00:19.418 T:6455 debug : CVideoPlayerVideo::OutputPicture - ttd:398ms pts:305.597 Clock:305.199 Level:5
2024-11-28 16:00:19.419 T:4489 debug : PrepareNextRender: frameOnScreen: 305.199 renderPts: 305.408 nextFramePts: 305.388 -> diff: 0.020 render: 1 forceNext: 0
2024-11-28 16:00:19.420 T:6455 debug : CAMLCodec::AddData: skip add data dl:15326497 fl:395999 sz:543185(543296) lv:100.9% dts:307.432 pts:307.557
2024-11-28 16:00:19.423 T:4489 info : Skipped 1 duplicate messages..
2024-11-28 16:00:19.423 T:4489 debug : CAMLCodec::ReleaseFrame idx:8522, drop:0
2024-11-28 16:00:19.425 T:6455 debug : CAMLCodec::AddData: skip add data dl:15326497 fl:395999 sz:543185(543296) lv:100.9% dts:307.432 pts:307.557
2024-11-28 16:00:19.458 T:4489 info : Skipped 20 duplicate messages..
2024-11-28 16:00:19.458 T:4489 debug : CAMLCodec::PollFrame elapsed:34.719ms
2024-11-28 16:00:19.460 T:6455 debug : CAMLCodec::AddData: dl:15570017 fl:152479 sz:543185(543296) lv:99.0% dts:307.432 pts:307.557
2024-11-28 16:00:19.461 T:6455 debug : CAMLCodec::DequeueBuffer: pts:305.639 idx:8528
2024-11-28 16:00:19.461 T:6455 debug : CAMLCodec::GetPicture: index: 8528, pts: 305.639, dur:42.000ms ar:1.78 elf:42ms
2024-11-28 16:00:19.461 T:4489 debug : PrepareNextRender: frameOnScreen: 305.241 renderPts: 305.450 nextFramePts: 305.430 -> diff: 0.020 render: 1 forceNext: 0
2024-11-28 16:00:19.461 T:6455 debug : CVideoPlayerVideo::OutputPicture - ttd:397ms pts:305.639 Clock:305.241 Level:4
2024-11-28 16:00:19.462 T:4489 debug : CAMLCodec::ReleaseFrame idx:8523, drop:0
2024-11-28 16:00:19.463 T:6455 debug : CAMLCodec::AddData: skip add data dl:15569906 fl:152590 sz:485364(485440) lv:102.1% dts:307.474 pts:307.891
2024-11-28 16:00:19.473 T:6452 info : Skipped 6 duplicate messages..
2024-11-28 16:00:19.473 T:6452 debug : CVideoPlayer::ProcessVideoData size:383906 dts:312.604 pts:312.938 dur:41.000ms, clock:305.253 level:64
2024-11-28 16:00:19.473 T:6455 debug : CAMLCodec::AddData: skip add data dl:15569906 fl:152590 sz:485364(485440) lv:102.1% dts:307.474 pts:307.891
2024-11-28 16:00:19.499 T:4489 info : Skipped 18 duplicate messages..
2024-11-28 16:00:19.499 T:4489 debug : CAMLCodec::PollFrame elapsed:36.761ms
2024-11-28 16:00:19.501 T:6455 debug : CAMLCodec::DequeueBuffer: pts:305.680 idx:8529
2024-11-28 16:00:19.501 T:6455 debug : CAMLCodec::GetPicture: index: 8529, pts: 305.680, dur:41.000ms ar:1.78 elf:39ms
2024-11-28 16:00:19.501 T:6455 debug : CVideoPlayerVideo::OutputPicture - ttd:398ms pts:305.680 Clock:305.281 Level:5
2024-11-28 16:00:19.504 T:4489 debug : PrepareNextRender: frameOnScreen: 305.284 renderPts: 305.493 nextFramePts: 305.472 -> diff: 0.021 render: 1 forceNext: 0
2024-11-28 16:00:19.505 T:6455 debug : CAMLCodec::AddData: dl:15686322 fl:36174 sz:485364(485440) lv:99.7% dts:307.474 pts:307.891
2024-11-28 16:00:19.505 T:6452 debug : CVideoPlayer::ProcessVideoData size:349387 dts:312.646 pts:312.813 dur:41.000ms, clock:305.286 level:64
2024-11-28 16:00:19.506 T:6455 debug : CAMLCodec::AddData: skip add data dl:15686246 fl:36250 sz:373902(374016) lv:102.1% dts:307.516 pts:307.724
2024-11-28 16:00:19.507 T:6452 debug : CVideoPlayer::ProcessVideoData size:316027 dts:312.687 pts:312.771 dur:41.000ms, clock:305.287 level:65
2024-11-28 16:00:19.508 T:4489 debug : CAMLCodec::ReleaseFrame idx:8524, drop:0
2024-11-28 16:00:19.509 T:6455 debug : CAMLCodec::AddData: skip add data dl:15686246 fl:36250 sz:373902(374016) lv:102.1% dts:307.516 pts:307.724
2024-11-28 16:00:19.541 T:4489 info : Skipped 23 duplicate messages..
2024-11-28 16:00:19.541 T:4489 debug : CAMLCodec::PollFrame elapsed:33.277ms
2024-11-28 16:00:19.542 T:6455 debug : CAMLCodec::AddData: skip add data dl:15386982 fl:335514 sz:373902(374016) lv:100.2% dts:307.516 pts:307.724
2024-11-28 16:00:19.543 T:6455 debug : CAMLCodec::DequeueBuffer: pts:305.722 idx:8530
2024-11-28 16:00:19.543 T:6455 debug : CAMLCodec::GetPicture: index: 8530, pts: 305.722, dur:42.000ms ar:1.78 elf:42ms
2024-11-28 16:00:19.543 T:6455 debug : CVideoPlayerVideo::OutputPicture - ttd:398ms pts:305.722 Clock:305.323 Level:5
2024-11-28 16:00:19.545 T:6455 debug : CAMLCodec::AddData: skip add data dl:15386982 fl:335514 sz:373902(374016) lv:100.2% dts:307.516 pts:307.724
2024-11-28 16:00:19.545 T:4489 debug : PrepareNextRender: frameOnScreen: 305.325 renderPts: 305.534 nextFramePts: 305.514 -> diff: 0.020 render: 1 forceNext: 0
2024-11-28 16:00:19.546 T:6455 debug : CAMLCodec::AddData: skip add data dl:15386982 fl:335514 sz:373902(374016) lv:100.2% dts:307.516 pts:307.724
2024-11-28 16:00:19.547 T:4489 debug : CAMLCodec::ReleaseFrame idx:8525, drop:0
2024-11-28 16:00:19.548 T:6455 debug : CAMLCodec::AddData: skip add data dl:15386982 fl:335514 sz:373902(374016) lv:100.2% dts:307.516 pts:307.724
2024-11-28 16:00:19.549 T:6452 debug : CVideoPlayer::ProcessVideoData size:238822 dts:312.729 pts:312.729 dur:41.000ms, clock:305.329 level:100
2024-11-28 16:00:19.550 T:6455 debug : CAMLCodec::AddData: skip add data dl:15386982 fl:335514 sz:373902(374016) lv:100.2% dts:307.516 pts:307.724
2024-11-28 16:00:19.583 T:4489 info : Skipped 24 duplicate messages..
2024-11-28 16:00:19.583 T:4489 debug : CAMLCodec::PollFrame elapsed:35.406ms
2024-11-28 16:00:19.584 T:6455 debug : CAMLCodec::DequeueBuffer: pts:305.764 idx:8531
2024-11-28 16:00:19.584 T:6455 debug : CAMLCodec::GetPicture: index: 8531, pts: 305.764, dur:42.000ms ar:1.78 elf:40ms
2024-11-28 16:00:19.584 T:6455 debug : CVideoPlayerVideo::OutputPicture - ttd:399ms pts:305.764 Clock:305.365 Level:5
2024-11-28 16:00:19.585 T:4489 debug : PrepareNextRender: frameOnScreen: 305.366 renderPts: 305.574 nextFramePts: 305.555 -> diff: 0.019 render: 1 forceNext: 0
2024-11-28 16:00:19.588 T:4489 debug : CAMLCodec::ReleaseFrame idx:8526, drop:0
2024-11-28 16:00:19.588 T:6455 debug : CAMLCodec::AddData: dl:15432934 fl:289562 sz:373902(374016) lv:98.1% dts:307.516 pts:307.724
2024-11-28 16:00:19.589 T:6455 debug : CAMLCodec::AddData: skip add data dl:15432820 fl:289676 sz:384677(384768) lv:100.6% dts:307.557 pts:307.641
2024-11-28 16:00:19.625 T:4489 info : Skipped 26 duplicate messages..
2024-11-28 16:00:19.625 T:4489 debug : CAMLCodec::PollFrame elapsed:36.423ms
2024-11-28 16:00:19.625 T:6455 debug : CAMLCodec::DequeueBuffer: pts:305.806 idx:8532
2024-11-28 16:00:19.626 T:6455 debug : CAMLCodec::GetPicture: index: 8532, pts: 305.806, dur:42.000ms ar:1.78 elf:41ms
2024-11-28 16:00:19.626 T:6455 debug : CVideoPlayerVideo::OutputPicture - ttd:399ms pts:305.806 Clock:305.406 Level:5
2024-11-28 16:00:19.628 T:4489 debug : PrepareNextRender: frameOnScreen: 305.409 renderPts: 305.617 nextFramePts: 305.597 -> diff: 0.020 render: 1 forceNext: 0
2024-11-28 16:00:19.630 T:6455 debug : CAMLCodec::AddData: dl:15311924 fl:410572 sz:384677(384768) lv:97.4% dts:307.557 pts:307.641
2024-11-28 16:00:19.631 T:6452 debug : CVideoPlayer::ProcessVideoData size:314876 dts:312.771 pts:312.896 dur:41.000ms, clock:305.412 level:64
2024-11-28 16:00:19.632 T:4489 debug : CAMLCodec::ReleaseFrame idx:8527, drop:0
2024-11-28 16:00:19.633 T:6455 debug : CAMLCodec::AddData: dl:15618521 fl:103975 sz:306592(306688) lv:99.3% dts:307.599 pts:307.599
2024-11-28 16:00:19.634 T:6455 debug : CAMLCodec::AddData: skip add data dl:15618425 fl:104071 sz:296779(296896) lv:101.2% dts:307.641 pts:307.682
2024-11-28 16:00:19.634 T:6452 debug : CVideoPlayer::ProcessVideoData size:251345 dts:312.813 pts:312.854 dur:41.000ms, clock:305.414 level:65
2024-11-28 16:00:19.636 T:6455 debug : CAMLCodec::AddData: skip add data dl:15618425 fl:104071 sz:296779(296896) lv:101.2% dts:307.641 pts:307.682
2024-11-28 16:00:19.638 T:6452 info : Skipped 1 duplicate messages..
2024-11-28 16:00:19.638 T:6452 debug : CVideoPlayer::ProcessVideoData size:434160 dts:312.854 pts:312.979 dur:41.000ms, clock:305.419 level:65
2024-11-28 16:00:19.640 T:6455 debug : CAMLCodec::AddData: skip add data dl:15618425 fl:104071 sz:296779(296896) lv:101.2% dts:307.641 pts:307.682
2024-11-28 16:00:19.666 T:4489 info : Skipped 19 duplicate messages..
2024-11-28 16:00:19.666 T:4489 debug : CAMLCodec::PollFrame elapsed:34.168ms
2024-11-28 16:00:19.669 T:6455 debug : CAMLCodec::AddData: dl:15507641 fl:214855 sz:296779(296896) lv:98.6% dts:307.641 pts:307.682
2024-11-28 16:00:19.669 T:6455 debug : CAMLCodec::DequeueBuffer: pts:305.847 idx:8533
2024-11-28 16:00:19.669 T:6455 debug : CAMLCodec::GetPicture: index: 8533, pts: 305.847, dur:41.000ms ar:1.78 elf:43ms
2024-11-28 16:00:19.669 T:6455 debug : CVideoPlayerVideo::OutputPicture - ttd:397ms pts:305.847 Clock:305.450 Level:5
2024-11-28 16:00:19.670 T:4489 debug : PrepareNextRender: frameOnScreen: 305.450 renderPts: 305.659 nextFramePts: 305.639 -> diff: 0.020 render: 1 forceNext: 0
2024-11-28 16:00:19.671 T:6455 debug : CAMLCodec::AddData: skip add data dl:15507524 fl:214972 sz:371060(371136) lv:101.0% dts:307.682 pts:307.808
2024-11-28 16:00:19.673 T:4489 info : Skipped 1 duplicate messages..
2024-11-28 16:00:19.673 T:4489 debug : CAMLCodec::ReleaseFrame idx:8528, drop:0
2024-11-28 16:00:19.674 T:6455 debug : CAMLCodec::AddData: skip add data dl:15507524 fl:214972 sz:371060(371136) lv:101.0% dts:307.682 pts:307.808
2024-11-28 16:00:19.708 T:4489 info : Skipped 25 duplicate messages..
2024-11-28 16:00:19.708 T:4489 debug : CAMLCodec::PollFrame elapsed:34.419ms
2024-11-28 16:00:19.708 T:6455 debug : CAMLCodec::DequeueBuffer: pts:305.889 idx:8534
2024-11-28 16:00:19.708 T:6455 debug : CAMLCodec::GetPicture: index: 8534, pts: 305.889, dur:42.000ms ar:1.78 elf:39ms
2024-11-28 16:00:19.709 T:6455 debug : CVideoPlayerVideo::OutputPicture - ttd:399ms pts:305.889 Clock:305.489 Level:5
2024-11-28 16:00:19.712 T:4489 debug : PrepareNextRender: frameOnScreen: 305.492 renderPts: 305.701 nextFramePts: 305.680 -> diff: 0.021 render: 1 forceNext: 0
2024-11-28 16:00:19.713 T:6455 debug : CAMLCodec::AddData: dl:15509956 fl:212540 sz:371060(371136) lv:98.6% dts:307.682 pts:307.808
2024-11-28 16:00:19.713 T:6455 debug : CAMLCodec::AddData: skip add data dl:15509880 fl:212616 sz:294619(294720) lv:100.5% dts:307.724 pts:307.766
2024-11-28 16:00:19.715 T:4489 debug : CAMLCodec::ReleaseFrame idx:8529, drop:0
2024-11-28 16:00:19.715 T:6455 debug : CAMLCodec::AddData: skip add data dl:15509880 fl:212616 sz:294619(294720) lv:100.5% dts:307.724 pts:307.766
2024-11-28 16:00:19.731 T:6452 info : Skipped 11 duplicate messages..
2024-11-28 16:00:19.731 T:6452 debug : CVideoPlayer::ProcessVideoData size:397720 dts:312.896 pts:313.313 dur:41.000ms, clock:305.511 level:64
2024-11-28 16:00:19.731 T:6455 debug : CAMLCodec::AddData: skip add data dl:15509880 fl:212616 sz:294619(294720) lv:100.5% dts:307.724 pts:307.766
2024-11-28 16:00:19.732 T:6452 debug : CVideoPlayer::ProcessVideoData size:329958 dts:312.938 pts:313.146 dur:41.000ms, clock:305.513 level:100
2024-11-28 16:00:19.734 T:6455 debug : CAMLCodec::AddData: skip add data dl:15509880 fl:212616 sz:294619(294720) lv:100.5% dts:307.724 pts:307.766
2024-11-28 16:00:19.750 T:4489 info : Skipped 11 duplicate messages..
2024-11-28 16:00:19.750 T:4489 debug : CAMLCodec::PollFrame elapsed:34.532ms
2024-11-28 16:00:19.750 T:6455 debug : CAMLCodec::AddData: skip add data dl:15509880 fl:212616 sz:294619(294720) lv:100.5% dts:307.724 pts:307.766
2024-11-28 16:00:19.751 T:6455 debug : CAMLCodec::DequeueBuffer: pts:305.931 idx:8535
2024-11-28 16:00:19.751 T:6455 debug : CAMLCodec::GetPicture: index: 8535, pts: 305.931, dur:42.000ms ar:1.78 elf:42ms
2024-11-28 16:00:19.751 T:6455 debug : CVideoPlayerVideo::OutputPicture - ttd:399ms pts:305.931 Clock:305.532 Level:5
2024-11-28 16:00:19.753 T:4489 debug : PrepareNextRender: frameOnScreen: 305.533 renderPts: 305.742 nextFramePts: 305.722 -> diff: 0.020 render: 1 forceNext: 0
2024-11-28 16:00:19.756 T:6455 debug : CAMLCodec::AddData: dl:15501432 fl:221064 sz:294619(294720) lv:98.6% dts:307.724 pts:307.766
2024-11-28 16:00:19.757 T:6455 debug : CAMLCodec::AddData: skip add data dl:15501331 fl:221165 sz:310799(310912) lv:100.5% dts:307.766 pts:307.849
2024-11-28 16:00:19.757 T:4489 debug : CAMLCodec::ReleaseFrame idx:8530, drop:0
2024-11-28 16:00:19.758 T:6455 debug : CAMLCodec::AddData: skip add data dl:15501331 fl:221165 sz:310799(310912) lv:100.5% dts:307.766 pts:307.849
2024-11-28 16:00:19.774 T:6452 info : Skipped 11 duplicate messages..
2024-11-28 16:00:19.774 T:6452 debug : CVideoPlayer::ProcessVideoData size:314325 dts:312.979 pts:313.063 dur:41.000ms, clock:305.555 level:100
2024-11-28 16:00:19.774 T:6455 debug : CAMLCodec::AddData: skip add data dl:15501331 fl:221165 sz:310799(310912) lv:100.5% dts:307.766 pts:307.849
2024-11-28 16:00:19.791 T:6455 info : Skipped 12 duplicate messages..
2024-11-28 16:00:19.791 T:6455 debug : CAMLCodec::DequeueBuffer: pts:305.972 idx:8536
2024-11-28 16:00:19.791 T:4489 debug : CAMLCodec::PollFrame elapsed:33.651ms
2024-11-28 16:00:19.791 T:6455 debug : CAMLCodec::GetPicture: index: 8536, pts: 305.972, dur:41.000ms ar:1.78 elf:40ms
2024-11-28 16:00:19.792 T:6455 debug : CVideoPlayerVideo::OutputPicture - ttd:399ms pts:305.972 Clock:305.572 Level:5
2024-11-28 16:00:19.795 T:4489 debug : PrepareNextRender: frameOnScreen: 305.575 renderPts: 305.784 nextFramePts: 305.764 -> diff: 0.020 render: 1 forceNext: 0
2024-11-28 16:00:19.795 T:6455 debug : CAMLCodec::AddData: dl:15500435 fl:222061 sz:310799(310912) lv:98.5% dts:307.766 pts:307.849
2024-11-28 16:00:19.797 T:6455 debug : CAMLCodec::AddData: skip add data dl:15500322 fl:222174 sz:460629(460736) lv:101.5% dts:307.808 pts:308.225
2024-11-28 16:00:19.798 T:4489 debug : CAMLCodec::ReleaseFrame idx:8531, drop:0
2024-11-28 16:00:19.799 T:6455 debug : CAMLCodec::AddData: skip add data dl:15500322 fl:222174 sz:460629(460736) lv:101.5% dts:307.808 pts:308.225
2024-11-28 16:00:19.826 T:6452 info : Skipped 15 duplicate messages..
2024-11-28 16:00:19.826 T:6452 debug : CVideoPlayer::ProcessVideoData size:256353 dts:313.021 pts:313.021 dur:41.000ms, clock:305.606 level:100
2024-11-28 16:00:19.827 T:6455 debug : CAMLCodec::AddData: skip add data dl:15500322 fl:222174 sz:460629(460736) lv:101.5% dts:307.808 pts:308.225
2024-11-28 16:00:19.833 T:4489 info : Skipped 3 duplicate messages..
2024-11-28 16:00:19.833 T:4489 debug : CAMLCodec::PollFrame elapsed:34.174ms
2024-11-28 16:00:19.836 T:6455 debug : CAMLCodec::AddData: dl:15590178 fl:132318 sz:460629(460736) lv:99.1% dts:307.808 pts:308.225
2024-11-28 16:00:19.837 T:6455 debug : CAMLCodec::DequeueBuffer: pts:306.014 idx:8537
2024-11-28 16:00:19.837 T:6455 debug : CAMLCodec::GetPicture: index: 8537, pts: 306.014, dur:42.000ms ar:1.78 elf:45ms
2024-11-28 16:00:19.837 T:6452 debug : CVideoPlayer::ProcessVideoData size:257531 dts:313.063 pts:313.104 dur:41.000ms, clock:305.618 level:65
2024-11-28 16:00:19.837 T:6455 debug : CVideoPlayerVideo::OutputPicture - ttd:396ms pts:306.014 Clock:305.618 Level:5
2024-11-28 16:00:19.838 T:4489 debug : PrepareNextRender: frameOnScreen: 305.619 renderPts: 305.827 nextFramePts: 305.806 -> diff: 0.021 render: 1 forceNext: 0
2024-11-28 16:00:19.839 T:6455 debug : CAMLCodec::AddData: skip add data dl:15590071 fl:132425 sz:386712(386816) lv:101.6% dts:307.849 pts:308.058
2024-11-28 16:00:19.843 T:4489 info : Skipped 2 duplicate messages..
2024-11-28 16:00:19.843 T:4489 debug : CAMLCodec::ReleaseFrame idx:8532, drop:0
2024-11-28 16:00:19.844 T:6455 debug : CAMLCodec::AddData: skip add data dl:15590071 fl:132425 sz:386712(386816) lv:101.6% dts:307.849 pts:308.058
2024-11-28 16:00:19.875 T:4489 info : Skipped 22 duplicate messages..
2024-11-28 16:00:19.875 T:4489 debug : CAMLCodec::PollFrame elapsed:31.189ms
2024-11-28 16:00:19.875 T:6455 debug : CAMLCodec::AddData: skip add data dl:15590071 fl:132425 sz:386712(386816) lv:101.6% dts:307.849 pts:308.058
2024-11-28 16:00:19.877 T:6455 debug : CAMLCodec::DequeueBuffer: pts:306.056 idx:8538
2024-11-28 16:00:19.877 T:6455 debug : CAMLCodec::GetPicture: index: 8538, pts: 306.056, dur:42.000ms ar:1.78 elf:39ms
2024-11-28 16:00:19.877 T:6455 debug : CVideoPlayerVideo::OutputPicture - ttd:398ms pts:306.056 Clock:305.657 Level:5
2024-11-28 16:00:19.878 T:4489 debug : PrepareNextRender: frameOnScreen: 305.658 renderPts: 305.867 nextFramePts: 305.847 -> diff: 0.020 render: 1 forceNext: 0
2024-11-28 16:00:19.881 T:6455 debug : CAMLCodec::AddData: dl:15663543 fl:58953 sz:386712(386816) lv:99.6% dts:307.849 pts:308.058
2024-11-28 16:00:19.881 T:4489 debug : CAMLCodec::ReleaseFrame idx:8533, drop:0
2024-11-28 16:00:19.882 T:6455 debug : CAMLCodec::AddData: skip add data dl:15663439 fl:59057 sz:364349(364416) lv:101.9% dts:307.891 pts:307.974
2024-11-28 16:00:19.889 T:6452 info : Skipped 4 duplicate messages..
2024-11-28 16:00:19.889 T:6452 debug : CVideoPlayer::ProcessVideoData size:330059 dts:313.104 pts:313.230 dur:41.000ms, clock:305.670 level:65
2024-11-28 16:00:19.891 T:6455 debug : CAMLCodec::AddData: skip add data dl:15663439 fl:59057 sz:364349(364416) lv:101.9% dts:307.891 pts:307.974
2024-11-28 16:00:19.900 T:6452 info : Skipped 6 duplicate messages..
2024-11-28 16:00:19.900 T:6452 debug : CVideoPlayer::ProcessVideoData size:263889 dts:313.146 pts:313.188 dur:41.000ms, clock:305.681 level:100
2024-11-28 16:00:19.902 T:6455 debug : CAMLCodec::AddData: skip add data dl:15663439 fl:59057 sz:364349(364416) lv:101.9% dts:307.891 pts:307.974
2024-11-28 16:00:19.917 T:4489 info : Skipped 9 duplicate messages..
2024-11-28 16:00:19.917 T:4489 debug : CAMLCodec::PollFrame elapsed:35.225ms
2024-11-28 16:00:19.919 T:6455 debug : CAMLCodec::AddData: dl:15715983 fl:6513 sz:364349(364416) lv:99.9% dts:307.891 pts:307.974
2024-11-28 16:00:19.919 T:6455 debug : CAMLCodec::DequeueBuffer: pts:306.097 idx:8539
2024-11-28 16:00:19.919 T:6455 debug : CAMLCodec::GetPicture: index: 8539, pts: 306.097, dur:41.000ms ar:1.78 elf:42ms
2024-11-28 16:00:19.920 T:6455 debug : CVideoPlayerVideo::OutputPicture - ttd:396ms pts:306.097 Clock:305.700 Level:5
2024-11-28 16:00:19.920 T:4489 debug : PrepareNextRender: frameOnScreen: 305.700 renderPts: 305.909 nextFramePts: 305.889 -> diff: 0.020 render: 1 forceNext: 0
2024-11-28 16:00:19.921 T:6455 debug : CAMLCodec::AddData: skip add data dl:15715916 fl:6580 sz:300190(300288) lv:101.8% dts:307.933 pts:307.933
2024-11-28 16:00:19.923 T:4489 debug : CAMLCodec::ReleaseFrame idx:8534, drop:0
2024-11-28 16:00:19.923 T:6455 debug : CAMLCodec::AddData: skip add data dl:15715916 fl:6580 sz:300190(300288) lv:101.8% dts:307.933 pts:307.933
2024-11-28 16:00:19.952 T:6452 info : Skipped 22 duplicate messages..
2024-11-28 16:00:19.952 T:6452 debug : CVideoPlayer::ProcessVideoData size:276158 dts:313.188 pts:313.271 dur:41.000ms, clock:305.733 level:100
2024-11-28 16:00:19.952 T:6455 debug : CAMLCodec::AddData: skip add data dl:15715916 fl:6580 sz:300190(300288) lv:101.8% dts:307.933 pts:307.933
2024-11-28 16:00:19.958 T:4489 info : Skipped 4 duplicate messages..
2024-11-28 16:00:19.958 T:4489 debug : CAMLCodec::PollFrame elapsed:35.204ms
2024-11-28 16:00:19.960 T:6455 debug : CAMLCodec::DequeueBuffer: pts:306.139 idx:8540
2024-11-28 16:00:19.960 T:6455 debug : CAMLCodec::GetPicture: index: 8540, pts: 306.139, dur:42.000ms ar:1.78 elf:40ms
2024-11-28 16:00:19.960 T:6455 debug : CVideoPlayerVideo::OutputPicture - ttd:398ms pts:306.139 Clock:305.741 Level:5
2024-11-28 16:00:19.961 T:4489 debug : PrepareNextRender: frameOnScreen: 305.741 renderPts: 305.950 nextFramePts: 305.931 -> diff: 0.019 render: 1 forceNext: 0
2024-11-28 16:00:19.964 T:4489 debug : CAMLCodec::ReleaseFrame idx:8535, drop:0
2024-11-28 16:00:19.964 T:6455 debug : CAMLCodec::AddData: dl:15532044 fl:190452 sz:300190(300288) lv:98.8% dts:307.933 pts:307.933
2024-11-28 16:00:19.965 T:6455 debug : CAMLCodec::AddData: skip add data dl:15531946 fl:190550 sz:316573(316672) lv:100.8% dts:307.974 pts:308.016
2024-11-28 16:00:20.000 T:4489 info : Skipped 27 duplicate messages..
2024-11-28 16:00:20.000 T:4489 debug : CAMLCodec::PollFrame elapsed:35.824ms
2024-11-28 16:00:20.001 T:6455 debug : CAMLCodec::DequeueBuffer: pts:306.181 idx:8541
2024-11-28 16:00:20.001 T:6455 debug : CAMLCodec::GetPicture: index: 8541, pts: 306.181, dur:42.000ms ar:1.78 elf:40ms
2024-11-28 16:00:20.001 T:6455 debug : CVideoPlayerVideo::OutputPicture - ttd:399ms pts:306.181 Clock:305.782 Level:5
2024-11-28 16:00:20.003 T:4489 debug : PrepareNextRender: frameOnScreen: 305.784 renderPts: 305.993 nextFramePts: 305.972 -> diff: 0.021 render: 1 forceNext: 0
2024-11-28 16:00:20.005 T:6455 debug : CAMLCodec::AddData: dl:15455466 fl:267030 sz:316573(316672) lv:98.3% dts:307.974 pts:308.016
2024-11-28 16:00:20.006 T:6455 debug : CAMLCodec::AddData: skip add data dl:15455367 fl:267129 sz:372559(372672) lv:100.6% dts:308.016 pts:308.141
2024-11-28 16:00:20.007 T:4489 debug : CAMLCodec::ReleaseFrame idx:8536, drop:0
2024-11-28 16:00:20.007 T:6455 debug : CAMLCodec::AddData: skip add data dl:15455367 fl:267129 sz:372559(372672) lv:100.6% dts:308.016 pts:308.141
2024-11-28 16:00:20.015 T:6452 info : Skipped 5 duplicate messages..
2024-11-28 16:00:20.015 T:6452 debug : CVideoPlayer::ProcessVideoData size:373659 dts:313.230 pts:313.605 dur:41.000ms, clock:305.796 level:65
2024-11-28 16:00:20.017 T:6455 debug : CAMLCodec::AddData: skip add data dl:15455367 fl:267129 sz:372559(372672) lv:100.6% dts:308.016 pts:308.141
2024-11-28 16:00:20.042 T:4489 info : Skipped 17 duplicate messages..
2024-11-28 16:00:20.042 T:4489 debug : CAMLCodec::PollFrame elapsed:34.500ms
2024-11-28 16:00:20.044 T:6455 debug : CAMLCodec::AddData: dl:15434759 fl:287737 sz:372559(372672) lv:98.1% dts:308.016 pts:308.141
2024-11-28 16:00:20.044 T:6455 debug : CAMLCodec::DequeueBuffer: pts:306.223 idx:8542
2024-11-28 16:00:20.044 T:6455 debug : CAMLCodec::GetPicture: index: 8542, pts: 306.223, dur:42.000ms ar:1.78 elf:42ms
2024-11-28 16:00:20.044 T:6455 debug : CVideoPlayerVideo::OutputPicture - ttd:398ms pts:306.223 Clock:305.825 Level:5
2024-11-28 16:00:20.045 T:4489 debug : PrepareNextRender: frameOnScreen: 305.826 renderPts: 306.035 nextFramePts: 306.014 -> diff: 0.021 render: 1 forceNext: 0
2024-11-28 16:00:20.047 T:6452 debug : CVideoPlayer::ProcessVideoData size:319294 dts:313.271 pts:313.480 dur:41.000ms, clock:305.828 level:65
2024-11-28 16:00:20.047 T:4489 debug : CAMLCodec::ReleaseFrame idx:8537, drop:0
2024-11-28 16:00:20.048 T:6455 debug : CAMLCodec::AddData: dl:15728214 fl:-5718 sz:293443(293568) lv:100.0% dts:308.058 pts:308.099
2024-11-28 16:00:20.049 T:6455 debug : CAMLCodec::AddData: skip add data dl:15722496 fl:0 sz:300920(300992) lv:100.0% dts:308.099 pts:308.183
2024-11-28 16:00:20.049 T:6452 debug : CVideoPlayer::ProcessVideoData size:318588 dts:313.313 pts:313.396 dur:41.000ms, clock:305.830 level:65
2024-11-28 16:00:20.051 T:6455 debug : CAMLCodec::AddData: skip add data dl:15722496 fl:0 sz:300920(300992) lv:100.0% dts:308.099 pts:308.183
2024-11-28 16:00:20.083 T:4489 info : Skipped 23 duplicate messages..
2024-11-28 16:00:20.083 T:4489 debug : CAMLCodec::PollFrame elapsed:35.501ms
2024-11-28 16:00:20.083 T:6455 debug : CAMLCodec::AddData: skip add data dl:15722496 fl:0 sz:300920(300992) lv:100.0% dts:308.099 pts:308.183
2024-11-28 16:00:20.085 T:6455 debug : CAMLCodec::DequeueBuffer: pts:306.264 idx:8543
2024-11-28 16:00:20.085 T:6455 debug : CAMLCodec::GetPicture: index: 8543, pts: 306.264, dur:41.000ms ar:1.78 elf:40ms
2024-11-28 16:00:20.085 T:6455 debug : CVideoPlayerVideo::OutputPicture - ttd:398ms pts:306.264 Clock:305.865 Level:5
2024-11-28 16:00:20.086 T:4489 debug : PrepareNextRender: frameOnScreen: 305.867 renderPts: 306.076 nextFramePts: 306.056 -> diff: 0.020 render: 1 forceNext: 0
2024-11-28 16:00:20.089 T:6455 debug : CAMLCodec::AddData: dl:15706176 fl:16320 sz:300920(300992) lv:99.9% dts:308.099 pts:308.183
2024-11-28 16:00:20.090 T:4489 debug : CAMLCodec::ReleaseFrame idx:8538, drop:0
2024-11-28 16:00:20.090 T:6455 debug : CAMLCodec::AddData: skip add data dl:15711697 fl:10799 sz:447173(447296) lv:102.7% dts:308.141 pts:308.517
2024-11-28 16:00:20.092 T:6452 debug : CVideoPlayer::ProcessVideoData size:262874 dts:313.355 pts:313.355 dur:41.000ms, clock:305.872 level:65
2024-11-28 16:00:20.092 T:6455 debug : CAMLCodec::AddData: skip add data dl:15711697 fl:10799 sz:447173(447296) lv:102.7% dts:308.141 pts:308.517
2024-11-28 16:00:20.093 T:6452 debug : CVideoPlayer::ProcessVideoData size:256939 dts:313.396 pts:313.438 dur:41.000ms, clock:305.874 level:100
2024-11-28 16:00:20.096 T:6455 debug : CAMLCodec::AddData: skip add data dl:15711697 fl:10799 sz:447173(447296) lv:102.7% dts:308.141 pts:308.517
2024-11-28 16:00:20.125 T:4489 info : Skipped 17 duplicate messages..
2024-11-28 16:00:20.125 T:4489 debug : CAMLCodec::PollFrame elapsed:34.995ms
2024-11-28 16:00:20.126 T:6455 debug : CAMLCodec::AddData: skip add data dl:15371473 fl:351023 sz:447173(447296) lv:100.6% dts:308.141 pts:308.517
2024-11-28 16:00:20.128 T:6455 debug : CAMLCodec::DequeueBuffer: pts:306.306 idx:8544
2024-11-28 16:00:20.128 T:6455 debug : CAMLCodec::GetPicture: index: 8544, pts: 306.306, dur:42.000ms ar:1.78 elf:42ms
2024-11-28 16:00:20.128 T:6455 debug : CVideoPlayerVideo::OutputPicture - ttd:397ms pts:306.306 Clock:305.908 Level:5
2024-11-28 16:00:20.128 T:4489 debug : PrepareNextRender: frameOnScreen: 305.909 renderPts: 306.118 nextFramePts: 306.097 -> diff: 0.021 render: 1 forceNext: 0
2024-11-28 16:00:20.130 T:6455 debug : CAMLCodec::AddData: skip add data dl:15371473 fl:351023 sz:447173(447296) lv:100.6% dts:308.141 pts:308.517
2024-11-28 16:00:20.131 T:4489 debug : CAMLCodec::ReleaseFrame idx:8539, drop:0
2024-11-28 16:00:20.132 T:6455 debug : CAMLCodec::AddData: skip add data dl:15371473 fl:351023 sz:447173(447296) lv:100.6% dts:308.141 pts:308.517
2024-11-28 16:00:20.135 T:6452 info : Skipped 1 duplicate messages..
2024-11-28 16:00:20.135 T:6452 debug : CVideoPlayer::ProcessVideoData size:312254 dts:313.438 pts:313.563 dur:41.000ms, clock:305.916 level:100
2024-11-28 16:00:20.136 T:6455 debug : CAMLCodec::AddData: skip add data dl:15371473 fl:351023 sz:447173(447296) lv:100.6% dts:308.141 pts:308.517
2024-11-28 16:00:20.167 T:6455 info : Skipped 17 duplicate messages..
2024-11-28 16:00:20.167 T:6455 debug : CAMLCodec::DequeueBuffer: pts:306.348 idx:8545
2024-11-28 16:00:20.167 T:6455 debug : CAMLCodec::GetPicture: index: 8545, pts: 306.348, dur:42.000ms ar:1.78 elf:38ms
2024-11-28 16:00:20.167 T:4489 debug : CAMLCodec::PollFrame elapsed:34.854ms
2024-11-28 16:00:20.167 T:6455 debug : CVideoPlayerVideo::OutputPicture - ttd:400ms pts:306.348 Clock:305.947 Level:5
2024-11-28 16:00:20.171 T:4489 debug : PrepareNextRender: frameOnScreen: 305.952 renderPts: 306.161 nextFramePts: 306.139 -> diff: 0.022 render: 1 forceNext: 0
2024-11-28 16:00:20.171 T:6455 debug : CAMLCodec::AddData: dl:15451409 fl:271087 sz:447173(447296) lv:98.2% dts:308.141 pts:308.517
2024-11-28 16:00:20.172 T:6455 debug : CAMLCodec::AddData: skip add data dl:15451286 fl:271210 sz:385624(385728) lv:100.7% dts:308.183 pts:308.391
2024-11-28 16:00:20.175 T:4489 info : Skipped 1 duplicate messages..
2024-11-28 16:00:20.175 T:4489 debug : CAMLCodec::ReleaseFrame idx:8540, drop:0
2024-11-28 16:00:20.175 T:6455 debug : CAMLCodec::AddData: skip add data dl:15451286 fl:271210 sz:385624(385728) lv:100.7% dts:308.183 pts:308.391
2024-11-28 16:00:20.208 T:4489 info : Skipped 24 duplicate messages..
2024-11-28 16:00:20.208 T:4489 debug : CAMLCodec::PollFrame elapsed:33.322ms
2024-11-28 16:00:20.211 T:6455 debug : CAMLCodec::AddData: dl:15536406 fl:186090 sz:385624(385728) lv:98.8% dts:308.183 pts:308.391
2024-11-28 16:00:20.211 T:6455 debug : CAMLCodec::DequeueBuffer: pts:306.389 idx:8546
2024-11-28 16:00:20.211 T:6455 debug : CAMLCodec::GetPicture: index: 8546, pts: 306.389, dur:41.000ms ar:1.78 elf:44ms
2024-11-28 16:00:20.211 T:6455 debug : CVideoPlayerVideo::OutputPicture - ttd:397ms pts:306.389 Clock:305.992 Level:5
2024-11-28 16:00:20.211 T:4489 debug : PrepareNextRender: frameOnScreen: 305.992 renderPts: 306.201 nextFramePts: 306.181 -> diff: 0.020 render: 1 forceNext: 0
2024-11-28 16:00:20.212 T:6455 debug : CAMLCodec::DequeueBuffer: pts:306.431 idx:8547
2024-11-28 16:00:20.212 T:6455 debug : CAMLCodec::GetPicture: index: 8547, pts: 306.431, dur:42.000ms ar:1.78 elf:1ms
2024-11-28 16:00:20.213 T:6455 debug : CVideoPlayerVideo::OutputPicture - ttd:437ms pts:306.431 Clock:305.993 Level:5
2024-11-28 16:00:20.214 T:4489 debug : CAMLCodec::ReleaseFrame idx:8541, drop:0
2024-11-28 16:00:20.214 T:6455 debug : CAMLCodec::DequeueBuffer: pts:306.473 idx:8548
2024-11-28 16:00:20.214 T:6455 debug : CAMLCodec::GetPicture: index: 8548, pts: 306.473, dur:42.000ms ar:1.78 elf:1ms
2024-11-28 16:00:20.214 T:6455 debug : CVideoPlayerVideo::OutputPicture - ttd:478ms pts:306.473 Clock:305.994 Level:6
2024-11-28 16:00:20.215 T:6455 debug : CAMLCodec::DequeueBuffer: pts:306.515 idx:8549
2024-11-28 16:00:20.215 T:6455 debug : CAMLCodec::GetPicture: index: 8549, pts: 306.515, dur:42.000ms ar:1.78 elf:1ms
2024-11-28 16:00:20.215 T:6455 debug : CVideoPlayerVideo::OutputPicture - ttd:519ms pts:306.515 Clock:305.996 Level:7
2024-11-28 16:00:20.216 T:6455 debug : CAMLCodec::AddData: skip add data dl:15536302 fl:186194 sz:400341(400448) lv:101.3% dts:308.225 pts:308.308
2024-11-28 16:00:20.217 T:6452 debug : CVideoPlayer::ProcessVideoData size:244876 dts:313.480 pts:313.522 dur:41.000ms, clock:305.998 level:66
2024-11-28 16:00:20.219 T:6455 debug : CAMLCodec::AddData: skip add data dl:15536302 fl:186194 sz:400341(400448) lv:101.3% dts:308.225 pts:308.308
2024-11-28 16:00:20.250 T:4489 info : Skipped 21 duplicate messages..
2024-11-28 16:00:20.250 T:4489 debug : CAMLCodec::PollFrame elapsed:36.360ms
2024-11-28 16:00:20.250 T:6455 debug : CAMLCodec::AddData: skip add data dl:15536302 fl:186194 sz:400341(400448) lv:101.3% dts:308.225 pts:308.308
2024-11-28 16:00:20.254 T:4489 debug : PrepareNextRender: frameOnScreen: 306.034 renderPts: 306.244 nextFramePts: 306.223 -> diff: 0.021 render: 1 forceNext: 0
2024-11-28 16:00:20.254 T:6455 debug : CAMLCodec::AddData: dl:15378286 fl:344210 sz:400341(400448) lv:97.8% dts:308.225 pts:308.308
2024-11-28 16:00:20.257 T:4489 debug : CAMLCodec::ReleaseFrame idx:8542, drop:0
2024-11-28 16:00:20.257 T:6455 debug : CAMLCodec::AddData: dl:15675011 fl:47485 sz:296742(296832) lv:99.7% dts:308.266 pts:308.266
2024-11-28 16:00:20.258 T:6455 debug : CAMLCodec::AddData: skip add data dl:15674921 fl:47575 sz:314207(314304) lv:101.7% dts:308.308 pts:308.350
2024-11-28 16:00:20.261 T:6452 info : Skipped 2 duplicate messages..
2024-11-28 16:00:20.261 T:6452 debug : CVideoPlayer::ProcessVideoData size:535571 dts:313.522 pts:313.647 dur:41.000ms, clock:306.042 level:65
2024-11-28 16:00:20.264 T:6455 debug : CAMLCodec::AddData: skip add data dl:15674921 fl:47575 sz:314207(314304) lv:101.7% dts:308.308 pts:308.350
2024-11-28 16:00:20.273 T:6452 info : Skipped 5 duplicate messages..
2024-11-28 16:00:20.273 T:6452 debug : CVideoPlayer::ProcessVideoData size:504573 dts:313.563 pts:313.980 dur:41.000ms, clock:306.054 level:65
2024-11-28 16:00:20.274 T:6455 debug : CAMLCodec::AddData: skip add data dl:15674921 fl:47575 sz:314207(314304) lv:101.7% dts:308.308 pts:308.350
2024-11-28 16:00:20.292 T:4489 info : Skipped 13 duplicate messages..
2024-11-28 16:00:20.292 T:4489 debug : CAMLCodec::PollFrame elapsed:34.949ms
2024-11-28 16:00:20.295 T:4489 debug : PrepareNextRender: frameOnScreen: 306.076 renderPts: 306.285 nextFramePts: 306.264 -> diff: 0.021 render: 1 forceNext: 0
2024-11-28 16:00:20.295 T:6455 debug : CAMLCodec::AddData: dl:15503465 fl:219031 sz:314207(314304) lv:98.6% dts:308.308 pts:308.350
2024-11-28 16:00:20.296 T:6455 debug : CAMLCodec::AddData: skip add data dl:15503368 fl:219128 sz:381610(381696) lv:101.0% dts:308.350 pts:308.475
2024-11-28 16:00:20.299 T:4489 info : Skipped 1 duplicate messages..
2024-11-28 16:00:20.299 T:4489 debug : CAMLCodec::ReleaseFrame idx:8543, drop:0
2024-11-28 16:00:20.300 T:6455 debug : CAMLCodec::AddData: skip add data dl:15503368 fl:219128 sz:381610(381696) lv:101.0% dts:308.350 pts:308.475
2024-11-28 16:00:20.306 T:6452 info : Skipped 3 duplicate messages..
2024-11-28 16:00:20.306 T:6452 debug : CVideoPlayer::ProcessVideoData size:372226 dts:313.605 pts:313.814 dur:41.000ms, clock:306.086 level:65
2024-11-28 16:00:20.306 T:6455 debug : CAMLCodec::AddData: skip add data dl:15503368 fl:219128 sz:381610(381696) lv:101.0% dts:308.350 pts:308.475
2024-11-28 16:00:20.334 T:4489 info : Skipped 20 duplicate messages..
2024-11-28 16:00:20.334 T:4489 debug : CAMLCodec::PollFrame elapsed:33.931ms
2024-11-28 16:00:20.336 T:4489 debug : PrepareNextRender: frameOnScreen: 306.117 renderPts: 306.326 nextFramePts: 306.306 -> diff: 0.020 render: 1 forceNext: 0
2024-11-28 16:00:20.337 T:6455 debug : CAMLCodec::AddData: dl:15512392 fl:210104 sz:381610(381696) lv:98.6% dts:308.350 pts:308.475
2024-11-28 16:00:20.337 T:6455 debug : CAMLCodec::AddData: skip add data dl:15512306 fl:210190 sz:304844(304960) lv:100.6% dts:308.391 pts:308.433
2024-11-28 16:00:20.340 T:4489 info : Skipped 1 duplicate messages..
2024-11-28 16:00:20.340 T:4489 debug : CAMLCodec::ReleaseFrame idx:8544, drop:0
2024-11-28 16:00:20.340 T:6455 debug : CAMLCodec::AddData: skip add data dl:15512306 fl:210190 sz:304844(304960) lv:100.6% dts:308.391 pts:308.433
2024-11-28 16:00:20.375 T:4489 info : Skipped 27 duplicate messages..
2024-11-28 16:00:20.375 T:4489 debug : CAMLCodec::PollFrame elapsed:35.550ms
2024-11-28 16:00:20.378 T:6452 debug : CVideoPlayer::ProcessVideoData size:346424 dts:313.647 pts:313.730 dur:41.000ms, clock:306.159 level:65
2024-11-28 16:00:20.378 T:6455 debug : CAMLCodec::AddData: dl:15468466 fl:254030 sz:304844(304960) lv:98.3% dts:308.391 pts:308.433
2024-11-28 16:00:20.379 T:6455 debug : CAMLCodec::DequeueBuffer: pts:306.556 idx:8550
2024-11-28 16:00:20.379 T:6455 debug : CAMLCodec::GetPicture: index: 8550, pts: 306.556, dur:41.000ms ar:1.78 elf:163ms
2024-11-28 16:00:20.379 T:6455 debug : CVideoPlayerVideo::OutputPicture - ttd:396ms pts:306.556 Clock:306.159 Level:5
2024-11-28 16:00:20.379 T:4489 debug : PrepareNextRender: frameOnScreen: 306.159 renderPts: 306.369 nextFramePts: 306.348 -> diff: 0.021 render: 1 forceNext: 0
2024-11-28 16:00:20.381 T:6455 debug : CAMLCodec::AddData: skip add data dl:15468350 fl:254146 sz:542245(542336) lv:101.8% dts:308.433 pts:308.558
2024-11-28 16:00:20.382 T:4489 debug : CAMLCodec::ReleaseFrame idx:8545, drop:0
2024-11-28 16:00:20.384 T:6455 debug : CAMLCodec::AddData: skip add data dl:15468350 fl:254146 sz:542245(542336) lv:101.8% dts:308.433 pts:308.558
2024-11-28 16:00:20.390 T:6452 info : Skipped 2 duplicate messages..
2024-11-28 16:00:20.390 T:6452 debug : CVideoPlayer::ProcessVideoData size:299959 dts:313.688 pts:313.688 dur:41.000ms, clock:306.170 level:100
2024-11-28 16:00:20.392 T:6455 debug : CAMLCodec::AddData: skip add data dl:15468350 fl:254146 sz:542245(542336) lv:101.8% dts:308.433 pts:308.558
2024-11-28 16:00:20.401 T:6452 info : Skipped 5 duplicate messages..
2024-11-28 16:00:20.401 T:6452 debug : CVideoPlayer::ProcessVideoData size:306513 dts:313.730 pts:313.772 dur:41.000ms, clock:306.182 level:100
2024-11-28 16:00:20.402 T:6455 debug : CAMLCodec::AddData: skip add data dl:15468350 fl:254146 sz:542245(542336) lv:101.8% dts:308.433 pts:308.558
2024-11-28 16:00:20.417 T:6455 info : Skipped 8 duplicate messages..
2024-11-28 16:00:20.417 T:6455 debug : CAMLCodec::DequeueBuffer: pts:306.598 idx:8551
2024-11-28 16:00:20.417 T:4489 debug : CAMLCodec::PollFrame elapsed:34.337ms
2024-11-28 16:00:20.417 T:6455 debug : CAMLCodec::GetPicture: index: 8551, pts: 306.598, dur:42.000ms ar:1.78 elf:38ms
2024-11-28 16:00:20.417 T:6455 debug : CVideoPlayerVideo::OutputPicture - ttd:400ms pts:306.598 Clock:306.198 Level:5
2024-11-28 16:00:20.422 T:4489 debug : PrepareNextRender: frameOnScreen: 306.202 renderPts: 306.412 nextFramePts: 306.389 -> diff: 0.023 render: 1 forceNext: 0
2024-11-28 16:00:20.422 T:6455 debug : CAMLCodec::AddData: dl:15722238 fl:258 sz:542245(542336) lv:100.0% dts:308.433 pts:308.558
2024-11-28 16:00:20.423 T:6455 debug : CAMLCodec::AddData: skip add data dl:15722147 fl:349 sz:464957(465024) lv:102.9% dts:308.475 pts:308.892
2024-11-28 16:00:20.425 T:4489 debug : CAMLCodec::ReleaseFrame idx:8546, drop:0
2024-11-28 16:00:20.425 T:6455 debug : CAMLCodec::AddData: skip add data dl:15722147 fl:349 sz:464957(465024) lv:102.9% dts:308.475 pts:308.892
2024-11-28 16:00:20.459 T:4489 info : Skipped 19 duplicate messages..
2024-11-28 16:00:20.459 T:4489 debug : CAMLCodec::PollFrame elapsed:33.462ms
2024-11-28 16:00:20.459 T:6455 debug : CAMLCodec::DequeueBuffer: pts:306.640 idx:8552
