2024-11-28 16:00:33.711 T:6452 debug : CVideoPlayer::ProcessVideoData size:186341 dts:293.919 pts:293.960 dur:41.000ms, clock:290.876 level:9
2024-11-28 16:00:33.712 T:6455 debug : CVideoPlayerVideo::CalcDropRequirement - hurry: 0
2024-11-28 16:00:33.712 T:6455 debug : CAMLCodec::AddData: skip add data dl:15586978 fl:135518 sz:278313(278400) lv:100.9% dts:293.210 pts:293.251
2024-11-28 16:00:33.714 T:6455 debug : CVideoPlayerVideo::CalcDropRequirement - hurry: 0
2024-11-28 16:00:33.714 T:6455 debug : CAMLCodec::AddData: skip add data dl:15586978 fl:135518 sz:278313(278400) lv:100.9% dts:293.210 pts:293.251
2024-11-28 16:00:33.715 T:6455 debug : CVideoPlayerVideo::CalcDropRequirement - hurry: 0
2024-11-28 16:00:33.716 T:6455 debug : CAMLCodec::AddData: skip add data dl:15586978 fl:135518 sz:278313(278400) lv:100.9% dts:293.210 pts:293.251
2024-11-28 16:00:33.716 T:6452 debug : CVideoPlayer::ProcessVideoData size:244707 dts:293.960 pts:294.085 dur:41.000ms, clock:290.855 level:9
2024-11-28 16:00:33.717 T:6455 debug : CVideoPlayerVideo::CalcDropRequirement - hurry: 0
2024-11-28 16:00:33.718 T:6455 debug : CAMLCodec::AddData: skip add data dl:15586978 fl:135518 sz:278313(278400) lv:100.9% dts:293.210 pts:293.251
2024-11-28 16:00:33.719 T:6455 debug : CVideoPlayerVideo::CalcDropRequirement - hurry: 0
2024-11-28 16:00:33.719 T:6455 debug : CAMLCodec::AddData: skip add data dl:15586978 fl:135518 sz:278313(278400) lv:100.9% dts:293.210 pts:293.251
2024-11-28 16:00:33.720 T:4489 debug : CAMLCodec::PollFrame elapsed:27.834ms
2024-11-28 16:00:33.721 T:6455 debug : CVideoPlayerVideo::CalcDropRequirement - hurry: 0
2024-11-28 16:00:33.721 T:6455 debug : CAMLCodec::AddData: skip add data dl:15586978 fl:135518 sz:278313(278400) lv:100.9% dts:293.210 pts:293.251
2024-11-28 16:00:33.721 T:6452 debug : CVideoPlayer::ProcessVideoData size:198225 dts:294.002 pts:294.044 dur:41.000ms, clock:290.835 level:10
2024-11-28 16:00:33.722 T:6455 debug : CVideoPlayerVideo::CalcDropRequirement - hurry: 0
2024-11-28 16:00:33.723 T:6455 debug : CAMLCodec::AddData: skip add data dl:15586978 fl:135518 sz:278313(278400) lv:100.9% dts:293.210 pts:293.251
2024-11-28 16:00:33.724 T:6452 debug : CVideoPlayer::ProcessVideoData size:189147 dts:294.044 pts:294.127 dur:41.000ms, clock:290.824 level:10
2024-11-28 16:00:33.724 T:6455 debug : CVideoPlayerVideo::CalcDropRequirement - hurry: 0
2024-11-28 16:00:33.725 T:6455 debug : CAMLCodec::AddData: skip add data dl:15586978 fl:135518 sz:278313(278400) lv:100.9% dts:293.210 pts:293.251
2024-11-28 16:00:33.726 T:6455 debug : CVideoPlayerVideo::CalcDropRequirement - hurry: 0
2024-11-28 16:00:33.727 T:6455 debug : CAMLCodec::AddData: skip add data dl:15586978 fl:135518 sz:278313(278400) lv:100.9% dts:293.210 pts:293.251
2024-11-28 16:00:33.728 T:6455 debug : CVideoPlayerVideo::CalcDropRequirement - hurry: 0
2024-11-28 16:00:33.729 T:6455 debug : CAMLCodec::AddData: skip add data dl:15586978 fl:135518 sz:278313(278400) lv:100.9% dts:293.210 pts:293.251
2024-11-28 16:00:33.730 T:6455 debug : CVideoPlayerVideo::CalcDropRequirement - hurry: 0
2024-11-28 16:00:33.730 T:6455 debug : CAMLCodec::AddData: skip add data dl:15586978 fl:135518 sz:278313(278400) lv:100.9% dts:293.210 pts:293.251
2024-11-28 16:00:33.732 T:6455 debug : CVideoPlayerVideo::CalcDropRequirement - hurry: 0
2024-11-28 16:00:33.732 T:6455 debug : CAMLCodec::AddData: skip add data dl:15586978 fl:135518 sz:278313(278400) lv:100.9% dts:293.210 pts:293.251
2024-11-28 16:00:33.734 T:6455 debug : CVideoPlayerVideo::CalcDropRequirement - hurry: 0
2024-11-28 16:00:33.734 T:6455 debug : CAMLCodec::AddData: skip add data dl:15586978 fl:135518 sz:278313(278400) lv:100.9% dts:293.210 pts:293.251
2024-11-28 16:00:33.735 T:6455 debug : CVideoPlayerVideo::CalcDropRequirement - hurry: 0
2024-11-28 16:00:33.736 T:6455 debug : CAMLCodec::AddData: skip add data dl:15586978 fl:135518 sz:278313(278400) lv:100.9% dts:293.210 pts:293.251
2024-11-28 16:00:33.737 T:6455 debug : CVideoPlayerVideo::CalcDropRequirement - hurry: 0
2024-11-28 16:00:33.737 T:6455 debug : CAMLCodec::AddData: skip add data dl:15586978 fl:135518 sz:278313(278400) lv:100.9% dts:293.210 pts:293.251
2024-11-28 16:00:33.739 T:6455 debug : CVideoPlayerVideo::CalcDropRequirement - hurry: 0
2024-11-28 16:00:33.739 T:6455 debug : CAMLCodec::AddData: skip add data dl:15586978 fl:135518 sz:278313(278400) lv:100.9% dts:293.210 pts:293.251
2024-11-28 16:00:33.740 T:6455 debug : CVideoPlayerVideo::CalcDropRequirement - hurry: 0
2024-11-28 16:00:33.741 T:6455 debug : CAMLCodec::AddData: skip add data dl:15586978 fl:135518 sz:278313(278400) lv:100.9% dts:293.210 pts:293.251
2024-11-28 16:00:33.741 T:6452 debug : CVideoPlayer::ProcessVideoData size:321870 dts:294.085 pts:294.503 dur:41.000ms, clock:290.756 level:11
2024-11-28 16:00:33.742 T:6455 debug : CVideoPlayerVideo::CalcDropRequirement - hurry: 0
2024-11-28 16:00:33.743 T:6455 debug : CAMLCodec::AddData: skip add data dl:15586978 fl:135518 sz:278313(278400) lv:100.9% dts:293.210 pts:293.251
2024-11-28 16:00:33.743 T:6452 debug : CVideoPlayer::ProcessVideoData size:253699 dts:294.127 pts:294.336 dur:41.000ms, clock:290.748 level:11
2024-11-28 16:00:33.744 T:6455 debug : CVideoPlayerVideo::CalcDropRequirement - hurry: 0
2024-11-28 16:00:33.745 T:6455 debug : CAMLCodec::AddData: skip add data dl:15586978 fl:135518 sz:278313(278400) lv:100.9% dts:293.210 pts:293.251
2024-11-28 16:00:33.745 T:6452 debug : CVideoPlayer::ProcessVideoData size:245206 dts:294.169 pts:294.252 dur:41.000ms, clock:290.741 level:11
2024-11-28 16:00:33.746 T:6455 debug : CVideoPlayerVideo::CalcDropRequirement - hurry: 0
2024-11-28 16:00:33.747 T:6455 debug : CAMLCodec::AddData: skip add data dl:15586978 fl:135518 sz:278313(278400) lv:100.9% dts:293.210 pts:293.251
2024-11-28 16:00:33.748 T:6452 debug : CVideoPlayer::ProcessVideoData size:192610 dts:294.211 pts:294.211 dur:41.000ms, clock:290.729 level:12
2024-11-28 16:00:33.748 T:6455 debug : CVideoPlayerVideo::CalcDropRequirement - hurry: 0
2024-11-28 16:00:33.748 T:6455 debug : CAMLCodec::AddData: skip add data dl:15586978 fl:135518 sz:278313(278400) lv:100.9% dts:293.210 pts:293.251
2024-11-28 16:00:33.750 T:6455 debug : CVideoPlayerVideo::CalcDropRequirement - hurry: 0
2024-11-28 16:00:33.750 T:6452 debug : CVideoPlayer::ProcessVideoData size:185548 dts:294.252 pts:294.294 dur:41.000ms, clock:290.720 level:13
2024-11-28 16:00:33.750 T:6455 debug : CAMLCodec::AddData: skip add data dl:15586978 fl:135518 sz:278313(278400) lv:100.9% dts:293.210 pts:293.251
2024-11-28 16:00:33.752 T:6455 debug : CVideoPlayerVideo::CalcDropRequirement - hurry: 0
2024-11-28 16:00:33.752 T:6455 debug : CAMLCodec::AddData: skip add data dl:15586978 fl:135518 sz:278313(278400) lv:100.9% dts:293.210 pts:293.251
2024-11-28 16:00:33.753 T:6455 debug : CVideoPlayerVideo::CalcDropRequirement - hurry: 0
2024-11-28 16:00:33.754 T:6455 debug : CAMLCodec::AddData: skip add data dl:15586978 fl:135518 sz:278313(278400) lv:100.9% dts:293.210 pts:293.251
2024-11-28 16:00:33.755 T:6455 debug : CVideoPlayerVideo::CalcDropRequirement - hurry: 0
2024-11-28 16:00:33.755 T:6452 debug : CVideoPlayer::ProcessVideoData size:238860 dts:294.294 pts:294.419 dur:41.000ms, clock:290.700 level:13
2024-11-28 16:00:33.755 T:6455 debug : CAMLCodec::AddData: skip add data dl:15586978 fl:135518 sz:278313(278400) lv:100.9% dts:293.210 pts:293.251
2024-11-28 16:00:33.756 T:6455 debug : CVideoPlayerVideo::CalcDropRequirement - hurry: 0
2024-11-28 16:00:33.757 T:6455 debug : CAMLCodec::AddData: skip add data dl:15586978 fl:135518 sz:278313(278400) lv:100.9% dts:293.210 pts:293.251
2024-11-28 16:00:33.757 T:6452 debug : CVideoPlayer::ProcessVideoData size:186531 dts:294.336 pts:294.377 dur:41.000ms, clock:290.691 level:14
2024-11-28 16:00:33.759 T:6455 debug : CVideoPlayerVideo::CalcDropRequirement - hurry: 0
2024-11-28 16:00:33.759 T:6455 debug : CAMLCodec::AddData: skip add data dl:15586978 fl:135518 sz:278313(278400) lv:100.9% dts:293.210 pts:293.251
2024-11-28 16:00:33.761 T:6455 debug : CVideoPlayerVideo::CalcDropRequirement - hurry: 0
2024-11-28 16:00:33.761 T:6455 debug : CAMLCodec::AddData: skip add data dl:15586978 fl:135518 sz:278313(278400) lv:100.9% dts:293.210 pts:293.251
2024-11-28 16:00:33.762 T:6452 debug : CVideoPlayer::ProcessVideoData size:198920 dts:294.377 pts:294.461 dur:41.000ms, clock:290.672 level:15
2024-11-28 16:00:33.762 T:4489 debug : CAMLCodec::PollFrame elapsed:30.189ms
2024-11-28 16:00:33.763 T:6455 debug : CVideoPlayerVideo::CalcDropRequirement - hurry: 0
2024-11-28 16:00:33.764 T:6455 debug : CAMLCodec::AddData: skip add data dl:15586978 fl:135518 sz:278313(278400) lv:100.9% dts:293.210 pts:293.251
2024-11-28 16:00:33.765 T:6455 debug : CVideoPlayerVideo::CalcDropRequirement - hurry: 0
2024-11-28 16:00:33.766 T:6455 debug : CAMLCodec::AddData: skip add data dl:15586978 fl:135518 sz:278313(278400) lv:100.9% dts:293.210 pts:293.251
2024-11-28 16:00:33.767 T:6455 debug : CVideoPlayerVideo::CalcDropRequirement - hurry: 0
2024-11-28 16:00:33.768 T:6455 debug : CAMLCodec::AddData: skip add data dl:15586978 fl:135518 sz:278313(278400) lv:100.9% dts:293.210 pts:293.251
2024-11-28 16:00:33.769 T:6455 debug : CVideoPlayerVideo::CalcDropRequirement - hurry: 0
2024-11-28 16:00:33.769 T:6455 debug : CAMLCodec::AddData: skip add data dl:15586978 fl:135518 sz:278313(278400) lv:100.9% dts:293.210 pts:293.251
2024-11-28 16:00:33.771 T:6455 debug : CVideoPlayerVideo::CalcDropRequirement - hurry: 0
2024-11-28 16:00:33.771 T:6455 debug : CAMLCodec::AddData: skip add data dl:15586978 fl:135518 sz:278313(278400) lv:100.9% dts:293.210 pts:293.251
2024-11-28 16:00:33.772 T:6455 debug : CVideoPlayerVideo::CalcDropRequirement - hurry: 0
2024-11-28 16:00:33.773 T:6455 debug : CAMLCodec::AddData: skip add data dl:15586978 fl:135518 sz:278313(278400) lv:100.9% dts:293.210 pts:293.251
2024-11-28 16:00:33.774 T:6455 debug : CVideoPlayerVideo::CalcDropRequirement - hurry: 0
2024-11-28 16:00:33.774 T:6455 debug : CAMLCodec::AddData: skip add data dl:15586978 fl:135518 sz:278313(278400) lv:100.9% dts:293.210 pts:293.251
2024-11-28 16:00:33.776 T:6455 debug : CVideoPlayerVideo::CalcDropRequirement - hurry: 0
2024-11-28 16:00:33.776 T:6455 debug : CAMLCodec::AddData: skip add data dl:15586978 fl:135518 sz:278313(278400) lv:100.9% dts:293.210 pts:293.251
2024-11-28 16:00:33.777 T:6455 debug : CVideoPlayerVideo::CalcDropRequirement - hurry: 0
2024-11-28 16:00:33.778 T:6455 debug : CAMLCodec::AddData: skip add data dl:15586978 fl:135518 sz:278313(278400) lv:100.9% dts:293.210 pts:293.251
2024-11-28 16:00:33.778 T:6452 debug : CVideoPlayer::ProcessVideoData size:325144 dts:294.419 pts:294.795 dur:41.000ms, clock:290.607 level:15
2024-11-28 16:00:33.779 T:6452 debug : CVideoPlayer::ProcessVideoData size:256074 dts:294.461 pts:294.669 dur:41.000ms, clock:290.603 level:16
2024-11-28 16:00:33.779 T:6455 debug : CVideoPlayerVideo::CalcDropRequirement - hurry: 0
2024-11-28 16:00:33.780 T:6455 debug : CAMLCodec::AddData: skip add data dl:15586978 fl:135518 sz:278313(278400) lv:100.9% dts:293.210 pts:293.251
2024-11-28 16:00:33.781 T:6452 debug : CVideoPlayer::ProcessVideoData size:245470 dts:294.503 pts:294.586 dur:41.000ms, clock:290.598 level:16
2024-11-28 16:00:33.782 T:6455 debug : CVideoPlayerVideo::CalcDropRequirement - hurry: 0
2024-11-28 16:00:33.782 T:6455 debug : CAMLCodec::AddData: skip add data dl:15586978 fl:135518 sz:278313(278400) lv:100.9% dts:293.210 pts:293.251
2024-11-28 16:00:33.784 T:6455 debug : CVideoPlayerVideo::CalcDropRequirement - hurry: 0
2024-11-28 16:00:33.784 T:6455 debug : CAMLCodec::AddData: skip add data dl:15586978 fl:135518 sz:278313(278400) lv:100.9% dts:293.210 pts:293.251
2024-11-28 16:00:33.785 T:6452 debug : CVideoPlayer::ProcessVideoData size:193265 dts:294.544 pts:294.544 dur:41.000ms, clock:290.580 level:17
2024-11-28 16:00:33.786 T:6455 debug : CVideoPlayerVideo::CalcDropRequirement - hurry: 0
2024-11-28 16:00:33.786 T:6455 debug : CAMLCodec::AddData: skip add data dl:15586978 fl:135518 sz:278313(278400) lv:100.9% dts:293.210 pts:293.251
2024-11-28 16:00:33.787 T:6452 debug : CVideoPlayer::ProcessVideoData size:185149 dts:294.586 pts:294.628 dur:41.000ms, clock:290.570 level:17
2024-11-28 16:00:33.789 T:6455 debug : CVideoPlayerVideo::CalcDropRequirement - hurry: 0
2024-11-28 16:00:33.789 T:6455 debug : CAMLCodec::AddData: skip add data dl:15586978 fl:135518 sz:278313(278400) lv:100.9% dts:293.210 pts:293.251
2024-11-28 16:00:33.791 T:6455 debug : CVideoPlayerVideo::CalcDropRequirement - hurry: 0
2024-11-28 16:00:33.791 T:6455 debug : CAMLCodec::AddData: skip add data dl:15586978 fl:135518 sz:278313(278400) lv:100.9% dts:293.210 pts:293.251
2024-11-28 16:00:33.792 T:6452 debug : CVideoPlayer::ProcessVideoData size:242063 dts:294.628 pts:294.753 dur:41.000ms, clock:290.550 level:18
2024-11-28 16:00:33.794 T:6455 debug : CVideoPlayerVideo::CalcDropRequirement - hurry: 0
2024-11-28 16:00:33.794 T:6455 debug : CAMLCodec::AddData: skip add data dl:15586978 fl:135518 sz:278313(278400) lv:100.9% dts:293.210 pts:293.251
2024-11-28 16:00:33.795 T:6455 debug : CVideoPlayerVideo::CalcDropRequirement - hurry: 0
2024-11-28 16:00:33.796 T:6455 debug : CAMLCodec::AddData: skip add data dl:15586978 fl:135518 sz:278313(278400) lv:100.9% dts:293.210 pts:293.251
2024-11-28 16:00:33.797 T:6455 debug : CVideoPlayerVideo::CalcDropRequirement - hurry: 0
2024-11-28 16:00:33.797 T:6452 debug : CVideoPlayer::ProcessVideoData size:187865 dts:294.669 pts:294.711 dur:41.000ms, clock:290.532 level:18
2024-11-28 16:00:33.797 T:6455 debug : CAMLCodec::AddData: skip add data dl:15586978 fl:135518 sz:278313(278400) lv:100.9% dts:293.210 pts:293.251
2024-11-28 16:00:33.799 T:6455 debug : CVideoPlayerVideo::CalcDropRequirement - hurry: 0
2024-11-28 16:00:33.799 T:6455 debug : CAMLCodec::AddData: skip add data dl:15586978 fl:135518 sz:278313(278400) lv:100.9% dts:293.210 pts:293.251
2024-11-28 16:00:33.800 T:6455 debug : CVideoPlayerVideo::CalcDropRequirement - hurry: 0
2024-11-28 16:00:33.801 T:6455 debug : CAMLCodec::AddData: skip add data dl:15586978 fl:135518 sz:278313(278400) lv:100.9% dts:293.210 pts:293.251
2024-11-28 16:00:33.802 T:6455 debug : CVideoPlayerVideo::CalcDropRequirement - hurry: 0
2024-11-28 16:00:33.803 T:6455 debug : CAMLCodec::AddData: skip add data dl:15586978 fl:135518 sz:278313(278400) lv:100.9% dts:293.210 pts:293.251
2024-11-28 16:00:33.804 T:4489 debug : CAMLCodec::PollFrame elapsed:31.953ms
2024-11-28 16:00:33.805 T:6455 debug : CVideoPlayerVideo::CalcDropRequirement - hurry: 0
2024-11-28 16:00:33.805 T:6455 debug : CAMLCodec::AddData: skip add data dl:15586978 fl:135518 sz:278313(278400) lv:100.9% dts:293.210 pts:293.251
2024-11-28 16:00:33.805 T:6452 debug : CVideoPlayer::ProcessVideoData size:410719 dts:294.711 pts:294.836 dur:41.000ms, clock:290.499 level:18
2024-11-28 16:00:33.806 T:6455 debug : CVideoPlayerVideo::CalcDropRequirement - hurry: 0
2024-11-28 16:00:33.807 T:6455 debug : CAMLCodec::AddData: skip add data dl:15586978 fl:135518 sz:278313(278400) lv:100.9% dts:293.210 pts:293.251
2024-11-28 16:00:33.808 T:6455 debug : CVideoPlayerVideo::CalcDropRequirement - hurry: 0
2024-11-28 16:00:33.809 T:6455 debug : CAMLCodec::AddData: skip add data dl:15586978 fl:135518 sz:278313(278400) lv:100.9% dts:293.210 pts:293.251
2024-11-28 16:00:33.810 T:6455 debug : CVideoPlayerVideo::CalcDropRequirement - hurry: 0
2024-11-28 16:00:33.811 T:6455 debug : CAMLCodec::AddData: skip add data dl:15586978 fl:135518 sz:278313(278400) lv:100.9% dts:293.210 pts:293.251
2024-11-28 16:00:33.812 T:6455 debug : CVideoPlayerVideo::CalcDropRequirement - hurry: 0
2024-11-28 16:00:33.812 T:6455 debug : CAMLCodec::AddData: skip add data dl:15586978 fl:135518 sz:278313(278400) lv:100.9% dts:293.210 pts:293.251
2024-11-28 16:00:33.814 T:6455 debug : CVideoPlayerVideo::CalcDropRequirement - hurry: 0
2024-11-28 16:00:33.814 T:6455 debug : CAMLCodec::AddData: skip add data dl:15586978 fl:135518 sz:278313(278400) lv:100.9% dts:293.210 pts:293.251
2024-11-28 16:00:33.816 T:6455 debug : CVideoPlayerVideo::CalcDropRequirement - hurry: 0
2024-11-28 16:00:33.816 T:6455 debug : CAMLCodec::AddData: skip add data dl:15586978 fl:135518 sz:278313(278400) lv:100.9% dts:293.210 pts:293.251
2024-11-28 16:00:33.818 T:6455 debug : CVideoPlayerVideo::CalcDropRequirement - hurry: 0
2024-11-28 16:00:33.818 T:6455 debug : CAMLCodec::AddData: skip add data dl:15586978 fl:135518 sz:278313(278400) lv:100.9% dts:293.210 pts:293.251
2024-11-28 16:00:33.818 T:6452 debug : CVideoPlayer::ProcessVideoData size:348754 dts:294.753 pts:295.170 dur:41.000ms, clock:290.446 level:19
2024-11-28 16:00:33.820 T:6455 debug : CVideoPlayerVideo::CalcDropRequirement - hurry: 0
2024-11-28 16:00:33.820 T:6455 debug : CAMLCodec::AddData: skip add data dl:15586978 fl:135518 sz:278313(278400) lv:100.9% dts:293.210 pts:293.251
2024-11-28 16:00:33.821 T:6455 debug : CVideoPlayerVideo::CalcDropRequirement - hurry: 0
2024-11-28 16:00:33.821 T:6455 debug : CAMLCodec::AddData: skip add data dl:15586978 fl:135518 sz:278313(278400) lv:100.9% dts:293.210 pts:293.251
2024-11-28 16:00:33.823 T:6455 debug : CVideoPlayerVideo::CalcDropRequirement - hurry: 0
2024-11-28 16:00:33.823 T:6455 debug : CAMLCodec::AddData: skip add data dl:15586978 fl:135518 sz:278313(278400) lv:100.9% dts:293.210 pts:293.251
2024-11-28 16:00:33.825 T:6455 debug : CVideoPlayerVideo::CalcDropRequirement - hurry: 0
2024-11-28 16:00:33.825 T:6455 debug : CAMLCodec::AddData: skip add data dl:15586978 fl:135518 sz:278313(278400) lv:100.9% dts:293.210 pts:293.251
2024-11-28 16:00:33.826 T:6452 debug : CVideoPlayer::ProcessVideoData size:265862 dts:294.795 pts:295.003 dur:41.000ms, clock:290.414 level:20
2024-11-28 16:00:33.828 T:6455 debug : CVideoPlayerVideo::CalcDropRequirement - hurry: 0
2024-11-28 16:00:33.828 T:6455 debug : CAMLCodec::AddData: skip add data dl:15586978 fl:135518 sz:278313(278400) lv:100.9% dts:293.210 pts:293.251
2024-11-28 16:00:33.829 T:6455 debug : CVideoPlayerVideo::CalcDropRequirement - hurry: 0
2024-11-28 16:00:33.830 T:6455 debug : CAMLCodec::AddData: skip add data dl:15586978 fl:135518 sz:278313(278400) lv:100.9% dts:293.210 pts:293.251
2024-11-28 16:00:33.831 T:6452 debug : CVideoPlayer::ProcessVideoData size:257780 dts:294.836 pts:294.920 dur:41.000ms, clock:290.397 level:20
2024-11-28 16:00:33.831 T:6455 debug : CVideoPlayerVideo::CalcDropRequirement - hurry: 0
2024-11-28 16:00:33.831 T:6455 debug : CAMLCodec::AddData: skip add data dl:15586978 fl:135518 sz:278313(278400) lv:100.9% dts:293.210 pts:293.251
2024-11-28 16:00:33.832 T:6455 debug : CVideoPlayerVideo::CalcDropRequirement - hurry: 0
2024-11-28 16:00:33.833 T:6455 debug : CAMLCodec::AddData: skip add data dl:15586978 fl:135518 sz:278313(278400) lv:100.9% dts:293.210 pts:293.251
2024-11-28 16:00:33.834 T:6455 debug : CVideoPlayerVideo::CalcDropRequirement - hurry: 0
2024-11-28 16:00:33.834 T:6455 debug : CAMLCodec::AddData: skip add data dl:15586978 fl:135518 sz:278313(278400) lv:100.9% dts:293.210 pts:293.251
2024-11-28 16:00:33.835 T:6452 debug : CVideoPlayer::ProcessVideoData size:198048 dts:294.878 pts:294.878 dur:41.000ms, clock:290.378 level:21
2024-11-28 16:00:33.837 T:6455 debug : CVideoPlayerVideo::CalcDropRequirement - hurry: 0
2024-11-28 16:00:33.837 T:6455 debug : CAMLCodec::AddData: skip add data dl:15586978 fl:135518 sz:278313(278400) lv:100.9% dts:293.210 pts:293.251
2024-11-28 16:00:33.838 T:6455 debug : CVideoPlayerVideo::CalcDropRequirement - hurry: 0
2024-11-28 16:00:33.839 T:6455 debug : CAMLCodec::AddData: skip add data dl:15586978 fl:135518 sz:278313(278400) lv:100.9% dts:293.210 pts:293.251
2024-11-28 16:00:33.840 T:6455 debug : CVideoPlayerVideo::CalcDropRequirement - hurry: 0
2024-11-28 16:00:33.841 T:6455 debug : CAMLCodec::AddData: skip add data dl:15586978 fl:135518 sz:278313(278400) lv:100.9% dts:293.210 pts:293.251
2024-11-28 16:00:33.842 T:6455 debug : CVideoPlayerVideo::CalcDropRequirement - hurry: 0
2024-11-28 16:00:33.843 T:6455 debug : CAMLCodec::AddData: skip add data dl:15586978 fl:135518 sz:278313(278400) lv:100.9% dts:293.210 pts:293.251
2024-11-28 16:00:33.844 T:6455 debug : CVideoPlayerVideo::CalcDropRequirement - hurry: 0
2024-11-28 16:00:33.845 T:6455 debug : CAMLCodec::AddData: skip add data dl:15586978 fl:135518 sz:278313(278400) lv:100.9% dts:293.210 pts:293.251
2024-11-28 16:00:33.845 T:6452 debug : CVideoPlayer::ProcessVideoData size:193992 dts:294.920 pts:294.961 dur:41.000ms, clock:290.339 level:21
2024-11-28 16:00:33.845 T:4489 debug : CAMLCodec::PollFrame elapsed:28.485ms
2024-11-28 16:00:33.846 T:6455 debug : CVideoPlayerVideo::CalcDropRequirement - hurry: 0
2024-11-28 16:00:33.847 T:6455 debug : CAMLCodec::AddData: skip add data dl:15586978 fl:135518 sz:278313(278400) lv:100.9% dts:293.210 pts:293.251
2024-11-28 16:00:33.848 T:6452 debug : CVideoPlayer::ProcessVideoData size:250290 dts:294.961 pts:295.086 dur:41.000ms, clock:290.328 level:22
2024-11-28 16:00:33.849 T:6452 debug : CVideoPlayer::ProcessVideoData size:196374 dts:295.003 pts:295.045 dur:41.000ms, clock:290.325 level:22
2024-11-28 16:00:33.849 T:6452 debug : CVideoPlayer::ProcessVideoData size:195177 dts:295.045 pts:295.128 dur:41.000ms, clock:290.322 level:23
2024-11-28 16:00:33.854 T:6455 debug : CVideoPlayerVideo::CalcDropRequirement - hurry: 0
2024-11-28 16:00:33.858 T:6455 debug : CAMLCodec::AddData: skip add data dl:15586978 fl:135518 sz:278313(278400) lv:100.9% dts:293.210 pts:293.251
2024-11-28 16:00:33.860 T:6455 debug : CVideoPlayerVideo::CalcDropRequirement - hurry: 0
2024-11-28 16:00:33.861 T:6455 debug : CAMLCodec::AddData: skip add data dl:15586978 fl:135518 sz:278313(278400) lv:100.9% dts:293.210 pts:293.251
2024-11-28 16:00:33.862 T:6455 debug : CVideoPlayerVideo::CalcDropRequirement - hurry: 0
2024-11-28 16:00:33.863 T:6455 debug : CAMLCodec::AddData: skip add data dl:15586978 fl:135518 sz:278313(278400) lv:100.9% dts:293.210 pts:293.251
2024-11-28 16:00:33.863 T:6452 debug : CVideoPlayer::ProcessVideoData size:339681 dts:295.086 pts:295.504 dur:41.000ms, clock:290.267 level:23
2024-11-28 16:00:33.864 T:6452 debug : CVideoPlayer::ProcessVideoData size:262801 dts:295.128 pts:295.337 dur:41.000ms, clock:290.262 level:24
2024-11-28 16:00:33.866 T:6455 debug : CVideoPlayerVideo::CalcDropRequirement - hurry: 0
2024-11-28 16:00:33.866 T:6455 debug : CAMLCodec::AddData: skip add data dl:15586978 fl:135518 sz:278313(278400) lv:100.9% dts:293.210 pts:293.251
2024-11-28 16:00:33.867 T:6455 debug : CVideoPlayerVideo::CalcDropRequirement - hurry: 0
2024-11-28 16:00:33.868 T:6455 debug : CAMLCodec::AddData: skip add data dl:15586978 fl:135518 sz:278313(278400) lv:100.9% dts:293.210 pts:293.251
2024-11-28 16:00:33.869 T:6455 debug : CVideoPlayerVideo::CalcDropRequirement - hurry: 0
2024-11-28 16:00:33.869 T:6452 debug : CVideoPlayer::ProcessVideoData size:250203 dts:295.170 pts:295.253 dur:41.000ms, clock:290.243 level:24
2024-11-28 16:00:33.869 T:6455 debug : CAMLCodec::AddData: skip add data dl:15586978 fl:135518 sz:278313(278400) lv:100.9% dts:293.210 pts:293.251
2024-11-28 16:00:33.870 T:6455 debug : CVideoPlayerVideo::CalcDropRequirement - hurry: 0
2024-11-28 16:00:33.871 T:6452 debug : CVideoPlayer::ProcessVideoData size:191373 dts:295.212 pts:295.212 dur:41.000ms, clock:290.238 level:24
2024-11-28 16:00:33.871 T:6452 debug : CVideoPlayer::Process - ffd/rwd: lastpts:293.918 clock:290.237 lastseekpts:291.785 speed:-4000 error:3.681
2024-11-28 16:00:33.871 T:6452 debug : CVideoPlayer::Process - Seeking to catch up, error was: -1.548 time:289.237
2024-11-28 16:00:33.871 T:6455 debug : CAMLCodec::AddData: skip add data dl:15586978 fl:135518 sz:278313(278400) lv:100.9% dts:293.210 pts:293.251
2024-11-28 16:00:33.872 T:6455 debug : CVideoPlayerVideo::CalcDropRequirement - hurry: 0
2024-11-28 16:00:33.872 T:6455 debug : CAMLCodec::AddData: skip add data dl:15586978 fl:135518 sz:278313(278400) lv:100.9% dts:293.210 pts:293.251
2024-11-28 16:00:33.874 T:6455 debug : CVideoPlayerVideo::CalcDropRequirement - hurry: 0
2024-11-28 16:00:33.874 T:6455 debug : CAMLCodec::AddData: skip add data dl:15586978 fl:135518 sz:278313(278400) lv:100.9% dts:293.210 pts:293.251
2024-11-28 16:00:33.875 T:6455 debug : CVideoPlayerVideo::CalcDropRequirement - hurry: 0
2024-11-28 16:00:33.875 T:6452 debug : CVideoPlayer::ProcessVideoData size:187923 dts:295.253 pts:295.295 dur:41.000ms, clock:290.219 level:25
2024-11-28 16:00:33.875 T:6452 debug : demuxer seek to: 289236.794046
2024-11-28 16:00:33.876 T:6455 debug : CAMLCodec::AddData: skip add data dl:15586978 fl:135518 sz:278313(278400) lv:100.9% dts:293.210 pts:293.251
2024-11-28 16:00:33.877 T:6455 debug : CVideoPlayerVideo::CalcDropRequirement - hurry: 0
2024-11-28 16:00:33.877 T:6454 debug : CDoubleCache::Reset - (0x35ec9e0) Cache miss for 2335085787 with new=2399176971-2409662731 and old=2375832810-2386318570
2024-11-28 16:00:33.877 T:6454 debug : CFileCache::Process - cache completely reset for seek to position 2335085787
2024-11-28 16:00:33.877 T:6455 debug : CAMLCodec::AddData: skip add data dl:15586978 fl:135518 sz:278313(278400) lv:100.9% dts:293.210 pts:293.251
2024-11-28 16:00:33.878 T:6455 debug : CVideoPlayerVideo::CalcDropRequirement - hurry: 0
2024-11-28 16:00:33.879 T:6455 debug : CAMLCodec::AddData: skip add data dl:15586978 fl:135518 sz:278313(278400) lv:100.9% dts:293.210 pts:293.251
2024-11-28 16:00:33.880 T:6455 debug : CVideoPlayerVideo::CalcDropRequirement - hurry: 0
2024-11-28 16:00:33.880 T:6455 debug : CAMLCodec::AddData: skip add data dl:15586978 fl:135518 sz:278313(278400) lv:100.9% dts:293.210 pts:293.251
2024-11-28 16:00:33.881 T:6455 debug : CVideoPlayerVideo::CalcDropRequirement - hurry: 0
2024-11-28 16:00:33.882 T:6455 debug : CAMLCodec::AddData: skip add data dl:15586978 fl:135518 sz:278313(278400) lv:100.9% dts:293.210 pts:293.251
2024-11-28 16:00:33.883 T:6455 debug : CVideoPlayerVideo::CalcDropRequirement - hurry: 0
2024-11-28 16:00:33.883 T:6455 debug : CAMLCodec::AddData: skip add data dl:15586978 fl:135518 sz:278313(278400) lv:100.9% dts:293.210 pts:293.251
2024-11-28 16:00:33.884 T:6455 debug : CVideoPlayerVideo::CalcDropRequirement - hurry: 0
2024-11-28 16:00:33.885 T:6455 debug : CAMLCodec::AddData: skip add data dl:15586978 fl:135518 sz:278313(278400) lv:100.9% dts:293.210 pts:293.251
2024-11-28 16:00:33.886 T:6455 debug : CVideoPlayerVideo::CalcDropRequirement - hurry: 0
2024-11-28 16:00:33.886 T:6455 debug : CAMLCodec::AddData: skip add data dl:15586978 fl:135518 sz:278313(278400) lv:100.9% dts:293.210 pts:293.251
2024-11-28 16:00:33.887 T:4489 debug : CAMLCodec::PollFrame elapsed:30.174ms
2024-11-28 16:00:33.887 T:6452 debug : SeekTime - seek ended up on time 289122
2024-11-28 16:00:33.887 T:6452 debug : demuxer seek to: 289236.794046, success
2024-11-28 16:00:33.887 T:6452 debug : CVideoPlayer::FlushBuffers - flushing buffers
2024-11-28 16:00:33.887 T:6455 debug : CAMLCodec::Reset
2024-11-28 16:00:33.887 T:6452 debug : CVideoPlayer::HandleMessages: flush buffers: dts:289.237 lastSeek:35.682 clock:290.170
2024-11-28 16:00:33.888 T:6452 debug : CVideoPlayer::Process - ffd/rwd: lastpts:293.918 clock:290.168 lastseekpts:289.237 speed:-4000 error:3.750
2024-11-28 16:00:33.891 T:6452 debug : CVideoPlayer::ProcessVideoData size:493151 dts:18442240474082.180 pts:289.122 dur:41.000ms, clock:290.158 level:26
2024-11-28 16:00:33.897 T:6456 debug : CDVDAudio::Flush - flush audio stream
2024-11-28 16:00:33.903 T:6455 debug : CAMLCodec::ReleaseFrame idx:8744, drop:1
2024-11-28 16:00:33.911 T:6452 debug : CVideoPlayer::ProcessVideoData size:433337 dts:18442240474082.180 pts:289.456 dur:41.000ms, clock:290.076 level:0
2024-11-28 16:00:33.911 T:6455 debug : CVideoPlayerVideo - Stillframe left, switching to normal playback
2024-11-28 16:00:33.911 T:6455 debug : CVideoPlayerVideo::CalcDropRequirement - hurry: 0
2024-11-28 16:00:33.913 T:6452 debug : CVideoPlayer::ProcessVideoData size:352061 dts:18442240474082.180 pts:289.289 dur:41.000ms, clock:290.067 level:0
2024-11-28 16:00:33.914 T:6455 debug : CAMLCodec::AddData: dl:433522 fl:15288974 sz:433333(433408) lv:2.8% dts:18442240474082.180 pts:289.456
2024-11-28 16:00:33.915 T:6455 debug : CVideoPlayerVideo::CalcDropRequirement - hurry: 0
2024-11-28 16:00:33.917 T:6455 debug : CAMLCodec::AddData: dl:785575 fl:14936921 sz:352057(352128) lv:5.0% dts:18442240474082.180 pts:289.289
2024-11-28 16:00:33.919 T:6452 debug : CVideoPlayer::ProcessVideoData size:328383 dts:289.122 pts:289.206 dur:41.000ms, clock:290.046 level:0
2024-11-28 16:00:33.919 T:6455 debug : CVideoPlayerVideo::CalcDropRequirement - hurry: 0
2024-11-28 16:00:33.921 T:6455 debug : CAMLCodec::AddData: dl:1113952 fl:14608544 sz:328379(328448) lv:7.1% dts:289.122 pts:289.206
2024-11-28 16:00:33.923 T:6452 debug : CVideoPlayer::ProcessVideoData size:268689 dts:289.164 pts:289.164 dur:41.000ms, clock:290.027 level:0
2024-11-28 16:00:33.923 T:6455 debug : CVideoPlayerVideo::CalcDropRequirement - hurry: 0
2024-11-28 16:00:33.926 T:6455 debug : CAMLCodec::AddData: dl:858395 fl:14864101 sz:268685(268800) lv:5.5% dts:289.164 pts:289.164
2024-11-28 16:00:33.929 T:4489 debug : CAMLCodec::PollFrame elapsed:22.427ms
2024-11-28 16:00:33.930 T:6452 debug : CVideoPlayer::ProcessVideoData size:278667 dts:289.206 pts:289.247 dur:41.000ms, clock:290.000 level:0
2024-11-28 16:00:33.930 T:6455 debug : CVideoPlayerVideo::CalcDropRequirement - hurry: 0
2024-11-28 16:00:33.933 T:6455 debug : CAMLCodec::AddData: dl:1137064 fl:14585432 sz:278663(278784) lv:7.2% dts:289.206 pts:289.247
2024-11-28 16:00:33.935 T:6452 debug : CVideoPlayer::ProcessVideoData size:331110 dts:289.247 pts:289.372 dur:41.000ms, clock:289.980 level:0
2024-11-28 16:00:33.935 T:6455 debug : CVideoPlayerVideo::CalcDropRequirement - hurry: 0
2024-11-28 16:00:33.938 T:6455 debug : CAMLCodec::AddData: dl:943855 fl:14778641 sz:331106(331200) lv:6.0% dts:289.247 pts:289.372
2024-11-28 16:00:33.940 T:6452 debug : CVideoPlayer::ProcessVideoData size:292557 dts:289.289 pts:289.331 dur:41.000ms, clock:289.961 level:0
2024-11-28 16:00:33.940 T:6455 debug : CVideoPlayerVideo::CalcDropRequirement - hurry: 0
2024-11-28 16:00:33.943 T:6455 debug : CAMLCodec::AddData: dl:1236433 fl:14486063 sz:292553(292672) lv:7.9% dts:289.289 pts:289.331
2024-11-28 16:00:33.944 T:6452 debug : CVideoPlayer::ProcessVideoData size:281363 dts:289.331 pts:289.414 dur:41.000ms, clock:289.942 level:0
2024-11-28 16:00:33.945 T:6455 debug : CVideoPlayerVideo::CalcDropRequirement - hurry: 0
2024-11-28 16:00:33.947 T:6455 debug : CAMLCodec::AddData: dl:993498 fl:14728998 sz:281359(281472) lv:6.3% dts:289.331 pts:289.414
2024-11-28 16:00:33.960 T:6452 debug : CVideoPlayer::ProcessVideoData size:461352 dts:289.372 pts:289.790 dur:41.000ms, clock:289.880 level:0
2024-11-28 16:00:33.960 T:6455 debug : CVideoPlayerVideo::CalcDropRequirement - hurry: 0
2024-11-28 16:00:33.963 T:6452 debug : CVideoPlayer::ProcessVideoData size:356866 dts:289.414 pts:289.623 dur:41.000ms, clock:289.866 level:0
2024-11-28 16:00:33.965 T:6455 debug : CAMLCodec::AddData: dl:1454825 fl:14267671 sz:461348(461440) lv:9.2% dts:289.372 pts:289.790
2024-11-28 16:00:33.965 T:6455 debug : CVideoPlayerVideo::CalcDropRequirement - hurry: 0
2024-11-28 16:00:33.968 T:6455 debug : CAMLCodec::AddData: dl:1287373 fl:14435123 sz:356862(356928) lv:8.2% dts:289.414 pts:289.623
2024-11-28 16:00:33.970 T:6452 debug : CVideoPlayer::ProcessVideoData size:348503 dts:289.456 pts:289.539 dur:41.000ms, clock:289.839 level:0
2024-11-28 16:00:33.970 T:6455 debug : CVideoPlayerVideo::CalcDropRequirement - hurry: 0
2024-11-28 16:00:33.971 T:4489 debug : CAMLCodec::PollFrame elapsed:30.242ms
2024-11-28 16:00:33.973 T:6455 debug : CAMLCodec::AddData: dl:1111627 fl:14610869 sz:348499(348608) lv:7.1% dts:289.456 pts:289.539
2024-11-28 16:00:33.976 T:6452 debug : CVideoPlayer::ProcessVideoData size:280172 dts:289.498 pts:289.498 dur:41.000ms, clock:289.817 level:0
2024-11-28 16:00:33.976 T:6455 debug : CVideoPlayerVideo::CalcDropRequirement - hurry: 0
2024-11-28 16:00:33.979 T:6455 debug : CAMLCodec::AddData: dl:867486 fl:14855010 sz:280168(280256) lv:5.5% dts:289.498 pts:289.498
2024-11-28 16:00:33.980 T:6452 debug : CVideoPlayer::ProcessVideoData size:282145 dts:289.539 pts:289.581 dur:41.000ms, clock:289.799 level:0
2024-11-28 16:00:33.980 T:6455 debug : CVideoPlayerVideo::CalcDropRequirement - hurry: 0
2024-11-28 16:00:33.983 T:6455 debug : CAMLCodec::AddData: dl:1149638 fl:14572858 sz:282141(282240) lv:7.3% dts:289.539 pts:289.581
2024-11-28 16:00:33.987 T:6452 debug : CVideoPlayer::ProcessVideoData size:347753 dts:289.581 pts:289.706 dur:41.000ms, clock:289.770 level:0
2024-11-28 16:00:33.988 T:6455 debug : CVideoPlayerVideo::CalcDropRequirement - hurry: 0
2024-11-28 16:00:33.991 T:6455 debug : CAMLCodec::AddData: dl:973091 fl:14749405 sz:347749(347840) lv:6.2% dts:289.581 pts:289.706
2024-11-28 16:00:33.992 T:6452 debug : CVideoPlayer::ProcessVideoData size:282142 dts:289.623 pts:289.664 dur:41.000ms, clock:289.752 level:0
2024-11-28 16:00:33.992 T:6455 debug : CVideoPlayerVideo::CalcDropRequirement - hurry: 0
2024-11-28 16:00:33.995 T:6455 debug : CAMLCodec::AddData: dl:1255240 fl:14467256 sz:282138(282240) lv:8.0% dts:289.623 pts:289.664
2024-11-28 16:00:33.997 T:6452 debug : CVideoPlayer::ProcessVideoData size:287844 dts:289.664 pts:289.748 dur:41.000ms, clock:289.733 level:0
2024-11-28 16:00:33.997 T:6455 debug : CVideoPlayerVideo::CalcDropRequirement - hurry: 0
2024-11-28 16:00:34.000 T:6455 debug : CAMLCodec::AddData: dl:1018786 fl:14703710 sz:287840(287936) lv:6.5% dts:289.664 pts:289.748
2024-11-28 16:00:34.011 T:6452 debug : CVideoPlayer::ProcessVideoData size:440022 dts:289.706 pts:290.081 dur:41.000ms, clock:289.677 level:0
2024-11-28 16:00:34.011 T:6455 debug : CVideoPlayerVideo::CalcDropRequirement - hurry: 0
2024-11-28 16:00:34.013 T:4489 debug : CAMLCodec::PollFrame elapsed:29.735ms
2024-11-28 16:00:34.015 T:6455 debug : CAMLCodec::AddData: dl:1458818 fl:14263678 sz:440018(440128) lv:9.3% dts:289.706 pts:290.081
2024-11-28 16:00:34.017 T:6452 debug : CVideoPlayer::ProcessVideoData size:364566 dts:289.748 pts:289.956 dur:41.000ms, clock:289.653 level:0
2024-11-28 16:00:34.017 T:6455 debug : CVideoPlayerVideo::CalcDropRequirement - hurry: 0
2024-11-28 16:00:34.020 T:6455 debug : CAMLCodec::AddData: dl:1299092 fl:14423404 sz:364562(364672) lv:8.3% dts:289.748 pts:289.956
2024-11-28 16:00:34.024 T:6452 debug : CVideoPlayer::ProcessVideoData size:355073 dts:289.790 pts:289.873 dur:41.000ms, clock:289.622 level:0
2024-11-28 16:00:34.025 T:6455 debug : CVideoPlayerVideo::CalcDropRequirement - hurry: 0
2024-11-28 16:00:34.028 T:6455 debug : CAMLCodec::AddData: dl:1129830 fl:14592666 sz:355069(355136) lv:7.2% dts:289.790 pts:289.873
2024-11-28 16:00:34.029 T:6452 debug : CVideoPlayer::ProcessVideoData size:280837 dts:289.831 pts:289.831 dur:41.000ms, clock:289.603 level:0
2024-11-28 16:00:34.029 T:6455 debug : CVideoPlayerVideo::CalcDropRequirement - hurry: 0
2024-11-28 16:00:34.032 T:6455 debug : CAMLCodec::AddData: dl:886435 fl:14836061 sz:280833(280960) lv:5.6% dts:289.831 pts:289.831
2024-11-28 16:00:34.034 T:6452 debug : CVideoPlayer::ProcessVideoData size:274571 dts:289.873 pts:289.915 dur:41.000ms, clock:289.584 level:0
2024-11-28 16:00:34.034 T:6455 debug : CVideoPlayerVideo::CalcDropRequirement - hurry: 0
2024-11-28 16:00:34.037 T:6455 debug : CAMLCodec::AddData: dl:1160996 fl:14561500 sz:274567(274688) lv:7.4% dts:289.873 pts:289.915
2024-11-28 16:00:34.039 T:6452 debug : CVideoPlayer::ProcessVideoData size:343640 dts:289.915 pts:290.040 dur:41.000ms, clock:289.563 level:0
2024-11-28 16:00:34.039 T:6455 debug : CVideoPlayerVideo::CalcDropRequirement - hurry: 0
2024-11-28 16:00:34.043 T:6455 debug : CAMLCodec::AddData: dl:980331 fl:14742165 sz:343636(343744) lv:6.2% dts:289.915 pts:290.040
2024-11-28 16:00:34.046 T:6452 debug : CVideoPlayer::ProcessVideoData size:283504 dts:289.956 pts:289.998 dur:41.000ms, clock:289.534 level:0
2024-11-28 16:00:34.047 T:6455 debug : CVideoPlayerVideo::CalcDropRequirement - hurry: 0
2024-11-28 16:00:34.049 T:6455 debug : CAMLCodec::AddData: dl:1263807 fl:14458689 sz:283500(283584) lv:8.0% dts:289.956 pts:289.998
2024-11-28 16:00:34.054 T:4489 debug : CAMLCodec::PollFrame elapsed:32.208ms
2024-11-28 16:00:34.054 T:6452 debug : CVideoPlayer::ProcessVideoData size:486280 dts:289.998 pts:290.123 dur:41.000ms, clock:289.502 level:0
2024-11-28 16:00:34.055 T:6455 debug : CVideoPlayerVideo::CalcDropRequirement - hurry: 0
2024-11-28 16:00:34.058 T:6455 debug : CAMLCodec::AddData: dl:1225771 fl:14496725 sz:486260(486336) lv:7.8% dts:289.998 pts:290.123
2024-11-28 16:00:34.072 T:6452 debug : CVideoPlayer::ProcessVideoData size:434500 dts:290.040 pts:290.457 dur:41.000ms, clock:289.433 level:0
2024-11-28 16:00:34.072 T:6455 debug : CVideoPlayerVideo::CalcDropRequirement - hurry: 0
2024-11-28 16:00:34.077 T:6455 debug : CAMLCodec::AddData: dl:8475999 fl:7246497 sz:434496(434560) lv:53.9% dts:290.040 pts:290.457
2024-11-28 16:00:34.078 T:6452 debug : CVideoPlayer::ProcessVideoData size:354798 dts:290.081 pts:290.290 dur:41.000ms, clock:289.408 level:0
2024-11-28 16:00:34.078 T:6455 debug : CVideoPlayerVideo::CalcDropRequirement - hurry: 0
2024-11-28 16:00:34.081 T:6455 debug : CAMLCodec::AddData: dl:8830815 fl:6891681 sz:354794(354880) lv:56.1% dts:290.081 pts:290.290
2024-11-28 16:00:34.085 T:6452 debug : CVideoPlayer::ProcessVideoData size:334940 dts:290.123 pts:290.207 dur:41.000ms, clock:289.379 level:0
2024-11-28 16:00:34.085 T:6455 debug : CVideoPlayerVideo::CalcDropRequirement - hurry: 0
2024-11-28 16:00:34.089 T:6455 debug : CAMLCodec::AddData: dl:9165769 fl:6556727 sz:334936(335040) lv:58.3% dts:290.123 pts:290.207
2024-11-28 16:00:34.090 T:6452 debug : CVideoPlayer::ProcessVideoData size:279351 dts:290.165 pts:290.165 dur:41.000ms, clock:289.361 level:0
2024-11-28 16:00:34.090 T:6455 debug : CVideoPlayerVideo::CalcDropRequirement - hurry: 0
2024-11-28 16:00:34.092 T:6455 debug : CAMLCodec::AddData: dl:9445089 fl:6277407 sz:279347(279424) lv:60.1% dts:290.165 pts:290.165
2024-11-28 16:00:34.094 T:6452 debug : CVideoPlayer::ProcessVideoData size:279275 dts:290.207 pts:290.248 dur:41.000ms, clock:289.342 level:0
2024-11-28 16:00:34.094 T:6455 debug : CVideoPlayerVideo::CalcDropRequirement - hurry: 0
2024-11-28 16:00:34.096 T:4489 debug : CAMLCodec::PollFrame elapsed:26.413ms
2024-11-28 16:00:34.098 T:6455 debug : CAMLCodec::AddData: dl:9724372 fl:5998124 sz:279271(279360) lv:61.8% dts:290.207 pts:290.248
2024-11-28 16:00:34.100 T:6452 debug : CVideoPlayer::ProcessVideoData size:340366 dts:290.248 pts:290.373 dur:41.000ms, clock:289.321 level:0
2024-11-28 16:00:34.100 T:6455 debug : CVideoPlayerVideo::CalcDropRequirement - hurry: 0
2024-11-28 16:00:34.104 T:6455 debug : CAMLCodec::AddData: dl:10064763 fl:5657733 sz:340362(340480) lv:64.0% dts:290.248 pts:290.373
2024-11-28 16:00:34.107 T:6452 debug : CVideoPlayer::ProcessVideoData size:274879 dts:290.290 pts:290.332 dur:41.000ms, clock:289.291 level:0
2024-11-28 16:00:34.107 T:6455 debug : CVideoPlayerVideo::CalcDropRequirement - hurry: 0
2024-11-28 16:00:34.110 T:6455 debug : CAMLCodec::AddData: dl:10339589 fl:5382907 sz:274875(274944) lv:65.7% dts:290.290 pts:290.332
2024-11-28 16:00:34.112 T:6452 debug : CVideoPlayer::ProcessVideoData size:289152 dts:290.332 pts:290.415 dur:41.000ms, clock:289.272 level:0
2024-11-28 16:00:34.112 T:6455 debug : CVideoPlayerVideo::CalcDropRequirement - hurry: 0
2024-11-28 16:00:34.116 T:6455 debug : CAMLCodec::AddData: dl:10628736 fl:5093760 sz:289148(289216) lv:67.6% dts:290.332 pts:290.415
2024-11-28 16:00:34.133 T:6452 debug : CVideoPlayer::ProcessVideoData size:419528 dts:290.373 pts:290.791 dur:41.000ms, clock:289.186 level:0
2024-11-28 16:00:34.134 T:6455 debug : CVideoPlayerVideo::CalcDropRequirement - hurry: 0
2024-11-28 16:00:34.137 T:6455 debug : CAMLCodec::AddData: dl:11048316 fl:4674180 sz:419524(419648) lv:70.2% dts:290.373 pts:290.791
2024-11-28 16:00:34.137 T:4489 debug : CAMLCodec::PollFrame elapsed:31.472ms
2024-11-28 16:00:34.139 T:6452 debug : CVideoPlayer::ProcessVideoData size:342602 dts:290.415 pts:290.624 dur:41.000ms, clock:289.164 level:0
2024-11-28 16:00:34.139 T:6455 debug : CVideoPlayerVideo::CalcDropRequirement - hurry: 0
2024-11-28 16:00:34.142 T:6455 debug : CAMLCodec::AddData: dl:11390912 fl:4331584 sz:342598(342720) lv:72.4% dts:290.415 pts:290.624
2024-11-28 16:00:34.146 T:6452 debug : CVideoPlayer::ProcessVideoData size:340485 dts:290.457 pts:290.540 dur:41.000ms, clock:289.135 level:0
2024-11-28 16:00:34.146 T:6455 debug : CVideoPlayerVideo::CalcDropRequirement - hurry: 0
2024-11-28 16:00:34.149 T:6455 debug : CAMLCodec::AddData: dl:11731398 fl:3991098 sz:340481(340608) lv:74.6% dts:290.457 pts:290.540
2024-11-28 16:00:34.151 T:6452 debug : CVideoPlayer::ProcessVideoData size:296172 dts:290.499 pts:290.499 dur:41.000ms, clock:289.116 level:0
2024-11-28 16:00:34.151 T:6455 debug : CVideoPlayerVideo::CalcDropRequirement - hurry: 0
2024-11-28 16:00:34.154 T:6455 debug : CAMLCodec::AddData: dl:12027527 fl:3694969 sz:296168(296256) lv:76.5% dts:290.499 pts:290.499
2024-11-28 16:00:34.156 T:6452 debug : CVideoPlayer::ProcessVideoData size:269331 dts:290.540 pts:290.582 dur:41.000ms, clock:289.097 level:0
2024-11-28 16:00:34.156 T:6455 debug : CVideoPlayerVideo::CalcDropRequirement - hurry: 0
2024-11-28 16:00:34.159 T:6455 debug : CAMLCodec::AddData: dl:12296879 fl:3425617 sz:269327(269440) lv:78.2% dts:290.540 pts:290.582
2024-11-28 16:00:34.163 T:6452 debug : CVideoPlayer::ProcessVideoData size:323365 dts:290.582 pts:290.707 dur:41.000ms, clock:289.069 level:0
2024-11-28 16:00:34.163 T:6455 debug : CVideoPlayerVideo::CalcDropRequirement - hurry: 0
2024-11-28 16:00:34.166 T:6455 debug : CAMLCodec::AddData: dl:12620222 fl:3102274 sz:323361(323456) lv:80.2% dts:290.582 pts:290.707
2024-11-28 16:00:34.167 T:6452 debug : CVideoPlayer::ProcessVideoData size:279925 dts:290.624 pts:290.665 dur:41.000ms, clock:289.050 level:0
2024-11-28 16:00:34.168 T:6455 debug : CVideoPlayerVideo::CalcDropRequirement - hurry: 0
2024-11-28 16:00:34.170 T:6455 debug : CAMLCodec::AddData: dl:12900127 fl:2822369 sz:279921(280000) lv:82.0% dts:290.624 pts:290.665
2024-11-28 16:00:34.172 T:6452 debug : CVideoPlayer::ProcessVideoData size:261632 dts:290.665 pts:290.749 dur:41.000ms, clock:289.030 level:0
2024-11-28 16:00:34.172 T:6455 debug : CVideoPlayerVideo::CalcDropRequirement - hurry: 0
2024-11-28 16:00:34.176 T:6455 debug : CAMLCodec::AddData: dl:13161744 fl:2560752 sz:261628(261696) lv:83.7% dts:290.665 pts:290.749
2024-11-28 16:00:34.179 T:4489 debug : CAMLCodec::PollFrame elapsed:30.129ms
2024-11-28 16:00:34.187 T:6452 debug : CVideoPlayer::ProcessVideoData size:424346 dts:290.707 pts:291.082 dur:41.000ms, clock:288.972 level:0
2024-11-28 16:00:34.187 T:6455 debug : CVideoPlayerVideo::CalcDropRequirement - hurry: 0
2024-11-28 16:00:34.190 T:6455 debug : CAMLCodec::AddData: dl:13586124 fl:2136372 sz:424342(424448) lv:86.4% dts:290.707 pts:291.082
2024-11-28 16:00:34.192 T:6452 debug : CVideoPlayer::ProcessVideoData size:363549 dts:290.749 pts:290.957 dur:41.000ms, clock:288.953 level:0
2024-11-28 16:00:34.192 T:6455 debug : CVideoPlayerVideo::CalcDropRequirement - hurry: 0
2024-11-28 16:00:34.195 T:6455 debug : CAMLCodec::AddData: dl:13949666 fl:1772830 sz:363545(363648) lv:88.7% dts:290.749 pts:290.957
2024-11-28 16:00:34.197 T:6452 debug : CVideoPlayer::ProcessVideoData size:333304 dts:290.791 pts:290.874 dur:41.000ms, clock:288.933 level:0
2024-11-28 16:00:34.197 T:6455 debug : CVideoPlayerVideo::CalcDropRequirement - hurry: 0
2024-11-28 16:00:34.200 T:6455 debug : CAMLCodec::AddData: dl:14282939 fl:1439557 sz:333300(333376) lv:90.8% dts:290.791 pts:290.874
2024-11-28 16:00:34.201 T:6455 debug : CAMLCodec::DequeueBuffer: pts:289.456 idx:8745
2024-11-28 16:00:34.201 T:6455 debug : CAMLCodec::GetPicture: index: 8745, pts: 289.456, dur:41.708ms ar:1.78 elf:623ms
2024-11-28 16:00:34.201 T:6455 debug : CVideoPlayerVideo::OutputPicture - ttd:539ms pts:289.456 Clock:288.917 Level:0
2024-11-28 16:00:34.201 T:6452 debug : CVideoPlayer::ProcessVideoData size:280401 dts:290.832 pts:290.832 dur:41.000ms, clock:288.914 level:0
2024-11-28 16:00:34.203 T:6455 debug : CVideoPlayerVideo::CalcDropRequirement - hurry: 1
2024-11-28 16:00:34.206 T:6455 debug : CAMLCodec::AddData: dl:14563375 fl:1159121 sz:280397(280512) lv:92.6% dts:290.832 pts:290.832
2024-11-28 16:00:34.206 T:6452 debug : CVideoPlayer::ProcessVideoData size:290667 dts:290.874 pts:290.916 dur:41.000ms, clock:288.894 level:0
2024-11-28 16:00:34.207 T:6455 debug : CVideoPlayerVideo::CalcDropRequirement - hurry: 1
2024-11-28 16:00:34.210 T:6455 debug : CAMLCodec::AddData: dl:14854012 fl:868484 sz:290663(290752) lv:94.4% dts:290.874 pts:290.916
2024-11-28 16:00:34.214 T:6452 debug : CVideoPlayer::ProcessVideoData size:340261 dts:290.916 pts:291.041 dur:41.000ms, clock:288.865 level:0
2024-11-28 16:00:34.214 T:6455 debug : CVideoPlayerVideo::CalcDropRequirement - hurry: 1
2024-11-28 16:00:34.217 T:6455 debug : CAMLCodec::AddData: dl:15194275 fl:528221 sz:340257(340352) lv:96.6% dts:290.916 pts:291.041
2024-11-28 16:00:34.218 T:6452 debug : CVideoPlayer::ProcessVideoData size:279898 dts:290.957 pts:290.999 dur:41.000ms, clock:288.847 level:0
2024-11-28 16:00:34.218 T:6455 debug : CVideoPlayerVideo::CalcDropRequirement - hurry: 1
2024-11-28 16:00:34.221 T:4489 debug : CAMLCodec::PollFrame elapsed:27.710ms
2024-11-28 16:00:34.222 T:6455 debug : CAMLCodec::AddData: dl:15474180 fl:248316 sz:279894(280000) lv:98.4% dts:290.957 pts:290.999
2024-11-28 16:00:34.225 T:4489 debug : PrepareNextRender: frameOnScreen: 288.821 renderPts: 289.023 nextFramePts: 288.987 -> diff: 0.036 render: 1 forceNext: 0
2024-11-28 16:00:34.229 T:6452 debug : CVideoPlayer::ProcessVideoData size:461626 dts:290.999 pts:291.124 dur:41.000ms, clock:288.803 level:0
2024-11-28 16:00:34.229 T:6452 debug : CVideoPlayer::Process - ffd/rwd: lastpts:289.289 clock:288.802 lastseekpts:289.237 speed:-4000 error:0.487
2024-11-28 16:00:34.230 T:6455 debug : CVideoPlayerVideo::CalcDropRequirement - hurry: 0
2024-11-28 16:00:34.230 T:6455 debug : CAMLCodec::AddData: skip add data dl:15474074 fl:248422 sz:461606(461696) lv:101.3% dts:290.999 pts:291.124
2024-11-28 16:00:34.231 T:4489 debug : CAMLCodec::ReleaseFrame idx:8745, drop:0
2024-11-28 16:00:34.233 T:6455 debug : CVideoPlayerVideo::CalcDropRequirement - hurry: 0
2024-11-28 16:00:34.234 T:6455 debug : CAMLCodec::AddData: skip add data dl:15474074 fl:248422 sz:461606(461696) lv:101.3% dts:290.999 pts:291.124
2024-11-28 16:00:34.235 T:6455 debug : CVideoPlayerVideo::CalcDropRequirement - hurry: 0
2024-11-28 16:00:34.236 T:6455 debug : CAMLCodec::AddData: skip add data dl:15474074 fl:248422 sz:461606(461696) lv:101.3% dts:290.999 pts:291.124
2024-11-28 16:00:34.237 T:6455 debug : CVideoPlayerVideo::CalcDropRequirement - hurry: 0
2024-11-28 16:00:34.238 T:6455 debug : CAMLCodec::AddData: skip add data dl:15474074 fl:248422 sz:461606(461696) lv:101.3% dts:290.999 pts:291.124
2024-11-28 16:00:34.239 T:6455 debug : CVideoPlayerVideo::CalcDropRequirement - hurry: 0
2024-11-28 16:00:34.239 T:6455 debug : CAMLCodec::AddData: skip add data dl:15474074 fl:248422 sz:461606(461696) lv:101.3% dts:290.999 pts:291.124
2024-11-28 16:00:34.241 T:6455 debug : CVideoPlayerVideo::CalcDropRequirement - hurry: 0
2024-11-28 16:00:34.241 T:6455 debug : CAMLCodec::AddData: skip add data dl:15474074 fl:248422 sz:461606(461696) lv:101.3% dts:290.999 pts:291.124
2024-11-28 16:00:34.242 T:6455 debug : CVideoPlayerVideo::CalcDropRequirement - hurry: 0
2024-11-28 16:00:34.243 T:6455 debug : CAMLCodec::AddData: skip add data dl:15474074 fl:248422 sz:461606(461696) lv:101.3% dts:290.999 pts:291.124
2024-11-28 16:00:34.244 T:6455 debug : CVideoPlayerVideo::CalcDropRequirement - hurry: 0
2024-11-28 16:00:34.245 T:6455 debug : CAMLCodec::AddData: skip add data dl:15474074 fl:248422 sz:461606(461696) lv:101.3% dts:290.999 pts:291.124
2024-11-28 16:00:34.246 T:6455 debug : CVideoPlayerVideo::CalcDropRequirement - hurry: 0
2024-11-28 16:00:34.246 T:6455 debug : CAMLCodec::AddData: skip add data dl:15474074 fl:248422 sz:461606(461696) lv:101.3% dts:290.999 pts:291.124
2024-11-28 16:00:34.247 T:6452 debug : CVideoPlayer::ProcessVideoData size:416666 dts:291.041 pts:291.458 dur:41.000ms, clock:288.731 level:1
2024-11-28 16:00:34.249 T:6455 debug : CVideoPlayerVideo::CalcDropRequirement - hurry: 0
2024-11-28 16:00:34.249 T:6455 debug : CAMLCodec::AddData: skip add data dl:15474074 fl:248422 sz:461606(461696) lv:101.3% dts:290.999 pts:291.124
2024-11-28 16:00:34.249 T:6452 debug : CVideoPlayer::ProcessVideoData size:340772 dts:291.082 pts:291.291 dur:41.000ms, clock:288.723 level:0
2024-11-28 16:00:34.251 T:6455 debug : CVideoPlayerVideo::CalcDropRequirement - hurry: 0
2024-11-28 16:00:34.251 T:6455 debug : CAMLCodec::AddData: skip add data dl:15474074 fl:248422 sz:461606(461696) lv:101.3% dts:290.999 pts:291.124
2024-11-28 16:00:34.252 T:6455 debug : CVideoPlayerVideo::CalcDropRequirement - hurry: 0
2024-11-28 16:00:34.253 T:6452 debug : CVideoPlayer::ProcessVideoData size:324137 dts:291.124 pts:291.208 dur:41.000ms, clock:288.709 level:1
2024-11-28 16:00:34.253 T:6455 debug : CAMLCodec::AddData: skip add data dl:15474074 fl:248422 sz:461606(461696) lv:101.3% dts:290.999 pts:291.124
2024-11-28 16:00:34.254 T:6455 debug : CVideoPlayerVideo::CalcDropRequirement - hurry: 0
2024-11-28 16:00:34.255 T:6455 debug : CAMLCodec::AddData: skip add data dl:15474074 fl:248422 sz:461606(461696) lv:101.3% dts:290.999 pts:291.124
2024-11-28 16:00:34.256 T:6455 debug : CVideoPlayerVideo::CalcDropRequirement - hurry: 0
