2024-11-28 16:00:30.830 T:6455 debug : CAMLCodec::AddData: skip add data dl:15665345 fl:57151 sz:386441(386560) lv:102.1% dts:304.846 pts:305.055
2024-11-28 16:00:30.831 T:6455 debug : CVideoPlayerVideo::CalcDropRequirement - hurry: 0
2024-11-28 16:00:30.832 T:6455 debug : CAMLCodec::AddData: skip add data dl:15665345 fl:57151 sz:386441(386560) lv:102.1% dts:304.846 pts:305.055
2024-11-28 16:00:30.833 T:6455 debug : CVideoPlayerVideo::CalcDropRequirement - hurry: 0
2024-11-28 16:00:30.834 T:6455 debug : CAMLCodec::AddData: skip add data dl:15665345 fl:57151 sz:386441(386560) lv:102.1% dts:304.846 pts:305.055
2024-11-28 16:00:30.835 T:6455 debug : CVideoPlayerVideo::CalcDropRequirement - hurry: 0
2024-11-28 16:00:30.835 T:6455 debug : CAMLCodec::AddData: skip add data dl:15665345 fl:57151 sz:386441(386560) lv:102.1% dts:304.846 pts:305.055
2024-11-28 16:00:30.837 T:6455 debug : CVideoPlayerVideo::CalcDropRequirement - hurry: 0
2024-11-28 16:00:30.837 T:6455 debug : CAMLCodec::AddData: skip add data dl:15665345 fl:57151 sz:386441(386560) lv:102.1% dts:304.846 pts:305.055
2024-11-28 16:00:30.837 T:6452 debug : CVideoPlayer::ProcessVideoData size:493448 dts:305.472 pts:305.889 dur:41.000ms, clock:302.372 level:7
2024-11-28 16:00:30.838 T:6455 debug : CVideoPlayerVideo::CalcDropRequirement - hurry: 0
2024-11-28 16:00:30.839 T:6452 debug : CVideoPlayer::ProcessVideoData size:405644 dts:305.514 pts:305.722 dur:41.000ms, clock:302.366 level:8
2024-11-28 16:00:30.839 T:6455 debug : CAMLCodec::AddData: skip add data dl:15665345 fl:57151 sz:386441(386560) lv:102.1% dts:304.846 pts:305.055
2024-11-28 16:00:30.840 T:6455 debug : CVideoPlayerVideo::CalcDropRequirement - hurry: 0
2024-11-28 16:00:30.841 T:6455 debug : CAMLCodec::AddData: skip add data dl:15665345 fl:57151 sz:386441(386560) lv:102.1% dts:304.846 pts:305.055
2024-11-28 16:00:30.842 T:6455 debug : CVideoPlayerVideo::CalcDropRequirement - hurry: 0
2024-11-28 16:00:30.842 T:6455 debug : CAMLCodec::AddData: skip add data dl:15665345 fl:57151 sz:386441(386560) lv:102.1% dts:304.846 pts:305.055
2024-11-28 16:00:30.843 T:4489 debug : CAMLCodec::PollFrame elapsed:32.633ms
2024-11-28 16:00:30.844 T:6455 debug : CVideoPlayerVideo::CalcDropRequirement - hurry: 0
2024-11-28 16:00:30.844 T:6455 debug : CAMLCodec::AddData: skip add data dl:15665345 fl:57151 sz:386441(386560) lv:102.1% dts:304.846 pts:305.055
2024-11-28 16:00:30.845 T:6452 debug : CVideoPlayer::ProcessVideoData size:374186 dts:305.555 pts:305.639 dur:41.000ms, clock:302.341 level:9
2024-11-28 16:00:30.846 T:6455 debug : CVideoPlayerVideo::CalcDropRequirement - hurry: 0
2024-11-28 16:00:30.847 T:6455 debug : CAMLCodec::AddData: skip add data dl:15665345 fl:57151 sz:386441(386560) lv:102.1% dts:304.846 pts:305.055
2024-11-28 16:00:30.848 T:6455 debug : CVideoPlayerVideo::CalcDropRequirement - hurry: 0
2024-11-28 16:00:30.849 T:6455 debug : CAMLCodec::AddData: skip add data dl:15665345 fl:57151 sz:386441(386560) lv:102.1% dts:304.846 pts:305.055
2024-11-28 16:00:30.850 T:6455 debug : CVideoPlayerVideo::CalcDropRequirement - hurry: 0
2024-11-28 16:00:30.850 T:6455 debug : CAMLCodec::AddData: skip add data dl:15665345 fl:57151 sz:386441(386560) lv:102.1% dts:304.846 pts:305.055
2024-11-28 16:00:30.851 T:6455 debug : CVideoPlayerVideo::CalcDropRequirement - hurry: 0
2024-11-28 16:00:30.852 T:6455 debug : CAMLCodec::AddData: skip add data dl:15665345 fl:57151 sz:386441(386560) lv:102.1% dts:304.846 pts:305.055
2024-11-28 16:00:30.852 T:6452 debug : CVideoPlayer::ProcessVideoData size:297739 dts:305.597 pts:305.597 dur:41.000ms, clock:302.311 level:9
2024-11-28 16:00:30.854 T:6455 debug : CVideoPlayerVideo::CalcDropRequirement - hurry: 0
2024-11-28 16:00:30.854 T:6455 debug : CAMLCodec::AddData: skip add data dl:15665345 fl:57151 sz:386441(386560) lv:102.1% dts:304.846 pts:305.055
2024-11-28 16:00:30.856 T:6455 debug : CVideoPlayerVideo::CalcDropRequirement - hurry: 0
2024-11-28 16:00:30.856 T:6455 debug : CAMLCodec::AddData: skip add data dl:15665345 fl:57151 sz:386441(386560) lv:102.1% dts:304.846 pts:305.055
2024-11-28 16:00:30.857 T:6452 debug : CVideoPlayer::ProcessVideoData size:299795 dts:305.639 pts:305.680 dur:41.000ms, clock:302.292 level:10
2024-11-28 16:00:30.858 T:6455 debug : CVideoPlayerVideo::CalcDropRequirement - hurry: 0
2024-11-28 16:00:30.859 T:6455 debug : CAMLCodec::AddData: skip add data dl:15665345 fl:57151 sz:386441(386560) lv:102.1% dts:304.846 pts:305.055
2024-11-28 16:00:30.860 T:6455 debug : CVideoPlayerVideo::CalcDropRequirement - hurry: 0
2024-11-28 16:00:30.861 T:6455 debug : CAMLCodec::AddData: skip add data dl:15665345 fl:57151 sz:386441(386560) lv:102.1% dts:304.846 pts:305.055
2024-11-28 16:00:30.862 T:6455 debug : CVideoPlayerVideo::CalcDropRequirement - hurry: 0
2024-11-28 16:00:30.863 T:6455 debug : CAMLCodec::AddData: skip add data dl:15665345 fl:57151 sz:386441(386560) lv:102.1% dts:304.846 pts:305.055
2024-11-28 16:00:30.864 T:6455 debug : CVideoPlayerVideo::CalcDropRequirement - hurry: 0
2024-11-28 16:00:30.864 T:6455 debug : CAMLCodec::AddData: skip add data dl:15665345 fl:57151 sz:386441(386560) lv:102.1% dts:304.846 pts:305.055
2024-11-28 16:00:30.866 T:6455 debug : CVideoPlayerVideo::CalcDropRequirement - hurry: 0
2024-11-28 16:00:30.866 T:6452 debug : CVideoPlayer::ProcessVideoData size:369020 dts:305.680 pts:305.806 dur:41.000ms, clock:302.257 level:10
2024-11-28 16:00:30.866 T:6455 debug : CAMLCodec::AddData: skip add data dl:15665345 fl:57151 sz:386441(386560) lv:102.1% dts:304.846 pts:305.055
2024-11-28 16:00:30.867 T:6455 debug : CVideoPlayerVideo::CalcDropRequirement - hurry: 0
2024-11-28 16:00:30.868 T:6455 debug : CAMLCodec::AddData: skip add data dl:15665345 fl:57151 sz:386441(386560) lv:102.1% dts:304.846 pts:305.055
2024-11-28 16:00:30.869 T:6455 debug : CVideoPlayerVideo::CalcDropRequirement - hurry: 0
2024-11-28 16:00:30.870 T:6455 debug : CAMLCodec::AddData: skip add data dl:15665345 fl:57151 sz:386441(386560) lv:102.1% dts:304.846 pts:305.055
2024-11-28 16:00:30.871 T:6452 debug : CVideoPlayer::ProcessVideoData size:299251 dts:305.722 pts:305.764 dur:41.000ms, clock:302.238 level:11
2024-11-28 16:00:30.871 T:6455 debug : CVideoPlayerVideo::CalcDropRequirement - hurry: 0
2024-11-28 16:00:30.871 T:6455 debug : CAMLCodec::AddData: skip add data dl:15665345 fl:57151 sz:386441(386560) lv:102.1% dts:304.846 pts:305.055
2024-11-28 16:00:30.872 T:6455 debug : CVideoPlayerVideo::CalcDropRequirement - hurry: 0
2024-11-28 16:00:30.873 T:6455 debug : CAMLCodec::AddData: skip add data dl:15665345 fl:57151 sz:386441(386560) lv:102.1% dts:304.846 pts:305.055
2024-11-28 16:00:30.874 T:6455 debug : CVideoPlayerVideo::CalcDropRequirement - hurry: 0
2024-11-28 16:00:30.874 T:6455 debug : CAMLCodec::AddData: skip add data dl:15665345 fl:57151 sz:386441(386560) lv:102.1% dts:304.846 pts:305.055
2024-11-28 16:00:30.876 T:6455 debug : CVideoPlayerVideo::CalcDropRequirement - hurry: 0
2024-11-28 16:00:30.876 T:6452 debug : CVideoPlayer::ProcessVideoData size:328082 dts:305.764 pts:305.847 dur:41.000ms, clock:302.216 level:11
2024-11-28 16:00:30.876 T:6455 debug : CAMLCodec::AddData: skip add data dl:15665345 fl:57151 sz:386441(386560) lv:102.1% dts:304.846 pts:305.055
2024-11-28 16:00:30.877 T:6455 debug : CVideoPlayerVideo::CalcDropRequirement - hurry: 0
2024-11-28 16:00:30.878 T:6455 debug : CAMLCodec::AddData: skip add data dl:15665345 fl:57151 sz:386441(386560) lv:102.1% dts:304.846 pts:305.055
2024-11-28 16:00:30.879 T:6455 debug : CVideoPlayerVideo::CalcDropRequirement - hurry: 0
2024-11-28 16:00:30.880 T:6455 debug : CAMLCodec::AddData: skip add data dl:15665345 fl:57151 sz:386441(386560) lv:102.1% dts:304.846 pts:305.055
2024-11-28 16:00:30.881 T:6455 debug : CVideoPlayerVideo::CalcDropRequirement - hurry: 0
2024-11-28 16:00:30.881 T:6455 debug : CAMLCodec::AddData: skip add data dl:15665345 fl:57151 sz:386441(386560) lv:102.1% dts:304.846 pts:305.055
2024-11-28 16:00:30.883 T:6455 debug : CVideoPlayerVideo::CalcDropRequirement - hurry: 0
2024-11-28 16:00:30.883 T:6455 debug : CAMLCodec::AddData: skip add data dl:15665345 fl:57151 sz:386441(386560) lv:102.1% dts:304.846 pts:305.055
2024-11-28 16:00:30.884 T:6455 debug : CVideoPlayerVideo::CalcDropRequirement - hurry: 0
2024-11-28 16:00:30.884 T:4489 debug : CAMLCodec::PollFrame elapsed:33.140ms
2024-11-28 16:00:30.885 T:6455 debug : CAMLCodec::AddData: skip add data dl:15665345 fl:57151 sz:386441(386560) lv:102.1% dts:304.846 pts:305.055
2024-11-28 16:00:30.886 T:6455 debug : CVideoPlayerVideo::CalcDropRequirement - hurry: 0
2024-11-28 16:00:30.887 T:6455 debug : CAMLCodec::AddData: skip add data dl:15665345 fl:57151 sz:386441(386560) lv:102.1% dts:304.846 pts:305.055
2024-11-28 16:00:30.888 T:6455 debug : CVideoPlayerVideo::CalcDropRequirement - hurry: 0
2024-11-28 16:00:30.889 T:6455 debug : CAMLCodec::AddData: skip add data dl:15665345 fl:57151 sz:386441(386560) lv:102.1% dts:304.846 pts:305.055
2024-11-28 16:00:30.890 T:6455 debug : CVideoPlayerVideo::CalcDropRequirement - hurry: 0
2024-11-28 16:00:30.891 T:6455 debug : CAMLCodec::AddData: skip add data dl:15665345 fl:57151 sz:386441(386560) lv:102.1% dts:304.846 pts:305.055
2024-11-28 16:00:30.892 T:6455 debug : CVideoPlayerVideo::CalcDropRequirement - hurry: 0
2024-11-28 16:00:30.892 T:6455 debug : CAMLCodec::AddData: skip add data dl:15665345 fl:57151 sz:386441(386560) lv:102.1% dts:304.846 pts:305.055
2024-11-28 16:00:30.894 T:6455 debug : CVideoPlayerVideo::CalcDropRequirement - hurry: 0
2024-11-28 16:00:30.893 T:6452 debug : CVideoPlayer::ProcessVideoData size:505640 dts:305.806 pts:306.223 dur:41.000ms, clock:302.147 level:12
2024-11-28 16:00:30.894 T:6455 debug : CAMLCodec::AddData: skip add data dl:15665345 fl:57151 sz:386441(386560) lv:102.1% dts:304.846 pts:305.055
2024-11-28 16:00:30.895 T:6455 debug : CVideoPlayerVideo::CalcDropRequirement - hurry: 0
2024-11-28 16:00:30.896 T:6455 debug : CAMLCodec::AddData: skip add data dl:15665345 fl:57151 sz:386441(386560) lv:102.1% dts:304.846 pts:305.055
2024-11-28 16:00:30.897 T:6455 debug : CVideoPlayerVideo::CalcDropRequirement - hurry: 0
2024-11-28 16:00:30.898 T:6455 debug : CAMLCodec::AddData: skip add data dl:15665345 fl:57151 sz:386441(386560) lv:102.1% dts:304.846 pts:305.055
2024-11-28 16:00:30.899 T:6455 debug : CVideoPlayerVideo::CalcDropRequirement - hurry: 0
2024-11-28 16:00:30.899 T:6455 debug : CAMLCodec::AddData: skip add data dl:15665345 fl:57151 sz:386441(386560) lv:102.1% dts:304.846 pts:305.055
2024-11-28 16:00:30.900 T:6455 debug : CVideoPlayerVideo::CalcDropRequirement - hurry: 0
2024-11-28 16:00:30.901 T:6455 debug : CAMLCodec::AddData: skip add data dl:15665345 fl:57151 sz:386441(386560) lv:102.1% dts:304.846 pts:305.055
2024-11-28 16:00:30.901 T:6452 debug : CVideoPlayer::ProcessVideoData size:407704 dts:305.847 pts:306.056 dur:41.000ms, clock:302.115 level:12
2024-11-28 16:00:30.903 T:6455 debug : CVideoPlayerVideo::CalcDropRequirement - hurry: 0
2024-11-28 16:00:30.903 T:6455 debug : CAMLCodec::AddData: skip add data dl:15665345 fl:57151 sz:386441(386560) lv:102.1% dts:304.846 pts:305.055
2024-11-28 16:00:30.904 T:6455 debug : CVideoPlayerVideo::CalcDropRequirement - hurry: 0
2024-11-28 16:00:30.904 T:6455 debug : CAMLCodec::AddData: skip add data dl:15665345 fl:57151 sz:386441(386560) lv:102.1% dts:304.846 pts:305.055
2024-11-28 16:00:30.906 T:6455 debug : CVideoPlayerVideo::CalcDropRequirement - hurry: 0
2024-11-28 16:00:30.907 T:6455 debug : CAMLCodec::AddData: skip add data dl:15665345 fl:57151 sz:386441(386560) lv:102.1% dts:304.846 pts:305.055
2024-11-28 16:00:30.908 T:6455 debug : CVideoPlayerVideo::CalcDropRequirement - hurry: 0
2024-11-28 16:00:30.908 T:6455 debug : CAMLCodec::AddData: skip add data dl:15665345 fl:57151 sz:386441(386560) lv:102.1% dts:304.846 pts:305.055
2024-11-28 16:00:30.909 T:6452 debug : CVideoPlayer::ProcessVideoData size:368686 dts:305.889 pts:305.972 dur:41.000ms, clock:302.083 level:13
2024-11-28 16:00:30.909 T:6455 debug : CVideoPlayerVideo::CalcDropRequirement - hurry: 0
2024-11-28 16:00:30.910 T:6455 debug : CAMLCodec::AddData: skip add data dl:15665345 fl:57151 sz:386441(386560) lv:102.1% dts:304.846 pts:305.055
2024-11-28 16:00:30.912 T:6455 debug : CVideoPlayerVideo::CalcDropRequirement - hurry: 0
2024-11-28 16:00:30.914 T:6452 debug : CVideoPlayer::ProcessVideoData size:303198 dts:305.931 pts:305.931 dur:41.000ms, clock:302.066 level:13
2024-11-28 16:00:30.918 T:6452 debug : CVideoPlayer::ProcessVideoData size:311825 dts:305.972 pts:306.014 dur:41.000ms, clock:302.047 level:14
2024-11-28 16:00:30.919 T:6455 debug : CAMLCodec::AddData: skip add data dl:15665345 fl:57151 sz:386441(386560) lv:102.1% dts:304.846 pts:305.055
2024-11-28 16:00:30.922 T:6455 debug : CVideoPlayerVideo::CalcDropRequirement - hurry: 0
2024-11-28 16:00:30.922 T:6455 debug : CAMLCodec::AddData: skip add data dl:15665345 fl:57151 sz:386441(386560) lv:102.1% dts:304.846 pts:305.055
2024-11-28 16:00:30.923 T:6455 debug : CVideoPlayerVideo::CalcDropRequirement - hurry: 0
2024-11-28 16:00:30.924 T:6455 debug : CAMLCodec::AddData: skip add data dl:15665345 fl:57151 sz:386441(386560) lv:102.1% dts:304.846 pts:305.055
2024-11-28 16:00:30.925 T:6455 debug : CVideoPlayerVideo::CalcDropRequirement - hurry: 0
2024-11-28 16:00:30.925 T:6455 debug : CAMLCodec::AddData: skip add data dl:15665345 fl:57151 sz:386441(386560) lv:102.1% dts:304.846 pts:305.055
2024-11-28 16:00:30.926 T:4489 debug : CAMLCodec::PollFrame elapsed:30.585ms
2024-11-28 16:00:30.926 T:6455 debug : CVideoPlayerVideo::CalcDropRequirement - hurry: 0
2024-11-28 16:00:30.927 T:6455 debug : CAMLCodec::AddData: skip add data dl:15665345 fl:57151 sz:386441(386560) lv:102.1% dts:304.846 pts:305.055
2024-11-28 16:00:30.928 T:6455 debug : CVideoPlayerVideo::CalcDropRequirement - hurry: 0
2024-11-28 16:00:30.929 T:6455 debug : CAMLCodec::AddData: skip add data dl:15665345 fl:57151 sz:386441(386560) lv:102.1% dts:304.846 pts:305.055
2024-11-28 16:00:30.930 T:6455 debug : CVideoPlayerVideo::CalcDropRequirement - hurry: 0
2024-11-28 16:00:30.930 T:6455 debug : CAMLCodec::AddData: skip add data dl:15665345 fl:57151 sz:386441(386560) lv:102.1% dts:304.846 pts:305.055
2024-11-28 16:00:30.932 T:6455 debug : CVideoPlayerVideo::CalcDropRequirement - hurry: 0
2024-11-28 16:00:30.932 T:6455 debug : CAMLCodec::AddData: skip add data dl:15665345 fl:57151 sz:386441(386560) lv:102.1% dts:304.846 pts:305.055
2024-11-28 16:00:30.933 T:6455 debug : CVideoPlayerVideo::CalcDropRequirement - hurry: 0
2024-11-28 16:00:30.934 T:6455 debug : CAMLCodec::AddData: skip add data dl:15665345 fl:57151 sz:386441(386560) lv:102.1% dts:304.846 pts:305.055
2024-11-28 16:00:30.935 T:6452 debug : CVideoPlayer::ProcessVideoData size:370876 dts:306.014 pts:306.139 dur:41.000ms, clock:301.982 level:15
2024-11-28 16:00:30.936 T:6455 debug : CVideoPlayerVideo::CalcDropRequirement - hurry: 0
2024-11-28 16:00:30.936 T:6452 debug : CVideoPlayer::ProcessVideoData size:313327 dts:306.056 pts:306.097 dur:41.000ms, clock:301.976 level:15
2024-11-28 16:00:30.936 T:6455 debug : CAMLCodec::AddData: skip add data dl:15665345 fl:57151 sz:386441(386560) lv:102.1% dts:304.846 pts:305.055
2024-11-28 16:00:30.938 T:6455 debug : CVideoPlayerVideo::CalcDropRequirement - hurry: 0
2024-11-28 16:00:30.938 T:6455 debug : CAMLCodec::AddData: skip add data dl:15665345 fl:57151 sz:386441(386560) lv:102.1% dts:304.846 pts:305.055
2024-11-28 16:00:30.939 T:6455 debug : CVideoPlayerVideo::CalcDropRequirement - hurry: 0
2024-11-28 16:00:30.939 T:6455 debug : CAMLCodec::AddData: skip add data dl:15665345 fl:57151 sz:386441(386560) lv:102.1% dts:304.846 pts:305.055
2024-11-28 16:00:30.941 T:6452 debug : CVideoPlayer::ProcessVideoData size:311888 dts:306.097 pts:306.181 dur:41.000ms, clock:301.956 level:16
2024-11-28 16:00:30.941 T:6452 debug : CVideoPlayer::Process - ffd/rwd: lastpts:305.555 clock:301.955 lastseekpts:303.464 speed:-4000 error:3.600
2024-11-28 16:00:30.941 T:6452 debug : CVideoPlayer::Process - Seeking to catch up, error was: -1.508 time:300.955
2024-11-28 16:00:30.941 T:6452 debug : demuxer seek to: 300955.114550
2024-11-28 16:00:30.942 T:6455 debug : CVideoPlayerVideo::CalcDropRequirement - hurry: 0
2024-11-28 16:00:30.943 T:6454 debug : CDoubleCache::Reset - (0x35ec9e0) Cache miss for 2428956660 with new=2490559501-2501045261 and old=2465753801-2476239561
2024-11-28 16:00:30.943 T:6454 debug : CFileCache::Process - cache completely reset for seek to position 2428956660
2024-11-28 16:00:30.944 T:6455 debug : CAMLCodec::AddData: skip add data dl:15665345 fl:57151 sz:386441(386560) lv:102.1% dts:304.846 pts:305.055
2024-11-28 16:00:30.945 T:6455 debug : CVideoPlayerVideo::CalcDropRequirement - hurry: 0
2024-11-28 16:00:30.946 T:6455 debug : CAMLCodec::AddData: skip add data dl:15665345 fl:57151 sz:386441(386560) lv:102.1% dts:304.846 pts:305.055
2024-11-28 16:00:30.947 T:6455 debug : CVideoPlayerVideo::CalcDropRequirement - hurry: 0
2024-11-28 16:00:30.947 T:6455 debug : CAMLCodec::AddData: skip add data dl:15665345 fl:57151 sz:386441(386560) lv:102.1% dts:304.846 pts:305.055
2024-11-28 16:00:30.949 T:6455 debug : CVideoPlayerVideo::CalcDropRequirement - hurry: 0
2024-11-28 16:00:30.949 T:6455 debug : CAMLCodec::AddData: skip add data dl:15665345 fl:57151 sz:386441(386560) lv:102.1% dts:304.846 pts:305.055
2024-11-28 16:00:30.950 T:6455 debug : CVideoPlayerVideo::CalcDropRequirement - hurry: 0
2024-11-28 16:00:30.951 T:6455 debug : CAMLCodec::AddData: skip add data dl:15665345 fl:57151 sz:386441(386560) lv:102.1% dts:304.846 pts:305.055
2024-11-28 16:00:30.952 T:6455 debug : CVideoPlayerVideo::CalcDropRequirement - hurry: 0
2024-11-28 16:00:30.952 T:6455 debug : CAMLCodec::AddData: skip add data dl:15665345 fl:57151 sz:386441(386560) lv:102.1% dts:304.846 pts:305.055
2024-11-28 16:00:30.953 T:6452 debug : SeekTime - seek ended up on time 300509
2024-11-28 16:00:30.953 T:6452 debug : demuxer seek to: 300955.114550, success
2024-11-28 16:00:30.953 T:6452 debug : CVideoPlayer::FlushBuffers - flushing buffers
2024-11-28 16:00:30.953 T:6455 debug : CAMLCodec::Reset
2024-11-28 16:00:30.954 T:6452 debug : CVideoPlayer::HandleMessages: flush buffers: dts:300.955 lastSeek:32.748 clock:301.906
2024-11-28 16:00:30.954 T:6452 debug : CVideoPlayer::Process - ffd/rwd: lastpts:305.555 clock:301.906 lastseekpts:300.955 speed:-4000 error:3.649
2024-11-28 16:00:30.954 T:6452 debug : CVideoPlayer::ProcessVideoData size:447087 dts:18442240474082.180 pts:300.509 dur:41.000ms, clock:301.903 level:16
2024-11-28 16:00:30.957 T:6456 debug : CDVDAudio::Flush - flush audio stream
2024-11-28 16:00:30.968 T:4489 debug : CAMLCodec::PollFrame elapsed:34.021ms
2024-11-28 16:00:30.974 T:6452 debug : CVideoPlayer::ProcessVideoData size:375198 dts:18442240474082.180 pts:300.842 dur:41.000ms, clock:301.824 level:28
2024-11-28 16:00:30.982 T:6452 debug : CVideoPlayer::ProcessVideoData size:284553 dts:18442240474082.180 pts:300.675 dur:41.000ms, clock:301.793 level:28
2024-11-28 16:00:30.983 T:6455 debug : CAMLCodec::ReleaseFrame idx:8740, drop:1
2024-11-28 16:00:30.992 T:6452 debug : CVideoPlayer::ProcessVideoData size:288690 dts:300.509 pts:300.592 dur:41.000ms, clock:301.752 level:0
2024-11-28 16:00:30.992 T:6455 debug : CVideoPlayerVideo - Stillframe left, switching to normal playback
2024-11-28 16:00:30.992 T:6455 debug : CVideoPlayerVideo::CalcDropRequirement - hurry: 0
2024-11-28 16:00:30.995 T:6452 debug : CVideoPlayer::ProcessVideoData size:216727 dts:300.550 pts:300.550 dur:41.000ms, clock:301.742 level:0
2024-11-28 16:00:30.995 T:6455 debug : CAMLCodec::AddData: dl:288882 fl:15433614 sz:288686(288768) lv:1.8% dts:300.509 pts:300.592
2024-11-28 16:00:30.995 T:6455 debug : CVideoPlayerVideo::CalcDropRequirement - hurry: 0
2024-11-28 16:00:30.998 T:6455 debug : CAMLCodec::AddData: dl:505632 fl:15216864 sz:216723(216832) lv:3.2% dts:300.550 pts:300.550
2024-11-28 16:00:30.999 T:6452 debug : CVideoPlayer::ProcessVideoData size:218139 dts:300.592 pts:300.634 dur:41.000ms, clock:301.722 level:0
2024-11-28 16:00:31.000 T:6455 debug : CVideoPlayerVideo::CalcDropRequirement - hurry: 0
2024-11-28 16:00:31.002 T:6455 debug : CAMLCodec::AddData: dl:723763 fl:14998733 sz:218135(218240) lv:4.6% dts:300.592 pts:300.634
2024-11-28 16:00:31.004 T:6452 debug : CVideoPlayer::ProcessVideoData size:275270 dts:300.634 pts:300.759 dur:41.000ms, clock:301.703 level:0
2024-11-28 16:00:31.005 T:6455 debug : CVideoPlayerVideo::CalcDropRequirement - hurry: 0
2024-11-28 16:00:31.008 T:6455 debug : CAMLCodec::AddData: dl:999050 fl:14723446 sz:275266(275392) lv:6.4% dts:300.634 pts:300.759
2024-11-28 16:00:31.009 T:6452 debug : CVideoPlayer::ProcessVideoData size:241749 dts:300.675 pts:300.717 dur:41.000ms, clock:301.685 level:0
2024-11-28 16:00:31.009 T:6455 debug : CVideoPlayerVideo::CalcDropRequirement - hurry: 0
2024-11-28 16:00:31.010 T:4489 debug : CAMLCodec::PollFrame elapsed:20.975ms
2024-11-28 16:00:31.013 T:6455 debug : CAMLCodec::AddData: dl:1240780 fl:14481716 sz:241745(241856) lv:7.9% dts:300.675 pts:300.717
2024-11-28 16:00:31.014 T:6452 debug : CVideoPlayer::ProcessVideoData size:222630 dts:300.717 pts:300.801 dur:41.000ms, clock:301.665 level:0
2024-11-28 16:00:31.014 T:6455 debug : CVideoPlayerVideo::CalcDropRequirement - hurry: 0
2024-11-28 16:00:31.017 T:6455 debug : CAMLCodec::AddData: dl:939101 fl:14783395 sz:222626(222720) lv:6.0% dts:300.717 pts:300.801
2024-11-28 16:00:31.035 T:6452 debug : CVideoPlayer::ProcessVideoData size:367202 dts:300.759 pts:301.176 dur:41.000ms, clock:301.579 level:0
2024-11-28 16:00:31.036 T:6455 debug : CVideoPlayerVideo::CalcDropRequirement - hurry: 0
2024-11-28 16:00:31.038 T:6452 debug : CVideoPlayer::ProcessVideoData size:313308 dts:300.801 pts:301.009 dur:41.000ms, clock:301.569 level:0
2024-11-28 16:00:31.039 T:6455 debug : CAMLCodec::AddData: dl:1306303 fl:14416193 sz:367198(367296) lv:8.3% dts:300.759 pts:301.176
2024-11-28 16:00:31.039 T:6455 debug : CVideoPlayerVideo::CalcDropRequirement - hurry: 0
2024-11-28 16:00:31.040 T:6452 debug : CVideoPlayer::ProcessVideoData size:278423 dts:300.842 pts:300.926 dur:41.000ms, clock:301.560 level:0
2024-11-28 16:00:31.042 T:6452 debug : CVideoPlayer::ProcessVideoData size:222103 dts:300.884 pts:300.884 dur:41.000ms, clock:301.553 level:0
2024-11-28 16:00:31.043 T:6455 debug : CAMLCodec::AddData: dl:1095325 fl:14627171 sz:313304(313408) lv:7.0% dts:300.801 pts:301.009
2024-11-28 16:00:31.043 T:6452 debug : CVideoPlayer::ProcessVideoData size:224233 dts:300.926 pts:300.967 dur:41.000ms, clock:301.549 level:1
2024-11-28 16:00:31.043 T:6455 debug : CVideoPlayerVideo::CalcDropRequirement - hurry: 0
2024-11-28 16:00:31.046 T:6455 debug : CAMLCodec::AddData: dl:849461 fl:14873035 sz:278419(278528) lv:5.4% dts:300.842 pts:300.926
2024-11-28 16:00:31.046 T:6455 debug : CVideoPlayerVideo::CalcDropRequirement - hurry: 0
2024-11-28 16:00:31.047 T:6452 debug : CVideoPlayer::ProcessVideoData size:278615 dts:300.967 pts:301.092 dur:41.000ms, clock:301.533 level:0
2024-11-28 16:00:31.048 T:6455 debug : CAMLCodec::AddData: dl:1071560 fl:14650936 sz:222099(222208) lv:6.8% dts:300.884 pts:300.884
2024-11-28 16:00:31.049 T:6455 debug : CVideoPlayerVideo::CalcDropRequirement - hurry: 0
2024-11-28 16:00:31.051 T:4489 debug : CAMLCodec::PollFrame elapsed:29.747ms
2024-11-28 16:00:31.051 T:6455 debug : CAMLCodec::AddData: dl:771483 fl:14951013 sz:224229(224320) lv:4.9% dts:300.926 pts:300.967
2024-11-28 16:00:31.052 T:6455 debug : CVideoPlayerVideo::CalcDropRequirement - hurry: 0
2024-11-28 16:00:31.052 T:6452 debug : CVideoPlayer::ProcessVideoData size:222182 dts:301.009 pts:301.051 dur:41.000ms, clock:301.511 level:0
2024-11-28 16:00:31.054 T:6455 debug : CAMLCodec::AddData: dl:1050112 fl:14672384 sz:278611(278720) lv:6.7% dts:300.967 pts:301.092
2024-11-28 16:00:31.055 T:6455 debug : CVideoPlayerVideo::CalcDropRequirement - hurry: 0
2024-11-28 16:00:31.058 T:6452 debug : CVideoPlayer::ProcessVideoData size:255337 dts:301.051 pts:301.134 dur:41.000ms, clock:301.490 level:0
2024-11-28 16:00:31.058 T:6455 debug : CAMLCodec::AddData: dl:747987 fl:14974509 sz:222178(222272) lv:4.8% dts:301.009 pts:301.051
2024-11-28 16:00:31.058 T:6455 debug : CVideoPlayerVideo::CalcDropRequirement - hurry: 0
2024-11-28 16:00:31.060 T:6455 debug : CAMLCodec::AddData: dl:1003317 fl:14719179 sz:255333(255424) lv:6.4% dts:301.051 pts:301.134
2024-11-28 16:00:31.074 T:6452 debug : CVideoPlayer::ProcessVideoData size:371159 dts:301.092 pts:301.468 dur:41.000ms, clock:301.425 level:0
2024-11-28 16:00:31.074 T:6455 debug : CVideoPlayerVideo::CalcDropRequirement - hurry: 0
2024-11-28 16:00:31.077 T:6452 debug : CVideoPlayer::ProcessVideoData size:346204 dts:301.134 pts:301.343 dur:41.000ms, clock:301.413 level:0
2024-11-28 16:00:31.078 T:6455 debug : CAMLCodec::AddData: dl:1374490 fl:14348006 sz:371155(371264) lv:8.7% dts:301.092 pts:301.468
2024-11-28 16:00:31.078 T:6455 debug : CVideoPlayerVideo::CalcDropRequirement - hurry: 0
2024-11-28 16:00:31.079 T:6452 debug : CVideoPlayer::ProcessVideoData size:279245 dts:301.176 pts:301.259 dur:41.000ms, clock:301.405 level:0
2024-11-28 16:00:31.081 T:6455 debug : CAMLCodec::AddData: dl:1196397 fl:14526099 sz:346200(346304) lv:7.6% dts:301.134 pts:301.343
2024-11-28 16:00:31.081 T:6452 debug : CVideoPlayer::ProcessVideoData size:242816 dts:301.218 pts:301.218 dur:41.000ms, clock:301.396 level:0
2024-11-28 16:00:31.081 T:6455 debug : CVideoPlayerVideo::CalcDropRequirement - hurry: 0
2024-11-28 16:00:31.084 T:6455 debug : CAMLCodec::AddData: dl:951365 fl:14771131 sz:279241(279360) lv:6.0% dts:301.176 pts:301.259
2024-11-28 16:00:31.085 T:6455 debug : CVideoPlayerVideo::CalcDropRequirement - hurry: 0
2024-11-28 16:00:31.086 T:6452 debug : CVideoPlayer::ProcessVideoData size:241072 dts:301.259 pts:301.301 dur:41.000ms, clock:301.377 level:0
2024-11-28 16:00:31.087 T:6455 debug : CAMLCodec::AddData: dl:1194126 fl:14528370 sz:242812(242880) lv:7.6% dts:301.218 pts:301.218
2024-11-28 16:00:31.088 T:6455 debug : CVideoPlayerVideo::CalcDropRequirement - hurry: 0
2024-11-28 16:00:31.090 T:6455 debug : CAMLCodec::AddData: dl:910922 fl:14811574 sz:241068(241152) lv:5.8% dts:301.259 pts:301.301
2024-11-28 16:00:31.091 T:6452 debug : CVideoPlayer::ProcessVideoData size:278381 dts:301.301 pts:301.426 dur:41.000ms, clock:301.357 level:0
2024-11-28 16:00:31.091 T:6455 debug : CVideoPlayerVideo::CalcDropRequirement - hurry: 0
2024-11-28 16:00:31.093 T:4489 debug : CAMLCodec::PollFrame elapsed:30.657ms
2024-11-28 16:00:31.094 T:6455 debug : CAMLCodec::AddData: dl:1189302 fl:14533194 sz:278377(278464) lv:7.6% dts:301.301 pts:301.426
2024-11-28 16:00:31.096 T:6452 debug : CVideoPlayer::ProcessVideoData size:237150 dts:301.343 pts:301.384 dur:41.000ms, clock:301.338 level:0
2024-11-28 16:00:31.096 T:6455 debug : CVideoPlayerVideo::CalcDropRequirement - hurry: 0
2024-11-28 16:00:31.098 T:6455 debug : CAMLCodec::AddData: dl:902175 fl:14820321 sz:237146(237248) lv:5.7% dts:301.343 pts:301.384
2024-11-28 16:00:31.106 T:6452 debug : CVideoPlayer::ProcessVideoData size:447301 dts:301.384 pts:301.510 dur:41.000ms, clock:301.297 level:0
2024-11-28 16:00:31.106 T:6455 debug : CVideoPlayerVideo::CalcDropRequirement - hurry: 0
2024-11-28 16:00:31.110 T:6455 debug : CAMLCodec::AddData: dl:1349433 fl:14373063 sz:447281(447360) lv:8.6% dts:301.384 pts:301.510
2024-11-28 16:00:31.125 T:6452 debug : CVideoPlayer::ProcessVideoData size:379144 dts:301.426 pts:301.843 dur:41.000ms, clock:301.219 level:0
2024-11-28 16:00:31.125 T:6455 debug : CVideoPlayerVideo::CalcDropRequirement - hurry: 0
2024-11-28 16:00:31.127 T:6452 debug : CVideoPlayer::ProcessVideoData size:293330 dts:301.468 pts:301.676 dur:41.000ms, clock:301.212 level:0
2024-11-28 16:00:31.128 T:6452 debug : CVideoPlayer::ProcessVideoData size:268969 dts:301.510 pts:301.593 dur:41.000ms, clock:301.207 level:0
2024-11-28 16:00:31.129 T:6455 debug : CAMLCodec::AddData: dl:6447210 fl:9275286 sz:379140(379264) lv:41.0% dts:301.426 pts:301.843
2024-11-28 16:00:31.129 T:6455 debug : CVideoPlayerVideo::CalcDropRequirement - hurry: 0
2024-11-28 16:00:31.132 T:6455 debug : CAMLCodec::AddData: dl:6740526 fl:8981970 sz:293326(293440) lv:42.9% dts:301.468 pts:301.676
2024-11-28 16:00:31.133 T:6455 debug : CVideoPlayerVideo::CalcDropRequirement - hurry: 0
2024-11-28 16:00:31.134 T:6452 debug : CVideoPlayer::ProcessVideoData size:221683 dts:301.551 pts:301.551 dur:41.000ms, clock:301.186 level:0
2024-11-28 16:00:31.135 T:4489 debug : CAMLCodec::PollFrame elapsed:32.773ms
2024-11-28 16:00:31.136 T:6455 debug : CAMLCodec::AddData: dl:7009468 fl:8713028 sz:268965(269056) lv:44.6% dts:301.510 pts:301.593
2024-11-28 16:00:31.136 T:6455 debug : CVideoPlayerVideo::CalcDropRequirement - hurry: 0
2024-11-28 16:00:31.138 T:6452 debug : CVideoPlayer::ProcessVideoData size:223659 dts:301.593 pts:301.635 dur:41.000ms, clock:301.168 level:0
2024-11-28 16:00:31.139 T:6455 debug : CAMLCodec::AddData: dl:7231137 fl:8491359 sz:221679(221760) lv:46.0% dts:301.551 pts:301.551
2024-11-28 16:00:31.139 T:6455 debug : CVideoPlayerVideo::CalcDropRequirement - hurry: 0
2024-11-28 16:00:31.142 T:6455 debug : CAMLCodec::AddData: dl:7454800 fl:8267696 sz:223655(223744) lv:47.4% dts:301.593 pts:301.635
2024-11-28 16:00:31.143 T:6452 debug : CVideoPlayer::ProcessVideoData size:277599 dts:301.635 pts:301.760 dur:41.000ms, clock:301.148 level:0
2024-11-28 16:00:31.143 T:6455 debug : CVideoPlayerVideo::CalcDropRequirement - hurry: 0
2024-11-28 16:00:31.147 T:6455 debug : CAMLCodec::AddData: dl:7732407 fl:7990089 sz:277595(277696) lv:49.2% dts:301.635 pts:301.760
2024-11-28 16:00:31.148 T:6452 debug : CVideoPlayer::ProcessVideoData size:227877 dts:301.676 pts:301.718 dur:41.000ms, clock:301.128 level:0
2024-11-28 16:00:31.148 T:6455 debug : CVideoPlayerVideo::CalcDropRequirement - hurry: 0
2024-11-28 16:00:31.150 T:6452 debug : CVideoPlayer::ProcessVideoData size:238360 dts:301.718 pts:301.802 dur:41.000ms, clock:301.118 level:0
2024-11-28 16:00:31.151 T:6455 debug : CAMLCodec::AddData: dl:7960274 fl:7762222 sz:227873(227968) lv:50.6% dts:301.676 pts:301.718
2024-11-28 16:00:31.151 T:6455 debug : CVideoPlayerVideo::CalcDropRequirement - hurry: 0
2024-11-28 16:00:31.153 T:6455 debug : CAMLCodec::AddData: dl:8198643 fl:7523853 sz:238356(238464) lv:52.1% dts:301.718 pts:301.802
2024-11-28 16:00:31.171 T:6452 debug : CVideoPlayer::ProcessVideoData size:393157 dts:301.760 pts:302.177 dur:41.000ms, clock:301.037 level:0
2024-11-28 16:00:31.171 T:6455 debug : CVideoPlayerVideo::CalcDropRequirement - hurry: 0
2024-11-28 16:00:31.174 T:6455 debug : CAMLCodec::AddData: dl:8591815 fl:7130681 sz:393153(393280) lv:54.6% dts:301.760 pts:302.177
2024-11-28 16:00:31.176 T:4489 debug : CAMLCodec::PollFrame elapsed:31.409ms
2024-11-28 16:00:31.178 T:6452 debug : CVideoPlayer::ProcessVideoData size:291480 dts:301.802 pts:302.010 dur:41.000ms, clock:301.007 level:0
2024-11-28 16:00:31.179 T:6455 debug : CVideoPlayerVideo::CalcDropRequirement - hurry: 0
2024-11-28 16:00:31.182 T:6455 debug : CAMLCodec::AddData: dl:8883272 fl:6839224 sz:291476(291584) lv:56.5% dts:301.802 pts:302.010
2024-11-28 16:00:31.183 T:6452 debug : CVideoPlayer::ProcessVideoData size:274338 dts:301.843 pts:301.927 dur:41.000ms, clock:300.987 level:0
2024-11-28 16:00:31.183 T:6455 debug : CVideoPlayerVideo::CalcDropRequirement - hurry: 0
2024-11-28 16:00:31.186 T:6452 debug : CVideoPlayer::ProcessVideoData size:234477 dts:301.885 pts:301.885 dur:41.000ms, clock:300.977 level:0
2024-11-28 16:00:31.186 T:6455 debug : CAMLCodec::AddData: dl:9157596 fl:6564900 sz:274334(274432) lv:58.2% dts:301.843 pts:301.927
2024-11-28 16:00:31.186 T:6455 debug : CVideoPlayerVideo::CalcDropRequirement - hurry: 0
2024-11-28 16:00:31.189 T:6455 debug : CAMLCodec::AddData: dl:9392058 fl:6330438 sz:234473(234560) lv:59.7% dts:301.885 pts:301.885
2024-11-28 16:00:31.191 T:6452 debug : CVideoPlayer::ProcessVideoData size:237467 dts:301.927 pts:301.968 dur:41.000ms, clock:300.956 level:0
2024-11-28 16:00:31.191 T:6455 debug : CVideoPlayerVideo::CalcDropRequirement - hurry: 0
2024-11-28 16:00:31.194 T:6455 debug : CAMLCodec::AddData: dl:9629539 fl:6092957 sz:237463(237568) lv:61.2% dts:301.927 pts:301.968
2024-11-28 16:00:31.198 T:6452 debug : CVideoPlayer::ProcessVideoData size:307458 dts:301.968 pts:302.093 dur:41.000ms, clock:300.926 level:0
2024-11-28 16:00:31.199 T:6455 debug : CVideoPlayerVideo::CalcDropRequirement - hurry: 0
2024-11-28 16:00:31.201 T:6452 debug : CVideoPlayer::ProcessVideoData size:245724 dts:302.010 pts:302.052 dur:41.000ms, clock:300.918 level:0
2024-11-28 16:00:31.202 T:6455 debug : CAMLCodec::AddData: dl:9936954 fl:5785542 sz:307454(307520) lv:63.2% dts:301.968 pts:302.093
2024-11-28 16:00:31.202 T:6455 debug : CVideoPlayerVideo::CalcDropRequirement - hurry: 0
2024-11-28 16:00:31.205 T:6455 debug : CAMLCodec::AddData: dl:10182712 fl:5539784 sz:245720(245824) lv:64.7% dts:302.010 pts:302.052
2024-11-28 16:00:31.206 T:6452 debug : CVideoPlayer::ProcessVideoData size:226438 dts:302.052 pts:302.135 dur:41.000ms, clock:300.896 level:0
2024-11-28 16:00:31.206 T:6455 debug : CVideoPlayerVideo::CalcDropRequirement - hurry: 0
2024-11-28 16:00:31.209 T:6455 debug : CAMLCodec::AddData: dl:10409168 fl:5313328 sz:226434(226560) lv:66.2% dts:302.052 pts:302.135
2024-11-28 16:00:31.218 T:4489 debug : CAMLCodec::PollFrame elapsed:31.207ms
2024-11-28 16:00:31.221 T:6452 debug : CVideoPlayer::ProcessVideoData size:365520 dts:302.093 pts:302.469 dur:41.000ms, clock:300.838 level:0
2024-11-28 16:00:31.221 T:6455 debug : CVideoPlayerVideo::CalcDropRequirement - hurry: 0
2024-11-28 16:00:31.223 T:6452 debug : CVideoPlayer::ProcessVideoData size:297785 dts:302.135 pts:302.344 dur:41.000ms, clock:300.828 level:0
2024-11-28 16:00:31.224 T:6455 debug : CAMLCodec::AddData: dl:10774674 fl:4947822 sz:365516(365632) lv:68.5% dts:302.093 pts:302.469
2024-11-28 16:00:31.225 T:6455 debug : CVideoPlayerVideo::CalcDropRequirement - hurry: 0
2024-11-28 16:00:31.228 T:6455 debug : CAMLCodec::AddData: dl:11072414 fl:4650082 sz:297781(297856) lv:70.4% dts:302.135 pts:302.344
2024-11-28 16:00:31.228 T:6452 debug : CVideoPlayer::ProcessVideoData size:284393 dts:302.177 pts:302.260 dur:41.000ms, clock:300.806 level:0
2024-11-28 16:00:31.229 T:6455 debug : CVideoPlayerVideo::CalcDropRequirement - hurry: 0
2024-11-28 16:00:31.232 T:6455 debug : CAMLCodec::AddData: dl:11356819 fl:4365677 sz:284389(284480) lv:72.2% dts:302.177 pts:302.260
2024-11-28 16:00:31.233 T:6452 debug : CVideoPlayer::ProcessVideoData size:220746 dts:302.219 pts:302.219 dur:41.000ms, clock:300.788 level:0
2024-11-28 16:00:31.233 T:6455 debug : CVideoPlayerVideo::CalcDropRequirement - hurry: 0
2024-11-28 16:00:31.236 T:6455 debug : CAMLCodec::AddData: dl:11577592 fl:4144904 sz:220742(220864) lv:73.6% dts:302.219 pts:302.219
2024-11-28 16:00:31.238 T:6452 debug : CVideoPlayer::ProcessVideoData size:247004 dts:302.260 pts:302.302 dur:41.000ms, clock:300.770 level:0
2024-11-28 16:00:31.238 T:6455 debug : CVideoPlayerVideo::CalcDropRequirement - hurry: 0
2024-11-28 16:00:31.241 T:6455 debug : CAMLCodec::AddData: dl:11824574 fl:3897922 sz:247000(247104) lv:75.2% dts:302.260 pts:302.302
2024-11-28 16:00:31.242 T:6452 debug : CVideoPlayer::ProcessVideoData size:308875 dts:302.302 pts:302.427 dur:41.000ms, clock:300.752 level:0
2024-11-28 16:00:31.242 T:6455 debug : CVideoPlayerVideo::CalcDropRequirement - hurry: 0
2024-11-28 16:00:31.245 T:6455 debug : CAMLCodec::AddData: dl:12133462 fl:3589034 sz:308871(308992) lv:77.1% dts:302.302 pts:302.427
2024-11-28 16:00:31.247 T:6452 debug : CVideoPlayer::ProcessVideoData size:237058 dts:302.344 pts:302.385 dur:41.000ms, clock:300.732 level:0
2024-11-28 16:00:31.247 T:6455 debug : CVideoPlayerVideo::CalcDropRequirement - hurry: 0
2024-11-28 16:00:31.250 T:6455 debug : CAMLCodec::AddData: dl:12370461 fl:3352035 sz:237054(237120) lv:78.6% dts:302.344 pts:302.385
2024-11-28 16:00:31.258 T:6452 debug : CVideoPlayer::ProcessVideoData size:444913 dts:302.385 pts:302.511 dur:41.000ms, clock:300.689 level:0
2024-11-28 16:00:31.258 T:6455 debug : CVideoPlayerVideo::CalcDropRequirement - hurry: 0
2024-11-28 16:00:31.260 T:4489 debug : CAMLCodec::PollFrame elapsed:31.747ms
2024-11-28 16:00:31.262 T:6455 debug : CAMLCodec::AddData: dl:12815387 fl:2907109 sz:444893(444992) lv:81.5% dts:302.385 pts:302.511
2024-11-28 16:00:31.274 T:6452 debug : CVideoPlayer::ProcessVideoData size:360456 dts:302.427 pts:302.844 dur:41.000ms, clock:300.623 level:0
2024-11-28 16:00:31.274 T:6455 debug : CVideoPlayerVideo::CalcDropRequirement - hurry: 0
2024-11-28 16:00:31.276 T:6452 debug : CVideoPlayer::ProcessVideoData size:307149 dts:302.469 pts:302.677 dur:41.000ms, clock:300.616 level:0
2024-11-28 16:00:31.277 T:6455 debug : CAMLCodec::AddData: dl:13175864 fl:2546632 sz:360452(360576) lv:83.8% dts:302.427 pts:302.844
2024-11-28 16:00:31.278 T:6455 debug : CVideoPlayerVideo::CalcDropRequirement - hurry: 0
2024-11-28 16:00:31.279 T:6452 debug : CVideoPlayer::ProcessVideoData size:281695 dts:302.511 pts:302.594 dur:41.000ms, clock:300.604 level:0
2024-11-28 16:00:31.280 T:6455 debug : CAMLCodec::AddData: dl:13483004 fl:2239492 sz:307145(307264) lv:85.7% dts:302.469 pts:302.677
2024-11-28 16:00:31.281 T:6455 debug : CVideoPlayerVideo::CalcDropRequirement - hurry: 0
2024-11-28 16:00:31.281 T:6452 debug : CVideoPlayer::ProcessVideoData size:224037 dts:302.552 pts:302.552 dur:41.000ms, clock:300.594 level:0
2024-11-28 16:00:31.283 T:6455 debug : CAMLCodec::AddData: dl:13764677 fl:1957819 sz:281691(281792) lv:87.5% dts:302.511 pts:302.594
2024-11-28 16:00:31.283 T:6455 debug : CVideoPlayerVideo::CalcDropRequirement - hurry: 0
2024-11-28 16:00:31.286 T:6452 debug : CVideoPlayer::ProcessVideoData size:225258 dts:302.594 pts:302.636 dur:41.000ms, clock:300.575 level:0
2024-11-28 16:00:31.286 T:6455 debug : CAMLCodec::AddData: dl:13988704 fl:1733792 sz:224033(224128) lv:88.9% dts:302.552 pts:302.552
2024-11-28 16:00:31.287 T:6455 debug : CVideoPlayerVideo::CalcDropRequirement - hurry: 0
2024-11-28 16:00:31.290 T:6455 debug : CAMLCodec::AddData: dl:14213953 fl:1508543 sz:225254(225344) lv:90.4% dts:302.594 pts:302.636
2024-11-28 16:00:31.290 T:6455 debug : CAMLCodec::DequeueBuffer: pts:300.592 idx:8741
2024-11-28 16:00:31.290 T:6455 debug : CAMLCodec::GetPicture: index: 8741, pts: 300.592, dur:41.708ms ar:1.78 elf:604ms
2024-11-28 16:00:31.290 T:6455 debug : CVideoPlayerVideo::OutputPicture - ttd:30ms pts:300.592 Clock:300.561 Level:0
2024-11-28 16:00:31.291 T:6452 debug : CVideoPlayer::ProcessVideoData size:302025 dts:302.636 pts:302.761 dur:41.000ms, clock:300.556 level:0
2024-11-28 16:00:31.291 T:6455 debug : CVideoPlayerVideo::CalcDropRequirement - hurry: 1
2024-11-28 16:00:31.295 T:6455 debug : CAMLCodec::AddData: dl:14516007 fl:1206489 sz:302021(302144) lv:92.3% dts:302.636 pts:302.761
2024-11-28 16:00:31.296 T:6452 debug : CVideoPlayer::ProcessVideoData size:251131 dts:302.677 pts:302.719 dur:41.000ms, clock:300.538 level:0
2024-11-28 16:00:31.296 T:6455 debug : CVideoPlayerVideo::CalcDropRequirement - hurry: 1
2024-11-28 16:00:31.298 T:6455 debug : CAMLCodec::AddData: dl:14767084 fl:955412 sz:251127(251200) lv:93.9% dts:302.677 pts:302.719
2024-11-28 16:00:31.301 T:6452 debug : CVideoPlayer::ProcessVideoData size:229872 dts:302.719 pts:302.803 dur:41.000ms, clock:300.518 level:0
2024-11-28 16:00:31.301 T:6455 debug : CVideoPlayerVideo::CalcDropRequirement - hurry: 1
2024-11-28 16:00:31.301 T:4489 debug : CAMLCodec::PollFrame elapsed:32.517ms
2024-11-28 16:00:31.304 T:6455 debug : CAMLCodec::AddData: dl:14996963 fl:725533 sz:229868(229952) lv:95.3% dts:302.719 pts:302.803
2024-11-28 16:00:31.306 T:4489 debug : PrepareNextRender: frameOnScreen: 300.495 renderPts: 300.697 nextFramePts: 300.661 -> diff: 0.036 render: 1 forceNext: 0
2024-11-28 16:00:31.307 T:6452 debug : CVideoPlayer::Process - ffd/rwd: lastpts:300.425 clock:300.494 lastseekpts:300.955 speed:-4000 error:-0.069
2024-11-28 16:00:31.313 T:4489 debug : CAMLCodec::ReleaseFrame idx:8741, drop:0
2024-11-28 16:00:31.317 T:6452 debug : CVideoPlayer::ProcessVideoData size:368434 dts:302.761 pts:303.178 dur:41.000ms, clock:300.451 level:0
2024-11-28 16:00:31.318 T:6455 debug : CVideoPlayerVideo::CalcDropRequirement - hurry: 0
2024-11-28 16:00:31.319 T:6452 debug : CVideoPlayer::ProcessVideoData size:294458 dts:302.803 pts:303.011 dur:41.000ms, clock:300.446 level:0
2024-11-28 16:00:31.322 T:6455 debug : CAMLCodec::AddData: dl:15365391 fl:357105 sz:368430(368512) lv:97.7% dts:302.761 pts:303.178
2024-11-28 16:00:31.322 T:6455 debug : CVideoPlayerVideo::CalcDropRequirement - hurry: 0
2024-11-28 16:00:31.323 T:6452 debug : CVideoPlayer::ProcessVideoData size:288390 dts:302.844 pts:302.928 dur:41.000ms, clock:300.430 level:0
2024-11-28 16:00:31.325 T:6452 debug : CVideoPlayer::ProcessVideoData size:227341 dts:302.886 pts:302.886 dur:41.000ms, clock:300.422 level:0
2024-11-28 16:00:31.325 T:6455 debug : CAMLCodec::AddData: dl:15659837 fl:62659 sz:294454(294528) lv:99.6% dts:302.803 pts:303.011
2024-11-28 16:00:31.325 T:6455 debug : CVideoPlayerVideo::CalcDropRequirement - hurry: 0
2024-11-28 16:00:31.326 T:6455 debug : CAMLCodec::AddData: skip add data dl:15659763 fl:62733 sz:288386(288512) lv:101.4% dts:302.844 pts:302.928
2024-11-28 16:00:31.327 T:6455 debug : CVideoPlayerVideo::CalcDropRequirement - hurry: 0
2024-11-28 16:00:31.328 T:6455 debug : CAMLCodec::AddData: skip add data dl:15659763 fl:62733 sz:288386(288512) lv:101.4% dts:302.844 pts:302.928
2024-11-28 16:00:31.329 T:6455 debug : CVideoPlayerVideo::CalcDropRequirement - hurry: 0
2024-11-28 16:00:31.329 T:6452 debug : CVideoPlayer::ProcessVideoData size:243751 dts:302.928 pts:302.969 dur:41.000ms, clock:300.403 level:0
2024-11-28 16:00:31.330 T:6455 debug : CAMLCodec::AddData: skip add data dl:15659763 fl:62733 sz:288386(288512) lv:101.4% dts:302.844 pts:302.928
2024-11-28 16:00:31.331 T:6455 debug : CVideoPlayerVideo::CalcDropRequirement - hurry: 0
2024-11-28 16:00:31.331 T:6455 debug : CAMLCodec::AddData: skip add data dl:15659763 fl:62733 sz:288386(288512) lv:101.4% dts:302.844 pts:302.928
2024-11-28 16:00:31.333 T:6455 debug : CVideoPlayerVideo::CalcDropRequirement - hurry: 0
2024-11-28 16:00:31.333 T:6455 debug : CAMLCodec::AddData: skip add data dl:15659763 fl:62733 sz:288386(288512) lv:101.4% dts:302.844 pts:302.928
2024-11-28 16:00:31.334 T:6455 debug : CVideoPlayerVideo::CalcDropRequirement - hurry: 0
2024-11-28 16:00:31.335 T:6455 debug : CAMLCodec::AddData: skip add data dl:15659763 fl:62733 sz:288386(288512) lv:101.4% dts:302.844 pts:302.928
2024-11-28 16:00:31.336 T:6455 debug : CVideoPlayerVideo::CalcDropRequirement - hurry: 0
2024-11-28 16:00:31.337 T:6455 debug : CAMLCodec::AddData: skip add data dl:15659763 fl:62733 sz:288386(288512) lv:101.4% dts:302.844 pts:302.928
2024-11-28 16:00:31.337 T:6452 debug : CVideoPlayer::ProcessVideoData size:349121 dts:302.969 pts:303.094 dur:41.000ms, clock:300.372 level:1
2024-11-28 16:00:31.339 T:6455 debug : CVideoPlayerVideo::CalcDropRequirement - hurry: 0
2024-11-28 16:00:31.339 T:6455 debug : CAMLCodec::AddData: skip add data dl:15659763 fl:62733 sz:288386(288512) lv:101.4% dts:302.844 pts:302.928
2024-11-28 16:00:31.340 T:6455 debug : CVideoPlayerVideo::CalcDropRequirement - hurry: 0
2024-11-28 16:00:31.341 T:6455 debug : CAMLCodec::AddData: skip add data dl:15659763 fl:62733 sz:288386(288512) lv:101.4% dts:302.844 pts:302.928
2024-11-28 16:00:31.341 T:6452 debug : CVideoPlayer::ProcessVideoData size:237907 dts:303.011 pts:303.053 dur:41.000ms, clock:300.355 level:2
2024-11-28 16:00:31.343 T:6455 debug : CVideoPlayerVideo::CalcDropRequirement - hurry: 0
2024-11-28 16:00:31.343 T:4489 debug : CAMLCodec::PollFrame elapsed:28.939ms
2024-11-28 16:00:31.343 T:6455 debug : CAMLCodec::AddData: skip add data dl:15659763 fl:62733 sz:288386(288512) lv:101.4% dts:302.844 pts:302.928
2024-11-28 16:00:31.345 T:6455 debug : CVideoPlayerVideo::CalcDropRequirement - hurry: 0
2024-11-28 16:00:31.346 T:6455 debug : CAMLCodec::AddData: skip add data dl:15659763 fl:62733 sz:288386(288512) lv:101.4% dts:302.844 pts:302.928
2024-11-28 16:00:31.347 T:6452 debug : CVideoPlayer::ProcessVideoData size:235369 dts:303.053 pts:303.136 dur:41.000ms, clock:300.333 level:3
2024-11-28 16:00:31.347 T:6455 debug : CVideoPlayerVideo::CalcDropRequirement - hurry: 0
2024-11-28 16:00:31.348 T:6455 debug : CAMLCodec::AddData: skip add data dl:15659763 fl:62733 sz:288386(288512) lv:101.4% dts:302.844 pts:302.928
2024-11-28 16:00:31.350 T:6455 debug : CVideoPlayerVideo::CalcDropRequirement - hurry: 0
2024-11-28 16:00:31.351 T:6455 debug : CAMLCodec::AddData: skip add data dl:15659763 fl:62733 sz:288386(288512) lv:101.4% dts:302.844 pts:302.928
2024-11-28 16:00:31.352 T:6455 debug : CVideoPlayerVideo::CalcDropRequirement - hurry: 0
2024-11-28 16:00:31.353 T:6455 debug : CAMLCodec::AddData: skip add data dl:15659763 fl:62733 sz:288386(288512) lv:101.4% dts:302.844 pts:302.928
2024-11-28 16:00:31.354 T:6452 debug : CVideoPlayer::Process - ffd/rwd: lastpts:300.425 clock:300.305 lastseekpts:300.955 speed:-4000 error:0.120
2024-11-28 16:00:31.354 T:6455 debug : CVideoPlayerVideo::CalcDropRequirement - hurry: 0
2024-11-28 16:00:31.354 T:6455 debug : CAMLCodec::AddData: skip add data dl:15659763 fl:62733 sz:288386(288512) lv:101.4% dts:302.844 pts:302.928
2024-11-28 16:00:31.356 T:6455 debug : CVideoPlayerVideo::CalcDropRequirement - hurry: 0
2024-11-28 16:00:31.356 T:6455 debug : CAMLCodec::AddData: skip add data dl:15659763 fl:62733 sz:288386(288512) lv:101.4% dts:302.844 pts:302.928
2024-11-28 16:00:31.358 T:6455 debug : CVideoPlayerVideo::CalcDropRequirement - hurry: 0
2024-11-28 16:00:31.358 T:6455 debug : CAMLCodec::AddData: skip add data dl:15659763 fl:62733 sz:288386(288512) lv:101.4% dts:302.844 pts:302.928
2024-11-28 16:00:31.360 T:6455 debug : CVideoPlayerVideo::CalcDropRequirement - hurry: 0
2024-11-28 16:00:31.360 T:6455 debug : CAMLCodec::AddData: skip add data dl:15659763 fl:62733 sz:288386(288512) lv:101.4% dts:302.844 pts:302.928
2024-11-28 16:00:31.362 T:6455 debug : CVideoPlayerVideo::CalcDropRequirement - hurry: 0
2024-11-28 16:00:31.363 T:6455 debug : CAMLCodec::AddData: skip add data dl:15659763 fl:62733 sz:288386(288512) lv:101.4% dts:302.844 pts:302.928
2024-11-28 16:00:31.364 T:6452 debug : CVideoPlayer::ProcessVideoData size:402401 dts:303.094 pts:303.470 dur:41.000ms, clock:300.266 level:3
2024-11-28 16:00:31.365 T:6455 debug : CVideoPlayerVideo::CalcDropRequirement - hurry: 0
2024-11-28 16:00:31.366 T:6452 debug : CVideoPlayer::ProcessVideoData size:339570 dts:303.136 pts:303.345 dur:41.000ms, clock:300.258 level:3
2024-11-28 16:00:31.366 T:6455 debug : CAMLCodec::AddData: skip add data dl:15659763 fl:62733 sz:288386(288512) lv:101.4% dts:302.844 pts:302.928
2024-11-28 16:00:31.367 T:6455 debug : CVideoPlayerVideo::CalcDropRequirement - hurry: 0
2024-11-28 16:00:31.367 T:6455 debug : CAMLCodec::AddData: skip add data dl:15659763 fl:62733 sz:288386(288512) lv:101.4% dts:302.844 pts:302.928
2024-11-28 16:00:31.369 T:6455 debug : CVideoPlayerVideo::CalcDropRequirement - hurry: 0
2024-11-28 16:00:31.369 T:6455 debug : CAMLCodec::AddData: skip add data dl:15659763 fl:62733 sz:288386(288512) lv:101.4% dts:302.844 pts:302.928
2024-11-28 16:00:31.369 T:6452 debug : CVideoPlayer::ProcessVideoData size:288826 dts:303.178 pts:303.261 dur:41.000ms, clock:300.243 level:4
2024-11-28 16:00:31.371 T:6455 debug : CVideoPlayerVideo::CalcDropRequirement - hurry: 0
2024-11-28 16:00:31.371 T:6455 debug : CAMLCodec::AddData: skip add data dl:15659763 fl:62733 sz:288386(288512) lv:101.4% dts:302.844 pts:302.928
2024-11-28 16:00:31.373 T:6455 debug : CVideoPlayerVideo::CalcDropRequirement - hurry: 0
2024-11-28 16:00:31.373 T:6455 debug : CAMLCodec::AddData: skip add data dl:15659763 fl:62733 sz:288386(288512) lv:101.4% dts:302.844 pts:302.928
2024-11-28 16:00:31.375 T:6455 debug : CVideoPlayerVideo::CalcDropRequirement - hurry: 0
2024-11-28 16:00:31.375 T:6452 debug : CVideoPlayer::ProcessVideoData size:250603 dts:303.220 pts:303.220 dur:41.000ms, clock:300.220 level:4
2024-11-28 16:00:31.375 T:6455 debug : CAMLCodec::AddData: skip add data dl:15659763 fl:62733 sz:288386(288512) lv:101.4% dts:302.844 pts:302.928
2024-11-28 16:00:31.376 T:6455 debug : CVideoPlayerVideo::CalcDropRequirement - hurry: 0
2024-11-28 16:00:31.377 T:6455 debug : CAMLCodec::AddData: skip add data dl:15659763 fl:62733 sz:288386(288512) lv:101.4% dts:302.844 pts:302.928
2024-11-28 16:00:31.378 T:6455 debug : CVideoPlayerVideo::CalcDropRequirement - hurry: 0
2024-11-28 16:00:31.379 T:6455 debug : CAMLCodec::AddData: skip add data dl:15659763 fl:62733 sz:288386(288512) lv:101.4% dts:302.844 pts:302.928
2024-11-28 16:00:31.380 T:6455 debug : CVideoPlayerVideo::CalcDropRequirement - hurry: 0
2024-11-28 16:00:31.381 T:6455 debug : CAMLCodec::AddData: skip add data dl:15659763 fl:62733 sz:288386(288512) lv:101.4% dts:302.844 pts:302.928
2024-11-28 16:00:31.381 T:6452 debug : CVideoPlayer::ProcessVideoData size:247650 dts:303.261 pts:303.303 dur:41.000ms, clock:300.198 level:5
2024-11-28 16:00:31.382 T:6455 debug : CVideoPlayerVideo::CalcDropRequirement - hurry: 0
2024-11-28 16:00:31.382 T:6455 debug : CAMLCodec::AddData: skip add data dl:15659763 fl:62733 sz:288386(288512) lv:101.4% dts:302.844 pts:302.928
2024-11-28 16:00:31.383 T:6455 debug : CVideoPlayerVideo::CalcDropRequirement - hurry: 0
2024-11-28 16:00:31.384 T:6455 debug : CAMLCodec::AddData: skip add data dl:15659763 fl:62733 sz:288386(288512) lv:101.4% dts:302.844 pts:302.928
2024-11-28 16:00:31.385 T:4489 debug : CAMLCodec::PollFrame elapsed:31.414ms
2024-11-28 16:00:31.385 T:6455 debug : CVideoPlayerVideo::CalcDropRequirement - hurry: 0
