2024-11-28 16:00:31.761 T:6455 debug : CAMLCodec::AddData: skip add data dl:15659763 fl:62733 sz:288386(288512) lv:101.4% dts:302.844 pts:302.928
2024-11-28 16:00:31.762 T:6455 debug : CVideoPlayerVideo::CalcDropRequirement - hurry: 0
2024-11-28 16:00:31.763 T:6455 debug : CAMLCodec::AddData: skip add data dl:15659763 fl:62733 sz:288386(288512) lv:101.4% dts:302.844 pts:302.928
2024-11-28 16:00:31.764 T:6455 debug : CVideoPlayerVideo::CalcDropRequirement - hurry: 0
2024-11-28 16:00:31.765 T:6455 debug : CAMLCodec::AddData: skip add data dl:15659763 fl:62733 sz:288386(288512) lv:101.4% dts:302.844 pts:302.928
2024-11-28 16:00:31.766 T:6455 debug : CVideoPlayerVideo::CalcDropRequirement - hurry: 0
2024-11-28 16:00:31.767 T:6455 debug : CAMLCodec::AddData: skip add data dl:15659763 fl:62733 sz:288386(288512) lv:101.4% dts:302.844 pts:302.928
2024-11-28 16:00:31.768 T:6455 debug : CVideoPlayerVideo::CalcDropRequirement - hurry: 0
2024-11-28 16:00:31.768 T:6455 debug : CAMLCodec::AddData: skip add data dl:15659763 fl:62733 sz:288386(288512) lv:101.4% dts:302.844 pts:302.928
2024-11-28 16:00:31.770 T:6455 debug : CVideoPlayerVideo::CalcDropRequirement - hurry: 0
2024-11-28 16:00:31.770 T:6455 debug : CAMLCodec::AddData: skip add data dl:15659763 fl:62733 sz:288386(288512) lv:101.4% dts:302.844 pts:302.928
2024-11-28 16:00:31.770 T:6452 debug : CVideoPlayer::ProcessVideoData size:326527 dts:304.930 pts:304.930 dur:41.000ms, clock:298.640 level:26
2024-11-28 16:00:31.772 T:6452 debug : CVideoPlayer::Process - ffd/rwd: lastpts:300.425 clock:298.632 lastseekpts:300.955 speed:-4000 error:1.793
2024-11-28 16:00:31.773 T:6455 debug : CVideoPlayerVideo::CalcDropRequirement - hurry: 0
2024-11-28 16:00:31.774 T:6452 debug : CVideoPlayer::Process - Seeking to catch up, error was: -2.330 time:297.625
2024-11-28 16:00:31.774 T:6455 debug : CAMLCodec::AddData: skip add data dl:15659763 fl:62733 sz:288386(288512) lv:101.4% dts:302.844 pts:302.928
2024-11-28 16:00:31.776 T:6455 debug : CVideoPlayerVideo::CalcDropRequirement - hurry: 0
2024-11-28 16:00:31.777 T:6455 debug : CAMLCodec::AddData: skip add data dl:15659763 fl:62733 sz:288386(288512) lv:101.4% dts:302.844 pts:302.928
2024-11-28 16:00:31.778 T:6455 debug : CVideoPlayerVideo::CalcDropRequirement - hurry: 0
2024-11-28 16:00:31.778 T:6455 debug : CAMLCodec::AddData: skip add data dl:15659763 fl:62733 sz:288386(288512) lv:101.4% dts:302.844 pts:302.928
2024-11-28 16:00:31.779 T:6455 debug : CVideoPlayerVideo::CalcDropRequirement - hurry: 0
2024-11-28 16:00:31.780 T:6455 debug : CAMLCodec::AddData: skip add data dl:15659763 fl:62733 sz:288386(288512) lv:101.4% dts:302.844 pts:302.928
2024-11-28 16:00:31.781 T:6455 debug : CVideoPlayerVideo::CalcDropRequirement - hurry: 0
2024-11-28 16:00:31.781 T:6455 debug : CAMLCodec::AddData: skip add data dl:15659763 fl:62733 sz:288386(288512) lv:101.4% dts:302.844 pts:302.928
2024-11-28 16:00:31.783 T:6455 debug : CVideoPlayerVideo::CalcDropRequirement - hurry: 0
2024-11-28 16:00:31.783 T:6455 debug : CAMLCodec::AddData: skip add data dl:15659763 fl:62733 sz:288386(288512) lv:101.4% dts:302.844 pts:302.928
2024-11-28 16:00:31.784 T:6455 debug : CVideoPlayerVideo::CalcDropRequirement - hurry: 0
2024-11-28 16:00:31.785 T:6455 debug : CAMLCodec::AddData: skip add data dl:15659763 fl:62733 sz:288386(288512) lv:101.4% dts:302.844 pts:302.928
2024-11-28 16:00:31.786 T:6455 debug : CVideoPlayerVideo::CalcDropRequirement - hurry: 0
2024-11-28 16:00:31.787 T:6452 debug : CVideoPlayer::ProcessVideoData size:335498 dts:304.971 pts:305.013 dur:41.000ms, clock:298.574 level:26
2024-11-28 16:00:31.787 T:6455 debug : CAMLCodec::AddData: skip add data dl:15659763 fl:62733 sz:288386(288512) lv:101.4% dts:302.844 pts:302.928
2024-11-28 16:00:31.787 T:6452 debug : demuxer seek to: 297625.348382
2024-11-28 16:00:31.788 T:6454 debug : CDoubleCache::Reset - (0x35ec9e0) Cache miss for 2396233273 with new=2465753801-2476239561 and old=2461462516-2471948276
2024-11-28 16:00:31.788 T:6454 debug : CFileCache::Process - cache completely reset for seek to position 2396233273
2024-11-28 16:00:31.788 T:6455 debug : CVideoPlayerVideo::CalcDropRequirement - hurry: 0
2024-11-28 16:00:31.788 T:6455 debug : CAMLCodec::AddData: skip add data dl:15659763 fl:62733 sz:288386(288512) lv:101.4% dts:302.844 pts:302.928
2024-11-28 16:00:31.790 T:6455 debug : CVideoPlayerVideo::CalcDropRequirement - hurry: 0
2024-11-28 16:00:31.790 T:6455 debug : CAMLCodec::AddData: skip add data dl:15659763 fl:62733 sz:288386(288512) lv:101.4% dts:302.844 pts:302.928
2024-11-28 16:00:31.791 T:6455 debug : CVideoPlayerVideo::CalcDropRequirement - hurry: 0
2024-11-28 16:00:31.792 T:6455 debug : CAMLCodec::AddData: skip add data dl:15659763 fl:62733 sz:288386(288512) lv:101.4% dts:302.844 pts:302.928
2024-11-28 16:00:31.793 T:6455 debug : CVideoPlayerVideo::CalcDropRequirement - hurry: 0
2024-11-28 16:00:31.793 T:6455 debug : CAMLCodec::AddData: skip add data dl:15659763 fl:62733 sz:288386(288512) lv:101.4% dts:302.844 pts:302.928
2024-11-28 16:00:31.795 T:6455 debug : CVideoPlayerVideo::CalcDropRequirement - hurry: 0
2024-11-28 16:00:31.795 T:6455 debug : CAMLCodec::AddData: skip add data dl:15659763 fl:62733 sz:288386(288512) lv:101.4% dts:302.844 pts:302.928
2024-11-28 16:00:31.796 T:6455 debug : CVideoPlayerVideo::CalcDropRequirement - hurry: 0
2024-11-28 16:00:31.797 T:6455 debug : CAMLCodec::AddData: skip add data dl:15659763 fl:62733 sz:288386(288512) lv:101.4% dts:302.844 pts:302.928
2024-11-28 16:00:31.798 T:6455 debug : CVideoPlayerVideo::CalcDropRequirement - hurry: 0
2024-11-28 16:00:31.798 T:6452 debug : SeekTime - seek ended up on time 297005
2024-11-28 16:00:31.798 T:6452 debug : demuxer seek to: 297625.348382, success
2024-11-28 16:00:31.798 T:6452 debug : CVideoPlayer::FlushBuffers - flushing buffers
2024-11-28 16:00:31.798 T:6452 debug : CVideoPlayer::HandleMessages: flush buffers: dts:297.625 lastSeek:33.593 clock:298.527
2024-11-28 16:00:31.798 T:6452 debug : CVideoPlayer::Process - ffd/rwd: lastpts:300.425 clock:298.526 lastseekpts:297.625 speed:-4000 error:1.899
2024-11-28 16:00:31.799 T:6455 debug : CAMLCodec::AddData: skip add data dl:15659763 fl:62733 sz:288386(288512) lv:101.4% dts:302.844 pts:302.928
2024-11-28 16:00:31.799 T:6452 debug : CVideoPlayer::ProcessVideoData size:486326 dts:18442240474082.180 pts:297.005 dur:41.000ms, clock:298.523 level:27
2024-11-28 16:00:31.799 T:6455 debug : CAMLCodec::Reset
2024-11-28 16:00:31.802 T:4489 debug : CAMLCodec::PollFrame elapsed:29.587ms
2024-11-28 16:00:31.804 T:6456 debug : CDVDAudio::Flush - flush audio stream
2024-11-28 16:00:31.814 T:6452 debug : CVideoPlayer::ProcessVideoData size:443392 dts:18442240474082.180 pts:297.339 dur:41.000ms, clock:298.463 level:39
2024-11-28 16:00:31.819 T:6452 debug : CVideoPlayer::ProcessVideoData size:373295 dts:18442240474082.180 pts:297.172 dur:41.000ms, clock:298.444 level:40
2024-11-28 16:00:31.830 T:6452 debug : CVideoPlayer::ProcessVideoData size:364408 dts:297.005 pts:297.088 dur:41.000ms, clock:298.399 level:41
2024-11-28 16:00:31.835 T:6455 debug : CVideoPlayerVideo - Stillframe left, switching to normal playback
2024-11-28 16:00:31.835 T:6455 debug : CVideoPlayerVideo::CalcDropRequirement - hurry: 0
2024-11-28 16:00:31.836 T:6452 debug : CVideoPlayer::ProcessVideoData size:295711 dts:297.047 pts:297.047 dur:41.000ms, clock:298.375 level:0
2024-11-28 16:00:31.839 T:6455 debug : CAMLCodec::AddData: dl:364594 fl:15357902 sz:364404(364480) lv:2.3% dts:297.005 pts:297.088
2024-11-28 16:00:31.839 T:6455 debug : CVideoPlayerVideo::CalcDropRequirement - hurry: 0
2024-11-28 16:00:31.839 T:6452 debug : CVideoPlayer::ProcessVideoData size:290692 dts:297.088 pts:297.130 dur:41.000ms, clock:298.364 level:0
2024-11-28 16:00:31.842 T:6455 debug : CAMLCodec::AddData: dl:660326 fl:15062170 sz:295707(295808) lv:4.2% dts:297.047 pts:297.047
2024-11-28 16:00:31.842 T:6455 debug : CVideoPlayerVideo::CalcDropRequirement - hurry: 0
2024-11-28 16:00:31.844 T:4489 debug : CAMLCodec::PollFrame elapsed:9.977ms
2024-11-28 16:00:31.845 T:6455 debug : CAMLCodec::AddData: dl:950977 fl:14771519 sz:290688(290752) lv:6.0% dts:297.088 pts:297.130
2024-11-28 16:00:31.846 T:6452 debug : CVideoPlayer::ProcessVideoData size:345303 dts:297.130 pts:297.255 dur:41.000ms, clock:298.335 level:0
2024-11-28 16:00:31.847 T:6455 debug : CVideoPlayerVideo::CalcDropRequirement - hurry: 0
2024-11-28 16:00:31.850 T:6455 debug : CAMLCodec::AddData: dl:1296321 fl:14426175 sz:345299(345408) lv:8.2% dts:297.130 pts:297.255
2024-11-28 16:00:31.851 T:6452 debug : CVideoPlayer::ProcessVideoData size:293526 dts:297.172 pts:297.214 dur:41.000ms, clock:298.316 level:0
2024-11-28 16:00:31.851 T:6455 debug : CVideoPlayerVideo::CalcDropRequirement - hurry: 0
2024-11-28 16:00:31.854 T:6455 debug : CAMLCodec::AddData: dl:1065556 fl:14656940 sz:293522(293632) lv:6.8% dts:297.172 pts:297.214
2024-11-28 16:00:31.856 T:6452 debug : CVideoPlayer::ProcessVideoData size:309323 dts:297.214 pts:297.297 dur:41.000ms, clock:298.296 level:0
2024-11-28 16:00:31.856 T:6455 debug : CVideoPlayerVideo::CalcDropRequirement - hurry: 0
2024-11-28 16:00:31.859 T:6455 debug : CAMLCodec::AddData: dl:850598 fl:14871898 sz:309319(309440) lv:5.4% dts:297.214 pts:297.297
2024-11-28 16:00:31.877 T:6452 debug : CVideoPlayer::ProcessVideoData size:471171 dts:297.255 pts:297.672 dur:41.000ms, clock:298.210 level:0
2024-11-28 16:00:31.878 T:6455 debug : CVideoPlayerVideo::CalcDropRequirement - hurry: 0
2024-11-28 16:00:31.881 T:6455 debug : CAMLCodec::AddData: dl:1321709 fl:14400787 sz:471167(471232) lv:8.4% dts:297.255 pts:297.672
2024-11-28 16:00:31.885 T:4489 debug : CAMLCodec::PollFrame elapsed:31.967ms
2024-11-28 16:00:31.885 T:6452 debug : CVideoPlayer::ProcessVideoData size:376203 dts:297.297 pts:297.506 dur:41.000ms, clock:298.178 level:0
2024-11-28 16:00:31.886 T:6455 debug : CVideoPlayerVideo::CalcDropRequirement - hurry: 0
2024-11-28 16:00:31.889 T:6455 debug : CAMLCodec::AddData: dl:1173676 fl:14548820 sz:376199(376320) lv:7.5% dts:297.297 pts:297.506
2024-11-28 16:00:31.897 T:6452 debug : CVideoPlayer::ProcessVideoData size:348556 dts:297.339 pts:297.422 dur:41.000ms, clock:298.131 level:0
2024-11-28 16:00:31.897 T:6455 debug : CVideoPlayerVideo::CalcDropRequirement - hurry: 0
2024-11-28 16:00:31.901 T:6455 debug : CAMLCodec::AddData: dl:997939 fl:14724557 sz:348552(348672) lv:6.3% dts:297.339 pts:297.422
2024-11-28 16:00:31.902 T:6452 debug : CVideoPlayer::ProcessVideoData size:299089 dts:297.380 pts:297.380 dur:41.000ms, clock:298.112 level:0
2024-11-28 16:00:31.902 T:6455 debug : CVideoPlayerVideo::CalcDropRequirement - hurry: 0
2024-11-28 16:00:31.905 T:6455 debug : CAMLCodec::AddData: dl:1297019 fl:14425477 sz:299085(299200) lv:8.2% dts:297.380 pts:297.380
2024-11-28 16:00:31.907 T:6452 debug : CVideoPlayer::ProcessVideoData size:305917 dts:297.422 pts:297.464 dur:41.000ms, clock:298.093 level:0
2024-11-28 16:00:31.907 T:6455 debug : CVideoPlayerVideo::CalcDropRequirement - hurry: 0
2024-11-28 16:00:31.910 T:6455 debug : CAMLCodec::AddData: dl:1078600 fl:14643896 sz:305913(305984) lv:6.9% dts:297.422 pts:297.464
2024-11-28 16:00:31.914 T:6452 debug : CVideoPlayer::ProcessVideoData size:358254 dts:297.464 pts:297.589 dur:41.000ms, clock:298.064 level:0
2024-11-28 16:00:31.914 T:6455 debug : CVideoPlayerVideo::CalcDropRequirement - hurry: 0
2024-11-28 16:00:31.917 T:6455 debug : CAMLCodec::AddData: dl:912577 fl:14809919 sz:358250(358336) lv:5.8% dts:297.464 pts:297.589
2024-11-28 16:00:31.919 T:6452 debug : CVideoPlayer::ProcessVideoData size:301374 dts:297.506 pts:297.547 dur:41.000ms, clock:298.045 level:0
2024-11-28 16:00:31.919 T:6455 debug : CVideoPlayerVideo::CalcDropRequirement - hurry: 0
2024-11-28 16:00:31.922 T:6455 debug : CAMLCodec::AddData: dl:1213931 fl:14508565 sz:301370(301440) lv:7.7% dts:297.506 pts:297.547
2024-11-28 16:00:31.926 T:6452 debug : CVideoPlayer::ProcessVideoData size:309497 dts:297.547 pts:297.631 dur:41.000ms, clock:298.017 level:0
2024-11-28 16:00:31.926 T:6455 debug : CVideoPlayerVideo::CalcDropRequirement - hurry: 0
2024-11-28 16:00:31.927 T:4489 debug : CAMLCodec::PollFrame elapsed:32.798ms
2024-11-28 16:00:31.929 T:6455 debug : CAMLCodec::AddData: dl:999141 fl:14723355 sz:309493(309568) lv:6.4% dts:297.547 pts:297.631
2024-11-28 16:00:31.947 T:6452 debug : CVideoPlayer::ProcessVideoData size:454206 dts:297.589 pts:297.964 dur:41.000ms, clock:297.930 level:0
2024-11-28 16:00:31.948 T:6455 debug : CVideoPlayerVideo::CalcDropRequirement - hurry: 0
2024-11-28 16:00:31.950 T:6452 debug : CVideoPlayer::ProcessVideoData size:378242 dts:297.631 pts:297.839 dur:41.000ms, clock:297.922 level:0
2024-11-28 16:00:31.952 T:6455 debug : CAMLCodec::AddData: dl:1453338 fl:14269158 sz:454202(454272) lv:9.2% dts:297.589 pts:297.964
2024-11-28 16:00:31.952 T:6455 debug : CVideoPlayerVideo::CalcDropRequirement - hurry: 0
2024-11-28 16:00:31.955 T:6452 debug : CVideoPlayer::ProcessVideoData size:358080 dts:297.672 pts:297.756 dur:41.000ms, clock:297.901 level:0
2024-11-28 16:00:31.956 T:6455 debug : CAMLCodec::AddData: dl:1307284 fl:14415212 sz:378238(378304) lv:8.3% dts:297.631 pts:297.839
2024-11-28 16:00:31.957 T:6455 debug : CVideoPlayerVideo::CalcDropRequirement - hurry: 0
2024-11-28 16:00:31.959 T:6455 debug : CAMLCodec::AddData: dl:1141074 fl:14581422 sz:358076(358144) lv:7.3% dts:297.672 pts:297.756
2024-11-28 16:00:31.962 T:6452 debug : CVideoPlayer::ProcessVideoData size:297310 dts:297.714 pts:297.714 dur:41.000ms, clock:297.873 level:0
2024-11-28 16:00:31.962 T:6455 debug : CVideoPlayerVideo::CalcDropRequirement - hurry: 0
2024-11-28 16:00:31.965 T:6455 debug : CAMLCodec::AddData: dl:914126 fl:14808370 sz:297306(297408) lv:5.8% dts:297.714 pts:297.714
2024-11-28 16:00:31.966 T:6452 debug : CVideoPlayer::ProcessVideoData size:305167 dts:297.756 pts:297.798 dur:41.000ms, clock:297.854 level:0
2024-11-28 16:00:31.967 T:6455 debug : CVideoPlayerVideo::CalcDropRequirement - hurry: 0
2024-11-28 16:00:31.969 T:4489 debug : CAMLCodec::PollFrame elapsed:29.963ms
2024-11-28 16:00:31.969 T:6455 debug : CAMLCodec::AddData: dl:1219304 fl:14503192 sz:305163(305280) lv:7.8% dts:297.756 pts:297.798
2024-11-28 16:00:31.976 T:6452 debug : CVideoPlayer::ProcessVideoData size:359478 dts:297.798 pts:297.923 dur:41.000ms, clock:297.815 level:0
2024-11-28 16:00:31.977 T:6455 debug : CVideoPlayerVideo::CalcDropRequirement - hurry: 0
2024-11-28 16:00:31.980 T:6455 debug : CAMLCodec::AddData: dl:1054451 fl:14668045 sz:359474(359552) lv:6.7% dts:297.798 pts:297.923
2024-11-28 16:00:31.981 T:6452 debug : CVideoPlayer::ProcessVideoData size:297767 dts:297.839 pts:297.881 dur:41.000ms, clock:297.796 level:0
2024-11-28 16:00:31.981 T:6455 debug : CVideoPlayerVideo::CalcDropRequirement - hurry: 0
2024-11-28 16:00:31.984 T:6455 debug : CAMLCodec::AddData: dl:827941 fl:14894555 sz:297763(297856) lv:5.3% dts:297.839 pts:297.881
2024-11-28 16:00:31.990 T:6452 debug : CVideoPlayer::ProcessVideoData size:496448 dts:297.881 pts:298.006 dur:41.000ms, clock:297.758 level:0
2024-11-28 16:00:31.991 T:6455 debug : CVideoPlayerVideo::CalcDropRequirement - hurry: 0
2024-11-28 16:00:31.995 T:6455 debug : CAMLCodec::AddData: dl:1324360 fl:14398136 sz:496428(496512) lv:8.4% dts:297.881 pts:298.006
2024-11-28 16:00:32.005 T:6452 debug : CVideoPlayer::ProcessVideoData size:427291 dts:297.923 pts:298.340 dur:41.000ms, clock:297.701 level:0
2024-11-28 16:00:32.005 T:6455 debug : CVideoPlayerVideo::CalcDropRequirement - hurry: 0
2024-11-28 16:00:32.009 T:6455 debug : CAMLCodec::AddData: dl:8043124 fl:7679372 sz:427287(427392) lv:51.1% dts:297.923 pts:298.340
2024-11-28 16:00:32.010 T:4489 debug : CAMLCodec::PollFrame elapsed:31.926ms
2024-11-28 16:00:32.014 T:6452 debug : CVideoPlayer::ProcessVideoData size:360152 dts:297.964 pts:298.173 dur:41.000ms, clock:297.664 level:0
2024-11-28 16:00:32.015 T:6455 debug : CVideoPlayerVideo::CalcDropRequirement - hurry: 0
2024-11-28 16:00:32.018 T:6455 debug : CAMLCodec::AddData: dl:8403275 fl:7319221 sz:360148(360256) lv:53.4% dts:297.964 pts:298.173
2024-11-28 16:00:32.019 T:6452 debug : CVideoPlayer::ProcessVideoData size:355457 dts:298.006 pts:298.089 dur:41.000ms, clock:297.643 level:0
2024-11-28 16:00:32.019 T:6455 debug : CVideoPlayerVideo::CalcDropRequirement - hurry: 0
2024-11-28 16:00:32.022 T:6455 debug : CAMLCodec::AddData: dl:8758687 fl:6963809 sz:355453(355520) lv:55.7% dts:298.006 pts:298.089
2024-11-28 16:00:32.026 T:6452 debug : CVideoPlayer::ProcessVideoData size:293585 dts:298.048 pts:298.048 dur:41.000ms, clock:297.616 level:0
2024-11-28 16:00:32.026 T:6455 debug : CVideoPlayerVideo::CalcDropRequirement - hurry: 0
2024-11-28 16:00:32.029 T:6455 debug : CAMLCodec::AddData: dl:9052316 fl:6670180 sz:293581(293696) lv:57.6% dts:298.048 pts:298.048
2024-11-28 16:00:32.031 T:6452 debug : CVideoPlayer::ProcessVideoData size:332200 dts:298.089 pts:298.131 dur:41.000ms, clock:297.596 level:0
2024-11-28 16:00:32.031 T:6455 debug : CVideoPlayerVideo::CalcDropRequirement - hurry: 0
2024-11-28 16:00:32.035 T:6455 debug : CAMLCodec::AddData: dl:9384489 fl:6338007 sz:332196(332288) lv:59.7% dts:298.089 pts:298.131
2024-11-28 16:00:32.038 T:6452 debug : CVideoPlayer::ProcessVideoData size:390940 dts:298.131 pts:298.256 dur:41.000ms, clock:297.568 level:0
2024-11-28 16:00:32.038 T:6455 debug : CVideoPlayerVideo::CalcDropRequirement - hurry: 0
2024-11-28 16:00:32.042 T:6455 debug : CAMLCodec::AddData: dl:9775437 fl:5947059 sz:390936(391040) lv:62.2% dts:298.131 pts:298.256
2024-11-28 16:00:32.043 T:6452 debug : CVideoPlayer::ProcessVideoData size:299333 dts:298.173 pts:298.215 dur:41.000ms, clock:297.549 level:0
2024-11-28 16:00:32.043 T:6455 debug : CVideoPlayerVideo::CalcDropRequirement - hurry: 0
2024-11-28 16:00:32.046 T:6455 debug : CAMLCodec::AddData: dl:10074789 fl:5647707 sz:299329(299456) lv:64.1% dts:298.173 pts:298.215
2024-11-28 16:00:32.050 T:6452 debug : CVideoPlayer::ProcessVideoData size:304116 dts:298.215 pts:298.298 dur:41.000ms, clock:297.522 level:0
2024-11-28 16:00:32.050 T:6455 debug : CVideoPlayerVideo::CalcDropRequirement - hurry: 0
2024-11-28 16:00:32.052 T:4489 debug : CAMLCodec::PollFrame elapsed:29.650ms
2024-11-28 16:00:32.053 T:6455 debug : CAMLCodec::AddData: dl:10378854 fl:5343642 sz:304112(304192) lv:66.0% dts:298.215 pts:298.298
2024-11-28 16:00:32.065 T:6452 debug : CVideoPlayer::ProcessVideoData size:437709 dts:298.256 pts:298.673 dur:41.000ms, clock:297.462 level:0
2024-11-28 16:00:32.065 T:6455 debug : CVideoPlayerVideo::CalcDropRequirement - hurry: 0
2024-11-28 16:00:32.068 T:6452 debug : CVideoPlayer::ProcessVideoData size:373090 dts:298.298 pts:298.507 dur:41.000ms, clock:297.450 level:0
2024-11-28 16:00:32.069 T:6455 debug : CAMLCodec::AddData: dl:10816598 fl:4905898 sz:437705(437824) lv:68.8% dts:298.256 pts:298.673
2024-11-28 16:00:32.069 T:6455 debug : CVideoPlayerVideo::CalcDropRequirement - hurry: 0
2024-11-28 16:00:32.072 T:6455 debug : CAMLCodec::AddData: dl:11189663 fl:4532833 sz:373086(373184) lv:71.1% dts:298.298 pts:298.507
2024-11-28 16:00:32.079 T:6452 debug : CVideoPlayer::ProcessVideoData size:398045 dts:298.340 pts:298.423 dur:41.000ms, clock:297.406 level:0
2024-11-28 16:00:32.079 T:6455 debug : CVideoPlayerVideo::CalcDropRequirement - hurry: 0
2024-11-28 16:00:32.082 T:6455 debug : CAMLCodec::AddData: dl:11587709 fl:4134787 sz:398041(398144) lv:73.7% dts:298.340 pts:298.423
2024-11-28 16:00:32.083 T:6452 debug : CVideoPlayer::ProcessVideoData size:305296 dts:298.381 pts:298.381 dur:41.000ms, clock:297.387 level:0
2024-11-28 16:00:32.083 T:6455 debug : CVideoPlayerVideo::CalcDropRequirement - hurry: 0
2024-11-28 16:00:32.086 T:6455 debug : CAMLCodec::AddData: dl:11893014 fl:3829482 sz:305292(305408) lv:75.6% dts:298.381 pts:298.381
2024-11-28 16:00:32.088 T:6452 debug : CVideoPlayer::ProcessVideoData size:306540 dts:298.423 pts:298.465 dur:41.000ms, clock:297.368 level:0
2024-11-28 16:00:32.088 T:6455 debug : CVideoPlayerVideo::CalcDropRequirement - hurry: 0
2024-11-28 16:00:32.092 T:6455 debug : CAMLCodec::AddData: dl:12199522 fl:3522974 sz:306536(306624) lv:77.6% dts:298.423 pts:298.465
2024-11-28 16:00:32.094 T:4489 debug : CAMLCodec::PollFrame elapsed:31.110ms
2024-11-28 16:00:32.096 T:6452 debug : CVideoPlayer::ProcessVideoData size:377551 dts:298.465 pts:298.590 dur:41.000ms, clock:297.334 level:0
2024-11-28 16:00:32.097 T:6455 debug : CVideoPlayerVideo::CalcDropRequirement - hurry: 0
2024-11-28 16:00:32.100 T:6455 debug : CAMLCodec::AddData: dl:12577098 fl:3145398 sz:377547(377664) lv:80.0% dts:298.465 pts:298.590
2024-11-28 16:00:32.102 T:6452 debug : CVideoPlayer::ProcessVideoData size:327012 dts:298.507 pts:298.548 dur:41.000ms, clock:297.311 level:0
2024-11-28 16:00:32.103 T:6455 debug : CVideoPlayerVideo::CalcDropRequirement - hurry: 0
2024-11-28 16:00:32.106 T:6455 debug : CAMLCodec::AddData: dl:12904085 fl:2818411 sz:327008(327104) lv:82.0% dts:298.507 pts:298.548
2024-11-28 16:00:32.107 T:6452 debug : CVideoPlayer::ProcessVideoData size:295297 dts:298.548 pts:298.632 dur:41.000ms, clock:297.292 level:0
2024-11-28 16:00:32.107 T:6455 debug : CVideoPlayerVideo::CalcDropRequirement - hurry: 0
2024-11-28 16:00:32.111 T:6455 debug : CAMLCodec::AddData: dl:13199349 fl:2523147 sz:295293(295360) lv:83.9% dts:298.548 pts:298.632
2024-11-28 16:00:32.119 T:6452 debug : CVideoPlayer::ProcessVideoData size:433594 dts:298.590 pts:298.965 dur:41.000ms, clock:297.246 level:0
2024-11-28 16:00:32.119 T:6455 debug : CVideoPlayerVideo::CalcDropRequirement - hurry: 0
2024-11-28 16:00:32.123 T:6455 debug : CAMLCodec::AddData: dl:13632946 fl:2089550 sz:433590(433664) lv:86.7% dts:298.590 pts:298.965
2024-11-28 16:00:32.125 T:6452 debug : CVideoPlayer::ProcessVideoData size:391218 dts:298.632 pts:298.840 dur:41.000ms, clock:297.219 level:0
2024-11-28 16:00:32.125 T:6455 debug : CVideoPlayerVideo::CalcDropRequirement - hurry: 0
2024-11-28 16:00:32.128 T:6455 debug : CAMLCodec::AddData: dl:14024168 fl:1698328 sz:391214(391296) lv:89.2% dts:298.632 pts:298.840
2024-11-28 16:00:32.132 T:6452 debug : CVideoPlayer::ProcessVideoData size:367212 dts:298.673 pts:298.757 dur:41.000ms, clock:297.192 level:0
2024-11-28 16:00:32.132 T:6455 debug : CVideoPlayerVideo::CalcDropRequirement - hurry: 0
2024-11-28 16:00:32.135 T:6455 debug : CAMLCodec::AddData: dl:14391382 fl:1331114 sz:367208(367296) lv:91.5% dts:298.673 pts:298.757
2024-11-28 16:00:32.136 T:4489 debug : CAMLCodec::PollFrame elapsed:31.149ms
2024-11-28 16:00:32.136 T:6455 debug : CAMLCodec::DequeueBuffer: pts:297.088 idx:8742
2024-11-28 16:00:32.136 T:6455 debug : CAMLCodec::GetPicture: index: 8742, pts: 297.088, dur:41.708ms ar:1.78 elf:845ms
2024-11-28 16:00:32.140 T:6452 debug : CVideoPlayer::ProcessVideoData size:347545 dts:298.715 pts:298.715 dur:41.000ms, clock:297.160 level:0
2024-11-28 16:00:32.140 T:6455 debug : CVideoPlayerVideo::CalcDropRequirement - hurry: 0
2024-11-28 16:00:32.143 T:6455 debug : CAMLCodec::AddData: dl:14738942 fl:983554 sz:347541(347648) lv:93.7% dts:298.715 pts:298.715
2024-11-28 16:00:32.145 T:6452 debug : CVideoPlayer::ProcessVideoData size:297249 dts:298.757 pts:298.799 dur:41.000ms, clock:297.142 level:0
2024-11-28 16:00:32.145 T:6455 debug : CVideoPlayerVideo::CalcDropRequirement - hurry: 0
2024-11-28 16:00:32.147 T:6455 debug : CAMLCodec::AddData: dl:15036179 fl:686317 sz:297245(297344) lv:95.6% dts:298.757 pts:298.799
2024-11-28 16:00:32.152 T:6452 debug : CVideoPlayer::ProcessVideoData size:380840 dts:298.799 pts:298.924 dur:41.000ms, clock:297.113 level:0
2024-11-28 16:00:32.152 T:6455 debug : CVideoPlayerVideo::CalcDropRequirement - hurry: 0
2024-11-28 16:00:32.155 T:6455 debug : CAMLCodec::AddData: dl:15417008 fl:305488 sz:380836(380928) lv:98.0% dts:298.799 pts:298.924
2024-11-28 16:00:32.159 T:6452 debug : CVideoPlayer::ProcessVideoData size:331716 dts:298.840 pts:298.882 dur:41.000ms, clock:297.084 level:0
2024-11-28 16:00:32.159 T:6455 debug : CVideoPlayerVideo::CalcDropRequirement - hurry: 0
2024-11-28 16:00:32.160 T:6455 debug : CAMLCodec::AddData: skip add data dl:15416916 fl:305580 sz:331712(331776) lv:100.1% dts:298.840 pts:298.882
2024-11-28 16:00:32.162 T:6455 debug : CVideoPlayerVideo::CalcDropRequirement - hurry: 0
2024-11-28 16:00:32.162 T:6455 debug : CAMLCodec::AddData: skip add data dl:15416916 fl:305580 sz:331712(331776) lv:100.1% dts:298.840 pts:298.882
2024-11-28 16:00:32.164 T:6455 debug : CVideoPlayerVideo::CalcDropRequirement - hurry: 0
2024-11-28 16:00:32.165 T:6455 debug : CAMLCodec::AddData: skip add data dl:15416916 fl:305580 sz:331712(331776) lv:100.1% dts:298.840 pts:298.882
2024-11-28 16:00:32.166 T:6455 debug : CVideoPlayerVideo::CalcDropRequirement - hurry: 0
2024-11-28 16:00:32.166 T:6455 debug : CAMLCodec::AddData: skip add data dl:15416916 fl:305580 sz:331712(331776) lv:100.1% dts:298.840 pts:298.882
2024-11-28 16:00:32.168 T:6455 debug : CVideoPlayerVideo::CalcDropRequirement - hurry: 0
2024-11-28 16:00:32.168 T:6455 debug : CAMLCodec::AddData: skip add data dl:15416916 fl:305580 sz:331712(331776) lv:100.1% dts:298.840 pts:298.882
2024-11-28 16:00:32.169 T:6452 debug : CVideoPlayer::ProcessVideoData size:490997 dts:298.882 pts:299.007 dur:41.000ms, clock:297.045 level:0
2024-11-28 16:00:32.170 T:6455 debug : CVideoPlayerVideo::CalcDropRequirement - hurry: 0
2024-11-28 16:00:32.170 T:6455 debug : CAMLCodec::AddData: skip add data dl:15416916 fl:305580 sz:331712(331776) lv:100.1% dts:298.840 pts:298.882
2024-11-28 16:00:32.172 T:6455 debug : CVideoPlayerVideo::CalcDropRequirement - hurry: 0
2024-11-28 16:00:32.172 T:6455 debug : CAMLCodec::AddData: skip add data dl:15416916 fl:305580 sz:331712(331776) lv:100.1% dts:298.840 pts:298.882
2024-11-28 16:00:32.173 T:6455 debug : CVideoPlayerVideo::CalcDropRequirement - hurry: 0
2024-11-28 16:00:32.174 T:6455 debug : CAMLCodec::AddData: skip add data dl:15416916 fl:305580 sz:331712(331776) lv:100.1% dts:298.840 pts:298.882
2024-11-28 16:00:32.175 T:6455 debug : CVideoPlayerVideo::CalcDropRequirement - hurry: 0
2024-11-28 16:00:32.176 T:6455 debug : CAMLCodec::AddData: skip add data dl:15416916 fl:305580 sz:331712(331776) lv:100.1% dts:298.840 pts:298.882
2024-11-28 16:00:32.177 T:6455 debug : CVideoPlayerVideo::CalcDropRequirement - hurry: 0
2024-11-28 16:00:32.177 T:6455 debug : CAMLCodec::AddData: skip add data dl:15416916 fl:305580 sz:331712(331776) lv:100.1% dts:298.840 pts:298.882
2024-11-28 16:00:32.177 T:4489 debug : CAMLCodec::PollFrame elapsed:30.048ms
2024-11-28 16:00:32.179 T:6455 debug : CVideoPlayerVideo::CalcDropRequirement - hurry: 0
2024-11-28 16:00:32.179 T:6455 debug : CAMLCodec::AddData: skip add data dl:15416916 fl:305580 sz:331712(331776) lv:100.1% dts:298.840 pts:298.882
2024-11-28 16:00:32.180 T:6455 debug : CVideoPlayerVideo::CalcDropRequirement - hurry: 0
2024-11-28 16:00:32.181 T:6455 debug : CAMLCodec::AddData: skip add data dl:15416916 fl:305580 sz:331712(331776) lv:100.1% dts:298.840 pts:298.882
2024-11-28 16:00:32.182 T:6455 debug : CVideoPlayerVideo::CalcDropRequirement - hurry: 0
2024-11-28 16:00:32.183 T:6455 debug : CAMLCodec::AddData: skip add data dl:15416916 fl:305580 sz:331712(331776) lv:100.1% dts:298.840 pts:298.882
2024-11-28 16:00:32.185 T:6455 debug : CVideoPlayerVideo::CalcDropRequirement - hurry: 0
2024-11-28 16:00:32.185 T:6455 debug : CAMLCodec::AddData: skip add data dl:15416916 fl:305580 sz:331712(331776) lv:100.1% dts:298.840 pts:298.882
2024-11-28 16:00:32.186 T:6452 debug : CVideoPlayer::ProcessVideoData size:450685 dts:298.924 pts:299.341 dur:41.000ms, clock:296.978 level:1
2024-11-28 16:00:32.187 T:6455 debug : CVideoPlayerVideo::CalcDropRequirement - hurry: 0
2024-11-28 16:00:32.188 T:6455 debug : CAMLCodec::AddData: skip add data dl:15416916 fl:305580 sz:331712(331776) lv:100.1% dts:298.840 pts:298.882
2024-11-28 16:00:32.188 T:6452 debug : CVideoPlayer::ProcessVideoData size:378486 dts:298.965 pts:299.174 dur:41.000ms, clock:296.969 level:1
2024-11-28 16:00:32.189 T:6455 debug : CVideoPlayerVideo::CalcDropRequirement - hurry: 0
2024-11-28 16:00:32.189 T:6455 debug : CAMLCodec::AddData: skip add data dl:15416916 fl:305580 sz:331712(331776) lv:100.1% dts:298.840 pts:298.882
2024-11-28 16:00:32.191 T:6455 debug : CVideoPlayerVideo::CalcDropRequirement - hurry: 0
2024-11-28 16:00:32.191 T:6455 debug : CAMLCodec::AddData: skip add data dl:15416916 fl:305580 sz:331712(331776) lv:100.1% dts:298.840 pts:298.882
2024-11-28 16:00:32.192 T:6455 debug : CVideoPlayerVideo::CalcDropRequirement - hurry: 0
2024-11-28 16:00:32.193 T:6455 debug : CAMLCodec::AddData: skip add data dl:15416916 fl:305580 sz:331712(331776) lv:100.1% dts:298.840 pts:298.882
2024-11-28 16:00:32.193 T:6452 debug : CVideoPlayer::ProcessVideoData size:352696 dts:299.007 pts:299.090 dur:41.000ms, clock:296.947 level:2
2024-11-28 16:00:32.195 T:6455 debug : CVideoPlayerVideo::CalcDropRequirement - hurry: 0
2024-11-28 16:00:32.195 T:6455 debug : CAMLCodec::AddData: skip add data dl:15416916 fl:305580 sz:331712(331776) lv:100.1% dts:298.840 pts:298.882
2024-11-28 16:00:32.196 T:6455 debug : CVideoPlayerVideo::CalcDropRequirement - hurry: 0
2024-11-28 16:00:32.197 T:6455 debug : CAMLCodec::AddData: skip add data dl:15416916 fl:305580 sz:331712(331776) lv:100.1% dts:298.840 pts:298.882
2024-11-28 16:00:32.199 T:6455 debug : CVideoPlayerVideo::CalcDropRequirement - hurry: 0
2024-11-28 16:00:32.199 T:6455 debug : CAMLCodec::AddData: skip add data dl:15416916 fl:305580 sz:331712(331776) lv:100.1% dts:298.840 pts:298.882
2024-11-28 16:00:32.201 T:6455 debug : CVideoPlayerVideo::CalcDropRequirement - hurry: 0
2024-11-28 16:00:32.201 T:6452 debug : CVideoPlayer::ProcessVideoData size:321862 dts:299.049 pts:299.049 dur:41.000ms, clock:296.917 level:2
2024-11-28 16:00:32.201 T:6455 debug : CAMLCodec::AddData: skip add data dl:15416916 fl:305580 sz:331712(331776) lv:100.1% dts:298.840 pts:298.882
2024-11-28 16:00:32.202 T:6455 debug : CVideoPlayerVideo::CalcDropRequirement - hurry: 0
2024-11-28 16:00:32.203 T:6455 debug : CAMLCodec::AddData: skip add data dl:15416916 fl:305580 sz:331712(331776) lv:100.1% dts:298.840 pts:298.882
2024-11-28 16:00:32.204 T:6455 debug : CVideoPlayerVideo::CalcDropRequirement - hurry: 0
2024-11-28 16:00:32.204 T:6455 debug : CAMLCodec::AddData: skip add data dl:15416916 fl:305580 sz:331712(331776) lv:100.1% dts:298.840 pts:298.882
2024-11-28 16:00:32.206 T:6455 debug : CVideoPlayerVideo::CalcDropRequirement - hurry: 0
2024-11-28 16:00:32.206 T:6452 debug : CVideoPlayer::ProcessVideoData size:288499 dts:299.090 pts:299.132 dur:41.000ms, clock:296.896 level:3
2024-11-28 16:00:32.206 T:6455 debug : CAMLCodec::AddData: skip add data dl:15416916 fl:305580 sz:331712(331776) lv:100.1% dts:298.840 pts:298.882
2024-11-28 16:00:32.208 T:6455 debug : CVideoPlayerVideo::CalcDropRequirement - hurry: 0
2024-11-28 16:00:32.208 T:6455 debug : CAMLCodec::AddData: skip add data dl:15416916 fl:305580 sz:331712(331776) lv:100.1% dts:298.840 pts:298.882
2024-11-28 16:00:32.209 T:6455 debug : CVideoPlayerVideo::CalcDropRequirement - hurry: 0
2024-11-28 16:00:32.210 T:6455 debug : CAMLCodec::AddData: skip add data dl:15416916 fl:305580 sz:331712(331776) lv:100.1% dts:298.840 pts:298.882
2024-11-28 16:00:32.211 T:6455 debug : CVideoPlayerVideo::CalcDropRequirement - hurry: 0
2024-11-28 16:00:32.211 T:6452 debug : CVideoPlayer::ProcessVideoData size:357932 dts:299.132 pts:299.257 dur:41.000ms, clock:296.875 level:3
2024-11-28 16:00:32.211 T:6455 debug : CAMLCodec::AddData: skip add data dl:15416916 fl:305580 sz:331712(331776) lv:100.1% dts:298.840 pts:298.882
2024-11-28 16:00:32.213 T:6455 debug : CVideoPlayerVideo::CalcDropRequirement - hurry: 0
2024-11-28 16:00:32.213 T:6455 debug : CAMLCodec::AddData: skip add data dl:15416916 fl:305580 sz:331712(331776) lv:100.1% dts:298.840 pts:298.882
2024-11-28 16:00:32.215 T:6455 debug : CVideoPlayerVideo::CalcDropRequirement - hurry: 0
2024-11-28 16:00:32.215 T:6455 debug : CAMLCodec::AddData: skip add data dl:15416916 fl:305580 sz:331712(331776) lv:100.1% dts:298.840 pts:298.882
2024-11-28 16:00:32.216 T:6455 debug : CVideoPlayerVideo::CalcDropRequirement - hurry: 0
2024-11-28 16:00:32.217 T:6455 debug : CAMLCodec::AddData: skip add data dl:15416916 fl:305580 sz:331712(331776) lv:100.1% dts:298.840 pts:298.882
2024-11-28 16:00:32.218 T:6452 debug : CVideoPlayer::ProcessVideoData size:295765 dts:299.174 pts:299.216 dur:41.000ms, clock:296.848 level:4
2024-11-28 16:00:32.218 T:6455 debug : CVideoPlayerVideo::CalcDropRequirement - hurry: 0
2024-11-28 16:00:32.218 T:6455 debug : CAMLCodec::AddData: skip add data dl:15416916 fl:305580 sz:331712(331776) lv:100.1% dts:298.840 pts:298.882
2024-11-28 16:00:32.219 T:4489 debug : CAMLCodec::PollFrame elapsed:30.758ms
2024-11-28 16:00:32.220 T:6455 debug : CVideoPlayerVideo::CalcDropRequirement - hurry: 0
2024-11-28 16:00:32.220 T:6455 debug : CAMLCodec::AddData: skip add data dl:15416916 fl:305580 sz:331712(331776) lv:100.1% dts:298.840 pts:298.882
2024-11-28 16:00:32.222 T:6455 debug : CVideoPlayerVideo::CalcDropRequirement - hurry: 0
2024-11-28 16:00:32.222 T:6455 debug : CAMLCodec::AddData: skip add data dl:15416916 fl:305580 sz:331712(331776) lv:100.1% dts:298.840 pts:298.882
2024-11-28 16:00:32.223 T:6452 debug : CVideoPlayer::ProcessVideoData size:334807 dts:299.216 pts:299.299 dur:41.000ms, clock:296.827 level:5
2024-11-28 16:00:32.223 T:6455 debug : CVideoPlayerVideo::CalcDropRequirement - hurry: 0
2024-11-28 16:00:32.224 T:6455 debug : CAMLCodec::AddData: skip add data dl:15416916 fl:305580 sz:331712(331776) lv:100.1% dts:298.840 pts:298.882
2024-11-28 16:00:32.225 T:6455 debug : CVideoPlayerVideo::CalcDropRequirement - hurry: 0
2024-11-28 16:00:32.226 T:6455 debug : CAMLCodec::AddData: skip add data dl:15416916 fl:305580 sz:331712(331776) lv:100.1% dts:298.840 pts:298.882
2024-11-28 16:00:32.227 T:6455 debug : CVideoPlayerVideo::CalcDropRequirement - hurry: 0
2024-11-28 16:00:32.228 T:6455 debug : CAMLCodec::AddData: skip add data dl:15416916 fl:305580 sz:331712(331776) lv:100.1% dts:298.840 pts:298.882
2024-11-28 16:00:32.229 T:6455 debug : CVideoPlayerVideo::CalcDropRequirement - hurry: 0
2024-11-28 16:00:32.229 T:6455 debug : CAMLCodec::AddData: skip add data dl:15416916 fl:305580 sz:331712(331776) lv:100.1% dts:298.840 pts:298.882
2024-11-28 16:00:32.231 T:6455 debug : CVideoPlayerVideo::CalcDropRequirement - hurry: 0
2024-11-28 16:00:32.232 T:6455 debug : CAMLCodec::AddData: skip add data dl:15416916 fl:305580 sz:331712(331776) lv:100.1% dts:298.840 pts:298.882
2024-11-28 16:00:32.234 T:6455 debug : CVideoPlayerVideo::CalcDropRequirement - hurry: 0
2024-11-28 16:00:32.234 T:6455 debug : CAMLCodec::AddData: skip add data dl:15416916 fl:305580 sz:331712(331776) lv:100.1% dts:298.840 pts:298.882
2024-11-28 16:00:32.236 T:6455 debug : CVideoPlayerVideo::CalcDropRequirement - hurry: 0
2024-11-28 16:00:32.237 T:6455 debug : CAMLCodec::AddData: skip add data dl:15416916 fl:305580 sz:331712(331776) lv:100.1% dts:298.840 pts:298.882
2024-11-28 16:00:32.237 T:6452 debug : CVideoPlayer::ProcessVideoData size:446287 dts:299.257 pts:299.674 dur:41.000ms, clock:296.771 level:5
2024-11-28 16:00:32.239 T:6455 debug : CVideoPlayerVideo::CalcDropRequirement - hurry: 0
2024-11-28 16:00:32.239 T:6455 debug : CAMLCodec::AddData: skip add data dl:15416916 fl:305580 sz:331712(331776) lv:100.1% dts:298.840 pts:298.882
2024-11-28 16:00:32.240 T:6455 debug : CVideoPlayerVideo::CalcDropRequirement - hurry: 0
2024-11-28 16:00:32.241 T:6455 debug : CAMLCodec::AddData: skip add data dl:15416916 fl:305580 sz:331712(331776) lv:100.1% dts:298.840 pts:298.882
2024-11-28 16:00:32.242 T:6455 debug : CVideoPlayerVideo::CalcDropRequirement - hurry: 0
2024-11-28 16:00:32.242 T:6455 debug : CAMLCodec::AddData: skip add data dl:15416916 fl:305580 sz:331712(331776) lv:100.1% dts:298.840 pts:298.882
2024-11-28 16:00:32.243 T:6452 debug : CVideoPlayer::ProcessVideoData size:370364 dts:299.299 pts:299.508 dur:41.000ms, clock:296.747 level:6
2024-11-28 16:00:32.245 T:6455 debug : CVideoPlayerVideo::CalcDropRequirement - hurry: 0
2024-11-28 16:00:32.245 T:6455 debug : CAMLCodec::AddData: skip add data dl:15416916 fl:305580 sz:331712(331776) lv:100.1% dts:298.840 pts:298.882
2024-11-28 16:00:32.246 T:6455 debug : CVideoPlayerVideo::CalcDropRequirement - hurry: 0
2024-11-28 16:00:32.247 T:6455 debug : CAMLCodec::AddData: skip add data dl:15416916 fl:305580 sz:331712(331776) lv:100.1% dts:298.840 pts:298.882
2024-11-28 16:00:32.248 T:6455 debug : CVideoPlayerVideo::CalcDropRequirement - hurry: 0
2024-11-28 16:00:32.249 T:6455 debug : CAMLCodec::AddData: skip add data dl:15416916 fl:305580 sz:331712(331776) lv:100.1% dts:298.840 pts:298.882
2024-11-28 16:00:32.251 T:6452 debug : CVideoPlayer::ProcessVideoData size:360940 dts:299.341 pts:299.424 dur:41.000ms, clock:296.718 level:6
2024-11-28 16:00:32.251 T:6455 debug : CVideoPlayerVideo::CalcDropRequirement - hurry: 0
2024-11-28 16:00:32.251 T:6455 debug : CAMLCodec::AddData: skip add data dl:15416916 fl:305580 sz:331712(331776) lv:100.1% dts:298.840 pts:298.882
2024-11-28 16:00:32.252 T:6455 debug : CVideoPlayerVideo::CalcDropRequirement - hurry: 0
2024-11-28 16:00:32.253 T:6455 debug : CAMLCodec::AddData: skip add data dl:15416916 fl:305580 sz:331712(331776) lv:100.1% dts:298.840 pts:298.882
2024-11-28 16:00:32.254 T:6455 debug : CVideoPlayerVideo::CalcDropRequirement - hurry: 0
2024-11-28 16:00:32.254 T:6455 debug : CAMLCodec::AddData: skip add data dl:15416916 fl:305580 sz:331712(331776) lv:100.1% dts:298.840 pts:298.882
2024-11-28 16:00:32.255 T:6452 debug : CVideoPlayer::ProcessVideoData size:307839 dts:299.382 pts:299.382 dur:41.000ms, clock:296.700 level:7
2024-11-28 16:00:32.256 T:6455 debug : CVideoPlayerVideo::CalcDropRequirement - hurry: 0
2024-11-28 16:00:32.257 T:6455 debug : CAMLCodec::AddData: skip add data dl:15416916 fl:305580 sz:331712(331776) lv:100.1% dts:298.840 pts:298.882
2024-11-28 16:00:32.258 T:6455 debug : CVideoPlayerVideo::CalcDropRequirement - hurry: 0
2024-11-28 16:00:32.259 T:6455 debug : CAMLCodec::AddData: skip add data dl:15416916 fl:305580 sz:331712(331776) lv:100.1% dts:298.840 pts:298.882
2024-11-28 16:00:32.260 T:6455 debug : CVideoPlayerVideo::CalcDropRequirement - hurry: 0
2024-11-28 16:00:32.261 T:4489 debug : CAMLCodec::PollFrame elapsed:29.711ms
2024-11-28 16:00:32.261 T:6455 debug : CAMLCodec::AddData: skip add data dl:15416916 fl:305580 sz:331712(331776) lv:100.1% dts:298.840 pts:298.882
2024-11-28 16:00:32.262 T:6455 debug : CVideoPlayerVideo::CalcDropRequirement - hurry: 0
2024-11-28 16:00:32.263 T:6452 debug : CVideoPlayer::ProcessVideoData size:314137 dts:299.424 pts:299.466 dur:41.000ms, clock:296.670 level:7
2024-11-28 16:00:32.263 T:6455 debug : CAMLCodec::AddData: skip add data dl:15416916 fl:305580 sz:331712(331776) lv:100.1% dts:298.840 pts:298.882
2024-11-28 16:00:32.264 T:6455 debug : CVideoPlayerVideo::CalcDropRequirement - hurry: 0
2024-11-28 16:00:32.265 T:6455 debug : CAMLCodec::AddData: skip add data dl:15416916 fl:305580 sz:331712(331776) lv:100.1% dts:298.840 pts:298.882
2024-11-28 16:00:32.266 T:6455 debug : CVideoPlayerVideo::CalcDropRequirement - hurry: 0
2024-11-28 16:00:32.267 T:6455 debug : CAMLCodec::AddData: skip add data dl:15416916 fl:305580 sz:331712(331776) lv:100.1% dts:298.840 pts:298.882
2024-11-28 16:00:32.268 T:6455 debug : CVideoPlayerVideo::CalcDropRequirement - hurry: 0
2024-11-28 16:00:32.268 T:6455 debug : CAMLCodec::AddData: skip add data dl:15416916 fl:305580 sz:331712(331776) lv:100.1% dts:298.840 pts:298.882
2024-11-28 16:00:32.270 T:6455 debug : CVideoPlayerVideo::CalcDropRequirement - hurry: 0
2024-11-28 16:00:32.270 T:6455 debug : CAMLCodec::AddData: skip add data dl:15416916 fl:305580 sz:331712(331776) lv:100.1% dts:298.840 pts:298.882
2024-11-28 16:00:32.271 T:6452 debug : CVideoPlayer::ProcessVideoData size:394571 dts:299.466 pts:299.591 dur:41.000ms, clock:296.637 level:8
2024-11-28 16:00:32.272 T:6455 debug : CVideoPlayerVideo::CalcDropRequirement - hurry: 0
2024-11-28 16:00:32.272 T:6455 debug : CAMLCodec::AddData: skip add data dl:15416916 fl:305580 sz:331712(331776) lv:100.1% dts:298.840 pts:298.882
2024-11-28 16:00:32.274 T:6455 debug : CVideoPlayerVideo::CalcDropRequirement - hurry: 0
2024-11-28 16:00:32.274 T:6455 debug : CAMLCodec::AddData: skip add data dl:15416916 fl:305580 sz:331712(331776) lv:100.1% dts:298.840 pts:298.882
2024-11-28 16:00:32.275 T:6455 debug : CVideoPlayerVideo::CalcDropRequirement - hurry: 0
2024-11-28 16:00:32.275 T:6452 debug : CVideoPlayer::ProcessVideoData size:331247 dts:299.508 pts:299.549 dur:41.000ms, clock:296.618 level:8
2024-11-28 16:00:32.276 T:6455 debug : CAMLCodec::AddData: skip add data dl:15416916 fl:305580 sz:331712(331776) lv:100.1% dts:298.840 pts:298.882
2024-11-28 16:00:32.278 T:6455 debug : CVideoPlayerVideo::CalcDropRequirement - hurry: 0
2024-11-28 16:00:32.279 T:6455 debug : CAMLCodec::AddData: skip add data dl:15416916 fl:305580 sz:331712(331776) lv:100.1% dts:298.840 pts:298.882
2024-11-28 16:00:32.280 T:6452 debug : CVideoPlayer::ProcessVideoData size:298565 dts:299.549 pts:299.633 dur:41.000ms, clock:296.601 level:9
2024-11-28 16:00:32.281 T:6455 debug : CVideoPlayerVideo::CalcDropRequirement - hurry: 0
2024-11-28 16:00:32.281 T:6455 debug : CAMLCodec::AddData: skip add data dl:15416916 fl:305580 sz:331712(331776) lv:100.1% dts:298.840 pts:298.882
2024-11-28 16:00:32.283 T:6455 debug : CVideoPlayerVideo::CalcDropRequirement - hurry: 0
2024-11-28 16:00:32.283 T:6455 debug : CAMLCodec::AddData: skip add data dl:15416916 fl:305580 sz:331712(331776) lv:100.1% dts:298.840 pts:298.882
2024-11-28 16:00:32.284 T:6455 debug : CVideoPlayerVideo::CalcDropRequirement - hurry: 0
2024-11-28 16:00:32.285 T:6455 debug : CAMLCodec::AddData: skip add data dl:15416916 fl:305580 sz:331712(331776) lv:100.1% dts:298.840 pts:298.882
2024-11-28 16:00:32.286 T:6455 debug : CVideoPlayerVideo::CalcDropRequirement - hurry: 0
2024-11-28 16:00:32.286 T:6455 debug : CAMLCodec::AddData: skip add data dl:15416916 fl:305580 sz:331712(331776) lv:100.1% dts:298.840 pts:298.882
2024-11-28 16:00:32.288 T:6455 debug : CVideoPlayerVideo::CalcDropRequirement - hurry: 0
2024-11-28 16:00:32.288 T:6455 debug : CAMLCodec::AddData: skip add data dl:15416916 fl:305580 sz:331712(331776) lv:100.1% dts:298.840 pts:298.882
2024-11-28 16:00:32.289 T:6455 debug : CVideoPlayerVideo::CalcDropRequirement - hurry: 0
2024-11-28 16:00:32.290 T:6455 debug : CAMLCodec::AddData: skip add data dl:15416916 fl:305580 sz:331712(331776) lv:100.1% dts:298.840 pts:298.882
2024-11-28 16:00:32.291 T:6455 debug : CVideoPlayerVideo::CalcDropRequirement - hurry: 0
2024-11-28 16:00:32.291 T:6455 debug : CAMLCodec::AddData: skip add data dl:15416916 fl:305580 sz:331712(331776) lv:100.1% dts:298.840 pts:298.882
2024-11-28 16:00:32.293 T:6455 debug : CVideoPlayerVideo::CalcDropRequirement - hurry: 0
2024-11-28 16:00:32.294 T:6455 debug : CAMLCodec::AddData: skip add data dl:15416916 fl:305580 sz:331712(331776) lv:100.1% dts:298.840 pts:298.882
2024-11-28 16:00:32.295 T:6455 debug : CVideoPlayerVideo::CalcDropRequirement - hurry: 0
2024-11-28 16:00:32.295 T:6455 debug : CAMLCodec::AddData: skip add data dl:15416916 fl:305580 sz:331712(331776) lv:100.1% dts:298.840 pts:298.882
2024-11-28 16:00:32.296 T:6452 debug : CVideoPlayer::ProcessVideoData size:467884 dts:299.591 pts:299.966 dur:41.000ms, clock:296.538 level:9
2024-11-28 16:00:32.297 T:6455 debug : CVideoPlayerVideo::CalcDropRequirement - hurry: 0
2024-11-28 16:00:32.298 T:6455 debug : CAMLCodec::AddData: skip add data dl:15416916 fl:305580 sz:331712(331776) lv:100.1% dts:298.840 pts:298.882
2024-11-28 16:00:32.299 T:6452 debug : CVideoPlayer::ProcessVideoData size:373957 dts:299.633 pts:299.841 dur:41.000ms, clock:296.526 level:10
2024-11-28 16:00:32.300 T:6455 debug : CVideoPlayerVideo::CalcDropRequirement - hurry: 0
2024-11-28 16:00:32.300 T:6455 debug : CAMLCodec::AddData: skip add data dl:15416916 fl:305580 sz:331712(331776) lv:100.1% dts:298.840 pts:298.882
2024-11-28 16:00:32.302 T:6455 debug : CVideoPlayerVideo::CalcDropRequirement - hurry: 0
2024-11-28 16:00:32.302 T:6455 debug : CAMLCodec::AddData: skip add data dl:15416916 fl:305580 sz:331712(331776) lv:100.1% dts:298.840 pts:298.882
2024-11-28 16:00:32.302 T:4489 debug : CAMLCodec::PollFrame elapsed:31.569ms
2024-11-28 16:00:32.303 T:6455 debug : CVideoPlayerVideo::CalcDropRequirement - hurry: 0
2024-11-28 16:00:32.304 T:6455 debug : CAMLCodec::AddData: skip add data dl:15416916 fl:305580 sz:331712(331776) lv:100.1% dts:298.840 pts:298.882
2024-11-28 16:00:32.306 T:6452 debug : CVideoPlayer::ProcessVideoData size:357182 dts:299.674 pts:299.758 dur:41.000ms, clock:296.497 level:10
2024-11-28 16:00:32.306 T:6455 debug : CVideoPlayerVideo::CalcDropRequirement - hurry: 0
2024-11-28 16:00:32.307 T:6455 debug : CAMLCodec::AddData: skip add data dl:15416916 fl:305580 sz:331712(331776) lv:100.1% dts:298.840 pts:298.882
2024-11-28 16:00:32.309 T:6455 debug : CVideoPlayerVideo::CalcDropRequirement - hurry: 0
2024-11-28 16:00:32.309 T:6455 debug : CAMLCodec::AddData: skip add data dl:15416916 fl:305580 sz:331712(331776) lv:100.1% dts:298.840 pts:298.882
2024-11-28 16:00:32.310 T:6452 debug : CVideoPlayer::ProcessVideoData size:320017 dts:299.716 pts:299.716 dur:41.000ms, clock:296.479 level:11
2024-11-28 16:00:32.310 T:6455 debug : CVideoPlayerVideo::CalcDropRequirement - hurry: 0
2024-11-28 16:00:32.311 T:6455 debug : CAMLCodec::AddData: skip add data dl:15416916 fl:305580 sz:331712(331776) lv:100.1% dts:298.840 pts:298.882
2024-11-28 16:00:32.313 T:6455 debug : CVideoPlayerVideo::CalcDropRequirement - hurry: 0
2024-11-28 16:00:32.314 T:6455 debug : CAMLCodec::AddData: skip add data dl:15416916 fl:305580 sz:331712(331776) lv:100.1% dts:298.840 pts:298.882
2024-11-28 16:00:32.315 T:6452 debug : CVideoPlayer::ProcessVideoData size:291591 dts:299.758 pts:299.800 dur:41.000ms, clock:296.461 level:11
2024-11-28 16:00:32.315 T:6455 debug : CVideoPlayerVideo::CalcDropRequirement - hurry: 0
2024-11-28 16:00:32.316 T:6455 debug : CAMLCodec::AddData: skip add data dl:15416916 fl:305580 sz:331712(331776) lv:100.1% dts:298.840 pts:298.882
2024-11-28 16:00:32.317 T:6455 debug : CVideoPlayerVideo::CalcDropRequirement - hurry: 0
2024-11-28 16:00:32.318 T:6455 debug : CAMLCodec::AddData: skip add data dl:15416916 fl:305580 sz:331712(331776) lv:100.1% dts:298.840 pts:298.882
2024-11-28 16:00:32.319 T:6455 debug : CVideoPlayerVideo::CalcDropRequirement - hurry: 0
2024-11-28 16:00:32.320 T:6455 debug : CAMLCodec::AddData: skip add data dl:15416916 fl:305580 sz:331712(331776) lv:100.1% dts:298.840 pts:298.882
2024-11-28 16:00:32.321 T:6455 debug : CVideoPlayerVideo::CalcDropRequirement - hurry: 0
2024-11-28 16:00:32.322 T:6455 debug : CAMLCodec::AddData: skip add data dl:15416916 fl:305580 sz:331712(331776) lv:100.1% dts:298.840 pts:298.882
2024-11-28 16:00:32.322 T:6452 debug : CVideoPlayer::ProcessVideoData size:359531 dts:299.800 pts:299.925 dur:41.000ms, clock:296.431 level:12
2024-11-28 16:00:32.324 T:6455 debug : CVideoPlayerVideo::CalcDropRequirement - hurry: 0
2024-11-28 16:00:32.324 T:6455 debug : CAMLCodec::AddData: skip add data dl:15416916 fl:305580 sz:331712(331776) lv:100.1% dts:298.840 pts:298.882
2024-11-28 16:00:32.326 T:6455 debug : CVideoPlayerVideo::CalcDropRequirement - hurry: 0
2024-11-28 16:00:32.326 T:6455 debug : CAMLCodec::AddData: skip add data dl:15416916 fl:305580 sz:331712(331776) lv:100.1% dts:298.840 pts:298.882
2024-11-28 16:00:32.327 T:6452 debug : CVideoPlayer::ProcessVideoData size:296275 dts:299.841 pts:299.883 dur:41.000ms, clock:296.412 level:12
2024-11-28 16:00:32.328 T:6455 debug : CVideoPlayerVideo::CalcDropRequirement - hurry: 0
2024-11-28 16:00:32.329 T:6455 debug : CAMLCodec::AddData: skip add data dl:15416916 fl:305580 sz:331712(331776) lv:100.1% dts:298.840 pts:298.882
2024-11-28 16:00:32.330 T:6455 debug : CVideoPlayerVideo::CalcDropRequirement - hurry: 0
2024-11-28 16:00:32.331 T:6455 debug : CAMLCodec::AddData: skip add data dl:15416916 fl:305580 sz:331712(331776) lv:100.1% dts:298.840 pts:298.882
2024-11-28 16:00:32.332 T:6455 debug : CVideoPlayerVideo::CalcDropRequirement - hurry: 0
2024-11-28 16:00:32.333 T:6455 debug : CAMLCodec::AddData: skip add data dl:15416916 fl:305580 sz:331712(331776) lv:100.1% dts:298.840 pts:298.882
2024-11-28 16:00:32.334 T:6455 debug : CVideoPlayerVideo::CalcDropRequirement - hurry: 0
2024-11-28 16:00:32.335 T:6455 debug : CAMLCodec::AddData: skip add data dl:15416916 fl:305580 sz:331712(331776) lv:100.1% dts:298.840 pts:298.882
2024-11-28 16:00:32.336 T:6455 debug : CVideoPlayerVideo::CalcDropRequirement - hurry: 0
2024-11-28 16:00:32.336 T:6455 debug : CAMLCodec::AddData: skip add data dl:15416916 fl:305580 sz:331712(331776) lv:100.1% dts:298.840 pts:298.882
2024-11-28 16:00:32.338 T:6455 debug : CVideoPlayerVideo::CalcDropRequirement - hurry: 0
2024-11-28 16:00:32.339 T:6455 debug : CAMLCodec::AddData: skip add data dl:15416916 fl:305580 sz:331712(331776) lv:100.1% dts:298.840 pts:298.882
2024-11-28 16:00:32.340 T:6455 debug : CVideoPlayerVideo::CalcDropRequirement - hurry: 0
2024-11-28 16:00:32.340 T:6455 debug : CAMLCodec::AddData: skip add data dl:15416916 fl:305580 sz:331712(331776) lv:100.1% dts:298.840 pts:298.882
2024-11-28 16:00:32.341 T:6452 debug : CVideoPlayer::ProcessVideoData size:512927 dts:299.883 pts:300.008 dur:41.000ms, clock:296.357 level:13
2024-11-28 16:00:32.342 T:6455 debug : CVideoPlayerVideo::CalcDropRequirement - hurry: 0
2024-11-28 16:00:32.343 T:6455 debug : CAMLCodec::AddData: skip add data dl:15416916 fl:305580 sz:331712(331776) lv:100.1% dts:298.840 pts:298.882
2024-11-28 16:00:32.344 T:6455 debug : CVideoPlayerVideo::CalcDropRequirement - hurry: 0
2024-11-28 16:00:32.344 T:4489 debug : CAMLCodec::PollFrame elapsed:31.672ms
