2024-11-28 16:00:02.279 T:4489 info : Skipped 24 duplicate messages..
2024-11-28 16:00:02.279 T:4489 debug : CAMLCodec::PollFrame elapsed:36.070ms
2024-11-28 16:00:02.279 T:6455 debug : CAMLCodec::DequeueBuffer: pts:288.371 idx:8114
2024-11-28 16:00:02.279 T:6455 debug : CAMLCodec::GetPicture: index: 8114, pts: 288.371, dur:41.000ms ar:1.78 elf:41ms
2024-11-28 16:00:02.279 T:6455 debug : CVideoPlayerVideo::OutputPicture - ttd:395ms pts:288.371 Clock:287.975 Level:5
2024-11-28 16:00:02.283 T:6455 debug : CAMLCodec::AddData: dl:15281329 fl:441167 sz:274875(274944) lv:97.2% dts:290.290 pts:290.332
2024-11-28 16:00:02.283 T:4489 debug : PrepareNextRender: frameOnScreen: 287.979 renderPts: 288.178 nextFramePts: 288.163 -> diff: 0.015 render: 1 forceNext: 0
2024-11-28 16:00:02.285 T:4489 debug : CAMLCodec::ReleaseFrame idx:8109, drop:0
2024-11-28 16:00:02.286 T:6455 debug : CAMLCodec::AddData: dl:15570476 fl:152020 sz:289148(289216) lv:99.0% dts:290.332 pts:290.415
2024-11-28 16:00:02.287 T:6455 debug : CAMLCodec::AddData: skip add data dl:15570408 fl:152088 sz:419524(419648) lv:101.7% dts:290.373 pts:290.791
2024-11-28 16:00:02.289 T:6452 debug : CVideoPlayer::ProcessVideoData size:195282 dts:296.338 pts:296.379 dur:41.000ms, clock:287.985 level:75
2024-11-28 16:00:02.289 T:6455 debug : CAMLCodec::AddData: skip add data dl:15570408 fl:152088 sz:419524(419648) lv:101.7% dts:290.373 pts:290.791
2024-11-28 16:00:02.290 T:6452 debug : CVideoPlayer::ProcessVideoData size:191055 dts:296.379 pts:296.463 dur:41.000ms, clock:287.986 level:75
2024-11-28 16:00:02.292 T:6455 debug : CAMLCodec::AddData: skip add data dl:15570408 fl:152088 sz:419524(419648) lv:101.7% dts:290.373 pts:290.791
2024-11-28 16:00:02.302 T:6452 info : Skipped 5 duplicate messages..
2024-11-28 16:00:02.302 T:6452 debug : CVideoPlayer::ProcessVideoData size:291238 dts:296.421 pts:296.797 dur:41.000ms, clock:287.998 level:75
2024-11-28 16:00:02.302 T:6455 debug : CAMLCodec::AddData: skip add data dl:15570408 fl:152088 sz:419524(419648) lv:101.7% dts:290.373 pts:290.791
2024-11-28 16:00:02.304 T:6452 debug : CVideoPlayer::ProcessVideoData size:265723 dts:296.463 pts:296.671 dur:41.000ms, clock:288.000 level:76
2024-11-28 16:00:02.304 T:6455 debug : CAMLCodec::AddData: skip add data dl:15570408 fl:152088 sz:419524(419648) lv:101.7% dts:290.373 pts:290.791
2024-11-28 16:00:02.305 T:6452 debug : CVideoPlayer::ProcessVideoData size:241714 dts:296.505 pts:296.588 dur:41.000ms, clock:288.001 level:100
2024-11-28 16:00:02.307 T:6455 debug : CAMLCodec::AddData: skip add data dl:15570408 fl:152088 sz:419524(419648) lv:101.7% dts:290.373 pts:290.791
2024-11-28 16:00:02.324 T:4489 info : Skipped 4 duplicate messages..
2024-11-28 16:00:02.324 T:4489 debug : CAMLCodec::PollFrame elapsed:37.991ms
2024-11-28 16:00:02.327 T:6455 debug : CAMLCodec::AddData: dl:15636328 fl:86168 sz:419524(419648) lv:99.4% dts:290.373 pts:290.791
2024-11-28 16:00:02.327 T:6455 debug : CAMLCodec::DequeueBuffer: pts:288.413 idx:8115
2024-11-28 16:00:02.327 T:6455 debug : CAMLCodec::GetPicture: index: 8115, pts: 288.413, dur:42.000ms ar:1.78 elf:47ms
2024-11-28 16:00:02.327 T:6455 debug : CVideoPlayerVideo::OutputPicture - ttd:389ms pts:288.413 Clock:288.023 Level:5
2024-11-28 16:00:02.327 T:4489 debug : PrepareNextRender: frameOnScreen: 288.023 renderPts: 288.222 nextFramePts: 288.205 -> diff: 0.017 render: 1 forceNext: 0
2024-11-28 16:00:02.329 T:6455 debug : CAMLCodec::AddData: skip add data dl:15636204 fl:86292 sz:342598(342720) lv:101.6% dts:290.415 pts:290.624
2024-11-28 16:00:02.329 T:4489 debug : CAMLCodec::ReleaseFrame idx:8110, drop:0
2024-11-28 16:00:02.331 T:6455 debug : CAMLCodec::AddData: skip add data dl:15636204 fl:86292 sz:342598(342720) lv:101.6% dts:290.415 pts:290.624
2024-11-28 16:00:02.361 T:6455 info : Skipped 18 duplicate messages..
2024-11-28 16:00:02.361 T:6455 debug : CAMLCodec::AddData: dl:15632428 fl:90068 sz:342598(342720) lv:99.4% dts:290.415 pts:290.624
2024-11-28 16:00:02.361 T:6455 debug : CAMLCodec::DequeueBuffer: pts:288.455 idx:8116
2024-11-28 16:00:02.361 T:6455 debug : CAMLCodec::GetPicture: index: 8116, pts: 288.455, dur:42.000ms ar:1.78 elf:33ms
2024-11-28 16:00:02.361 T:6455 debug : CVideoPlayerVideo::OutputPicture - ttd:397ms pts:288.455 Clock:288.057 Level:5
2024-11-28 16:00:02.363 T:6455 debug : CAMLCodec::AddData: skip add data dl:15632306 fl:90190 sz:340481(340608) lv:101.6% dts:290.457 pts:290.540
2024-11-28 16:00:02.367 T:4489 info : Skipped 2 duplicate messages..
2024-11-28 16:00:02.367 T:4489 debug : CAMLCodec::PollFrame elapsed:37.099ms
2024-11-28 16:00:02.369 T:6455 debug : CAMLCodec::AddData: skip add data dl:15632306 fl:90190 sz:340481(340608) lv:101.6% dts:290.457 pts:290.540
2024-11-28 16:00:02.369 T:6452 debug : CVideoPlayer::ProcessVideoData size:194560 dts:296.546 pts:296.546 dur:41.000ms, clock:288.065 level:76
2024-11-28 16:00:02.370 T:4489 debug : PrepareNextRender: frameOnScreen: 288.066 renderPts: 288.264 nextFramePts: 288.246 -> diff: 0.018 render: 1 forceNext: 0
2024-11-28 16:00:02.371 T:6455 debug : CAMLCodec::AddData: skip add data dl:15632306 fl:90190 sz:340481(340608) lv:101.6% dts:290.457 pts:290.540
2024-11-28 16:00:02.372 T:4489 debug : CAMLCodec::ReleaseFrame idx:8111, drop:0
2024-11-28 16:00:02.373 T:6455 debug : CAMLCodec::AddData: skip add data dl:15632306 fl:90190 sz:340481(340608) lv:101.6% dts:290.457 pts:290.540
2024-11-28 16:00:02.400 T:6455 info : Skipped 18 duplicate messages..
2024-11-28 16:00:02.400 T:6455 debug : CAMLCodec::DequeueBuffer: pts:288.497 idx:8117
2024-11-28 16:00:02.401 T:6455 debug : CAMLCodec::GetPicture: index: 8117, pts: 288.497, dur:42.000ms ar:1.78 elf:39ms
2024-11-28 16:00:02.401 T:6455 debug : CVideoPlayerVideo::OutputPicture - ttd:400ms pts:288.497 Clock:288.097 Level:5
2024-11-28 16:00:02.404 T:4489 debug : CAMLCodec::PollFrame elapsed:32.440ms
2024-11-28 16:00:02.405 T:6455 debug : CAMLCodec::AddData: dl:15696242 fl:26254 sz:340481(340608) lv:99.8% dts:290.457 pts:290.540
2024-11-28 16:00:02.406 T:6455 debug : CAMLCodec::AddData: skip add data dl:15696115 fl:26381 sz:296168(296256) lv:101.7% dts:290.499 pts:290.499
2024-11-28 16:00:02.408 T:4489 info : Skipped 1 duplicate messages..
2024-11-28 16:00:02.408 T:4489 debug : PrepareNextRender: frameOnScreen: 288.104 renderPts: 288.302 nextFramePts: 288.288 -> diff: 0.014 render: 1 forceNext: 0
2024-11-28 16:00:02.409 T:6455 debug : CAMLCodec::AddData: skip add data dl:15696115 fl:26381 sz:296168(296256) lv:101.7% dts:290.499 pts:290.499
2024-11-28 16:00:02.410 T:4489 debug : CAMLCodec::ReleaseFrame idx:8112, drop:0
2024-11-28 16:00:02.411 T:6455 debug : CAMLCodec::AddData: skip add data dl:15696115 fl:26381 sz:296168(296256) lv:101.7% dts:290.499 pts:290.499
2024-11-28 16:00:02.411 T:6452 debug : CVideoPlayer::ProcessVideoData size:187536 dts:296.588 pts:296.630 dur:41.000ms, clock:288.107 level:76
2024-11-28 16:00:02.412 T:6452 debug : CVideoPlayer::ProcessVideoData size:239282 dts:296.630 pts:296.755 dur:41.000ms, clock:288.108 level:77
2024-11-28 16:00:02.413 T:6455 debug : CAMLCodec::AddData: skip add data dl:15696115 fl:26381 sz:296168(296256) lv:101.7% dts:290.499 pts:290.499
2024-11-28 16:00:02.423 T:6452 info : Skipped 6 duplicate messages..
2024-11-28 16:00:02.423 T:6452 debug : CVideoPlayer::ProcessVideoData size:187501 dts:296.671 pts:296.713 dur:41.000ms, clock:288.119 level:100
2024-11-28 16:00:02.425 T:6455 debug : CAMLCodec::AddData: skip add data dl:15696115 fl:26381 sz:296168(296256) lv:101.7% dts:290.499 pts:290.499
2024-11-28 16:00:02.445 T:4489 info : Skipped 12 duplicate messages..
2024-11-28 16:00:02.445 T:4489 debug : CAMLCodec::PollFrame elapsed:34.987ms
2024-11-28 16:00:02.445 T:6455 debug : CAMLCodec::DequeueBuffer: pts:288.538 idx:8118
2024-11-28 16:00:02.445 T:6455 debug : CAMLCodec::GetPicture: index: 8118, pts: 288.538, dur:41.000ms ar:1.78 elf:44ms
2024-11-28 16:00:02.446 T:6455 debug : CVideoPlayerVideo::OutputPicture - ttd:396ms pts:288.538 Clock:288.142 Level:5
2024-11-28 16:00:02.449 T:4489 debug : PrepareNextRender: frameOnScreen: 288.145 renderPts: 288.343 nextFramePts: 288.330 -> diff: 0.013 render: 1 forceNext: 0
2024-11-28 16:00:02.449 T:6455 debug : CAMLCodec::AddData: dl:15715891 fl:6605 sz:296168(296256) lv:99.9% dts:290.499 pts:290.499
2024-11-28 16:00:02.450 T:6455 debug : CAMLCodec::AddData: skip add data dl:15715803 fl:6693 sz:269327(269440) lv:101.6% dts:290.540 pts:290.582
2024-11-28 16:00:02.454 T:4489 info : Skipped 2 duplicate messages..
2024-11-28 16:00:02.454 T:4489 debug : CAMLCodec::ReleaseFrame idx:8113, drop:0
2024-11-28 16:00:02.454 T:6455 debug : CAMLCodec::AddData: skip add data dl:15715803 fl:6693 sz:269327(269440) lv:101.6% dts:290.540 pts:290.582
2024-11-28 16:00:02.486 T:6455 info : Skipped 23 duplicate messages..
2024-11-28 16:00:02.486 T:6455 debug : CAMLCodec::AddData: dl:15645339 fl:77157 sz:269327(269440) lv:99.5% dts:290.540 pts:290.582
2024-11-28 16:00:02.486 T:6455 debug : CAMLCodec::DequeueBuffer: pts:288.580 idx:8119
2024-11-28 16:00:02.486 T:6455 debug : CAMLCodec::GetPicture: index: 8119, pts: 288.580, dur:42.000ms ar:1.78 elf:40ms
2024-11-28 16:00:02.486 T:6455 debug : CVideoPlayerVideo::OutputPicture - ttd:397ms pts:288.580 Clock:288.182 Level:5
2024-11-28 16:00:02.487 T:6452 debug : CVideoPlayer::ProcessVideoData size:359052 dts:296.713 pts:296.838 dur:41.000ms, clock:288.183 level:77
2024-11-28 16:00:02.487 T:4489 debug : CAMLCodec::PollFrame elapsed:33.660ms
2024-11-28 16:00:02.489 T:6455 debug : CAMLCodec::AddData: skip add data dl:15645226 fl:77270 sz:323361(323456) lv:101.5% dts:290.582 pts:290.707
2024-11-28 16:00:02.491 T:4489 info : Skipped 1 duplicate messages..
2024-11-28 16:00:02.491 T:4489 debug : PrepareNextRender: frameOnScreen: 288.187 renderPts: 288.385 nextFramePts: 288.371 -> diff: 0.014 render: 1 forceNext: 0
2024-11-28 16:00:02.492 T:6455 debug : CAMLCodec::AddData: skip add data dl:15645226 fl:77270 sz:323361(323456) lv:101.5% dts:290.582 pts:290.707
2024-11-28 16:00:02.494 T:4489 info : Skipped 1 duplicate messages..
2024-11-28 16:00:02.494 T:4489 debug : CAMLCodec::ReleaseFrame idx:8114, drop:0
2024-11-28 16:00:02.495 T:6455 debug : CAMLCodec::AddData: skip add data dl:15645226 fl:77270 sz:323361(323456) lv:101.5% dts:290.582 pts:290.707
2024-11-28 16:00:02.527 T:6455 info : Skipped 23 duplicate messages..
2024-11-28 16:00:02.527 T:6455 debug : CAMLCodec::DequeueBuffer: pts:288.622 idx:8120
2024-11-28 16:00:02.527 T:6455 debug : CAMLCodec::GetPicture: index: 8120, pts: 288.622, dur:42.000ms ar:1.78 elf:40ms
2024-11-28 16:00:02.527 T:6455 debug : CVideoPlayerVideo::OutputPicture - ttd:399ms pts:288.622 Clock:288.223 Level:5
2024-11-28 16:00:02.529 T:4489 debug : CAMLCodec::PollFrame elapsed:34.140ms
2024-11-28 16:00:02.531 T:6455 debug : CAMLCodec::AddData: dl:15677546 fl:44950 sz:323361(323456) lv:99.7% dts:290.582 pts:290.707
2024-11-28 16:00:02.531 T:6455 debug : CAMLCodec::AddData: skip add data dl:15677451 fl:45045 sz:279921(280000) lv:101.5% dts:290.624 pts:290.665
2024-11-28 16:00:02.532 T:4489 debug : PrepareNextRender: frameOnScreen: 288.228 renderPts: 288.427 nextFramePts: 288.413 -> diff: 0.014 render: 1 forceNext: 0
2024-11-28 16:00:02.533 T:6455 debug : CAMLCodec::AddData: skip add data dl:15677451 fl:45045 sz:279921(280000) lv:101.5% dts:290.624 pts:290.665
2024-11-28 16:00:02.535 T:4489 info : Skipped 1 duplicate messages..
2024-11-28 16:00:02.535 T:4489 debug : CAMLCodec::ReleaseFrame idx:8115, drop:0
2024-11-28 16:00:02.536 T:6455 debug : CAMLCodec::AddData: skip add data dl:15677451 fl:45045 sz:279921(280000) lv:101.5% dts:290.624 pts:290.665
2024-11-28 16:00:02.543 T:6452 info : Skipped 5 duplicate messages..
2024-11-28 16:00:02.543 T:6452 debug : CVideoPlayer::ProcessVideoData size:281299 dts:296.755 pts:296.963 dur:41.000ms, clock:288.239 level:77
2024-11-28 16:00:02.545 T:6455 debug : CAMLCodec::AddData: skip add data dl:15677451 fl:45045 sz:279921(280000) lv:101.5% dts:290.624 pts:290.665
2024-11-28 16:00:02.567 T:6455 info : Skipped 16 duplicate messages..
2024-11-28 16:00:02.567 T:6455 debug : CAMLCodec::DequeueBuffer: pts:288.663 idx:8121
2024-11-28 16:00:02.567 T:6455 debug : CAMLCodec::GetPicture: index: 8121, pts: 288.663, dur:41.000ms ar:1.78 elf:40ms
2024-11-28 16:00:02.567 T:6455 debug : CVideoPlayerVideo::OutputPicture - ttd:399ms pts:288.663 Clock:288.263 Level:5
2024-11-28 16:00:02.571 T:4489 debug : CAMLCodec::PollFrame elapsed:35.969ms
2024-11-28 16:00:02.571 T:6455 debug : CAMLCodec::AddData: dl:15687115 fl:35381 sz:279921(280000) lv:99.7% dts:290.624 pts:290.665
2024-11-28 16:00:02.572 T:6455 debug : CAMLCodec::AddData: skip add data dl:15687036 fl:35460 sz:261628(261696) lv:101.4% dts:290.665 pts:290.749
2024-11-28 16:00:02.575 T:6452 info : Skipped 1 duplicate messages..
2024-11-28 16:00:02.575 T:6452 debug : CVideoPlayer::ProcessVideoData size:230907 dts:296.797 pts:296.922 dur:41.000ms, clock:288.271 level:77
2024-11-28 16:00:02.575 T:4489 debug : PrepareNextRender: frameOnScreen: 288.271 renderPts: 288.470 nextFramePts: 288.455 -> diff: 0.015 render: 1 forceNext: 0
2024-11-28 16:00:02.575 T:6455 debug : CAMLCodec::AddData: skip add data dl:15687036 fl:35460 sz:261628(261696) lv:101.4% dts:290.665 pts:290.749
2024-11-28 16:00:02.576 T:6452 debug : CVideoPlayer::ProcessVideoData size:191989 dts:296.838 pts:296.880 dur:41.000ms, clock:288.272 level:100
2024-11-28 16:00:02.577 T:4489 debug : CAMLCodec::ReleaseFrame idx:8116, drop:0
2024-11-28 16:00:02.578 T:6455 debug : CAMLCodec::AddData: skip add data dl:15687036 fl:35460 sz:261628(261696) lv:101.4% dts:290.665 pts:290.749
2024-11-28 16:00:02.610 T:6455 info : Skipped 22 duplicate messages..
2024-11-28 16:00:02.610 T:6455 debug : CAMLCodec::AddData: dl:15509436 fl:213060 sz:261628(261696) lv:98.6% dts:290.665 pts:290.749
2024-11-28 16:00:02.610 T:6455 debug : CAMLCodec::DequeueBuffer: pts:288.705 idx:8122
2024-11-28 16:00:02.610 T:6455 debug : CAMLCodec::GetPicture: index: 8122, pts: 288.705, dur:42.000ms ar:1.78 elf:43ms
2024-11-28 16:00:02.610 T:6455 debug : CVideoPlayerVideo::OutputPicture - ttd:398ms pts:288.705 Clock:288.307 Level:5
2024-11-28 16:00:02.613 T:6455 debug : CAMLCodec::AddData: skip add data dl:15509368 fl:213128 sz:424342(424448) lv:101.3% dts:290.707 pts:291.082
2024-11-28 16:00:02.613 T:4489 debug : CAMLCodec::PollFrame elapsed:34.964ms
2024-11-28 16:00:02.615 T:6455 debug : CAMLCodec::AddData: skip add data dl:15509368 fl:213128 sz:424342(424448) lv:101.3% dts:290.707 pts:291.082
2024-11-28 16:00:02.617 T:4489 info : Skipped 1 duplicate messages..
2024-11-28 16:00:02.617 T:4489 debug : PrepareNextRender: frameOnScreen: 288.313 renderPts: 288.512 nextFramePts: 288.497 -> diff: 0.015 render: 1 forceNext: 0
2024-11-28 16:00:02.619 T:6455 debug : CAMLCodec::AddData: skip add data dl:15509368 fl:213128 sz:424342(424448) lv:101.3% dts:290.707 pts:291.082
2024-11-28 16:00:02.620 T:6452 debug : CVideoPlayer::ProcessVideoData size:486326 dts:296.880 pts:297.005 dur:41.000ms, clock:288.316 level:77
2024-11-28 16:00:02.621 T:4489 debug : CAMLCodec::ReleaseFrame idx:8117, drop:0
2024-11-28 16:00:02.622 T:6455 debug : CAMLCodec::AddData: skip add data dl:15509368 fl:213128 sz:424342(424448) lv:101.3% dts:290.707 pts:291.082
2024-11-28 16:00:02.654 T:4489 info : Skipped 15 duplicate messages..
2024-11-28 16:00:02.654 T:4489 debug : CAMLCodec::PollFrame elapsed:32.836ms
2024-11-28 16:00:02.657 T:6455 debug : CAMLCodec::AddData: dl:15584440 fl:138056 sz:424342(424448) lv:99.1% dts:290.707 pts:291.082
2024-11-28 16:00:02.657 T:6455 debug : CAMLCodec::DequeueBuffer: pts:288.747 idx:8123
2024-11-28 16:00:02.657 T:6455 debug : CAMLCodec::GetPicture: index: 8123, pts: 288.747, dur:42.000ms ar:1.78 elf:46ms
2024-11-28 16:00:02.658 T:6455 debug : CVideoPlayerVideo::OutputPicture - ttd:393ms pts:288.747 Clock:288.354 Level:5
2024-11-28 16:00:02.658 T:4489 debug : PrepareNextRender: frameOnScreen: 288.354 renderPts: 288.552 nextFramePts: 288.538 -> diff: 0.014 render: 1 forceNext: 0
2024-11-28 16:00:02.659 T:6455 debug : CAMLCodec::AddData: skip add data dl:15584334 fl:138162 sz:363545(363648) lv:101.4% dts:290.749 pts:290.957
2024-11-28 16:00:02.660 T:4489 debug : CAMLCodec::ReleaseFrame idx:8118, drop:0
2024-11-28 16:00:02.661 T:6455 debug : CAMLCodec::AddData: skip add data dl:15584334 fl:138162 sz:363545(363648) lv:101.4% dts:290.749 pts:290.957
2024-11-28 16:00:02.695 T:6455 info : Skipped 23 duplicate messages..
2024-11-28 16:00:02.695 T:6455 debug : CAMLCodec::AddData: dl:15620686 fl:101810 sz:363545(363648) lv:99.3% dts:290.749 pts:290.957
2024-11-28 16:00:02.695 T:6455 debug : CAMLCodec::DequeueBuffer: pts:288.789 idx:8124
2024-11-28 16:00:02.695 T:6455 debug : CAMLCodec::GetPicture: index: 8124, pts: 288.789, dur:42.000ms ar:1.78 elf:37ms
2024-11-28 16:00:02.695 T:6455 debug : CVideoPlayerVideo::OutputPicture - ttd:398ms pts:288.789 Clock:288.391 Level:5
2024-11-28 16:00:02.696 T:4489 debug : CAMLCodec::PollFrame elapsed:35.202ms
2024-11-28 16:00:02.697 T:6455 debug : CAMLCodec::AddData: skip add data dl:15620583 fl:101913 sz:333300(333376) lv:101.4% dts:290.791 pts:290.874
2024-11-28 16:00:02.700 T:4489 info : Skipped 2 duplicate messages..
2024-11-28 16:00:02.700 T:4489 debug : PrepareNextRender: frameOnScreen: 288.396 renderPts: 288.595 nextFramePts: 288.580 -> diff: 0.015 render: 1 forceNext: 0
2024-11-28 16:00:02.702 T:6455 debug : CAMLCodec::AddData: skip add data dl:15620583 fl:101913 sz:333300(333376) lv:101.4% dts:290.791 pts:290.874
2024-11-28 16:00:02.705 T:4489 info : Skipped 1 duplicate messages..
2024-11-28 16:00:02.705 T:4489 debug : CAMLCodec::ReleaseFrame idx:8119, drop:0
2024-11-28 16:00:02.706 T:6455 debug : CAMLCodec::AddData: skip add data dl:15620583 fl:101913 sz:333300(333376) lv:101.4% dts:290.791 pts:290.874
2024-11-28 16:00:02.708 T:6452 info : Skipped 1 duplicate messages..
2024-11-28 16:00:02.708 T:6452 debug : CVideoPlayer::ProcessVideoData size:443392 dts:296.922 pts:297.339 dur:41.000ms, clock:288.404 level:77
2024-11-28 16:00:02.710 T:6452 debug : CVideoPlayer::ProcessVideoData size:373295 dts:296.963 pts:297.172 dur:41.000ms, clock:288.406 level:77
2024-11-28 16:00:02.709 T:6455 debug : CAMLCodec::AddData: skip add data dl:15620583 fl:101913 sz:333300(333376) lv:101.4% dts:290.791 pts:290.874
2024-11-28 16:00:02.736 T:6455 info : Skipped 16 duplicate messages..
2024-11-28 16:00:02.736 T:6455 debug : CAMLCodec::AddData: dl:15683879 fl:38617 sz:333300(333376) lv:99.7% dts:290.791 pts:290.874
2024-11-28 16:00:02.736 T:6455 debug : CAMLCodec::DequeueBuffer: pts:288.830 idx:8125
2024-11-28 16:00:02.736 T:6455 debug : CAMLCodec::GetPicture: index: 8125, pts: 288.830, dur:41.000ms ar:1.78 elf:41ms
2024-11-28 16:00:02.736 T:6455 debug : CVideoPlayerVideo::OutputPicture - ttd:397ms pts:288.830 Clock:288.432 Level:5
2024-11-28 16:00:02.737 T:4489 debug : CAMLCodec::PollFrame elapsed:32.263ms
2024-11-28 16:00:02.738 T:6455 debug : CAMLCodec::AddData: skip add data dl:15683803 fl:38693 sz:280397(280512) lv:101.5% dts:290.832 pts:290.832
2024-11-28 16:00:02.741 T:4489 info : Skipped 1 duplicate messages..
2024-11-28 16:00:02.741 T:4489 debug : PrepareNextRender: frameOnScreen: 288.437 renderPts: 288.635 nextFramePts: 288.622 -> diff: 0.013 render: 1 forceNext: 0
2024-11-28 16:00:02.741 T:6455 debug : CAMLCodec::AddData: skip add data dl:15683803 fl:38693 sz:280397(280512) lv:101.5% dts:290.832 pts:290.832
2024-11-28 16:00:02.743 T:4489 info : Skipped 1 duplicate messages..
2024-11-28 16:00:02.743 T:4489 debug : CAMLCodec::ReleaseFrame idx:8120, drop:0
2024-11-28 16:00:02.744 T:6455 debug : CAMLCodec::AddData: skip add data dl:15683803 fl:38693 sz:280397(280512) lv:101.5% dts:290.832 pts:290.832
2024-11-28 16:00:02.752 T:6452 info : Skipped 5 duplicate messages..
2024-11-28 16:00:02.752 T:6452 debug : CVideoPlayer::ProcessVideoData size:364408 dts:297.005 pts:297.088 dur:41.000ms, clock:288.448 level:100
2024-11-28 16:00:02.753 T:6455 debug : CAMLCodec::AddData: skip add data dl:15683803 fl:38693 sz:280397(280512) lv:101.5% dts:290.832 pts:290.832
2024-11-28 16:00:02.773 T:6456 info : Skipped 15 duplicate messages..
2024-11-28 16:00:02.773 T:6456 debug : CDVDClock::ErrorAdjust - CVideoPlayerAudio::OutputPacket - error:87867.035016, adjusted:41708.333333
2024-11-28 16:00:02.774 T:6455 debug : CAMLCodec::AddData: skip add data dl:15683803 fl:38693 sz:280397(280512) lv:101.5% dts:290.832 pts:290.832
2024-11-28 16:00:02.779 T:4489 debug : CAMLCodec::PollFrame elapsed:35.212ms
2024-11-28 16:00:02.779 T:6455 debug : CAMLCodec::DequeueBuffer: pts:288.872 idx:8126
2024-11-28 16:00:02.779 T:6455 debug : CAMLCodec::GetPicture: index: 8126, pts: 288.872, dur:42.000ms ar:1.78 elf:42ms
2024-11-28 16:00:02.779 T:6455 debug : CVideoPlayerVideo::OutputPicture - ttd:355ms pts:288.872 Clock:288.517 Level:5
2024-11-28 16:00:02.783 T:4489 debug : PrepareNextRender: frameOnScreen: 288.520 renderPts: 288.719 nextFramePts: 288.663 -> diff: 0.056 render: 1 forceNext: 0
2024-11-28 16:00:02.783 T:4489 debug : CAMLCodec::ReleaseFrame idx:8121, drop:1
2024-11-28 16:00:02.783 T:6455 debug : CAMLCodec::AddData: dl:15685147 fl:37349 sz:280397(280512) lv:99.7% dts:290.832 pts:290.832
2024-11-28 16:00:02.783 T:6455 debug : CAMLCodec::AddData: skip add data dl:15685032 fl:37464 sz:290663(290752) lv:101.6% dts:290.874 pts:290.916
2024-11-28 16:00:02.785 T:4489 info : Skipped 1 duplicate messages..
2024-11-28 16:00:02.785 T:4489 debug : CAMLCodec::ReleaseFrame idx:8122, drop:0
2024-11-28 16:00:02.786 T:6455 debug : CAMLCodec::AddData: skip add data dl:15685032 fl:37464 sz:290663(290752) lv:101.6% dts:290.874 pts:290.916
2024-11-28 16:00:02.818 T:6455 info : Skipped 24 duplicate messages..
2024-11-28 16:00:02.818 T:6455 debug : CAMLCodec::DequeueBuffer: pts:288.914 idx:8127
2024-11-28 16:00:02.818 T:6455 debug : CAMLCodec::GetPicture: index: 8127, pts: 288.914, dur:42.000ms ar:1.78 elf:38ms
2024-11-28 16:00:02.818 T:6455 debug : CVideoPlayerVideo::OutputPicture - ttd:358ms pts:288.914 Clock:288.556 Level:4
2024-11-28 16:00:02.821 T:4489 debug : CAMLCodec::PollFrame elapsed:35.405ms
2024-11-28 16:00:02.821 T:6455 debug : CAMLCodec::AddData: dl:15640680 fl:81816 sz:290663(290752) lv:99.4% dts:290.874 pts:290.916
2024-11-28 16:00:02.823 T:6455 debug : CAMLCodec::AddData: skip add data dl:15640591 fl:81905 sz:340257(340352) lv:101.6% dts:290.916 pts:291.041
2024-11-28 16:00:02.825 T:6452 debug : CVideoPlayer::ProcessVideoData size:295711 dts:297.047 pts:297.047 dur:41.000ms, clock:288.563 level:76
2024-11-28 16:00:02.825 T:6455 debug : CAMLCodec::AddData: skip add data dl:15640591 fl:81905 sz:340257(340352) lv:101.6% dts:290.916 pts:291.041
2024-11-28 16:00:02.826 T:4489 debug : PrepareNextRender: frameOnScreen: 288.563 renderPts: 288.762 nextFramePts: 288.747 -> diff: 0.015 render: 1 forceNext: 0
2024-11-28 16:00:02.827 T:6452 debug : CVideoPlayer::ProcessVideoData size:290692 dts:297.088 pts:297.130 dur:41.000ms, clock:288.564 level:100
2024-11-28 16:00:02.827 T:6455 debug : CAMLCodec::AddData: skip add data dl:15640591 fl:81905 sz:340257(340352) lv:101.6% dts:290.916 pts:291.041
2024-11-28 16:00:02.829 T:4489 debug : CAMLCodec::ReleaseFrame idx:8123, drop:0
2024-11-28 16:00:02.831 T:6455 debug : CAMLCodec::AddData: dl:15686287 fl:36209 sz:340257(340352) lv:99.7% dts:290.916 pts:291.041
2024-11-28 16:00:02.831 T:6455 debug : CAMLCodec::DequeueBuffer: pts:288.955 idx:8128
2024-11-28 16:00:02.831 T:6455 debug : CAMLCodec::GetPicture: index: 8128, pts: 288.955, dur:41.000ms ar:1.78 elf:13ms
2024-11-28 16:00:02.831 T:6455 debug : CVideoPlayerVideo::OutputPicture - ttd:385ms pts:288.955 Clock:288.569 Level:4
2024-11-28 16:00:02.833 T:6455 debug : CAMLCodec::DequeueBuffer: pts:288.997 idx:8129
2024-11-28 16:00:02.833 T:6455 debug : CAMLCodec::GetPicture: index: 8129, pts: 288.997, dur:42.000ms ar:1.78 elf:1ms
2024-11-28 16:00:02.833 T:6455 debug : CVideoPlayerVideo::OutputPicture - ttd:426ms pts:288.997 Clock:288.571 Level:5
2024-11-28 16:00:02.834 T:6455 debug : CAMLCodec::DequeueBuffer: pts:289.039 idx:8130
2024-11-28 16:00:02.834 T:6455 debug : CAMLCodec::GetPicture: index: 8130, pts: 289.039, dur:42.000ms ar:1.78 elf:1ms
2024-11-28 16:00:02.834 T:6455 debug : CVideoPlayerVideo::OutputPicture - ttd:467ms pts:289.039 Clock:288.572 Level:6
2024-11-28 16:00:02.835 T:6455 debug : CAMLCodec::DequeueBuffer: pts:289.080 idx:8131
2024-11-28 16:00:02.836 T:6455 debug : CAMLCodec::GetPicture: index: 8131, pts: 289.080, dur:41.000ms ar:1.78 elf:1ms
2024-11-28 16:00:02.836 T:6455 debug : CVideoPlayerVideo::OutputPicture - ttd:506ms pts:289.080 Clock:288.573 Level:7
2024-11-28 16:00:02.837 T:6455 debug : CAMLCodec::AddData: skip add data dl:15686192 fl:36304 sz:279894(280000) lv:101.5% dts:290.957 pts:290.999
2024-11-28 16:00:02.863 T:4489 info : Skipped 16 duplicate messages..
2024-11-28 16:00:02.862 T:4489 debug : CAMLCodec::PollFrame elapsed:32.652ms
2024-11-28 16:00:02.865 T:6455 debug : CAMLCodec::AddData: dl:15473072 fl:249424 sz:279894(280000) lv:98.4% dts:290.957 pts:290.999
2024-11-28 16:00:02.866 T:6455 debug : CAMLCodec::AddData: skip add data dl:15472966 fl:249530 sz:461606(461696) lv:101.3% dts:290.999 pts:291.124
2024-11-28 16:00:02.867 T:4489 debug : PrepareNextRender: frameOnScreen: 288.604 renderPts: 288.803 nextFramePts: 288.789 -> diff: 0.014 render: 1 forceNext: 0
2024-11-28 16:00:02.868 T:6455 debug : CAMLCodec::AddData: skip add data dl:15472966 fl:249530 sz:461606(461696) lv:101.3% dts:290.999 pts:291.124
2024-11-28 16:00:02.869 T:6452 debug : CVideoPlayer::ProcessVideoData size:345303 dts:297.130 pts:297.255 dur:41.000ms, clock:288.607 level:77
2024-11-28 16:00:02.869 T:4489 debug : CAMLCodec::ReleaseFrame idx:8124, drop:0
2024-11-28 16:00:02.869 T:6455 debug : CAMLCodec::AddData: skip add data dl:15472966 fl:249530 sz:461606(461696) lv:101.3% dts:290.999 pts:291.124
2024-11-28 16:00:02.880 T:6452 info : Skipped 6 duplicate messages..
2024-11-28 16:00:02.880 T:6452 debug : CVideoPlayer::ProcessVideoData size:293526 dts:297.172 pts:297.214 dur:41.000ms, clock:288.618 level:100
2024-11-28 16:00:02.881 T:6455 debug : CAMLCodec::AddData: skip add data dl:15472966 fl:249530 sz:461606(461696) lv:101.3% dts:290.999 pts:291.124
2024-11-28 16:00:02.904 T:4489 info : Skipped 13 duplicate messages..
2024-11-28 16:00:02.904 T:4489 debug : CAMLCodec::PollFrame elapsed:34.420ms
2024-11-28 16:00:02.907 T:6455 debug : CAMLCodec::AddData: dl:15501318 fl:221178 sz:461606(461696) lv:98.6% dts:290.999 pts:291.124
2024-11-28 16:00:02.908 T:4489 debug : PrepareNextRender: frameOnScreen: 288.646 renderPts: 288.844 nextFramePts: 288.830 -> diff: 0.014 render: 1 forceNext: 0
2024-11-28 16:00:02.909 T:6455 debug : CAMLCodec::AddData: skip add data dl:15501228 fl:221268 sz:416662(416768) lv:101.2% dts:291.041 pts:291.458
2024-11-28 16:00:02.911 T:4489 info : Skipped 1 duplicate messages..
2024-11-28 16:00:02.911 T:4489 debug : CAMLCodec::ReleaseFrame idx:8125, drop:0
2024-11-28 16:00:02.912 T:6455 debug : CAMLCodec::AddData: skip add data dl:15501228 fl:221268 sz:416662(416768) lv:101.2% dts:291.041 pts:291.458
2024-11-28 16:00:02.946 T:6452 info : Skipped 18 duplicate messages..
2024-11-28 16:00:02.946 T:6452 debug : CVideoPlayer::ProcessVideoData size:309323 dts:297.214 pts:297.297 dur:41.000ms, clock:288.684 level:77
2024-11-28 16:00:02.947 T:4489 debug : CAMLCodec::PollFrame elapsed:35.060ms
2024-11-28 16:00:02.946 T:6455 debug : CAMLCodec::AddData: dl:15565932 fl:156564 sz:416662(416768) lv:99.0% dts:291.041 pts:291.458
2024-11-28 16:00:02.948 T:6455 debug : CAMLCodec::AddData: skip add data dl:15565826 fl:156670 sz:340768(340864) lv:101.1% dts:291.082 pts:291.291
2024-11-28 16:00:02.951 T:4489 info : Skipped 1 duplicate messages..
2024-11-28 16:00:02.951 T:4489 debug : PrepareNextRender: frameOnScreen: 288.689 renderPts: 288.887 nextFramePts: 288.872 -> diff: 0.015 render: 1 forceNext: 0
2024-11-28 16:00:02.954 T:6455 debug : CAMLCodec::AddData: skip add data dl:15565826 fl:156670 sz:340768(340864) lv:101.1% dts:291.082 pts:291.291
2024-11-28 16:00:02.957 T:4489 info : Skipped 1 duplicate messages..
2024-11-28 16:00:02.957 T:4489 debug : CAMLCodec::ReleaseFrame idx:8126, drop:0
2024-11-28 16:00:02.957 T:6455 debug : CAMLCodec::AddData: skip add data dl:15565826 fl:156670 sz:340768(340864) lv:101.1% dts:291.082 pts:291.291
2024-11-28 16:00:02.965 T:6452 info : Skipped 5 duplicate messages..
2024-11-28 16:00:02.965 T:6452 debug : CVideoPlayer::ProcessVideoData size:471171 dts:297.255 pts:297.672 dur:41.000ms, clock:288.703 level:77
2024-11-28 16:00:02.967 T:6455 debug : CAMLCodec::AddData: skip add data dl:15565826 fl:156670 sz:340768(340864) lv:101.1% dts:291.082 pts:291.291
2024-11-28 16:00:02.988 T:4489 info : Skipped 10 duplicate messages..
2024-11-28 16:00:02.988 T:4489 debug : CAMLCodec::PollFrame elapsed:30.676ms
2024-11-28 16:00:02.988 T:6455 debug : CAMLCodec::DequeueBuffer: pts:289.122 idx:8132
2024-11-28 16:00:02.988 T:6455 debug : CAMLCodec::GetPicture: index: 8132, pts: 289.122, dur:42.000ms ar:1.78 elf:152ms
2024-11-28 16:00:02.988 T:6455 debug : CVideoPlayerVideo::OutputPicture - ttd:396ms pts:289.122 Clock:288.726 Level:5
2024-11-28 16:00:02.992 T:4489 debug : PrepareNextRender: frameOnScreen: 288.730 renderPts: 288.928 nextFramePts: 288.914 -> diff: 0.014 render: 1 forceNext: 0
2024-11-28 16:00:02.993 T:6455 debug : CAMLCodec::AddData: dl:15578306 fl:144190 sz:340768(340864) lv:99.0% dts:291.082 pts:291.291
2024-11-28 16:00:02.993 T:6455 debug : CAMLCodec::AddData: skip add data dl:15578210 fl:144286 sz:324133(324224) lv:101.1% dts:291.124 pts:291.208
2024-11-28 16:00:02.995 T:4489 debug : CAMLCodec::ReleaseFrame idx:8127, drop:0
2024-11-28 16:00:02.995 T:6455 debug : CAMLCodec::AddData: skip add data dl:15578210 fl:144286 sz:324133(324224) lv:101.1% dts:291.124 pts:291.208
2024-11-28 16:00:03.027 T:6455 info : Skipped 24 duplicate messages..
2024-11-28 16:00:03.027 T:6455 debug : CAMLCodec::DequeueBuffer: pts:289.164 idx:8133
2024-11-28 16:00:03.027 T:6455 debug : CAMLCodec::GetPicture: index: 8133, pts: 289.164, dur:42.000ms ar:1.78 elf:38ms
2024-11-28 16:00:03.027 T:6455 debug : CVideoPlayerVideo::OutputPicture - ttd:399ms pts:289.164 Clock:288.765 Level:5
2024-11-28 16:00:03.029 T:4489 debug : CAMLCodec::PollFrame elapsed:34.420ms
2024-11-28 16:00:03.031 T:6455 debug : CAMLCodec::AddData: dl:15633762 fl:88734 sz:324133(324224) lv:99.4% dts:291.124 pts:291.208
2024-11-28 16:00:03.031 T:6455 debug : CAMLCodec::AddData: skip add data dl:15633671 fl:88825 sz:256026(256128) lv:101.0% dts:291.166 pts:291.166
2024-11-28 16:00:03.033 T:4489 info : Skipped 1 duplicate messages..
2024-11-28 16:00:03.033 T:4489 debug : PrepareNextRender: frameOnScreen: 288.771 renderPts: 288.969 nextFramePts: 288.955 -> diff: 0.014 render: 1 forceNext: 0
2024-11-28 16:00:03.034 T:6455 debug : CAMLCodec::AddData: skip add data dl:15633671 fl:88825 sz:256026(256128) lv:101.0% dts:291.166 pts:291.166
2024-11-28 16:00:03.035 T:4489 debug : CAMLCodec::ReleaseFrame idx:8128, drop:0
2024-11-28 16:00:03.036 T:6455 debug : CAMLCodec::AddData: skip add data dl:15633671 fl:88825 sz:256026(256128) lv:101.0% dts:291.166 pts:291.166
2024-11-28 16:00:03.038 T:6452 info : Skipped 1 duplicate messages..
2024-11-28 16:00:03.038 T:6452 debug : CVideoPlayer::ProcessVideoData size:376203 dts:297.297 pts:297.506 dur:41.000ms, clock:288.775 level:77
2024-11-28 16:00:03.039 T:6455 debug : CAMLCodec::AddData: skip add data dl:15633671 fl:88825 sz:256026(256128) lv:101.0% dts:291.166 pts:291.166
2024-11-28 16:00:03.070 T:4489 info : Skipped 21 duplicate messages..
2024-11-28 16:00:03.070 T:4489 debug : CAMLCodec::PollFrame elapsed:34.727ms
2024-11-28 16:00:03.070 T:6455 debug : CAMLCodec::DequeueBuffer: pts:289.206 idx:8134
2024-11-28 16:00:03.070 T:6455 debug : CAMLCodec::GetPicture: index: 8134, pts: 289.206, dur:42.000ms ar:1.78 elf:43ms
2024-11-28 16:00:03.071 T:6455 debug : CVideoPlayerVideo::OutputPicture - ttd:397ms pts:289.206 Clock:288.808 Level:5
2024-11-28 16:00:03.074 T:4489 debug : PrepareNextRender: frameOnScreen: 288.812 renderPts: 289.010 nextFramePts: 288.997 -> diff: 0.013 render: 1 forceNext: 0
2024-11-28 16:00:03.075 T:6455 debug : CAMLCodec::AddData: dl:15611143 fl:111353 sz:256026(256128) lv:99.3% dts:291.166 pts:291.166
2024-11-28 16:00:03.075 T:6455 debug : CAMLCodec::AddData: skip add data dl:15611041 fl:111455 sz:266989(267072) lv:101.0% dts:291.208 pts:291.249
2024-11-28 16:00:03.077 T:4489 info : Skipped 1 duplicate messages..
2024-11-28 16:00:03.077 T:4489 debug : CAMLCodec::ReleaseFrame idx:8129, drop:0
2024-11-28 16:00:03.078 T:6455 debug : CAMLCodec::AddData: skip add data dl:15611041 fl:111455 sz:266989(267072) lv:101.0% dts:291.208 pts:291.249
2024-11-28 16:00:03.080 T:6452 info : Skipped 1 duplicate messages..
2024-11-28 16:00:03.080 T:6452 debug : CVideoPlayer::ProcessVideoData size:348556 dts:297.339 pts:297.422 dur:41.000ms, clock:288.818 level:77
2024-11-28 16:00:03.081 T:6455 debug : CAMLCodec::AddData: skip add data dl:15611041 fl:111455 sz:266989(267072) lv:101.0% dts:291.208 pts:291.249
2024-11-28 16:00:03.110 T:6455 info : Skipped 21 duplicate messages..
2024-11-28 16:00:03.110 T:6455 debug : CAMLCodec::DequeueBuffer: pts:289.247 idx:8135
2024-11-28 16:00:03.110 T:6455 debug : CAMLCodec::GetPicture: index: 8135, pts: 289.247, dur:41.000ms ar:1.78 elf:39ms
2024-11-28 16:00:03.110 T:6455 debug : CVideoPlayerVideo::OutputPicture - ttd:399ms pts:289.247 Clock:288.848 Level:5
2024-11-28 16:00:03.113 T:4489 debug : CAMLCodec::PollFrame elapsed:35.406ms
2024-11-28 16:00:03.113 T:6455 debug : CAMLCodec::AddData: dl:15546977 fl:175519 sz:266989(267072) lv:98.8% dts:291.208 pts:291.249
2024-11-28 16:00:03.115 T:6455 debug : CAMLCodec::AddData: skip add data dl:15546894 fl:175602 sz:323118(323200) lv:100.9% dts:291.249 pts:291.374
2024-11-28 16:00:03.117 T:4489 info : Skipped 1 duplicate messages..
2024-11-28 16:00:03.117 T:4489 debug : PrepareNextRender: frameOnScreen: 288.854 renderPts: 289.053 nextFramePts: 289.039 -> diff: 0.014 render: 1 forceNext: 0
2024-11-28 16:00:03.118 T:6455 debug : CAMLCodec::AddData: skip add data dl:15546894 fl:175602 sz:323118(323200) lv:100.9% dts:291.249 pts:291.374
2024-11-28 16:00:03.119 T:4489 debug : CAMLCodec::ReleaseFrame idx:8130, drop:0
2024-11-28 16:00:03.119 T:6455 debug : CAMLCodec::AddData: skip add data dl:15546894 fl:175602 sz:323118(323200) lv:100.9% dts:291.249 pts:291.374
2024-11-28 16:00:03.122 T:6452 info : Skipped 1 duplicate messages..
2024-11-28 16:00:03.122 T:6452 debug : CVideoPlayer::ProcessVideoData size:299089 dts:297.380 pts:297.380 dur:41.000ms, clock:288.859 level:77
2024-11-28 16:00:03.123 T:6455 debug : CAMLCodec::AddData: skip add data dl:15546894 fl:175602 sz:323118(323200) lv:100.9% dts:291.249 pts:291.374
2024-11-28 16:00:03.143 T:6452 info : Skipped 14 duplicate messages..
2024-11-28 16:00:03.143 T:6452 debug : CVideoPlayer::ProcessVideoData size:305917 dts:297.422 pts:297.464 dur:41.000ms, clock:288.881 level:100
2024-11-28 16:00:03.145 T:6455 debug : CAMLCodec::AddData: skip add data dl:15546894 fl:175602 sz:323118(323200) lv:100.9% dts:291.249 pts:291.374
2024-11-28 16:00:03.154 T:4489 info : Skipped 3 duplicate messages..
2024-11-28 16:00:03.154 T:4489 debug : CAMLCodec::PollFrame elapsed:34.892ms
2024-11-28 16:00:03.154 T:6455 debug : CAMLCodec::DequeueBuffer: pts:289.289 idx:8136
2024-11-28 16:00:03.154 T:6455 debug : CAMLCodec::GetPicture: index: 8136, pts: 289.289, dur:42.000ms ar:1.78 elf:44ms
2024-11-28 16:00:03.154 T:6455 debug : CVideoPlayerVideo::OutputPicture - ttd:396ms pts:289.289 Clock:288.892 Level:5
2024-11-28 16:00:03.158 T:4489 debug : PrepareNextRender: frameOnScreen: 288.896 renderPts: 289.094 nextFramePts: 289.080 -> diff: 0.014 render: 1 forceNext: 0
2024-11-28 16:00:03.158 T:6455 debug : CAMLCodec::AddData: dl:15577550 fl:144946 sz:323118(323200) lv:99.0% dts:291.249 pts:291.374
2024-11-28 16:00:03.159 T:6455 debug : CAMLCodec::AddData: skip add data dl:15577468 fl:145028 sz:271154(271232) lv:100.8% dts:291.291 pts:291.333
2024-11-28 16:00:03.161 T:4489 info : Skipped 1 duplicate messages..
2024-11-28 16:00:03.161 T:4489 debug : CAMLCodec::ReleaseFrame idx:8131, drop:0
2024-11-28 16:00:03.162 T:6455 debug : CAMLCodec::AddData: skip add data dl:15577468 fl:145028 sz:271154(271232) lv:100.8% dts:291.291 pts:291.333
2024-11-28 16:00:03.193 T:6455 info : Skipped 24 duplicate messages..
2024-11-28 16:00:03.193 T:6455 debug : CAMLCodec::DequeueBuffer: pts:289.331 idx:8137
2024-11-28 16:00:03.193 T:6455 debug : CAMLCodec::GetPicture: index: 8137, pts: 289.331, dur:42.000ms ar:1.78 elf:38ms
2024-11-28 16:00:03.193 T:6455 debug : CVideoPlayerVideo::OutputPicture - ttd:400ms pts:289.331 Clock:288.931 Level:5
2024-11-28 16:00:03.197 T:6455 debug : CAMLCodec::AddData: dl:15567356 fl:155140 sz:271154(271232) lv:99.0% dts:291.291 pts:291.333
2024-11-28 16:00:03.197 T:4489 debug : CAMLCodec::PollFrame elapsed:34.990ms
2024-11-28 16:00:03.197 T:6455 debug : CAMLCodec::AddData: skip add data dl:15567278 fl:155218 sz:262450(262528) lv:100.6% dts:291.333 pts:291.416
2024-11-28 16:00:03.201 T:4489 info : Skipped 2 duplicate messages..
2024-11-28 16:00:03.201 T:4489 debug : PrepareNextRender: frameOnScreen: 288.938 renderPts: 289.137 nextFramePts: 289.122 -> diff: 0.015 render: 1 forceNext: 0
2024-11-28 16:00:03.202 T:6455 debug : CAMLCodec::AddData: skip add data dl:15567278 fl:155218 sz:262450(262528) lv:100.6% dts:291.333 pts:291.416
2024-11-28 16:00:03.203 T:4489 debug : CAMLCodec::ReleaseFrame idx:8132, drop:0
2024-11-28 16:00:03.203 T:6455 debug : CAMLCodec::AddData: skip add data dl:15567278 fl:155218 sz:262450(262528) lv:100.6% dts:291.333 pts:291.416
2024-11-28 16:00:03.225 T:6452 info : Skipped 17 duplicate messages..
2024-11-28 16:00:03.225 T:6452 debug : CVideoPlayer::ProcessVideoData size:358254 dts:297.464 pts:297.589 dur:41.000ms, clock:288.963 level:100
2024-11-28 16:00:03.225 T:6455 debug : CAMLCodec::AddData: skip add data dl:15567278 fl:155218 sz:262450(262528) lv:100.6% dts:291.333 pts:291.416
2024-11-28 16:00:03.237 T:6455 info : Skipped 5 duplicate messages..
2024-11-28 16:00:03.237 T:6455 debug : CAMLCodec::AddData: dl:15368430 fl:354066 sz:262450(262528) lv:97.7% dts:291.333 pts:291.416
2024-11-28 16:00:03.237 T:6455 debug : CAMLCodec::DequeueBuffer: pts:289.372 idx:8138
2024-11-28 16:00:03.237 T:6455 debug : CAMLCodec::GetPicture: index: 8138, pts: 289.372, dur:41.000ms ar:1.78 elf:44ms
2024-11-28 16:00:03.237 T:6455 debug : CVideoPlayerVideo::OutputPicture - ttd:397ms pts:289.372 Clock:288.975 Level:5
2024-11-28 16:00:03.238 T:4489 debug : CAMLCodec::PollFrame elapsed:34.958ms
2024-11-28 16:00:03.239 T:6455 debug : CAMLCodec::AddData: skip add data dl:15368352 fl:354144 sz:427722(427840) lv:100.4% dts:291.374 pts:291.792
2024-11-28 16:00:03.241 T:4489 debug : PrepareNextRender: frameOnScreen: 288.979 renderPts: 289.182 nextFramePts: 289.164 -> diff: 0.018 render: 1 forceNext: 0
2024-11-28 16:00:03.242 T:6455 debug : CAMLCodec::AddData: skip add data dl:15368352 fl:354144 sz:427722(427840) lv:100.4% dts:291.374 pts:291.792
2024-11-28 16:00:03.244 T:4489 info : Skipped 1 duplicate messages..
2024-11-28 16:00:03.244 T:4489 debug : CAMLCodec::ReleaseFrame idx:8133, drop:0
2024-11-28 16:00:03.246 T:6455 debug : CAMLCodec::AddData: skip add data dl:15368352 fl:354144 sz:427722(427840) lv:100.4% dts:291.374 pts:291.792
2024-11-28 16:00:03.247 T:6452 debug : CVideoPlayer::ProcessVideoData size:301374 dts:297.506 pts:297.547 dur:41.000ms, clock:288.985 level:100
2024-11-28 16:00:03.249 T:6455 debug : CAMLCodec::AddData: skip add data dl:15368352 fl:354144 sz:427722(427840) lv:100.4% dts:291.374 pts:291.792
2024-11-28 16:00:03.268 T:6452 info : Skipped 11 duplicate messages..
2024-11-28 16:00:03.268 T:6452 debug : CVideoPlayer::ProcessVideoData size:309497 dts:297.547 pts:297.631 dur:41.000ms, clock:289.006 level:100
2024-11-28 16:00:03.270 T:6455 debug : CAMLCodec::AddData: skip add data dl:15368352 fl:354144 sz:427722(427840) lv:100.4% dts:291.374 pts:291.792
2024-11-28 16:00:03.280 T:4489 info : Skipped 2 duplicate messages..
2024-11-28 16:00:03.280 T:4489 debug : CAMLCodec::PollFrame elapsed:35.163ms
2024-11-28 16:00:03.280 T:6455 debug : CAMLCodec::DequeueBuffer: pts:289.414 idx:8139
2024-11-28 16:00:03.280 T:6455 debug : CAMLCodec::GetPicture: index: 8139, pts: 289.414, dur:42.000ms ar:1.78 elf:42ms
2024-11-28 16:00:03.280 T:6455 debug : CVideoPlayerVideo::OutputPicture - ttd:396ms pts:289.414 Clock:289.018 Level:5
2024-11-28 16:00:03.284 T:4489 debug : PrepareNextRender: frameOnScreen: 289.022 renderPts: 289.225 nextFramePts: 289.206 -> diff: 0.019 render: 1 forceNext: 0
2024-11-28 16:00:03.285 T:6455 debug : CAMLCodec::AddData: dl:15439328 fl:283168 sz:427722(427840) lv:98.2% dts:291.374 pts:291.792
2024-11-28 16:00:03.286 T:6455 debug : CAMLCodec::AddData: skip add data dl:15439210 fl:283286 sz:335651(335744) lv:100.3% dts:291.416 pts:291.625
2024-11-28 16:00:03.287 T:4489 info : Skipped 1 duplicate messages..
2024-11-28 16:00:03.287 T:4489 debug : CAMLCodec::ReleaseFrame idx:8134, drop:0
2024-11-28 16:00:03.289 T:6455 debug : CAMLCodec::AddData: skip add data dl:15439210 fl:283286 sz:335651(335744) lv:100.3% dts:291.416 pts:291.625
2024-11-28 16:00:03.321 T:4489 info : Skipped 19 duplicate messages..
2024-11-28 16:00:03.321 T:4489 debug : CAMLCodec::PollFrame elapsed:33.246ms
2024-11-28 16:00:03.321 T:6455 debug : CAMLCodec::DequeueBuffer: pts:289.456 idx:8140
2024-11-28 16:00:03.321 T:6455 debug : CAMLCodec::GetPicture: index: 8140, pts: 289.456, dur:42.000ms ar:1.78 elf:40ms
2024-11-28 16:00:03.321 T:6455 debug : CVideoPlayerVideo::OutputPicture - ttd:397ms pts:289.456 Clock:289.059 Level:5
2024-11-28 16:00:03.325 T:4489 debug : PrepareNextRender: frameOnScreen: 289.063 renderPts: 289.266 nextFramePts: 289.247 -> diff: 0.019 render: 1 forceNext: 0
2024-11-28 16:00:03.326 T:6455 debug : CAMLCodec::AddData: dl:15426474 fl:296022 sz:335651(335744) lv:98.1% dts:291.416 pts:291.625
2024-11-28 16:00:03.326 T:6455 debug : CAMLCodec::AddData: skip add data dl:15426381 fl:296115 sz:329160(329280) lv:100.2% dts:291.458 pts:291.541
2024-11-28 16:00:03.328 T:4489 info : Skipped 1 duplicate messages..
2024-11-28 16:00:03.328 T:4489 debug : CAMLCodec::ReleaseFrame idx:8135, drop:0
2024-11-28 16:00:03.329 T:6455 debug : CAMLCodec::AddData: skip add data dl:15426381 fl:296115 sz:329160(329280) lv:100.2% dts:291.458 pts:291.541
2024-11-28 16:00:03.340 T:6452 info : Skipped 7 duplicate messages..
2024-11-28 16:00:03.340 T:6452 debug : CVideoPlayer::ProcessVideoData size:454206 dts:297.589 pts:297.964 dur:41.000ms, clock:289.078 level:76
2024-11-28 16:00:03.340 T:6455 debug : CAMLCodec::AddData: skip add data dl:15426381 fl:296115 sz:329160(329280) lv:100.2% dts:291.458 pts:291.541
2024-11-28 16:00:03.361 T:6455 info : Skipped 12 duplicate messages..
2024-11-28 16:00:03.361 T:6455 debug : CAMLCodec::AddData: dl:15475469 fl:247027 sz:329160(329280) lv:98.4% dts:291.458 pts:291.541
2024-11-28 16:00:03.361 T:6455 debug : CAMLCodec::DequeueBuffer: pts:289.498 idx:8141
2024-11-28 16:00:03.361 T:6455 debug : CAMLCodec::GetPicture: index: 8141, pts: 289.498, dur:42.000ms ar:1.78 elf:40ms
2024-11-28 16:00:03.361 T:6455 debug : CVideoPlayerVideo::OutputPicture - ttd:398ms pts:289.498 Clock:289.099 Level:5
2024-11-28 16:00:03.363 T:6455 debug : CAMLCodec::AddData: skip add data dl:15475349 fl:247147 sz:264719(264832) lv:100.1% dts:291.500 pts:291.500
2024-11-28 16:00:03.363 T:4489 debug : CAMLCodec::PollFrame elapsed:34.807ms
2024-11-28 16:00:03.364 T:6455 debug : CAMLCodec::AddData: skip add data dl:15475349 fl:247147 sz:264719(264832) lv:100.1% dts:291.500 pts:291.500
2024-11-28 16:00:03.367 T:4489 info : Skipped 1 duplicate messages..
2024-11-28 16:00:03.367 T:4489 debug : PrepareNextRender: frameOnScreen: 289.105 renderPts: 289.308 nextFramePts: 289.289 -> diff: 0.019 render: 1 forceNext: 0
2024-11-28 16:00:03.367 T:6455 debug : CAMLCodec::AddData: skip add data dl:15475349 fl:247147 sz:264719(264832) lv:100.1% dts:291.500 pts:291.500
2024-11-28 16:00:03.369 T:4489 info : Skipped 1 duplicate messages..
2024-11-28 16:00:03.369 T:4489 debug : CAMLCodec::ReleaseFrame idx:8136, drop:0
2024-11-28 16:00:03.370 T:6455 debug : CAMLCodec::AddData: skip add data dl:15475349 fl:247147 sz:264719(264832) lv:100.1% dts:291.500 pts:291.500
2024-11-28 16:00:03.395 T:6452 info : Skipped 19 duplicate messages..
2024-11-28 16:00:03.395 T:6452 debug : CVideoPlayer::ProcessVideoData size:378242 dts:297.631 pts:297.839 dur:41.000ms, clock:289.132 level:76
2024-11-28 16:00:03.395 T:6455 debug : CAMLCodec::AddData: skip add data dl:15475349 fl:247147 sz:264719(264832) lv:100.1% dts:291.500 pts:291.500
2024-11-28 16:00:03.402 T:6455 info : Skipped 4 duplicate messages..
2024-11-28 16:00:03.402 T:6455 debug : CAMLCodec::DequeueBuffer: pts:289.539 idx:8142
2024-11-28 16:00:03.402 T:6455 debug : CAMLCodec::GetPicture: index: 8142, pts: 289.539, dur:41.000ms ar:1.78 elf:40ms
2024-11-28 16:00:03.402 T:6455 debug : CVideoPlayerVideo::OutputPicture - ttd:399ms pts:289.539 Clock:289.140 Level:5
2024-11-28 16:00:03.405 T:4489 debug : CAMLCodec::PollFrame elapsed:35.509ms
2024-11-28 16:00:03.407 T:6455 debug : CAMLCodec::AddData: dl:15458069 fl:264427 sz:264719(264832) lv:98.3% dts:291.500 pts:291.500
2024-11-28 16:00:03.409 T:4489 debug : PrepareNextRender: frameOnScreen: 289.147 renderPts: 289.350 nextFramePts: 289.331 -> diff: 0.019 render: 1 forceNext: 0
2024-11-28 16:00:03.410 T:6455 debug : CAMLCodec::AddData: dl:15723428 fl:-932 sz:265369(265472) lv:100.0% dts:291.541 pts:291.583
2024-11-28 16:00:03.410 T:6455 debug : CAMLCodec::AddData: skip add data dl:15722496 fl:0 sz:334032(334144) lv:100.0% dts:291.583 pts:291.708
2024-11-28 16:00:03.412 T:4489 info : Skipped 1 duplicate messages..
2024-11-28 16:00:03.412 T:4489 debug : CAMLCodec::ReleaseFrame idx:8137, drop:0
2024-11-28 16:00:03.413 T:6455 debug : CAMLCodec::AddData: skip add data dl:15722496 fl:0 sz:334032(334144) lv:100.0% dts:291.583 pts:291.708
2024-11-28 16:00:03.417 T:6452 info : Skipped 2 duplicate messages..
2024-11-28 16:00:03.417 T:6452 debug : CVideoPlayer::ProcessVideoData size:358080 dts:297.672 pts:297.756 dur:41.000ms, clock:289.154 level:76
2024-11-28 16:00:03.418 T:6455 debug : CAMLCodec::AddData: skip add data dl:15722496 fl:0 sz:334032(334144) lv:100.0% dts:291.583 pts:291.708
2024-11-28 16:00:03.446 T:4489 info : Skipped 17 duplicate messages..
2024-11-28 16:00:03.446 T:4489 debug : CAMLCodec::PollFrame elapsed:33.606ms
2024-11-28 16:00:03.446 T:6455 debug : CAMLCodec::DequeueBuffer: pts:289.581 idx:8143
2024-11-28 16:00:03.446 T:6455 debug : CAMLCodec::GetPicture: index: 8143, pts: 289.581, dur:42.000ms ar:1.78 elf:43ms
2024-11-28 16:00:03.446 T:6455 debug : CVideoPlayerVideo::OutputPicture - ttd:397ms pts:289.581 Clock:289.184 Level:5
2024-11-28 16:00:03.450 T:4489 debug : PrepareNextRender: frameOnScreen: 289.187 renderPts: 289.391 nextFramePts: 289.372 -> diff: 0.019 render: 1 forceNext: 0
2024-11-28 16:00:03.450 T:6455 debug : CAMLCodec::AddData: dl:15708864 fl:13632 sz:334032(334144) lv:99.9% dts:291.583 pts:291.708
2024-11-28 16:00:03.451 T:6455 debug : CAMLCodec::AddData: skip add data dl:15709581 fl:12915 sz:270483(270592) lv:101.6% dts:291.625 pts:291.666
2024-11-28 16:00:03.452 T:4489 debug : CAMLCodec::ReleaseFrame idx:8138, drop:0
2024-11-28 16:00:03.452 T:6455 debug : CAMLCodec::AddData: skip add data dl:15709581 fl:12915 sz:270483(270592) lv:101.6% dts:291.625 pts:291.666
2024-11-28 16:00:03.458 T:6452 info : Skipped 4 duplicate messages..
2024-11-28 16:00:03.458 T:6452 debug : CVideoPlayer::ProcessVideoData size:297310 dts:297.714 pts:297.714 dur:41.000ms, clock:289.196 level:76
2024-11-28 16:00:03.460 T:6455 debug : CAMLCodec::AddData: skip add data dl:15709581 fl:12915 sz:270483(270592) lv:101.6% dts:291.625 pts:291.666
2024-11-28 16:00:03.485 T:6455 info : Skipped 19 duplicate messages..
2024-11-28 16:00:03.485 T:6455 debug : CAMLCodec::DequeueBuffer: pts:289.623 idx:8144
2024-11-28 16:00:03.485 T:6455 debug : CAMLCodec::GetPicture: index: 8144, pts: 289.623, dur:42.000ms ar:1.78 elf:39ms
2024-11-28 16:00:03.486 T:6455 debug : CVideoPlayerVideo::OutputPicture - ttd:399ms pts:289.623 Clock:289.223 Level:5
2024-11-28 16:00:03.488 T:4489 debug : CAMLCodec::PollFrame elapsed:35.765ms
2024-11-28 16:00:03.489 T:6455 debug : CAMLCodec::AddData: dl:15698061 fl:24435 sz:270483(270592) lv:99.8% dts:291.625 pts:291.666
2024-11-28 16:00:03.490 T:6455 debug : CAMLCodec::AddData: skip add data dl:15697952 fl:24544 sz:279340(279424) lv:101.6% dts:291.666 pts:291.750
2024-11-28 16:00:03.491 T:6452 debug : CVideoPlayer::ProcessVideoData size:305167 dts:297.756 pts:297.798 dur:41.000ms, clock:289.229 level:76
2024-11-28 16:00:03.492 T:4489 debug : PrepareNextRender: frameOnScreen: 289.230 renderPts: 289.433 nextFramePts: 289.414 -> diff: 0.019 render: 1 forceNext: 0
2024-11-28 16:00:03.493 T:6455 debug : CAMLCodec::AddData: skip add data dl:15697952 fl:24544 sz:279340(279424) lv:101.6% dts:291.666 pts:291.750
2024-11-28 16:00:03.495 T:4489 debug : CAMLCodec::ReleaseFrame idx:8139, drop:0
2024-11-28 16:00:03.495 T:6455 debug : CAMLCodec::AddData: skip add data dl:15697952 fl:24544 sz:279340(279424) lv:101.6% dts:291.666 pts:291.750
2024-11-28 16:00:03.529 T:4489 info : Skipped 23 duplicate messages..
2024-11-28 16:00:03.529 T:4489 debug : CAMLCodec::PollFrame elapsed:33.825ms
2024-11-28 16:00:03.529 T:6455 debug : CAMLCodec::DequeueBuffer: pts:289.664 idx:8145
2024-11-28 16:00:03.529 T:6455 debug : CAMLCodec::GetPicture: index: 8145, pts: 289.664, dur:41.000ms ar:1.78 elf:43ms
2024-11-28 16:00:03.529 T:6455 debug : CVideoPlayerVideo::OutputPicture - ttd:396ms pts:289.664 Clock:289.267 Level:5
