2024-11-28 16:00:24.720 T:4489 debug : CAMLCodec::ReleaseFrame idx:8649, drop:0
2024-11-28 16:00:24.721 T:6455 debug : CAMLCodec::AddData: skip add data dl:15552859 fl:169637 sz:330055(330176) lv:101.0% dts:313.104 pts:313.230
2024-11-28 16:00:24.755 T:4489 info : Skipped 24 duplicate messages..
2024-11-28 16:00:24.755 T:4489 debug : CAMLCodec::PollFrame elapsed:35.073ms
2024-11-28 16:00:24.756 T:6455 debug : CAMLCodec::AddData: dl:15480667 fl:241829 sz:330055(330176) lv:98.4% dts:313.104 pts:313.230
2024-11-28 16:00:24.756 T:6455 debug : CAMLCodec::DequeueBuffer: pts:310.936 idx:8655
2024-11-28 16:00:24.756 T:6455 debug : CAMLCodec::GetPicture: index: 8655, pts: 310.936, dur:42.000ms ar:1.78 elf:42ms
2024-11-28 16:00:24.756 T:6455 debug : CVideoPlayerVideo::OutputPicture - ttd:399ms pts:310.936 Clock:310.537 Level:5
2024-11-28 16:00:24.758 T:6455 debug : CAMLCodec::AddData: skip add data dl:15480546 fl:241950 sz:263885(264000) lv:100.1% dts:313.146 pts:313.188
2024-11-28 16:00:24.759 T:4489 debug : PrepareNextRender: frameOnScreen: 310.539 renderPts: 310.749 nextFramePts: 310.727 -> diff: 0.022 render: 1 forceNext: 0
2024-11-28 16:00:24.760 T:6455 debug : CAMLCodec::AddData: skip add data dl:15480546 fl:241950 sz:263885(264000) lv:100.1% dts:313.146 pts:313.188
2024-11-28 16:00:24.762 T:4489 info : Skipped 1 duplicate messages..
2024-11-28 16:00:24.762 T:4489 debug : CAMLCodec::ReleaseFrame idx:8650, drop:0
2024-11-28 16:00:24.763 T:6455 debug : CAMLCodec::AddData: skip add data dl:15480546 fl:241950 sz:263885(264000) lv:100.1% dts:313.146 pts:313.188
2024-11-28 16:00:24.764 T:6452 debug : CVideoPlayer::ProcessVideoData size:266519 dts:317.818 pts:317.818 dur:41.000ms, clock:310.545 level:58
2024-11-28 16:00:24.765 T:6452 debug : CVideoPlayer::ProcessVideoData size:289440 dts:317.859 pts:317.901 dur:41.000ms, clock:310.546 level:59
2024-11-28 16:00:24.767 T:6455 debug : CAMLCodec::AddData: skip add data dl:15480546 fl:241950 sz:263885(264000) lv:100.1% dts:313.146 pts:313.188
2024-11-28 16:00:24.798 T:6455 info : Skipped 24 duplicate messages..
2024-11-28 16:00:24.798 T:6455 debug : CAMLCodec::DequeueBuffer: pts:310.977 idx:8656
2024-11-28 16:00:24.798 T:6455 debug : CAMLCodec::GetPicture: index: 8656, pts: 310.977, dur:41.000ms ar:1.78 elf:42ms
2024-11-28 16:00:24.798 T:6455 debug : CVideoPlayerVideo::OutputPicture - ttd:397ms pts:310.977 Clock:310.579 Level:5
2024-11-28 16:00:24.802 T:6455 debug : CAMLCodec::AddData: dl:15445730 fl:276766 sz:263885(264000) lv:98.2% dts:313.146 pts:313.188
2024-11-28 16:00:24.803 T:4489 debug : CAMLCodec::PollFrame elapsed:40.541ms
2024-11-28 16:00:24.805 T:6455 debug : CAMLCodec::AddData: dl:15721839 fl:657 sz:276154(276224) lv:100.0% dts:313.188 pts:313.271
2024-11-28 16:00:24.806 T:6455 debug : CAMLCodec::AddData: skip add data dl:15721769 fl:727 sz:373655(373760) lv:102.3% dts:313.230 pts:313.605
2024-11-28 16:00:24.807 T:4489 debug : PrepareNextRender: frameOnScreen: 310.587 renderPts: 310.797 nextFramePts: 310.769 -> diff: 0.028 render: 1 forceNext: 0
2024-11-28 16:00:24.807 T:6452 debug : CVideoPlayer::ProcessVideoData size:318920 dts:317.901 pts:318.026 dur:41.000ms, clock:310.588 level:58
2024-11-28 16:00:24.809 T:6455 debug : CAMLCodec::AddData: skip add data dl:15721769 fl:727 sz:373655(373760) lv:102.3% dts:313.230 pts:313.605
2024-11-28 16:00:24.811 T:4489 info : Skipped 1 duplicate messages..
2024-11-28 16:00:24.811 T:4489 debug : CAMLCodec::ReleaseFrame idx:8651, drop:0
2024-11-28 16:00:24.812 T:6455 debug : CAMLCodec::AddData: skip add data dl:15721769 fl:727 sz:373655(373760) lv:102.3% dts:313.230 pts:313.605
2024-11-28 16:00:24.844 T:4489 info : Skipped 18 duplicate messages..
2024-11-28 16:00:24.844 T:4489 debug : CAMLCodec::PollFrame elapsed:33.097ms
2024-11-28 16:00:24.844 T:6455 debug : CAMLCodec::DequeueBuffer: pts:311.019 idx:8657
2024-11-28 16:00:24.844 T:6455 debug : CAMLCodec::GetPicture: index: 8657, pts: 311.019, dur:42.000ms ar:1.78 elf:45ms
2024-11-28 16:00:24.844 T:6455 debug : CVideoPlayerVideo::OutputPicture - ttd:393ms pts:311.019 Clock:310.625 Level:5
2024-11-28 16:00:24.846 T:6455 debug : CAMLCodec::AddData: skip add data dl:15419945 fl:302551 sz:373655(373760) lv:100.4% dts:313.230 pts:313.605
2024-11-28 16:00:24.847 T:4489 debug : PrepareNextRender: frameOnScreen: 310.628 renderPts: 310.837 nextFramePts: 310.811 -> diff: 0.026 render: 1 forceNext: 0
2024-11-28 16:00:24.848 T:6455 debug : CAMLCodec::AddData: skip add data dl:15419945 fl:302551 sz:373655(373760) lv:100.4% dts:313.230 pts:313.605
2024-11-28 16:00:24.849 T:6452 debug : CVideoPlayer::ProcessVideoData size:264671 dts:317.943 pts:317.984 dur:41.000ms, clock:310.630 level:100
2024-11-28 16:00:24.850 T:4489 debug : CAMLCodec::ReleaseFrame idx:8652, drop:0
2024-11-28 16:00:24.850 T:6455 debug : CAMLCodec::AddData: skip add data dl:15419945 fl:302551 sz:373655(373760) lv:100.4% dts:313.230 pts:313.605
2024-11-28 16:00:24.879 T:4489 info : Skipped 21 duplicate messages..
2024-11-28 16:00:24.879 T:4489 debug : CAMLCodec::PollFrame elapsed:29.136ms
2024-11-28 16:00:24.881 T:6455 debug : CAMLCodec::DequeueBuffer: pts:311.061 idx:8658
2024-11-28 16:00:24.881 T:6455 debug : CAMLCodec::GetPicture: index: 8658, pts: 311.061, dur:42.000ms ar:1.78 elf:36ms
2024-11-28 16:00:24.881 T:6455 debug : CVideoPlayerVideo::OutputPicture - ttd:399ms pts:311.061 Clock:310.662 Level:5
2024-11-28 16:00:24.883 T:4489 debug : PrepareNextRender: frameOnScreen: 310.664 renderPts: 310.873 nextFramePts: 310.852 -> diff: 0.021 render: 1 forceNext: 0
2024-11-28 16:00:24.885 T:6455 debug : CAMLCodec::AddData: dl:15556521 fl:165975 sz:373655(373760) lv:98.9% dts:313.230 pts:313.605
2024-11-28 16:00:24.886 T:6455 debug : CAMLCodec::AddData: skip add data dl:15556416 fl:166080 sz:319290(319360) lv:100.9% dts:313.271 pts:313.480
2024-11-28 16:00:24.887 T:4489 debug : CAMLCodec::ReleaseFrame idx:8653, drop:0
2024-11-28 16:00:24.887 T:6455 debug : CAMLCodec::AddData: skip add data dl:15556416 fl:166080 sz:319290(319360) lv:100.9% dts:313.271 pts:313.480
2024-11-28 16:00:24.890 T:6452 info : Skipped 2 duplicate messages..
2024-11-28 16:00:24.890 T:6452 debug : CVideoPlayer::ProcessVideoData size:276115 dts:317.984 pts:318.068 dur:41.000ms, clock:310.671 level:59
2024-11-28 16:00:24.892 T:6455 debug : CAMLCodec::AddData: skip add data dl:15556416 fl:166080 sz:319290(319360) lv:100.9% dts:313.271 pts:313.480
2024-11-28 16:00:24.921 T:4489 info : Skipped 21 duplicate messages..
2024-11-28 16:00:24.921 T:4489 debug : CAMLCodec::PollFrame elapsed:34.162ms
2024-11-28 16:00:24.921 T:6455 debug : CAMLCodec::AddData: skip add data dl:15556416 fl:166080 sz:319290(319360) lv:100.9% dts:313.271 pts:313.480
2024-11-28 16:00:24.923 T:6455 debug : CAMLCodec::DequeueBuffer: pts:311.102 idx:8659
2024-11-28 16:00:24.923 T:6455 debug : CAMLCodec::GetPicture: index: 8659, pts: 311.102, dur:41.000ms ar:1.78 elf:41ms
2024-11-28 16:00:24.923 T:6455 debug : CVideoPlayerVideo::OutputPicture - ttd:398ms pts:311.102 Clock:310.704 Level:5
2024-11-28 16:00:24.925 T:4489 debug : PrepareNextRender: frameOnScreen: 310.705 renderPts: 310.914 nextFramePts: 310.894 -> diff: 0.020 render: 1 forceNext: 0
2024-11-28 16:00:24.927 T:6455 debug : CAMLCodec::AddData: dl:15641792 fl:80704 sz:319290(319360) lv:99.4% dts:313.271 pts:313.480
2024-11-28 16:00:24.927 T:6455 debug : CAMLCodec::AddData: skip add data dl:15641722 fl:80774 sz:318584(318656) lv:101.5% dts:313.313 pts:313.396
2024-11-28 16:00:24.928 T:4489 debug : CAMLCodec::ReleaseFrame idx:8654, drop:0
2024-11-28 16:00:24.929 T:6455 debug : CAMLCodec::AddData: skip add data dl:15641722 fl:80774 sz:318584(318656) lv:101.5% dts:313.313 pts:313.396
2024-11-28 16:00:24.943 T:6452 info : Skipped 9 duplicate messages..
2024-11-28 16:00:24.943 T:6452 debug : CVideoPlayer::ProcessVideoData size:394414 dts:318.026 pts:318.443 dur:41.000ms, clock:310.723 level:59
2024-11-28 16:00:24.944 T:6455 debug : CAMLCodec::AddData: skip add data dl:15641722 fl:80774 sz:318584(318656) lv:101.5% dts:313.313 pts:313.396
2024-11-28 16:00:24.963 T:4489 info : Skipped 13 duplicate messages..
2024-11-28 16:00:24.963 T:4489 debug : CAMLCodec::PollFrame elapsed:34.333ms
2024-11-28 16:00:24.963 T:6455 debug : CAMLCodec::AddData: skip add data dl:15641722 fl:80774 sz:318584(318656) lv:101.5% dts:313.313 pts:313.396
2024-11-28 16:00:24.965 T:6455 debug : CAMLCodec::DequeueBuffer: pts:311.144 idx:8660
2024-11-28 16:00:24.965 T:6455 debug : CAMLCodec::GetPicture: index: 8660, pts: 311.144, dur:42.000ms ar:1.78 elf:41ms
2024-11-28 16:00:24.965 T:6452 debug : CVideoPlayer::ProcessVideoData size:340517 dts:318.068 pts:318.276 dur:41.000ms, clock:310.746 level:100
2024-11-28 16:00:24.965 T:6455 debug : CVideoPlayerVideo::OutputPicture - ttd:398ms pts:311.144 Clock:310.746 Level:5
2024-11-28 16:00:24.967 T:4489 debug : PrepareNextRender: frameOnScreen: 310.747 renderPts: 310.956 nextFramePts: 310.936 -> diff: 0.020 render: 1 forceNext: 0
2024-11-28 16:00:24.970 T:6455 debug : CAMLCodec::AddData: dl:15661690 fl:60806 sz:318584(318656) lv:99.6% dts:313.313 pts:313.396
2024-11-28 16:00:24.971 T:6455 debug : CAMLCodec::AddData: skip add data dl:15661618 fl:60878 sz:262870(262976) lv:101.2% dts:313.355 pts:313.355
2024-11-28 16:00:24.971 T:4489 debug : CAMLCodec::ReleaseFrame idx:8655, drop:0
2024-11-28 16:00:24.972 T:6455 debug : CAMLCodec::AddData: skip add data dl:15661618 fl:60878 sz:262870(262976) lv:101.2% dts:313.355 pts:313.355
2024-11-28 16:00:25.005 T:4489 info : Skipped 25 duplicate messages..
2024-11-28 16:00:25.005 T:4489 debug : CAMLCodec::PollFrame elapsed:33.559ms
2024-11-28 16:00:25.005 T:6455 debug : CAMLCodec::DequeueBuffer: pts:311.186 idx:8661
2024-11-28 16:00:25.005 T:6455 debug : CAMLCodec::GetPicture: index: 8661, pts: 311.186, dur:42.000ms ar:1.78 elf:39ms
2024-11-28 16:00:25.005 T:6455 debug : CVideoPlayerVideo::OutputPicture - ttd:400ms pts:311.186 Clock:310.786 Level:5
2024-11-28 16:00:25.009 T:4489 debug : PrepareNextRender: frameOnScreen: 310.789 renderPts: 310.999 nextFramePts: 310.977 -> diff: 0.022 render: 1 forceNext: 0
2024-11-28 16:00:25.009 T:6455 debug : CAMLCodec::AddData: dl:15675122 fl:47374 sz:262870(262976) lv:99.7% dts:313.355 pts:313.355
2024-11-28 16:00:25.009 T:6455 debug : CAMLCodec::AddData: skip add data dl:15675016 fl:47480 sz:256935(257024) lv:101.3% dts:313.396 pts:313.438
2024-11-28 16:00:25.012 T:4489 info : Skipped 1 duplicate messages..
2024-11-28 16:00:25.012 T:4489 debug : CAMLCodec::ReleaseFrame idx:8656, drop:0
2024-11-28 16:00:25.012 T:6455 debug : CAMLCodec::AddData: skip add data dl:15675016 fl:47480 sz:256935(257024) lv:101.3% dts:313.396 pts:313.438
2024-11-28 16:00:25.046 T:4489 info : Skipped 27 duplicate messages..
2024-11-28 16:00:25.046 T:4489 debug : CAMLCodec::PollFrame elapsed:34.226ms
2024-11-28 16:00:25.049 T:6455 debug : CAMLCodec::AddData: dl:15684552 fl:37944 sz:256935(257024) lv:99.7% dts:313.396 pts:313.438
2024-11-28 16:00:25.049 T:6455 debug : CAMLCodec::DequeueBuffer: pts:311.228 idx:8662
2024-11-28 16:00:25.049 T:6455 debug : CAMLCodec::GetPicture: index: 8662, pts: 311.228, dur:42.000ms ar:1.78 elf:44ms
2024-11-28 16:00:25.049 T:6455 debug : CVideoPlayerVideo::OutputPicture - ttd:397ms pts:311.228 Clock:310.830 Level:5
2024-11-28 16:00:25.050 T:4489 debug : PrepareNextRender: frameOnScreen: 310.831 renderPts: 311.040 nextFramePts: 311.019 -> diff: 0.021 render: 1 forceNext: 0
2024-11-28 16:00:25.051 T:6455 debug : CAMLCodec::AddData: skip add data dl:15684463 fl:38033 sz:312250(312320) lv:101.7% dts:313.438 pts:313.563
2024-11-28 16:00:25.054 T:4489 info : Skipped 1 duplicate messages..
2024-11-28 16:00:25.054 T:4489 debug : CAMLCodec::ReleaseFrame idx:8657, drop:0
2024-11-28 16:00:25.054 T:6455 debug : CAMLCodec::AddData: skip add data dl:15684463 fl:38033 sz:312250(312320) lv:101.7% dts:313.438 pts:313.563
2024-11-28 16:00:25.057 T:6452 info : Skipped 2 duplicate messages..
2024-11-28 16:00:25.057 T:6452 debug : CVideoPlayer::ProcessVideoData size:346435 dts:318.109 pts:318.193 dur:41.000ms, clock:310.838 level:58
2024-11-28 16:00:25.059 T:6455 debug : CAMLCodec::AddData: skip add data dl:15684463 fl:38033 sz:312250(312320) lv:101.7% dts:313.438 pts:313.563
2024-11-28 16:00:25.088 T:4489 info : Skipped 21 duplicate messages..
2024-11-28 16:00:25.088 T:4489 debug : CAMLCodec::PollFrame elapsed:34.172ms
2024-11-28 16:00:25.089 T:6452 debug : CVideoPlayer::ProcessVideoData size:267090 dts:318.151 pts:318.151 dur:41.000ms, clock:310.870 level:58
2024-11-28 16:00:25.090 T:6455 debug : CAMLCodec::AddData: dl:15606511 fl:115985 sz:312250(312320) lv:99.2% dts:313.438 pts:313.563
2024-11-28 16:00:25.090 T:6455 debug : CAMLCodec::DequeueBuffer: pts:311.269 idx:8663
2024-11-28 16:00:25.090 T:6455 debug : CAMLCodec::GetPicture: index: 8663, pts: 311.269, dur:41.000ms ar:1.78 elf:40ms
2024-11-28 16:00:25.090 T:6455 debug : CVideoPlayerVideo::OutputPicture - ttd:398ms pts:311.269 Clock:310.871 Level:5
2024-11-28 16:00:25.092 T:6455 debug : CAMLCodec::AddData: skip add data dl:15606441 fl:116055 sz:244872(244992) lv:100.8% dts:313.480 pts:313.522
2024-11-28 16:00:25.092 T:4489 debug : PrepareNextRender: frameOnScreen: 310.873 renderPts: 311.082 nextFramePts: 311.061 -> diff: 0.021 render: 1 forceNext: 0
2024-11-28 16:00:25.094 T:6455 debug : CAMLCodec::AddData: skip add data dl:15606441 fl:116055 sz:244872(244992) lv:100.8% dts:313.480 pts:313.522
2024-11-28 16:00:25.096 T:4489 info : Skipped 1 duplicate messages..
2024-11-28 16:00:25.096 T:4489 debug : CAMLCodec::ReleaseFrame idx:8658, drop:0
2024-11-28 16:00:25.097 T:6455 debug : CAMLCodec::AddData: skip add data dl:15606441 fl:116055 sz:244872(244992) lv:100.8% dts:313.480 pts:313.522
2024-11-28 16:00:25.130 T:4489 info : Skipped 26 duplicate messages..
2024-11-28 16:00:25.130 T:4489 debug : CAMLCodec::PollFrame elapsed:33.277ms
2024-11-28 16:00:25.132 T:6455 debug : CAMLCodec::AddData: dl:15541609 fl:180887 sz:244872(244992) lv:98.8% dts:313.480 pts:313.522
2024-11-28 16:00:25.132 T:6452 debug : CVideoPlayer::ProcessVideoData size:286223 dts:318.193 pts:318.235 dur:41.000ms, clock:310.913 level:58
2024-11-28 16:00:25.132 T:6455 debug : CAMLCodec::DequeueBuffer: pts:311.311 idx:8664
2024-11-28 16:00:25.133 T:6455 debug : CAMLCodec::GetPicture: index: 8664, pts: 311.311, dur:42.000ms ar:1.78 elf:42ms
2024-11-28 16:00:25.133 T:6455 debug : CVideoPlayerVideo::OutputPicture - ttd:397ms pts:311.311 Clock:310.913 Level:5
2024-11-28 16:00:25.133 T:4489 debug : PrepareNextRender: frameOnScreen: 310.914 renderPts: 311.124 nextFramePts: 311.102 -> diff: 0.022 render: 1 forceNext: 0
2024-11-28 16:00:25.134 T:6455 debug : CAMLCodec::AddData: skip add data dl:15541489 fl:181007 sz:535551(535616) lv:102.2% dts:313.522 pts:313.647
2024-11-28 16:00:25.138 T:4489 info : Skipped 1 duplicate messages..
2024-11-28 16:00:25.138 T:4489 debug : CAMLCodec::ReleaseFrame idx:8659, drop:0
2024-11-28 16:00:25.138 T:6455 debug : CAMLCodec::AddData: skip add data dl:15541489 fl:181007 sz:535551(535616) lv:102.2% dts:313.522 pts:313.647
2024-11-28 16:00:25.144 T:4494 info : Skipped 3 duplicate messages..
2024-11-28 16:00:25.144 T:4494 debug : CLibInputKeyboard::ProcessKey - using delay: 500ms repeat: 33ms
2024-11-28 16:00:25.144 T:6502 debug : Thread Timer start, auto delete: false
2024-11-28 16:00:25.144 T:6455 debug : CAMLCodec::AddData: skip add data dl:15541489 fl:181007 sz:535551(535616) lv:102.2% dts:313.522 pts:313.647
2024-11-28 16:00:25.154 T:6452 info : Skipped 6 duplicate messages..
2024-11-28 16:00:25.154 T:6452 debug : CVideoPlayer::ProcessVideoData size:346761 dts:318.235 pts:318.360 dur:41.000ms, clock:310.935 level:100
2024-11-28 16:00:25.154 T:6455 debug : CAMLCodec::AddData: skip add data dl:15541489 fl:181007 sz:535551(535616) lv:102.2% dts:313.522 pts:313.647
2024-11-28 16:00:25.155 T:6452 debug : CVideoPlayer::ProcessVideoData size:276030 dts:318.276 pts:318.318 dur:41.000ms, clock:310.936 level:100
2024-11-28 16:00:25.157 T:6455 debug : CAMLCodec::AddData: skip add data dl:15541489 fl:181007 sz:535551(535616) lv:102.2% dts:313.522 pts:313.647
2024-11-28 16:00:25.171 T:6455 info : Skipped 9 duplicate messages..
2024-11-28 16:00:25.171 T:6455 debug : CAMLCodec::AddData: skip add data dl:15237425 fl:485071 sz:535551(535616) lv:100.3% dts:313.522 pts:313.647
2024-11-28 16:00:25.172 T:4489 debug : CAMLCodec::PollFrame elapsed:33.484ms
2024-11-28 16:00:25.173 T:6455 debug : CAMLCodec::DequeueBuffer: pts:311.353 idx:8665
2024-11-28 16:00:25.173 T:6455 debug : CAMLCodec::GetPicture: index: 8665, pts: 311.353, dur:42.000ms ar:1.78 elf:40ms
2024-11-28 16:00:25.173 T:6455 debug : CVideoPlayerVideo::OutputPicture - ttd:398ms pts:311.353 Clock:310.954 Level:5
2024-11-28 16:00:25.173 T:4489 debug : Keyboard: scancode: 0x1c, sym: 0x0d (enter), unicode: 0x0d, modifier: 0x0
2024-11-28 16:00:25.175 T:6455 debug : CAMLCodec::AddData: skip add data dl:15237425 fl:485071 sz:535551(535616) lv:100.3% dts:313.522 pts:313.647
2024-11-28 16:00:25.175 T:4489 debug : PrepareNextRender: frameOnScreen: 310.956 renderPts: 311.165 nextFramePts: 311.144 -> diff: 0.021 render: 1 forceNext: 0
2024-11-28 16:00:25.177 T:6455 debug : CAMLCodec::AddData: skip add data dl:15237425 fl:485071 sz:535551(535616) lv:100.3% dts:313.522 pts:313.647
2024-11-28 16:00:25.179 T:4489 info : Skipped 1 duplicate messages..
2024-11-28 16:00:25.179 T:4489 debug : CAMLCodec::ReleaseFrame idx:8660, drop:0
2024-11-28 16:00:25.180 T:6455 debug : CAMLCodec::AddData: skip add data dl:15237425 fl:485071 sz:535551(535616) lv:100.3% dts:313.522 pts:313.647
2024-11-28 16:00:25.213 T:4489 info : Skipped 23 duplicate messages..
2024-11-28 16:00:25.213 T:4489 debug : CAMLCodec::PollFrame elapsed:34.257ms
2024-11-28 16:00:25.214 T:6455 debug : CAMLCodec::AddData: skip add data dl:15237425 fl:485071 sz:535551(535616) lv:100.3% dts:313.522 pts:313.647
2024-11-28 16:00:25.215 T:6455 debug : CAMLCodec::DequeueBuffer: pts:311.394 idx:8666
2024-11-28 16:00:25.215 T:6455 debug : CAMLCodec::GetPicture: index: 8666, pts: 311.394, dur:41.000ms ar:1.78 elf:41ms
2024-11-28 16:00:25.215 T:6455 debug : CVideoPlayerVideo::OutputPicture - ttd:397ms pts:311.394 Clock:310.996 Level:5
2024-11-28 16:00:25.216 T:4489 debug : PrepareNextRender: frameOnScreen: 310.997 renderPts: 311.205 nextFramePts: 311.186 -> diff: 0.019 render: 1 forceNext: 0
2024-11-28 16:00:25.219 T:4489 debug : CAMLCodec::ReleaseFrame idx:8661, drop:0
2024-11-28 16:00:25.220 T:6455 debug : CAMLCodec::AddData: dl:15540465 fl:182031 sz:535551(535616) lv:98.8% dts:313.522 pts:313.647
2024-11-28 16:00:25.220 T:6455 debug : CAMLCodec::AddData: skip add data dl:15540400 fl:182096 sz:504569(504640) lv:102.0% dts:313.563 pts:313.980
2024-11-28 16:00:25.227 T:6452 info : Skipped 4 duplicate messages..
2024-11-28 16:00:25.227 T:6452 debug : CVideoPlayer::ProcessVideoData size:272056 dts:318.318 pts:318.401 dur:41.000ms, clock:311.008 level:100
2024-11-28 16:00:25.229 T:6455 debug : CAMLCodec::AddData: skip add data dl:15540400 fl:182096 sz:504569(504640) lv:102.0% dts:313.563 pts:313.980
2024-11-28 16:00:25.255 T:6455 info : Skipped 16 duplicate messages..
2024-11-28 16:00:25.254 T:6455 debug : CAMLCodec::DequeueBuffer: pts:311.436 idx:8667
2024-11-28 16:00:25.255 T:6455 debug : CAMLCodec::GetPicture: index: 8667, pts: 311.436, dur:42.000ms ar:1.78 elf:39ms
2024-11-28 16:00:25.255 T:6455 debug : CVideoPlayerVideo::OutputPicture - ttd:400ms pts:311.436 Clock:311.036 Level:5
2024-11-28 16:00:25.255 T:4489 debug : CAMLCodec::PollFrame elapsed:35.813ms
2024-11-28 16:00:25.256 T:6455 debug : CAMLCodec::AddData: skip add data dl:15296816 fl:425680 sz:504569(504640) lv:100.5% dts:313.563 pts:313.980
2024-11-28 16:00:25.259 T:4489 info : Skipped 1 duplicate messages..
2024-11-28 16:00:25.259 T:4489 debug : PrepareNextRender: frameOnScreen: 311.039 renderPts: 311.248 nextFramePts: 311.228 -> diff: 0.020 render: 1 forceNext: 0
2024-11-28 16:00:25.260 T:6455 debug : CAMLCodec::AddData: skip add data dl:15296816 fl:425680 sz:504569(504640) lv:100.5% dts:313.563 pts:313.980
2024-11-28 16:00:25.262 T:4489 info : Skipped 1 duplicate messages..
2024-11-28 16:00:25.262 T:4489 debug : CAMLCodec::ReleaseFrame idx:8662, drop:0
2024-11-28 16:00:25.264 T:6455 debug : CAMLCodec::AddData: skip add data dl:15296816 fl:425680 sz:504569(504640) lv:100.5% dts:313.563 pts:313.980
2024-11-28 16:00:25.297 T:4489 info : Skipped 22 duplicate messages..
2024-11-28 16:00:25.297 T:4489 debug : CAMLCodec::PollFrame elapsed:34.271ms
2024-11-28 16:00:25.297 T:6455 debug : CAMLCodec::DequeueBuffer: pts:311.478 idx:8668
2024-11-28 16:00:25.297 T:6455 debug : CAMLCodec::GetPicture: index: 8668, pts: 311.478, dur:42.000ms ar:1.78 elf:41ms
2024-11-28 16:00:25.297 T:6455 debug : CVideoPlayerVideo::OutputPicture - ttd:400ms pts:311.478 Clock:311.078 Level:5
2024-11-28 16:00:25.301 T:4489 debug : PrepareNextRender: frameOnScreen: 311.082 renderPts: 311.291 nextFramePts: 311.269 -> diff: 0.022 render: 1 forceNext: 0
2024-11-28 16:00:25.301 T:6455 debug : CAMLCodec::AddData: dl:15503408 fl:219088 sz:504569(504640) lv:98.6% dts:313.563 pts:313.980
2024-11-28 16:00:25.302 T:6455 debug : CAMLCodec::AddData: skip add data dl:15503337 fl:219159 sz:372222(372288) lv:100.9% dts:313.605 pts:313.814
2024-11-28 16:00:25.305 T:4489 info : Skipped 1 duplicate messages..
2024-11-28 16:00:25.305 T:4489 debug : CAMLCodec::ReleaseFrame idx:8663, drop:0
2024-11-28 16:00:25.305 T:6455 debug : CAMLCodec::AddData: skip add data dl:15503337 fl:219159 sz:372222(372288) lv:100.9% dts:313.605 pts:313.814
2024-11-28 16:00:25.319 T:6452 info : Skipped 10 duplicate messages..
2024-11-28 16:00:25.319 T:6452 debug : CVideoPlayer::ProcessVideoData size:400336 dts:318.360 pts:318.735 dur:41.000ms, clock:311.100 level:59
2024-11-28 16:00:25.321 T:6455 debug : CAMLCodec::AddData: skip add data dl:15503337 fl:219159 sz:372222(372288) lv:100.9% dts:313.605 pts:313.814
2024-11-28 16:00:25.324 T:6502 info : Skipped 2 duplicate messages..
2024-11-28 16:00:25.324 T:6502 debug : Thread Timer 3814412800 terminating
2024-11-28 16:00:25.325 T:6455 debug : CAMLCodec::AddData: skip add data dl:15503337 fl:219159 sz:372222(372288) lv:100.9% dts:313.605 pts:313.814
2024-11-28 16:00:25.338 T:4489 info : Skipped 9 duplicate messages..
2024-11-28 16:00:25.338 T:4489 debug : CAMLCodec::PollFrame elapsed:33.154ms
2024-11-28 16:00:25.339 T:6455 debug : CAMLCodec::DequeueBuffer: pts:311.520 idx:8669
2024-11-28 16:00:25.339 T:6455 debug : CAMLCodec::GetPicture: index: 8669, pts: 311.520, dur:42.000ms ar:1.78 elf:42ms
2024-11-28 16:00:25.339 T:6455 debug : CVideoPlayerVideo::OutputPicture - ttd:400ms pts:311.520 Clock:311.120 Level:5
2024-11-28 16:00:25.339 T:4489 debug : Keyboard: scancode: 0x1c, sym: 0x0d (enter), unicode: 0x0d, modifier: 0x0
2024-11-28 16:00:25.340 T:4489 debug : HandleKey: return (0xf00d) pressed, window 12005, action is OSD
2024-11-28 16:00:25.340 T:4489 debug : ------ Window Init (VideoOSD.xml) ------
2024-11-28 16:00:25.340 T:6455 debug : CAMLCodec::DequeueBuffer: pts:311.561 idx:8670
2024-11-28 16:00:25.340 T:6455 debug : CAMLCodec::GetPicture: index: 8670, pts: 311.561, dur:41.000ms ar:1.78 elf:1ms
2024-11-28 16:00:25.340 T:6455 debug : CVideoPlayerVideo::OutputPicture - ttd:439ms pts:311.561 Clock:311.121 Level:6
2024-11-28 16:00:25.341 T:6455 debug : CAMLCodec::DequeueBuffer: pts:311.603 idx:8671
2024-11-28 16:00:25.342 T:6455 debug : CAMLCodec::GetPicture: index: 8671, pts: 311.603, dur:42.000ms ar:1.78 elf:1ms
2024-11-28 16:00:25.342 T:6455 debug : CVideoPlayerVideo::OutputPicture - ttd:480ms pts:311.603 Clock:311.122 Level:7
2024-11-28 16:00:25.343 T:6455 debug : CAMLCodec::DequeueBuffer: pts:311.645 idx:8672
2024-11-28 16:00:25.343 T:6455 debug : CAMLCodec::GetPicture: index: 8672, pts: 311.645, dur:42.000ms ar:1.78 elf:1ms
2024-11-28 16:00:25.343 T:6455 debug : CVideoPlayerVideo::OutputPicture - ttd:521ms pts:311.645 Clock:311.124 Level:8
2024-11-28 16:00:25.347 T:6455 debug : CAMLCodec::AddData: dl:15633001 fl:89495 sz:372222(372288) lv:99.4% dts:313.605 pts:313.814
2024-11-28 16:00:25.347 T:6455 debug : CAMLCodec::AddData: skip add data dl:15632935 fl:89561 sz:346420(346496) lv:101.6% dts:313.647 pts:313.730
2024-11-28 16:00:25.348 T:4489 debug : ------ Window Init (DialogSeekBar.xml) ------
2024-11-28 16:00:25.349 T:6455 debug : CAMLCodec::AddData: skip add data dl:15632935 fl:89561 sz:346420(346496) lv:101.6% dts:313.647 pts:313.730
2024-11-28 16:00:25.350 T:4489 debug : PrepareNextRender: frameOnScreen: 311.131 renderPts: 311.339 nextFramePts: 311.311 -> diff: 0.028 render: 1 forceNext: 0
2024-11-28 16:00:25.350 T:6455 debug : CAMLCodec::AddData: skip add data dl:15632935 fl:89561 sz:346420(346496) lv:101.6% dts:313.647 pts:313.730
2024-11-28 16:00:25.353 T:4489 info : Skipped 1 duplicate messages..
2024-11-28 16:00:25.353 T:4489 debug : CAMLCodec::ReleaseFrame idx:8664, drop:0
2024-11-28 16:00:25.353 T:6455 debug : CAMLCodec::AddData: skip add data dl:15632935 fl:89561 sz:346420(346496) lv:101.6% dts:313.647 pts:313.730
2024-11-28 16:00:25.380 T:4489 info : Skipped 19 duplicate messages..
2024-11-28 16:00:25.380 T:4489 debug : CAMLCodec::PollFrame elapsed:27.293ms
2024-11-28 16:00:25.382 T:6455 debug : CAMLCodec::AddData: dl:15568679 fl:153817 sz:346420(346496) lv:99.0% dts:313.647 pts:313.730
2024-11-28 16:00:25.382 T:4489 debug : ------ Window Init (Custom_1109_TopBarOverlay.xml) ------
2024-11-28 16:00:25.382 T:6452 debug : CVideoPlayer::ProcessVideoData size:335111 dts:318.401 pts:318.610 dur:41.000ms, clock:311.163 level:59
2024-11-28 16:00:25.383 T:6455 debug : CAMLCodec::AddData: skip add data dl:15568603 fl:153893 sz:299955(300032) lv:100.9% dts:313.688 pts:313.688
2024-11-28 16:00:25.384 T:6452 debug : CVideoPlayer::ProcessVideoData size:342568 dts:318.443 pts:318.527 dur:41.000ms, clock:311.165 level:59
2024-11-28 16:00:25.385 T:6455 debug : CAMLCodec::AddData: skip add data dl:15568603 fl:153893 sz:299955(300032) lv:100.9% dts:313.688 pts:313.688
2024-11-28 16:00:25.390 T:4489 info : Skipped 3 duplicate messages..
2024-11-28 16:00:25.390 T:4489 debug : PrepareNextRender: frameOnScreen: 311.170 renderPts: 311.379 nextFramePts: 311.353 -> diff: 0.026 render: 1 forceNext: 0
2024-11-28 16:00:25.391 T:6455 debug : CAMLCodec::AddData: skip add data dl:15568603 fl:153893 sz:299955(300032) lv:100.9% dts:313.688 pts:313.688
2024-11-28 16:00:25.400 T:4489 info : Skipped 6 duplicate messages..
2024-11-28 16:00:25.400 T:4489 debug : CAMLCodec::ReleaseFrame idx:8665, drop:0
2024-11-28 16:00:25.401 T:6455 debug : CAMLCodec::AddData: skip add data dl:15568603 fl:153893 sz:299955(300032) lv:100.9% dts:313.688 pts:313.688
2024-11-28 16:00:25.422 T:4489 info : Skipped 15 duplicate messages..
2024-11-28 16:00:25.422 T:4489 debug : CAMLCodec::PollFrame elapsed:21.259ms
2024-11-28 16:00:25.422 T:6455 debug : CAMLCodec::AddData: skip add data dl:15568603 fl:153893 sz:299955(300032) lv:100.9% dts:313.688 pts:313.688
2024-11-28 16:00:25.426 T:6455 debug : CAMLCodec::AddData: dl:15493979 fl:228517 sz:299955(300032) lv:98.5% dts:313.688 pts:313.688
2024-11-28 16:00:25.426 T:6455 debug : CAMLCodec::AddData: skip add data dl:15493902 fl:228594 sz:306509(306624) lv:100.5% dts:313.730 pts:313.772
2024-11-28 16:00:25.427 T:4489 debug : PrepareNextRender: frameOnScreen: 311.208 renderPts: 311.416 nextFramePts: 311.394 -> diff: 0.022 render: 1 forceNext: 0
2024-11-28 16:00:25.428 T:6455 debug : CAMLCodec::AddData: skip add data dl:15493902 fl:228594 sz:306509(306624) lv:100.5% dts:313.730 pts:313.772
2024-11-28 16:00:25.434 T:4489 info : Skipped 3 duplicate messages..
2024-11-28 16:00:25.434 T:4489 debug : CAMLCodec::ReleaseFrame idx:8666, drop:0
2024-11-28 16:00:25.434 T:6455 debug : CAMLCodec::AddData: skip add data dl:15493902 fl:228594 sz:306509(306624) lv:100.5% dts:313.730 pts:313.772
2024-11-28 16:00:25.463 T:4489 info : Skipped 23 duplicate messages..
2024-11-28 16:00:25.463 T:4489 debug : CAMLCodec::PollFrame elapsed:29.333ms
2024-11-28 16:00:25.467 T:6455 debug : CAMLCodec::AddData: dl:15507278 fl:215218 sz:306509(306624) lv:98.6% dts:313.730 pts:313.772
2024-11-28 16:00:25.467 T:6452 debug : CVideoPlayer::ProcessVideoData size:295328 dts:318.485 pts:318.485 dur:41.000ms, clock:311.248 level:59
2024-11-28 16:00:25.468 T:6455 debug : CAMLCodec::AddData: skip add data dl:15507163 fl:215333 sz:375526(375616) lv:101.0% dts:313.772 pts:313.897
2024-11-28 16:00:25.469 T:6452 debug : CVideoPlayer::ProcessVideoData size:278450 dts:318.527 pts:318.568 dur:41.000ms, clock:311.250 level:100
2024-11-28 16:00:25.471 T:6455 debug : CAMLCodec::AddData: skip add data dl:15507163 fl:215333 sz:375526(375616) lv:101.0% dts:313.772 pts:313.897
2024-11-28 16:00:25.471 T:4489 debug : PrepareNextRender: frameOnScreen: 311.252 renderPts: 311.461 nextFramePts: 311.436 -> diff: 0.025 render: 1 forceNext: 0
2024-11-28 16:00:25.472 T:6455 debug : CAMLCodec::AddData: skip add data dl:15507163 fl:215333 sz:375526(375616) lv:101.0% dts:313.772 pts:313.897
2024-11-28 16:00:25.479 T:4489 info : Skipped 4 duplicate messages..
2024-11-28 16:00:25.479 T:4489 debug : CAMLCodec::ReleaseFrame idx:8667, drop:0
2024-11-28 16:00:25.480 T:6455 debug : CAMLCodec::AddData: skip add data dl:15507163 fl:215333 sz:375526(375616) lv:101.0% dts:313.772 pts:313.897
2024-11-28 16:00:25.501 T:6452 info : Skipped 14 duplicate messages..
2024-11-28 16:00:25.501 T:6452 debug : CVideoPlayer::ProcessVideoData size:339220 dts:318.568 pts:318.693 dur:41.000ms, clock:311.281 level:100
2024-11-28 16:00:25.501 T:6455 debug : CAMLCodec::AddData: skip add data dl:15507163 fl:215333 sz:375526(375616) lv:101.0% dts:313.772 pts:313.897
2024-11-28 16:00:25.505 T:4489 info : Skipped 3 duplicate messages..
2024-11-28 16:00:25.505 T:4489 debug : CAMLCodec::PollFrame elapsed:25.441ms
2024-11-28 16:00:25.506 T:6455 debug : CAMLCodec::DequeueBuffer: pts:311.686 idx:8673
2024-11-28 16:00:25.506 T:6455 debug : CAMLCodec::GetPicture: index: 8673, pts: 311.686, dur:41.000ms ar:1.78 elf:163ms
2024-11-28 16:00:25.507 T:6455 debug : CVideoPlayerVideo::OutputPicture - ttd:398ms pts:311.686 Clock:311.287 Level:5
2024-11-28 16:00:25.510 T:4489 debug : PrepareNextRender: frameOnScreen: 311.291 renderPts: 311.500 nextFramePts: 311.478 -> diff: 0.022 render: 1 forceNext: 0
2024-11-28 16:00:25.511 T:6455 debug : CAMLCodec::AddData: dl:15591643 fl:130853 sz:375526(375616) lv:99.1% dts:313.772 pts:313.897
2024-11-28 16:00:25.512 T:6455 debug : CAMLCodec::AddData: skip add data dl:15591553 fl:130943 sz:294816(294912) lv:101.0% dts:313.814 pts:313.855
2024-11-28 16:00:25.519 T:4489 info : Skipped 4 duplicate messages..
2024-11-28 16:00:25.519 T:4489 debug : CAMLCodec::ReleaseFrame idx:8668, drop:0
2024-11-28 16:00:25.519 T:6455 debug : CAMLCodec::AddData: skip add data dl:15591553 fl:130943 sz:294816(294912) lv:101.0% dts:313.814 pts:313.855
2024-11-28 16:00:25.547 T:4489 info : Skipped 20 duplicate messages..
2024-11-28 16:00:25.547 T:4489 debug : CAMLCodec::PollFrame elapsed:27.733ms
2024-11-28 16:00:25.547 T:6455 debug : CAMLCodec::DequeueBuffer: pts:311.728 idx:8674
2024-11-28 16:00:25.547 T:6455 debug : CAMLCodec::GetPicture: index: 8674, pts: 311.728, dur:42.000ms ar:1.78 elf:40ms
2024-11-28 16:00:25.547 T:6455 debug : CVideoPlayerVideo::OutputPicture - ttd:399ms pts:311.728 Clock:311.328 Level:5
2024-11-28 16:00:25.551 T:6455 debug : CAMLCodec::AddData: dl:15662529 fl:59967 sz:294816(294912) lv:99.6% dts:313.814 pts:313.855
2024-11-28 16:00:25.553 T:6455 debug : CAMLCodec::AddData: skip add data dl:15662433 fl:60063 sz:305292(305408) lv:101.5% dts:313.855 pts:313.939
2024-11-28 16:00:25.553 T:6452 debug : CVideoPlayer::ProcessVideoData size:269383 dts:318.610 pts:318.652 dur:41.000ms, clock:311.334 level:59
2024-11-28 16:00:25.554 T:4489 debug : PrepareNextRender: frameOnScreen: 311.335 renderPts: 311.543 nextFramePts: 311.520 -> diff: 0.023 render: 1 forceNext: 0
2024-11-28 16:00:25.555 T:6455 debug : CAMLCodec::AddData: skip add data dl:15662433 fl:60063 sz:305292(305408) lv:101.5% dts:313.855 pts:313.939
2024-11-28 16:00:25.562 T:4489 info : Skipped 4 duplicate messages..
2024-11-28 16:00:25.562 T:4489 debug : CAMLCodec::ReleaseFrame idx:8669, drop:0
2024-11-28 16:00:25.562 T:6455 debug : CAMLCodec::AddData: skip add data dl:15662433 fl:60063 sz:305292(305408) lv:101.5% dts:313.855 pts:313.939
2024-11-28 16:00:25.588 T:4489 info : Skipped 20 duplicate messages..
2024-11-28 16:00:25.588 T:4489 debug : CAMLCodec::PollFrame elapsed:26.177ms
2024-11-28 16:00:25.590 T:6455 debug : CAMLCodec::AddData: skip add data dl:15429537 fl:292959 sz:305292(305408) lv:100.0% dts:313.855 pts:313.939
2024-11-28 16:00:25.591 T:6455 debug : CAMLCodec::DequeueBuffer: pts:311.770 idx:8675
2024-11-28 16:00:25.591 T:6455 debug : CAMLCodec::GetPicture: index: 8675, pts: 311.770, dur:42.000ms ar:1.78 elf:43ms
2024-11-28 16:00:25.591 T:6455 debug : CVideoPlayerVideo::OutputPicture - ttd:397ms pts:311.770 Clock:311.372 Level:5
2024-11-28 16:00:25.593 T:6455 debug : CAMLCodec::AddData: skip add data dl:15429537 fl:292959 sz:305292(305408) lv:100.0% dts:313.855 pts:313.939
2024-11-28 16:00:25.593 T:4489 debug : PrepareNextRender: frameOnScreen: 311.374 renderPts: 311.583 nextFramePts: 311.561 -> diff: 0.022 render: 1 forceNext: 0
2024-11-28 16:00:25.594 T:6455 debug : CAMLCodec::AddData: skip add data dl:15429537 fl:292959 sz:305292(305408) lv:100.0% dts:313.855 pts:313.939
2024-11-28 16:00:25.599 T:4489 info : Skipped 2 duplicate messages..
2024-11-28 16:00:25.599 T:4489 debug : CAMLCodec::ReleaseFrame idx:8670, drop:0
2024-11-28 16:00:25.599 T:6455 debug : CAMLCodec::AddData: skip add data dl:15429537 fl:292959 sz:305292(305408) lv:100.0% dts:313.855 pts:313.939
2024-11-28 16:00:25.630 T:4489 info : Skipped 24 duplicate messages..
2024-11-28 16:00:25.630 T:4489 debug : CAMLCodec::PollFrame elapsed:31.150ms
2024-11-28 16:00:25.633 T:6455 debug : CAMLCodec::AddData: dl:15435425 fl:287071 sz:305292(305408) lv:98.1% dts:313.855 pts:313.939
2024-11-28 16:00:25.634 T:6455 debug : CAMLCodec::DequeueBuffer: pts:311.812 idx:8676
2024-11-28 16:00:25.634 T:6455 debug : CAMLCodec::GetPicture: index: 8676, pts: 311.812, dur:42.000ms ar:1.78 elf:42ms
2024-11-28 16:00:25.634 T:6455 debug : CVideoPlayerVideo::OutputPicture - ttd:397ms pts:311.812 Clock:311.415 Level:5
2024-11-28 16:00:25.636 T:6455 debug : CAMLCodec::AddData: skip add data dl:15435309 fl:287187 sz:500025(500096) lv:101.3% dts:313.897 pts:314.314
2024-11-28 16:00:25.636 T:4489 debug : PrepareNextRender: frameOnScreen: 311.417 renderPts: 311.625 nextFramePts: 311.603 -> diff: 0.022 render: 1 forceNext: 0
2024-11-28 16:00:25.638 T:6455 debug : CAMLCodec::AddData: skip add data dl:15435309 fl:287187 sz:500025(500096) lv:101.3% dts:313.897 pts:314.314
2024-11-28 16:00:25.639 T:6452 debug : CVideoPlayer::ProcessVideoData size:501498 dts:318.652 pts:318.777 dur:41.000ms, clock:311.419 level:59
2024-11-28 16:00:25.640 T:6455 debug : CAMLCodec::AddData: skip add data dl:15435309 fl:287187 sz:500025(500096) lv:101.3% dts:313.897 pts:314.314
2024-11-28 16:00:25.643 T:4489 info : Skipped 1 duplicate messages..
2024-11-28 16:00:25.643 T:4489 debug : CAMLCodec::ReleaseFrame idx:8671, drop:0
2024-11-28 16:00:25.644 T:6455 debug : CAMLCodec::AddData: skip add data dl:15435309 fl:287187 sz:500025(500096) lv:101.3% dts:313.897 pts:314.314
2024-11-28 16:00:25.673 T:4489 info : Skipped 18 duplicate messages..
2024-11-28 16:00:25.673 T:4489 debug : CAMLCodec::PollFrame elapsed:29.557ms
2024-11-28 16:00:25.674 T:6455 debug : CAMLCodec::AddData: dl:15698733 fl:23763 sz:500025(500096) lv:99.8% dts:313.897 pts:314.314
2024-11-28 16:00:25.675 T:6455 debug : CAMLCodec::DequeueBuffer: pts:311.853 idx:8677
2024-11-28 16:00:25.675 T:6455 debug : CAMLCodec::GetPicture: index: 8677, pts: 311.853, dur:41.000ms ar:1.78 elf:41ms
2024-11-28 16:00:25.675 T:6455 debug : CVideoPlayerVideo::OutputPicture - ttd:397ms pts:311.853 Clock:311.456 Level:5
2024-11-28 16:00:25.677 T:6455 debug : CAMLCodec::AddData: skip add data dl:15698662 fl:23834 sz:375986(376064) lv:102.2% dts:313.939 pts:314.147
2024-11-28 16:00:25.678 T:4489 debug : PrepareNextRender: frameOnScreen: 311.459 renderPts: 311.668 nextFramePts: 311.645 -> diff: 0.023 render: 1 forceNext: 0
2024-11-28 16:00:25.679 T:6455 debug : CAMLCodec::AddData: skip add data dl:15698662 fl:23834 sz:375986(376064) lv:102.2% dts:313.939 pts:314.147
2024-11-28 16:00:25.692 T:6452 info : Skipped 6 duplicate messages..
2024-11-28 16:00:25.692 T:6452 debug : CVideoPlayer::ProcessVideoData size:443218 dts:318.693 pts:319.110 dur:41.000ms, clock:311.473 level:59
2024-11-28 16:00:25.692 T:6455 debug : CAMLCodec::AddData: skip add data dl:15698662 fl:23834 sz:375986(376064) lv:102.2% dts:313.939 pts:314.147
2024-11-28 16:00:25.692 T:4489 debug : CAMLCodec::ReleaseFrame idx:8672, drop:0
2024-11-28 16:00:25.693 T:6455 debug : CAMLCodec::AddData: skip add data dl:15698662 fl:23834 sz:375986(376064) lv:102.2% dts:313.939 pts:314.147
2024-11-28 16:00:25.714 T:4489 info : Skipped 13 duplicate messages..
2024-11-28 16:00:25.714 T:4489 debug : CAMLCodec::PollFrame elapsed:21.318ms
2024-11-28 16:00:25.714 T:6455 debug : CAMLCodec::AddData: skip add data dl:15698662 fl:23834 sz:375986(376064) lv:102.2% dts:313.939 pts:314.147
2024-11-28 16:00:25.715 T:6455 debug : CAMLCodec::DequeueBuffer: pts:311.895 idx:8678
2024-11-28 16:00:25.715 T:6455 debug : CAMLCodec::GetPicture: index: 8678, pts: 311.895, dur:42.000ms ar:1.78 elf:40ms
2024-11-28 16:00:25.716 T:6455 debug : CVideoPlayerVideo::OutputPicture - ttd:398ms pts:311.895 Clock:311.496 Level:5
2024-11-28 16:00:25.717 T:6455 debug : CAMLCodec::AddData: skip add data dl:15467622 fl:254874 sz:375986(376064) lv:100.7% dts:313.939 pts:314.147
2024-11-28 16:00:25.720 T:4489 info : Skipped 1 duplicate messages..
2024-11-28 16:00:25.720 T:4489 debug : PrepareNextRender: frameOnScreen: 311.501 renderPts: 311.709 nextFramePts: 311.686 -> diff: 0.023 render: 1 forceNext: 0
2024-11-28 16:00:25.720 T:6455 debug : CAMLCodec::AddData: skip add data dl:15467622 fl:254874 sz:375986(376064) lv:100.7% dts:313.939 pts:314.147
2024-11-28 16:00:25.726 T:4489 info : Skipped 3 duplicate messages..
2024-11-28 16:00:25.726 T:4489 debug : CAMLCodec::ReleaseFrame idx:8673, drop:0
2024-11-28 16:00:25.726 T:6455 debug : CAMLCodec::AddData: skip add data dl:15467622 fl:254874 sz:375986(376064) lv:100.7% dts:313.939 pts:314.147
2024-11-28 16:00:25.755 T:4489 info : Skipped 21 duplicate messages..
2024-11-28 16:00:25.755 T:4489 debug : CAMLCodec::PollFrame elapsed:29.269ms
2024-11-28 16:00:25.758 T:6455 debug : CAMLCodec::AddData: dl:15453542 fl:268954 sz:375986(376064) lv:98.3% dts:313.939 pts:314.147
2024-11-28 16:00:25.758 T:6455 debug : CAMLCodec::DequeueBuffer: pts:311.937 idx:8679
2024-11-28 16:00:25.758 T:6455 debug : CAMLCodec::GetPicture: index: 8679, pts: 311.937, dur:42.000ms ar:1.78 elf:42ms
2024-11-28 16:00:25.759 T:6455 debug : CVideoPlayerVideo::OutputPicture - ttd:397ms pts:311.937 Clock:311.539 Level:5
2024-11-28 16:00:25.760 T:4489 debug : PrepareNextRender: frameOnScreen: 311.541 renderPts: 311.750 nextFramePts: 311.728 -> diff: 0.022 render: 1 forceNext: 0
2024-11-28 16:00:25.760 T:6455 debug : CAMLCodec::AddData: skip add data dl:15453464 fl:269032 sz:384691(384768) lv:100.7% dts:313.980 pts:314.064
2024-11-28 16:00:25.764 T:4489 info : Skipped 2 duplicate messages..
2024-11-28 16:00:25.764 T:4489 debug : CAMLCodec::ReleaseFrame idx:8674, drop:0
2024-11-28 16:00:25.765 T:6455 debug : CAMLCodec::AddData: skip add data dl:15453464 fl:269032 sz:384691(384768) lv:100.7% dts:313.980 pts:314.064
2024-11-28 16:00:25.797 T:4489 info : Skipped 23 duplicate messages..
2024-11-28 16:00:25.797 T:4489 debug : CAMLCodec::PollFrame elapsed:32.588ms
2024-11-28 16:00:25.800 T:6455 debug : CAMLCodec::AddData: dl:15531480 fl:191016 sz:384691(384768) lv:98.7% dts:313.980 pts:314.064
2024-11-28 16:00:25.800 T:6455 debug : CAMLCodec::DequeueBuffer: pts:311.978 idx:8680
2024-11-28 16:00:25.800 T:6455 debug : CAMLCodec::GetPicture: index: 8680, pts: 311.978, dur:41.000ms ar:1.78 elf:41ms
2024-11-28 16:00:25.801 T:6455 debug : CVideoPlayerVideo::OutputPicture - ttd:396ms pts:311.978 Clock:311.581 Level:5
2024-11-28 16:00:25.802 T:6455 debug : CAMLCodec::AddData: skip add data dl:15531403 fl:191093 sz:307973(308096) lv:100.7% dts:314.022 pts:314.022
2024-11-28 16:00:25.802 T:4489 debug : PrepareNextRender: frameOnScreen: 311.583 renderPts: 311.792 nextFramePts: 311.770 -> diff: 0.022 render: 1 forceNext: 0
2024-11-28 16:00:25.805 T:6455 debug : CAMLCodec::AddData: skip add data dl:15531403 fl:191093 sz:307973(308096) lv:100.7% dts:314.022 pts:314.022
2024-11-28 16:00:25.805 T:6452 debug : CVideoPlayer::ProcessVideoData size:336379 dts:318.735 pts:318.944 dur:41.000ms, clock:311.586 level:58
2024-11-28 16:00:25.806 T:6452 debug : CVideoPlayer::ProcessVideoData size:345787 dts:318.777 pts:318.860 dur:41.000ms, clock:311.587 level:59
2024-11-28 16:00:25.808 T:4489 debug : CAMLCodec::ReleaseFrame idx:8675, drop:0
2024-11-28 16:00:25.808 T:6455 debug : CAMLCodec::AddData: skip add data dl:15531403 fl:191093 sz:307973(308096) lv:100.7% dts:314.022 pts:314.022
2024-11-28 16:00:25.839 T:6455 info : Skipped 21 duplicate messages..
2024-11-28 16:00:25.839 T:6455 debug : CAMLCodec::DequeueBuffer: pts:312.020 idx:8681
2024-11-28 16:00:25.839 T:6455 debug : CAMLCodec::GetPicture: index: 8681, pts: 312.020, dur:42.000ms ar:1.78 elf:38ms
2024-11-28 16:00:25.839 T:4489 debug : CAMLCodec::PollFrame elapsed:30.451ms
2024-11-28 16:00:25.839 T:6455 debug : CVideoPlayerVideo::OutputPicture - ttd:400ms pts:312.020 Clock:311.620 Level:5
2024-11-28 16:00:25.843 T:6455 debug : CAMLCodec::AddData: dl:15535179 fl:187317 sz:307973(308096) lv:98.8% dts:314.022 pts:314.022
2024-11-28 16:00:25.844 T:6455 debug : CAMLCodec::AddData: skip add data dl:15535056 fl:187440 sz:312778(312896) lv:100.8% dts:314.064 pts:314.105
2024-11-28 16:00:25.844 T:4489 debug : PrepareNextRender: frameOnScreen: 311.625 renderPts: 311.834 nextFramePts: 311.812 -> diff: 0.022 render: 1 forceNext: 0
2024-11-28 16:00:25.845 T:6455 debug : CAMLCodec::AddData: skip add data dl:15535056 fl:187440 sz:312778(312896) lv:100.8% dts:314.064 pts:314.105
2024-11-28 16:00:25.849 T:4489 info : Skipped 2 duplicate messages..
2024-11-28 16:00:25.849 T:4489 debug : CAMLCodec::ReleaseFrame idx:8676, drop:0
2024-11-28 16:00:25.850 T:6455 debug : CAMLCodec::AddData: skip add data dl:15535056 fl:187440 sz:312778(312896) lv:100.8% dts:314.064 pts:314.105
2024-11-28 16:00:25.880 T:4489 info : Skipped 23 duplicate messages..
2024-11-28 16:00:25.880 T:4489 debug : CAMLCodec::PollFrame elapsed:31.096ms
2024-11-28 16:00:25.881 T:6455 debug : CAMLCodec::DequeueBuffer: pts:312.062 idx:8682
2024-11-28 16:00:25.881 T:6455 debug : CAMLCodec::GetPicture: index: 8682, pts: 312.062, dur:42.000ms ar:1.78 elf:42ms
2024-11-28 16:00:25.881 T:6455 debug : CVideoPlayerVideo::OutputPicture - ttd:400ms pts:312.062 Clock:311.662 Level:5
2024-11-28 16:00:25.885 T:6455 debug : CAMLCodec::AddData: dl:15604304 fl:118192 sz:312778(312896) lv:99.2% dts:314.064 pts:314.105
2024-11-28 16:00:25.886 T:6455 debug : CAMLCodec::AddData: skip add data dl:15604186 fl:118310 sz:393333(393408) lv:101.7% dts:314.105 pts:314.231
2024-11-28 16:00:25.886 T:4489 debug : PrepareNextRender: frameOnScreen: 311.667 renderPts: 311.876 nextFramePts: 311.853 -> diff: 0.023 render: 1 forceNext: 0
2024-11-28 16:00:25.887 T:6455 debug : CAMLCodec::AddData: skip add data dl:15604186 fl:118310 sz:393333(393408) lv:101.7% dts:314.105 pts:314.231
2024-11-28 16:00:25.889 T:6452 debug : CVideoPlayer::ProcessVideoData size:274365 dts:318.819 pts:318.819 dur:41.000ms, clock:311.669 level:58
2024-11-28 16:00:25.889 T:6455 debug : CAMLCodec::AddData: skip add data dl:15604186 fl:118310 sz:393333(393408) lv:101.7% dts:314.105 pts:314.231
2024-11-28 16:00:25.890 T:6452 debug : CVideoPlayer::ProcessVideoData size:260131 dts:318.860 pts:318.902 dur:41.000ms, clock:311.671 level:59
2024-11-28 16:00:25.892 T:6455 debug : CAMLCodec::AddData: skip add data dl:15604186 fl:118310 sz:393333(393408) lv:101.7% dts:314.105 pts:314.231
2024-11-28 16:00:25.893 T:4489 debug : CAMLCodec::ReleaseFrame idx:8677, drop:0
2024-11-28 16:00:25.893 T:6455 debug : CAMLCodec::AddData: skip add data dl:15604186 fl:118310 sz:393333(393408) lv:101.7% dts:314.105 pts:314.231
2024-11-28 16:00:25.922 T:4489 info : Skipped 20 duplicate messages..
2024-11-28 16:00:25.922 T:4489 debug : CAMLCodec::PollFrame elapsed:29.263ms
2024-11-28 16:00:25.923 T:6455 debug : CAMLCodec::DequeueBuffer: pts:312.103 idx:8683
2024-11-28 16:00:25.923 T:6455 debug : CAMLCodec::GetPicture: index: 8683, pts: 312.103, dur:41.000ms ar:1.78 elf:41ms
2024-11-28 16:00:25.923 T:6455 debug : CVideoPlayerVideo::OutputPicture - ttd:399ms pts:312.103 Clock:311.704 Level:5
2024-11-28 16:00:25.925 T:6455 debug : CAMLCodec::AddData: skip add data dl:15365210 fl:357286 sz:393333(393408) lv:100.2% dts:314.105 pts:314.231
2024-11-28 16:00:25.927 T:4489 info : Skipped 1 duplicate messages..
2024-11-28 16:00:25.927 T:4489 debug : PrepareNextRender: frameOnScreen: 311.708 renderPts: 311.917 nextFramePts: 311.895 -> diff: 0.022 render: 1 forceNext: 0
2024-11-28 16:00:25.928 T:6455 debug : CAMLCodec::AddData: skip add data dl:15365210 fl:357286 sz:393333(393408) lv:100.2% dts:314.105 pts:314.231
2024-11-28 16:00:25.932 T:6452 info : Skipped 2 duplicate messages..
2024-11-28 16:00:25.932 T:6452 debug : CVideoPlayer::ProcessVideoData size:331514 dts:318.902 pts:319.027 dur:41.000ms, clock:311.713 level:100
2024-11-28 16:00:25.932 T:6455 debug : CAMLCodec::AddData: skip add data dl:15365210 fl:357286 sz:393333(393408) lv:100.2% dts:314.105 pts:314.231
2024-11-28 16:00:25.933 T:4489 debug : CAMLCodec::ReleaseFrame idx:8678, drop:0
2024-11-28 16:00:25.934 T:6455 debug : CAMLCodec::AddData: skip add data dl:15365210 fl:357286 sz:393333(393408) lv:100.2% dts:314.105 pts:314.231
2024-11-28 16:00:25.964 T:4489 info : Skipped 21 duplicate messages..
2024-11-28 16:00:25.964 T:4489 debug : CAMLCodec::PollFrame elapsed:30.544ms
2024-11-28 16:00:25.964 T:6455 debug : CAMLCodec::DequeueBuffer: pts:312.145 idx:8684
2024-11-28 16:00:25.964 T:6455 debug : CAMLCodec::GetPicture: index: 8684, pts: 312.145, dur:42.000ms ar:1.78 elf:41ms
2024-11-28 16:00:25.964 T:6455 debug : CVideoPlayerVideo::OutputPicture - ttd:400ms pts:312.145 Clock:311.745 Level:5
2024-11-28 16:00:25.969 T:6455 debug : CAMLCodec::AddData: dl:15458522 fl:263974 sz:393333(393408) lv:98.3% dts:314.105 pts:314.231
2024-11-28 16:00:25.969 T:6455 debug : CAMLCodec::AddData: skip add data dl:15458447 fl:264049 sz:318196(318272) lv:100.3% dts:314.147 pts:314.189
2024-11-28 16:00:25.970 T:4489 debug : PrepareNextRender: frameOnScreen: 311.751 renderPts: 311.960 nextFramePts: 311.937 -> diff: 0.023 render: 1 forceNext: 0
2024-11-28 16:00:25.971 T:6455 debug : CAMLCodec::AddData: skip add data dl:15458447 fl:264049 sz:318196(318272) lv:100.3% dts:314.147 pts:314.189
2024-11-28 16:00:25.975 T:4489 info : Skipped 2 duplicate messages..
2024-11-28 16:00:25.975 T:4489 debug : CAMLCodec::ReleaseFrame idx:8679, drop:0
2024-11-28 16:00:25.975 T:6455 debug : CAMLCodec::AddData: skip add data dl:15458447 fl:264049 sz:318196(318272) lv:100.3% dts:314.147 pts:314.189
2024-11-28 16:00:26.006 T:4489 info : Skipped 23 duplicate messages..
2024-11-28 16:00:26.006 T:4489 debug : CAMLCodec::PollFrame elapsed:30.665ms
2024-11-28 16:00:26.006 T:6455 debug : CAMLCodec::AddData: skip add data dl:15458447 fl:264049 sz:318196(318272) lv:100.3% dts:314.147 pts:314.189
2024-11-28 16:00:26.007 T:6455 debug : CAMLCodec::DequeueBuffer: pts:312.187 idx:8685
2024-11-28 16:00:26.007 T:6455 debug : CAMLCodec::GetPicture: index: 8685, pts: 312.187, dur:42.000ms ar:1.78 elf:43ms
2024-11-28 16:00:26.008 T:6455 debug : CVideoPlayerVideo::OutputPicture - ttd:398ms pts:312.187 Clock:311.788 Level:5
2024-11-28 16:00:26.011 T:4489 debug : PrepareNextRender: frameOnScreen: 311.792 renderPts: 312.001 nextFramePts: 311.978 -> diff: 0.023 render: 1 forceNext: 0
2024-11-28 16:00:26.011 T:6455 debug : CAMLCodec::AddData: dl:15531471 fl:191025 sz:318196(318272) lv:98.7% dts:314.147 pts:314.189
2024-11-28 16:00:26.012 T:6455 debug : CAMLCodec::AddData: skip add data dl:15531395 fl:191101 sz:324136(324224) lv:100.8% dts:314.189 pts:314.272
2024-11-28 16:00:26.015 T:6452 info : Skipped 1 duplicate messages..
2024-11-28 16:00:26.015 T:6452 debug : CVideoPlayer::ProcessVideoData size:269795 dts:318.944 pts:318.985 dur:41.000ms, clock:311.795 level:59
2024-11-28 16:00:26.016 T:6455 debug : CAMLCodec::AddData: skip add data dl:15531395 fl:191101 sz:324136(324224) lv:100.8% dts:314.189 pts:314.272
2024-11-28 16:00:26.017 T:4489 debug : CAMLCodec::ReleaseFrame idx:8680, drop:0
2024-11-28 16:00:26.018 T:6455 debug : CAMLCodec::AddData: skip add data dl:15531395 fl:191101 sz:324136(324224) lv:100.8% dts:314.189 pts:314.272
2024-11-28 16:00:26.036 T:6452 info : Skipped 13 duplicate messages..
2024-11-28 16:00:26.036 T:6452 debug : CVideoPlayer::ProcessVideoData size:279140 dts:318.985 pts:319.069 dur:41.000ms, clock:311.817 level:100
2024-11-28 16:00:26.036 T:6455 debug : CAMLCodec::AddData: skip add data dl:15531395 fl:191101 sz:324136(324224) lv:100.8% dts:314.189 pts:314.272
2024-11-28 16:00:26.047 T:4489 info : Skipped 7 duplicate messages..
2024-11-28 16:00:26.047 T:4489 debug : CAMLCodec::PollFrame elapsed:29.939ms
2024-11-28 16:00:26.047 T:6455 debug : CAMLCodec::AddData: skip add data dl:15531395 fl:191101 sz:324136(324224) lv:100.8% dts:314.189 pts:314.272
2024-11-28 16:00:26.049 T:6455 debug : CAMLCodec::DequeueBuffer: pts:312.229 idx:8686
2024-11-28 16:00:26.049 T:6455 debug : CAMLCodec::GetPicture: index: 8686, pts: 312.229, dur:42.000ms ar:1.78 elf:41ms
