2024-11-28 16:00:28.565 T:6455 debug : CAMLCodec::AddData: dl:8693863 fl:7028633 sz:312778(312896) lv:55.3% dts:314.064 pts:314.105
2024-11-28 16:00:28.569 T:6452 debug : CVideoPlayer::ProcessVideoData size:393337 dts:314.105 pts:314.231 dur:41.000ms, clock:311.298 level:0
2024-11-28 16:00:28.569 T:6455 debug : CVideoPlayerVideo::CalcDropRequirement - hurry: 0
2024-11-28 16:00:28.572 T:6455 debug : CAMLCodec::AddData: dl:9087153 fl:6635343 sz:393333(393408) lv:57.8% dts:314.105 pts:314.231
2024-11-28 16:00:28.576 T:6452 debug : CVideoPlayer::ProcessVideoData size:318200 dts:314.147 pts:314.189 dur:41.000ms, clock:311.284 level:0
2024-11-28 16:00:28.576 T:6455 debug : CVideoPlayerVideo::CalcDropRequirement - hurry: 0
2024-11-28 16:00:28.579 T:6455 debug : CAMLCodec::AddData: dl:9405350 fl:6317146 sz:318196(318272) lv:59.8% dts:314.147 pts:314.189
2024-11-28 16:00:28.581 T:6452 debug : CVideoPlayer::ProcessVideoData size:324140 dts:314.189 pts:314.272 dur:41.000ms, clock:311.274 level:0
2024-11-28 16:00:28.581 T:6455 debug : CVideoPlayerVideo::CalcDropRequirement - hurry: 0
2024-11-28 16:00:28.584 T:6455 debug : CAMLCodec::AddData: dl:9729498 fl:5992998 sz:324136(324224) lv:61.9% dts:314.189 pts:314.272
2024-11-28 16:00:28.591 T:4489 debug : CAMLCodec::PollFrame elapsed:33.013ms
2024-11-28 16:00:28.594 T:6452 debug : CVideoPlayer::ProcessVideoData size:472003 dts:314.231 pts:314.606 dur:41.000ms, clock:311.249 level:0
2024-11-28 16:00:28.594 T:6455 debug : CVideoPlayerVideo::CalcDropRequirement - hurry: 0
2024-11-28 16:00:28.597 T:6455 debug : CAMLCodec::AddData: dl:10201474 fl:5521022 sz:471999(472064) lv:64.9% dts:314.231 pts:314.606
2024-11-28 16:00:28.601 T:6452 debug : CVideoPlayer::ProcessVideoData size:368698 dts:314.272 pts:314.481 dur:41.000ms, clock:311.235 level:0
2024-11-28 16:00:28.601 T:6455 debug : CVideoPlayerVideo::CalcDropRequirement - hurry: 0
2024-11-28 16:00:28.604 T:6455 debug : CAMLCodec::AddData: dl:10570177 fl:5152319 sz:368694(368768) lv:67.2% dts:314.272 pts:314.481
2024-11-28 16:00:28.608 T:6452 debug : CVideoPlayer::ProcessVideoData size:396788 dts:314.314 pts:314.397 dur:41.000ms, clock:311.221 level:0
2024-11-28 16:00:28.608 T:6455 debug : CVideoPlayerVideo::CalcDropRequirement - hurry: 0
2024-11-28 16:00:28.611 T:6455 debug : CAMLCodec::AddData: dl:10966967 fl:4755529 sz:396784(396864) lv:69.7% dts:314.314 pts:314.397
2024-11-28 16:00:28.614 T:6582 debug : Thread Timer 3814412800 terminating
2024-11-28 16:00:28.615 T:6452 debug : CVideoPlayer::ProcessVideoData size:315742 dts:314.356 pts:314.356 dur:41.000ms, clock:311.206 level:0
2024-11-28 16:00:28.615 T:6455 debug : CVideoPlayerVideo::CalcDropRequirement - hurry: 0
2024-11-28 16:00:28.618 T:6455 debug : CAMLCodec::AddData: dl:11282727 fl:4439769 sz:315738(315840) lv:71.7% dts:314.356 pts:314.356
2024-11-28 16:00:28.620 T:6452 debug : CVideoPlayer::ProcessVideoData size:311378 dts:314.397 pts:314.439 dur:41.000ms, clock:311.197 level:0
2024-11-28 16:00:28.620 T:6455 debug : CVideoPlayerVideo::CalcDropRequirement - hurry: 0
2024-11-28 16:00:28.623 T:6455 debug : CAMLCodec::AddData: dl:11594113 fl:4128383 sz:311374(311488) lv:73.7% dts:314.397 pts:314.439
2024-11-28 16:00:28.627 T:6452 debug : CVideoPlayer::ProcessVideoData size:348126 dts:314.439 pts:314.564 dur:41.000ms, clock:311.182 level:0
2024-11-28 16:00:28.627 T:6455 debug : CVideoPlayerVideo::CalcDropRequirement - hurry: 0
2024-11-28 16:00:28.631 T:6455 debug : CAMLCodec::AddData: dl:11942223 fl:3780273 sz:348122(348224) lv:75.9% dts:314.439 pts:314.564
2024-11-28 16:00:28.632 T:6452 debug : CVideoPlayer::ProcessVideoData size:300154 dts:314.481 pts:314.523 dur:41.000ms, clock:311.172 level:0
2024-11-28 16:00:28.632 T:4489 debug : CAMLCodec::PollFrame elapsed:30.159ms
2024-11-28 16:00:28.632 T:6455 debug : CVideoPlayerVideo::CalcDropRequirement - hurry: 0
2024-11-28 16:00:28.634 T:4489 debug : Keyboard: scancode: 0x1c, sym: 0x0d (enter), unicode: 0x0d, modifier: 0x0
2024-11-28 16:00:28.635 T:4489 debug : HandleKey: return (0xf00d) pressed, window 12901, action is Select
2024-11-28 16:00:28.635 T:6455 debug : CAMLCodec::AddData: dl:12242345 fl:3480151 sz:300150(300224) lv:77.8% dts:314.481 pts:314.523
2024-11-28 16:00:28.642 T:6452 debug : CVideoPlayer::ProcessVideoData size:528431 dts:314.523 pts:314.648 dur:41.000ms, clock:311.152 level:0
2024-11-28 16:00:28.642 T:6455 debug : CVideoPlayerVideo::CalcDropRequirement - hurry: 0
2024-11-28 16:00:28.643 T:6456 debug : CDVDAudio::Pause - pausing audio stream
2024-11-28 16:00:28.646 T:6455 debug : CAMLCodec::AddData: dl:12770783 fl:2951713 sz:528411(528512) lv:81.2% dts:314.523 pts:314.648
2024-11-28 16:00:28.646 T:6455 debug : CAMLCodec::SetSpeed, speed(-4000)
2024-11-28 16:00:28.659 T:6452 debug : CVideoPlayer::ProcessVideoData size:509605 dts:314.564 pts:314.981 dur:41.000ms, clock:311.085 level:0
2024-11-28 16:00:28.659 T:6455 debug : CVideoPlayerVideo::CalcDropRequirement - hurry: 0
2024-11-28 16:00:28.662 T:6455 debug : CAMLCodec::AddData: dl:13280378 fl:2442118 sz:509601(509696) lv:84.4% dts:314.564 pts:314.981
2024-11-28 16:00:28.663 T:6452 debug : CVideoPlayer::ProcessVideoData size:358129 dts:314.606 pts:314.815 dur:41.000ms, clock:311.067 level:0
2024-11-28 16:00:28.664 T:6455 debug : CVideoPlayerVideo::CalcDropRequirement - hurry: 0
2024-11-28 16:00:28.667 T:6455 debug : CAMLCodec::AddData: dl:13638491 fl:2084005 sz:358125(358208) lv:86.7% dts:314.606 pts:314.815
2024-11-28 16:00:28.671 T:6452 debug : CVideoPlayer::ProcessVideoData size:388200 dts:314.648 pts:314.731 dur:41.000ms, clock:311.038 level:0
2024-11-28 16:00:28.671 T:6455 debug : CVideoPlayerVideo::CalcDropRequirement - hurry: 0
2024-11-28 16:00:28.674 T:4489 debug : CAMLCodec::PollFrame elapsed:31.640ms
2024-11-28 16:00:28.674 T:6455 debug : CAMLCodec::AddData: dl:14026696 fl:1695800 sz:388196(388288) lv:89.2% dts:314.648 pts:314.731
2024-11-28 16:00:28.676 T:6452 debug : CVideoPlayer::ProcessVideoData size:297811 dts:314.689 pts:314.689 dur:41.000ms, clock:311.019 level:0
2024-11-28 16:00:28.676 T:6455 debug : CVideoPlayerVideo::CalcDropRequirement - hurry: 0
2024-11-28 16:00:28.678 T:6455 debug : CAMLCodec::AddData: dl:14324524 fl:1397972 sz:297807(297920) lv:91.1% dts:314.689 pts:314.689
2024-11-28 16:00:28.679 T:6455 debug : CAMLCodec::DequeueBuffer: pts:312.187 idx:8730
2024-11-28 16:00:28.679 T:6455 debug : CAMLCodec::GetPicture: index: 8730, pts: 312.187, dur:41.708ms ar:1.78 elf:777ms
2024-11-28 16:00:28.679 T:6455 debug : CVideoPlayerVideo::OutputPicture - ttd:1180ms pts:312.187 Clock:311.006 Level:0
2024-11-28 16:00:28.680 T:6455 debug : CAMLCodec::DequeueBuffer: pts:312.229 idx:8731
2024-11-28 16:00:28.680 T:6455 debug : CAMLCodec::GetPicture: index: 8731, pts: 312.229, dur:41.711ms ar:1.78 elf:1ms
2024-11-28 16:00:28.681 T:6455 debug : CAMLCodec::DequeueBuffer: pts:312.270 idx:8732
2024-11-28 16:00:28.682 T:6455 debug : CAMLCodec::GetPicture: index: 8732, pts: 312.270, dur:41.711ms ar:1.78 elf:1ms
2024-11-28 16:00:28.683 T:6452 debug : CVideoPlayer::ProcessVideoData size:304815 dts:314.731 pts:314.773 dur:41.000ms, clock:310.990 level:0
2024-11-28 16:00:28.683 T:6455 debug : CAMLCodec::DequeueBuffer: pts:312.312 idx:8733
2024-11-28 16:00:28.683 T:6455 debug : CAMLCodec::GetPicture: index: 8733, pts: 312.312, dur:41.711ms ar:1.78 elf:1ms
2024-11-28 16:00:28.684 T:6455 debug : CAMLCodec::DequeueBuffer: pts:312.354 idx:8734
2024-11-28 16:00:28.684 T:6455 debug : CAMLCodec::GetPicture: index: 8734, pts: 312.354, dur:41.711ms ar:1.78 elf:1ms
2024-11-28 16:00:28.685 T:6455 debug : CAMLCodec::DequeueBuffer: pts:312.396 idx:8735
2024-11-28 16:00:28.686 T:6455 debug : CAMLCodec::GetPicture: index: 8735, pts: 312.396, dur:41.711ms ar:1.78 elf:1ms
2024-11-28 16:00:28.687 T:6455 debug : CAMLCodec::DequeueBuffer: pts:312.437 idx:8736
2024-11-28 16:00:28.687 T:6455 debug : CAMLCodec::GetPicture: index: 8736, pts: 312.437, dur:41.711ms ar:1.78 elf:1ms
2024-11-28 16:00:28.688 T:6455 debug : CAMLCodec::DequeueBuffer: pts:312.479 idx:8737
2024-11-28 16:00:28.688 T:6455 debug : CAMLCodec::GetPicture: index: 8737, pts: 312.479, dur:41.711ms ar:1.78 elf:1ms
2024-11-28 16:00:28.689 T:6455 debug : CVideoPlayerVideo::CalcDropRequirement - hurry: 1
2024-11-28 16:00:28.690 T:6452 debug : CVideoPlayer::ProcessVideoData size:400096 dts:314.773 pts:314.898 dur:41.000ms, clock:310.959 level:0
2024-11-28 16:00:28.692 T:6455 debug : CAMLCodec::AddData: dl:14629307 fl:1093189 sz:304811(304896) lv:93.0% dts:314.731 pts:314.773
2024-11-28 16:00:28.692 T:6455 debug : CVideoPlayerVideo::CalcDropRequirement - hurry: 1
2024-11-28 16:00:28.695 T:6452 debug : CVideoPlayer::ProcessVideoData size:309817 dts:314.815 pts:314.856 dur:41.000ms, clock:310.943 level:0
2024-11-28 16:00:28.695 T:6455 debug : CAMLCodec::AddData: dl:15029414 fl:693082 sz:400092(400192) lv:95.6% dts:314.773 pts:314.898
2024-11-28 16:00:28.695 T:6455 debug : CVideoPlayerVideo::CalcDropRequirement - hurry: 1
2024-11-28 16:00:28.698 T:6455 debug : CAMLCodec::AddData: dl:15339202 fl:383294 sz:309813(309888) lv:97.5% dts:314.815 pts:314.856
2024-11-28 16:00:28.699 T:6452 debug : CVideoPlayer::ProcessVideoData size:294745 dts:314.856 pts:314.940 dur:41.000ms, clock:310.923 level:0
2024-11-28 16:00:28.700 T:6455 debug : CVideoPlayerVideo::CalcDropRequirement - hurry: 1
2024-11-28 16:00:28.702 T:6455 debug : CAMLCodec::AddData: dl:15633975 fl:88521 sz:294741(294848) lv:99.4% dts:314.856 pts:314.940
2024-11-28 16:00:28.714 T:6452 debug : CVideoPlayer::ProcessVideoData size:461486 dts:314.898 pts:315.315 dur:41.000ms, clock:310.865 level:0
2024-11-28 16:00:28.714 T:6455 debug : CVideoPlayerVideo::CalcDropRequirement - hurry: 1
2024-11-28 16:00:28.715 T:6455 debug : CAMLCodec::AddData: skip add data dl:15633868 fl:88628 sz:461482(461568) lv:102.3% dts:314.898 pts:315.315
2024-11-28 16:00:28.716 T:4489 debug : CAMLCodec::PollFrame elapsed:32.907ms
2024-11-28 16:00:28.716 T:6455 debug : CVideoPlayerVideo::CalcDropRequirement - hurry: 1
2024-11-28 16:00:28.717 T:6455 debug : CAMLCodec::AddData: skip add data dl:15633868 fl:88628 sz:461482(461568) lv:102.3% dts:314.898 pts:315.315
2024-11-28 16:00:28.718 T:6455 debug : CVideoPlayerVideo::CalcDropRequirement - hurry: 1
2024-11-28 16:00:28.719 T:6455 debug : CAMLCodec::AddData: skip add data dl:15633868 fl:88628 sz:461482(461568) lv:102.3% dts:314.898 pts:315.315
2024-11-28 16:00:28.720 T:6455 debug : CVideoPlayerVideo::CalcDropRequirement - hurry: 1
2024-11-28 16:00:28.721 T:4489 debug : PrepareNextRender: frameOnScreen: 310.838 renderPts: 311.041 nextFramePts: 311.005 -> diff: 0.036 render: 1 forceNext: 0
2024-11-28 16:00:28.721 T:6455 debug : CAMLCodec::AddData: skip add data dl:15633868 fl:88628 sz:461482(461568) lv:102.3% dts:314.898 pts:315.315
2024-11-28 16:00:28.721 T:6452 debug : CVideoPlayer::ProcessVideoData size:375864 dts:314.940 pts:315.148 dur:41.000ms, clock:310.836 level:1
2024-11-28 16:00:28.721 T:6452 debug : CVideoPlayer::Process - ffd/rwd: lastpts:312.020 clock:310.836 lastseekpts:311.384 speed:-4000 error:1.184
2024-11-28 16:00:28.723 T:6455 debug : CVideoPlayerVideo::CalcDropRequirement - hurry: 0
2024-11-28 16:00:28.723 T:6455 debug : CAMLCodec::AddData: skip add data dl:15633868 fl:88628 sz:461482(461568) lv:102.3% dts:314.898 pts:315.315
2024-11-28 16:00:28.725 T:6455 debug : CVideoPlayerVideo::CalcDropRequirement - hurry: 0
2024-11-28 16:00:28.725 T:6455 debug : CAMLCodec::AddData: skip add data dl:15633868 fl:88628 sz:461482(461568) lv:102.3% dts:314.898 pts:315.315
2024-11-28 16:00:28.726 T:4489 debug : CAMLCodec::ReleaseFrame idx:8730, drop:0
2024-11-28 16:00:28.726 T:6452 debug : CVideoPlayer::ProcessVideoData size:338544 dts:314.981 pts:315.065 dur:41.000ms, clock:310.816 level:1
2024-11-28 16:00:28.728 T:6455 debug : CVideoPlayerVideo::CalcDropRequirement - hurry: 0
2024-11-28 16:00:28.728 T:6455 debug : CAMLCodec::AddData: skip add data dl:15633868 fl:88628 sz:461482(461568) lv:102.3% dts:314.898 pts:315.315
2024-11-28 16:00:28.730 T:6455 debug : CVideoPlayerVideo::CalcDropRequirement - hurry: 0
2024-11-28 16:00:28.730 T:6455 debug : CAMLCodec::AddData: skip add data dl:15633868 fl:88628 sz:461482(461568) lv:102.3% dts:314.898 pts:315.315
2024-11-28 16:00:28.731 T:6452 debug : CVideoPlayer::ProcessVideoData size:299694 dts:315.023 pts:315.023 dur:41.000ms, clock:310.796 level:2
2024-11-28 16:00:28.733 T:6455 debug : CVideoPlayerVideo::CalcDropRequirement - hurry: 0
2024-11-28 16:00:28.733 T:6455 debug : CAMLCodec::AddData: skip add data dl:15633868 fl:88628 sz:461482(461568) lv:102.3% dts:314.898 pts:315.315
2024-11-28 16:00:28.735 T:6455 debug : CVideoPlayerVideo::CalcDropRequirement - hurry: 0
2024-11-28 16:00:28.736 T:6455 debug : CAMLCodec::AddData: skip add data dl:15633868 fl:88628 sz:461482(461568) lv:102.3% dts:314.898 pts:315.315
2024-11-28 16:00:28.737 T:6455 debug : CVideoPlayerVideo::CalcDropRequirement - hurry: 0
2024-11-28 16:00:28.738 T:6455 debug : CAMLCodec::AddData: skip add data dl:15633868 fl:88628 sz:461482(461568) lv:102.3% dts:314.898 pts:315.315
2024-11-28 16:00:28.739 T:6452 debug : CVideoPlayer::ProcessVideoData size:298641 dts:315.065 pts:315.106 dur:41.000ms, clock:310.766 level:2
2024-11-28 16:00:28.740 T:6455 debug : CVideoPlayerVideo::CalcDropRequirement - hurry: 0
2024-11-28 16:00:28.741 T:6455 debug : CAMLCodec::AddData: skip add data dl:15633868 fl:88628 sz:461482(461568) lv:102.3% dts:314.898 pts:315.315
2024-11-28 16:00:28.742 T:6455 debug : CVideoPlayerVideo::CalcDropRequirement - hurry: 0
2024-11-28 16:00:28.743 T:6455 debug : CAMLCodec::AddData: skip add data dl:15633868 fl:88628 sz:461482(461568) lv:102.3% dts:314.898 pts:315.315
2024-11-28 16:00:28.744 T:6455 debug : CVideoPlayerVideo::CalcDropRequirement - hurry: 0
2024-11-28 16:00:28.744 T:6452 debug : CVideoPlayer::ProcessVideoData size:351025 dts:315.106 pts:315.232 dur:41.000ms, clock:310.745 level:2
2024-11-28 16:00:28.745 T:6455 debug : CAMLCodec::AddData: skip add data dl:15633868 fl:88628 sz:461482(461568) lv:102.3% dts:314.898 pts:315.315
2024-11-28 16:00:28.746 T:6455 debug : CVideoPlayerVideo::CalcDropRequirement - hurry: 0
2024-11-28 16:00:28.748 T:6455 debug : CAMLCodec::AddData: skip add data dl:15633868 fl:88628 sz:461482(461568) lv:102.3% dts:314.898 pts:315.315
2024-11-28 16:00:28.749 T:6455 debug : CVideoPlayerVideo::CalcDropRequirement - hurry: 0
2024-11-28 16:00:28.750 T:6455 debug : CAMLCodec::AddData: skip add data dl:15633868 fl:88628 sz:461482(461568) lv:102.3% dts:314.898 pts:315.315
2024-11-28 16:00:28.751 T:6452 debug : CVideoPlayer::ProcessVideoData size:288135 dts:315.148 pts:315.190 dur:41.000ms, clock:310.717 level:3
2024-11-28 16:00:28.752 T:6455 debug : CVideoPlayerVideo::CalcDropRequirement - hurry: 0
2024-11-28 16:00:28.753 T:6455 debug : CAMLCodec::AddData: skip add data dl:15633868 fl:88628 sz:461482(461568) lv:102.3% dts:314.898 pts:315.315
2024-11-28 16:00:28.754 T:6455 debug : CVideoPlayerVideo::CalcDropRequirement - hurry: 0
2024-11-28 16:00:28.755 T:6455 debug : CAMLCodec::AddData: skip add data dl:15633868 fl:88628 sz:461482(461568) lv:102.3% dts:314.898 pts:315.315
2024-11-28 16:00:28.756 T:6455 debug : CVideoPlayerVideo::CalcDropRequirement - hurry: 0
2024-11-28 16:00:28.756 T:6452 debug : CVideoPlayer::ProcessVideoData size:324967 dts:315.190 pts:315.273 dur:41.000ms, clock:310.697 level:3
2024-11-28 16:00:28.757 T:6455 debug : CAMLCodec::AddData: skip add data dl:15633868 fl:88628 sz:461482(461568) lv:102.3% dts:314.898 pts:315.315
2024-11-28 16:00:28.759 T:6455 debug : CVideoPlayerVideo::CalcDropRequirement - hurry: 0
2024-11-28 16:00:28.759 T:4489 debug : CAMLCodec::PollFrame elapsed:32.775ms
2024-11-28 16:00:28.759 T:6455 debug : CAMLCodec::AddData: skip add data dl:15633868 fl:88628 sz:461482(461568) lv:102.3% dts:314.898 pts:315.315
2024-11-28 16:00:28.761 T:6455 debug : CVideoPlayerVideo::CalcDropRequirement - hurry: 0
2024-11-28 16:00:28.762 T:6455 debug : CAMLCodec::AddData: skip add data dl:15633868 fl:88628 sz:461482(461568) lv:102.3% dts:314.898 pts:315.315
2024-11-28 16:00:28.763 T:6455 debug : CVideoPlayerVideo::CalcDropRequirement - hurry: 0
2024-11-28 16:00:28.763 T:6455 debug : CAMLCodec::AddData: skip add data dl:15633868 fl:88628 sz:461482(461568) lv:102.3% dts:314.898 pts:315.315
2024-11-28 16:00:28.765 T:6455 debug : CVideoPlayerVideo::CalcDropRequirement - hurry: 0
2024-11-28 16:00:28.766 T:6455 debug : CAMLCodec::AddData: skip add data dl:15633868 fl:88628 sz:461482(461568) lv:102.3% dts:314.898 pts:315.315
2024-11-28 16:00:28.767 T:6455 debug : CVideoPlayerVideo::CalcDropRequirement - hurry: 0
2024-11-28 16:00:28.767 T:6455 debug : CAMLCodec::AddData: skip add data dl:15633868 fl:88628 sz:461482(461568) lv:102.3% dts:314.898 pts:315.315
2024-11-28 16:00:28.769 T:6455 debug : CVideoPlayerVideo::CalcDropRequirement - hurry: 0
2024-11-28 16:00:28.770 T:6455 debug : CAMLCodec::AddData: skip add data dl:15633868 fl:88628 sz:461482(461568) lv:102.3% dts:314.898 pts:315.315
2024-11-28 16:00:28.770 T:6452 debug : CVideoPlayer::ProcessVideoData size:453177 dts:315.232 pts:315.607 dur:41.000ms, clock:310.642 level:4
2024-11-28 16:00:28.771 T:6455 debug : CVideoPlayerVideo::CalcDropRequirement - hurry: 0
2024-11-28 16:00:28.772 T:6455 debug : CAMLCodec::AddData: skip add data dl:15633868 fl:88628 sz:461482(461568) lv:102.3% dts:314.898 pts:315.315
2024-11-28 16:00:28.773 T:6455 debug : CVideoPlayerVideo::CalcDropRequirement - hurry: 0
2024-11-28 16:00:28.774 T:6455 debug : CAMLCodec::AddData: skip add data dl:15633868 fl:88628 sz:461482(461568) lv:102.3% dts:314.898 pts:315.315
2024-11-28 16:00:28.775 T:6455 debug : CVideoPlayerVideo::CalcDropRequirement - hurry: 0
2024-11-28 16:00:28.776 T:6455 debug : CAMLCodec::AddData: skip add data dl:15633868 fl:88628 sz:461482(461568) lv:102.3% dts:314.898 pts:315.315
2024-11-28 16:00:28.777 T:6455 debug : CVideoPlayerVideo::CalcDropRequirement - hurry: 0
2024-11-28 16:00:28.778 T:6455 debug : CAMLCodec::AddData: skip add data dl:15633868 fl:88628 sz:461482(461568) lv:102.3% dts:314.898 pts:315.315
2024-11-28 16:00:28.778 T:6452 debug : CVideoPlayer::ProcessVideoData size:394436 dts:315.273 pts:315.482 dur:41.000ms, clock:310.608 level:5
2024-11-28 16:00:28.780 T:6455 debug : CVideoPlayerVideo::CalcDropRequirement - hurry: 0
2024-11-28 16:00:28.781 T:6455 debug : CAMLCodec::AddData: skip add data dl:15633868 fl:88628 sz:461482(461568) lv:102.3% dts:314.898 pts:315.315
2024-11-28 16:00:28.782 T:6455 debug : CVideoPlayerVideo::CalcDropRequirement - hurry: 0
2024-11-28 16:00:28.783 T:6455 debug : CAMLCodec::AddData: skip add data dl:15633868 fl:88628 sz:461482(461568) lv:102.3% dts:314.898 pts:315.315
2024-11-28 16:00:28.784 T:6455 debug : CVideoPlayerVideo::CalcDropRequirement - hurry: 0
2024-11-28 16:00:28.785 T:6455 debug : CAMLCodec::AddData: skip add data dl:15633868 fl:88628 sz:461482(461568) lv:102.3% dts:314.898 pts:315.315
2024-11-28 16:00:28.785 T:6452 debug : CVideoPlayer::ProcessVideoData size:368654 dts:315.315 pts:315.398 dur:41.000ms, clock:310.580 level:5
2024-11-28 16:00:28.786 T:6455 debug : CVideoPlayerVideo::CalcDropRequirement - hurry: 0
2024-11-28 16:00:28.787 T:6455 debug : CAMLCodec::AddData: skip add data dl:15633868 fl:88628 sz:461482(461568) lv:102.3% dts:314.898 pts:315.315
2024-11-28 16:00:28.788 T:6455 debug : CVideoPlayerVideo::CalcDropRequirement - hurry: 0
2024-11-28 16:00:28.789 T:6455 debug : CAMLCodec::AddData: skip add data dl:15633868 fl:88628 sz:461482(461568) lv:102.3% dts:314.898 pts:315.315
2024-11-28 16:00:28.790 T:6455 debug : CVideoPlayerVideo::CalcDropRequirement - hurry: 0
2024-11-28 16:00:28.790 T:6452 debug : CVideoPlayer::ProcessVideoData size:292520 dts:315.357 pts:315.357 dur:41.000ms, clock:310.559 level:5
2024-11-28 16:00:28.791 T:6455 debug : CAMLCodec::AddData: skip add data dl:15633868 fl:88628 sz:461482(461568) lv:102.3% dts:314.898 pts:315.315
2024-11-28 16:00:28.793 T:6455 debug : CVideoPlayerVideo::CalcDropRequirement - hurry: 0
2024-11-28 16:00:28.793 T:6455 debug : CAMLCodec::AddData: skip add data dl:15633868 fl:88628 sz:461482(461568) lv:102.3% dts:314.898 pts:315.315
2024-11-28 16:00:28.794 T:6455 debug : CVideoPlayerVideo::CalcDropRequirement - hurry: 0
2024-11-28 16:00:28.795 T:6455 debug : CAMLCodec::AddData: skip add data dl:15633868 fl:88628 sz:461482(461568) lv:102.3% dts:314.898 pts:315.315
2024-11-28 16:00:28.797 T:6455 debug : CVideoPlayerVideo::CalcDropRequirement - hurry: 0
2024-11-28 16:00:28.797 T:6455 debug : CAMLCodec::AddData: skip add data dl:15633868 fl:88628 sz:461482(461568) lv:102.3% dts:314.898 pts:315.315
2024-11-28 16:00:28.798 T:6452 debug : CVideoPlayer::ProcessVideoData size:288984 dts:315.398 pts:315.440 dur:41.000ms, clock:310.528 level:6
2024-11-28 16:00:28.799 T:6455 debug : CVideoPlayerVideo::CalcDropRequirement - hurry: 0
2024-11-28 16:00:28.800 T:6455 debug : CAMLCodec::AddData: skip add data dl:15633868 fl:88628 sz:461482(461568) lv:102.3% dts:314.898 pts:315.315
2024-11-28 16:00:28.802 T:6455 debug : CVideoPlayerVideo::CalcDropRequirement - hurry: 0
2024-11-28 16:00:28.803 T:6455 debug : CAMLCodec::AddData: skip add data dl:15633868 fl:88628 sz:461482(461568) lv:102.3% dts:314.898 pts:315.315
2024-11-28 16:00:28.803 T:6452 debug : CVideoPlayer::ProcessVideoData size:340639 dts:315.440 pts:315.565 dur:41.000ms, clock:310.507 level:7
2024-11-28 16:00:28.805 T:6455 debug : CVideoPlayerVideo::CalcDropRequirement - hurry: 0
2024-11-28 16:00:28.805 T:4489 debug : CAMLCodec::PollFrame elapsed:34.667ms
2024-11-28 16:00:28.805 T:6455 debug : CAMLCodec::AddData: skip add data dl:15633868 fl:88628 sz:461482(461568) lv:102.3% dts:314.898 pts:315.315
2024-11-28 16:00:28.807 T:6455 debug : CVideoPlayerVideo::CalcDropRequirement - hurry: 0
2024-11-28 16:00:28.807 T:6455 debug : CAMLCodec::AddData: skip add data dl:15633868 fl:88628 sz:461482(461568) lv:102.3% dts:314.898 pts:315.315
2024-11-28 16:00:28.809 T:6452 debug : CVideoPlayer::ProcessVideoData size:287084 dts:315.482 pts:315.524 dur:41.000ms, clock:310.487 level:7
2024-11-28 16:00:28.810 T:6455 debug : CVideoPlayerVideo::CalcDropRequirement - hurry: 0
2024-11-28 16:00:28.811 T:6455 debug : CAMLCodec::AddData: skip add data dl:15633868 fl:88628 sz:461482(461568) lv:102.3% dts:314.898 pts:315.315
2024-11-28 16:00:28.812 T:6455 debug : CVideoPlayerVideo::CalcDropRequirement - hurry: 0
2024-11-28 16:00:28.813 T:6455 debug : CAMLCodec::AddData: skip add data dl:15633868 fl:88628 sz:461482(461568) lv:102.3% dts:314.898 pts:315.315
2024-11-28 16:00:28.814 T:6455 debug : CVideoPlayerVideo::CalcDropRequirement - hurry: 0
2024-11-28 16:00:28.815 T:6455 debug : CAMLCodec::AddData: skip add data dl:15633868 fl:88628 sz:461482(461568) lv:102.3% dts:314.898 pts:315.315
2024-11-28 16:00:28.816 T:6455 debug : CVideoPlayerVideo::CalcDropRequirement - hurry: 0
2024-11-28 16:00:28.817 T:6455 debug : CAMLCodec::AddData: skip add data dl:15633868 fl:88628 sz:461482(461568) lv:102.3% dts:314.898 pts:315.315
2024-11-28 16:00:28.818 T:6455 debug : CVideoPlayerVideo::CalcDropRequirement - hurry: 0
2024-11-28 16:00:28.819 T:6455 debug : CAMLCodec::AddData: skip add data dl:15633868 fl:88628 sz:461482(461568) lv:102.3% dts:314.898 pts:315.315
2024-11-28 16:00:28.820 T:6455 debug : CVideoPlayerVideo::CalcDropRequirement - hurry: 0
2024-11-28 16:00:28.821 T:6455 debug : CAMLCodec::AddData: skip add data dl:15633868 fl:88628 sz:461482(461568) lv:102.3% dts:314.898 pts:315.315
2024-11-28 16:00:28.822 T:6455 debug : CVideoPlayerVideo::CalcDropRequirement - hurry: 0
2024-11-28 16:00:28.822 T:6452 debug : CVideoPlayer::ProcessVideoData size:524659 dts:315.524 pts:315.649 dur:41.000ms, clock:310.432 level:7
2024-11-28 16:00:28.823 T:6455 debug : CAMLCodec::AddData: skip add data dl:15633868 fl:88628 sz:461482(461568) lv:102.3% dts:314.898 pts:315.315
2024-11-28 16:00:28.825 T:6455 debug : CVideoPlayerVideo::CalcDropRequirement - hurry: 0
2024-11-28 16:00:28.826 T:6455 debug : CAMLCodec::AddData: skip add data dl:15633868 fl:88628 sz:461482(461568) lv:102.3% dts:314.898 pts:315.315
2024-11-28 16:00:28.827 T:6455 debug : CVideoPlayerVideo::CalcDropRequirement - hurry: 0
2024-11-28 16:00:28.828 T:6455 debug : CAMLCodec::AddData: skip add data dl:15633868 fl:88628 sz:461482(461568) lv:102.3% dts:314.898 pts:315.315
2024-11-28 16:00:28.830 T:6455 debug : CVideoPlayerVideo::CalcDropRequirement - hurry: 0
2024-11-28 16:00:28.831 T:6455 debug : CAMLCodec::AddData: skip add data dl:15633868 fl:88628 sz:461482(461568) lv:102.3% dts:314.898 pts:315.315
2024-11-28 16:00:28.832 T:6455 debug : CVideoPlayerVideo::CalcDropRequirement - hurry: 0
2024-11-28 16:00:28.833 T:6455 debug : CAMLCodec::AddData: skip add data dl:15633868 fl:88628 sz:461482(461568) lv:102.3% dts:314.898 pts:315.315
2024-11-28 16:00:28.834 T:6455 debug : CVideoPlayerVideo::CalcDropRequirement - hurry: 0
2024-11-28 16:00:28.835 T:6455 debug : CAMLCodec::AddData: skip add data dl:15633868 fl:88628 sz:461482(461568) lv:102.3% dts:314.898 pts:315.315
2024-11-28 16:00:28.836 T:6455 debug : CVideoPlayerVideo::CalcDropRequirement - hurry: 0
2024-11-28 16:00:28.837 T:6455 debug : CAMLCodec::AddData: skip add data dl:15633868 fl:88628 sz:461482(461568) lv:102.3% dts:314.898 pts:315.315
2024-11-28 16:00:28.837 T:6452 debug : CVideoPlayer::ProcessVideoData size:480299 dts:315.565 pts:315.982 dur:41.000ms, clock:310.372 level:8
2024-11-28 16:00:28.838 T:6455 debug : CVideoPlayerVideo::CalcDropRequirement - hurry: 0
2024-11-28 16:00:28.839 T:6455 debug : CAMLCodec::AddData: skip add data dl:15633868 fl:88628 sz:461482(461568) lv:102.3% dts:314.898 pts:315.315
2024-11-28 16:00:28.841 T:6455 debug : CVideoPlayerVideo::CalcDropRequirement - hurry: 0
2024-11-28 16:00:28.841 T:4489 debug : CAMLCodec::PollFrame elapsed:26.595ms
2024-11-28 16:00:28.842 T:6455 debug : CAMLCodec::AddData: skip add data dl:15633868 fl:88628 sz:461482(461568) lv:102.3% dts:314.898 pts:315.315
2024-11-28 16:00:28.843 T:6452 debug : CVideoPlayer::ProcessVideoData size:382129 dts:315.607 pts:315.816 dur:41.000ms, clock:310.350 level:9
2024-11-28 16:00:28.844 T:6455 debug : CVideoPlayerVideo::CalcDropRequirement - hurry: 0
2024-11-28 16:00:28.845 T:6455 debug : CAMLCodec::AddData: skip add data dl:15633868 fl:88628 sz:461482(461568) lv:102.3% dts:314.898 pts:315.315
2024-11-28 16:00:28.846 T:6455 debug : CVideoPlayerVideo::CalcDropRequirement - hurry: 0
2024-11-28 16:00:28.847 T:6455 debug : CAMLCodec::AddData: skip add data dl:15633868 fl:88628 sz:461482(461568) lv:102.3% dts:314.898 pts:315.315
2024-11-28 16:00:28.848 T:6455 debug : CVideoPlayerVideo::CalcDropRequirement - hurry: 0
2024-11-28 16:00:28.849 T:6455 debug : CAMLCodec::AddData: skip add data dl:15633868 fl:88628 sz:461482(461568) lv:102.3% dts:314.898 pts:315.315
2024-11-28 16:00:28.850 T:6455 debug : CVideoPlayerVideo::CalcDropRequirement - hurry: 0
2024-11-28 16:00:28.851 T:6455 debug : CAMLCodec::AddData: skip add data dl:15633868 fl:88628 sz:461482(461568) lv:102.3% dts:314.898 pts:315.315
2024-11-28 16:00:28.851 T:6452 debug : CVideoPlayer::ProcessVideoData size:332304 dts:315.649 pts:315.732 dur:41.000ms, clock:310.317 level:9
2024-11-28 16:00:28.851 T:6452 debug : CVideoPlayer::Process - ffd/rwd: lastpts:312.020 clock:310.316 lastseekpts:311.384 speed:-4000 error:1.704
2024-11-28 16:00:28.851 T:6452 debug : CVideoPlayer::Process - Seeking to catch up, error was: -1.068 time:309.316
2024-11-28 16:00:28.852 T:6455 debug : CVideoPlayerVideo::CalcDropRequirement - hurry: 0
2024-11-28 16:00:28.853 T:6455 debug : CAMLCodec::AddData: skip add data dl:15633868 fl:88628 sz:461482(461568) lv:102.3% dts:314.898 pts:315.315
2024-11-28 16:00:28.854 T:6455 debug : CVideoPlayerVideo::CalcDropRequirement - hurry: 0
2024-11-28 16:00:28.855 T:6455 debug : CAMLCodec::AddData: skip add data dl:15633868 fl:88628 sz:461482(461568) lv:102.3% dts:314.898 pts:315.315
2024-11-28 16:00:28.856 T:6452 debug : CVideoPlayer::ProcessVideoData size:280817 dts:315.690 pts:315.690 dur:41.000ms, clock:310.298 level:10
2024-11-28 16:00:28.856 T:6452 debug : demuxer seek to: 309316.067722
2024-11-28 16:00:28.857 T:6455 debug : CVideoPlayerVideo::CalcDropRequirement - hurry: 0
2024-11-28 16:00:28.857 T:6454 debug : CDoubleCache::Reset - (0x35ec9e0) Cache miss for 2497893472 with new=2604223749-2614709509 and old=2552165141-2562650901
2024-11-28 16:00:28.858 T:6454 debug : CFileCache::Process - cache completely reset for seek to position 2497893472
2024-11-28 16:00:28.858 T:6455 debug : CAMLCodec::AddData: skip add data dl:15633868 fl:88628 sz:461482(461568) lv:102.3% dts:314.898 pts:315.315
2024-11-28 16:00:28.859 T:6455 debug : CVideoPlayerVideo::CalcDropRequirement - hurry: 0
2024-11-28 16:00:28.860 T:6455 debug : CAMLCodec::AddData: skip add data dl:15633868 fl:88628 sz:461482(461568) lv:102.3% dts:314.898 pts:315.315
2024-11-28 16:00:28.861 T:6455 debug : CVideoPlayerVideo::CalcDropRequirement - hurry: 0
2024-11-28 16:00:28.862 T:6455 debug : CAMLCodec::AddData: skip add data dl:15633868 fl:88628 sz:461482(461568) lv:102.3% dts:314.898 pts:315.315
2024-11-28 16:00:28.864 T:6455 debug : CVideoPlayerVideo::CalcDropRequirement - hurry: 0
2024-11-28 16:00:28.865 T:6455 debug : CAMLCodec::AddData: skip add data dl:15633868 fl:88628 sz:461482(461568) lv:102.3% dts:314.898 pts:315.315
2024-11-28 16:00:28.866 T:6455 debug : CVideoPlayerVideo::CalcDropRequirement - hurry: 0
2024-11-28 16:00:28.867 T:6455 debug : CAMLCodec::AddData: skip add data dl:15633868 fl:88628 sz:461482(461568) lv:102.3% dts:314.898 pts:315.315
2024-11-28 16:00:28.869 T:6455 debug : CVideoPlayerVideo::CalcDropRequirement - hurry: 0
2024-11-28 16:00:28.870 T:6455 debug : CAMLCodec::AddData: skip add data dl:15633868 fl:88628 sz:461482(461568) lv:102.3% dts:314.898 pts:315.315
2024-11-28 16:00:28.871 T:6452 debug : SeekTime - seek ended up on time 308558
2024-11-28 16:00:28.871 T:6452 debug : demuxer seek to: 309316.067722, success
2024-11-28 16:00:28.871 T:6452 debug : CVideoPlayer::FlushBuffers - flushing buffers
2024-11-28 16:00:28.871 T:6455 debug : CAMLCodec::Reset
2024-11-28 16:00:28.872 T:6452 debug : CVideoPlayer::HandleMessages: flush buffers: dts:309.316 lastSeek:30.666 clock:310.234
2024-11-28 16:00:28.872 T:6452 debug : CVideoPlayer::Process - ffd/rwd: lastpts:312.020 clock:310.234 lastseekpts:309.316 speed:-4000 error:1.786
2024-11-28 16:00:28.873 T:6452 debug : CVideoPlayer::ProcessVideoData size:542265 dts:18442240474082.180 pts:308.558 dur:41.000ms, clock:310.229 level:10
2024-11-28 16:00:28.875 T:6456 debug : CDVDAudio::Flush - flush audio stream
2024-11-28 16:00:28.882 T:4489 debug : CAMLCodec::PollFrame elapsed:30.859ms
2024-11-28 16:00:28.891 T:6452 debug : CVideoPlayer::ProcessVideoData size:464961 dts:18442240474082.180 pts:308.892 dur:41.000ms, clock:310.159 level:18
2024-11-28 16:00:28.892 T:6452 debug : CVideoPlayer::ProcessVideoData size:381127 dts:18442240474082.180 pts:308.725 dur:41.000ms, clock:310.154 level:19
2024-11-28 16:00:28.899 T:6452 debug : CVideoPlayer::ProcessVideoData size:375396 dts:308.558 pts:308.642 dur:41.000ms, clock:310.124 level:20
2024-11-28 16:00:28.905 T:6452 debug : CVideoPlayer::ProcessVideoData size:296314 dts:308.600 pts:308.600 dur:41.000ms, clock:310.101 level:21
2024-11-28 16:00:28.907 T:6455 debug : CAMLCodec::ReleaseFrame idx:8737, drop:1
2024-11-28 16:00:28.912 T:6452 debug : CVideoPlayer::ProcessVideoData size:292798 dts:308.642 pts:308.683 dur:41.000ms, clock:310.072 level:0
2024-11-28 16:00:28.912 T:6455 debug : CVideoPlayerVideo - Stillframe left, switching to normal playback
2024-11-28 16:00:28.912 T:6455 debug : CVideoPlayerVideo::CalcDropRequirement - hurry: 0
2024-11-28 16:00:28.915 T:6455 debug : CAMLCodec::AddData: dl:292978 fl:15429518 sz:292794(292864) lv:1.9% dts:308.642 pts:308.683
2024-11-28 16:00:28.920 T:6452 debug : CVideoPlayer::ProcessVideoData size:366228 dts:308.683 pts:308.809 dur:41.000ms, clock:310.041 level:0
2024-11-28 16:00:28.920 T:6455 debug : CVideoPlayerVideo::CalcDropRequirement - hurry: 0
2024-11-28 16:00:28.923 T:6455 debug : CAMLCodec::AddData: dl:659244 fl:15063252 sz:366224(366336) lv:4.2% dts:308.683 pts:308.809
2024-11-28 16:00:28.924 T:4489 debug : CAMLCodec::PollFrame elapsed:12.969ms
2024-11-28 16:00:28.925 T:6452 debug : CVideoPlayer::ProcessVideoData size:292118 dts:308.725 pts:308.767 dur:41.000ms, clock:310.022 level:0
2024-11-28 16:00:28.925 T:6455 debug : CVideoPlayerVideo::CalcDropRequirement - hurry: 0
2024-11-28 16:00:28.928 T:6455 debug : CAMLCodec::AddData: dl:951356 fl:14771140 sz:292114(292224) lv:6.0% dts:308.725 pts:308.767
2024-11-28 16:00:28.930 T:6452 debug : CVideoPlayer::ProcessVideoData size:288811 dts:308.767 pts:308.850 dur:41.000ms, clock:310.002 level:0
2024-11-28 16:00:28.930 T:6455 debug : CVideoPlayerVideo::CalcDropRequirement - hurry: 0
2024-11-28 16:00:28.933 T:6455 debug : CAMLCodec::AddData: dl:1240142 fl:14482354 sz:288807(288896) lv:7.9% dts:308.767 pts:308.850
2024-11-28 16:00:28.945 T:6452 debug : CVideoPlayer::ProcessVideoData size:485945 dts:308.809 pts:309.226 dur:41.000ms, clock:309.940 level:0
2024-11-28 16:00:28.945 T:6455 debug : CVideoPlayerVideo::CalcDropRequirement - hurry: 0
2024-11-28 16:00:28.949 T:6455 debug : CAMLCodec::AddData: dl:1201781 fl:14520715 sz:485941(486016) lv:7.6% dts:308.809 pts:309.226
2024-11-28 16:00:28.950 T:6452 debug : CVideoPlayer::ProcessVideoData size:377382 dts:308.850 pts:309.059 dur:41.000ms, clock:309.919 level:0
2024-11-28 16:00:28.951 T:6455 debug : CVideoPlayerVideo::CalcDropRequirement - hurry: 0
2024-11-28 16:00:28.954 T:6455 debug : CAMLCodec::AddData: dl:1054890 fl:14667606 sz:377378(377472) lv:6.7% dts:308.850 pts:309.059
2024-11-28 16:00:28.958 T:6452 debug : CVideoPlayer::ProcessVideoData size:356045 dts:308.892 pts:308.975 dur:41.000ms, clock:309.887 level:0
2024-11-28 16:00:28.959 T:6455 debug : CVideoPlayerVideo::CalcDropRequirement - hurry: 0
2024-11-28 16:00:28.962 T:6455 debug : CAMLCodec::AddData: dl:886668 fl:14835828 sz:356041(356160) lv:5.6% dts:308.892 pts:308.975
2024-11-28 16:00:28.963 T:6452 debug : CVideoPlayer::ProcessVideoData size:311627 dts:308.934 pts:308.934 dur:41.000ms, clock:309.867 level:0
2024-11-28 16:00:28.964 T:6455 debug : CVideoPlayerVideo::CalcDropRequirement - hurry: 0
2024-11-28 16:00:28.966 T:4489 debug : CAMLCodec::PollFrame elapsed:31.481ms
2024-11-28 16:00:28.967 T:6455 debug : CAMLCodec::AddData: dl:1198293 fl:14524203 sz:311623(311744) lv:7.6% dts:308.934 pts:308.934
2024-11-28 16:00:28.971 T:6452 debug : CVideoPlayer::ProcessVideoData size:308063 dts:308.975 pts:309.017 dur:41.000ms, clock:309.837 level:0
2024-11-28 16:00:28.971 T:6455 debug : CVideoPlayerVideo::CalcDropRequirement - hurry: 0
2024-11-28 16:00:28.975 T:6455 debug : CAMLCodec::AddData: dl:982044 fl:14740452 sz:308059(308160) lv:6.2% dts:308.975 pts:309.017
2024-11-28 16:00:28.979 T:6452 debug : CVideoPlayer::ProcessVideoData size:385568 dts:309.017 pts:309.142 dur:41.000ms, clock:309.806 level:0
2024-11-28 16:00:28.979 T:6455 debug : CVideoPlayerVideo::CalcDropRequirement - hurry: 0
2024-11-28 16:00:28.982 T:6455 debug : CAMLCodec::AddData: dl:1367607 fl:14354889 sz:385564(385664) lv:8.7% dts:309.017 pts:309.142
2024-11-28 16:00:28.983 T:6452 debug : CVideoPlayer::ProcessVideoData size:294424 dts:309.059 pts:309.100 dur:41.000ms, clock:309.788 level:0
2024-11-28 16:00:28.983 T:6455 debug : CVideoPlayerVideo::CalcDropRequirement - hurry: 0
2024-11-28 16:00:28.986 T:6455 debug : CAMLCodec::AddData: dl:1137747 fl:14584749 sz:294420(294528) lv:7.2% dts:309.059 pts:309.100
2024-11-28 16:00:28.988 T:6452 debug : CVideoPlayer::ProcessVideoData size:303281 dts:309.100 pts:309.184 dur:41.000ms, clock:309.769 level:0
2024-11-28 16:00:28.988 T:6455 debug : CVideoPlayerVideo::CalcDropRequirement - hurry: 0
2024-11-28 16:00:28.991 T:6455 debug : CAMLCodec::AddData: dl:916711 fl:14805785 sz:303277(303360) lv:5.8% dts:309.100 pts:309.184
2024-11-28 16:00:29.000 T:6452 debug : CVideoPlayer::ProcessVideoData size:443322 dts:309.142 pts:309.518 dur:41.000ms, clock:309.720 level:0
2024-11-28 16:00:29.000 T:6455 debug : CVideoPlayerVideo::CalcDropRequirement - hurry: 0
2024-11-28 16:00:29.003 T:6455 debug : CAMLCodec::AddData: dl:1360020 fl:14362476 sz:443318(443392) lv:8.6% dts:309.142 pts:309.518
2024-11-28 16:00:29.008 T:4489 debug : CAMLCodec::PollFrame elapsed:32.775ms
2024-11-28 16:00:29.008 T:6452 debug : CVideoPlayer::ProcessVideoData size:427279 dts:309.184 pts:309.392 dur:41.000ms, clock:309.690 level:0
2024-11-28 16:00:29.008 T:6455 debug : CVideoPlayerVideo::CalcDropRequirement - hurry: 0
2024-11-28 16:00:29.011 T:6455 debug : CAMLCodec::AddData: dl:1263050 fl:14459446 sz:427275(427392) lv:8.0% dts:309.184 pts:309.392
2024-11-28 16:00:29.015 T:6452 debug : CVideoPlayer::ProcessVideoData size:403716 dts:309.226 pts:309.309 dur:41.000ms, clock:309.662 level:0
2024-11-28 16:00:29.015 T:6455 debug : CVideoPlayerVideo::CalcDropRequirement - hurry: 0
2024-11-28 16:00:29.019 T:6455 debug : CAMLCodec::AddData: dl:1142421 fl:14580075 sz:403712(403776) lv:7.3% dts:309.226 pts:309.309
2024-11-28 16:00:29.022 T:6452 debug : CVideoPlayer::ProcessVideoData size:310174 dts:309.267 pts:309.267 dur:41.000ms, clock:309.632 level:0
2024-11-28 16:00:29.022 T:6455 debug : CVideoPlayerVideo::CalcDropRequirement - hurry: 0
2024-11-28 16:00:29.025 T:6455 debug : CAMLCodec::AddData: dl:928341 fl:14794155 sz:310170(310272) lv:5.9% dts:309.267 pts:309.267
2024-11-28 16:00:29.027 T:6452 debug : CVideoPlayer::ProcessVideoData size:300187 dts:309.309 pts:309.351 dur:41.000ms, clock:309.613 level:0
2024-11-28 16:00:29.027 T:6455 debug : CVideoPlayerVideo::CalcDropRequirement - hurry: 0
2024-11-28 16:00:29.030 T:6455 debug : CAMLCodec::AddData: dl:1228527 fl:14493969 sz:300183(300288) lv:7.8% dts:309.309 pts:309.351
2024-11-28 16:00:29.035 T:6452 debug : CVideoPlayer::ProcessVideoData size:382169 dts:309.351 pts:309.476 dur:41.000ms, clock:309.580 level:0
2024-11-28 16:00:29.035 T:6455 debug : CVideoPlayerVideo::CalcDropRequirement - hurry: 0
2024-11-28 16:00:29.039 T:6455 debug : CAMLCodec::AddData: dl:1086406 fl:14636090 sz:382165(382272) lv:6.9% dts:309.351 pts:309.476
2024-11-28 16:00:29.040 T:6452 debug : CVideoPlayer::ProcessVideoData size:299885 dts:309.392 pts:309.434 dur:41.000ms, clock:309.560 level:0
2024-11-28 16:00:29.040 T:6455 debug : CVideoPlayerVideo::CalcDropRequirement - hurry: 0
2024-11-28 16:00:29.043 T:6455 debug : CAMLCodec::AddData: dl:861979 fl:14860517 sz:299881(299968) lv:5.5% dts:309.392 pts:309.434
2024-11-28 16:00:29.049 T:4489 debug : CAMLCodec::PollFrame elapsed:31.777ms
2024-11-28 16:00:29.053 T:6452 debug : CVideoPlayer::ProcessVideoData size:575211 dts:309.434 pts:309.559 dur:41.000ms, clock:309.511 level:0
2024-11-28 16:00:29.054 T:6455 debug : CVideoPlayerVideo::CalcDropRequirement - hurry: 0
2024-11-28 16:00:29.058 T:6455 debug : CAMLCodec::AddData: dl:1437188 fl:14285308 sz:575191(575296) lv:9.1% dts:309.434 pts:309.559
2024-11-28 16:00:29.069 T:6452 debug : CVideoPlayer::ProcessVideoData size:497101 dts:309.476 pts:309.893 dur:41.000ms, clock:309.445 level:0
2024-11-28 16:00:29.069 T:6455 debug : CVideoPlayerVideo::CalcDropRequirement - hurry: 0
2024-11-28 16:00:29.073 T:6455 debug : CAMLCodec::AddData: dl:7701467 fl:8021029 sz:497097(497216) lv:49.0% dts:309.476 pts:309.893
2024-11-28 16:00:29.074 T:6452 debug : CVideoPlayer::ProcessVideoData size:381650 dts:309.518 pts:309.726 dur:41.000ms, clock:309.423 level:0
2024-11-28 16:00:29.075 T:6455 debug : CVideoPlayerVideo::CalcDropRequirement - hurry: 0
2024-11-28 16:00:29.078 T:6455 debug : CAMLCodec::AddData: dl:8083108 fl:7639388 sz:381646(381760) lv:51.4% dts:309.518 pts:309.726
2024-11-28 16:00:29.082 T:6452 debug : CVideoPlayer::ProcessVideoData size:392831 dts:309.559 pts:309.643 dur:41.000ms, clock:309.393 level:0
2024-11-28 16:00:29.082 T:6455 debug : CVideoPlayerVideo::CalcDropRequirement - hurry: 0
2024-11-28 16:00:29.085 T:6455 debug : CAMLCodec::AddData: dl:8475890 fl:7246606 sz:392827(392896) lv:53.9% dts:309.559 pts:309.643
2024-11-28 16:00:29.086 T:6452 debug : CVideoPlayer::ProcessVideoData size:298264 dts:309.601 pts:309.601 dur:41.000ms, clock:309.375 level:0
2024-11-28 16:00:29.087 T:6455 debug : CVideoPlayerVideo::CalcDropRequirement - hurry: 0
2024-11-28 16:00:29.090 T:6455 debug : CAMLCodec::AddData: dl:8774189 fl:6948307 sz:298260(298368) lv:55.8% dts:309.601 pts:309.601
2024-11-28 16:00:29.091 T:4489 debug : CAMLCodec::PollFrame elapsed:30.078ms
2024-11-28 16:00:29.091 T:6452 debug : CVideoPlayer::ProcessVideoData size:298046 dts:309.643 pts:309.684 dur:41.000ms, clock:309.355 level:0
2024-11-28 16:00:29.092 T:6455 debug : CVideoPlayerVideo::CalcDropRequirement - hurry: 0
2024-11-28 16:00:29.095 T:6455 debug : CAMLCodec::AddData: dl:9072193 fl:6650303 sz:298042(298112) lv:57.7% dts:309.643 pts:309.684
2024-11-28 16:00:29.100 T:6452 debug : CVideoPlayer::ProcessVideoData size:365258 dts:309.684 pts:309.810 dur:41.000ms, clock:309.321 level:0
2024-11-28 16:00:29.100 T:6455 debug : CVideoPlayerVideo::CalcDropRequirement - hurry: 0
2024-11-28 16:00:29.103 T:6455 debug : CAMLCodec::AddData: dl:9437499 fl:6284997 sz:365254(365376) lv:60.0% dts:309.684 pts:309.810
2024-11-28 16:00:29.104 T:6452 debug : CVideoPlayer::ProcessVideoData size:294731 dts:309.726 pts:309.768 dur:41.000ms, clock:309.303 level:0
2024-11-28 16:00:29.105 T:6455 debug : CVideoPlayerVideo::CalcDropRequirement - hurry: 0
2024-11-28 16:00:29.108 T:6455 debug : CAMLCodec::AddData: dl:9732225 fl:5990271 sz:294727(294848) lv:61.9% dts:309.726 pts:309.768
2024-11-28 16:00:29.111 T:6452 debug : CVideoPlayer::ProcessVideoData size:305590 dts:309.768 pts:309.851 dur:41.000ms, clock:309.276 level:0
2024-11-28 16:00:29.111 T:6455 debug : CVideoPlayerVideo::CalcDropRequirement - hurry: 0
2024-11-28 16:00:29.115 T:6455 debug : CAMLCodec::AddData: dl:10037768 fl:5684728 sz:305586(305664) lv:63.8% dts:309.768 pts:309.851
2024-11-28 16:00:29.124 T:6452 debug : CVideoPlayer::ProcessVideoData size:481439 dts:309.810 pts:310.227 dur:41.000ms, clock:309.223 level:0
2024-11-28 16:00:29.125 T:6455 debug : CVideoPlayerVideo::CalcDropRequirement - hurry: 0
2024-11-28 16:00:29.128 T:6455 debug : CAMLCodec::AddData: dl:10519226 fl:5203270 sz:481435(481536) lv:66.9% dts:309.810 pts:310.227
2024-11-28 16:00:29.131 T:6452 debug : CVideoPlayer::ProcessVideoData size:423565 dts:309.851 pts:310.060 dur:41.000ms, clock:309.197 level:0
2024-11-28 16:00:29.131 T:6455 debug : CVideoPlayerVideo::CalcDropRequirement - hurry: 0
2024-11-28 16:00:29.133 T:4489 debug : CAMLCodec::PollFrame elapsed:31.503ms
2024-11-28 16:00:29.134 T:6455 debug : CAMLCodec::AddData: dl:10942805 fl:4779691 sz:423561(423680) lv:69.6% dts:309.851 pts:310.060
2024-11-28 16:00:29.139 T:6452 debug : CVideoPlayer::ProcessVideoData size:380343 dts:309.893 pts:309.976 dur:41.000ms, clock:309.165 level:0
2024-11-28 16:00:29.139 T:6455 debug : CVideoPlayerVideo::CalcDropRequirement - hurry: 0
2024-11-28 16:00:29.143 T:6455 debug : CAMLCodec::AddData: dl:11323102 fl:4399394 sz:380339(380416) lv:72.0% dts:309.893 pts:309.976
2024-11-28 16:00:29.144 T:6452 debug : CVideoPlayer::ProcessVideoData size:303372 dts:309.935 pts:309.935 dur:41.000ms, clock:309.144 level:0
2024-11-28 16:00:29.144 T:6455 debug : CVideoPlayerVideo::CalcDropRequirement - hurry: 0
2024-11-28 16:00:29.147 T:6455 debug : CAMLCodec::AddData: dl:11626513 fl:4095983 sz:303368(303488) lv:73.9% dts:309.935 pts:309.935
2024-11-28 16:00:29.151 T:6452 debug : CVideoPlayer::ProcessVideoData size:306060 dts:309.976 pts:310.018 dur:41.000ms, clock:309.116 level:0
2024-11-28 16:00:29.151 T:6455 debug : CVideoPlayerVideo::CalcDropRequirement - hurry: 0
2024-11-28 16:00:29.155 T:6455 debug : CAMLCodec::AddData: dl:11932569 fl:3789927 sz:306056(306176) lv:75.9% dts:309.976 pts:310.018
2024-11-28 16:00:29.159 T:6452 debug : CVideoPlayer::ProcessVideoData size:384355 dts:310.018 pts:310.143 dur:41.000ms, clock:309.086 level:0
2024-11-28 16:00:29.159 T:6455 debug : CVideoPlayerVideo::CalcDropRequirement - hurry: 0
2024-11-28 16:00:29.162 T:6455 debug : CAMLCodec::AddData: dl:12316897 fl:3405599 sz:384351(384448) lv:78.3% dts:310.018 pts:310.143
2024-11-28 16:00:29.164 T:6452 debug : CVideoPlayer::ProcessVideoData size:324146 dts:310.060 pts:310.101 dur:41.000ms, clock:309.066 level:0
2024-11-28 16:00:29.164 T:6455 debug : CVideoPlayerVideo::CalcDropRequirement - hurry: 0
2024-11-28 16:00:29.167 T:6455 debug : CAMLCodec::AddData: dl:12641024 fl:3081472 sz:324142(324224) lv:80.4% dts:310.060 pts:310.101
2024-11-28 16:00:29.171 T:6452 debug : CVideoPlayer::ProcessVideoData size:339558 dts:310.101 pts:310.185 dur:41.000ms, clock:309.036 level:0
2024-11-28 16:00:29.171 T:6455 debug : CVideoPlayerVideo::CalcDropRequirement - hurry: 0
2024-11-28 16:00:29.174 T:4489 debug : CAMLCodec::PollFrame elapsed:32.599ms
2024-11-28 16:00:29.175 T:6455 debug : CAMLCodec::AddData: dl:12980590 fl:2741906 sz:339554(339648) lv:82.5% dts:310.101 pts:310.185
2024-11-28 16:00:29.184 T:6452 debug : CVideoPlayer::ProcessVideoData size:527129 dts:310.143 pts:310.519 dur:41.000ms, clock:308.984 level:0
2024-11-28 16:00:29.184 T:6455 debug : CVideoPlayerVideo::CalcDropRequirement - hurry: 0
2024-11-28 16:00:29.187 T:6455 debug : CAMLCodec::AddData: dl:13507728 fl:2214768 sz:527125(527232) lv:85.9% dts:310.143 pts:310.519
2024-11-28 16:00:29.192 T:6452 debug : CVideoPlayer::ProcessVideoData size:406547 dts:310.185 pts:310.393 dur:41.000ms, clock:308.954 level:0
2024-11-28 16:00:29.192 T:6455 debug : CVideoPlayerVideo::CalcDropRequirement - hurry: 0
2024-11-28 16:00:29.196 T:6455 debug : CAMLCodec::AddData: dl:13914277 fl:1808219 sz:406543(406656) lv:88.5% dts:310.185 pts:310.393
2024-11-28 16:00:29.199 T:6452 debug : CVideoPlayer::ProcessVideoData size:389674 dts:310.227 pts:310.310 dur:41.000ms, clock:308.924 level:0
2024-11-28 16:00:29.199 T:6455 debug : CVideoPlayerVideo::CalcDropRequirement - hurry: 0
2024-11-28 16:00:29.203 T:6455 debug : CAMLCodec::AddData: dl:14303924 fl:1418572 sz:389670(389760) lv:90.9% dts:310.227 pts:310.310
2024-11-28 16:00:29.203 T:6455 debug : CAMLCodec::DequeueBuffer: pts:308.683 idx:8738
2024-11-28 16:00:29.203 T:6455 debug : CAMLCodec::GetPicture: index: 8738, pts: 308.683, dur:41.708ms ar:1.78 elf:514ms
2024-11-28 16:00:29.204 T:6452 debug : CVideoPlayer::ProcessVideoData size:314736 dts:310.268 pts:310.268 dur:41.000ms, clock:308.904 level:0
2024-11-28 16:00:29.204 T:6455 debug : CVideoPlayerVideo::CalcDropRequirement - hurry: 0
2024-11-28 16:00:29.207 T:6455 debug : CAMLCodec::AddData: dl:14618650 fl:1103846 sz:314732(314816) lv:92.9% dts:310.268 pts:310.268
2024-11-28 16:00:29.211 T:6452 debug : CVideoPlayer::ProcessVideoData size:311353 dts:310.310 pts:310.352 dur:41.000ms, clock:308.876 level:0
2024-11-28 16:00:29.211 T:6455 debug : CVideoPlayerVideo::CalcDropRequirement - hurry: 0
2024-11-28 16:00:29.215 T:6455 debug : CAMLCodec::AddData: dl:14929990 fl:792506 sz:311349(311424) lv:94.9% dts:310.310 pts:310.352
2024-11-28 16:00:29.216 T:4489 debug : CAMLCodec::PollFrame elapsed:29.884ms
2024-11-28 16:00:29.219 T:6452 debug : CVideoPlayer::ProcessVideoData size:383403 dts:310.352 pts:310.477 dur:41.000ms, clock:308.845 level:0
2024-11-28 16:00:29.219 T:6455 debug : CVideoPlayerVideo::CalcDropRequirement - hurry: 0
2024-11-28 16:00:29.223 T:6455 debug : CAMLCodec::AddData: dl:15313403 fl:409093 sz:383399(383488) lv:97.4% dts:310.352 pts:310.477
2024-11-28 16:00:29.225 T:6452 debug : CVideoPlayer::ProcessVideoData size:334908 dts:310.393 pts:310.435 dur:41.000ms, clock:308.822 level:0
2024-11-28 16:00:29.225 T:6455 debug : CVideoPlayerVideo::CalcDropRequirement - hurry: 0
2024-11-28 16:00:29.228 T:6455 debug : CAMLCodec::AddData: dl:15648290 fl:74206 sz:334904(334976) lv:99.5% dts:310.393 pts:310.435
2024-11-28 16:00:29.237 T:6452 debug : CVideoPlayer::ProcessVideoData size:579129 dts:310.435 pts:310.560 dur:41.000ms, clock:308.773 level:0
2024-11-28 16:00:29.237 T:6455 debug : CVideoPlayerVideo::CalcDropRequirement - hurry: 0
2024-11-28 16:00:29.238 T:6455 debug : CAMLCodec::AddData: skip add data dl:15648218 fl:74278 sz:579109(579200) lv:103.2% dts:310.435 pts:310.560
2024-11-28 16:00:29.239 T:6455 debug : CVideoPlayerVideo::CalcDropRequirement - hurry: 0
2024-11-28 16:00:29.240 T:6455 debug : CAMLCodec::AddData: skip add data dl:15648218 fl:74278 sz:579109(579200) lv:103.2% dts:310.435 pts:310.560
2024-11-28 16:00:29.241 T:6455 debug : CVideoPlayerVideo::CalcDropRequirement - hurry: 0
2024-11-28 16:00:29.242 T:6455 debug : CAMLCodec::AddData: skip add data dl:15648218 fl:74278 sz:579109(579200) lv:103.2% dts:310.435 pts:310.560
2024-11-28 16:00:29.243 T:6455 debug : CVideoPlayerVideo::CalcDropRequirement - hurry: 0
2024-11-28 16:00:29.244 T:6455 debug : CAMLCodec::AddData: skip add data dl:15648218 fl:74278 sz:579109(579200) lv:103.2% dts:310.435 pts:310.560
2024-11-28 16:00:29.246 T:6455 debug : CVideoPlayerVideo::CalcDropRequirement - hurry: 0
2024-11-28 16:00:29.246 T:6455 debug : CAMLCodec::AddData: skip add data dl:15648218 fl:74278 sz:579109(579200) lv:103.2% dts:310.435 pts:310.560
2024-11-28 16:00:29.247 T:6452 debug : CVideoPlayer::ProcessVideoData size:489808 dts:310.477 pts:310.644 dur:41.000ms, clock:308.731 level:1
2024-11-28 16:00:29.249 T:6455 debug : CVideoPlayerVideo::CalcDropRequirement - hurry: 0
2024-11-28 16:00:29.250 T:6455 debug : CAMLCodec::AddData: skip add data dl:15648218 fl:74278 sz:579109(579200) lv:103.2% dts:310.435 pts:310.560
2024-11-28 16:00:29.251 T:6455 debug : CVideoPlayerVideo::CalcDropRequirement - hurry: 0
2024-11-28 16:00:29.252 T:6455 debug : CAMLCodec::AddData: skip add data dl:15648218 fl:74278 sz:579109(579200) lv:103.2% dts:310.435 pts:310.560
2024-11-28 16:00:29.252 T:6452 debug : CVideoPlayer::ProcessVideoData size:304204 dts:310.519 pts:310.602 dur:41.000ms, clock:308.713 level:1
