2024-11-28 16:00:10.579 T:6455 debug : CAMLCodec::AddData: skip add data dl:15357625 fl:364871 sz:391214(391296) lv:100.1% dts:298.632 pts:298.840
2024-11-28 16:00:10.581 T:4489 info : Skipped 1 duplicate messages..
2024-11-28 16:00:10.581 T:4489 debug : CAMLCodec::ReleaseFrame idx:8310, drop:0
2024-11-28 16:00:10.582 T:6455 debug : CAMLCodec::AddData: skip add data dl:15357625 fl:364871 sz:391214(391296) lv:100.1% dts:298.632 pts:298.840
2024-11-28 16:00:10.609 T:6452 info : Skipped 19 duplicate messages..
2024-11-28 16:00:10.609 T:6452 debug : CVideoPlayer::ProcessVideoData size:247379 dts:304.346 pts:304.387 dur:41.000ms, clock:296.389 level:100
2024-11-28 16:00:10.611 T:6455 debug : CAMLCodec::AddData: skip add data dl:15357625 fl:364871 sz:391214(391296) lv:100.1% dts:298.632 pts:298.840
2024-11-28 16:00:10.616 T:4489 info : Skipped 3 duplicate messages..
2024-11-28 16:00:10.616 T:4489 debug : CAMLCodec::PollFrame elapsed:35.171ms
2024-11-28 16:00:10.620 T:4489 debug : PrepareNextRender: frameOnScreen: 296.399 renderPts: 296.609 nextFramePts: 296.588 -> diff: 0.021 render: 1 forceNext: 0
2024-11-28 16:00:10.620 T:6455 debug : CAMLCodec::AddData: dl:15518009 fl:204487 sz:391214(391296) lv:98.7% dts:298.632 pts:298.840
2024-11-28 16:00:10.621 T:6455 debug : CAMLCodec::AddData: skip add data dl:15517927 fl:204569 sz:367208(367296) lv:101.0% dts:298.673 pts:298.757
2024-11-28 16:00:10.623 T:4489 info : Skipped 1 duplicate messages..
2024-11-28 16:00:10.623 T:4489 debug : CAMLCodec::ReleaseFrame idx:8311, drop:0
2024-11-28 16:00:10.624 T:6452 debug : CVideoPlayer::ProcessVideoData size:425283 dts:304.387 pts:304.513 dur:41.000ms, clock:296.403 level:71
2024-11-28 16:00:10.625 T:6455 debug : CAMLCodec::AddData: skip add data dl:15517927 fl:204569 sz:367208(367296) lv:101.0% dts:298.673 pts:298.757
2024-11-28 16:00:10.658 T:4489 info : Skipped 23 duplicate messages..
2024-11-28 16:00:10.658 T:4489 debug : CAMLCodec::PollFrame elapsed:34.188ms
2024-11-28 16:00:10.658 T:6455 debug : CAMLCodec::AddData: skip add data dl:15517927 fl:204569 sz:367208(367296) lv:101.0% dts:298.673 pts:298.757
2024-11-28 16:00:10.659 T:6455 debug : CAMLCodec::DequeueBuffer: pts:296.838 idx:8317
2024-11-28 16:00:10.659 T:6455 debug : CAMLCodec::GetPicture: index: 8317, pts: 296.838, dur:41.000ms ar:1.78 elf:162ms
2024-11-28 16:00:10.659 T:6455 debug : CVideoPlayerVideo::OutputPicture - ttd:398ms pts:296.838 Clock:296.439 Level:5
2024-11-28 16:00:10.661 T:6455 debug : CAMLCodec::DequeueBuffer: pts:296.880 idx:8318
2024-11-28 16:00:10.661 T:6455 debug : CAMLCodec::GetPicture: index: 8318, pts: 296.880, dur:42.000ms ar:1.78 elf:1ms
2024-11-28 16:00:10.661 T:6455 debug : CVideoPlayerVideo::OutputPicture - ttd:439ms pts:296.880 Clock:296.441 Level:6
2024-11-28 16:00:10.661 T:4489 debug : PrepareNextRender: frameOnScreen: 296.441 renderPts: 296.650 nextFramePts: 296.630 -> diff: 0.020 render: 1 forceNext: 0
2024-11-28 16:00:10.662 T:6455 debug : CAMLCodec::DequeueBuffer: pts:296.922 idx:8319
2024-11-28 16:00:10.662 T:6455 debug : CAMLCodec::GetPicture: index: 8319, pts: 296.922, dur:42.000ms ar:1.78 elf:1ms
2024-11-28 16:00:10.662 T:6455 debug : CVideoPlayerVideo::OutputPicture - ttd:480ms pts:296.922 Clock:296.442 Level:6
2024-11-28 16:00:10.663 T:4489 debug : CAMLCodec::ReleaseFrame idx:8312, drop:0
2024-11-28 16:00:10.663 T:6455 debug : CAMLCodec::DequeueBuffer: pts:296.963 idx:8320
2024-11-28 16:00:10.663 T:6455 debug : CAMLCodec::GetPicture: index: 8320, pts: 296.963, dur:41.000ms ar:1.78 elf:1ms
2024-11-28 16:00:10.663 T:6455 debug : CVideoPlayerVideo::OutputPicture - ttd:519ms pts:296.963 Clock:296.443 Level:7
2024-11-28 16:00:10.667 T:6455 debug : CAMLCodec::AddData: dl:15693223 fl:29273 sz:367208(367296) lv:99.8% dts:298.673 pts:298.757
2024-11-28 16:00:10.668 T:6455 debug : CAMLCodec::AddData: skip add data dl:15693135 fl:29361 sz:347541(347648) lv:102.0% dts:298.715 pts:298.715
2024-11-28 16:00:10.668 T:6452 debug : CVideoPlayer::ProcessVideoData size:553454 dts:304.429 pts:304.554 dur:41.000ms, clock:296.448 level:71
2024-11-28 16:00:10.670 T:6455 debug : CAMLCodec::AddData: skip add data dl:15693135 fl:29361 sz:347541(347648) lv:102.0% dts:298.715 pts:298.715
2024-11-28 16:00:10.699 T:4489 info : Skipped 21 duplicate messages..
2024-11-28 16:00:10.699 T:4489 debug : CAMLCodec::PollFrame elapsed:36.626ms
2024-11-28 16:00:10.700 T:6455 debug : CAMLCodec::AddData: skip add data dl:15693135 fl:29361 sz:347541(347648) lv:102.0% dts:298.715 pts:298.715
2024-11-28 16:00:10.703 T:4489 debug : PrepareNextRender: frameOnScreen: 296.483 renderPts: 296.693 nextFramePts: 296.671 -> diff: 0.022 render: 1 forceNext: 0
2024-11-28 16:00:10.704 T:6455 debug : CAMLCodec::AddData: dl:15554511 fl:167985 sz:347541(347648) lv:98.9% dts:298.715 pts:298.715
2024-11-28 16:00:10.704 T:6455 debug : CAMLCodec::AddData: skip add data dl:15554404 fl:168092 sz:297245(297344) lv:100.8% dts:298.757 pts:298.799
2024-11-28 16:00:10.706 T:4489 info : Skipped 1 duplicate messages..
2024-11-28 16:00:10.706 T:4489 debug : CAMLCodec::ReleaseFrame idx:8313, drop:0
2024-11-28 16:00:10.707 T:6455 debug : CAMLCodec::AddData: skip add data dl:15554404 fl:168092 sz:297245(297344) lv:100.8% dts:298.757 pts:298.799
2024-11-28 16:00:10.741 T:4489 info : Skipped 26 duplicate messages..
2024-11-28 16:00:10.741 T:4489 debug : CAMLCodec::PollFrame elapsed:34.969ms
2024-11-28 16:00:10.744 T:6455 debug : CAMLCodec::AddData: dl:15408356 fl:314140 sz:297245(297344) lv:98.0% dts:298.757 pts:298.799
2024-11-28 16:00:10.744 T:6455 debug : CAMLCodec::AddData: skip add data dl:15408257 fl:314239 sz:380836(380928) lv:100.4% dts:298.799 pts:298.924
2024-11-28 16:00:10.745 T:4489 debug : PrepareNextRender: frameOnScreen: 296.525 renderPts: 296.734 nextFramePts: 296.713 -> diff: 0.021 render: 1 forceNext: 0
2024-11-28 16:00:10.746 T:6455 debug : CAMLCodec::AddData: skip add data dl:15408257 fl:314239 sz:380836(380928) lv:100.4% dts:298.799 pts:298.924
2024-11-28 16:00:10.747 T:4489 debug : CAMLCodec::ReleaseFrame idx:8314, drop:0
2024-11-28 16:00:10.748 T:6455 debug : CAMLCodec::AddData: skip add data dl:15408257 fl:314239 sz:380836(380928) lv:100.4% dts:298.799 pts:298.924
2024-11-28 16:00:10.762 T:6452 info : Skipped 9 duplicate messages..
2024-11-28 16:00:10.762 T:6452 debug : CVideoPlayer::ProcessVideoData size:466661 dts:304.471 pts:304.888 dur:41.000ms, clock:296.542 level:71
2024-11-28 16:00:10.763 T:6455 debug : CAMLCodec::AddData: skip add data dl:15408257 fl:314239 sz:380836(380928) lv:100.4% dts:298.799 pts:298.924
2024-11-28 16:00:10.774 T:6452 info : Skipped 6 duplicate messages..
2024-11-28 16:00:10.774 T:6452 debug : CVideoPlayer::ProcessVideoData size:359522 dts:304.513 pts:304.721 dur:41.000ms, clock:296.554 level:71
2024-11-28 16:00:10.774 T:6455 debug : CAMLCodec::AddData: skip add data dl:15408257 fl:314239 sz:380836(380928) lv:100.4% dts:298.799 pts:298.924
2024-11-28 16:00:10.783 T:4489 info : Skipped 6 duplicate messages..
2024-11-28 16:00:10.783 T:4489 debug : CAMLCodec::PollFrame elapsed:35.260ms
2024-11-28 16:00:10.787 T:4489 debug : PrepareNextRender: frameOnScreen: 296.567 renderPts: 296.776 nextFramePts: 296.755 -> diff: 0.021 render: 1 forceNext: 0
2024-11-28 16:00:10.787 T:6455 debug : CAMLCodec::AddData: dl:15415873 fl:306623 sz:380836(380928) lv:98.0% dts:298.799 pts:298.924
2024-11-28 16:00:10.788 T:6455 debug : CAMLCodec::AddData: skip add data dl:15415781 fl:306715 sz:331712(331776) lv:100.1% dts:298.840 pts:298.882
2024-11-28 16:00:10.790 T:4489 info : Skipped 1 duplicate messages..
2024-11-28 16:00:10.790 T:4489 debug : CAMLCodec::ReleaseFrame idx:8315, drop:0
2024-11-28 16:00:10.791 T:6455 debug : CAMLCodec::AddData: skip add data dl:15415781 fl:306715 sz:331712(331776) lv:100.1% dts:298.840 pts:298.882
2024-11-28 16:00:10.825 T:4489 info : Skipped 23 duplicate messages..
2024-11-28 16:00:10.825 T:4489 debug : CAMLCodec::PollFrame elapsed:33.984ms
2024-11-28 16:00:10.826 T:6455 debug : CAMLCodec::AddData: dl:15383141 fl:339355 sz:331712(331776) lv:97.8% dts:298.840 pts:298.882
2024-11-28 16:00:10.827 T:6455 debug : CAMLCodec::DequeueBuffer: pts:297.005 idx:8321
2024-11-28 16:00:10.827 T:6455 debug : CAMLCodec::GetPicture: index: 8321, pts: 297.005, dur:42.000ms ar:1.78 elf:163ms
2024-11-28 16:00:10.827 T:6455 debug : CVideoPlayerVideo::OutputPicture - ttd:398ms pts:297.005 Clock:296.607 Level:5
2024-11-28 16:00:10.828 T:4489 debug : PrepareNextRender: frameOnScreen: 296.608 renderPts: 296.817 nextFramePts: 296.797 -> diff: 0.020 render: 1 forceNext: 0
2024-11-28 16:00:10.829 T:6455 debug : CAMLCodec::AddData: skip add data dl:15383077 fl:339419 sz:490977(491072) lv:100.9% dts:298.882 pts:299.007
2024-11-28 16:00:10.831 T:4489 info : Skipped 1 duplicate messages..
2024-11-28 16:00:10.831 T:4489 debug : CAMLCodec::ReleaseFrame idx:8316, drop:0
2024-11-28 16:00:10.832 T:6455 debug : CAMLCodec::AddData: skip add data dl:15383077 fl:339419 sz:490977(491072) lv:100.9% dts:298.882 pts:299.007
2024-11-28 16:00:10.837 T:6452 info : Skipped 2 duplicate messages..
2024-11-28 16:00:10.837 T:6452 debug : CVideoPlayer::ProcessVideoData size:351360 dts:304.554 pts:304.638 dur:41.000ms, clock:296.617 level:70
2024-11-28 16:00:10.837 T:6455 debug : CAMLCodec::AddData: skip add data dl:15383077 fl:339419 sz:490977(491072) lv:100.9% dts:298.882 pts:299.007
2024-11-28 16:00:10.838 T:6452 debug : CVideoPlayer::ProcessVideoData size:288825 dts:304.596 pts:304.596 dur:41.000ms, clock:296.618 level:100
2024-11-28 16:00:10.838 T:6455 debug : CAMLCodec::AddData: skip add data dl:15383077 fl:339419 sz:490977(491072) lv:100.9% dts:298.882 pts:299.007
2024-11-28 16:00:10.866 T:4489 info : Skipped 18 duplicate messages..
2024-11-28 16:00:10.866 T:4489 debug : CAMLCodec::PollFrame elapsed:34.811ms
2024-11-28 16:00:10.869 T:6455 debug : CAMLCodec::AddData: dl:15578469 fl:144027 sz:490977(491072) lv:99.0% dts:298.882 pts:299.007
2024-11-28 16:00:10.869 T:6455 debug : CAMLCodec::DequeueBuffer: pts:297.047 idx:8322
2024-11-28 16:00:10.870 T:6455 debug : CAMLCodec::GetPicture: index: 8322, pts: 297.047, dur:42.000ms ar:1.78 elf:42ms
2024-11-28 16:00:10.870 T:6455 debug : CVideoPlayerVideo::OutputPicture - ttd:397ms pts:297.047 Clock:296.650 Level:5
2024-11-28 16:00:10.870 T:4489 debug : PrepareNextRender: frameOnScreen: 296.650 renderPts: 296.860 nextFramePts: 296.838 -> diff: 0.022 render: 1 forceNext: 0
2024-11-28 16:00:10.872 T:6455 debug : CAMLCodec::AddData: skip add data dl:15578374 fl:144122 sz:450681(450752) lv:101.9% dts:298.924 pts:299.341
2024-11-28 16:00:10.873 T:4489 debug : CAMLCodec::ReleaseFrame idx:8317, drop:0
2024-11-28 16:00:10.874 T:6455 debug : CAMLCodec::AddData: skip add data dl:15578374 fl:144122 sz:450681(450752) lv:101.9% dts:298.924 pts:299.341
2024-11-28 16:00:10.908 T:6455 info : Skipped 19 duplicate messages..
2024-11-28 16:00:10.908 T:6455 debug : CAMLCodec::AddData: skip add data dl:15287686 fl:434810 sz:450681(450752) lv:100.1% dts:298.924 pts:299.341
2024-11-28 16:00:10.908 T:4489 debug : CAMLCodec::PollFrame elapsed:34.384ms
2024-11-28 16:00:10.909 T:6455 debug : CAMLCodec::DequeueBuffer: pts:297.088 idx:8323
2024-11-28 16:00:10.909 T:6455 debug : CAMLCodec::GetPicture: index: 8323, pts: 297.088, dur:41.000ms ar:1.78 elf:39ms
2024-11-28 16:00:10.910 T:6455 debug : CVideoPlayerVideo::OutputPicture - ttd:398ms pts:297.088 Clock:296.690 Level:5
2024-11-28 16:00:10.912 T:6455 debug : CAMLCodec::AddData: skip add data dl:15287686 fl:434810 sz:450681(450752) lv:100.1% dts:298.924 pts:299.341
2024-11-28 16:00:10.911 T:4489 debug : PrepareNextRender: frameOnScreen: 296.691 renderPts: 296.901 nextFramePts: 296.880 -> diff: 0.021 render: 1 forceNext: 0
2024-11-28 16:00:10.914 T:6455 debug : CAMLCodec::AddData: skip add data dl:15287686 fl:434810 sz:450681(450752) lv:100.1% dts:298.924 pts:299.341
2024-11-28 16:00:10.915 T:4489 debug : CAMLCodec::ReleaseFrame idx:8318, drop:0
2024-11-28 16:00:10.916 T:6455 debug : CAMLCodec::AddData: skip add data dl:15287686 fl:434810 sz:450681(450752) lv:100.1% dts:298.924 pts:299.341
2024-11-28 16:00:10.921 T:6452 info : Skipped 2 duplicate messages..
2024-11-28 16:00:10.921 T:6452 debug : CVideoPlayer::ProcessVideoData size:340229 dts:304.638 pts:304.679 dur:41.000ms, clock:296.700 level:100
2024-11-28 16:00:10.921 T:6455 debug : CAMLCodec::AddData: skip add data dl:15287686 fl:434810 sz:450681(450752) lv:100.1% dts:298.924 pts:299.341
2024-11-28 16:00:10.950 T:4489 info : Skipped 16 duplicate messages..
2024-11-28 16:00:10.950 T:4489 debug : CAMLCodec::PollFrame elapsed:34.948ms
2024-11-28 16:00:10.953 T:4489 debug : PrepareNextRender: frameOnScreen: 296.733 renderPts: 296.942 nextFramePts: 296.922 -> diff: 0.020 render: 1 forceNext: 0
2024-11-28 16:00:10.953 T:6455 debug : CAMLCodec::AddData: dl:15393158 fl:329338 sz:450681(450752) lv:97.9% dts:298.924 pts:299.341
2024-11-28 16:00:10.954 T:6455 debug : CAMLCodec::DequeueBuffer: pts:297.130 idx:8324
2024-11-28 16:00:10.954 T:6455 debug : CAMLCodec::GetPicture: index: 8324, pts: 297.130, dur:42.000ms ar:1.78 elf:44ms
2024-11-28 16:00:10.954 T:6455 debug : CVideoPlayerVideo::OutputPicture - ttd:396ms pts:297.130 Clock:296.734 Level:4
2024-11-28 16:00:10.955 T:6455 debug : CAMLCodec::AddData: skip add data dl:15393087 fl:329409 sz:378482(378560) lv:100.3% dts:298.965 pts:299.174
2024-11-28 16:00:10.956 T:4489 debug : CAMLCodec::ReleaseFrame idx:8319, drop:0
2024-11-28 16:00:10.957 T:6455 debug : CAMLCodec::AddData: skip add data dl:15393087 fl:329409 sz:378482(378560) lv:100.3% dts:298.965 pts:299.174
2024-11-28 16:00:10.963 T:6452 info : Skipped 3 duplicate messages..
2024-11-28 16:00:10.963 T:6452 debug : CVideoPlayer::ProcessVideoData size:400247 dts:304.679 pts:304.805 dur:41.000ms, clock:296.743 level:71
2024-11-28 16:00:10.963 T:6455 debug : CAMLCodec::AddData: skip add data dl:15393087 fl:329409 sz:378482(378560) lv:100.3% dts:298.965 pts:299.174
2024-11-28 16:00:10.992 T:4489 info : Skipped 19 duplicate messages..
2024-11-28 16:00:10.992 T:4489 debug : CAMLCodec::PollFrame elapsed:35.976ms
2024-11-28 16:00:10.994 T:6455 debug : CAMLCodec::AddData: dl:15478079 fl:244417 sz:378482(378560) lv:98.4% dts:298.965 pts:299.174
2024-11-28 16:00:10.994 T:6455 debug : CAMLCodec::DequeueBuffer: pts:297.172 idx:8325
2024-11-28 16:00:10.994 T:6455 debug : CAMLCodec::GetPicture: index: 8325, pts: 297.172, dur:42.000ms ar:1.78 elf:40ms
2024-11-28 16:00:10.994 T:6455 debug : CVideoPlayerVideo::OutputPicture - ttd:397ms pts:297.172 Clock:296.774 Level:5
2024-11-28 16:00:10.995 T:4489 debug : PrepareNextRender: frameOnScreen: 296.775 renderPts: 296.985 nextFramePts: 296.963 -> diff: 0.022 render: 1 forceNext: 0
2024-11-28 16:00:10.996 T:6455 debug : CAMLCodec::AddData: skip add data dl:15478001 fl:244495 sz:352692(352768) lv:100.6% dts:299.007 pts:299.090
2024-11-28 16:00:10.998 T:4489 info : Skipped 1 duplicate messages..
2024-11-28 16:00:10.998 T:4489 debug : CAMLCodec::ReleaseFrame idx:8320, drop:0
2024-11-28 16:00:10.999 T:6455 debug : CAMLCodec::AddData: skip add data dl:15478001 fl:244495 sz:352692(352768) lv:100.6% dts:299.007 pts:299.090
2024-11-28 16:00:11.033 T:4489 info : Skipped 25 duplicate messages..
2024-11-28 16:00:11.033 T:4489 debug : CAMLCodec::PollFrame elapsed:34.756ms
2024-11-28 16:00:11.036 T:6455 debug : CAMLCodec::AddData: dl:15521457 fl:201039 sz:352692(352768) lv:98.7% dts:299.007 pts:299.090
2024-11-28 16:00:11.037 T:6455 debug : CAMLCodec::DequeueBuffer: pts:297.214 idx:8326
2024-11-28 16:00:11.037 T:6455 debug : CAMLCodec::GetPicture: index: 8326, pts: 297.214, dur:42.000ms ar:1.78 elf:42ms
2024-11-28 16:00:11.037 T:6455 debug : CVideoPlayerVideo::OutputPicture - ttd:397ms pts:297.214 Clock:296.817 Level:5
2024-11-28 16:00:11.037 T:6452 debug : CVideoPlayer::ProcessVideoData size:315516 dts:304.721 pts:304.763 dur:41.000ms, clock:296.817 level:71
2024-11-28 16:00:11.038 T:4489 debug : PrepareNextRender: frameOnScreen: 296.818 renderPts: 297.027 nextFramePts: 297.005 -> diff: 0.022 render: 1 forceNext: 0
2024-11-28 16:00:11.039 T:6455 debug : CAMLCodec::AddData: skip add data dl:15521381 fl:201115 sz:321858(321984) lv:100.7% dts:299.049 pts:299.049
2024-11-28 16:00:11.042 T:4489 info : Skipped 2 duplicate messages..
2024-11-28 16:00:11.042 T:4489 debug : CAMLCodec::ReleaseFrame idx:8321, drop:0
2024-11-28 16:00:11.043 T:6455 debug : CAMLCodec::AddData: skip add data dl:15521381 fl:201115 sz:321858(321984) lv:100.7% dts:299.049 pts:299.049
2024-11-28 16:00:11.076 T:4489 info : Skipped 24 duplicate messages..
2024-11-28 16:00:11.076 T:4489 debug : CAMLCodec::PollFrame elapsed:33.304ms
2024-11-28 16:00:11.076 T:6455 debug : CAMLCodec::DequeueBuffer: pts:297.255 idx:8327
2024-11-28 16:00:11.076 T:6455 debug : CAMLCodec::GetPicture: index: 8327, pts: 297.255, dur:41.000ms ar:1.78 elf:39ms
2024-11-28 16:00:11.076 T:6455 debug : CVideoPlayerVideo::OutputPicture - ttd:399ms pts:297.255 Clock:296.856 Level:5
2024-11-28 16:00:11.080 T:6452 debug : CVideoPlayer::ProcessVideoData size:326247 dts:304.763 pts:304.846 dur:41.000ms, clock:296.860 level:71
2024-11-28 16:00:11.080 T:6455 debug : CAMLCodec::AddData: dl:15372197 fl:350299 sz:321858(321984) lv:97.7% dts:299.049 pts:299.049
2024-11-28 16:00:11.081 T:4489 debug : PrepareNextRender: frameOnScreen: 296.861 renderPts: 297.070 nextFramePts: 297.047 -> diff: 0.023 render: 1 forceNext: 0
2024-11-28 16:00:11.083 T:6455 debug : CAMLCodec::AddData: dl:15660647 fl:61849 sz:288495(288576) lv:99.6% dts:299.090 pts:299.132
2024-11-28 16:00:11.084 T:6455 debug : CAMLCodec::AddData: skip add data dl:15660566 fl:61930 sz:357928(358016) lv:101.8% dts:299.132 pts:299.257
2024-11-28 16:00:11.084 T:4489 debug : CAMLCodec::ReleaseFrame idx:8322, drop:0
2024-11-28 16:00:11.086 T:6455 debug : CAMLCodec::AddData: skip add data dl:15660566 fl:61930 sz:357928(358016) lv:101.8% dts:299.132 pts:299.257
2024-11-28 16:00:11.102 T:6452 info : Skipped 11 duplicate messages..
2024-11-28 16:00:11.102 T:6452 debug : CVideoPlayer::ProcessVideoData size:505078 dts:304.805 pts:305.222 dur:41.000ms, clock:296.882 level:71
2024-11-28 16:00:11.103 T:6455 debug : CAMLCodec::AddData: skip add data dl:15660566 fl:61930 sz:357928(358016) lv:101.8% dts:299.132 pts:299.257
2024-11-28 16:00:11.114 T:6452 info : Skipped 7 duplicate messages..
2024-11-28 16:00:11.114 T:6452 debug : CVideoPlayer::ProcessVideoData size:386445 dts:304.846 pts:305.055 dur:41.000ms, clock:296.894 level:71
2024-11-28 16:00:11.114 T:6455 debug : CAMLCodec::AddData: skip add data dl:15660566 fl:61930 sz:357928(358016) lv:101.8% dts:299.132 pts:299.257
2024-11-28 16:00:11.124 T:4489 info : Skipped 1 duplicate messages..
2024-11-28 16:00:11.124 T:4489 debug : CAMLCodec::PollFrame elapsed:39.452ms
2024-11-28 16:00:11.124 T:6455 debug : CAMLCodec::DequeueBuffer: pts:297.297 idx:8328
2024-11-28 16:00:11.124 T:6455 debug : CAMLCodec::GetPicture: index: 8328, pts: 297.297, dur:42.000ms ar:1.78 elf:48ms
2024-11-28 16:00:11.124 T:6455 debug : CVideoPlayerVideo::OutputPicture - ttd:392ms pts:297.297 Clock:296.904 Level:5
2024-11-28 16:00:11.128 T:4489 debug : PrepareNextRender: frameOnScreen: 296.908 renderPts: 297.117 nextFramePts: 297.088 -> diff: 0.029 render: 1 forceNext: 0
2024-11-28 16:00:11.128 T:6455 debug : CAMLCodec::AddData: dl:15642390 fl:80106 sz:357928(358016) lv:99.5% dts:299.132 pts:299.257
2024-11-28 16:00:11.129 T:6455 debug : CAMLCodec::AddData: skip add data dl:15642302 fl:80194 sz:295761(295872) lv:101.3% dts:299.174 pts:299.216
2024-11-28 16:00:11.130 T:4489 debug : CAMLCodec::ReleaseFrame idx:8323, drop:0
2024-11-28 16:00:11.130 T:6455 debug : CAMLCodec::AddData: skip add data dl:15642302 fl:80194 sz:295761(295872) lv:101.3% dts:299.174 pts:299.216
2024-11-28 16:00:11.136 T:6452 info : Skipped 3 duplicate messages..
2024-11-28 16:00:11.136 T:6452 debug : CVideoPlayer::ProcessVideoData size:405302 dts:304.888 pts:304.971 dur:41.000ms, clock:296.916 level:71
2024-11-28 16:00:11.136 T:6455 debug : CAMLCodec::AddData: skip add data dl:15642302 fl:80194 sz:295761(295872) lv:101.3% dts:299.174 pts:299.216
2024-11-28 16:00:11.165 T:4489 info : Skipped 16 duplicate messages..
2024-11-28 16:00:11.165 T:4489 debug : CAMLCodec::PollFrame elapsed:34.897ms
2024-11-28 16:00:11.165 T:6455 debug : CAMLCodec::DequeueBuffer: pts:297.339 idx:8329
2024-11-28 16:00:11.165 T:6455 debug : CAMLCodec::GetPicture: index: 8329, pts: 297.339, dur:42.000ms ar:1.78 elf:40ms
2024-11-28 16:00:11.165 T:6455 debug : CVideoPlayerVideo::OutputPicture - ttd:393ms pts:297.339 Clock:296.945 Level:5
2024-11-28 16:00:11.168 T:4489 debug : PrepareNextRender: frameOnScreen: 296.948 renderPts: 297.157 nextFramePts: 297.130 -> diff: 0.027 render: 1 forceNext: 0
2024-11-28 16:00:11.169 T:6455 debug : CAMLCodec::AddData: dl:15589630 fl:132866 sz:295761(295872) lv:99.1% dts:299.174 pts:299.216
2024-11-28 16:00:11.169 T:6455 debug : CAMLCodec::AddData: skip add data dl:15589519 fl:132977 sz:334803(334912) lv:101.2% dts:299.216 pts:299.299
2024-11-28 16:00:11.170 T:4489 debug : CAMLCodec::ReleaseFrame idx:8324, drop:0
2024-11-28 16:00:11.171 T:6455 debug : CAMLCodec::AddData: skip add data dl:15589519 fl:132977 sz:334803(334912) lv:101.2% dts:299.216 pts:299.299
2024-11-28 16:00:11.200 T:4489 info : Skipped 19 duplicate messages..
2024-11-28 16:00:11.200 T:4489 debug : CAMLCodec::PollFrame elapsed:29.405ms
2024-11-28 16:00:11.200 T:6455 debug : CAMLCodec::AddData: skip add data dl:15589519 fl:132977 sz:334803(334912) lv:101.2% dts:299.216 pts:299.299
2024-11-28 16:00:11.202 T:6455 debug : CAMLCodec::DequeueBuffer: pts:297.380 idx:8330
2024-11-28 16:00:11.202 T:6455 debug : CAMLCodec::GetPicture: index: 8330, pts: 297.380, dur:41.000ms ar:1.78 elf:36ms
2024-11-28 16:00:11.202 T:6455 debug : CVideoPlayerVideo::OutputPicture - ttd:398ms pts:297.380 Clock:296.982 Level:5
2024-11-28 16:00:11.204 T:4489 debug : PrepareNextRender: frameOnScreen: 296.984 renderPts: 297.193 nextFramePts: 297.172 -> diff: 0.021 render: 1 forceNext: 0
2024-11-28 16:00:11.206 T:6455 debug : CAMLCodec::AddData: dl:15625359 fl:97137 sz:334803(334912) lv:99.3% dts:299.216 pts:299.299
2024-11-28 16:00:11.207 T:4489 debug : CAMLCodec::ReleaseFrame idx:8325, drop:0
2024-11-28 16:00:11.207 T:6455 debug : CAMLCodec::AddData: skip add data dl:15625250 fl:97246 sz:446283(446400) lv:102.2% dts:299.257 pts:299.674
2024-11-28 16:00:11.208 T:6452 debug : CVideoPlayer::ProcessVideoData size:326527 dts:304.930 pts:304.930 dur:41.000ms, clock:296.988 level:100
2024-11-28 16:00:11.210 T:6455 debug : CAMLCodec::AddData: skip add data dl:15625250 fl:97246 sz:446283(446400) lv:102.2% dts:299.257 pts:299.674
2024-11-28 16:00:11.242 T:4489 info : Skipped 17 duplicate messages..
2024-11-28 16:00:11.242 T:4489 debug : CAMLCodec::PollFrame elapsed:34.175ms
2024-11-28 16:00:11.242 T:6455 debug : CAMLCodec::AddData: skip add data dl:15319330 fl:403166 sz:446283(446400) lv:100.2% dts:299.257 pts:299.674
2024-11-28 16:00:11.243 T:6455 debug : CAMLCodec::DequeueBuffer: pts:297.422 idx:8331
2024-11-28 16:00:11.244 T:6455 debug : CAMLCodec::GetPicture: index: 8331, pts: 297.422, dur:42.000ms ar:1.78 elf:41ms
2024-11-28 16:00:11.244 T:6455 debug : CVideoPlayerVideo::OutputPicture - ttd:398ms pts:297.422 Clock:297.024 Level:5
2024-11-28 16:00:11.245 T:4489 debug : PrepareNextRender: frameOnScreen: 297.025 renderPts: 297.234 nextFramePts: 297.214 -> diff: 0.020 render: 1 forceNext: 0
2024-11-28 16:00:11.246 T:6455 debug : CAMLCodec::AddData: skip add data dl:15319330 fl:403166 sz:446283(446400) lv:100.2% dts:299.257 pts:299.674
2024-11-28 16:00:11.249 T:4489 info : Skipped 1 duplicate messages..
2024-11-28 16:00:11.249 T:4489 debug : CAMLCodec::ReleaseFrame idx:8326, drop:0
2024-11-28 16:00:11.250 T:6455 debug : CAMLCodec::AddData: skip add data dl:15319330 fl:403166 sz:446283(446400) lv:100.2% dts:299.257 pts:299.674
2024-11-28 16:00:11.283 T:6455 info : Skipped 19 duplicate messages..
2024-11-28 16:00:11.283 T:6455 debug : CAMLCodec::DequeueBuffer: pts:297.464 idx:8332
2024-11-28 16:00:11.283 T:4489 debug : CAMLCodec::PollFrame elapsed:34.551ms
2024-11-28 16:00:11.284 T:6455 debug : CAMLCodec::GetPicture: index: 8332, pts: 297.464, dur:42.000ms ar:1.78 elf:39ms
2024-11-28 16:00:11.284 T:6455 debug : CVideoPlayerVideo::OutputPicture - ttd:400ms pts:297.464 Clock:297.064 Level:5
2024-11-28 16:00:11.288 T:4489 debug : PrepareNextRender: frameOnScreen: 297.068 renderPts: 297.277 nextFramePts: 297.255 -> diff: 0.022 render: 1 forceNext: 0
2024-11-28 16:00:11.288 T:6455 debug : CAMLCodec::AddData: dl:15407458 fl:315038 sz:446283(446400) lv:98.0% dts:299.257 pts:299.674
2024-11-28 16:00:11.289 T:6455 debug : CAMLCodec::AddData: skip add data dl:15407341 fl:315155 sz:370360(370432) lv:100.3% dts:299.299 pts:299.508
2024-11-28 16:00:11.291 T:4489 info : Skipped 1 duplicate messages..
2024-11-28 16:00:11.291 T:4489 debug : CAMLCodec::ReleaseFrame idx:8327, drop:0
2024-11-28 16:00:11.291 T:6452 debug : CVideoPlayer::ProcessVideoData size:335498 dts:304.971 pts:305.013 dur:41.000ms, clock:297.071 level:71
2024-11-28 16:00:11.293 T:6455 debug : CAMLCodec::AddData: skip add data dl:15407341 fl:315155 sz:370360(370432) lv:100.3% dts:299.299 pts:299.508
2024-11-28 16:00:11.325 T:4489 info : Skipped 22 duplicate messages..
2024-11-28 16:00:11.325 T:4489 debug : CAMLCodec::PollFrame elapsed:33.475ms
2024-11-28 16:00:11.328 T:6455 debug : CAMLCodec::AddData: dl:15476397 fl:246099 sz:370360(370432) lv:98.4% dts:299.299 pts:299.508
2024-11-28 16:00:11.328 T:6455 debug : CAMLCodec::DequeueBuffer: pts:297.506 idx:8333
2024-11-28 16:00:11.328 T:6455 debug : CAMLCodec::GetPicture: index: 8333, pts: 297.506, dur:42.000ms ar:1.78 elf:44ms
2024-11-28 16:00:11.328 T:6455 debug : CVideoPlayerVideo::OutputPicture - ttd:398ms pts:297.506 Clock:297.108 Level:5
2024-11-28 16:00:11.328 T:4489 debug : PrepareNextRender: frameOnScreen: 297.108 renderPts: 297.317 nextFramePts: 297.297 -> diff: 0.020 render: 1 forceNext: 0
2024-11-28 16:00:11.330 T:6455 debug : CAMLCodec::AddData: skip add data dl:15476325 fl:246171 sz:360936(361024) lv:100.7% dts:299.341 pts:299.424
2024-11-28 16:00:11.330 T:4489 debug : CAMLCodec::ReleaseFrame idx:8328, drop:0
2024-11-28 16:00:11.331 T:6455 debug : CAMLCodec::AddData: skip add data dl:15476325 fl:246171 sz:360936(361024) lv:100.7% dts:299.341 pts:299.424
2024-11-28 16:00:11.334 T:6452 info : Skipped 1 duplicate messages..
2024-11-28 16:00:11.334 T:6452 debug : CVideoPlayer::ProcessVideoData size:403478 dts:305.013 pts:305.138 dur:41.000ms, clock:297.114 level:71
2024-11-28 16:00:11.335 T:6455 debug : CAMLCodec::AddData: skip add data dl:15476325 fl:246171 sz:360936(361024) lv:100.7% dts:299.341 pts:299.424
2024-11-28 16:00:11.367 T:4489 info : Skipped 22 duplicate messages..
2024-11-28 16:00:11.367 T:4489 debug : CAMLCodec::PollFrame elapsed:36.500ms
2024-11-28 16:00:11.367 T:6455 debug : CAMLCodec::DequeueBuffer: pts:297.547 idx:8334
2024-11-28 16:00:11.367 T:6455 debug : CAMLCodec::GetPicture: index: 8334, pts: 297.547, dur:41.000ms ar:1.78 elf:39ms
2024-11-28 16:00:11.367 T:6455 debug : CVideoPlayerVideo::OutputPicture - ttd:399ms pts:297.547 Clock:297.147 Level:5
2024-11-28 16:00:11.371 T:4489 debug : PrepareNextRender: frameOnScreen: 297.151 renderPts: 297.360 nextFramePts: 297.339 -> diff: 0.021 render: 1 forceNext: 0
2024-11-28 16:00:11.372 T:6455 debug : CAMLCodec::AddData: dl:15527909 fl:194587 sz:360936(361024) lv:98.7% dts:299.341 pts:299.424
2024-11-28 16:00:11.372 T:6455 debug : CAMLCodec::AddData: skip add data dl:15527821 fl:194675 sz:307835(307904) lv:100.7% dts:299.382 pts:299.382
2024-11-28 16:00:11.374 T:4489 info : Skipped 1 duplicate messages..
2024-11-28 16:00:11.374 T:4489 debug : CAMLCodec::ReleaseFrame idx:8329, drop:0
2024-11-28 16:00:11.375 T:6455 debug : CAMLCodec::AddData: skip add data dl:15527821 fl:194675 sz:307835(307904) lv:100.7% dts:299.382 pts:299.382
2024-11-28 16:00:11.375 T:6452 debug : CVideoPlayer::ProcessVideoData size:296690 dts:305.055 pts:305.096 dur:41.000ms, clock:297.155 level:70
2024-11-28 16:00:11.377 T:6455 debug : CAMLCodec::AddData: skip add data dl:15527821 fl:194675 sz:307835(307904) lv:100.7% dts:299.382 pts:299.382
2024-11-28 16:00:11.407 T:6452 info : Skipped 22 duplicate messages..
2024-11-28 16:00:11.407 T:6452 debug : CVideoPlayer::ProcessVideoData size:319183 dts:305.096 pts:305.180 dur:41.000ms, clock:297.187 level:100
2024-11-28 16:00:11.408 T:6455 debug : CAMLCodec::AddData: skip add data dl:15527821 fl:194675 sz:307835(307904) lv:100.7% dts:299.382 pts:299.382
2024-11-28 16:00:11.408 T:4489 debug : CAMLCodec::PollFrame elapsed:34.153ms
2024-11-28 16:00:11.411 T:6455 debug : CAMLCodec::AddData: dl:15381517 fl:340979 sz:307835(307904) lv:97.8% dts:299.382 pts:299.382
2024-11-28 16:00:11.412 T:6455 debug : CAMLCodec::DequeueBuffer: pts:297.589 idx:8335
2024-11-28 16:00:11.412 T:6455 debug : CAMLCodec::GetPicture: index: 8335, pts: 297.589, dur:42.000ms ar:1.78 elf:44ms
2024-11-28 16:00:11.412 T:6455 debug : CVideoPlayerVideo::OutputPicture - ttd:397ms pts:297.589 Clock:297.192 Level:5
2024-11-28 16:00:11.413 T:4489 debug : PrepareNextRender: frameOnScreen: 297.193 renderPts: 297.403 nextFramePts: 297.380 -> diff: 0.023 render: 1 forceNext: 0
2024-11-28 16:00:11.416 T:6455 debug : CAMLCodec::AddData: dl:15695688 fl:26808 sz:314133(314240) lv:99.8% dts:299.424 pts:299.466
2024-11-28 16:00:11.416 T:4489 debug : CAMLCodec::ReleaseFrame idx:8330, drop:0
2024-11-28 16:00:11.417 T:6455 debug : CAMLCodec::AddData: skip add data dl:15695581 fl:26915 sz:394567(394688) lv:102.3% dts:299.466 pts:299.591
2024-11-28 16:00:11.428 T:6452 info : Skipped 7 duplicate messages..
2024-11-28 16:00:11.428 T:6452 debug : CVideoPlayer::ProcessVideoData size:481047 dts:305.138 pts:305.514 dur:41.000ms, clock:297.208 level:71
2024-11-28 16:00:11.429 T:6455 debug : CAMLCodec::AddData: skip add data dl:15695581 fl:26915 sz:394567(394688) lv:102.3% dts:299.466 pts:299.591
2024-11-28 16:00:11.450 T:4489 info : Skipped 14 duplicate messages..
2024-11-28 16:00:11.450 T:4489 debug : CAMLCodec::PollFrame elapsed:33.744ms
2024-11-28 16:00:11.451 T:6455 debug : CAMLCodec::DequeueBuffer: pts:297.631 idx:8336
2024-11-28 16:00:11.451 T:6455 debug : CAMLCodec::GetPicture: index: 8336, pts: 297.631, dur:42.000ms ar:1.78 elf:39ms
2024-11-28 16:00:11.451 T:6455 debug : CVideoPlayerVideo::OutputPicture - ttd:399ms pts:297.631 Clock:297.231 Level:5
2024-11-28 16:00:11.454 T:4489 debug : PrepareNextRender: frameOnScreen: 297.234 renderPts: 297.443 nextFramePts: 297.422 -> diff: 0.021 render: 1 forceNext: 0
2024-11-28 16:00:11.455 T:6455 debug : CAMLCodec::AddData: dl:15712029 fl:10467 sz:394567(394688) lv:99.9% dts:299.466 pts:299.591
2024-11-28 16:00:11.456 T:6455 debug : CAMLCodec::AddData: skip add data dl:15711908 fl:10588 sz:331243(331328) lv:102.0% dts:299.508 pts:299.549
2024-11-28 16:00:11.457 T:4489 debug : CAMLCodec::ReleaseFrame idx:8331, drop:0
2024-11-28 16:00:11.458 T:6455 debug : CAMLCodec::AddData: skip add data dl:15711908 fl:10588 sz:331243(331328) lv:102.0% dts:299.508 pts:299.549
2024-11-28 16:00:11.480 T:6452 info : Skipped 16 duplicate messages..
2024-11-28 16:00:11.480 T:6452 debug : CVideoPlayer::ProcessVideoData size:395251 dts:305.180 pts:305.388 dur:41.000ms, clock:297.260 level:100
2024-11-28 16:00:11.481 T:6455 debug : CAMLCodec::AddData: skip add data dl:15711908 fl:10588 sz:331243(331328) lv:102.0% dts:299.508 pts:299.549
2024-11-28 16:00:11.492 T:4489 info : Skipped 7 duplicate messages..
2024-11-28 16:00:11.492 T:4489 debug : CAMLCodec::PollFrame elapsed:34.770ms
2024-11-28 16:00:11.494 T:6455 debug : CAMLCodec::AddData: dl:15685156 fl:37340 sz:331243(331328) lv:99.7% dts:299.508 pts:299.549
2024-11-28 16:00:11.495 T:6455 debug : CAMLCodec::DequeueBuffer: pts:297.672 idx:8337
2024-11-28 16:00:11.495 T:6455 debug : CAMLCodec::GetPicture: index: 8337, pts: 297.672, dur:41.000ms ar:1.78 elf:43ms
2024-11-28 16:00:11.495 T:6455 debug : CVideoPlayerVideo::OutputPicture - ttd:397ms pts:297.672 Clock:297.275 Level:5
2024-11-28 16:00:11.495 T:4489 debug : PrepareNextRender: frameOnScreen: 297.275 renderPts: 297.484 nextFramePts: 297.464 -> diff: 0.020 render: 1 forceNext: 0
2024-11-28 16:00:11.497 T:6455 debug : CAMLCodec::AddData: skip add data dl:15685071 fl:37425 sz:298561(298688) lv:101.6% dts:299.549 pts:299.633
2024-11-28 16:00:11.499 T:4489 debug : CAMLCodec::ReleaseFrame idx:8332, drop:0
2024-11-28 16:00:11.499 T:6455 debug : CAMLCodec::AddData: skip add data dl:15685071 fl:37425 sz:298561(298688) lv:101.6% dts:299.549 pts:299.633
2024-11-28 16:00:11.532 T:6452 info : Skipped 24 duplicate messages..
2024-11-28 16:00:11.532 T:6452 debug : CVideoPlayer::ProcessVideoData size:383725 dts:305.222 pts:305.305 dur:41.000ms, clock:297.312 level:70
2024-11-28 16:00:11.532 T:6455 debug : CAMLCodec::AddData: skip add data dl:15685071 fl:37425 sz:298561(298688) lv:101.6% dts:299.549 pts:299.633
2024-11-28 16:00:11.534 T:4489 debug : CAMLCodec::PollFrame elapsed:34.744ms
2024-11-28 16:00:11.534 T:6455 debug : CAMLCodec::AddData: skip add data dl:15685071 fl:37425 sz:298561(298688) lv:101.6% dts:299.549 pts:299.633
2024-11-28 16:00:11.535 T:6455 debug : CAMLCodec::DequeueBuffer: pts:297.714 idx:8338
2024-11-28 16:00:11.535 T:6455 debug : CAMLCodec::GetPicture: index: 8338, pts: 297.714, dur:42.000ms ar:1.78 elf:40ms
2024-11-28 16:00:11.535 T:6455 debug : CVideoPlayerVideo::OutputPicture - ttd:398ms pts:297.714 Clock:297.315 Level:5
2024-11-28 16:00:11.538 T:4489 debug : PrepareNextRender: frameOnScreen: 297.318 renderPts: 297.527 nextFramePts: 297.506 -> diff: 0.021 render: 1 forceNext: 0
2024-11-28 16:00:11.539 T:6455 debug : CAMLCodec::AddData: dl:15686415 fl:36081 sz:298561(298688) lv:99.7% dts:299.549 pts:299.633
2024-11-28 16:00:11.541 T:6455 debug : CAMLCodec::AddData: skip add data dl:15686288 fl:36208 sz:467880(467968) lv:102.7% dts:299.591 pts:299.966
2024-11-28 16:00:11.542 T:4489 debug : CAMLCodec::ReleaseFrame idx:8333, drop:0
2024-11-28 16:00:11.543 T:6455 debug : CAMLCodec::AddData: skip add data dl:15686288 fl:36208 sz:467880(467968) lv:102.7% dts:299.591 pts:299.966
2024-11-28 16:00:11.544 T:6452 debug : CVideoPlayer::ProcessVideoData size:301086 dts:305.263 pts:305.263 dur:41.000ms, clock:297.324 level:100
2024-11-28 16:00:11.546 T:6455 debug : CAMLCodec::AddData: skip add data dl:15686288 fl:36208 sz:467880(467968) lv:102.7% dts:299.591 pts:299.966
2024-11-28 16:00:11.575 T:4489 info : Skipped 16 duplicate messages..
2024-11-28 16:00:11.575 T:4489 debug : CAMLCodec::PollFrame elapsed:33.196ms
2024-11-28 16:00:11.576 T:6455 debug : CAMLCodec::AddData: skip add data dl:15381136 fl:341360 sz:467880(467968) lv:100.8% dts:299.591 pts:299.966
2024-11-28 16:00:11.578 T:6455 debug : CAMLCodec::DequeueBuffer: pts:297.756 idx:8339
2024-11-28 16:00:11.578 T:6455 debug : CAMLCodec::GetPicture: index: 8339, pts: 297.756, dur:42.000ms ar:1.78 elf:42ms
2024-11-28 16:00:11.578 T:6455 debug : CVideoPlayerVideo::OutputPicture - ttd:398ms pts:297.756 Clock:297.358 Level:5
2024-11-28 16:00:11.578 T:4489 debug : PrepareNextRender: frameOnScreen: 297.358 renderPts: 297.568 nextFramePts: 297.547 -> diff: 0.021 render: 1 forceNext: 0
2024-11-28 16:00:11.580 T:6455 debug : CAMLCodec::AddData: skip add data dl:15381136 fl:341360 sz:467880(467968) lv:100.8% dts:299.591 pts:299.966
2024-11-28 16:00:11.582 T:4489 info : Skipped 1 duplicate messages..
2024-11-28 16:00:11.582 T:4489 debug : CAMLCodec::ReleaseFrame idx:8334, drop:0
2024-11-28 16:00:11.584 T:6455 debug : CAMLCodec::AddData: skip add data dl:15381136 fl:341360 sz:467880(467968) lv:100.8% dts:299.591 pts:299.966
2024-11-28 16:00:11.587 T:6452 info : Skipped 1 duplicate messages..
2024-11-28 16:00:11.587 T:6452 debug : CVideoPlayer::ProcessVideoData size:306772 dts:305.305 pts:305.347 dur:41.000ms, clock:297.367 level:100
2024-11-28 16:00:11.588 T:6455 debug : CAMLCodec::AddData: skip add data dl:15381136 fl:341360 sz:467880(467968) lv:100.8% dts:299.591 pts:299.966
2024-11-28 16:00:11.617 T:4489 info : Skipped 16 duplicate messages..
2024-11-28 16:00:11.617 T:4489 debug : CAMLCodec::PollFrame elapsed:34.205ms
2024-11-28 16:00:11.618 T:6455 debug : CAMLCodec::AddData: skip add data dl:15381136 fl:341360 sz:467880(467968) lv:100.8% dts:299.591 pts:299.966
2024-11-28 16:00:11.619 T:6455 debug : CAMLCodec::DequeueBuffer: pts:297.798 idx:8340
2024-11-28 16:00:11.619 T:6455 debug : CAMLCodec::GetPicture: index: 8340, pts: 297.798, dur:42.000ms ar:1.78 elf:41ms
2024-11-28 16:00:11.619 T:6455 debug : CVideoPlayerVideo::OutputPicture - ttd:398ms pts:297.798 Clock:297.399 Level:5
2024-11-28 16:00:11.620 T:4489 debug : PrepareNextRender: frameOnScreen: 297.400 renderPts: 297.609 nextFramePts: 297.589 -> diff: 0.020 render: 1 forceNext: 0
2024-11-28 16:00:11.624 T:6455 debug : CAMLCodec::AddData: dl:15489616 fl:232880 sz:467880(467968) lv:98.5% dts:299.591 pts:299.966
2024-11-28 16:00:11.625 T:6455 debug : CAMLCodec::AddData: skip add data dl:15489528 fl:232968 sz:373953(374080) lv:100.9% dts:299.633 pts:299.841
2024-11-28 16:00:11.630 T:4489 info : Skipped 3 duplicate messages..
2024-11-28 16:00:11.630 T:4489 debug : CAMLCodec::ReleaseFrame idx:8335, drop:0
2024-11-28 16:00:11.630 T:6452 debug : CVideoPlayer::ProcessVideoData size:372302 dts:305.347 pts:305.472 dur:41.000ms, clock:297.410 level:100
2024-11-28 16:00:11.631 T:6455 debug : CAMLCodec::AddData: skip add data dl:15489528 fl:232968 sz:373953(374080) lv:100.9% dts:299.633 pts:299.841
2024-11-28 16:00:11.659 T:4489 info : Skipped 19 duplicate messages..
2024-11-28 16:00:11.659 T:4489 debug : CAMLCodec::PollFrame elapsed:28.757ms
2024-11-28 16:00:11.659 T:6455 debug : CAMLCodec::AddData: skip add data dl:15489528 fl:232968 sz:373953(374080) lv:100.9% dts:299.633 pts:299.841
2024-11-28 16:00:11.660 T:6455 debug : CAMLCodec::DequeueBuffer: pts:297.839 idx:8341
2024-11-28 16:00:11.660 T:6455 debug : CAMLCodec::GetPicture: index: 8341, pts: 297.839, dur:41.000ms ar:1.78 elf:41ms
2024-11-28 16:00:11.660 T:6455 debug : CVideoPlayerVideo::OutputPicture - ttd:398ms pts:297.839 Clock:297.440 Level:5
2024-11-28 16:00:11.661 T:4489 debug : PrepareNextRender: frameOnScreen: 297.441 renderPts: 297.651 nextFramePts: 297.631 -> diff: 0.020 render: 1 forceNext: 0
2024-11-28 16:00:11.662 T:6455 debug : CAMLCodec::DequeueBuffer: pts:297.881 idx:8342
2024-11-28 16:00:11.662 T:6455 debug : CAMLCodec::GetPicture: index: 8342, pts: 297.881, dur:42.000ms ar:1.78 elf:1ms
2024-11-28 16:00:11.663 T:6455 debug : CVideoPlayerVideo::OutputPicture - ttd:439ms pts:297.881 Clock:297.442 Level:5
2024-11-28 16:00:11.664 T:6455 debug : CAMLCodec::DequeueBuffer: pts:297.923 idx:8343
2024-11-28 16:00:11.664 T:6455 debug : CAMLCodec::GetPicture: index: 8343, pts: 297.923, dur:42.000ms ar:1.78 elf:2ms
2024-11-28 16:00:11.664 T:6455 debug : CVideoPlayerVideo::OutputPicture - ttd:479ms pts:297.923 Clock:297.444 Level:6
2024-11-28 16:00:11.664 T:4489 debug : CAMLCodec::ReleaseFrame idx:8336, drop:0
2024-11-28 16:00:11.665 T:6455 debug : CAMLCodec::DequeueBuffer: pts:297.964 idx:8344
2024-11-28 16:00:11.665 T:6455 debug : CAMLCodec::GetPicture: index: 8344, pts: 297.964, dur:41.000ms ar:1.78 elf:1ms
2024-11-28 16:00:11.665 T:6455 debug : CVideoPlayerVideo::OutputPicture - ttd:518ms pts:297.964 Clock:297.445 Level:7
2024-11-28 16:00:11.669 T:6455 debug : CAMLCodec::AddData: dl:15565880 fl:156616 sz:373953(374080) lv:99.0% dts:299.633 pts:299.841
2024-11-28 16:00:11.669 T:6455 debug : CAMLCodec::AddData: skip add data dl:15565753 fl:156743 sz:357178(357248) lv:101.2% dts:299.674 pts:299.758
2024-11-28 16:00:11.692 T:6452 info : Skipped 16 duplicate messages..
2024-11-28 16:00:11.692 T:6452 debug : CVideoPlayer::ProcessVideoData size:300967 dts:305.388 pts:305.430 dur:41.000ms, clock:297.472 level:100
2024-11-28 16:00:11.692 T:6455 debug : CAMLCodec::AddData: skip add data dl:15565753 fl:156743 sz:357178(357248) lv:101.2% dts:299.674 pts:299.758
2024-11-28 16:00:11.700 T:4489 info : Skipped 5 duplicate messages..
2024-11-28 16:00:11.700 T:4489 debug : CAMLCodec::PollFrame elapsed:36.322ms
2024-11-28 16:00:11.704 T:6455 debug : CAMLCodec::AddData: dl:15426553 fl:295943 sz:357178(357248) lv:98.1% dts:299.674 pts:299.758
2024-11-28 16:00:11.704 T:4489 debug : PrepareNextRender: frameOnScreen: 297.484 renderPts: 297.693 nextFramePts: 297.672 -> diff: 0.021 render: 1 forceNext: 0
2024-11-28 16:00:11.705 T:6455 debug : CAMLCodec::AddData: skip add data dl:15426483 fl:296013 sz:320013(320128) lv:100.1% dts:299.716 pts:299.716
2024-11-28 16:00:11.707 T:4489 info : Skipped 1 duplicate messages..
2024-11-28 16:00:11.707 T:4489 debug : CAMLCodec::ReleaseFrame idx:8337, drop:0
2024-11-28 16:00:11.708 T:6455 debug : CAMLCodec::AddData: skip add data dl:15426483 fl:296013 sz:320013(320128) lv:100.1% dts:299.716 pts:299.716
2024-11-28 16:00:11.742 T:4489 info : Skipped 26 duplicate messages..
2024-11-28 16:00:11.742 T:4489 debug : CAMLCodec::PollFrame elapsed:34.358ms
2024-11-28 16:00:11.745 T:4489 debug : PrepareNextRender: frameOnScreen: 297.525 renderPts: 297.735 nextFramePts: 297.714 -> diff: 0.021 render: 1 forceNext: 0
2024-11-28 16:00:11.746 T:6455 debug : CAMLCodec::AddData: dl:15319347 fl:403149 sz:320013(320128) lv:97.4% dts:299.716 pts:299.716
2024-11-28 16:00:11.749 T:4489 debug : CAMLCodec::ReleaseFrame idx:8338, drop:0
2024-11-28 16:00:11.749 T:6455 debug : CAMLCodec::AddData: dl:15610944 fl:111552 sz:291587(291712) lv:99.3% dts:299.758 pts:299.800
2024-11-28 16:00:11.750 T:6455 debug : CAMLCodec::AddData: skip add data dl:15610819 fl:111677 sz:359527(359616) lv:101.5% dts:299.800 pts:299.925
2024-11-28 16:00:11.757 T:6452 info : Skipped 5 duplicate messages..
2024-11-28 16:00:11.757 T:6452 debug : CVideoPlayer::ProcessVideoData size:557513 dts:305.430 pts:305.555 dur:41.000ms, clock:297.537 level:70
2024-11-28 16:00:11.758 T:6455 debug : CAMLCodec::AddData: skip add data dl:15610819 fl:111677 sz:359527(359616) lv:101.5% dts:299.800 pts:299.925
2024-11-28 16:00:11.784 T:4489 info : Skipped 17 duplicate messages..
2024-11-28 16:00:11.784 T:4489 debug : CAMLCodec::PollFrame elapsed:34.704ms
2024-11-28 16:00:11.784 T:6455 debug : CAMLCodec::AddData: skip add data dl:15610819 fl:111677 sz:359527(359616) lv:101.5% dts:299.800 pts:299.925
2024-11-28 16:00:11.788 T:4489 debug : PrepareNextRender: frameOnScreen: 297.568 renderPts: 297.777 nextFramePts: 297.756 -> diff: 0.021 render: 1 forceNext: 0
2024-11-28 16:00:11.788 T:6455 debug : CAMLCodec::AddData: dl:15610243 fl:112253 sz:359527(359616) lv:99.2% dts:299.800 pts:299.925
2024-11-28 16:00:11.789 T:6455 debug : CAMLCodec::AddData: skip add data dl:15610154 fl:112342 sz:296271(296384) lv:101.1% dts:299.841 pts:299.883
2024-11-28 16:00:11.794 T:4489 info : Skipped 3 duplicate messages..
2024-11-28 16:00:11.794 T:4489 debug : CAMLCodec::ReleaseFrame idx:8339, drop:0
2024-11-28 16:00:11.795 T:6455 debug : CAMLCodec::AddData: skip add data dl:15610154 fl:112342 sz:296271(296384) lv:101.1% dts:299.841 pts:299.883
2024-11-28 16:00:11.802 T:6452 info : Skipped 4 duplicate messages..
2024-11-28 16:00:11.802 T:6452 debug : CVideoPlayer::ProcessVideoData size:493448 dts:305.472 pts:305.889 dur:41.000ms, clock:297.582 level:70
2024-11-28 16:00:11.802 T:6455 debug : CAMLCodec::AddData: skip add data dl:15610154 fl:112342 sz:296271(296384) lv:101.1% dts:299.841 pts:299.883
2024-11-28 16:00:11.826 T:4489 info : Skipped 16 duplicate messages..
2024-11-28 16:00:11.826 T:4489 debug : CAMLCodec::PollFrame elapsed:31.695ms
2024-11-28 16:00:11.826 T:6455 debug : CAMLCodec::DequeueBuffer: pts:298.006 idx:8345
2024-11-28 16:00:11.826 T:6455 debug : CAMLCodec::GetPicture: index: 8345, pts: 298.006, dur:42.000ms ar:1.78 elf:160ms
2024-11-28 16:00:11.826 T:6455 debug : CVideoPlayerVideo::OutputPicture - ttd:400ms pts:298.006 Clock:297.606 Level:5
2024-11-28 16:00:11.830 T:4489 debug : PrepareNextRender: frameOnScreen: 297.610 renderPts: 297.819 nextFramePts: 297.798 -> diff: 0.021 render: 1 forceNext: 0
2024-11-28 16:00:11.830 T:6455 debug : CAMLCodec::AddData: dl:15551082 fl:171414 sz:296271(296384) lv:98.9% dts:299.841 pts:299.883
2024-11-28 16:00:11.831 T:6455 debug : CAMLCodec::AddData: skip add data dl:15550969 fl:171527 sz:512907(513024) lv:102.1% dts:299.883 pts:300.008
2024-11-28 16:00:11.833 T:4489 info : Skipped 1 duplicate messages..
2024-11-28 16:00:11.833 T:4489 debug : CAMLCodec::ReleaseFrame idx:8340, drop:0
2024-11-28 16:00:11.834 T:6455 debug : CAMLCodec::AddData: skip add data dl:15550969 fl:171527 sz:512907(513024) lv:102.1% dts:299.883 pts:300.008
2024-11-28 16:00:11.834 T:6452 debug : CVideoPlayer::ProcessVideoData size:405644 dts:305.514 pts:305.722 dur:41.000ms, clock:297.614 level:100
2024-11-28 16:00:11.836 T:6455 debug : CAMLCodec::AddData: skip add data dl:15550969 fl:171527 sz:512907(513024) lv:102.1% dts:299.883 pts:300.008
2024-11-28 16:00:11.867 T:4489 info : Skipped 21 duplicate messages..
2024-11-28 16:00:11.867 T:4489 debug : CAMLCodec::PollFrame elapsed:33.606ms
2024-11-28 16:00:11.868 T:6455 debug : CAMLCodec::AddData: skip add data dl:15550969 fl:171527 sz:512907(513024) lv:102.1% dts:299.883 pts:300.008
2024-11-28 16:00:11.869 T:6455 debug : CAMLCodec::DequeueBuffer: pts:298.048 idx:8346
2024-11-28 16:00:11.869 T:6455 debug : CAMLCodec::GetPicture: index: 8346, pts: 298.048, dur:42.000ms ar:1.78 elf:43ms
2024-11-28 16:00:11.870 T:6455 debug : CVideoPlayerVideo::OutputPicture - ttd:398ms pts:298.048 Clock:297.650 Level:5
2024-11-28 16:00:11.870 T:4489 debug : PrepareNextRender: frameOnScreen: 297.650 renderPts: 297.859 nextFramePts: 297.839 -> diff: 0.020 render: 1 forceNext: 0
2024-11-28 16:00:11.871 T:6455 debug : CAMLCodec::AddData: skip add data dl:15257401 fl:465095 sz:512907(513024) lv:100.3% dts:299.883 pts:300.008
2024-11-28 16:00:11.874 T:4489 info : Skipped 1 duplicate messages..
2024-11-28 16:00:11.874 T:4489 debug : CAMLCodec::ReleaseFrame idx:8341, drop:0
2024-11-28 16:00:11.874 T:6455 debug : CAMLCodec::AddData: skip add data dl:15257401 fl:465095 sz:512907(513024) lv:100.3% dts:299.883 pts:300.008
2024-11-28 16:00:11.909 T:4489 info : Skipped 23 duplicate messages..
2024-11-28 16:00:11.909 T:4489 debug : CAMLCodec::PollFrame elapsed:35.399ms
2024-11-28 16:00:11.911 T:6455 debug : CAMLCodec::AddData: dl:15438265 fl:284231 sz:512907(513024) lv:98.2% dts:299.883 pts:300.008
2024-11-28 16:00:11.911 T:6455 debug : CAMLCodec::DequeueBuffer: pts:298.089 idx:8347
2024-11-28 16:00:11.911 T:6455 debug : CAMLCodec::GetPicture: index: 8347, pts: 298.089, dur:41.000ms ar:1.78 elf:41ms
2024-11-28 16:00:11.911 T:6455 debug : CVideoPlayerVideo::OutputPicture - ttd:397ms pts:298.089 Clock:297.691 Level:5
2024-11-28 16:00:11.912 T:4489 debug : PrepareNextRender: frameOnScreen: 297.692 renderPts: 297.902 nextFramePts: 297.881 -> diff: 0.021 render: 1 forceNext: 0
2024-11-28 16:00:11.914 T:6455 debug : CAMLCodec::AddData: skip add data dl:15438148 fl:284348 sz:464555(464640) lv:101.1% dts:299.925 pts:300.342
2024-11-28 16:00:11.916 T:4489 info : Skipped 1 duplicate messages..
2024-11-28 16:00:11.916 T:4489 debug : CAMLCodec::ReleaseFrame idx:8342, drop:0
2024-11-28 16:00:11.917 T:6452 debug : CVideoPlayer::ProcessVideoData size:374186 dts:305.555 pts:305.639 dur:41.000ms, clock:297.697 level:70
2024-11-28 16:00:11.918 T:6455 debug : CAMLCodec::AddData: skip add data dl:15438148 fl:284348 sz:464555(464640) lv:101.1% dts:299.925 pts:300.342
2024-11-28 16:00:11.919 T:6452 debug : CVideoPlayer::ProcessVideoData size:297739 dts:305.597 pts:305.597 dur:41.000ms, clock:297.699 level:100
2024-11-28 16:00:11.921 T:6455 debug : CAMLCodec::AddData: skip add data dl:15438148 fl:284348 sz:464555(464640) lv:101.1% dts:299.925 pts:300.342
2024-11-28 16:00:11.951 T:4489 info : Skipped 16 duplicate messages..
2024-11-28 16:00:11.951 T:4489 debug : CAMLCodec::PollFrame elapsed:34.271ms
2024-11-28 16:00:11.954 T:4489 debug : PrepareNextRender: frameOnScreen: 297.734 renderPts: 297.943 nextFramePts: 297.923 -> diff: 0.020 render: 1 forceNext: 0
2024-11-28 16:00:11.955 T:6455 debug : CAMLCodec::AddData: dl:15511812 fl:210684 sz:464555(464640) lv:98.6% dts:299.925 pts:300.342
2024-11-28 16:00:11.955 T:6455 debug : CAMLCodec::DequeueBuffer: pts:298.131 idx:8348
2024-11-28 16:00:11.955 T:6455 debug : CAMLCodec::GetPicture: index: 8348, pts: 298.131, dur:42.000ms ar:1.78 elf:43ms
2024-11-28 16:00:11.956 T:6455 debug : CVideoPlayerVideo::OutputPicture - ttd:395ms pts:298.131 Clock:297.735 Level:4
2024-11-28 16:00:11.957 T:6455 debug : CAMLCodec::AddData: skip add data dl:15511727 fl:210769 sz:359606(359680) lv:100.9% dts:299.966 pts:300.175
2024-11-28 16:00:11.958 T:4489 debug : CAMLCodec::ReleaseFrame idx:8343, drop:0
2024-11-28 16:00:11.959 T:6455 debug : CAMLCodec::AddData: skip add data dl:15511727 fl:210769 sz:359606(359680) lv:100.9% dts:299.966 pts:300.175
2024-11-28 16:00:11.962 T:6452 info : Skipped 1 duplicate messages..
2024-11-28 16:00:11.962 T:6452 debug : CVideoPlayer::ProcessVideoData size:299795 dts:305.639 pts:305.680 dur:41.000ms, clock:297.742 level:70
2024-11-28 16:00:11.962 T:6455 debug : CAMLCodec::AddData: skip add data dl:15511727 fl:210769 sz:359606(359680) lv:100.9% dts:299.966 pts:300.175
2024-11-28 16:00:11.992 T:4489 info : Skipped 23 duplicate messages..
2024-11-28 16:00:11.992 T:4489 debug : CAMLCodec::PollFrame elapsed:34.490ms
2024-11-28 16:00:11.994 T:6455 debug : CAMLCodec::DequeueBuffer: pts:298.173 idx:8349
2024-11-28 16:00:11.994 T:6455 debug : CAMLCodec::GetPicture: index: 8349, pts: 298.173, dur:42.000ms ar:1.78 elf:38ms
2024-11-28 16:00:11.994 T:6455 debug : CVideoPlayerVideo::OutputPicture - ttd:399ms pts:298.173 Clock:297.774 Level:5
2024-11-28 16:00:11.996 T:4489 debug : PrepareNextRender: frameOnScreen: 297.776 renderPts: 297.986 nextFramePts: 297.964 -> diff: 0.022 render: 1 forceNext: 0
