2024-11-28 16:00:30.254 T:6455 debug : CAMLCodec::AddData: skip add data dl:15452798 fl:269698 sz:295640(295744) lv:100.1% dts:307.307 pts:307.349
2024-11-28 16:00:30.256 T:6455 debug : CVideoPlayerVideo::CalcDropRequirement - hurry: 0
2024-11-28 16:00:30.256 T:6455 debug : CAMLCodec::AddData: skip add data dl:15452798 fl:269698 sz:295640(295744) lv:100.1% dts:307.307 pts:307.349
2024-11-28 16:00:30.257 T:6455 debug : CVideoPlayerVideo::CalcDropRequirement - hurry: 0
2024-11-28 16:00:30.258 T:6455 debug : CAMLCodec::AddData: skip add data dl:15452798 fl:269698 sz:295640(295744) lv:100.1% dts:307.307 pts:307.349
2024-11-28 16:00:30.258 T:6452 debug : CVideoPlayer::ProcessVideoData size:381614 dts:308.350 pts:308.475 dur:41.000ms, clock:304.687 level:13
2024-11-28 16:00:30.259 T:4489 debug : CAMLCodec::PollFrame elapsed:28.499ms
2024-11-28 16:00:30.260 T:6455 debug : CVideoPlayerVideo::CalcDropRequirement - hurry: 0
2024-11-28 16:00:30.260 T:6455 debug : CAMLCodec::AddData: skip add data dl:15452798 fl:269698 sz:295640(295744) lv:100.1% dts:307.307 pts:307.349
2024-11-28 16:00:30.262 T:6455 debug : CVideoPlayerVideo::CalcDropRequirement - hurry: 0
2024-11-28 16:00:30.262 T:6455 debug : CAMLCodec::AddData: skip add data dl:15452798 fl:269698 sz:295640(295744) lv:100.1% dts:307.307 pts:307.349
2024-11-28 16:00:30.263 T:6455 debug : CVideoPlayerVideo::CalcDropRequirement - hurry: 0
2024-11-28 16:00:30.264 T:6452 debug : CVideoPlayer::ProcessVideoData size:304848 dts:308.391 pts:308.433 dur:41.000ms, clock:304.666 level:13
2024-11-28 16:00:30.264 T:6455 debug : CAMLCodec::AddData: skip add data dl:15452798 fl:269698 sz:295640(295744) lv:100.1% dts:307.307 pts:307.349
2024-11-28 16:00:30.266 T:6455 debug : CVideoPlayerVideo::CalcDropRequirement - hurry: 0
2024-11-28 16:00:30.266 T:6455 debug : CAMLCodec::AddData: skip add data dl:15452798 fl:269698 sz:295640(295744) lv:100.1% dts:307.307 pts:307.349
2024-11-28 16:00:30.267 T:6455 debug : CVideoPlayerVideo::CalcDropRequirement - hurry: 0
2024-11-28 16:00:30.268 T:6455 debug : CAMLCodec::AddData: skip add data dl:15452798 fl:269698 sz:295640(295744) lv:100.1% dts:307.307 pts:307.349
2024-11-28 16:00:30.269 T:6455 debug : CVideoPlayerVideo::CalcDropRequirement - hurry: 0
2024-11-28 16:00:30.269 T:6455 debug : CAMLCodec::AddData: skip add data dl:15452798 fl:269698 sz:295640(295744) lv:100.1% dts:307.307 pts:307.349
2024-11-28 16:00:30.271 T:6455 debug : CVideoPlayerVideo::CalcDropRequirement - hurry: 0
2024-11-28 16:00:30.271 T:6455 debug : CAMLCodec::AddData: skip add data dl:15452798 fl:269698 sz:295640(295744) lv:100.1% dts:307.307 pts:307.349
2024-11-28 16:00:30.272 T:6455 debug : CVideoPlayerVideo::CalcDropRequirement - hurry: 0
2024-11-28 16:00:30.273 T:6455 debug : CAMLCodec::AddData: skip add data dl:15452798 fl:269698 sz:295640(295744) lv:100.1% dts:307.307 pts:307.349
2024-11-28 16:00:30.274 T:6455 debug : CVideoPlayerVideo::CalcDropRequirement - hurry: 0
2024-11-28 16:00:30.274 T:6455 debug : CAMLCodec::AddData: skip add data dl:15452798 fl:269698 sz:295640(295744) lv:100.1% dts:307.307 pts:307.349
2024-11-28 16:00:30.276 T:6455 debug : CVideoPlayerVideo::CalcDropRequirement - hurry: 0
2024-11-28 16:00:30.276 T:6455 debug : CAMLCodec::AddData: skip add data dl:15452798 fl:269698 sz:295640(295744) lv:100.1% dts:307.307 pts:307.349
2024-11-28 16:00:30.276 T:6452 debug : CVideoPlayer::ProcessVideoData size:542265 dts:308.433 pts:308.558 dur:41.000ms, clock:304.615 level:14
2024-11-28 16:00:30.278 T:6455 debug : CVideoPlayerVideo::CalcDropRequirement - hurry: 0
2024-11-28 16:00:30.278 T:6455 debug : CAMLCodec::AddData: skip add data dl:15452798 fl:269698 sz:295640(295744) lv:100.1% dts:307.307 pts:307.349
2024-11-28 16:00:30.279 T:6455 debug : CVideoPlayerVideo::CalcDropRequirement - hurry: 0
2024-11-28 16:00:30.280 T:6455 debug : CAMLCodec::AddData: skip add data dl:15452798 fl:269698 sz:295640(295744) lv:100.1% dts:307.307 pts:307.349
2024-11-28 16:00:30.281 T:6455 debug : CVideoPlayerVideo::CalcDropRequirement - hurry: 0
2024-11-28 16:00:30.282 T:6455 debug : CAMLCodec::AddData: skip add data dl:15452798 fl:269698 sz:295640(295744) lv:100.1% dts:307.307 pts:307.349
2024-11-28 16:00:30.283 T:6455 debug : CVideoPlayerVideo::CalcDropRequirement - hurry: 0
2024-11-28 16:00:30.284 T:6455 debug : CAMLCodec::AddData: skip add data dl:15452798 fl:269698 sz:295640(295744) lv:100.1% dts:307.307 pts:307.349
2024-11-28 16:00:30.285 T:6455 debug : CVideoPlayerVideo::CalcDropRequirement - hurry: 0
2024-11-28 16:00:30.286 T:6455 debug : CAMLCodec::AddData: skip add data dl:15452798 fl:269698 sz:295640(295744) lv:100.1% dts:307.307 pts:307.349
2024-11-28 16:00:30.288 T:6455 debug : CVideoPlayerVideo::CalcDropRequirement - hurry: 0
2024-11-28 16:00:30.288 T:6455 debug : CAMLCodec::AddData: skip add data dl:15452798 fl:269698 sz:295640(295744) lv:100.1% dts:307.307 pts:307.349
2024-11-28 16:00:30.289 T:6452 debug : CVideoPlayer::ProcessVideoData size:464961 dts:308.475 pts:308.892 dur:41.000ms, clock:304.565 level:15
2024-11-28 16:00:30.290 T:6455 debug : CVideoPlayerVideo::CalcDropRequirement - hurry: 0
2024-11-28 16:00:30.291 T:6455 debug : CAMLCodec::AddData: skip add data dl:15452798 fl:269698 sz:295640(295744) lv:100.1% dts:307.307 pts:307.349
2024-11-28 16:00:30.292 T:6455 debug : CVideoPlayerVideo::CalcDropRequirement - hurry: 0
2024-11-28 16:00:30.292 T:6455 debug : CAMLCodec::AddData: skip add data dl:15452798 fl:269698 sz:295640(295744) lv:100.1% dts:307.307 pts:307.349
2024-11-28 16:00:30.294 T:6455 debug : CVideoPlayerVideo::CalcDropRequirement - hurry: 0
2024-11-28 16:00:30.294 T:6455 debug : CAMLCodec::AddData: skip add data dl:15452798 fl:269698 sz:295640(295744) lv:100.1% dts:307.307 pts:307.349
2024-11-28 16:00:30.295 T:6455 debug : CVideoPlayerVideo::CalcDropRequirement - hurry: 0
2024-11-28 16:00:30.296 T:6455 debug : CAMLCodec::AddData: skip add data dl:15452798 fl:269698 sz:295640(295744) lv:100.1% dts:307.307 pts:307.349
2024-11-28 16:00:30.297 T:6455 debug : CVideoPlayerVideo::CalcDropRequirement - hurry: 0
2024-11-28 16:00:30.297 T:6455 debug : CAMLCodec::AddData: skip add data dl:15452798 fl:269698 sz:295640(295744) lv:100.1% dts:307.307 pts:307.349
2024-11-28 16:00:30.297 T:6452 debug : CVideoPlayer::ProcessVideoData size:381127 dts:308.517 pts:308.725 dur:41.000ms, clock:304.532 level:15
2024-11-28 16:00:30.299 T:6455 debug : CVideoPlayerVideo::CalcDropRequirement - hurry: 0
2024-11-28 16:00:30.299 T:6455 debug : CAMLCodec::AddData: skip add data dl:15452798 fl:269698 sz:295640(295744) lv:100.1% dts:307.307 pts:307.349
2024-11-28 16:00:30.300 T:6455 debug : CVideoPlayerVideo::CalcDropRequirement - hurry: 0
2024-11-28 16:00:30.301 T:6455 debug : CAMLCodec::AddData: skip add data dl:15452798 fl:269698 sz:295640(295744) lv:100.1% dts:307.307 pts:307.349
2024-11-28 16:00:30.301 T:4489 debug : CAMLCodec::PollFrame elapsed:33.271ms
2024-11-28 16:00:30.302 T:6455 debug : CVideoPlayerVideo::CalcDropRequirement - hurry: 0
2024-11-28 16:00:30.302 T:6452 debug : CVideoPlayer::ProcessVideoData size:375396 dts:308.558 pts:308.642 dur:41.000ms, clock:304.512 level:15
2024-11-28 16:00:30.303 T:6455 debug : CAMLCodec::AddData: skip add data dl:15452798 fl:269698 sz:295640(295744) lv:100.1% dts:307.307 pts:307.349
2024-11-28 16:00:30.304 T:6455 debug : CVideoPlayerVideo::CalcDropRequirement - hurry: 0
2024-11-28 16:00:30.304 T:6455 debug : CAMLCodec::AddData: skip add data dl:15452798 fl:269698 sz:295640(295744) lv:100.1% dts:307.307 pts:307.349
2024-11-28 16:00:30.306 T:6455 debug : CVideoPlayerVideo::CalcDropRequirement - hurry: 0
2024-11-28 16:00:30.306 T:6455 debug : CAMLCodec::AddData: skip add data dl:15452798 fl:269698 sz:295640(295744) lv:100.1% dts:307.307 pts:307.349
2024-11-28 16:00:30.308 T:6455 debug : CVideoPlayerVideo::CalcDropRequirement - hurry: 0
2024-11-28 16:00:30.308 T:6455 debug : CAMLCodec::AddData: skip add data dl:15452798 fl:269698 sz:295640(295744) lv:100.1% dts:307.307 pts:307.349
2024-11-28 16:00:30.309 T:6452 debug : CVideoPlayer::ProcessVideoData size:296314 dts:308.600 pts:308.600 dur:41.000ms, clock:304.484 level:16
2024-11-28 16:00:30.310 T:6455 debug : CVideoPlayerVideo::CalcDropRequirement - hurry: 0
2024-11-28 16:00:30.311 T:6455 debug : CAMLCodec::AddData: skip add data dl:15452798 fl:269698 sz:295640(295744) lv:100.1% dts:307.307 pts:307.349
2024-11-28 16:00:30.312 T:6455 debug : CVideoPlayerVideo::CalcDropRequirement - hurry: 0
2024-11-28 16:00:30.313 T:6455 debug : CAMLCodec::AddData: skip add data dl:15452798 fl:269698 sz:295640(295744) lv:100.1% dts:307.307 pts:307.349
2024-11-28 16:00:30.314 T:6455 debug : CVideoPlayerVideo::CalcDropRequirement - hurry: 0
2024-11-28 16:00:30.314 T:6452 debug : CVideoPlayer::ProcessVideoData size:292798 dts:308.642 pts:308.683 dur:41.000ms, clock:304.465 level:16
2024-11-28 16:00:30.314 T:6455 debug : CAMLCodec::AddData: skip add data dl:15452798 fl:269698 sz:295640(295744) lv:100.1% dts:307.307 pts:307.349
2024-11-28 16:00:30.314 T:6452 debug : CVideoPlayer::Process - ffd/rwd: lastpts:305.555 clock:304.464 lastseekpts:305.966 speed:-4000 error:1.091
2024-11-28 16:00:30.314 T:6452 debug : CVideoPlayer::Process - Seeking to catch up, error was: -1.502 time:303.464
2024-11-28 16:00:30.315 T:6455 debug : CVideoPlayerVideo::CalcDropRequirement - hurry: 0
2024-11-28 16:00:30.316 T:6455 debug : CAMLCodec::AddData: skip add data dl:15452798 fl:269698 sz:295640(295744) lv:100.1% dts:307.307 pts:307.349
2024-11-28 16:00:30.317 T:6455 debug : CVideoPlayerVideo::CalcDropRequirement - hurry: 0
2024-11-28 16:00:30.317 T:6455 debug : CAMLCodec::AddData: skip add data dl:15452798 fl:269698 sz:295640(295744) lv:100.1% dts:307.307 pts:307.349
2024-11-28 16:00:30.318 T:6455 debug : CVideoPlayerVideo::CalcDropRequirement - hurry: 0
2024-11-28 16:00:30.319 T:6455 debug : CAMLCodec::AddData: skip add data dl:15452798 fl:269698 sz:295640(295744) lv:100.1% dts:307.307 pts:307.349
2024-11-28 16:00:30.320 T:6455 debug : CVideoPlayerVideo::CalcDropRequirement - hurry: 0
2024-11-28 16:00:30.320 T:6455 debug : CAMLCodec::AddData: skip add data dl:15452798 fl:269698 sz:295640(295744) lv:100.1% dts:307.307 pts:307.349
2024-11-28 16:00:30.322 T:6452 debug : CVideoPlayer::ProcessVideoData size:366228 dts:308.683 pts:308.809 dur:41.000ms, clock:304.434 level:17
2024-11-28 16:00:30.322 T:6455 debug : CVideoPlayerVideo::CalcDropRequirement - hurry: 0
2024-11-28 16:00:30.322 T:6452 debug : demuxer seek to: 303463.616718
2024-11-28 16:00:30.322 T:6455 debug : CAMLCodec::AddData: skip add data dl:15452798 fl:269698 sz:295640(295744) lv:100.1% dts:307.307 pts:307.349
2024-11-28 16:00:30.323 T:6454 debug : CDoubleCache::Reset - (0x35ec9e0) Cache miss for 2444389065 with new=2527253600-2537739360 and old=2490559501-2501045261
2024-11-28 16:00:30.323 T:6454 debug : CFileCache::Process - cache completely reset for seek to position 2444389065
2024-11-28 16:00:30.324 T:6455 debug : CVideoPlayerVideo::CalcDropRequirement - hurry: 0
2024-11-28 16:00:30.324 T:6455 debug : CAMLCodec::AddData: skip add data dl:15452798 fl:269698 sz:295640(295744) lv:100.1% dts:307.307 pts:307.349
2024-11-28 16:00:30.326 T:6455 debug : CVideoPlayerVideo::CalcDropRequirement - hurry: 0
2024-11-28 16:00:30.326 T:6455 debug : CAMLCodec::AddData: skip add data dl:15452798 fl:269698 sz:295640(295744) lv:100.1% dts:307.307 pts:307.349
2024-11-28 16:00:30.327 T:6455 debug : CVideoPlayerVideo::CalcDropRequirement - hurry: 0
2024-11-28 16:00:30.328 T:6455 debug : CAMLCodec::AddData: skip add data dl:15452798 fl:269698 sz:295640(295744) lv:100.1% dts:307.307 pts:307.349
2024-11-28 16:00:30.329 T:6455 debug : CVideoPlayerVideo::CalcDropRequirement - hurry: 0
2024-11-28 16:00:30.329 T:6455 debug : CAMLCodec::AddData: skip add data dl:15452798 fl:269698 sz:295640(295744) lv:100.1% dts:307.307 pts:307.349
2024-11-28 16:00:30.331 T:6455 debug : CVideoPlayerVideo::CalcDropRequirement - hurry: 0
2024-11-28 16:00:30.331 T:6455 debug : CAMLCodec::AddData: skip add data dl:15452798 fl:269698 sz:295640(295744) lv:100.1% dts:307.307 pts:307.349
2024-11-28 16:00:30.332 T:6455 debug : CVideoPlayerVideo::CalcDropRequirement - hurry: 0
2024-11-28 16:00:30.333 T:6455 debug : CAMLCodec::AddData: skip add data dl:15452798 fl:269698 sz:295640(295744) lv:100.1% dts:307.307 pts:307.349
2024-11-28 16:00:30.333 T:6452 debug : SeekTime - seek ended up on time 302511
2024-11-28 16:00:30.333 T:6452 debug : demuxer seek to: 303463.616718, success
2024-11-28 16:00:30.334 T:6452 debug : CVideoPlayer::FlushBuffers - flushing buffers
2024-11-28 16:00:30.334 T:6455 debug : CAMLCodec::Reset
2024-11-28 16:00:30.334 T:6452 debug : CVideoPlayer::HandleMessages: flush buffers: dts:303.464 lastSeek:32.128 clock:304.386
2024-11-28 16:00:30.334 T:6452 debug : CVideoPlayer::Process - ffd/rwd: lastpts:305.555 clock:304.385 lastseekpts:303.464 speed:-4000 error:1.170
2024-11-28 16:00:30.335 T:6452 debug : CVideoPlayer::ProcessVideoData size:444913 dts:18442240474082.180 pts:302.511 dur:41.000ms, clock:304.382 level:18
2024-11-28 16:00:30.341 T:6456 debug : CDVDAudio::Flush - flush audio stream
2024-11-28 16:00:30.342 T:4489 debug : CAMLCodec::PollFrame elapsed:32.844ms
2024-11-28 16:00:30.346 T:6452 debug : CVideoPlayer::ProcessVideoData size:360456 dts:18442240474082.180 pts:302.844 dur:41.000ms, clock:304.336 level:30
2024-11-28 16:00:30.349 T:6452 debug : CVideoPlayer::ProcessVideoData size:307149 dts:18442240474082.180 pts:302.677 dur:41.000ms, clock:304.323 level:31
2024-11-28 16:00:30.354 T:6452 debug : CVideoPlayer::ProcessVideoData size:281695 dts:302.511 pts:302.594 dur:41.000ms, clock:304.305 level:32
2024-11-28 16:00:30.356 T:6452 debug : CVideoPlayer::ProcessVideoData size:224037 dts:302.552 pts:302.552 dur:41.000ms, clock:304.295 level:32
2024-11-28 16:00:30.362 T:6452 debug : CVideoPlayer::ProcessVideoData size:225258 dts:302.594 pts:302.636 dur:41.000ms, clock:304.271 level:33
2024-11-28 16:00:30.368 T:6452 debug : CVideoPlayer::ProcessVideoData size:302025 dts:302.636 pts:302.761 dur:41.000ms, clock:304.248 level:33
2024-11-28 16:00:30.373 T:6452 debug : CVideoPlayer::ProcessVideoData size:251131 dts:302.677 pts:302.719 dur:41.000ms, clock:304.227 level:34
2024-11-28 16:00:30.379 T:6452 debug : CVideoPlayer::ProcessVideoData size:229872 dts:302.719 pts:302.803 dur:41.000ms, clock:304.203 level:0
2024-11-28 16:00:30.380 T:6455 debug : CVideoPlayerVideo - Stillframe left, switching to normal playback
2024-11-28 16:00:30.380 T:6455 debug : CVideoPlayerVideo::CalcDropRequirement - hurry: 0
2024-11-28 16:00:30.382 T:6455 debug : CAMLCodec::AddData: dl:230066 fl:15492430 sz:229868(229952) lv:1.5% dts:302.719 pts:302.803
2024-11-28 16:00:30.384 T:4489 debug : CAMLCodec::PollFrame elapsed:3.464ms
2024-11-28 16:00:30.393 T:6452 debug : CVideoPlayer::ProcessVideoData size:368434 dts:302.761 pts:303.178 dur:41.000ms, clock:304.147 level:0
2024-11-28 16:00:30.394 T:6455 debug : CVideoPlayerVideo::CalcDropRequirement - hurry: 0
2024-11-28 16:00:30.397 T:6455 debug : CAMLCodec::AddData: dl:598494 fl:15124002 sz:368430(368512) lv:3.8% dts:302.761 pts:303.178
2024-11-28 16:00:30.397 T:6452 debug : CVideoPlayer::ProcessVideoData size:294458 dts:302.803 pts:303.011 dur:41.000ms, clock:304.131 level:0
2024-11-28 16:00:30.397 T:6455 debug : CVideoPlayerVideo::CalcDropRequirement - hurry: 0
2024-11-28 16:00:30.400 T:6455 debug : CAMLCodec::AddData: dl:892940 fl:14829556 sz:294454(294528) lv:5.7% dts:302.803 pts:303.011
2024-11-28 16:00:30.403 T:6452 debug : CVideoPlayer::ProcessVideoData size:288390 dts:302.844 pts:302.928 dur:41.000ms, clock:304.109 level:0
2024-11-28 16:00:30.403 T:6455 debug : CVideoPlayerVideo::CalcDropRequirement - hurry: 0
2024-11-28 16:00:30.406 T:6455 debug : CAMLCodec::AddData: dl:1181378 fl:14541118 sz:288386(288512) lv:7.5% dts:302.844 pts:302.928
2024-11-28 16:00:30.407 T:6452 debug : CVideoPlayer::ProcessVideoData size:227341 dts:302.886 pts:302.886 dur:41.000ms, clock:304.091 level:0
2024-11-28 16:00:30.408 T:6455 debug : CVideoPlayerVideo::CalcDropRequirement - hurry: 0
2024-11-28 16:00:30.410 T:6455 debug : CAMLCodec::AddData: dl:884420 fl:14838076 sz:227337(227456) lv:5.6% dts:302.886 pts:302.886
2024-11-28 16:00:30.412 T:6452 debug : CVideoPlayer::ProcessVideoData size:243751 dts:302.928 pts:302.969 dur:41.000ms, clock:304.072 level:0
2024-11-28 16:00:30.412 T:6455 debug : CVideoPlayerVideo::CalcDropRequirement - hurry: 0
2024-11-28 16:00:30.415 T:6455 debug : CAMLCodec::AddData: dl:1128141 fl:14594355 sz:243747(243840) lv:7.2% dts:302.928 pts:302.969
2024-11-28 16:00:30.417 T:6452 debug : CVideoPlayer::ProcessVideoData size:349121 dts:302.969 pts:303.094 dur:41.000ms, clock:304.051 level:0
2024-11-28 16:00:30.418 T:6455 debug : CVideoPlayerVideo::CalcDropRequirement - hurry: 0
2024-11-28 16:00:30.421 T:6455 debug : CAMLCodec::AddData: dl:952944 fl:14769552 sz:349117(349184) lv:6.1% dts:302.969 pts:303.094
2024-11-28 16:00:30.422 T:6452 debug : CVideoPlayer::ProcessVideoData size:237907 dts:303.011 pts:303.053 dur:41.000ms, clock:304.032 level:0
2024-11-28 16:00:30.422 T:6455 debug : CVideoPlayerVideo::CalcDropRequirement - hurry: 0
2024-11-28 16:00:30.425 T:6455 debug : CAMLCodec::AddData: dl:1190893 fl:14531603 sz:237903(238016) lv:7.6% dts:303.011 pts:303.053
2024-11-28 16:00:30.426 T:4489 debug : CAMLCodec::PollFrame elapsed:30.655ms
2024-11-28 16:00:30.427 T:6452 debug : CVideoPlayer::ProcessVideoData size:235369 dts:303.053 pts:303.136 dur:41.000ms, clock:304.012 level:0
2024-11-28 16:00:30.427 T:6455 debug : CVideoPlayerVideo::CalcDropRequirement - hurry: 0
2024-11-28 16:00:30.431 T:6455 debug : CAMLCodec::AddData: dl:901948 fl:14820548 sz:235365(235456) lv:5.7% dts:303.053 pts:303.136
2024-11-28 16:00:30.441 T:6452 debug : CVideoPlayer::ProcessVideoData size:402401 dts:303.094 pts:303.470 dur:41.000ms, clock:303.957 level:0
2024-11-28 16:00:30.441 T:6455 debug : CVideoPlayerVideo::CalcDropRequirement - hurry: 0
2024-11-28 16:00:30.444 T:6455 debug : CAMLCodec::AddData: dl:1304353 fl:14418143 sz:402397(402496) lv:8.3% dts:303.094 pts:303.470
2024-11-28 16:00:30.446 T:6452 debug : CVideoPlayer::ProcessVideoData size:339570 dts:303.136 pts:303.345 dur:41.000ms, clock:303.938 level:0
2024-11-28 16:00:30.446 T:6455 debug : CVideoPlayerVideo::CalcDropRequirement - hurry: 0
2024-11-28 16:00:30.449 T:6455 debug : CAMLCodec::AddData: dl:1119614 fl:14602882 sz:339566(339648) lv:7.1% dts:303.136 pts:303.345
2024-11-28 16:00:30.450 T:6452 debug : CVideoPlayer::ProcessVideoData size:288826 dts:303.178 pts:303.261 dur:41.000ms, clock:303.919 level:0
2024-11-28 16:00:30.450 T:6455 debug : CVideoPlayerVideo::CalcDropRequirement - hurry: 0
2024-11-28 16:00:30.454 T:6455 debug : CAMLCodec::AddData: dl:884140 fl:14838356 sz:288822(288896) lv:5.6% dts:303.178 pts:303.261
2024-11-28 16:00:30.455 T:6452 debug : CVideoPlayer::ProcessVideoData size:250603 dts:303.220 pts:303.220 dur:41.000ms, clock:303.900 level:0
2024-11-28 16:00:30.455 T:6455 debug : CVideoPlayerVideo::CalcDropRequirement - hurry: 0
2024-11-28 16:00:30.458 T:6455 debug : CAMLCodec::AddData: dl:1134754 fl:14587742 sz:250599(250688) lv:7.2% dts:303.220 pts:303.220
2024-11-28 16:00:30.460 T:6452 debug : CVideoPlayer::ProcessVideoData size:247650 dts:303.261 pts:303.303 dur:41.000ms, clock:303.880 level:0
2024-11-28 16:00:30.460 T:6455 debug : CVideoPlayerVideo::CalcDropRequirement - hurry: 0
2024-11-28 16:00:30.463 T:6455 debug : CAMLCodec::AddData: dl:858121 fl:14864375 sz:247646(247744) lv:5.5% dts:303.261 pts:303.303
2024-11-28 16:00:30.465 T:6452 debug : CVideoPlayer::ProcessVideoData size:296305 dts:303.303 pts:303.428 dur:41.000ms, clock:303.860 level:0
2024-11-28 16:00:30.465 T:6455 debug : CVideoPlayerVideo::CalcDropRequirement - hurry: 0
2024-11-28 16:00:30.467 T:4489 debug : CAMLCodec::PollFrame elapsed:33.223ms
2024-11-28 16:00:30.468 T:6455 debug : CAMLCodec::AddData: dl:1154407 fl:14568089 sz:296301(296384) lv:7.3% dts:303.303 pts:303.428
2024-11-28 16:00:30.470 T:6452 debug : CVideoPlayer::ProcessVideoData size:237841 dts:303.345 pts:303.386 dur:41.000ms, clock:303.841 level:0
2024-11-28 16:00:30.470 T:6455 debug : CVideoPlayerVideo::CalcDropRequirement - hurry: 0
2024-11-28 16:00:30.473 T:6455 debug : CAMLCodec::AddData: dl:867988 fl:14854508 sz:237837(237952) lv:5.5% dts:303.345 pts:303.386
2024-11-28 16:00:30.478 T:6452 debug : CVideoPlayer::ProcessVideoData size:429900 dts:303.386 pts:303.512 dur:41.000ms, clock:303.808 level:0
2024-11-28 16:00:30.478 T:6455 debug : CVideoPlayerVideo::CalcDropRequirement - hurry: 0
2024-11-28 16:00:30.482 T:6455 debug : CAMLCodec::AddData: dl:1297825 fl:14424671 sz:429880(429952) lv:8.3% dts:303.386 pts:303.512
2024-11-28 16:00:30.495 T:6452 debug : CVideoPlayer::ProcessVideoData size:376300 dts:303.428 pts:303.845 dur:41.000ms, clock:303.742 level:0
2024-11-28 16:00:30.495 T:6455 debug : CVideoPlayerVideo::CalcDropRequirement - hurry: 0
2024-11-28 16:00:30.498 T:6452 debug : CVideoPlayer::ProcessVideoData size:288610 dts:303.470 pts:303.678 dur:41.000ms, clock:303.730 level:0
2024-11-28 16:00:30.498 T:6455 debug : CAMLCodec::AddData: dl:5344153 fl:10378343 sz:376296(376384) lv:34.0% dts:303.428 pts:303.845
2024-11-28 16:00:30.499 T:6455 debug : CVideoPlayerVideo::CalcDropRequirement - hurry: 0
2024-11-28 16:00:30.501 T:6455 debug : CAMLCodec::AddData: dl:5632769 fl:10089727 sz:288606(288704) lv:35.8% dts:303.470 pts:303.678
2024-11-28 16:00:30.506 T:6452 debug : CVideoPlayer::ProcessVideoData size:320184 dts:303.512 pts:303.595 dur:41.000ms, clock:303.698 level:0
2024-11-28 16:00:30.506 T:6455 debug : CVideoPlayerVideo::CalcDropRequirement - hurry: 0
2024-11-28 16:00:30.508 T:6452 debug : CVideoPlayer::ProcessVideoData size:225303 dts:303.553 pts:303.553 dur:41.000ms, clock:303.689 level:0
2024-11-28 16:00:30.509 T:6455 debug : CAMLCodec::AddData: dl:5952927 fl:9769569 sz:320180(320256) lv:37.8% dts:303.512 pts:303.595
2024-11-28 16:00:30.509 T:4489 debug : CAMLCodec::PollFrame elapsed:32.637ms
2024-11-28 16:00:30.509 T:6455 debug : CVideoPlayerVideo::CalcDropRequirement - hurry: 0
2024-11-28 16:00:30.512 T:6455 debug : CAMLCodec::AddData: dl:6178259 fl:9544237 sz:225299(225408) lv:39.3% dts:303.553 pts:303.553
2024-11-28 16:00:30.513 T:6452 debug : CVideoPlayer::ProcessVideoData size:233652 dts:303.595 pts:303.637 dur:41.000ms, clock:303.668 level:0
2024-11-28 16:00:30.513 T:6455 debug : CVideoPlayerVideo::CalcDropRequirement - hurry: 0
2024-11-28 16:00:30.516 T:6455 debug : CAMLCodec::AddData: dl:6411878 fl:9310618 sz:233648(233728) lv:40.8% dts:303.595 pts:303.637
2024-11-28 16:00:30.521 T:6452 debug : CVideoPlayer::ProcessVideoData size:346165 dts:303.637 pts:303.762 dur:41.000ms, clock:303.638 level:0
2024-11-28 16:00:30.521 T:6455 debug : CVideoPlayerVideo::CalcDropRequirement - hurry: 0
2024-11-28 16:00:30.523 T:6452 debug : CVideoPlayer::ProcessVideoData size:225829 dts:303.678 pts:303.720 dur:41.000ms, clock:303.629 level:0
2024-11-28 16:00:30.524 T:6455 debug : CAMLCodec::AddData: dl:6758038 fl:8964458 sz:346161(346240) lv:43.0% dts:303.637 pts:303.762
2024-11-28 16:00:30.524 T:6455 debug : CVideoPlayerVideo::CalcDropRequirement - hurry: 0
2024-11-28 16:00:30.527 T:6455 debug : CAMLCodec::AddData: dl:6983879 fl:8738617 sz:225825(225920) lv:44.4% dts:303.678 pts:303.720
2024-11-28 16:00:30.528 T:6452 debug : CVideoPlayer::ProcessVideoData size:243052 dts:303.720 pts:303.804 dur:41.000ms, clock:303.609 level:0
2024-11-28 16:00:30.528 T:6455 debug : CVideoPlayerVideo::CalcDropRequirement - hurry: 0
2024-11-28 16:00:30.531 T:6455 debug : CAMLCodec::AddData: dl:7226920 fl:8495576 sz:243048(243136) lv:45.9% dts:303.720 pts:303.804
2024-11-28 16:00:30.541 T:6452 debug : CVideoPlayer::ProcessVideoData size:375964 dts:303.762 pts:304.179 dur:41.000ms, clock:303.556 level:0
2024-11-28 16:00:30.541 T:6455 debug : CVideoPlayerVideo::CalcDropRequirement - hurry: 0
2024-11-28 16:00:30.544 T:6452 debug : CVideoPlayer::ProcessVideoData size:290699 dts:303.804 pts:304.012 dur:41.000ms, clock:303.543 level:0
2024-11-28 16:00:30.544 T:6455 debug : CAMLCodec::AddData: dl:7602896 fl:8119600 sz:375960(376064) lv:48.3% dts:303.762 pts:304.179
2024-11-28 16:00:30.545 T:6455 debug : CVideoPlayerVideo::CalcDropRequirement - hurry: 0
2024-11-28 16:00:30.548 T:6455 debug : CAMLCodec::AddData: dl:7893608 fl:7828888 sz:290695(290816) lv:50.2% dts:303.804 pts:304.012
2024-11-28 16:00:30.549 T:6452 debug : CVideoPlayer::ProcessVideoData size:298957 dts:303.845 pts:303.929 dur:41.000ms, clock:303.523 level:0
2024-11-28 16:00:30.550 T:6455 debug : CVideoPlayerVideo::CalcDropRequirement - hurry: 0
2024-11-28 16:00:30.551 T:4489 debug : CAMLCodec::PollFrame elapsed:32.413ms
2024-11-28 16:00:30.553 T:6455 debug : CAMLCodec::AddData: dl:8192559 fl:7529937 sz:298953(299072) lv:52.1% dts:303.845 pts:303.929
2024-11-28 16:00:30.554 T:6452 debug : CVideoPlayer::ProcessVideoData size:223414 dts:303.887 pts:303.887 dur:41.000ms, clock:303.503 level:0
2024-11-28 16:00:30.555 T:6455 debug : CVideoPlayerVideo::CalcDropRequirement - hurry: 0
2024-11-28 16:00:30.557 T:6455 debug : CAMLCodec::AddData: dl:8415928 fl:7306568 sz:223410(223488) lv:53.5% dts:303.887 pts:303.887
2024-11-28 16:00:30.559 T:6452 debug : CVideoPlayer::ProcessVideoData size:237002 dts:303.929 pts:303.970 dur:41.000ms, clock:303.483 level:0
2024-11-28 16:00:30.560 T:6455 debug : CVideoPlayerVideo::CalcDropRequirement - hurry: 0
2024-11-28 16:00:30.563 T:6455 debug : CAMLCodec::AddData: dl:8652970 fl:7069526 sz:236998(237120) lv:55.0% dts:303.929 pts:303.970
2024-11-28 16:00:30.564 T:6452 debug : CVideoPlayer::ProcessVideoData size:305207 dts:303.970 pts:304.095 dur:41.000ms, clock:303.463 level:0
2024-11-28 16:00:30.564 T:6455 debug : CVideoPlayerVideo::CalcDropRequirement - hurry: 0
2024-11-28 16:00:30.568 T:6455 debug : CAMLCodec::AddData: dl:8958128 fl:6764368 sz:305203(305280) lv:57.0% dts:303.970 pts:304.095
2024-11-28 16:00:30.569 T:6452 debug : CVideoPlayer::ProcessVideoData size:239509 dts:304.012 pts:304.054 dur:41.000ms, clock:303.445 level:0
2024-11-28 16:00:30.569 T:6455 debug : CVideoPlayerVideo::CalcDropRequirement - hurry: 0
2024-11-28 16:00:30.572 T:6455 debug : CAMLCodec::AddData: dl:9197667 fl:6524829 sz:239505(239616) lv:58.5% dts:304.012 pts:304.054
2024-11-28 16:00:30.574 T:6452 debug : CVideoPlayer::ProcessVideoData size:231100 dts:304.054 pts:304.137 dur:41.000ms, clock:303.426 level:0
2024-11-28 16:00:30.574 T:6455 debug : CVideoPlayerVideo::CalcDropRequirement - hurry: 0
2024-11-28 16:00:30.576 T:6455 debug : CAMLCodec::AddData: dl:9428724 fl:6293772 sz:231096(231168) lv:59.9% dts:304.054 pts:304.137
2024-11-28 16:00:30.586 T:6452 debug : CVideoPlayer::ProcessVideoData size:351667 dts:304.095 pts:304.471 dur:41.000ms, clock:303.378 level:0
2024-11-28 16:00:30.586 T:6455 debug : CVideoPlayerVideo::CalcDropRequirement - hurry: 0
2024-11-28 16:00:30.588 T:6452 debug : CVideoPlayer::ProcessVideoData size:293954 dts:304.137 pts:304.346 dur:41.000ms, clock:303.367 level:0
2024-11-28 16:00:30.589 T:6455 debug : CAMLCodec::AddData: dl:9780396 fl:5942100 sz:351663(351744) lv:62.2% dts:304.095 pts:304.471
2024-11-28 16:00:30.590 T:6455 debug : CVideoPlayerVideo::CalcDropRequirement - hurry: 0
2024-11-28 16:00:30.592 T:4489 debug : CAMLCodec::PollFrame elapsed:31.872ms
2024-11-28 16:00:30.592 T:6455 debug : CAMLCodec::AddData: dl:10074331 fl:5648165 sz:293950(294016) lv:64.1% dts:304.137 pts:304.346
2024-11-28 16:00:30.594 T:6452 debug : CVideoPlayer::ProcessVideoData size:281270 dts:304.179 pts:304.262 dur:41.000ms, clock:303.344 level:0
2024-11-28 16:00:30.595 T:6455 debug : CVideoPlayerVideo::CalcDropRequirement - hurry: 0
2024-11-28 16:00:30.598 T:6455 debug : CAMLCodec::AddData: dl:10355609 fl:5366887 sz:281266(281344) lv:65.8% dts:304.179 pts:304.262
2024-11-28 16:00:30.599 T:6452 debug : CVideoPlayer::ProcessVideoData size:225888 dts:304.221 pts:304.221 dur:41.000ms, clock:303.324 level:0
2024-11-28 16:00:30.599 T:6455 debug : CVideoPlayerVideo::CalcDropRequirement - hurry: 0
2024-11-28 16:00:30.602 T:6452 debug : CVideoPlayer::ProcessVideoData size:225267 dts:304.262 pts:304.304 dur:41.000ms, clock:303.314 level:0
2024-11-28 16:00:30.602 T:6455 debug : CAMLCodec::AddData: dl:10581515 fl:5140981 sz:225884(225984) lv:67.3% dts:304.221 pts:304.221
2024-11-28 16:00:30.602 T:6455 debug : CVideoPlayerVideo::CalcDropRequirement - hurry: 0
2024-11-28 16:00:30.605 T:6455 debug : CAMLCodec::AddData: dl:10806759 fl:4915737 sz:225263(225344) lv:68.7% dts:304.262 pts:304.304
2024-11-28 16:00:30.609 T:6452 debug : CVideoPlayer::ProcessVideoData size:278950 dts:304.304 pts:304.429 dur:41.000ms, clock:303.285 level:0
2024-11-28 16:00:30.609 T:6455 debug : CVideoPlayerVideo::CalcDropRequirement - hurry: 0
2024-11-28 16:00:30.611 T:6452 debug : CVideoPlayer::ProcessVideoData size:247379 dts:304.346 pts:304.387 dur:41.000ms, clock:303.275 level:0
2024-11-28 16:00:30.612 T:6455 debug : CAMLCodec::AddData: dl:11085718 fl:4636778 sz:278946(279040) lv:70.5% dts:304.304 pts:304.429
2024-11-28 16:00:30.612 T:6455 debug : CVideoPlayerVideo::CalcDropRequirement - hurry: 0
2024-11-28 16:00:30.615 T:6455 debug : CAMLCodec::AddData: dl:11333112 fl:4389384 sz:247375(247488) lv:72.1% dts:304.346 pts:304.387
2024-11-28 16:00:30.622 T:6452 debug : CVideoPlayer::ProcessVideoData size:425283 dts:304.387 pts:304.513 dur:41.000ms, clock:303.234 level:0
2024-11-28 16:00:30.622 T:6455 debug : CVideoPlayerVideo::CalcDropRequirement - hurry: 0
2024-11-28 16:00:30.626 T:6455 debug : CAMLCodec::AddData: dl:11758343 fl:3964153 sz:425263(425344) lv:74.8% dts:304.387 pts:304.513
2024-11-28 16:00:30.632 T:6452 debug : CVideoPlayer::ProcessVideoData size:553454 dts:304.429 pts:304.554 dur:41.000ms, clock:303.193 level:0
2024-11-28 16:00:30.632 T:6455 debug : CVideoPlayerVideo::CalcDropRequirement - hurry: 0
2024-11-28 16:00:30.634 T:4489 debug : CAMLCodec::PollFrame elapsed:32.291ms
2024-11-28 16:00:30.635 T:6455 debug : CAMLCodec::AddData: dl:12311798 fl:3410698 sz:553434(553536) lv:78.3% dts:304.429 pts:304.554
2024-11-28 16:00:30.648 T:6452 debug : CVideoPlayer::ProcessVideoData size:466661 dts:304.471 pts:304.888 dur:41.000ms, clock:303.130 level:0
2024-11-28 16:00:30.648 T:6455 debug : CVideoPlayerVideo::CalcDropRequirement - hurry: 0
2024-11-28 16:00:30.651 T:6455 debug : CAMLCodec::AddData: dl:12778448 fl:2944048 sz:466657(466752) lv:81.2% dts:304.471 pts:304.888
2024-11-28 16:00:30.653 T:6452 debug : CVideoPlayer::ProcessVideoData size:359522 dts:304.513 pts:304.721 dur:41.000ms, clock:303.110 level:0
2024-11-28 16:00:30.653 T:6455 debug : CVideoPlayerVideo::CalcDropRequirement - hurry: 0
2024-11-28 16:00:30.656 T:6455 debug : CAMLCodec::AddData: dl:13137969 fl:2584527 sz:359518(359616) lv:83.5% dts:304.513 pts:304.721
2024-11-28 16:00:30.660 T:6452 debug : CVideoPlayer::ProcessVideoData size:351360 dts:304.554 pts:304.638 dur:41.000ms, clock:303.078 level:0
2024-11-28 16:00:30.661 T:6455 debug : CVideoPlayerVideo::CalcDropRequirement - hurry: 0
2024-11-28 16:00:30.664 T:6455 debug : CAMLCodec::AddData: dl:13489295 fl:2233201 sz:351356(351424) lv:85.8% dts:304.554 pts:304.638
2024-11-28 16:00:30.665 T:6452 debug : CVideoPlayer::ProcessVideoData size:288825 dts:304.596 pts:304.596 dur:41.000ms, clock:303.059 level:0
2024-11-28 16:00:30.666 T:6455 debug : CVideoPlayerVideo::CalcDropRequirement - hurry: 0
2024-11-28 16:00:30.668 T:6455 debug : CAMLCodec::AddData: dl:13778123 fl:1944373 sz:288821(288896) lv:87.6% dts:304.596 pts:304.596
2024-11-28 16:00:30.673 T:6452 debug : CVideoPlayer::ProcessVideoData size:340229 dts:304.638 pts:304.679 dur:41.000ms, clock:303.029 level:0
2024-11-28 16:00:30.673 T:6455 debug : CVideoPlayerVideo::CalcDropRequirement - hurry: 0
2024-11-28 16:00:30.676 T:4489 debug : CAMLCodec::PollFrame elapsed:33.121ms
2024-11-28 16:00:30.676 T:6455 debug : CAMLCodec::AddData: dl:14118400 fl:1604096 sz:340225(340352) lv:89.8% dts:304.638 pts:304.679
2024-11-28 16:00:30.681 T:6452 debug : CVideoPlayer::ProcessVideoData size:400247 dts:304.679 pts:304.805 dur:41.000ms, clock:302.997 level:0
2024-11-28 16:00:30.681 T:6455 debug : CVideoPlayerVideo::CalcDropRequirement - hurry: 0
2024-11-28 16:00:30.685 T:6455 debug : CAMLCodec::AddData: dl:14518593 fl:1203903 sz:400243(400320) lv:92.3% dts:304.679 pts:304.805
2024-11-28 16:00:30.685 T:6455 debug : CAMLCodec::DequeueBuffer: pts:302.803 idx:8740
2024-11-28 16:00:30.685 T:6455 debug : CAMLCodec::GetPicture: index: 8740, pts: 302.803, dur:41.708ms ar:1.78 elf:636ms
2024-11-28 16:00:30.686 T:6452 debug : CVideoPlayer::ProcessVideoData size:315516 dts:304.721 pts:304.763 dur:41.000ms, clock:302.977 level:0
2024-11-28 16:00:30.686 T:6455 debug : CVideoPlayerVideo::CalcDropRequirement - hurry: 0
2024-11-28 16:00:30.689 T:6455 debug : CAMLCodec::AddData: dl:14834100 fl:888396 sz:315512(315584) lv:94.3% dts:304.721 pts:304.763
2024-11-28 16:00:30.694 T:6452 debug : CVideoPlayer::ProcessVideoData size:326247 dts:304.763 pts:304.846 dur:41.000ms, clock:302.946 level:0
2024-11-28 16:00:30.694 T:6455 debug : CVideoPlayerVideo::CalcDropRequirement - hurry: 0
2024-11-28 16:00:30.697 T:6455 debug : CAMLCodec::AddData: dl:15160364 fl:562132 sz:326243(326336) lv:96.4% dts:304.763 pts:304.846
2024-11-28 16:00:30.706 T:6452 debug : CVideoPlayer::ProcessVideoData size:505078 dts:304.805 pts:305.222 dur:41.000ms, clock:302.895 level:0
2024-11-28 16:00:30.707 T:6455 debug : CVideoPlayerVideo::CalcDropRequirement - hurry: 0
2024-11-28 16:00:30.710 T:6455 debug : CAMLCodec::AddData: dl:15665423 fl:57073 sz:505074(505152) lv:99.6% dts:304.805 pts:305.222
2024-11-28 16:00:30.715 T:6452 debug : CVideoPlayer::ProcessVideoData size:386445 dts:304.846 pts:305.055 dur:41.000ms, clock:302.861 level:0
2024-11-28 16:00:30.715 T:6455 debug : CVideoPlayerVideo::CalcDropRequirement - hurry: 0
2024-11-28 16:00:30.715 T:6455 debug : CAMLCodec::AddData: skip add data dl:15665345 fl:57151 sz:386441(386560) lv:102.1% dts:304.846 pts:305.055
2024-11-28 16:00:30.717 T:6455 debug : CVideoPlayerVideo::CalcDropRequirement - hurry: 0
2024-11-28 16:00:30.717 T:6455 debug : CAMLCodec::AddData: skip add data dl:15665345 fl:57151 sz:386441(386560) lv:102.1% dts:304.846 pts:305.055
2024-11-28 16:00:30.718 T:4489 debug : CAMLCodec::PollFrame elapsed:32.079ms
2024-11-28 16:00:30.718 T:6455 debug : CVideoPlayerVideo::CalcDropRequirement - hurry: 0
2024-11-28 16:00:30.719 T:6455 debug : CAMLCodec::AddData: skip add data dl:15665345 fl:57151 sz:386441(386560) lv:102.1% dts:304.846 pts:305.055
2024-11-28 16:00:30.720 T:6455 debug : CVideoPlayerVideo::CalcDropRequirement - hurry: 0
2024-11-28 16:00:30.721 T:6455 debug : CAMLCodec::AddData: skip add data dl:15665345 fl:57151 sz:386441(386560) lv:102.1% dts:304.846 pts:305.055
2024-11-28 16:00:30.722 T:6455 debug : CVideoPlayerVideo::CalcDropRequirement - hurry: 0
2024-11-28 16:00:30.722 T:6455 debug : CAMLCodec::AddData: skip add data dl:15665345 fl:57151 sz:386441(386560) lv:102.1% dts:304.846 pts:305.055
2024-11-28 16:00:30.723 T:6452 debug : CVideoPlayer::ProcessVideoData size:405302 dts:304.888 pts:304.971 dur:41.000ms, clock:302.830 level:0
2024-11-28 16:00:30.724 T:6455 debug : CVideoPlayerVideo::CalcDropRequirement - hurry: 0
2024-11-28 16:00:30.724 T:6447 debug : Thread JobWorker 2995778048 terminating (autodelete)
2024-11-28 16:00:30.725 T:6455 debug : CAMLCodec::AddData: skip add data dl:15665345 fl:57151 sz:386441(386560) lv:102.1% dts:304.846 pts:305.055
2024-11-28 16:00:30.726 T:6455 debug : CVideoPlayerVideo::CalcDropRequirement - hurry: 0
2024-11-28 16:00:30.727 T:6455 debug : CAMLCodec::AddData: skip add data dl:15665345 fl:57151 sz:386441(386560) lv:102.1% dts:304.846 pts:305.055
2024-11-28 16:00:30.728 T:6455 debug : CVideoPlayerVideo::CalcDropRequirement - hurry: 0
2024-11-28 16:00:30.729 T:6455 debug : CAMLCodec::AddData: skip add data dl:15665345 fl:57151 sz:386441(386560) lv:102.1% dts:304.846 pts:305.055
2024-11-28 16:00:30.730 T:6452 debug : CVideoPlayer::ProcessVideoData size:326527 dts:304.930 pts:304.930 dur:41.000ms, clock:302.800 level:1
2024-11-28 16:00:30.731 T:6455 debug : CVideoPlayerVideo::CalcDropRequirement - hurry: 0
2024-11-28 16:00:30.732 T:6455 debug : CAMLCodec::AddData: skip add data dl:15665345 fl:57151 sz:386441(386560) lv:102.1% dts:304.846 pts:305.055
2024-11-28 16:00:30.733 T:6455 debug : CVideoPlayerVideo::CalcDropRequirement - hurry: 0
2024-11-28 16:00:30.733 T:6455 debug : CAMLCodec::AddData: skip add data dl:15665345 fl:57151 sz:386441(386560) lv:102.1% dts:304.846 pts:305.055
2024-11-28 16:00:30.735 T:6455 debug : CVideoPlayerVideo::CalcDropRequirement - hurry: 0
2024-11-28 16:00:30.735 T:6455 debug : CAMLCodec::AddData: skip add data dl:15665345 fl:57151 sz:386441(386560) lv:102.1% dts:304.846 pts:305.055
2024-11-28 16:00:30.735 T:6452 debug : CVideoPlayer::ProcessVideoData size:335498 dts:304.971 pts:305.013 dur:41.000ms, clock:302.779 level:2
2024-11-28 16:00:30.737 T:6455 debug : CVideoPlayerVideo::CalcDropRequirement - hurry: 0
2024-11-28 16:00:30.737 T:6455 debug : CAMLCodec::AddData: skip add data dl:15665345 fl:57151 sz:386441(386560) lv:102.1% dts:304.846 pts:305.055
2024-11-28 16:00:30.738 T:6455 debug : CVideoPlayerVideo::CalcDropRequirement - hurry: 0
2024-11-28 16:00:30.739 T:6455 debug : CAMLCodec::AddData: skip add data dl:15665345 fl:57151 sz:386441(386560) lv:102.1% dts:304.846 pts:305.055
2024-11-28 16:00:30.740 T:6455 debug : CVideoPlayerVideo::CalcDropRequirement - hurry: 0
2024-11-28 16:00:30.740 T:6455 debug : CAMLCodec::AddData: skip add data dl:15665345 fl:57151 sz:386441(386560) lv:102.1% dts:304.846 pts:305.055
2024-11-28 16:00:30.742 T:6455 debug : CVideoPlayerVideo::CalcDropRequirement - hurry: 0
2024-11-28 16:00:30.742 T:6455 debug : CAMLCodec::AddData: skip add data dl:15665345 fl:57151 sz:386441(386560) lv:102.1% dts:304.846 pts:305.055
2024-11-28 16:00:30.743 T:6455 debug : CVideoPlayerVideo::CalcDropRequirement - hurry: 0
2024-11-28 16:00:30.744 T:6455 debug : CAMLCodec::AddData: skip add data dl:15665345 fl:57151 sz:386441(386560) lv:102.1% dts:304.846 pts:305.055
2024-11-28 16:00:30.744 T:6452 debug : CVideoPlayer::ProcessVideoData size:403478 dts:305.013 pts:305.138 dur:41.000ms, clock:302.746 level:2
2024-11-28 16:00:30.745 T:6455 debug : CVideoPlayerVideo::CalcDropRequirement - hurry: 0
2024-11-28 16:00:30.745 T:6455 debug : CAMLCodec::AddData: skip add data dl:15665345 fl:57151 sz:386441(386560) lv:102.1% dts:304.846 pts:305.055
2024-11-28 16:00:30.747 T:6455 debug : CVideoPlayerVideo::CalcDropRequirement - hurry: 0
2024-11-28 16:00:30.748 T:6455 debug : CAMLCodec::AddData: skip add data dl:15665345 fl:57151 sz:386441(386560) lv:102.1% dts:304.846 pts:305.055
2024-11-28 16:00:30.748 T:6452 debug : CVideoPlayer::ProcessVideoData size:296690 dts:305.055 pts:305.096 dur:41.000ms, clock:302.727 level:3
2024-11-28 16:00:30.750 T:6455 debug : CVideoPlayerVideo::CalcDropRequirement - hurry: 0
2024-11-28 16:00:30.750 T:6455 debug : CAMLCodec::AddData: skip add data dl:15665345 fl:57151 sz:386441(386560) lv:102.1% dts:304.846 pts:305.055
2024-11-28 16:00:30.751 T:6455 debug : CVideoPlayerVideo::CalcDropRequirement - hurry: 0
2024-11-28 16:00:30.752 T:6455 debug : CAMLCodec::AddData: skip add data dl:15665345 fl:57151 sz:386441(386560) lv:102.1% dts:304.846 pts:305.055
2024-11-28 16:00:30.753 T:6455 debug : CVideoPlayerVideo::CalcDropRequirement - hurry: 0
2024-11-28 16:00:30.754 T:6455 debug : CAMLCodec::AddData: skip add data dl:15665345 fl:57151 sz:386441(386560) lv:102.1% dts:304.846 pts:305.055
2024-11-28 16:00:30.755 T:6455 debug : CVideoPlayerVideo::CalcDropRequirement - hurry: 0
2024-11-28 16:00:30.755 T:6455 debug : CAMLCodec::AddData: skip add data dl:15665345 fl:57151 sz:386441(386560) lv:102.1% dts:304.846 pts:305.055
2024-11-28 16:00:30.756 T:6452 debug : CVideoPlayer::ProcessVideoData size:319183 dts:305.096 pts:305.180 dur:41.000ms, clock:302.698 level:3
2024-11-28 16:00:30.757 T:6455 debug : CVideoPlayerVideo::CalcDropRequirement - hurry: 0
2024-11-28 16:00:30.757 T:6455 debug : CAMLCodec::AddData: skip add data dl:15665345 fl:57151 sz:386441(386560) lv:102.1% dts:304.846 pts:305.055
2024-11-28 16:00:30.759 T:6455 debug : CVideoPlayerVideo::CalcDropRequirement - hurry: 0
2024-11-28 16:00:30.759 T:6455 debug : CAMLCodec::AddData: skip add data dl:15665345 fl:57151 sz:386441(386560) lv:102.1% dts:304.846 pts:305.055
2024-11-28 16:00:30.759 T:4489 debug : CAMLCodec::PollFrame elapsed:32.304ms
2024-11-28 16:00:30.760 T:6455 debug : CVideoPlayerVideo::CalcDropRequirement - hurry: 0
2024-11-28 16:00:30.762 T:6455 debug : CAMLCodec::AddData: skip add data dl:15665345 fl:57151 sz:386441(386560) lv:102.1% dts:304.846 pts:305.055
2024-11-28 16:00:30.763 T:6455 debug : CVideoPlayerVideo::CalcDropRequirement - hurry: 0
2024-11-28 16:00:30.764 T:6455 debug : CAMLCodec::AddData: skip add data dl:15665345 fl:57151 sz:386441(386560) lv:102.1% dts:304.846 pts:305.055
2024-11-28 16:00:30.765 T:6455 debug : CVideoPlayerVideo::CalcDropRequirement - hurry: 0
2024-11-28 16:00:30.766 T:6455 debug : CAMLCodec::AddData: skip add data dl:15665345 fl:57151 sz:386441(386560) lv:102.1% dts:304.846 pts:305.055
2024-11-28 16:00:30.767 T:6455 debug : CVideoPlayerVideo::CalcDropRequirement - hurry: 0
2024-11-28 16:00:30.768 T:6455 debug : CAMLCodec::AddData: skip add data dl:15665345 fl:57151 sz:386441(386560) lv:102.1% dts:304.846 pts:305.055
2024-11-28 16:00:30.768 T:6452 debug : CVideoPlayer::ProcessVideoData size:481047 dts:305.138 pts:305.514 dur:41.000ms, clock:302.647 level:4
2024-11-28 16:00:30.770 T:6455 debug : CVideoPlayerVideo::CalcDropRequirement - hurry: 0
2024-11-28 16:00:30.771 T:6455 debug : CAMLCodec::AddData: skip add data dl:15665345 fl:57151 sz:386441(386560) lv:102.1% dts:304.846 pts:305.055
2024-11-28 16:00:30.772 T:6455 debug : CVideoPlayerVideo::CalcDropRequirement - hurry: 0
2024-11-28 16:00:30.772 T:6455 debug : CAMLCodec::AddData: skip add data dl:15665345 fl:57151 sz:386441(386560) lv:102.1% dts:304.846 pts:305.055
2024-11-28 16:00:30.774 T:6455 debug : CVideoPlayerVideo::CalcDropRequirement - hurry: 0
2024-11-28 16:00:30.774 T:6455 debug : CAMLCodec::AddData: skip add data dl:15665345 fl:57151 sz:386441(386560) lv:102.1% dts:304.846 pts:305.055
2024-11-28 16:00:30.775 T:6455 debug : CVideoPlayerVideo::CalcDropRequirement - hurry: 0
2024-11-28 16:00:30.776 T:6455 debug : CAMLCodec::AddData: skip add data dl:15665345 fl:57151 sz:386441(386560) lv:102.1% dts:304.846 pts:305.055
2024-11-28 16:00:30.777 T:6455 debug : CVideoPlayerVideo::CalcDropRequirement - hurry: 0
2024-11-28 16:00:30.778 T:6452 debug : CVideoPlayer::ProcessVideoData size:395251 dts:305.180 pts:305.388 dur:41.000ms, clock:302.610 level:4
2024-11-28 16:00:30.778 T:6455 debug : CAMLCodec::AddData: skip add data dl:15665345 fl:57151 sz:386441(386560) lv:102.1% dts:304.846 pts:305.055
2024-11-28 16:00:30.779 T:6455 debug : CVideoPlayerVideo::CalcDropRequirement - hurry: 0
2024-11-28 16:00:30.780 T:6455 debug : CAMLCodec::AddData: skip add data dl:15665345 fl:57151 sz:386441(386560) lv:102.1% dts:304.846 pts:305.055
2024-11-28 16:00:30.782 T:6455 debug : CVideoPlayerVideo::CalcDropRequirement - hurry: 0
2024-11-28 16:00:30.782 T:6455 debug : CAMLCodec::AddData: skip add data dl:15665345 fl:57151 sz:386441(386560) lv:102.1% dts:304.846 pts:305.055
2024-11-28 16:00:30.784 T:6455 debug : CVideoPlayerVideo::CalcDropRequirement - hurry: 0
2024-11-28 16:00:30.784 T:6455 debug : CAMLCodec::AddData: skip add data dl:15665345 fl:57151 sz:386441(386560) lv:102.1% dts:304.846 pts:305.055
2024-11-28 16:00:30.784 T:6452 debug : CVideoPlayer::ProcessVideoData size:383725 dts:305.222 pts:305.305 dur:41.000ms, clock:302.583 level:4
2024-11-28 16:00:30.786 T:6455 debug : CVideoPlayerVideo::CalcDropRequirement - hurry: 0
2024-11-28 16:00:30.786 T:6455 debug : CAMLCodec::AddData: skip add data dl:15665345 fl:57151 sz:386441(386560) lv:102.1% dts:304.846 pts:305.055
2024-11-28 16:00:30.787 T:6455 debug : CVideoPlayerVideo::CalcDropRequirement - hurry: 0
2024-11-28 16:00:30.788 T:6455 debug : CAMLCodec::AddData: skip add data dl:15665345 fl:57151 sz:386441(386560) lv:102.1% dts:304.846 pts:305.055
2024-11-28 16:00:30.789 T:6452 debug : CVideoPlayer::ProcessVideoData size:301086 dts:305.263 pts:305.263 dur:41.000ms, clock:302.566 level:5
2024-11-28 16:00:30.790 T:6455 debug : CVideoPlayerVideo::CalcDropRequirement - hurry: 0
2024-11-28 16:00:30.791 T:6455 debug : CAMLCodec::AddData: skip add data dl:15665345 fl:57151 sz:386441(386560) lv:102.1% dts:304.846 pts:305.055
2024-11-28 16:00:30.792 T:6455 debug : CVideoPlayerVideo::CalcDropRequirement - hurry: 0
2024-11-28 16:00:30.793 T:6455 debug : CAMLCodec::AddData: skip add data dl:15665345 fl:57151 sz:386441(386560) lv:102.1% dts:304.846 pts:305.055
2024-11-28 16:00:30.793 T:6452 debug : CVideoPlayer::ProcessVideoData size:306772 dts:305.305 pts:305.347 dur:41.000ms, clock:302.546 level:6
2024-11-28 16:00:30.795 T:6455 debug : CVideoPlayerVideo::CalcDropRequirement - hurry: 0
2024-11-28 16:00:30.795 T:6455 debug : CAMLCodec::AddData: skip add data dl:15665345 fl:57151 sz:386441(386560) lv:102.1% dts:304.846 pts:305.055
2024-11-28 16:00:30.797 T:6455 debug : CVideoPlayerVideo::CalcDropRequirement - hurry: 0
2024-11-28 16:00:30.797 T:6455 debug : CAMLCodec::AddData: skip add data dl:15665345 fl:57151 sz:386441(386560) lv:102.1% dts:304.846 pts:305.055
2024-11-28 16:00:30.798 T:6455 debug : CVideoPlayerVideo::CalcDropRequirement - hurry: 0
2024-11-28 16:00:30.799 T:6455 debug : CAMLCodec::AddData: skip add data dl:15665345 fl:57151 sz:386441(386560) lv:102.1% dts:304.846 pts:305.055
2024-11-28 16:00:30.800 T:6455 debug : CVideoPlayerVideo::CalcDropRequirement - hurry: 0
2024-11-28 16:00:30.800 T:6455 debug : CAMLCodec::AddData: skip add data dl:15665345 fl:57151 sz:386441(386560) lv:102.1% dts:304.846 pts:305.055
2024-11-28 16:00:30.801 T:4489 debug : CAMLCodec::PollFrame elapsed:29.951ms
2024-11-28 16:00:30.801 T:6452 debug : CVideoPlayer::ProcessVideoData size:372302 dts:305.347 pts:305.472 dur:41.000ms, clock:302.515 level:6
2024-11-28 16:00:30.803 T:6455 debug : CVideoPlayerVideo::CalcDropRequirement - hurry: 0
2024-11-28 16:00:30.803 T:6455 debug : CAMLCodec::AddData: skip add data dl:15665345 fl:57151 sz:386441(386560) lv:102.1% dts:304.846 pts:305.055
2024-11-28 16:00:30.805 T:6455 debug : CVideoPlayerVideo::CalcDropRequirement - hurry: 0
2024-11-28 16:00:30.805 T:6455 debug : CAMLCodec::AddData: skip add data dl:15665345 fl:57151 sz:386441(386560) lv:102.1% dts:304.846 pts:305.055
2024-11-28 16:00:30.806 T:6455 debug : CVideoPlayerVideo::CalcDropRequirement - hurry: 0
2024-11-28 16:00:30.807 T:6455 debug : CAMLCodec::AddData: skip add data dl:15665345 fl:57151 sz:386441(386560) lv:102.1% dts:304.846 pts:305.055
2024-11-28 16:00:30.808 T:6455 debug : CVideoPlayerVideo::CalcDropRequirement - hurry: 0
2024-11-28 16:00:30.808 T:6455 debug : CAMLCodec::AddData: skip add data dl:15665345 fl:57151 sz:386441(386560) lv:102.1% dts:304.846 pts:305.055
2024-11-28 16:00:30.809 T:6452 debug : CVideoPlayer::ProcessVideoData size:300967 dts:305.388 pts:305.430 dur:41.000ms, clock:302.484 level:7
2024-11-28 16:00:30.810 T:6455 debug : CVideoPlayerVideo::CalcDropRequirement - hurry: 0
2024-11-28 16:00:30.811 T:6455 debug : CAMLCodec::AddData: skip add data dl:15665345 fl:57151 sz:386441(386560) lv:102.1% dts:304.846 pts:305.055
2024-11-28 16:00:30.812 T:6455 debug : CVideoPlayerVideo::CalcDropRequirement - hurry: 0
2024-11-28 16:00:30.813 T:6455 debug : CAMLCodec::AddData: skip add data dl:15665345 fl:57151 sz:386441(386560) lv:102.1% dts:304.846 pts:305.055
2024-11-28 16:00:30.814 T:6455 debug : CVideoPlayerVideo::CalcDropRequirement - hurry: 0
2024-11-28 16:00:30.815 T:6455 debug : CAMLCodec::AddData: skip add data dl:15665345 fl:57151 sz:386441(386560) lv:102.1% dts:304.846 pts:305.055
2024-11-28 16:00:30.817 T:6455 debug : CVideoPlayerVideo::CalcDropRequirement - hurry: 0
2024-11-28 16:00:30.818 T:6455 debug : CAMLCodec::AddData: skip add data dl:15665345 fl:57151 sz:386441(386560) lv:102.1% dts:304.846 pts:305.055
2024-11-28 16:00:30.819 T:6455 debug : CVideoPlayerVideo::CalcDropRequirement - hurry: 0
2024-11-28 16:00:30.819 T:6455 debug : CAMLCodec::AddData: skip add data dl:15665345 fl:57151 sz:386441(386560) lv:102.1% dts:304.846 pts:305.055
2024-11-28 16:00:30.820 T:6452 debug : CVideoPlayer::ProcessVideoData size:557513 dts:305.430 pts:305.555 dur:41.000ms, clock:302.441 level:7
2024-11-28 16:00:30.821 T:6455 debug : CVideoPlayerVideo::CalcDropRequirement - hurry: 0
2024-11-28 16:00:30.822 T:6455 debug : CAMLCodec::AddData: skip add data dl:15665345 fl:57151 sz:386441(386560) lv:102.1% dts:304.846 pts:305.055
2024-11-28 16:00:30.823 T:6455 debug : CVideoPlayerVideo::CalcDropRequirement - hurry: 0
2024-11-28 16:00:30.823 T:6455 debug : CAMLCodec::AddData: skip add data dl:15665345 fl:57151 sz:386441(386560) lv:102.1% dts:304.846 pts:305.055
2024-11-28 16:00:30.824 T:6455 debug : CVideoPlayerVideo::CalcDropRequirement - hurry: 0
2024-11-28 16:00:30.825 T:6455 debug : CAMLCodec::AddData: skip add data dl:15665345 fl:57151 sz:386441(386560) lv:102.1% dts:304.846 pts:305.055
2024-11-28 16:00:30.826 T:6455 debug : CVideoPlayerVideo::CalcDropRequirement - hurry: 0
2024-11-28 16:00:30.827 T:6455 debug : CAMLCodec::AddData: skip add data dl:15665345 fl:57151 sz:386441(386560) lv:102.1% dts:304.846 pts:305.055
2024-11-28 16:00:30.828 T:6455 debug : CVideoPlayerVideo::CalcDropRequirement - hurry: 0
2024-11-28 16:00:30.828 T:6455 debug : CAMLCodec::AddData: skip add data dl:15665345 fl:57151 sz:386441(386560) lv:102.1% dts:304.846 pts:305.055
2024-11-28 16:00:30.830 T:6455 debug : CVideoPlayerVideo::CalcDropRequirement - hurry: 0
