2024-11-28 16:00:34.257 T:6455 debug : CAMLCodec::AddData: skip add data dl:15474074 fl:248422 sz:461606(461696) lv:101.3% dts:290.999 pts:291.124
2024-11-28 16:00:34.258 T:6452 debug : CVideoPlayer::ProcessVideoData size:256030 dts:291.166 pts:291.166 dur:41.000ms, clock:288.689 level:2
2024-11-28 16:00:34.259 T:6455 debug : CVideoPlayerVideo::CalcDropRequirement - hurry: 0
2024-11-28 16:00:34.260 T:6455 debug : CAMLCodec::AddData: skip add data dl:15474074 fl:248422 sz:461606(461696) lv:101.3% dts:290.999 pts:291.124
2024-11-28 16:00:34.261 T:6455 debug : CVideoPlayerVideo::CalcDropRequirement - hurry: 0
2024-11-28 16:00:34.261 T:6455 debug : CAMLCodec::AddData: skip add data dl:15474074 fl:248422 sz:461606(461696) lv:101.3% dts:290.999 pts:291.124
2024-11-28 16:00:34.263 T:4489 debug : CAMLCodec::PollFrame elapsed:31.108ms
2024-11-28 16:00:34.263 T:6452 debug : CVideoPlayer::ProcessVideoData size:266993 dts:291.208 pts:291.249 dur:41.000ms, clock:288.670 level:3
2024-11-28 16:00:34.263 T:6455 debug : CVideoPlayerVideo::CalcDropRequirement - hurry: 0
2024-11-28 16:00:34.263 T:6455 debug : CAMLCodec::AddData: skip add data dl:15474074 fl:248422 sz:461606(461696) lv:101.3% dts:290.999 pts:291.124
2024-11-28 16:00:34.265 T:6455 debug : CVideoPlayerVideo::CalcDropRequirement - hurry: 0
2024-11-28 16:00:34.265 T:6455 debug : CAMLCodec::AddData: skip add data dl:15474074 fl:248422 sz:461606(461696) lv:101.3% dts:290.999 pts:291.124
2024-11-28 16:00:34.266 T:6455 debug : CVideoPlayerVideo::CalcDropRequirement - hurry: 0
2024-11-28 16:00:34.267 T:6455 debug : CAMLCodec::AddData: skip add data dl:15474074 fl:248422 sz:461606(461696) lv:101.3% dts:290.999 pts:291.124
2024-11-28 16:00:34.268 T:6452 debug : CVideoPlayer::ProcessVideoData size:323122 dts:291.249 pts:291.374 dur:41.000ms, clock:288.649 level:3
2024-11-28 16:00:34.269 T:6455 debug : CVideoPlayerVideo::CalcDropRequirement - hurry: 0
2024-11-28 16:00:34.269 T:6455 debug : CAMLCodec::AddData: skip add data dl:15474074 fl:248422 sz:461606(461696) lv:101.3% dts:290.999 pts:291.124
2024-11-28 16:00:34.271 T:6455 debug : CVideoPlayerVideo::CalcDropRequirement - hurry: 0
2024-11-28 16:00:34.271 T:6455 debug : CAMLCodec::AddData: skip add data dl:15474074 fl:248422 sz:461606(461696) lv:101.3% dts:290.999 pts:291.124
2024-11-28 16:00:34.272 T:6452 debug : CVideoPlayer::ProcessVideoData size:271158 dts:291.291 pts:291.333 dur:41.000ms, clock:288.631 level:4
2024-11-28 16:00:34.274 T:6455 debug : CVideoPlayerVideo::CalcDropRequirement - hurry: 0
2024-11-28 16:00:34.274 T:6455 debug : CAMLCodec::AddData: skip add data dl:15474074 fl:248422 sz:461606(461696) lv:101.3% dts:290.999 pts:291.124
2024-11-28 16:00:34.275 T:6455 debug : CVideoPlayerVideo::CalcDropRequirement - hurry: 0
2024-11-28 16:00:34.276 T:6455 debug : CAMLCodec::AddData: skip add data dl:15474074 fl:248422 sz:461606(461696) lv:101.3% dts:290.999 pts:291.124
2024-11-28 16:00:34.277 T:6452 debug : CVideoPlayer::ProcessVideoData size:262454 dts:291.333 pts:291.416 dur:41.000ms, clock:288.612 level:4
2024-11-28 16:00:34.278 T:6455 debug : CVideoPlayerVideo::CalcDropRequirement - hurry: 0
2024-11-28 16:00:34.279 T:6455 debug : CAMLCodec::AddData: skip add data dl:15474074 fl:248422 sz:461606(461696) lv:101.3% dts:290.999 pts:291.124
2024-11-28 16:00:34.280 T:6455 debug : CVideoPlayerVideo::CalcDropRequirement - hurry: 0
2024-11-28 16:00:34.281 T:6455 debug : CAMLCodec::AddData: skip add data dl:15474074 fl:248422 sz:461606(461696) lv:101.3% dts:290.999 pts:291.124
2024-11-28 16:00:34.282 T:6455 debug : CVideoPlayerVideo::CalcDropRequirement - hurry: 0
2024-11-28 16:00:34.283 T:6455 debug : CAMLCodec::AddData: skip add data dl:15474074 fl:248422 sz:461606(461696) lv:101.3% dts:290.999 pts:291.124
2024-11-28 16:00:34.284 T:6455 debug : CVideoPlayerVideo::CalcDropRequirement - hurry: 0
2024-11-28 16:00:34.285 T:6455 debug : CAMLCodec::AddData: skip add data dl:15474074 fl:248422 sz:461606(461696) lv:101.3% dts:290.999 pts:291.124
2024-11-28 16:00:34.286 T:6455 debug : CVideoPlayerVideo::CalcDropRequirement - hurry: 0
2024-11-28 16:00:34.287 T:6455 debug : CAMLCodec::AddData: skip add data dl:15474074 fl:248422 sz:461606(461696) lv:101.3% dts:290.999 pts:291.124
2024-11-28 16:00:34.288 T:6455 debug : CVideoPlayerVideo::CalcDropRequirement - hurry: 0
2024-11-28 16:00:34.289 T:6455 debug : CAMLCodec::AddData: skip add data dl:15474074 fl:248422 sz:461606(461696) lv:101.3% dts:290.999 pts:291.124
2024-11-28 16:00:34.290 T:6452 debug : CVideoPlayer::ProcessVideoData size:427726 dts:291.374 pts:291.792 dur:41.000ms, clock:288.561 level:5
2024-11-28 16:00:34.291 T:6455 debug : CVideoPlayerVideo::CalcDropRequirement - hurry: 0
2024-11-28 16:00:34.292 T:6455 debug : CAMLCodec::AddData: skip add data dl:15474074 fl:248422 sz:461606(461696) lv:101.3% dts:290.999 pts:291.124
2024-11-28 16:00:34.293 T:6455 debug : CVideoPlayerVideo::CalcDropRequirement - hurry: 0
2024-11-28 16:00:34.294 T:6455 debug : CAMLCodec::AddData: skip add data dl:15474074 fl:248422 sz:461606(461696) lv:101.3% dts:290.999 pts:291.124
2024-11-28 16:00:34.295 T:6455 debug : CVideoPlayerVideo::CalcDropRequirement - hurry: 0
2024-11-28 16:00:34.295 T:6455 debug : CAMLCodec::AddData: skip add data dl:15474074 fl:248422 sz:461606(461696) lv:101.3% dts:290.999 pts:291.124
2024-11-28 16:00:34.296 T:6452 debug : CVideoPlayer::ProcessVideoData size:335655 dts:291.416 pts:291.625 dur:41.000ms, clock:288.534 level:5
2024-11-28 16:00:34.296 T:6452 debug : CVideoPlayer::Process - ffd/rwd: lastpts:289.289 clock:288.534 lastseekpts:289.237 speed:-4000 error:0.755
2024-11-28 16:00:34.298 T:6455 debug : CVideoPlayerVideo::CalcDropRequirement - hurry: 0
2024-11-28 16:00:34.298 T:6455 debug : CAMLCodec::AddData: skip add data dl:15474074 fl:248422 sz:461606(461696) lv:101.3% dts:290.999 pts:291.124
2024-11-28 16:00:34.300 T:6455 debug : CVideoPlayerVideo::CalcDropRequirement - hurry: 0
2024-11-28 16:00:34.300 T:6455 debug : CAMLCodec::AddData: skip add data dl:15474074 fl:248422 sz:461606(461696) lv:101.3% dts:290.999 pts:291.124
2024-11-28 16:00:34.301 T:6452 debug : CVideoPlayer::ProcessVideoData size:329164 dts:291.458 pts:291.541 dur:41.000ms, clock:288.516 level:6
2024-11-28 16:00:34.302 T:6455 debug : CVideoPlayerVideo::CalcDropRequirement - hurry: 0
2024-11-28 16:00:34.303 T:6455 debug : CAMLCodec::AddData: skip add data dl:15474074 fl:248422 sz:461606(461696) lv:101.3% dts:290.999 pts:291.124
2024-11-28 16:00:34.304 T:4489 debug : CAMLCodec::PollFrame elapsed:28.039ms
2024-11-28 16:00:34.304 T:6455 debug : CVideoPlayerVideo::CalcDropRequirement - hurry: 0
2024-11-28 16:00:34.305 T:6455 debug : CAMLCodec::AddData: skip add data dl:15474074 fl:248422 sz:461606(461696) lv:101.3% dts:290.999 pts:291.124
2024-11-28 16:00:34.306 T:6452 debug : CVideoPlayer::ProcessVideoData size:264723 dts:291.500 pts:291.500 dur:41.000ms, clock:288.496 level:6
2024-11-28 16:00:34.306 T:6455 debug : CVideoPlayerVideo::CalcDropRequirement - hurry: 0
2024-11-28 16:00:34.307 T:6455 debug : CAMLCodec::AddData: skip add data dl:15474074 fl:248422 sz:461606(461696) lv:101.3% dts:290.999 pts:291.124
2024-11-28 16:00:34.308 T:6455 debug : CVideoPlayerVideo::CalcDropRequirement - hurry: 0
2024-11-28 16:00:34.309 T:6455 debug : CAMLCodec::AddData: skip add data dl:15474074 fl:248422 sz:461606(461696) lv:101.3% dts:290.999 pts:291.124
2024-11-28 16:00:34.311 T:6452 debug : CVideoPlayer::ProcessVideoData size:265373 dts:291.541 pts:291.583 dur:41.000ms, clock:288.478 level:7
2024-11-28 16:00:34.312 T:6455 debug : CVideoPlayerVideo::CalcDropRequirement - hurry: 0
2024-11-28 16:00:34.312 T:6455 debug : CAMLCodec::AddData: skip add data dl:15474074 fl:248422 sz:461606(461696) lv:101.3% dts:290.999 pts:291.124
2024-11-28 16:00:34.314 T:6455 debug : CVideoPlayerVideo::CalcDropRequirement - hurry: 0
2024-11-28 16:00:34.314 T:6455 debug : CAMLCodec::AddData: skip add data dl:15474074 fl:248422 sz:461606(461696) lv:101.3% dts:290.999 pts:291.124
2024-11-28 16:00:34.315 T:6455 debug : CVideoPlayerVideo::CalcDropRequirement - hurry: 0
2024-11-28 16:00:34.316 T:6455 debug : CAMLCodec::AddData: skip add data dl:15474074 fl:248422 sz:461606(461696) lv:101.3% dts:290.999 pts:291.124
2024-11-28 16:00:34.318 T:6455 debug : CVideoPlayerVideo::CalcDropRequirement - hurry: 0
2024-11-28 16:00:34.318 T:6452 debug : CVideoPlayer::ProcessVideoData size:334036 dts:291.583 pts:291.708 dur:41.000ms, clock:288.448 level:7
2024-11-28 16:00:34.319 T:6455 debug : CAMLCodec::AddData: skip add data dl:15474074 fl:248422 sz:461606(461696) lv:101.3% dts:290.999 pts:291.124
2024-11-28 16:00:34.320 T:6455 debug : CVideoPlayerVideo::CalcDropRequirement - hurry: 0
2024-11-28 16:00:34.321 T:6455 debug : CAMLCodec::AddData: skip add data dl:15474074 fl:248422 sz:461606(461696) lv:101.3% dts:290.999 pts:291.124
2024-11-28 16:00:34.322 T:6455 debug : CVideoPlayerVideo::CalcDropRequirement - hurry: 0
2024-11-28 16:00:34.322 T:6452 debug : CVideoPlayer::ProcessVideoData size:270487 dts:291.625 pts:291.666 dur:41.000ms, clock:288.430 level:7
2024-11-28 16:00:34.323 T:6455 debug : CAMLCodec::AddData: skip add data dl:15474074 fl:248422 sz:461606(461696) lv:101.3% dts:290.999 pts:291.124
2024-11-28 16:00:34.324 T:6455 debug : CVideoPlayerVideo::CalcDropRequirement - hurry: 0
2024-11-28 16:00:34.325 T:6455 debug : CAMLCodec::AddData: skip add data dl:15474074 fl:248422 sz:461606(461696) lv:101.3% dts:290.999 pts:291.124
2024-11-28 16:00:34.326 T:6455 debug : CVideoPlayerVideo::CalcDropRequirement - hurry: 0
2024-11-28 16:00:34.327 T:6455 debug : CAMLCodec::AddData: skip add data dl:15474074 fl:248422 sz:461606(461696) lv:101.3% dts:290.999 pts:291.124
2024-11-28 16:00:34.327 T:6452 debug : CVideoPlayer::ProcessVideoData size:279344 dts:291.666 pts:291.750 dur:41.000ms, clock:288.411 level:8
2024-11-28 16:00:34.328 T:6455 debug : CVideoPlayerVideo::CalcDropRequirement - hurry: 0
2024-11-28 16:00:34.329 T:6455 debug : CAMLCodec::AddData: skip add data dl:15474074 fl:248422 sz:461606(461696) lv:101.3% dts:290.999 pts:291.124
2024-11-28 16:00:34.330 T:6455 debug : CVideoPlayerVideo::CalcDropRequirement - hurry: 0
2024-11-28 16:00:34.331 T:6455 debug : CAMLCodec::AddData: skip add data dl:15474074 fl:248422 sz:461606(461696) lv:101.3% dts:290.999 pts:291.124
2024-11-28 16:00:34.332 T:6455 debug : CVideoPlayerVideo::CalcDropRequirement - hurry: 0
2024-11-28 16:00:34.333 T:6455 debug : CAMLCodec::AddData: skip add data dl:15474074 fl:248422 sz:461606(461696) lv:101.3% dts:290.999 pts:291.124
2024-11-28 16:00:34.334 T:6455 debug : CVideoPlayerVideo::CalcDropRequirement - hurry: 0
2024-11-28 16:00:34.334 T:6455 debug : CAMLCodec::AddData: skip add data dl:15474074 fl:248422 sz:461606(461696) lv:101.3% dts:290.999 pts:291.124
2024-11-28 16:00:34.336 T:6455 debug : CVideoPlayerVideo::CalcDropRequirement - hurry: 0
2024-11-28 16:00:34.336 T:6455 debug : CAMLCodec::AddData: skip add data dl:15474074 fl:248422 sz:461606(461696) lv:101.3% dts:290.999 pts:291.124
2024-11-28 16:00:34.338 T:6455 debug : CVideoPlayerVideo::CalcDropRequirement - hurry: 0
2024-11-28 16:00:34.338 T:6455 debug : CAMLCodec::AddData: skip add data dl:15474074 fl:248422 sz:461606(461696) lv:101.3% dts:290.999 pts:291.124
2024-11-28 16:00:34.340 T:6455 debug : CVideoPlayerVideo::CalcDropRequirement - hurry: 0
2024-11-28 16:00:34.340 T:6455 debug : CAMLCodec::AddData: skip add data dl:15474074 fl:248422 sz:461606(461696) lv:101.3% dts:290.999 pts:291.124
2024-11-28 16:00:34.341 T:6455 debug : CVideoPlayerVideo::CalcDropRequirement - hurry: 0
2024-11-28 16:00:34.342 T:6452 debug : CVideoPlayer::ProcessVideoData size:432904 dts:291.708 pts:292.083 dur:41.000ms, clock:288.354 level:8
2024-11-28 16:00:34.342 T:6455 debug : CAMLCodec::AddData: skip add data dl:15474074 fl:248422 sz:461606(461696) lv:101.3% dts:290.999 pts:291.124
2024-11-28 16:00:34.343 T:6455 debug : CVideoPlayerVideo::CalcDropRequirement - hurry: 0
2024-11-28 16:00:34.344 T:6455 debug : CAMLCodec::AddData: skip add data dl:15474074 fl:248422 sz:461606(461696) lv:101.3% dts:290.999 pts:291.124
2024-11-28 16:00:34.344 T:6452 debug : CVideoPlayer::ProcessVideoData size:340174 dts:291.750 pts:291.958 dur:41.000ms, clock:288.344 level:9
2024-11-28 16:00:34.345 T:6455 debug : CVideoPlayerVideo::CalcDropRequirement - hurry: 0
2024-11-28 16:00:34.346 T:6455 debug : CAMLCodec::AddData: skip add data dl:15474074 fl:248422 sz:461606(461696) lv:101.3% dts:290.999 pts:291.124
2024-11-28 16:00:34.346 T:4489 debug : CAMLCodec::PollFrame elapsed:31.290ms
2024-11-28 16:00:34.347 T:6455 debug : CVideoPlayerVideo::CalcDropRequirement - hurry: 0
2024-11-28 16:00:34.348 T:6455 debug : CAMLCodec::AddData: skip add data dl:15474074 fl:248422 sz:461606(461696) lv:101.3% dts:290.999 pts:291.124
2024-11-28 16:00:34.349 T:6455 debug : CVideoPlayerVideo::CalcDropRequirement - hurry: 0
2024-11-28 16:00:34.350 T:6455 debug : CAMLCodec::AddData: skip add data dl:15474074 fl:248422 sz:461606(461696) lv:101.3% dts:290.999 pts:291.124
2024-11-28 16:00:34.351 T:6452 debug : CVideoPlayer::ProcessVideoData size:327019 dts:291.792 pts:291.875 dur:41.000ms, clock:288.316 level:10
2024-11-28 16:00:34.351 T:6455 debug : CVideoPlayerVideo::CalcDropRequirement - hurry: 0
2024-11-28 16:00:34.352 T:6455 debug : CAMLCodec::AddData: skip add data dl:15474074 fl:248422 sz:461606(461696) lv:101.3% dts:290.999 pts:291.124
2024-11-28 16:00:34.353 T:6455 debug : CVideoPlayerVideo::CalcDropRequirement - hurry: 0
2024-11-28 16:00:34.353 T:6455 debug : CAMLCodec::AddData: skip add data dl:15474074 fl:248422 sz:461606(461696) lv:101.3% dts:290.999 pts:291.124
2024-11-28 16:00:34.355 T:6455 debug : CVideoPlayerVideo::CalcDropRequirement - hurry: 0
2024-11-28 16:00:34.355 T:6455 debug : CAMLCodec::AddData: skip add data dl:15474074 fl:248422 sz:461606(461696) lv:101.3% dts:290.999 pts:291.124
2024-11-28 16:00:34.356 T:6452 debug : CVideoPlayer::ProcessVideoData size:278208 dts:291.833 pts:291.833 dur:41.000ms, clock:288.294 level:10
2024-11-28 16:00:34.356 T:6455 debug : CVideoPlayerVideo::CalcDropRequirement - hurry: 0
2024-11-28 16:00:34.357 T:6455 debug : CAMLCodec::AddData: skip add data dl:15474074 fl:248422 sz:461606(461696) lv:101.3% dts:290.999 pts:291.124
2024-11-28 16:00:34.358 T:6455 debug : CVideoPlayerVideo::CalcDropRequirement - hurry: 0
2024-11-28 16:00:34.359 T:6455 debug : CAMLCodec::AddData: skip add data dl:15474074 fl:248422 sz:461606(461696) lv:101.3% dts:290.999 pts:291.124
2024-11-28 16:00:34.360 T:6455 debug : CVideoPlayerVideo::CalcDropRequirement - hurry: 0
2024-11-28 16:00:34.361 T:6455 debug : CAMLCodec::AddData: skip add data dl:15474074 fl:248422 sz:461606(461696) lv:101.3% dts:290.999 pts:291.124
2024-11-28 16:00:34.361 T:6452 debug : CVideoPlayer::ProcessVideoData size:276537 dts:291.875 pts:291.917 dur:41.000ms, clock:288.275 level:11
2024-11-28 16:00:34.363 T:6455 debug : CVideoPlayerVideo::CalcDropRequirement - hurry: 0
2024-11-28 16:00:34.363 T:6455 debug : CAMLCodec::AddData: skip add data dl:15474074 fl:248422 sz:461606(461696) lv:101.3% dts:290.999 pts:291.124
2024-11-28 16:00:34.364 T:6455 debug : CVideoPlayerVideo::CalcDropRequirement - hurry: 0
2024-11-28 16:00:34.365 T:6455 debug : CAMLCodec::AddData: skip add data dl:15474074 fl:248422 sz:461606(461696) lv:101.3% dts:290.999 pts:291.124
2024-11-28 16:00:34.366 T:6452 debug : CVideoPlayer::ProcessVideoData size:325081 dts:291.917 pts:292.042 dur:41.000ms, clock:288.256 level:11
2024-11-28 16:00:34.367 T:6455 debug : CVideoPlayerVideo::CalcDropRequirement - hurry: 0
2024-11-28 16:00:34.368 T:6455 debug : CAMLCodec::AddData: skip add data dl:15474074 fl:248422 sz:461606(461696) lv:101.3% dts:290.999 pts:291.124
2024-11-28 16:00:34.369 T:6455 debug : CVideoPlayerVideo::CalcDropRequirement - hurry: 0
2024-11-28 16:00:34.370 T:6455 debug : CAMLCodec::AddData: skip add data dl:15474074 fl:248422 sz:461606(461696) lv:101.3% dts:290.999 pts:291.124
2024-11-28 16:00:34.371 T:6455 debug : CVideoPlayerVideo::CalcDropRequirement - hurry: 0
2024-11-28 16:00:34.371 T:6455 debug : CAMLCodec::AddData: skip add data dl:15474074 fl:248422 sz:461606(461696) lv:101.3% dts:290.999 pts:291.124
2024-11-28 16:00:34.373 T:6455 debug : CVideoPlayerVideo::CalcDropRequirement - hurry: 0
2024-11-28 16:00:34.373 T:6452 debug : CVideoPlayer::ProcessVideoData size:282481 dts:291.958 pts:292.000 dur:41.000ms, clock:288.228 level:11
2024-11-28 16:00:34.373 T:6455 debug : CAMLCodec::AddData: skip add data dl:15474074 fl:248422 sz:461606(461696) lv:101.3% dts:290.999 pts:291.124
2024-11-28 16:00:34.374 T:6455 debug : CVideoPlayerVideo::CalcDropRequirement - hurry: 0
2024-11-28 16:00:34.375 T:6455 debug : CAMLCodec::AddData: skip add data dl:15474074 fl:248422 sz:461606(461696) lv:101.3% dts:290.999 pts:291.124
2024-11-28 16:00:34.376 T:6455 debug : CVideoPlayerVideo::CalcDropRequirement - hurry: 0
2024-11-28 16:00:34.377 T:6455 debug : CAMLCodec::AddData: skip add data dl:15474074 fl:248422 sz:461606(461696) lv:101.3% dts:290.999 pts:291.124
2024-11-28 16:00:34.378 T:6455 debug : CVideoPlayerVideo::CalcDropRequirement - hurry: 0
2024-11-28 16:00:34.378 T:6455 debug : CAMLCodec::AddData: skip add data dl:15474074 fl:248422 sz:461606(461696) lv:101.3% dts:290.999 pts:291.124
2024-11-28 16:00:34.380 T:6455 debug : CVideoPlayerVideo::CalcDropRequirement - hurry: 0
2024-11-28 16:00:34.380 T:6452 debug : CVideoPlayer::ProcessVideoData size:472249 dts:292.000 pts:292.125 dur:41.000ms, clock:288.198 level:12
2024-11-28 16:00:34.380 T:6455 debug : CAMLCodec::AddData: skip add data dl:15474074 fl:248422 sz:461606(461696) lv:101.3% dts:290.999 pts:291.124
2024-11-28 16:00:34.382 T:6455 debug : CVideoPlayerVideo::CalcDropRequirement - hurry: 0
2024-11-28 16:00:34.382 T:6455 debug : CAMLCodec::AddData: skip add data dl:15474074 fl:248422 sz:461606(461696) lv:101.3% dts:290.999 pts:291.124
2024-11-28 16:00:34.384 T:6455 debug : CVideoPlayerVideo::CalcDropRequirement - hurry: 0
2024-11-28 16:00:34.384 T:6455 debug : CAMLCodec::AddData: skip add data dl:15474074 fl:248422 sz:461606(461696) lv:101.3% dts:290.999 pts:291.124
2024-11-28 16:00:34.386 T:6455 debug : CVideoPlayerVideo::CalcDropRequirement - hurry: 0
2024-11-28 16:00:34.386 T:6455 debug : CAMLCodec::AddData: skip add data dl:15474074 fl:248422 sz:461606(461696) lv:101.3% dts:290.999 pts:291.124
2024-11-28 16:00:34.388 T:4489 debug : CAMLCodec::PollFrame elapsed:29.069ms
2024-11-28 16:00:34.388 T:6455 debug : CVideoPlayerVideo::CalcDropRequirement - hurry: 0
2024-11-28 16:00:34.388 T:6455 debug : CAMLCodec::AddData: skip add data dl:15474074 fl:248422 sz:461606(461696) lv:101.3% dts:290.999 pts:291.124
2024-11-28 16:00:34.390 T:6455 debug : CVideoPlayerVideo::CalcDropRequirement - hurry: 0
2024-11-28 16:00:34.391 T:6455 debug : CAMLCodec::AddData: skip add data dl:15474074 fl:248422 sz:461606(461696) lv:101.3% dts:290.999 pts:291.124
2024-11-28 16:00:34.392 T:6455 debug : CVideoPlayerVideo::CalcDropRequirement - hurry: 0
2024-11-28 16:00:34.393 T:6455 debug : CAMLCodec::AddData: skip add data dl:15474074 fl:248422 sz:461606(461696) lv:101.3% dts:290.999 pts:291.124
2024-11-28 16:00:34.395 T:6455 debug : CVideoPlayerVideo::CalcDropRequirement - hurry: 0
2024-11-28 16:00:34.396 T:6455 debug : CAMLCodec::AddData: skip add data dl:15474074 fl:248422 sz:461606(461696) lv:101.3% dts:290.999 pts:291.124
2024-11-28 16:00:34.396 T:6452 debug : CVideoPlayer::ProcessVideoData size:412406 dts:292.042 pts:292.459 dur:41.000ms, clock:288.134 level:13
2024-11-28 16:00:34.398 T:6455 debug : CVideoPlayerVideo::CalcDropRequirement - hurry: 0
2024-11-28 16:00:34.398 T:6455 debug : CAMLCodec::AddData: skip add data dl:15474074 fl:248422 sz:461606(461696) lv:101.3% dts:290.999 pts:291.124
2024-11-28 16:00:34.399 T:6455 debug : CVideoPlayerVideo::CalcDropRequirement - hurry: 0
2024-11-28 16:00:34.400 T:6452 debug : CVideoPlayer::ProcessVideoData size:328396 dts:292.083 pts:292.292 dur:41.000ms, clock:288.121 level:13
2024-11-28 16:00:34.400 T:6455 debug : CAMLCodec::AddData: skip add data dl:15474074 fl:248422 sz:461606(461696) lv:101.3% dts:290.999 pts:291.124
2024-11-28 16:00:34.402 T:6455 debug : CVideoPlayerVideo::CalcDropRequirement - hurry: 0
2024-11-28 16:00:34.403 T:6455 debug : CAMLCodec::AddData: skip add data dl:15474074 fl:248422 sz:461606(461696) lv:101.3% dts:290.999 pts:291.124
2024-11-28 16:00:34.404 T:6455 debug : CVideoPlayerVideo::CalcDropRequirement - hurry: 0
2024-11-28 16:00:34.404 T:6452 debug : CVideoPlayer::ProcessVideoData size:329612 dts:292.125 pts:292.209 dur:41.000ms, clock:288.103 level:14
2024-11-28 16:00:34.405 T:6455 debug : CAMLCodec::AddData: skip add data dl:15474074 fl:248422 sz:461606(461696) lv:101.3% dts:290.999 pts:291.124
2024-11-28 16:00:34.406 T:6455 debug : CVideoPlayerVideo::CalcDropRequirement - hurry: 0
2024-11-28 16:00:34.407 T:6455 debug : CAMLCodec::AddData: skip add data dl:15474074 fl:248422 sz:461606(461696) lv:101.3% dts:290.999 pts:291.124
2024-11-28 16:00:34.408 T:6455 debug : CVideoPlayerVideo::CalcDropRequirement - hurry: 0
2024-11-28 16:00:34.409 T:6455 debug : CAMLCodec::AddData: skip add data dl:15474074 fl:248422 sz:461606(461696) lv:101.3% dts:290.999 pts:291.124
2024-11-28 16:00:34.409 T:6452 debug : CVideoPlayer::ProcessVideoData size:257135 dts:292.167 pts:292.167 dur:41.000ms, clock:288.085 level:15
2024-11-28 16:00:34.410 T:6455 debug : CVideoPlayerVideo::CalcDropRequirement - hurry: 0
2024-11-28 16:00:34.411 T:6455 debug : CAMLCodec::AddData: skip add data dl:15474074 fl:248422 sz:461606(461696) lv:101.3% dts:290.999 pts:291.124
2024-11-28 16:00:34.412 T:6455 debug : CVideoPlayerVideo::CalcDropRequirement - hurry: 0
2024-11-28 16:00:34.413 T:6455 debug : CAMLCodec::AddData: skip add data dl:15474074 fl:248422 sz:461606(461696) lv:101.3% dts:290.999 pts:291.124
2024-11-28 16:00:34.414 T:6452 debug : CVideoPlayer::ProcessVideoData size:273198 dts:292.209 pts:292.250 dur:41.000ms, clock:288.065 level:15
2024-11-28 16:00:34.415 T:6455 debug : CVideoPlayerVideo::CalcDropRequirement - hurry: 0
2024-11-28 16:00:34.415 T:6455 debug : CAMLCodec::AddData: skip add data dl:15474074 fl:248422 sz:461606(461696) lv:101.3% dts:290.999 pts:291.124
2024-11-28 16:00:34.417 T:6455 debug : CVideoPlayerVideo::CalcDropRequirement - hurry: 0
2024-11-28 16:00:34.417 T:6455 debug : CAMLCodec::AddData: skip add data dl:15474074 fl:248422 sz:461606(461696) lv:101.3% dts:290.999 pts:291.124
2024-11-28 16:00:34.418 T:6455 debug : CVideoPlayerVideo::CalcDropRequirement - hurry: 0
2024-11-28 16:00:34.419 T:6455 debug : CAMLCodec::AddData: skip add data dl:15474074 fl:248422 sz:461606(461696) lv:101.3% dts:290.999 pts:291.124
2024-11-28 16:00:34.420 T:6455 debug : CVideoPlayerVideo::CalcDropRequirement - hurry: 0
2024-11-28 16:00:34.421 T:6455 debug : CAMLCodec::AddData: skip add data dl:15474074 fl:248422 sz:461606(461696) lv:101.3% dts:290.999 pts:291.124
2024-11-28 16:00:34.422 T:6452 debug : CVideoPlayer::ProcessVideoData size:329847 dts:292.250 pts:292.375 dur:41.000ms, clock:288.033 level:16
2024-11-28 16:00:34.423 T:6455 debug : CVideoPlayerVideo::CalcDropRequirement - hurry: 0
2024-11-28 16:00:34.424 T:6455 debug : CAMLCodec::AddData: skip add data dl:15474074 fl:248422 sz:461606(461696) lv:101.3% dts:290.999 pts:291.124
2024-11-28 16:00:34.425 T:6455 debug : CVideoPlayerVideo::CalcDropRequirement - hurry: 0
2024-11-28 16:00:34.425 T:6455 debug : CAMLCodec::AddData: skip add data dl:15474074 fl:248422 sz:461606(461696) lv:101.3% dts:290.999 pts:291.124
2024-11-28 16:00:34.426 T:6452 debug : CVideoPlayer::ProcessVideoData size:271359 dts:292.292 pts:292.334 dur:41.000ms, clock:288.014 level:16
2024-11-28 16:00:34.426 T:6455 debug : CVideoPlayerVideo::CalcDropRequirement - hurry: 0
2024-11-28 16:00:34.427 T:6455 debug : CAMLCodec::AddData: skip add data dl:15474074 fl:248422 sz:461606(461696) lv:101.3% dts:290.999 pts:291.124
2024-11-28 16:00:34.429 T:6455 debug : CVideoPlayerVideo::CalcDropRequirement - hurry: 0
2024-11-28 16:00:34.429 T:6455 debug : CAMLCodec::AddData: skip add data dl:15474074 fl:248422 sz:461606(461696) lv:101.3% dts:290.999 pts:291.124
2024-11-28 16:00:34.429 T:4489 debug : CAMLCodec::PollFrame elapsed:29.315ms
2024-11-28 16:00:34.431 T:6455 debug : CVideoPlayerVideo::CalcDropRequirement - hurry: 0
2024-11-28 16:00:34.431 T:6455 debug : CAMLCodec::AddData: skip add data dl:15474074 fl:248422 sz:461606(461696) lv:101.3% dts:290.999 pts:291.124
2024-11-28 16:00:34.431 T:6452 debug : CVideoPlayer::ProcessVideoData size:280609 dts:292.334 pts:292.417 dur:41.000ms, clock:287.995 level:16
2024-11-28 16:00:34.433 T:6455 debug : CVideoPlayerVideo::CalcDropRequirement - hurry: 0
2024-11-28 16:00:34.433 T:6455 debug : CAMLCodec::AddData: skip add data dl:15474074 fl:248422 sz:461606(461696) lv:101.3% dts:290.999 pts:291.124
2024-11-28 16:00:34.437 T:6455 debug : CVideoPlayerVideo::CalcDropRequirement - hurry: 0
2024-11-28 16:00:34.438 T:6455 debug : CAMLCodec::AddData: skip add data dl:15474074 fl:248422 sz:461606(461696) lv:101.3% dts:290.999 pts:291.124
2024-11-28 16:00:34.439 T:6455 debug : CVideoPlayerVideo::CalcDropRequirement - hurry: 0
2024-11-28 16:00:34.440 T:6455 debug : CAMLCodec::AddData: skip add data dl:15474074 fl:248422 sz:461606(461696) lv:101.3% dts:290.999 pts:291.124
2024-11-28 16:00:34.441 T:6455 debug : CVideoPlayerVideo::CalcDropRequirement - hurry: 0
2024-11-28 16:00:34.442 T:6455 debug : CAMLCodec::AddData: skip add data dl:15474074 fl:248422 sz:461606(461696) lv:101.3% dts:290.999 pts:291.124
2024-11-28 16:00:34.443 T:6455 debug : CVideoPlayerVideo::CalcDropRequirement - hurry: 0
2024-11-28 16:00:34.443 T:6455 debug : CAMLCodec::AddData: skip add data dl:15474074 fl:248422 sz:461606(461696) lv:101.3% dts:290.999 pts:291.124
2024-11-28 16:00:34.445 T:6455 debug : CVideoPlayerVideo::CalcDropRequirement - hurry: 0
2024-11-28 16:00:34.445 T:6455 debug : CAMLCodec::AddData: skip add data dl:15474074 fl:248422 sz:461606(461696) lv:101.3% dts:290.999 pts:291.124
2024-11-28 16:00:34.447 T:6455 debug : CVideoPlayerVideo::CalcDropRequirement - hurry: 0
2024-11-28 16:00:34.447 T:6455 debug : CAMLCodec::AddData: skip add data dl:15474074 fl:248422 sz:461606(461696) lv:101.3% dts:290.999 pts:291.124
2024-11-28 16:00:34.448 T:6452 debug : CVideoPlayer::ProcessVideoData size:419916 dts:292.375 pts:292.793 dur:41.000ms, clock:287.926 level:17
2024-11-28 16:00:34.450 T:6455 debug : CVideoPlayerVideo::CalcDropRequirement - hurry: 0
2024-11-28 16:00:34.450 T:6455 debug : CAMLCodec::AddData: skip add data dl:15474074 fl:248422 sz:461606(461696) lv:101.3% dts:290.999 pts:291.124
2024-11-28 16:00:34.450 T:6452 debug : CVideoPlayer::ProcessVideoData size:343410 dts:292.417 pts:292.626 dur:41.000ms, clock:287.918 level:17
2024-11-28 16:00:34.452 T:6455 debug : CVideoPlayerVideo::CalcDropRequirement - hurry: 0
2024-11-28 16:00:34.452 T:6455 debug : CAMLCodec::AddData: skip add data dl:15474074 fl:248422 sz:461606(461696) lv:101.3% dts:290.999 pts:291.124
2024-11-28 16:00:34.454 T:6455 debug : CVideoPlayerVideo::CalcDropRequirement - hurry: 0
2024-11-28 16:00:34.454 T:6455 debug : CAMLCodec::AddData: skip add data dl:15474074 fl:248422 sz:461606(461696) lv:101.3% dts:290.999 pts:291.124
2024-11-28 16:00:34.455 T:6455 debug : CVideoPlayerVideo::CalcDropRequirement - hurry: 0
2024-11-28 16:00:34.456 T:6455 debug : CAMLCodec::AddData: skip add data dl:15474074 fl:248422 sz:461606(461696) lv:101.3% dts:290.999 pts:291.124
2024-11-28 16:00:34.457 T:6455 debug : CVideoPlayerVideo::CalcDropRequirement - hurry: 0
2024-11-28 16:00:34.457 T:6452 debug : CVideoPlayer::ProcessVideoData size:336057 dts:292.459 pts:292.542 dur:41.000ms, clock:287.892 level:18
2024-11-28 16:00:34.457 T:6455 debug : CAMLCodec::AddData: skip add data dl:15474074 fl:248422 sz:461606(461696) lv:101.3% dts:290.999 pts:291.124
2024-11-28 16:00:34.459 T:6455 debug : CVideoPlayerVideo::CalcDropRequirement - hurry: 0
2024-11-28 16:00:34.459 T:6455 debug : CAMLCodec::AddData: skip add data dl:15474074 fl:248422 sz:461606(461696) lv:101.3% dts:290.999 pts:291.124
2024-11-28 16:00:34.460 T:6455 debug : CVideoPlayerVideo::CalcDropRequirement - hurry: 0
2024-11-28 16:00:34.461 T:6455 debug : CAMLCodec::AddData: skip add data dl:15474074 fl:248422 sz:461606(461696) lv:101.3% dts:290.999 pts:291.124
2024-11-28 16:00:34.462 T:6452 debug : CVideoPlayer::ProcessVideoData size:271360 dts:292.501 pts:292.501 dur:41.000ms, clock:287.874 level:19
2024-11-28 16:00:34.463 T:6455 debug : CVideoPlayerVideo::CalcDropRequirement - hurry: 0
2024-11-28 16:00:34.463 T:6455 debug : CAMLCodec::AddData: skip add data dl:15474074 fl:248422 sz:461606(461696) lv:101.3% dts:290.999 pts:291.124
2024-11-28 16:00:34.464 T:6455 debug : CVideoPlayerVideo::CalcDropRequirement - hurry: 0
2024-11-28 16:00:34.465 T:6455 debug : CAMLCodec::AddData: skip add data dl:15474074 fl:248422 sz:461606(461696) lv:101.3% dts:290.999 pts:291.124
2024-11-28 16:00:34.466 T:6455 debug : CVideoPlayerVideo::CalcDropRequirement - hurry: 0
2024-11-28 16:00:34.467 T:6455 debug : CAMLCodec::AddData: skip add data dl:15474074 fl:248422 sz:461606(461696) lv:101.3% dts:290.999 pts:291.124
2024-11-28 16:00:34.467 T:6452 debug : CVideoPlayer::ProcessVideoData size:265734 dts:292.542 pts:292.584 dur:41.000ms, clock:287.852 level:19
2024-11-28 16:00:34.468 T:6455 debug : CVideoPlayerVideo::CalcDropRequirement - hurry: 0
2024-11-28 16:00:34.469 T:6455 debug : CAMLCodec::AddData: skip add data dl:15474074 fl:248422 sz:461606(461696) lv:101.3% dts:290.999 pts:291.124
2024-11-28 16:00:34.470 T:6455 debug : CVideoPlayerVideo::CalcDropRequirement - hurry: 0
2024-11-28 16:00:34.470 T:6455 debug : CAMLCodec::AddData: skip add data dl:15474074 fl:248422 sz:461606(461696) lv:101.3% dts:290.999 pts:291.124
2024-11-28 16:00:34.471 T:4489 debug : CAMLCodec::PollFrame elapsed:30.361ms
2024-11-28 16:00:34.471 T:6455 debug : CVideoPlayerVideo::CalcDropRequirement - hurry: 0
2024-11-28 16:00:34.472 T:6455 debug : CAMLCodec::AddData: skip add data dl:15474074 fl:248422 sz:461606(461696) lv:101.3% dts:290.999 pts:291.124
2024-11-28 16:00:34.473 T:6455 debug : CVideoPlayerVideo::CalcDropRequirement - hurry: 0
2024-11-28 16:00:34.475 T:6455 debug : CAMLCodec::AddData: skip add data dl:15474074 fl:248422 sz:461606(461696) lv:101.3% dts:290.999 pts:291.124
2024-11-28 16:00:34.476 T:6452 debug : CVideoPlayer::ProcessVideoData size:340234 dts:292.584 pts:292.709 dur:41.000ms, clock:287.817 level:20
2024-11-28 16:00:34.477 T:6455 debug : CVideoPlayerVideo::CalcDropRequirement - hurry: 0
2024-11-28 16:00:34.477 T:6455 debug : CAMLCodec::AddData: skip add data dl:15474074 fl:248422 sz:461606(461696) lv:101.3% dts:290.999 pts:291.124
2024-11-28 16:00:34.479 T:6455 debug : CVideoPlayerVideo::CalcDropRequirement - hurry: 0
2024-11-28 16:00:34.479 T:6455 debug : CAMLCodec::AddData: skip add data dl:15474074 fl:248422 sz:461606(461696) lv:101.3% dts:290.999 pts:291.124
2024-11-28 16:00:34.481 T:6455 debug : CVideoPlayerVideo::CalcDropRequirement - hurry: 0
2024-11-28 16:00:34.481 T:6455 debug : CAMLCodec::AddData: skip add data dl:15474074 fl:248422 sz:461606(461696) lv:101.3% dts:290.999 pts:291.124
2024-11-28 16:00:34.481 T:6452 debug : CVideoPlayer::ProcessVideoData size:274205 dts:292.626 pts:292.667 dur:41.000ms, clock:287.795 level:20
2024-11-28 16:00:34.483 T:6455 debug : CVideoPlayerVideo::CalcDropRequirement - hurry: 0
2024-11-28 16:00:34.483 T:6455 debug : CAMLCodec::AddData: skip add data dl:15474074 fl:248422 sz:461606(461696) lv:101.3% dts:290.999 pts:291.124
2024-11-28 16:00:34.484 T:6455 debug : CVideoPlayerVideo::CalcDropRequirement - hurry: 0
2024-11-28 16:00:34.485 T:6455 debug : CAMLCodec::AddData: skip add data dl:15474074 fl:248422 sz:461606(461696) lv:101.3% dts:290.999 pts:291.124
2024-11-28 16:00:34.486 T:6452 debug : CVideoPlayer::ProcessVideoData size:276140 dts:292.667 pts:292.751 dur:41.000ms, clock:287.776 level:21
2024-11-28 16:00:34.486 T:6455 debug : CVideoPlayerVideo::CalcDropRequirement - hurry: 0
2024-11-28 16:00:34.487 T:6455 debug : CAMLCodec::AddData: skip add data dl:15474074 fl:248422 sz:461606(461696) lv:101.3% dts:290.999 pts:291.124
2024-11-28 16:00:34.488 T:6455 debug : CVideoPlayerVideo::CalcDropRequirement - hurry: 0
2024-11-28 16:00:34.489 T:6455 debug : CAMLCodec::AddData: skip add data dl:15474074 fl:248422 sz:461606(461696) lv:101.3% dts:290.999 pts:291.124
2024-11-28 16:00:34.490 T:6452 debug : CVideoPlayer::Process - ffd/rwd: lastpts:289.289 clock:287.759 lastseekpts:289.237 speed:-4000 error:1.530
2024-11-28 16:00:34.490 T:6452 debug : CVideoPlayer::Process - Seeking to catch up, error was: -1.478 time:286.758
2024-11-28 16:00:34.490 T:6452 debug : demuxer seek to: 286758.403710
2024-11-28 16:00:34.490 T:6455 debug : CVideoPlayerVideo::CalcDropRequirement - hurry: 0
2024-11-28 16:00:34.491 T:6455 debug : CAMLCodec::AddData: skip add data dl:15474074 fl:248422 sz:461606(461696) lv:101.3% dts:290.999 pts:291.124
2024-11-28 16:00:34.492 T:6454 debug : CDoubleCache::Reset - (0x35ec9e0) Cache miss for 2307869957 with new=2375832810-2386318570 and old=2357105883-2367591643
2024-11-28 16:00:34.492 T:6455 debug : CVideoPlayerVideo::CalcDropRequirement - hurry: 0
2024-11-28 16:00:34.492 T:6454 debug : CFileCache::Process - cache completely reset for seek to position 2307869957
2024-11-28 16:00:34.493 T:6455 debug : CAMLCodec::AddData: skip add data dl:15474074 fl:248422 sz:461606(461696) lv:101.3% dts:290.999 pts:291.124
2024-11-28 16:00:34.494 T:6455 debug : CVideoPlayerVideo::CalcDropRequirement - hurry: 0
2024-11-28 16:00:34.494 T:6455 debug : CAMLCodec::AddData: skip add data dl:15474074 fl:248422 sz:461606(461696) lv:101.3% dts:290.999 pts:291.124
2024-11-28 16:00:34.496 T:6455 debug : CVideoPlayerVideo::CalcDropRequirement - hurry: 0
2024-11-28 16:00:34.496 T:6455 debug : CAMLCodec::AddData: skip add data dl:15474074 fl:248422 sz:461606(461696) lv:101.3% dts:290.999 pts:291.124
2024-11-28 16:00:34.498 T:6455 debug : CVideoPlayerVideo::CalcDropRequirement - hurry: 0
2024-11-28 16:00:34.498 T:6455 debug : CAMLCodec::AddData: skip add data dl:15474074 fl:248422 sz:461606(461696) lv:101.3% dts:290.999 pts:291.124
2024-11-28 16:00:34.499 T:6455 debug : CVideoPlayerVideo::CalcDropRequirement - hurry: 0
2024-11-28 16:00:34.500 T:6455 debug : CAMLCodec::AddData: skip add data dl:15474074 fl:248422 sz:461606(461696) lv:101.3% dts:290.999 pts:291.124
2024-11-28 16:00:34.501 T:6455 debug : CVideoPlayerVideo::CalcDropRequirement - hurry: 0
2024-11-28 16:00:34.501 T:6455 debug : CAMLCodec::AddData: skip add data dl:15474074 fl:248422 sz:461606(461696) lv:101.3% dts:290.999 pts:291.124
2024-11-28 16:00:34.503 T:6455 debug : CVideoPlayerVideo::CalcDropRequirement - hurry: 0
2024-11-28 16:00:34.503 T:6455 debug : CAMLCodec::AddData: skip add data dl:15474074 fl:248422 sz:461606(461696) lv:101.3% dts:290.999 pts:291.124
2024-11-28 16:00:34.503 T:6452 debug : SeekTime - seek ended up on time 285786
2024-11-28 16:00:34.503 T:6452 debug : demuxer seek to: 286758.403710, success
2024-11-28 16:00:34.503 T:6452 debug : CVideoPlayer::FlushBuffers - flushing buffers
2024-11-28 16:00:34.504 T:6455 debug : CAMLCodec::Reset
2024-11-28 16:00:34.504 T:6452 debug : CVideoPlayer::HandleMessages: flush buffers: dts:286.758 lastSeek:36.298 clock:287.703
2024-11-28 16:00:34.504 T:6452 debug : CVideoPlayer::Process - ffd/rwd: lastpts:289.289 clock:287.703 lastseekpts:286.758 speed:-4000 error:1.586
2024-11-28 16:00:34.505 T:6452 debug : CVideoPlayer::ProcessVideoData size:418900 dts:18442240474082.180 pts:285.786 dur:41.000ms, clock:287.699 level:21
2024-11-28 16:00:34.512 T:6456 debug : CDVDAudio::Flush - flush audio stream
2024-11-28 16:00:34.513 T:4489 debug : CAMLCodec::PollFrame elapsed:31.682ms
2024-11-28 16:00:34.521 T:6452 debug : CVideoPlayer::ProcessVideoData size:391509 dts:18442240474082.180 pts:286.119 dur:41.000ms, clock:287.638 level:32
2024-11-28 16:00:34.522 T:6452 debug : CVideoPlayer::ProcessVideoData size:306830 dts:18442240474082.180 pts:285.952 dur:41.000ms, clock:287.632 level:33
2024-11-28 16:00:34.526 T:6452 debug : CVideoPlayer::ProcessVideoData size:324944 dts:285.786 pts:285.869 dur:41.000ms, clock:287.614 level:34
2024-11-28 16:00:34.531 T:6452 debug : CVideoPlayer::ProcessVideoData size:249834 dts:285.827 pts:285.827 dur:41.000ms, clock:287.596 level:34
2024-11-28 16:00:34.536 T:6452 debug : CVideoPlayer::ProcessVideoData size:262125 dts:285.869 pts:285.911 dur:41.000ms, clock:287.577 level:35
2024-11-28 16:00:34.541 T:6452 debug : CVideoPlayer::ProcessVideoData size:314470 dts:285.911 pts:286.036 dur:41.000ms, clock:287.555 level:36
2024-11-28 16:00:34.544 T:6455 debug : CVideoPlayerVideo - Stillframe left, switching to normal playback
2024-11-28 16:00:34.544 T:6455 debug : CVideoPlayerVideo::CalcDropRequirement - hurry: 0
2024-11-28 16:00:34.545 T:6452 debug : CVideoPlayer::ProcessVideoData size:258375 dts:285.952 pts:285.994 dur:41.000ms, clock:287.538 level:0
2024-11-28 16:00:34.547 T:6455 debug : CAMLCodec::AddData: dl:314674 fl:15407822 sz:314466(314560) lv:2.0% dts:285.911 pts:286.036
2024-11-28 16:00:34.547 T:6455 debug : CVideoPlayerVideo::CalcDropRequirement - hurry: 0
2024-11-28 16:00:34.550 T:6455 debug : CAMLCodec::AddData: dl:573076 fl:15149420 sz:258371(258496) lv:3.6% dts:285.952 pts:285.994
2024-11-28 16:00:34.550 T:6452 debug : CVideoPlayer::ProcessVideoData size:254941 dts:285.994 pts:286.077 dur:41.000ms, clock:287.518 level:0
2024-11-28 16:00:34.550 T:6455 debug : CVideoPlayerVideo::CalcDropRequirement - hurry: 0
2024-11-28 16:00:34.553 T:6455 debug : CAMLCodec::AddData: dl:827991 fl:14894505 sz:254937(255040) lv:5.3% dts:285.994 pts:286.077
2024-11-28 16:00:34.555 T:4489 debug : CAMLCodec::PollFrame elapsed:9.986ms
2024-11-28 16:00:34.566 T:6452 debug : CVideoPlayer::ProcessVideoData size:365036 dts:286.036 pts:286.453 dur:41.000ms, clock:287.455 level:0
2024-11-28 16:00:34.566 T:6455 debug : CVideoPlayerVideo::CalcDropRequirement - hurry: 0
2024-11-28 16:00:34.567 T:6452 debug : CVideoPlayer::ProcessVideoData size:320886 dts:286.077 pts:286.286 dur:41.000ms, clock:287.450 level:0
2024-11-28 16:00:34.569 T:6455 debug : CAMLCodec::AddData: dl:1193008 fl:14529488 sz:365032(365120) lv:7.6% dts:286.036 pts:286.453
2024-11-28 16:00:34.570 T:6455 debug : CVideoPlayerVideo::CalcDropRequirement - hurry: 0
2024-11-28 16:00:34.572 T:6455 debug : CAMLCodec::AddData: dl:989592 fl:14732904 sz:320882(320960) lv:6.3% dts:286.077 pts:286.286
2024-11-28 16:00:34.575 T:6452 debug : CVideoPlayer::ProcessVideoData size:299694 dts:286.119 pts:286.203 dur:41.000ms, clock:287.419 level:0
2024-11-28 16:00:34.576 T:6455 debug : CVideoPlayerVideo::CalcDropRequirement - hurry: 0
2024-11-28 16:00:34.579 T:6455 debug : CAMLCodec::AddData: dl:1289290 fl:14433206 sz:299690(299776) lv:8.2% dts:286.119 pts:286.203
2024-11-28 16:00:34.580 T:6452 debug : CVideoPlayer::ProcessVideoData size:254293 dts:286.161 pts:286.161 dur:41.000ms, clock:287.400 level:0
2024-11-28 16:00:34.580 T:6455 debug : CVideoPlayerVideo::CalcDropRequirement - hurry: 0
2024-11-28 16:00:34.582 T:6452 debug : CVideoPlayer::ProcessVideoData size:246649 dts:286.203 pts:286.244 dur:41.000ms, clock:287.390 level:0
2024-11-28 16:00:34.583 T:6455 debug : CAMLCodec::AddData: dl:1019316 fl:14703180 sz:254289(254400) lv:6.5% dts:286.161 pts:286.161
2024-11-28 16:00:34.583 T:6455 debug : CVideoPlayerVideo::CalcDropRequirement - hurry: 0
2024-11-28 16:00:34.585 T:6455 debug : CAMLCodec::AddData: dl:1265925 fl:14456571 sz:246645(246720) lv:8.0% dts:286.203 pts:286.244
2024-11-28 16:00:34.589 T:6452 debug : CVideoPlayer::ProcessVideoData size:307482 dts:286.244 pts:286.369 dur:41.000ms, clock:287.363 level:0
2024-11-28 16:00:34.589 T:6455 debug : CVideoPlayerVideo::CalcDropRequirement - hurry: 0
2024-11-28 16:00:34.592 T:6455 debug : CAMLCodec::AddData: dl:1049146 fl:14673350 sz:307478(307584) lv:6.7% dts:286.244 pts:286.369
2024-11-28 16:00:34.594 T:6452 debug : CVideoPlayer::ProcessVideoData size:258841 dts:286.286 pts:286.328 dur:41.000ms, clock:287.345 level:0
2024-11-28 16:00:34.594 T:6455 debug : CVideoPlayerVideo::CalcDropRequirement - hurry: 0
2024-11-28 16:00:34.596 T:4489 debug : CAMLCodec::PollFrame elapsed:29.753ms
2024-11-28 16:00:34.597 T:6455 debug : CAMLCodec::AddData: dl:783696 fl:14938800 sz:258837(258944) lv:5.0% dts:286.286 pts:286.328
2024-11-28 16:00:34.599 T:6452 debug : CVideoPlayer::ProcessVideoData size:269602 dts:286.328 pts:286.411 dur:41.000ms, clock:287.325 level:0
2024-11-28 16:00:34.599 T:6455 debug : CVideoPlayerVideo::CalcDropRequirement - hurry: 0
2024-11-28 16:00:34.602 T:6455 debug : CAMLCodec::AddData: dl:1053285 fl:14669211 sz:269598(269696) lv:6.7% dts:286.328 pts:286.411
2024-11-28 16:00:34.613 T:6452 debug : CVideoPlayer::ProcessVideoData size:335801 dts:286.369 pts:286.745 dur:41.000ms, clock:287.268 level:0
2024-11-28 16:00:34.613 T:6455 debug : CVideoPlayerVideo::CalcDropRequirement - hurry: 0
2024-11-28 16:00:34.616 T:6452 debug : CVideoPlayer::ProcessVideoData size:322694 dts:286.411 pts:286.620 dur:41.000ms, clock:287.257 level:0
2024-11-28 16:00:34.616 T:6455 debug : CAMLCodec::AddData: dl:864771 fl:14857725 sz:335797(335872) lv:5.5% dts:286.369 pts:286.745
2024-11-28 16:00:34.616 T:6455 debug : CVideoPlayerVideo::CalcDropRequirement - hurry: 0
2024-11-28 16:00:34.619 T:6455 debug : CAMLCodec::AddData: dl:1187512 fl:14534984 sz:322690(322816) lv:7.5% dts:286.411 pts:286.620
2024-11-28 16:00:34.621 T:6452 debug : CVideoPlayer::ProcessVideoData size:294290 dts:286.453 pts:286.536 dur:41.000ms, clock:287.235 level:0
2024-11-28 16:00:34.621 T:6455 debug : CVideoPlayerVideo::CalcDropRequirement - hurry: 0
2024-11-28 16:00:34.624 T:6452 debug : CVideoPlayer::ProcessVideoData size:244829 dts:286.495 pts:286.495 dur:41.000ms, clock:287.225 level:0
2024-11-28 16:00:34.624 T:6455 debug : CAMLCodec::AddData: dl:957498 fl:14764998 sz:294286(294400) lv:6.1% dts:286.453 pts:286.536
2024-11-28 16:00:34.625 T:6455 debug : CVideoPlayerVideo::CalcDropRequirement - hurry: 0
2024-11-28 16:00:34.627 T:6455 debug : CAMLCodec::AddData: dl:1202312 fl:14520184 sz:244825(244928) lv:7.6% dts:286.495 pts:286.495
2024-11-28 16:00:34.629 T:6452 debug : CVideoPlayer::ProcessVideoData size:244556 dts:286.536 pts:286.578 dur:41.000ms, clock:287.205 level:0
2024-11-28 16:00:34.629 T:6455 debug : CVideoPlayerVideo::CalcDropRequirement - hurry: 0
2024-11-28 16:00:34.631 T:6455 debug : CAMLCodec::AddData: dl:922593 fl:14799903 sz:244552(244672) lv:5.9% dts:286.536 pts:286.578
2024-11-28 16:00:34.636 T:6452 debug : CVideoPlayer::ProcessVideoData size:299854 dts:286.578 pts:286.703 dur:41.000ms, clock:287.176 level:0
2024-11-28 16:00:34.636 T:6455 debug : CVideoPlayerVideo::CalcDropRequirement - hurry: 0
2024-11-28 16:00:34.638 T:4489 debug : CAMLCodec::PollFrame elapsed:30.645ms
2024-11-28 16:00:34.639 T:6455 debug : CAMLCodec::AddData: dl:1222441 fl:14500055 sz:299850(299968) lv:7.8% dts:286.578 pts:286.703
2024-11-28 16:00:34.641 T:6452 debug : CVideoPlayer::ProcessVideoData size:254516 dts:286.620 pts:286.661 dur:41.000ms, clock:287.155 level:0
2024-11-28 16:00:34.641 T:6455 debug : CVideoPlayerVideo::CalcDropRequirement - hurry: 0
2024-11-28 16:00:34.644 T:6455 debug : CAMLCodec::AddData: dl:952627 fl:14769869 sz:254512(254592) lv:6.1% dts:286.620 pts:286.661
2024-11-28 16:00:34.649 T:6452 debug : CVideoPlayer::ProcessVideoData size:404394 dts:286.661 pts:286.787 dur:41.000ms, clock:287.123 level:0
2024-11-28 16:00:34.649 T:6455 debug : CVideoPlayerVideo::CalcDropRequirement - hurry: 0
2024-11-28 16:00:34.656 T:6455 debug : CAMLCodec::AddData: dl:1357027 fl:14365469 sz:404374(404480) lv:8.6% dts:286.661 pts:286.787
2024-11-28 16:00:34.666 T:6452 debug : CVideoPlayer::ProcessVideoData size:348994 dts:286.703 pts:287.120 dur:41.000ms, clock:287.057 level:0
2024-11-28 16:00:34.666 T:6455 debug : CVideoPlayerVideo::CalcDropRequirement - hurry: 0
2024-11-28 16:00:34.668 T:6452 debug : CVideoPlayer::ProcessVideoData size:302538 dts:286.745 pts:286.953 dur:41.000ms, clock:287.047 level:0
2024-11-28 16:00:34.669 T:6455 debug : CAMLCodec::AddData: dl:5900281 fl:9822215 sz:348990(349056) lv:37.5% dts:286.703 pts:287.120
2024-11-28 16:00:34.669 T:6455 debug : CVideoPlayerVideo::CalcDropRequirement - hurry: 0
2024-11-28 16:00:34.673 T:6455 debug : CAMLCodec::AddData: dl:6202871 fl:9519625 sz:302534(302656) lv:39.4% dts:286.745 pts:286.953
2024-11-28 16:00:34.674 T:6452 debug : CVideoPlayer::ProcessVideoData size:323909 dts:286.787 pts:286.870 dur:41.000ms, clock:287.024 level:0
2024-11-28 16:00:34.674 T:6455 debug : CVideoPlayerVideo::CalcDropRequirement - hurry: 0
2024-11-28 16:00:34.677 T:6455 debug : CAMLCodec::AddData: dl:6526781 fl:9195715 sz:323905(324032) lv:41.5% dts:286.787 pts:286.870
2024-11-28 16:00:34.679 T:6452 debug : CVideoPlayer::ProcessVideoData size:241782 dts:286.828 pts:286.828 dur:41.000ms, clock:287.005 level:0
2024-11-28 16:00:34.679 T:6455 debug : CVideoPlayerVideo::CalcDropRequirement - hurry: 0
2024-11-28 16:00:34.680 T:4489 debug : CAMLCodec::PollFrame elapsed:32.498ms
2024-11-28 16:00:34.681 T:6455 debug : CAMLCodec::AddData: dl:6768510 fl:8953986 sz:241778(241856) lv:43.0% dts:286.828 pts:286.828
2024-11-28 16:00:34.685 T:6452 debug : CVideoPlayer::ProcessVideoData size:272130 dts:286.870 pts:286.912 dur:41.000ms, clock:286.980 level:0
2024-11-28 16:00:34.685 T:6455 debug : CVideoPlayerVideo::CalcDropRequirement - hurry: 0
2024-11-28 16:00:34.688 T:6455 debug : CAMLCodec::AddData: dl:7040624 fl:8681872 sz:272126(272192) lv:44.8% dts:286.870 pts:286.912
2024-11-28 16:00:34.690 T:6452 debug : CVideoPlayer::ProcessVideoData size:292031 dts:286.912 pts:287.037 dur:41.000ms, clock:286.959 level:0
2024-11-28 16:00:34.690 T:6455 debug : CVideoPlayerVideo::CalcDropRequirement - hurry: 0
2024-11-28 16:00:34.693 T:6455 debug : CAMLCodec::AddData: dl:7332654 fl:8389842 sz:292027(292096) lv:46.6% dts:286.912 pts:287.037
2024-11-28 16:00:34.695 T:6452 debug : CVideoPlayer::ProcessVideoData size:256931 dts:286.953 pts:286.995 dur:41.000ms, clock:286.939 level:0
2024-11-28 16:00:34.695 T:6455 debug : CVideoPlayerVideo::CalcDropRequirement - hurry: 0
2024-11-28 16:00:34.698 T:6455 debug : CAMLCodec::AddData: dl:7589609 fl:8132887 sz:256927(257024) lv:48.3% dts:286.953 pts:286.995
2024-11-28 16:00:34.700 T:6452 debug : CVideoPlayer::ProcessVideoData size:264729 dts:286.995 pts:287.078 dur:41.000ms, clock:286.919 level:0
2024-11-28 16:00:34.700 T:6455 debug : CVideoPlayerVideo::CalcDropRequirement - hurry: 0
2024-11-28 16:00:34.704 T:6455 debug : CAMLCodec::AddData: dl:7854344 fl:7868152 sz:264725(264832) lv:49.9% dts:286.995 pts:287.078
2024-11-28 16:00:34.714 T:6452 debug : CVideoPlayer::ProcessVideoData size:360628 dts:287.037 pts:287.454 dur:41.000ms, clock:286.863 level:0
2024-11-28 16:00:34.714 T:6455 debug : CVideoPlayerVideo::CalcDropRequirement - hurry: 0
2024-11-28 16:00:34.717 T:6452 debug : CVideoPlayer::ProcessVideoData size:338124 dts:287.078 pts:287.287 dur:41.000ms, clock:286.852 level:0
2024-11-28 16:00:34.718 T:6455 debug : CAMLCodec::AddData: dl:8214941 fl:7507555 sz:360624(360704) lv:52.2% dts:287.037 pts:287.454
2024-11-28 16:00:34.718 T:6455 debug : CVideoPlayerVideo::CalcDropRequirement - hurry: 0
2024-11-28 16:00:34.721 T:6455 debug : CAMLCodec::AddData: dl:8553101 fl:7169395 sz:338120(338240) lv:54.4% dts:287.078 pts:287.287
2024-11-28 16:00:34.721 T:4489 debug : CAMLCodec::PollFrame elapsed:32.065ms
2024-11-28 16:00:34.722 T:6452 debug : CVideoPlayer::ProcessVideoData size:317916 dts:287.120 pts:287.204 dur:41.000ms, clock:286.832 level:0
2024-11-28 16:00:34.722 T:6455 debug : CVideoPlayerVideo::CalcDropRequirement - hurry: 0
2024-11-28 16:00:34.725 T:6455 debug : CAMLCodec::AddData: dl:8870997 fl:6851499 sz:317912(318016) lv:56.4% dts:287.120 pts:287.204
2024-11-28 16:00:34.727 T:6452 debug : CVideoPlayer::ProcessVideoData size:242849 dts:287.162 pts:287.162 dur:41.000ms, clock:286.812 level:0
2024-11-28 16:00:34.727 T:6455 debug : CVideoPlayerVideo::CalcDropRequirement - hurry: 0
2024-11-28 16:00:34.730 T:6455 debug : CAMLCodec::AddData: dl:9113837 fl:6608659 sz:242845(242944) lv:57.9% dts:287.162 pts:287.162
2024-11-28 16:00:34.732 T:6452 debug : CVideoPlayer::ProcessVideoData size:255392 dts:287.204 pts:287.245 dur:41.000ms, clock:286.792 level:0
2024-11-28 16:00:34.732 T:6455 debug : CVideoPlayerVideo::CalcDropRequirement - hurry: 0
2024-11-28 16:00:34.735 T:6455 debug : CAMLCodec::AddData: dl:9369226 fl:6353270 sz:255388(255488) lv:59.6% dts:287.204 pts:287.245
2024-11-28 16:00:34.739 T:6452 debug : CVideoPlayer::ProcessVideoData size:313457 dts:287.245 pts:287.370 dur:41.000ms, clock:286.763 level:0
2024-11-28 16:00:34.739 T:6455 debug : CVideoPlayerVideo::CalcDropRequirement - hurry: 0
2024-11-28 16:00:34.742 T:6455 debug : CAMLCodec::AddData: dl:9682662 fl:6039834 sz:313453(313536) lv:61.6% dts:287.245 pts:287.370
2024-11-28 16:00:34.744 T:6452 debug : CVideoPlayer::ProcessVideoData size:260392 dts:287.287 pts:287.329 dur:41.000ms, clock:286.744 level:0
2024-11-28 16:00:34.744 T:6455 debug : CVideoPlayerVideo::CalcDropRequirement - hurry: 0
2024-11-28 16:00:34.746 T:6452 debug : CVideoPlayer::ProcessVideoData size:246065 dts:287.329 pts:287.412 dur:41.000ms, clock:286.734 level:0
2024-11-28 16:00:34.747 T:6455 debug : CAMLCodec::AddData: dl:9943059 fl:5779437 sz:260388(260480) lv:63.2% dts:287.287 pts:287.329
2024-11-28 16:00:34.747 T:6455 debug : CVideoPlayerVideo::CalcDropRequirement - hurry: 0
2024-11-28 16:00:34.750 T:6455 debug : CAMLCodec::AddData: dl:10189111 fl:5533385 sz:246061(246144) lv:64.8% dts:287.329 pts:287.412
2024-11-28 16:00:34.762 T:6452 debug : CVideoPlayer::ProcessVideoData size:368072 dts:287.370 pts:287.746 dur:41.000ms, clock:286.673 level:0
2024-11-28 16:00:34.762 T:6455 debug : CVideoPlayerVideo::CalcDropRequirement - hurry: 0
