2024-11-28 16:00:32.745 T:6455 debug : CAMLCodec::AddData: dl:1355483 fl:14367013 sz:410699(410816) lv:8.6% dts:294.711 pts:294.836
2024-11-28 16:00:32.757 T:6452 debug : CVideoPlayer::ProcessVideoData size:348754 dts:294.753 pts:295.170 dur:41.000ms, clock:294.690 level:0
2024-11-28 16:00:32.758 T:6455 debug : CVideoPlayerVideo::CalcDropRequirement - hurry: 0
2024-11-28 16:00:32.759 T:6452 debug : CVideoPlayer::ProcessVideoData size:265862 dts:294.795 pts:295.003 dur:41.000ms, clock:294.682 level:0
2024-11-28 16:00:32.761 T:6452 debug : CVideoPlayer::ProcessVideoData size:257780 dts:294.836 pts:294.920 dur:41.000ms, clock:294.678 level:0
2024-11-28 16:00:32.761 T:6455 debug : CAMLCodec::AddData: dl:4849958 fl:10872538 sz:348750(348864) lv:30.8% dts:294.753 pts:295.170
2024-11-28 16:00:32.761 T:4489 debug : CAMLCodec::PollFrame elapsed:31.710ms
2024-11-28 16:00:32.761 T:6455 debug : CVideoPlayerVideo::CalcDropRequirement - hurry: 0
2024-11-28 16:00:32.763 T:6452 debug : CVideoPlayer::ProcessVideoData size:198048 dts:294.878 pts:294.878 dur:41.000ms, clock:294.667 level:0
2024-11-28 16:00:32.764 T:6455 debug : CAMLCodec::AddData: dl:5115828 fl:10606668 sz:265858(265984) lv:32.5% dts:294.795 pts:295.003
2024-11-28 16:00:32.764 T:6455 debug : CVideoPlayerVideo::CalcDropRequirement - hurry: 0
2024-11-28 16:00:32.766 T:6452 debug : CVideoPlayer::ProcessVideoData size:193992 dts:294.920 pts:294.961 dur:41.000ms, clock:294.657 level:0
2024-11-28 16:00:32.767 T:6455 debug : CAMLCodec::AddData: dl:5373558 fl:10348938 sz:257776(257856) lv:34.2% dts:294.836 pts:294.920
2024-11-28 16:00:32.768 T:6455 debug : CVideoPlayerVideo::CalcDropRequirement - hurry: 0
2024-11-28 16:00:32.770 T:6455 debug : CAMLCodec::AddData: dl:5571622 fl:10150874 sz:198044(198144) lv:35.4% dts:294.878 pts:294.878
2024-11-28 16:00:32.771 T:6455 debug : CVideoPlayerVideo::CalcDropRequirement - hurry: 0
2024-11-28 16:00:32.771 T:6452 debug : CVideoPlayer::ProcessVideoData size:250290 dts:294.961 pts:295.086 dur:41.000ms, clock:294.636 level:0
2024-11-28 16:00:32.773 T:6455 debug : CAMLCodec::AddData: dl:5765634 fl:9956862 sz:193988(194112) lv:36.7% dts:294.920 pts:294.961
2024-11-28 16:00:32.773 T:6455 debug : CVideoPlayerVideo::CalcDropRequirement - hurry: 0
2024-11-28 16:00:32.774 T:6452 debug : CVideoPlayer::ProcessVideoData size:196374 dts:295.003 pts:295.045 dur:41.000ms, clock:294.624 level:0
2024-11-28 16:00:32.776 T:6455 debug : CAMLCodec::AddData: dl:6015878 fl:9706618 sz:250286(250368) lv:38.2% dts:294.961 pts:295.086
2024-11-28 16:00:32.777 T:6455 debug : CVideoPlayerVideo::CalcDropRequirement - hurry: 0
2024-11-28 16:00:32.779 T:6452 debug : CVideoPlayer::ProcessVideoData size:195177 dts:295.045 pts:295.128 dur:41.000ms, clock:294.604 level:0
2024-11-28 16:00:32.779 T:6455 debug : CAMLCodec::AddData: dl:6212276 fl:9510220 sz:196370(196480) lv:39.5% dts:295.003 pts:295.045
2024-11-28 16:00:32.779 T:6455 debug : CVideoPlayerVideo::CalcDropRequirement - hurry: 0
2024-11-28 16:00:32.782 T:6455 debug : CAMLCodec::AddData: dl:6407430 fl:9315066 sz:195173(195264) lv:40.7% dts:295.045 pts:295.128
2024-11-28 16:00:32.791 T:6452 debug : CVideoPlayer::ProcessVideoData size:339681 dts:295.086 pts:295.504 dur:41.000ms, clock:294.555 level:0
2024-11-28 16:00:32.792 T:6455 debug : CVideoPlayerVideo::CalcDropRequirement - hurry: 0
2024-11-28 16:00:32.793 T:6452 debug : CVideoPlayer::ProcessVideoData size:262801 dts:295.128 pts:295.337 dur:41.000ms, clock:294.547 level:0
2024-11-28 16:00:32.795 T:6455 debug : CAMLCodec::AddData: dl:6747115 fl:8975381 sz:339677(339776) lv:42.9% dts:295.086 pts:295.504
2024-11-28 16:00:32.795 T:6455 debug : CVideoPlayerVideo::CalcDropRequirement - hurry: 0
2024-11-28 16:00:32.798 T:6452 debug : CVideoPlayer::ProcessVideoData size:250203 dts:295.170 pts:295.253 dur:41.000ms, clock:294.530 level:0
2024-11-28 16:00:32.798 T:6455 debug : CAMLCodec::AddData: dl:7009928 fl:8712568 sz:262797(262912) lv:44.6% dts:295.128 pts:295.337
2024-11-28 16:00:32.798 T:6455 debug : CVideoPlayerVideo::CalcDropRequirement - hurry: 0
2024-11-28 16:00:32.800 T:6452 debug : CVideoPlayer::ProcessVideoData size:191373 dts:295.212 pts:295.212 dur:41.000ms, clock:294.521 level:0
2024-11-28 16:00:32.801 T:6455 debug : CAMLCodec::AddData: dl:7260117 fl:8462379 sz:250199(250304) lv:46.2% dts:295.170 pts:295.253
2024-11-28 16:00:32.801 T:6455 debug : CVideoPlayerVideo::CalcDropRequirement - hurry: 0
2024-11-28 16:00:32.803 T:4489 debug : CAMLCodec::PollFrame elapsed:30.320ms
2024-11-28 16:00:32.804 T:6455 debug : CAMLCodec::AddData: dl:7451500 fl:8270996 sz:191369(191488) lv:47.4% dts:295.212 pts:295.212
2024-11-28 16:00:32.805 T:6452 debug : CVideoPlayer::ProcessVideoData size:187923 dts:295.253 pts:295.295 dur:41.000ms, clock:294.501 level:0
2024-11-28 16:00:32.805 T:6455 debug : CVideoPlayerVideo::CalcDropRequirement - hurry: 0
2024-11-28 16:00:32.807 T:6452 debug : CVideoPlayer::ProcessVideoData size:240096 dts:295.295 pts:295.420 dur:41.000ms, clock:294.491 level:0
2024-11-28 16:00:32.807 T:6455 debug : CAMLCodec::AddData: dl:7639413 fl:8083083 sz:187919(188032) lv:48.6% dts:295.253 pts:295.295
2024-11-28 16:00:32.808 T:6455 debug : CVideoPlayerVideo::CalcDropRequirement - hurry: 0
2024-11-28 16:00:32.810 T:6455 debug : CAMLCodec::AddData: dl:7879492 fl:7843004 sz:240092(240192) lv:50.1% dts:295.295 pts:295.420
2024-11-28 16:00:32.812 T:6452 debug : CVideoPlayer::ProcessVideoData size:185762 dts:295.337 pts:295.378 dur:41.000ms, clock:294.471 level:0
2024-11-28 16:00:32.813 T:6455 debug : CVideoPlayerVideo::CalcDropRequirement - hurry: 0
2024-11-28 16:00:32.815 T:6452 debug : CVideoPlayer::ProcessVideoData size:193176 dts:295.378 pts:295.462 dur:41.000ms, clock:294.461 level:0
2024-11-28 16:00:32.815 T:6455 debug : CAMLCodec::AddData: dl:8065248 fl:7657248 sz:185758(185856) lv:51.3% dts:295.337 pts:295.378
2024-11-28 16:00:32.815 T:6455 debug : CVideoPlayerVideo::CalcDropRequirement - hurry: 0
2024-11-28 16:00:32.817 T:6455 debug : CAMLCodec::AddData: dl:8258430 fl:7464066 sz:193172(193280) lv:52.5% dts:295.378 pts:295.462
2024-11-28 16:00:32.829 T:6452 debug : CVideoPlayer::ProcessVideoData size:350794 dts:295.420 pts:295.796 dur:41.000ms, clock:294.405 level:0
2024-11-28 16:00:32.829 T:6455 debug : CVideoPlayerVideo::CalcDropRequirement - hurry: 0
2024-11-28 16:00:32.830 T:6452 debug : CVideoPlayer::ProcessVideoData size:272708 dts:295.462 pts:295.670 dur:41.000ms, clock:294.400 level:0
2024-11-28 16:00:32.832 T:6455 debug : CAMLCodec::AddData: dl:8609234 fl:7113262 sz:350790(350912) lv:54.7% dts:295.420 pts:295.796
2024-11-28 16:00:32.832 T:6455 debug : CVideoPlayerVideo::CalcDropRequirement - hurry: 0
2024-11-28 16:00:32.835 T:6452 debug : CVideoPlayer::ProcessVideoData size:277858 dts:295.504 pts:295.587 dur:41.000ms, clock:294.381 level:0
2024-11-28 16:00:32.835 T:6455 debug : CAMLCodec::AddData: dl:8881880 fl:6840616 sz:272704(272768) lv:56.5% dts:295.462 pts:295.670
2024-11-28 16:00:32.835 T:6455 debug : CVideoPlayerVideo::CalcDropRequirement - hurry: 0
2024-11-28 16:00:32.838 T:6455 debug : CAMLCodec::AddData: dl:9159768 fl:6562728 sz:277854(277952) lv:58.2% dts:295.504 pts:295.587
2024-11-28 16:00:32.840 T:6452 debug : CVideoPlayer::ProcessVideoData size:206810 dts:295.545 pts:295.545 dur:41.000ms, clock:294.361 level:0
2024-11-28 16:00:32.840 T:6455 debug : CVideoPlayerVideo::CalcDropRequirement - hurry: 0
2024-11-28 16:00:32.843 T:6455 debug : CAMLCodec::AddData: dl:9366582 fl:6355914 sz:206806(206912) lv:59.6% dts:295.545 pts:295.545
2024-11-28 16:00:32.844 T:4489 debug : CAMLCodec::PollFrame elapsed:32.362ms
2024-11-28 16:00:32.845 T:6452 debug : CVideoPlayer::ProcessVideoData size:199848 dts:295.587 pts:295.629 dur:41.000ms, clock:294.341 level:0
2024-11-28 16:00:32.845 T:6455 debug : CVideoPlayerVideo::CalcDropRequirement - hurry: 0
2024-11-28 16:00:32.848 T:6455 debug : CAMLCodec::AddData: dl:9566412 fl:6156084 sz:199844(199936) lv:60.8% dts:295.587 pts:295.629
2024-11-28 16:00:32.850 T:6452 debug : CVideoPlayer::ProcessVideoData size:254769 dts:295.629 pts:295.754 dur:41.000ms, clock:294.320 level:0
2024-11-28 16:00:32.850 T:6455 debug : CVideoPlayerVideo::CalcDropRequirement - hurry: 0
2024-11-28 16:00:32.852 T:6452 debug : CVideoPlayer::ProcessVideoData size:195434 dts:295.670 pts:295.712 dur:41.000ms, clock:294.311 level:0
2024-11-28 16:00:32.853 T:6455 debug : CAMLCodec::AddData: dl:9821168 fl:5901328 sz:254765(254848) lv:62.4% dts:295.629 pts:295.754
2024-11-28 16:00:32.853 T:6455 debug : CVideoPlayerVideo::CalcDropRequirement - hurry: 0
2024-11-28 16:00:32.856 T:6455 debug : CAMLCodec::AddData: dl:10016605 fl:5705891 sz:195430(195520) lv:63.7% dts:295.670 pts:295.712
2024-11-28 16:00:32.860 T:6452 debug : CVideoPlayer::ProcessVideoData size:411002 dts:295.712 pts:295.837 dur:41.000ms, clock:294.278 level:0
2024-11-28 16:00:32.861 T:6455 debug : CVideoPlayerVideo::CalcDropRequirement - hurry: 0
2024-11-28 16:00:32.864 T:6455 debug : CAMLCodec::AddData: dl:10427587 fl:5294909 sz:410982(411072) lv:66.3% dts:295.712 pts:295.837
2024-11-28 16:00:32.878 T:6452 debug : CVideoPlayer::ProcessVideoData size:332631 dts:295.754 pts:296.171 dur:41.000ms, clock:294.210 level:0
2024-11-28 16:00:32.878 T:6455 debug : CVideoPlayerVideo::CalcDropRequirement - hurry: 0
2024-11-28 16:00:32.879 T:6452 debug : CVideoPlayer::ProcessVideoData size:260322 dts:295.796 pts:296.004 dur:41.000ms, clock:294.202 level:0
2024-11-28 16:00:32.880 T:6452 debug : CVideoPlayer::ProcessVideoData size:252993 dts:295.837 pts:295.921 dur:41.000ms, clock:294.199 level:0
2024-11-28 16:00:32.881 T:6455 debug : CAMLCodec::AddData: dl:10760233 fl:4962263 sz:332627(332736) lv:68.4% dts:295.754 pts:296.171
2024-11-28 16:00:32.881 T:6455 debug : CVideoPlayerVideo::CalcDropRequirement - hurry: 0
2024-11-28 16:00:32.883 T:6455 debug : CAMLCodec::AddData: dl:11020540 fl:4701956 sz:260318(260416) lv:70.1% dts:295.796 pts:296.004
2024-11-28 16:00:32.884 T:6455 debug : CVideoPlayerVideo::CalcDropRequirement - hurry: 0
2024-11-28 16:00:32.885 T:6452 debug : CVideoPlayer::ProcessVideoData size:196555 dts:295.879 pts:295.879 dur:41.000ms, clock:294.182 level:0
2024-11-28 16:00:32.886 T:4489 debug : CAMLCodec::PollFrame elapsed:29.335ms
2024-11-28 16:00:32.887 T:6455 debug : CAMLCodec::AddData: dl:11273498 fl:4448998 sz:252989(253056) lv:71.7% dts:295.837 pts:295.921
2024-11-28 16:00:32.887 T:6455 debug : CVideoPlayerVideo::CalcDropRequirement - hurry: 0
2024-11-28 16:00:32.888 T:6452 debug : CVideoPlayer::ProcessVideoData size:199356 dts:295.921 pts:295.962 dur:41.000ms, clock:294.169 level:0
2024-11-28 16:00:32.891 T:6455 debug : CAMLCodec::AddData: dl:11470103 fl:4252393 sz:196551(196672) lv:72.9% dts:295.879 pts:295.879
2024-11-28 16:00:32.891 T:6455 debug : CVideoPlayerVideo::CalcDropRequirement - hurry: 0
2024-11-28 16:00:32.893 T:6452 debug : CVideoPlayer::ProcessVideoData size:274513 dts:295.962 pts:296.087 dur:41.000ms, clock:294.149 level:0
2024-11-28 16:00:32.894 T:6455 debug : CAMLCodec::AddData: dl:11669406 fl:4053090 sz:199352(199424) lv:74.2% dts:295.921 pts:295.962
2024-11-28 16:00:32.894 T:6455 debug : CVideoPlayerVideo::CalcDropRequirement - hurry: 0
2024-11-28 16:00:32.897 T:6455 debug : CAMLCodec::AddData: dl:11943958 fl:3778538 sz:274509(274624) lv:75.9% dts:295.962 pts:296.087
2024-11-28 16:00:32.898 T:6452 debug : CVideoPlayer::ProcessVideoData size:206957 dts:296.004 pts:296.046 dur:41.000ms, clock:294.127 level:0
2024-11-28 16:00:32.898 T:6455 debug : CVideoPlayerVideo::CalcDropRequirement - hurry: 0
2024-11-28 16:00:32.901 T:6452 debug : CVideoPlayer::ProcessVideoData size:195498 dts:296.046 pts:296.129 dur:41.000ms, clock:294.117 level:0
2024-11-28 16:00:32.901 T:6455 debug : CAMLCodec::AddData: dl:12150883 fl:3571613 sz:206953(207040) lv:77.3% dts:296.004 pts:296.046
2024-11-28 16:00:32.901 T:6455 debug : CVideoPlayerVideo::CalcDropRequirement - hurry: 0
2024-11-28 16:00:32.903 T:6455 debug : CAMLCodec::AddData: dl:12346380 fl:3376116 sz:195494(195584) lv:78.5% dts:296.046 pts:296.129
2024-11-28 16:00:32.914 T:6452 debug : CVideoPlayer::ProcessVideoData size:342019 dts:296.087 pts:296.505 dur:41.000ms, clock:294.063 level:0
2024-11-28 16:00:32.914 T:6455 debug : CVideoPlayerVideo::CalcDropRequirement - hurry: 0
2024-11-28 16:00:32.917 T:6452 debug : CVideoPlayer::ProcessVideoData size:284317 dts:296.129 pts:296.338 dur:41.000ms, clock:294.053 level:0
2024-11-28 16:00:32.918 T:6455 debug : CAMLCodec::AddData: dl:12688370 fl:3034126 sz:342015(342080) lv:80.7% dts:296.087 pts:296.505
2024-11-28 16:00:32.918 T:6455 debug : CVideoPlayerVideo::CalcDropRequirement - hurry: 0
2024-11-28 16:00:32.921 T:6455 debug : CAMLCodec::AddData: dl:12972721 fl:2749775 sz:284313(284416) lv:82.5% dts:296.129 pts:296.338
2024-11-28 16:00:32.922 T:6452 debug : CVideoPlayer::ProcessVideoData size:260291 dts:296.171 pts:296.254 dur:41.000ms, clock:294.032 level:0
2024-11-28 16:00:32.922 T:6455 debug : CVideoPlayerVideo::CalcDropRequirement - hurry: 0
2024-11-28 16:00:32.924 T:6452 debug : CVideoPlayer::ProcessVideoData size:209114 dts:296.213 pts:296.213 dur:41.000ms, clock:294.023 level:0
2024-11-28 16:00:32.925 T:6455 debug : CAMLCodec::AddData: dl:13232970 fl:2489526 sz:260287(260352) lv:84.1% dts:296.171 pts:296.254
2024-11-28 16:00:32.926 T:6455 debug : CVideoPlayerVideo::CalcDropRequirement - hurry: 0
2024-11-28 16:00:32.928 T:4489 debug : CAMLCodec::PollFrame elapsed:32.147ms
2024-11-28 16:00:32.928 T:6455 debug : CAMLCodec::AddData: dl:13442121 fl:2280375 sz:209110(209216) lv:85.5% dts:296.213 pts:296.213
2024-11-28 16:00:32.929 T:6452 debug : CVideoPlayer::ProcessVideoData size:193623 dts:296.254 pts:296.296 dur:41.000ms, clock:294.005 level:0
2024-11-28 16:00:32.929 T:6455 debug : CVideoPlayerVideo::CalcDropRequirement - hurry: 0
2024-11-28 16:00:32.932 T:6452 debug : CVideoPlayer::ProcessVideoData size:228030 dts:296.296 pts:296.421 dur:41.000ms, clock:293.993 level:0
2024-11-28 16:00:32.933 T:6455 debug : CAMLCodec::AddData: dl:13635743 fl:2086753 sz:193619(193728) lv:86.7% dts:296.254 pts:296.296
2024-11-28 16:00:32.933 T:6455 debug : CVideoPlayerVideo::CalcDropRequirement - hurry: 0
2024-11-28 16:00:32.936 T:6455 debug : CAMLCodec::AddData: dl:13863730 fl:1858766 sz:228026(228096) lv:88.1% dts:296.296 pts:296.421
2024-11-28 16:00:32.936 T:6452 debug : CVideoPlayer::ProcessVideoData size:195282 dts:296.338 pts:296.379 dur:41.000ms, clock:293.975 level:0
2024-11-28 16:00:32.936 T:6455 debug : CVideoPlayerVideo::CalcDropRequirement - hurry: 0
2024-11-28 16:00:32.939 T:6452 debug : CVideoPlayer::ProcessVideoData size:191055 dts:296.379 pts:296.463 dur:41.000ms, clock:293.965 level:0
2024-11-28 16:00:32.939 T:6455 debug : CAMLCodec::AddData: dl:14059052 fl:1663444 sz:195278(195392) lv:89.4% dts:296.338 pts:296.379
2024-11-28 16:00:32.939 T:6455 debug : CVideoPlayerVideo::CalcDropRequirement - hurry: 0
2024-11-28 16:00:32.942 T:6455 debug : CAMLCodec::AddData: dl:14250106 fl:1472390 sz:191051(191168) lv:90.6% dts:296.379 pts:296.463
2024-11-28 16:00:32.942 T:6455 debug : CAMLCodec::DequeueBuffer: pts:294.085 idx:8743
2024-11-28 16:00:32.942 T:6455 debug : CAMLCodec::GetPicture: index: 8743, pts: 294.085, dur:41.708ms ar:1.78 elf:806ms
2024-11-28 16:00:32.942 T:6455 debug : CVideoPlayerVideo::OutputPicture - ttd:134ms pts:294.085 Clock:293.950 Level:0
2024-11-28 16:00:32.950 T:6452 debug : CVideoPlayer::ProcessVideoData size:291238 dts:296.421 pts:296.797 dur:41.000ms, clock:293.918 level:0
2024-11-28 16:00:32.951 T:6455 debug : CVideoPlayerVideo::CalcDropRequirement - hurry: 1
2024-11-28 16:00:32.953 T:6452 debug : CVideoPlayer::ProcessVideoData size:265723 dts:296.463 pts:296.671 dur:41.000ms, clock:293.909 level:0
2024-11-28 16:00:32.954 T:6455 debug : CAMLCodec::AddData: dl:14541317 fl:1181179 sz:291234(291328) lv:92.5% dts:296.421 pts:296.797
2024-11-28 16:00:32.954 T:6455 debug : CVideoPlayerVideo::CalcDropRequirement - hurry: 1
2024-11-28 16:00:32.957 T:6455 debug : CAMLCodec::AddData: dl:14807015 fl:915481 sz:265719(265792) lv:94.1% dts:296.463 pts:296.671
2024-11-28 16:00:32.957 T:6452 debug : CVideoPlayer::ProcessVideoData size:241714 dts:296.505 pts:296.588 dur:41.000ms, clock:293.891 level:0
2024-11-28 16:00:32.957 T:6455 debug : CVideoPlayerVideo::CalcDropRequirement - hurry: 1
2024-11-28 16:00:32.959 T:6452 debug : CVideoPlayer::ProcessVideoData size:194560 dts:296.546 pts:296.546 dur:41.000ms, clock:293.883 level:0
2024-11-28 16:00:32.960 T:6455 debug : CAMLCodec::AddData: dl:15048734 fl:673762 sz:241710(241792) lv:95.7% dts:296.505 pts:296.588
2024-11-28 16:00:32.961 T:6455 debug : CVideoPlayerVideo::CalcDropRequirement - hurry: 1
2024-11-28 16:00:32.963 T:6455 debug : CAMLCodec::AddData: dl:15243276 fl:479220 sz:194556(194624) lv:96.9% dts:296.546 pts:296.546
2024-11-28 16:00:32.964 T:6452 debug : CVideoPlayer::ProcessVideoData size:187536 dts:296.588 pts:296.630 dur:41.000ms, clock:293.862 level:0
2024-11-28 16:00:32.965 T:6455 debug : CVideoPlayerVideo::CalcDropRequirement - hurry: 1
2024-11-28 16:00:32.967 T:6455 debug : CAMLCodec::AddData: dl:15430856 fl:291640 sz:187532(187648) lv:98.1% dts:296.588 pts:296.630
2024-11-28 16:00:32.969 T:6452 debug : CVideoPlayer::ProcessVideoData size:239282 dts:296.630 pts:296.755 dur:41.000ms, clock:293.843 level:0
2024-11-28 16:00:32.969 T:6455 debug : CVideoPlayerVideo::CalcDropRequirement - hurry: 1
2024-11-28 16:00:32.970 T:4489 debug : CAMLCodec::PollFrame elapsed:31.920ms
2024-11-28 16:00:32.972 T:6452 debug : CVideoPlayer::ProcessVideoData size:187501 dts:296.671 pts:296.713 dur:41.000ms, clock:293.833 level:0
2024-11-28 16:00:32.972 T:6455 debug : CAMLCodec::AddData: dl:15670100 fl:52396 sz:239278(239360) lv:99.6% dts:296.630 pts:296.755
2024-11-28 16:00:32.972 T:6455 debug : CVideoPlayerVideo::CalcDropRequirement - hurry: 1
2024-11-28 16:00:32.973 T:6455 debug : CAMLCodec::AddData: skip add data dl:15670018 fl:52478 sz:187497(187584) lv:100.8% dts:296.671 pts:296.713
2024-11-28 16:00:32.974 T:6455 debug : CVideoPlayerVideo::CalcDropRequirement - hurry: 1
2024-11-28 16:00:32.974 T:6455 debug : CAMLCodec::AddData: skip add data dl:15670018 fl:52478 sz:187497(187584) lv:100.8% dts:296.671 pts:296.713
2024-11-28 16:00:32.975 T:4489 debug : PrepareNextRender: frameOnScreen: 293.822 renderPts: 294.024 nextFramePts: 293.989 -> diff: 0.036 render: 1 forceNext: 0
2024-11-28 16:00:32.976 T:6455 debug : CVideoPlayerVideo::CalcDropRequirement - hurry: 0
2024-11-28 16:00:32.976 T:6455 debug : CAMLCodec::AddData: skip add data dl:15670018 fl:52478 sz:187497(187584) lv:100.8% dts:296.671 pts:296.713
2024-11-28 16:00:32.977 T:6455 debug : CVideoPlayerVideo::CalcDropRequirement - hurry: 0
2024-11-28 16:00:32.977 T:6455 debug : CAMLCodec::AddData: skip add data dl:15670018 fl:52478 sz:187497(187584) lv:100.8% dts:296.671 pts:296.713
2024-11-28 16:00:32.979 T:6455 debug : CVideoPlayerVideo::CalcDropRequirement - hurry: 0
2024-11-28 16:00:32.979 T:6455 debug : CAMLCodec::AddData: skip add data dl:15670018 fl:52478 sz:187497(187584) lv:100.8% dts:296.671 pts:296.713
2024-11-28 16:00:32.980 T:6452 debug : CVideoPlayer::ProcessVideoData size:359052 dts:296.713 pts:296.838 dur:41.000ms, clock:293.801 level:0
2024-11-28 16:00:32.980 T:6452 debug : CVideoPlayer::Process - ffd/rwd: lastpts:293.918 clock:293.801 lastseekpts:294.289 speed:-4000 error:0.118
2024-11-28 16:00:32.981 T:6455 debug : CVideoPlayerVideo::CalcDropRequirement - hurry: 0
2024-11-28 16:00:32.981 T:6455 debug : CAMLCodec::AddData: skip add data dl:15670018 fl:52478 sz:187497(187584) lv:100.8% dts:296.671 pts:296.713
2024-11-28 16:00:32.982 T:4489 debug : CAMLCodec::ReleaseFrame idx:8743, drop:0
2024-11-28 16:00:32.983 T:6455 debug : CVideoPlayerVideo::CalcDropRequirement - hurry: 0
2024-11-28 16:00:32.983 T:6455 debug : CAMLCodec::AddData: skip add data dl:15670018 fl:52478 sz:187497(187584) lv:100.8% dts:296.671 pts:296.713
2024-11-28 16:00:32.985 T:6455 debug : CVideoPlayerVideo::CalcDropRequirement - hurry: 0
2024-11-28 16:00:32.985 T:6455 debug : CAMLCodec::AddData: skip add data dl:15670018 fl:52478 sz:187497(187584) lv:100.8% dts:296.671 pts:296.713
2024-11-28 16:00:32.986 T:6455 debug : CVideoPlayerVideo::CalcDropRequirement - hurry: 0
2024-11-28 16:00:32.986 T:6455 debug : CAMLCodec::AddData: skip add data dl:15670018 fl:52478 sz:187497(187584) lv:100.8% dts:296.671 pts:296.713
2024-11-28 16:00:32.987 T:6452 debug : CVideoPlayer::ProcessVideoData size:281299 dts:296.755 pts:296.963 dur:41.000ms, clock:293.770 level:1
2024-11-28 16:00:32.989 T:6455 debug : CVideoPlayerVideo::CalcDropRequirement - hurry: 0
2024-11-28 16:00:32.989 T:6455 debug : CAMLCodec::AddData: skip add data dl:15670018 fl:52478 sz:187497(187584) lv:100.8% dts:296.671 pts:296.713
2024-11-28 16:00:32.989 T:6452 debug : CVideoPlayer::ProcessVideoData size:230907 dts:296.797 pts:296.922 dur:41.000ms, clock:293.762 level:2
2024-11-28 16:00:32.991 T:6455 debug : CVideoPlayerVideo::CalcDropRequirement - hurry: 0
2024-11-28 16:00:32.991 T:6455 debug : CAMLCodec::AddData: skip add data dl:15670018 fl:52478 sz:187497(187584) lv:100.8% dts:296.671 pts:296.713
2024-11-28 16:00:32.993 T:6455 debug : CVideoPlayerVideo::CalcDropRequirement - hurry: 0
2024-11-28 16:00:32.993 T:6455 debug : CAMLCodec::AddData: skip add data dl:15670018 fl:52478 sz:187497(187584) lv:100.8% dts:296.671 pts:296.713
2024-11-28 16:00:32.994 T:6452 debug : CVideoPlayer::ProcessVideoData size:191989 dts:296.838 pts:296.880 dur:41.000ms, clock:293.745 level:2
2024-11-28 16:00:32.995 T:6455 debug : CVideoPlayerVideo::CalcDropRequirement - hurry: 0
2024-11-28 16:00:32.996 T:6455 debug : CAMLCodec::AddData: skip add data dl:15670018 fl:52478 sz:187497(187584) lv:100.8% dts:296.671 pts:296.713
2024-11-28 16:00:32.997 T:6455 debug : CVideoPlayerVideo::CalcDropRequirement - hurry: 0
2024-11-28 16:00:32.997 T:6455 debug : CAMLCodec::AddData: skip add data dl:15670018 fl:52478 sz:187497(187584) lv:100.8% dts:296.671 pts:296.713
2024-11-28 16:00:32.998 T:6455 debug : CVideoPlayerVideo::CalcDropRequirement - hurry: 0
2024-11-28 16:00:32.999 T:6455 debug : CAMLCodec::AddData: skip add data dl:15670018 fl:52478 sz:187497(187584) lv:100.8% dts:296.671 pts:296.713
2024-11-28 16:00:33.000 T:6455 debug : CVideoPlayerVideo::CalcDropRequirement - hurry: 0
2024-11-28 16:00:33.000 T:6455 debug : CAMLCodec::AddData: skip add data dl:15670018 fl:52478 sz:187497(187584) lv:100.8% dts:296.671 pts:296.713
2024-11-28 16:00:33.002 T:6455 debug : CVideoPlayerVideo::CalcDropRequirement - hurry: 0
2024-11-28 16:00:33.002 T:6455 debug : CAMLCodec::AddData: skip add data dl:15670018 fl:52478 sz:187497(187584) lv:100.8% dts:296.671 pts:296.713
2024-11-28 16:00:33.003 T:6455 debug : CVideoPlayerVideo::CalcDropRequirement - hurry: 0
2024-11-28 16:00:33.003 T:6455 debug : CAMLCodec::AddData: skip add data dl:15670018 fl:52478 sz:187497(187584) lv:100.8% dts:296.671 pts:296.713
2024-11-28 16:00:33.004 T:6452 debug : CVideoPlayer::ProcessVideoData size:486326 dts:296.880 pts:297.005 dur:41.000ms, clock:293.704 level:3
2024-11-28 16:00:33.005 T:6455 debug : CVideoPlayerVideo::CalcDropRequirement - hurry: 0
2024-11-28 16:00:33.006 T:6455 debug : CAMLCodec::AddData: skip add data dl:15670018 fl:52478 sz:187497(187584) lv:100.8% dts:296.671 pts:296.713
2024-11-28 16:00:33.007 T:6455 debug : CVideoPlayerVideo::CalcDropRequirement - hurry: 0
2024-11-28 16:00:33.007 T:6455 debug : CAMLCodec::AddData: skip add data dl:15670018 fl:52478 sz:187497(187584) lv:100.8% dts:296.671 pts:296.713
2024-11-28 16:00:33.008 T:6455 debug : CVideoPlayerVideo::CalcDropRequirement - hurry: 0
2024-11-28 16:00:33.009 T:6455 debug : CAMLCodec::AddData: skip add data dl:15670018 fl:52478 sz:187497(187584) lv:100.8% dts:296.671 pts:296.713
2024-11-28 16:00:33.010 T:6455 debug : CVideoPlayerVideo::CalcDropRequirement - hurry: 0
2024-11-28 16:00:33.010 T:6455 debug : CAMLCodec::AddData: skip add data dl:15670018 fl:52478 sz:187497(187584) lv:100.8% dts:296.671 pts:296.713
2024-11-28 16:00:33.011 T:6455 debug : CVideoPlayerVideo::CalcDropRequirement - hurry: 0
2024-11-28 16:00:33.011 T:4489 debug : CAMLCodec::PollFrame elapsed:28.619ms
2024-11-28 16:00:33.012 T:6455 debug : CAMLCodec::AddData: skip add data dl:15670018 fl:52478 sz:187497(187584) lv:100.8% dts:296.671 pts:296.713
2024-11-28 16:00:33.013 T:6455 debug : CVideoPlayerVideo::CalcDropRequirement - hurry: 0
2024-11-28 16:00:33.013 T:6455 debug : CAMLCodec::AddData: skip add data dl:15670018 fl:52478 sz:187497(187584) lv:100.8% dts:296.671 pts:296.713
2024-11-28 16:00:33.015 T:6455 debug : CVideoPlayerVideo::CalcDropRequirement - hurry: 0
2024-11-28 16:00:33.015 T:6455 debug : CAMLCodec::AddData: skip add data dl:15670018 fl:52478 sz:187497(187584) lv:100.8% dts:296.671 pts:296.713
2024-11-28 16:00:33.016 T:6455 debug : CVideoPlayerVideo::CalcDropRequirement - hurry: 0
2024-11-28 16:00:33.017 T:6455 debug : CAMLCodec::AddData: skip add data dl:15670018 fl:52478 sz:187497(187584) lv:100.8% dts:296.671 pts:296.713
2024-11-28 16:00:33.017 T:6452 debug : CVideoPlayer::ProcessVideoData size:443392 dts:296.922 pts:297.339 dur:41.000ms, clock:293.651 level:3
2024-11-28 16:00:33.018 T:6455 debug : CVideoPlayerVideo::CalcDropRequirement - hurry: 0
2024-11-28 16:00:33.019 T:6455 debug : CAMLCodec::AddData: skip add data dl:15670018 fl:52478 sz:187497(187584) lv:100.8% dts:296.671 pts:296.713
2024-11-28 16:00:33.020 T:6455 debug : CVideoPlayerVideo::CalcDropRequirement - hurry: 0
2024-11-28 16:00:33.020 T:6455 debug : CAMLCodec::AddData: skip add data dl:15670018 fl:52478 sz:187497(187584) lv:100.8% dts:296.671 pts:296.713
2024-11-28 16:00:33.020 T:6452 debug : CVideoPlayer::ProcessVideoData size:373295 dts:296.963 pts:297.172 dur:41.000ms, clock:293.638 level:3
2024-11-28 16:00:33.022 T:6455 debug : CVideoPlayerVideo::CalcDropRequirement - hurry: 0
2024-11-28 16:00:33.022 T:6455 debug : CAMLCodec::AddData: skip add data dl:15670018 fl:52478 sz:187497(187584) lv:100.8% dts:296.671 pts:296.713
2024-11-28 16:00:33.023 T:6455 debug : CVideoPlayerVideo::CalcDropRequirement - hurry: 0
2024-11-28 16:00:33.023 T:6455 debug : CAMLCodec::AddData: skip add data dl:15670018 fl:52478 sz:187497(187584) lv:100.8% dts:296.671 pts:296.713
2024-11-28 16:00:33.025 T:6455 debug : CVideoPlayerVideo::CalcDropRequirement - hurry: 0
2024-11-28 16:00:33.025 T:6455 debug : CAMLCodec::AddData: skip add data dl:15670018 fl:52478 sz:187497(187584) lv:100.8% dts:296.671 pts:296.713
2024-11-28 16:00:33.026 T:6455 debug : CVideoPlayerVideo::CalcDropRequirement - hurry: 0
2024-11-28 16:00:33.027 T:6455 debug : CAMLCodec::AddData: skip add data dl:15670018 fl:52478 sz:187497(187584) lv:100.8% dts:296.671 pts:296.713
2024-11-28 16:00:33.028 T:6455 debug : CVideoPlayerVideo::CalcDropRequirement - hurry: 0
2024-11-28 16:00:33.028 T:6452 debug : CVideoPlayer::ProcessVideoData size:364408 dts:297.005 pts:297.088 dur:41.000ms, clock:293.607 level:4
2024-11-28 16:00:33.028 T:6452 debug : CVideoPlayer::Process - ffd/rwd: lastpts:293.918 clock:293.607 lastseekpts:294.289 speed:-4000 error:0.311
2024-11-28 16:00:33.028 T:6455 debug : CAMLCodec::AddData: skip add data dl:15670018 fl:52478 sz:187497(187584) lv:100.8% dts:296.671 pts:296.713
2024-11-28 16:00:33.030 T:6455 debug : CVideoPlayerVideo::CalcDropRequirement - hurry: 0
2024-11-28 16:00:33.030 T:6455 debug : CAMLCodec::AddData: skip add data dl:15670018 fl:52478 sz:187497(187584) lv:100.8% dts:296.671 pts:296.713
2024-11-28 16:00:33.031 T:6455 debug : CVideoPlayerVideo::CalcDropRequirement - hurry: 0
2024-11-28 16:00:33.032 T:6455 debug : CAMLCodec::AddData: skip add data dl:15670018 fl:52478 sz:187497(187584) lv:100.8% dts:296.671 pts:296.713
2024-11-28 16:00:33.033 T:6455 debug : CVideoPlayerVideo::CalcDropRequirement - hurry: 0
2024-11-28 16:00:33.033 T:6452 debug : CVideoPlayer::ProcessVideoData size:295711 dts:297.047 pts:297.047 dur:41.000ms, clock:293.588 level:4
2024-11-28 16:00:33.033 T:6455 debug : CAMLCodec::AddData: skip add data dl:15670018 fl:52478 sz:187497(187584) lv:100.8% dts:296.671 pts:296.713
2024-11-28 16:00:33.034 T:6455 debug : CVideoPlayerVideo::CalcDropRequirement - hurry: 0
2024-11-28 16:00:33.035 T:6455 debug : CAMLCodec::AddData: skip add data dl:15670018 fl:52478 sz:187497(187584) lv:100.8% dts:296.671 pts:296.713
2024-11-28 16:00:33.036 T:6455 debug : CVideoPlayerVideo::CalcDropRequirement - hurry: 0
2024-11-28 16:00:33.036 T:6455 debug : CAMLCodec::AddData: skip add data dl:15670018 fl:52478 sz:187497(187584) lv:100.8% dts:296.671 pts:296.713
2024-11-28 16:00:33.037 T:6455 debug : CVideoPlayerVideo::CalcDropRequirement - hurry: 0
2024-11-28 16:00:33.038 T:6455 debug : CAMLCodec::AddData: skip add data dl:15670018 fl:52478 sz:187497(187584) lv:100.8% dts:296.671 pts:296.713
2024-11-28 16:00:33.039 T:6455 debug : CVideoPlayerVideo::CalcDropRequirement - hurry: 0
2024-11-28 16:00:33.039 T:6455 debug : CAMLCodec::AddData: skip add data dl:15670018 fl:52478 sz:187497(187584) lv:100.8% dts:296.671 pts:296.713
2024-11-28 16:00:33.040 T:6452 debug : CVideoPlayer::ProcessVideoData size:290692 dts:297.088 pts:297.130 dur:41.000ms, clock:293.560 level:5
2024-11-28 16:00:33.041 T:6455 debug : CVideoPlayerVideo::CalcDropRequirement - hurry: 0
2024-11-28 16:00:33.042 T:6455 debug : CAMLCodec::AddData: skip add data dl:15670018 fl:52478 sz:187497(187584) lv:100.8% dts:296.671 pts:296.713
2024-11-28 16:00:33.043 T:6455 debug : CVideoPlayerVideo::CalcDropRequirement - hurry: 0
2024-11-28 16:00:33.043 T:6455 debug : CAMLCodec::AddData: skip add data dl:15670018 fl:52478 sz:187497(187584) lv:100.8% dts:296.671 pts:296.713
2024-11-28 16:00:33.044 T:6455 debug : CVideoPlayerVideo::CalcDropRequirement - hurry: 0
2024-11-28 16:00:33.045 T:6455 debug : CAMLCodec::AddData: skip add data dl:15670018 fl:52478 sz:187497(187584) lv:100.8% dts:296.671 pts:296.713
2024-11-28 16:00:33.045 T:6452 debug : CVideoPlayer::ProcessVideoData size:345303 dts:297.130 pts:297.255 dur:41.000ms, clock:293.541 level:5
2024-11-28 16:00:33.046 T:6455 debug : CVideoPlayerVideo::CalcDropRequirement - hurry: 0
2024-11-28 16:00:33.046 T:6455 debug : CAMLCodec::AddData: skip add data dl:15670018 fl:52478 sz:187497(187584) lv:100.8% dts:296.671 pts:296.713
2024-11-28 16:00:33.048 T:6455 debug : CVideoPlayerVideo::CalcDropRequirement - hurry: 0
2024-11-28 16:00:33.048 T:6455 debug : CAMLCodec::AddData: skip add data dl:15670018 fl:52478 sz:187497(187584) lv:100.8% dts:296.671 pts:296.713
2024-11-28 16:00:33.049 T:6455 debug : CVideoPlayerVideo::CalcDropRequirement - hurry: 0
2024-11-28 16:00:33.049 T:6455 debug : CAMLCodec::AddData: skip add data dl:15670018 fl:52478 sz:187497(187584) lv:100.8% dts:296.671 pts:296.713
2024-11-28 16:00:33.051 T:6455 debug : CVideoPlayerVideo::CalcDropRequirement - hurry: 0
2024-11-28 16:00:33.051 T:6455 debug : CAMLCodec::AddData: skip add data dl:15670018 fl:52478 sz:187497(187584) lv:100.8% dts:296.671 pts:296.713
2024-11-28 16:00:33.052 T:6452 debug : CVideoPlayer::ProcessVideoData size:293526 dts:297.172 pts:297.214 dur:41.000ms, clock:293.514 level:6
2024-11-28 16:00:33.053 T:4489 debug : CAMLCodec::PollFrame elapsed:28.292ms
2024-11-28 16:00:33.053 T:6455 debug : CVideoPlayerVideo::CalcDropRequirement - hurry: 0
2024-11-28 16:00:33.053 T:6455 debug : CAMLCodec::AddData: skip add data dl:15670018 fl:52478 sz:187497(187584) lv:100.8% dts:296.671 pts:296.713
2024-11-28 16:00:33.055 T:6455 debug : CVideoPlayerVideo::CalcDropRequirement - hurry: 0
2024-11-28 16:00:33.055 T:6455 debug : CAMLCodec::AddData: skip add data dl:15670018 fl:52478 sz:187497(187584) lv:100.8% dts:296.671 pts:296.713
2024-11-28 16:00:33.056 T:6455 debug : CVideoPlayerVideo::CalcDropRequirement - hurry: 0
2024-11-28 16:00:33.056 T:6452 debug : CVideoPlayer::ProcessVideoData size:309323 dts:297.214 pts:297.297 dur:41.000ms, clock:293.495 level:6
2024-11-28 16:00:33.057 T:6455 debug : CAMLCodec::AddData: skip add data dl:15670018 fl:52478 sz:187497(187584) lv:100.8% dts:296.671 pts:296.713
2024-11-28 16:00:33.058 T:6455 debug : CVideoPlayerVideo::CalcDropRequirement - hurry: 0
2024-11-28 16:00:33.058 T:6455 debug : CAMLCodec::AddData: skip add data dl:15670018 fl:52478 sz:187497(187584) lv:100.8% dts:296.671 pts:296.713
2024-11-28 16:00:33.060 T:6455 debug : CVideoPlayerVideo::CalcDropRequirement - hurry: 0
2024-11-28 16:00:33.060 T:6455 debug : CAMLCodec::AddData: skip add data dl:15670018 fl:52478 sz:187497(187584) lv:100.8% dts:296.671 pts:296.713
2024-11-28 16:00:33.061 T:6455 debug : CVideoPlayerVideo::CalcDropRequirement - hurry: 0
2024-11-28 16:00:33.062 T:6455 debug : CAMLCodec::AddData: skip add data dl:15670018 fl:52478 sz:187497(187584) lv:100.8% dts:296.671 pts:296.713
2024-11-28 16:00:33.063 T:6455 debug : CVideoPlayerVideo::CalcDropRequirement - hurry: 0
2024-11-28 16:00:33.063 T:6455 debug : CAMLCodec::AddData: skip add data dl:15670018 fl:52478 sz:187497(187584) lv:100.8% dts:296.671 pts:296.713
2024-11-28 16:00:33.065 T:6455 debug : CVideoPlayerVideo::CalcDropRequirement - hurry: 0
2024-11-28 16:00:33.065 T:6455 debug : CAMLCodec::AddData: skip add data dl:15670018 fl:52478 sz:187497(187584) lv:100.8% dts:296.671 pts:296.713
2024-11-28 16:00:33.066 T:6455 debug : CVideoPlayerVideo::CalcDropRequirement - hurry: 0
2024-11-28 16:00:33.067 T:6455 debug : CAMLCodec::AddData: skip add data dl:15670018 fl:52478 sz:187497(187584) lv:100.8% dts:296.671 pts:296.713
2024-11-28 16:00:33.068 T:6455 debug : CVideoPlayerVideo::CalcDropRequirement - hurry: 0
2024-11-28 16:00:33.068 T:6455 debug : CAMLCodec::AddData: skip add data dl:15670018 fl:52478 sz:187497(187584) lv:100.8% dts:296.671 pts:296.713
2024-11-28 16:00:33.069 T:6455 debug : CVideoPlayerVideo::CalcDropRequirement - hurry: 0
2024-11-28 16:00:33.070 T:6455 debug : CAMLCodec::AddData: skip add data dl:15670018 fl:52478 sz:187497(187584) lv:100.8% dts:296.671 pts:296.713
2024-11-28 16:00:33.071 T:6455 debug : CVideoPlayerVideo::CalcDropRequirement - hurry: 0
2024-11-28 16:00:33.071 T:6455 debug : CAMLCodec::AddData: skip add data dl:15670018 fl:52478 sz:187497(187584) lv:100.8% dts:296.671 pts:296.713
2024-11-28 16:00:33.073 T:6455 debug : CVideoPlayerVideo::CalcDropRequirement - hurry: 0
2024-11-28 16:00:33.073 T:6455 debug : CAMLCodec::AddData: skip add data dl:15670018 fl:52478 sz:187497(187584) lv:100.8% dts:296.671 pts:296.713
2024-11-28 16:00:33.074 T:6455 debug : CVideoPlayerVideo::CalcDropRequirement - hurry: 0
2024-11-28 16:00:33.075 T:6455 debug : CAMLCodec::AddData: skip add data dl:15670018 fl:52478 sz:187497(187584) lv:100.8% dts:296.671 pts:296.713
2024-11-28 16:00:33.076 T:6455 debug : CVideoPlayerVideo::CalcDropRequirement - hurry: 0
2024-11-28 16:00:33.076 T:6455 debug : CAMLCodec::AddData: skip add data dl:15670018 fl:52478 sz:187497(187584) lv:100.8% dts:296.671 pts:296.713
2024-11-28 16:00:33.077 T:6452 debug : CVideoPlayer::ProcessVideoData size:471171 dts:297.255 pts:297.672 dur:41.000ms, clock:293.412 level:7
2024-11-28 16:00:33.079 T:6455 debug : CVideoPlayerVideo::CalcDropRequirement - hurry: 0
2024-11-28 16:00:33.079 T:6455 debug : CAMLCodec::AddData: skip add data dl:15670018 fl:52478 sz:187497(187584) lv:100.8% dts:296.671 pts:296.713
2024-11-28 16:00:33.080 T:6455 debug : CVideoPlayerVideo::CalcDropRequirement - hurry: 0
2024-11-28 16:00:33.080 T:6455 debug : CAMLCodec::AddData: skip add data dl:15670018 fl:52478 sz:187497(187584) lv:100.8% dts:296.671 pts:296.713
2024-11-28 16:00:33.082 T:6455 debug : CVideoPlayerVideo::CalcDropRequirement - hurry: 0
2024-11-28 16:00:33.082 T:6452 debug : CVideoPlayer::ProcessVideoData size:376203 dts:297.297 pts:297.506 dur:41.000ms, clock:293.392 level:7
2024-11-28 16:00:33.082 T:6455 debug : CAMLCodec::AddData: skip add data dl:15670018 fl:52478 sz:187497(187584) lv:100.8% dts:296.671 pts:296.713
2024-11-28 16:00:33.084 T:6455 debug : CVideoPlayerVideo::CalcDropRequirement - hurry: 0
2024-11-28 16:00:33.084 T:6455 debug : CAMLCodec::AddData: skip add data dl:15670018 fl:52478 sz:187497(187584) lv:100.8% dts:296.671 pts:296.713
2024-11-28 16:00:33.085 T:6455 debug : CVideoPlayerVideo::CalcDropRequirement - hurry: 0
2024-11-28 16:00:33.085 T:6455 debug : CAMLCodec::AddData: skip add data dl:15670018 fl:52478 sz:187497(187584) lv:100.8% dts:296.671 pts:296.713
2024-11-28 16:00:33.087 T:6455 debug : CVideoPlayerVideo::CalcDropRequirement - hurry: 0
2024-11-28 16:00:33.087 T:6455 debug : CAMLCodec::AddData: skip add data dl:15670018 fl:52478 sz:187497(187584) lv:100.8% dts:296.671 pts:296.713
2024-11-28 16:00:33.088 T:6455 debug : CVideoPlayerVideo::CalcDropRequirement - hurry: 0
2024-11-28 16:00:33.088 T:6455 debug : CAMLCodec::AddData: skip add data dl:15670018 fl:52478 sz:187497(187584) lv:100.8% dts:296.671 pts:296.713
2024-11-28 16:00:33.089 T:6452 debug : CVideoPlayer::ProcessVideoData size:348556 dts:297.339 pts:297.422 dur:41.000ms, clock:293.363 level:8
2024-11-28 16:00:33.091 T:6455 debug : CVideoPlayerVideo::CalcDropRequirement - hurry: 0
2024-11-28 16:00:33.091 T:6455 debug : CAMLCodec::AddData: skip add data dl:15670018 fl:52478 sz:187497(187584) lv:100.8% dts:296.671 pts:296.713
2024-11-28 16:00:33.092 T:6455 debug : CVideoPlayerVideo::CalcDropRequirement - hurry: 0
2024-11-28 16:00:33.092 T:6455 debug : CAMLCodec::AddData: skip add data dl:15670018 fl:52478 sz:187497(187584) lv:100.8% dts:296.671 pts:296.713
2024-11-28 16:00:33.094 T:6455 debug : CVideoPlayerVideo::CalcDropRequirement - hurry: 0
2024-11-28 16:00:33.094 T:6455 debug : CAMLCodec::AddData: skip add data dl:15670018 fl:52478 sz:187497(187584) lv:100.8% dts:296.671 pts:296.713
2024-11-28 16:00:33.094 T:6452 debug : CVideoPlayer::ProcessVideoData size:299089 dts:297.380 pts:297.380 dur:41.000ms, clock:293.343 level:9
2024-11-28 16:00:33.095 T:4489 debug : CAMLCodec::PollFrame elapsed:30.211ms
2024-11-28 16:00:33.095 T:6455 debug : CVideoPlayerVideo::CalcDropRequirement - hurry: 0
2024-11-28 16:00:33.096 T:6455 debug : CAMLCodec::AddData: skip add data dl:15670018 fl:52478 sz:187497(187584) lv:100.8% dts:296.671 pts:296.713
2024-11-28 16:00:33.097 T:6455 debug : CVideoPlayerVideo::CalcDropRequirement - hurry: 0
2024-11-28 16:00:33.097 T:6455 debug : CAMLCodec::AddData: skip add data dl:15670018 fl:52478 sz:187497(187584) lv:100.8% dts:296.671 pts:296.713
2024-11-28 16:00:33.099 T:6455 debug : CVideoPlayerVideo::CalcDropRequirement - hurry: 0
2024-11-28 16:00:33.099 T:6455 debug : CAMLCodec::AddData: skip add data dl:15670018 fl:52478 sz:187497(187584) lv:100.8% dts:296.671 pts:296.713
2024-11-28 16:00:33.100 T:6455 debug : CVideoPlayerVideo::CalcDropRequirement - hurry: 0
2024-11-28 16:00:33.101 T:6455 debug : CAMLCodec::AddData: skip add data dl:15670018 fl:52478 sz:187497(187584) lv:100.8% dts:296.671 pts:296.713
2024-11-28 16:00:33.102 T:6455 debug : CVideoPlayerVideo::CalcDropRequirement - hurry: 0
2024-11-28 16:00:33.102 T:6452 debug : CVideoPlayer::ProcessVideoData size:305917 dts:297.422 pts:297.464 dur:41.000ms, clock:293.313 level:9
2024-11-28 16:00:33.103 T:6455 debug : CAMLCodec::AddData: skip add data dl:15670018 fl:52478 sz:187497(187584) lv:100.8% dts:296.671 pts:296.713
2024-11-28 16:00:33.104 T:6455 debug : CVideoPlayerVideo::CalcDropRequirement - hurry: 0
2024-11-28 16:00:33.104 T:6455 debug : CAMLCodec::AddData: skip add data dl:15670018 fl:52478 sz:187497(187584) lv:100.8% dts:296.671 pts:296.713
2024-11-28 16:00:33.105 T:6455 debug : CVideoPlayerVideo::CalcDropRequirement - hurry: 0
2024-11-28 16:00:33.106 T:6455 debug : CAMLCodec::AddData: skip add data dl:15670018 fl:52478 sz:187497(187584) lv:100.8% dts:296.671 pts:296.713
2024-11-28 16:00:33.107 T:6452 debug : CVideoPlayer::ProcessVideoData size:358254 dts:297.464 pts:297.589 dur:41.000ms, clock:293.294 level:10
2024-11-28 16:00:33.108 T:6455 debug : CVideoPlayerVideo::CalcDropRequirement - hurry: 0
2024-11-28 16:00:33.108 T:6455 debug : CAMLCodec::AddData: skip add data dl:15670018 fl:52478 sz:187497(187584) lv:100.8% dts:296.671 pts:296.713
2024-11-28 16:00:33.109 T:6455 debug : CVideoPlayerVideo::CalcDropRequirement - hurry: 0
2024-11-28 16:00:33.110 T:6455 debug : CAMLCodec::AddData: skip add data dl:15670018 fl:52478 sz:187497(187584) lv:100.8% dts:296.671 pts:296.713
2024-11-28 16:00:33.111 T:6455 debug : CVideoPlayerVideo::CalcDropRequirement - hurry: 0
2024-11-28 16:00:33.111 T:6455 debug : CAMLCodec::AddData: skip add data dl:15670018 fl:52478 sz:187497(187584) lv:100.8% dts:296.671 pts:296.713
2024-11-28 16:00:33.112 T:6455 debug : CVideoPlayerVideo::CalcDropRequirement - hurry: 0
2024-11-28 16:00:33.113 T:6455 debug : CAMLCodec::AddData: skip add data dl:15670018 fl:52478 sz:187497(187584) lv:100.8% dts:296.671 pts:296.713
2024-11-28 16:00:33.114 T:6452 debug : CVideoPlayer::ProcessVideoData size:301374 dts:297.506 pts:297.547 dur:41.000ms, clock:293.266 level:10
2024-11-28 16:00:33.115 T:6455 debug : CVideoPlayerVideo::CalcDropRequirement - hurry: 0
2024-11-28 16:00:33.115 T:6455 debug : CAMLCodec::AddData: skip add data dl:15670018 fl:52478 sz:187497(187584) lv:100.8% dts:296.671 pts:296.713
2024-11-28 16:00:33.116 T:6455 debug : CVideoPlayerVideo::CalcDropRequirement - hurry: 0
2024-11-28 16:00:33.117 T:6455 debug : CAMLCodec::AddData: skip add data dl:15670018 fl:52478 sz:187497(187584) lv:100.8% dts:296.671 pts:296.713
2024-11-28 16:00:33.118 T:6455 debug : CVideoPlayerVideo::CalcDropRequirement - hurry: 0
2024-11-28 16:00:33.118 T:6455 debug : CAMLCodec::AddData: skip add data dl:15670018 fl:52478 sz:187497(187584) lv:100.8% dts:296.671 pts:296.713
2024-11-28 16:00:33.118 T:6452 debug : CVideoPlayer::ProcessVideoData size:309497 dts:297.547 pts:297.631 dur:41.000ms, clock:293.247 level:10
2024-11-28 16:00:33.120 T:6455 debug : CVideoPlayerVideo::CalcDropRequirement - hurry: 0
2024-11-28 16:00:33.120 T:6455 debug : CAMLCodec::AddData: skip add data dl:15670018 fl:52478 sz:187497(187584) lv:100.8% dts:296.671 pts:296.713
2024-11-28 16:00:33.121 T:6455 debug : CVideoPlayerVideo::CalcDropRequirement - hurry: 0
2024-11-28 16:00:33.122 T:6455 debug : CAMLCodec::AddData: skip add data dl:15670018 fl:52478 sz:187497(187584) lv:100.8% dts:296.671 pts:296.713
2024-11-28 16:00:33.123 T:6455 debug : CVideoPlayerVideo::CalcDropRequirement - hurry: 0
2024-11-28 16:00:33.123 T:6455 debug : CAMLCodec::AddData: skip add data dl:15670018 fl:52478 sz:187497(187584) lv:100.8% dts:296.671 pts:296.713
2024-11-28 16:00:33.124 T:6455 debug : CVideoPlayerVideo::CalcDropRequirement - hurry: 0
2024-11-28 16:00:33.125 T:6455 debug : CAMLCodec::AddData: skip add data dl:15670018 fl:52478 sz:187497(187584) lv:100.8% dts:296.671 pts:296.713
2024-11-28 16:00:33.126 T:6455 debug : CVideoPlayerVideo::CalcDropRequirement - hurry: 0
2024-11-28 16:00:33.126 T:6455 debug : CAMLCodec::AddData: skip add data dl:15670018 fl:52478 sz:187497(187584) lv:100.8% dts:296.671 pts:296.713
2024-11-28 16:00:33.127 T:6455 debug : CVideoPlayerVideo::CalcDropRequirement - hurry: 0
2024-11-28 16:00:33.128 T:6455 debug : CAMLCodec::AddData: skip add data dl:15670018 fl:52478 sz:187497(187584) lv:100.8% dts:296.671 pts:296.713
2024-11-28 16:00:33.129 T:6455 debug : CVideoPlayerVideo::CalcDropRequirement - hurry: 0
2024-11-28 16:00:33.129 T:6455 debug : CAMLCodec::AddData: skip add data dl:15670018 fl:52478 sz:187497(187584) lv:100.8% dts:296.671 pts:296.713
2024-11-28 16:00:33.130 T:6455 debug : CVideoPlayerVideo::CalcDropRequirement - hurry: 0
2024-11-28 16:00:33.131 T:6455 debug : CAMLCodec::AddData: skip add data dl:15670018 fl:52478 sz:187497(187584) lv:100.8% dts:296.671 pts:296.713
2024-11-28 16:00:33.132 T:6455 debug : CVideoPlayerVideo::CalcDropRequirement - hurry: 0
2024-11-28 16:00:33.132 T:6455 debug : CAMLCodec::AddData: skip add data dl:15670018 fl:52478 sz:187497(187584) lv:100.8% dts:296.671 pts:296.713
2024-11-28 16:00:33.133 T:6455 debug : CVideoPlayerVideo::CalcDropRequirement - hurry: 0
2024-11-28 16:00:33.134 T:6452 debug : CVideoPlayer::ProcessVideoData size:454206 dts:297.589 pts:297.964 dur:41.000ms, clock:293.184 level:11
2024-11-28 16:00:33.134 T:6455 debug : CAMLCodec::AddData: skip add data dl:15670018 fl:52478 sz:187497(187584) lv:100.8% dts:296.671 pts:296.713
2024-11-28 16:00:33.136 T:6455 debug : CVideoPlayerVideo::CalcDropRequirement - hurry: 0
2024-11-28 16:00:33.136 T:6455 debug : CAMLCodec::AddData: skip add data dl:15670018 fl:52478 sz:187497(187584) lv:100.8% dts:296.671 pts:296.713
2024-11-28 16:00:33.136 T:4489 debug : CAMLCodec::PollFrame elapsed:32.592ms
2024-11-28 16:00:33.138 T:6455 debug : CVideoPlayerVideo::CalcDropRequirement - hurry: 0
2024-11-28 16:00:33.138 T:6455 debug : CAMLCodec::AddData: skip add data dl:15670018 fl:52478 sz:187497(187584) lv:100.8% dts:296.671 pts:296.713
2024-11-28 16:00:33.139 T:6455 debug : CVideoPlayerVideo::CalcDropRequirement - hurry: 0
2024-11-28 16:00:33.140 T:6455 debug : CAMLCodec::AddData: skip add data dl:15670018 fl:52478 sz:187497(187584) lv:100.8% dts:296.671 pts:296.713
2024-11-28 16:00:33.141 T:6452 debug : CVideoPlayer::ProcessVideoData size:378242 dts:297.631 pts:297.839 dur:41.000ms, clock:293.157 level:12
2024-11-28 16:00:33.142 T:6455 debug : CVideoPlayerVideo::CalcDropRequirement - hurry: 0
2024-11-28 16:00:33.142 T:6455 debug : CAMLCodec::AddData: skip add data dl:15670018 fl:52478 sz:187497(187584) lv:100.8% dts:296.671 pts:296.713
2024-11-28 16:00:33.143 T:6455 debug : CVideoPlayerVideo::CalcDropRequirement - hurry: 0
2024-11-28 16:00:33.144 T:6455 debug : CAMLCodec::AddData: skip add data dl:15670018 fl:52478 sz:187497(187584) lv:100.8% dts:296.671 pts:296.713
2024-11-28 16:00:33.145 T:6455 debug : CVideoPlayerVideo::CalcDropRequirement - hurry: 0
2024-11-28 16:00:33.145 T:6455 debug : CAMLCodec::AddData: skip add data dl:15670018 fl:52478 sz:187497(187584) lv:100.8% dts:296.671 pts:296.713
2024-11-28 16:00:33.147 T:6455 debug : CVideoPlayerVideo::CalcDropRequirement - hurry: 0
2024-11-28 16:00:33.147 T:6455 debug : CAMLCodec::AddData: skip add data dl:15670018 fl:52478 sz:187497(187584) lv:100.8% dts:296.671 pts:296.713
2024-11-28 16:00:33.148 T:6455 debug : CVideoPlayerVideo::CalcDropRequirement - hurry: 0
2024-11-28 16:00:33.148 T:6452 debug : CVideoPlayer::ProcessVideoData size:358080 dts:297.672 pts:297.756 dur:41.000ms, clock:293.126 level:12
2024-11-28 16:00:33.148 T:6455 debug : CAMLCodec::AddData: skip add data dl:15670018 fl:52478 sz:187497(187584) lv:100.8% dts:296.671 pts:296.713
2024-11-28 16:00:33.150 T:6455 debug : CVideoPlayerVideo::CalcDropRequirement - hurry: 0
2024-11-28 16:00:33.150 T:6455 debug : CAMLCodec::AddData: skip add data dl:15670018 fl:52478 sz:187497(187584) lv:100.8% dts:296.671 pts:296.713
2024-11-28 16:00:33.151 T:6455 debug : CVideoPlayerVideo::CalcDropRequirement - hurry: 0
2024-11-28 16:00:33.151 T:6455 debug : CAMLCodec::AddData: skip add data dl:15670018 fl:52478 sz:187497(187584) lv:100.8% dts:296.671 pts:296.713
2024-11-28 16:00:33.153 T:6455 debug : CVideoPlayerVideo::CalcDropRequirement - hurry: 0
2024-11-28 16:00:33.153 T:6455 debug : CAMLCodec::AddData: skip add data dl:15670018 fl:52478 sz:187497(187584) lv:100.8% dts:296.671 pts:296.713
2024-11-28 16:00:33.153 T:6452 debug : CVideoPlayer::ProcessVideoData size:297310 dts:297.714 pts:297.714 dur:41.000ms, clock:293.106 level:13
2024-11-28 16:00:33.155 T:6455 debug : CVideoPlayerVideo::CalcDropRequirement - hurry: 0
2024-11-28 16:00:33.155 T:6455 debug : CAMLCodec::AddData: skip add data dl:15670018 fl:52478 sz:187497(187584) lv:100.8% dts:296.671 pts:296.713
2024-11-28 16:00:33.156 T:6455 debug : CVideoPlayerVideo::CalcDropRequirement - hurry: 0
2024-11-28 16:00:33.156 T:6455 debug : CAMLCodec::AddData: skip add data dl:15670018 fl:52478 sz:187497(187584) lv:100.8% dts:296.671 pts:296.713
2024-11-28 16:00:33.158 T:6455 debug : CVideoPlayerVideo::CalcDropRequirement - hurry: 0
2024-11-28 16:00:33.158 T:6455 debug : CAMLCodec::AddData: skip add data dl:15670018 fl:52478 sz:187497(187584) lv:100.8% dts:296.671 pts:296.713
2024-11-28 16:00:33.159 T:6455 debug : CVideoPlayerVideo::CalcDropRequirement - hurry: 0
2024-11-28 16:00:33.159 T:6455 debug : CAMLCodec::AddData: skip add data dl:15670018 fl:52478 sz:187497(187584) lv:100.8% dts:296.671 pts:296.713
2024-11-28 16:00:33.161 T:6455 debug : CVideoPlayerVideo::CalcDropRequirement - hurry: 0
2024-11-28 16:00:33.161 T:6452 debug : CVideoPlayer::ProcessVideoData size:305167 dts:297.756 pts:297.798 dur:41.000ms, clock:293.077 level:13
2024-11-28 16:00:33.161 T:6455 debug : CAMLCodec::AddData: skip add data dl:15670018 fl:52478 sz:187497(187584) lv:100.8% dts:296.671 pts:296.713
2024-11-28 16:00:33.162 T:6455 debug : CVideoPlayerVideo::CalcDropRequirement - hurry: 0
2024-11-28 16:00:33.162 T:6455 debug : CAMLCodec::AddData: skip add data dl:15670018 fl:52478 sz:187497(187584) lv:100.8% dts:296.671 pts:296.713
2024-11-28 16:00:33.164 T:6455 debug : CVideoPlayerVideo::CalcDropRequirement - hurry: 0
2024-11-28 16:00:33.164 T:6455 debug : CAMLCodec::AddData: skip add data dl:15670018 fl:52478 sz:187497(187584) lv:100.8% dts:296.671 pts:296.713
2024-11-28 16:00:33.165 T:6455 debug : CVideoPlayerVideo::CalcDropRequirement - hurry: 0
2024-11-28 16:00:33.165 T:6455 debug : CAMLCodec::AddData: skip add data dl:15670018 fl:52478 sz:187497(187584) lv:100.8% dts:296.671 pts:296.713
2024-11-28 16:00:33.166 T:6452 debug : CVideoPlayer::ProcessVideoData size:359478 dts:297.798 pts:297.923 dur:41.000ms, clock:293.057 level:14
2024-11-28 16:00:33.167 T:6455 debug : CVideoPlayerVideo::CalcDropRequirement - hurry: 0
2024-11-28 16:00:33.167 T:6455 debug : CAMLCodec::AddData: skip add data dl:15670018 fl:52478 sz:187497(187584) lv:100.8% dts:296.671 pts:296.713
2024-11-28 16:00:33.168 T:6455 debug : CVideoPlayerVideo::CalcDropRequirement - hurry: 0
2024-11-28 16:00:33.169 T:6455 debug : CAMLCodec::AddData: skip add data dl:15670018 fl:52478 sz:187497(187584) lv:100.8% dts:296.671 pts:296.713
