2024-11-28 16:00:13.378 T:6455 debug : CAMLCodec::AddData: skip add data dl:15674876 fl:47620 sz:227873(227968) lv:101.1% dts:301.676 pts:301.718
2024-11-28 16:00:13.410 T:4489 info : Skipped 25 duplicate messages..
2024-11-28 16:00:13.410 T:4489 debug : CAMLCodec::PollFrame elapsed:32.825ms
2024-11-28 16:00:13.410 T:6455 debug : CAMLCodec::AddData: skip add data dl:15674876 fl:47620 sz:227873(227968) lv:101.1% dts:301.676 pts:301.718
2024-11-28 16:00:13.412 T:6455 debug : CAMLCodec::DequeueBuffer: pts:299.591 idx:8383
2024-11-28 16:00:13.412 T:6455 debug : CAMLCodec::GetPicture: index: 8383, pts: 299.591, dur:42.000ms ar:1.78 elf:41ms
2024-11-28 16:00:13.412 T:6455 debug : CVideoPlayerVideo::OutputPicture - ttd:399ms pts:299.591 Clock:299.192 Level:5
2024-11-28 16:00:13.413 T:4489 debug : PrepareNextRender: frameOnScreen: 299.193 renderPts: 299.402 nextFramePts: 299.382 -> diff: 0.020 render: 1 forceNext: 0
2024-11-28 16:00:13.416 T:6452 debug : CVideoPlayer::ProcessVideoData size:298090 dts:307.057 pts:307.098 dur:41.000ms, clock:299.196 level:67
2024-11-28 16:00:13.416 T:6455 debug : CAMLCodec::AddData: dl:15434940 fl:287556 sz:227873(227968) lv:98.1% dts:301.676 pts:301.718
2024-11-28 16:00:13.419 T:4489 debug : CAMLCodec::ReleaseFrame idx:8378, drop:0
2024-11-28 16:00:13.420 T:6455 debug : CAMLCodec::AddData: dl:15673309 fl:49187 sz:238356(238464) lv:99.6% dts:301.718 pts:301.802
2024-11-28 16:00:13.421 T:6455 debug : CAMLCodec::AddData: skip add data dl:15673201 fl:49295 sz:393153(393280) lv:102.1% dts:301.760 pts:302.177
2024-11-28 16:00:13.427 T:6452 info : Skipped 3 duplicate messages..
2024-11-28 16:00:13.427 T:6452 debug : CVideoPlayer::ProcessVideoData size:307887 dts:307.098 pts:307.182 dur:41.000ms, clock:299.207 level:67
2024-11-28 16:00:13.429 T:6455 debug : CAMLCodec::AddData: skip add data dl:15673201 fl:49295 sz:393153(393280) lv:102.1% dts:301.760 pts:302.177
2024-11-28 16:00:13.452 T:6455 info : Skipped 14 duplicate messages..
2024-11-28 16:00:13.452 T:6455 debug : CAMLCodec::DequeueBuffer: pts:299.633 idx:8384
2024-11-28 16:00:13.452 T:6455 debug : CAMLCodec::GetPicture: index: 8384, pts: 299.633, dur:42.000ms ar:1.78 elf:39ms
2024-11-28 16:00:13.452 T:6455 debug : CVideoPlayerVideo::OutputPicture - ttd:400ms pts:299.633 Clock:299.232 Level:5
2024-11-28 16:00:13.452 T:4489 debug : CAMLCodec::PollFrame elapsed:32.345ms
2024-11-28 16:00:13.456 T:4489 debug : PrepareNextRender: frameOnScreen: 299.236 renderPts: 299.445 nextFramePts: 299.424 -> diff: 0.021 render: 1 forceNext: 0
2024-11-28 16:00:13.456 T:6455 debug : CAMLCodec::AddData: dl:15692529 fl:29967 sz:393153(393280) lv:99.8% dts:301.760 pts:302.177
2024-11-28 16:00:13.457 T:6455 debug : CAMLCodec::AddData: skip add data dl:15692402 fl:30094 sz:291476(291584) lv:101.6% dts:301.802 pts:302.010
2024-11-28 16:00:13.460 T:4489 info : Skipped 1 duplicate messages..
2024-11-28 16:00:13.460 T:4489 debug : CAMLCodec::ReleaseFrame idx:8379, drop:0
2024-11-28 16:00:13.461 T:6455 debug : CAMLCodec::AddData: skip add data dl:15692402 fl:30094 sz:291476(291584) lv:101.6% dts:301.802 pts:302.010
2024-11-28 16:00:13.474 T:6452 info : Skipped 8 duplicate messages..
2024-11-28 16:00:13.474 T:6452 debug : CVideoPlayer::ProcessVideoData size:465233 dts:307.140 pts:307.516 dur:41.000ms, clock:299.255 level:66
2024-11-28 16:00:13.474 T:6455 debug : CAMLCodec::AddData: skip add data dl:15692402 fl:30094 sz:291476(291584) lv:101.6% dts:301.802 pts:302.010
2024-11-28 16:00:13.494 T:4489 info : Skipped 13 duplicate messages..
2024-11-28 16:00:13.494 T:4489 debug : CAMLCodec::PollFrame elapsed:33.451ms
2024-11-28 16:00:13.495 T:6455 debug : CAMLCodec::DequeueBuffer: pts:299.674 idx:8385
2024-11-28 16:00:13.495 T:6455 debug : CAMLCodec::GetPicture: index: 8385, pts: 299.674, dur:41.000ms ar:1.78 elf:42ms
2024-11-28 16:00:13.495 T:6455 debug : CVideoPlayerVideo::OutputPicture - ttd:398ms pts:299.674 Clock:299.275 Level:5
2024-11-28 16:00:13.498 T:4489 debug : PrepareNextRender: frameOnScreen: 299.278 renderPts: 299.487 nextFramePts: 299.466 -> diff: 0.021 render: 1 forceNext: 0
2024-11-28 16:00:13.499 T:6455 debug : CAMLCodec::AddData: dl:15626802 fl:95694 sz:291476(291584) lv:99.4% dts:301.802 pts:302.010
2024-11-28 16:00:13.500 T:6455 debug : CAMLCodec::AddData: skip add data dl:15626694 fl:95802 sz:274334(274432) lv:101.1% dts:301.843 pts:301.927
2024-11-28 16:00:13.501 T:4489 debug : CAMLCodec::ReleaseFrame idx:8380, drop:0
2024-11-28 16:00:13.501 T:6455 debug : CAMLCodec::AddData: skip add data dl:15626694 fl:95802 sz:274334(274432) lv:101.1% dts:301.843 pts:301.927
2024-11-28 16:00:13.536 T:4489 info : Skipped 27 duplicate messages..
2024-11-28 16:00:13.536 T:4489 debug : CAMLCodec::PollFrame elapsed:34.394ms
2024-11-28 16:00:13.537 T:6455 debug : CAMLCodec::DequeueBuffer: pts:299.716 idx:8386
2024-11-28 16:00:13.537 T:6455 debug : CAMLCodec::GetPicture: index: 8386, pts: 299.716, dur:42.000ms ar:1.78 elf:41ms
2024-11-28 16:00:13.537 T:6455 debug : CVideoPlayerVideo::OutputPicture - ttd:398ms pts:299.716 Clock:299.317 Level:5
2024-11-28 16:00:13.539 T:4489 debug : PrepareNextRender: frameOnScreen: 299.319 renderPts: 299.528 nextFramePts: 299.508 -> diff: 0.020 render: 1 forceNext: 0
2024-11-28 16:00:13.541 T:6455 debug : CAMLCodec::AddData: dl:15581126 fl:141370 sz:274334(274432) lv:99.1% dts:301.843 pts:301.927
2024-11-28 16:00:13.542 T:6455 debug : CAMLCodec::AddData: skip add data dl:15581028 fl:141468 sz:234473(234560) lv:100.6% dts:301.885 pts:301.885
2024-11-28 16:00:13.543 T:4489 debug : CAMLCodec::ReleaseFrame idx:8381, drop:0
2024-11-28 16:00:13.543 T:6455 debug : CAMLCodec::AddData: skip add data dl:15581028 fl:141468 sz:234473(234560) lv:100.6% dts:301.885 pts:301.885
2024-11-28 16:00:13.547 T:6452 info : Skipped 2 duplicate messages..
2024-11-28 16:00:13.547 T:6452 debug : CVideoPlayer::ProcessVideoData size:380111 dts:307.182 pts:307.390 dur:41.000ms, clock:299.327 level:66
2024-11-28 16:00:13.549 T:6455 debug : CAMLCodec::AddData: skip add data dl:15581028 fl:141468 sz:234473(234560) lv:100.6% dts:301.885 pts:301.885
2024-11-28 16:00:13.577 T:4489 info : Skipped 20 duplicate messages..
2024-11-28 16:00:13.577 T:4489 debug : CAMLCodec::PollFrame elapsed:34.283ms
2024-11-28 16:00:13.577 T:6455 debug : CAMLCodec::DequeueBuffer: pts:299.758 idx:8387
2024-11-28 16:00:13.577 T:6455 debug : CAMLCodec::GetPicture: index: 8387, pts: 299.758, dur:42.000ms ar:1.78 elf:40ms
2024-11-28 16:00:13.578 T:6455 debug : CVideoPlayerVideo::OutputPicture - ttd:400ms pts:299.758 Clock:299.358 Level:5
2024-11-28 16:00:13.581 T:4489 debug : PrepareNextRender: frameOnScreen: 299.361 renderPts: 299.570 nextFramePts: 299.549 -> diff: 0.021 render: 1 forceNext: 0
2024-11-28 16:00:13.581 T:6455 debug : CAMLCodec::AddData: dl:15524004 fl:198492 sz:234473(234560) lv:98.7% dts:301.885 pts:301.885
2024-11-28 16:00:13.582 T:6455 debug : CAMLCodec::AddData: skip add data dl:15523917 fl:198579 sz:237463(237568) lv:100.2% dts:301.927 pts:301.968
2024-11-28 16:00:13.585 T:4489 info : Skipped 1 duplicate messages..
2024-11-28 16:00:13.585 T:4489 debug : CAMLCodec::ReleaseFrame idx:8382, drop:0
2024-11-28 16:00:13.585 T:6455 debug : CAMLCodec::AddData: skip add data dl:15523917 fl:198579 sz:237463(237568) lv:100.2% dts:301.927 pts:301.968
2024-11-28 16:00:13.590 T:6452 info : Skipped 2 duplicate messages..
2024-11-28 16:00:13.590 T:6452 debug : CVideoPlayer::ProcessVideoData size:368498 dts:307.224 pts:307.307 dur:41.000ms, clock:299.370 level:66
2024-11-28 16:00:13.590 T:6455 debug : CAMLCodec::AddData: skip add data dl:15523917 fl:198579 sz:237463(237568) lv:100.2% dts:301.927 pts:301.968
2024-11-28 16:00:13.619 T:4489 info : Skipped 21 duplicate messages..
2024-11-28 16:00:13.619 T:4489 debug : CAMLCodec::PollFrame elapsed:33.588ms
2024-11-28 16:00:13.620 T:6455 debug : CAMLCodec::DequeueBuffer: pts:299.800 idx:8388
2024-11-28 16:00:13.620 T:6455 debug : CAMLCodec::GetPicture: index: 8388, pts: 299.800, dur:42.000ms ar:1.78 elf:42ms
2024-11-28 16:00:13.620 T:6455 debug : CVideoPlayerVideo::OutputPicture - ttd:399ms pts:299.800 Clock:299.400 Level:5
2024-11-28 16:00:13.623 T:4489 debug : PrepareNextRender: frameOnScreen: 299.403 renderPts: 299.612 nextFramePts: 299.591 -> diff: 0.021 render: 1 forceNext: 0
2024-11-28 16:00:13.624 T:6455 debug : CAMLCodec::AddData: dl:15401997 fl:320499 sz:237463(237568) lv:97.9% dts:301.927 pts:301.968
2024-11-28 16:00:13.626 T:4489 debug : CAMLCodec::ReleaseFrame idx:8383, drop:0
2024-11-28 16:00:13.627 T:6455 debug : CAMLCodec::AddData: dl:15709412 fl:13084 sz:307454(307520) lv:99.9% dts:301.968 pts:302.093
2024-11-28 16:00:13.628 T:6455 debug : CAMLCodec::AddData: skip add data dl:15709346 fl:13150 sz:245720(245824) lv:101.4% dts:302.010 pts:302.052
2024-11-28 16:00:13.632 T:6452 info : Skipped 2 duplicate messages..
2024-11-28 16:00:13.632 T:6452 debug : CVideoPlayer::ProcessVideoData size:332468 dts:307.265 pts:307.265 dur:41.000ms, clock:299.412 level:66
2024-11-28 16:00:13.632 T:6455 debug : CAMLCodec::AddData: skip add data dl:15709346 fl:13150 sz:245720(245824) lv:101.4% dts:302.010 pts:302.052
2024-11-28 16:00:13.634 T:6452 info : Skipped 1 duplicate messages..
2024-11-28 16:00:13.634 T:6452 debug : CVideoPlayer::ProcessVideoData size:295644 dts:307.307 pts:307.349 dur:41.000ms, clock:299.414 level:100
2024-11-28 16:00:13.635 T:6455 debug : CAMLCodec::AddData: skip add data dl:15709346 fl:13150 sz:245720(245824) lv:101.4% dts:302.010 pts:302.052
2024-11-28 16:00:13.661 T:6455 info : Skipped 19 duplicate messages..
2024-11-28 16:00:13.661 T:6455 debug : CAMLCodec::DequeueBuffer: pts:299.841 idx:8389
2024-11-28 16:00:13.661 T:4489 debug : CAMLCodec::PollFrame elapsed:33.902ms
2024-11-28 16:00:13.661 T:6455 debug : CAMLCodec::GetPicture: index: 8389, pts: 299.841, dur:41.000ms ar:1.78 elf:40ms
2024-11-28 16:00:13.661 T:6455 debug : CVideoPlayerVideo::OutputPicture - ttd:400ms pts:299.841 Clock:299.441 Level:5
2024-11-28 16:00:13.662 T:6455 debug : CAMLCodec::DequeueBuffer: pts:299.883 idx:8390
2024-11-28 16:00:13.662 T:6455 debug : CAMLCodec::GetPicture: index: 8390, pts: 299.883, dur:42.000ms ar:1.78 elf:1ms
2024-11-28 16:00:13.662 T:6455 debug : CVideoPlayerVideo::OutputPicture - ttd:440ms pts:299.883 Clock:299.442 Level:6
2024-11-28 16:00:13.663 T:4489 debug : PrepareNextRender: frameOnScreen: 299.443 renderPts: 299.652 nextFramePts: 299.633 -> diff: 0.019 render: 1 forceNext: 0
2024-11-28 16:00:13.663 T:6455 debug : CAMLCodec::DequeueBuffer: pts:299.925 idx:8391
2024-11-28 16:00:13.663 T:6455 debug : CAMLCodec::GetPicture: index: 8391, pts: 299.925, dur:42.000ms ar:1.78 elf:1ms
2024-11-28 16:00:13.663 T:6455 debug : CVideoPlayerVideo::OutputPicture - ttd:481ms pts:299.925 Clock:299.443 Level:6
2024-11-28 16:00:13.665 T:6455 debug : CAMLCodec::DequeueBuffer: pts:299.966 idx:8392
2024-11-28 16:00:13.665 T:6455 debug : CAMLCodec::GetPicture: index: 8392, pts: 299.966, dur:41.000ms ar:1.78 elf:1ms
2024-11-28 16:00:13.665 T:6455 debug : CVideoPlayerVideo::OutputPicture - ttd:521ms pts:299.966 Clock:299.445 Level:7
2024-11-28 16:00:13.666 T:4489 debug : CAMLCodec::ReleaseFrame idx:8384, drop:0
2024-11-28 16:00:13.668 T:6455 debug : CAMLCodec::AddData: dl:15658850 fl:63646 sz:245720(245824) lv:99.6% dts:302.010 pts:302.052
2024-11-28 16:00:13.669 T:6455 debug : CAMLCodec::AddData: skip add data dl:15658746 fl:63750 sz:226434(226560) lv:101.0% dts:302.052 pts:302.135
2024-11-28 16:00:13.702 T:4489 info : Skipped 27 duplicate messages..
2024-11-28 16:00:13.702 T:4489 debug : CAMLCodec::PollFrame elapsed:36.361ms
2024-11-28 16:00:13.703 T:6455 debug : CAMLCodec::AddData: skip add data dl:15658746 fl:63750 sz:226434(226560) lv:101.0% dts:302.052 pts:302.135
2024-11-28 16:00:13.706 T:4489 debug : PrepareNextRender: frameOnScreen: 299.486 renderPts: 299.695 nextFramePts: 299.674 -> diff: 0.021 render: 1 forceNext: 0
2024-11-28 16:00:13.706 T:6452 debug : CVideoPlayer::ProcessVideoData size:367085 dts:307.349 pts:307.474 dur:41.000ms, clock:299.486 level:66
2024-11-28 16:00:13.707 T:6455 debug : CAMLCodec::AddData: dl:15372410 fl:350086 sz:226434(226560) lv:97.7% dts:302.052 pts:302.135
2024-11-28 16:00:13.708 T:6455 debug : CAMLCodec::AddData: skip add data dl:15372284 fl:350212 sz:365516(365632) lv:100.1% dts:302.093 pts:302.469
2024-11-28 16:00:13.710 T:4489 debug : CAMLCodec::ReleaseFrame idx:8385, drop:0
2024-11-28 16:00:13.710 T:6455 debug : CAMLCodec::AddData: skip add data dl:15372284 fl:350212 sz:365516(365632) lv:100.1% dts:302.093 pts:302.469
2024-11-28 16:00:13.718 T:6452 info : Skipped 4 duplicate messages..
2024-11-28 16:00:13.718 T:6452 debug : CVideoPlayer::ProcessVideoData size:289658 dts:307.390 pts:307.432 dur:41.000ms, clock:299.498 level:100
2024-11-28 16:00:13.719 T:6455 debug : CAMLCodec::AddData: skip add data dl:15372284 fl:350212 sz:365516(365632) lv:100.1% dts:302.093 pts:302.469
2024-11-28 16:00:13.744 T:4489 info : Skipped 16 duplicate messages..
2024-11-28 16:00:13.744 T:4489 debug : CAMLCodec::PollFrame elapsed:33.962ms
2024-11-28 16:00:13.748 T:6455 debug : CAMLCodec::AddData: dl:15273340 fl:449156 sz:365516(365632) lv:97.1% dts:302.093 pts:302.469
2024-11-28 16:00:13.748 T:4489 debug : PrepareNextRender: frameOnScreen: 299.528 renderPts: 299.737 nextFramePts: 299.716 -> diff: 0.021 render: 1 forceNext: 0
2024-11-28 16:00:13.752 T:6455 debug : CAMLCodec::AddData: dl:15571080 fl:151416 sz:297781(297856) lv:99.0% dts:302.135 pts:302.344
2024-11-28 16:00:13.752 T:6455 debug : CAMLCodec::AddData: skip add data dl:15571005 fl:151491 sz:284389(284480) lv:100.8% dts:302.177 pts:302.260
2024-11-28 16:00:13.753 T:6452 debug : CVideoPlayer::ProcessVideoData size:543205 dts:307.432 pts:307.557 dur:41.000ms, clock:299.533 level:66
2024-11-28 16:00:13.753 T:4489 debug : CAMLCodec::ReleaseFrame idx:8386, drop:0
2024-11-28 16:00:13.754 T:6455 debug : CAMLCodec::AddData: skip add data dl:15571005 fl:151491 sz:284389(284480) lv:100.8% dts:302.177 pts:302.260
2024-11-28 16:00:13.786 T:4489 info : Skipped 23 duplicate messages..
2024-11-28 16:00:13.786 T:4489 debug : CAMLCodec::PollFrame elapsed:32.528ms
2024-11-28 16:00:13.786 T:6455 debug : CAMLCodec::AddData: skip add data dl:15571005 fl:151491 sz:284389(284480) lv:100.8% dts:302.177 pts:302.260
2024-11-28 16:00:13.789 T:4489 debug : PrepareNextRender: frameOnScreen: 299.569 renderPts: 299.779 nextFramePts: 299.758 -> diff: 0.021 render: 1 forceNext: 0
2024-11-28 16:00:13.790 T:6455 debug : CAMLCodec::AddData: dl:15495933 fl:226563 sz:284389(284480) lv:98.5% dts:302.177 pts:302.260
2024-11-28 16:00:13.792 T:4489 debug : CAMLCodec::ReleaseFrame idx:8387, drop:0
2024-11-28 16:00:13.792 T:6455 debug : CAMLCodec::AddData: dl:15716706 fl:5790 sz:220742(220864) lv:99.9% dts:302.219 pts:302.219
2024-11-28 16:00:13.793 T:6455 debug : CAMLCodec::AddData: skip add data dl:15716584 fl:5912 sz:247000(247104) lv:101.5% dts:302.260 pts:302.302
2024-11-28 16:00:13.807 T:6452 info : Skipped 10 duplicate messages..
2024-11-28 16:00:13.807 T:6452 debug : CVideoPlayer::ProcessVideoData size:485368 dts:307.474 pts:307.891 dur:41.000ms, clock:299.587 level:65
2024-11-28 16:00:13.808 T:6455 debug : CAMLCodec::AddData: skip add data dl:15716584 fl:5912 sz:247000(247104) lv:101.5% dts:302.260 pts:302.302
2024-11-28 16:00:13.827 T:4489 info : Skipped 14 duplicate messages..
2024-11-28 16:00:13.827 T:4489 debug : CAMLCodec::PollFrame elapsed:34.769ms
2024-11-28 16:00:13.828 T:6455 debug : CAMLCodec::AddData: skip add data dl:15716584 fl:5912 sz:247000(247104) lv:101.5% dts:302.260 pts:302.302
2024-11-28 16:00:13.829 T:6455 debug : CAMLCodec::DequeueBuffer: pts:300.008 idx:8393
2024-11-28 16:00:13.829 T:6455 debug : CAMLCodec::GetPicture: index: 8393, pts: 300.008, dur:42.000ms ar:1.78 elf:164ms
2024-11-28 16:00:13.829 T:6455 debug : CVideoPlayerVideo::OutputPicture - ttd:398ms pts:300.008 Clock:299.609 Level:5
2024-11-28 16:00:13.830 T:4489 debug : PrepareNextRender: frameOnScreen: 299.610 renderPts: 299.819 nextFramePts: 299.800 -> diff: 0.019 render: 1 forceNext: 0
2024-11-28 16:00:13.833 T:6455 debug : CAMLCodec::AddData: dl:15605544 fl:116952 sz:247000(247104) lv:99.2% dts:302.260 pts:302.302
2024-11-28 16:00:13.834 T:6455 debug : CAMLCodec::AddData: skip add data dl:15605440 fl:117056 sz:308871(308992) lv:101.2% dts:302.302 pts:302.427
2024-11-28 16:00:13.834 T:4489 debug : CAMLCodec::ReleaseFrame idx:8388, drop:0
2024-11-28 16:00:13.835 T:6455 debug : CAMLCodec::AddData: skip add data dl:15605440 fl:117056 sz:308871(308992) lv:101.2% dts:302.302 pts:302.427
2024-11-28 16:00:13.848 T:6452 info : Skipped 9 duplicate messages..
2024-11-28 16:00:13.848 T:6452 debug : CVideoPlayer::ProcessVideoData size:373906 dts:307.516 pts:307.724 dur:41.000ms, clock:299.629 level:65
2024-11-28 16:00:13.849 T:6455 debug : CAMLCodec::AddData: skip add data dl:15605440 fl:117056 sz:308871(308992) lv:101.2% dts:302.302 pts:302.427
2024-11-28 16:00:13.869 T:4489 info : Skipped 15 duplicate messages..
2024-11-28 16:00:13.869 T:4489 debug : CAMLCodec::PollFrame elapsed:34.739ms
2024-11-28 16:00:13.872 T:6455 debug : CAMLCodec::AddData: dl:15621568 fl:100928 sz:308871(308992) lv:99.3% dts:302.302 pts:302.427
2024-11-28 16:00:13.872 T:4489 debug : PrepareNextRender: frameOnScreen: 299.652 renderPts: 299.862 nextFramePts: 299.841 -> diff: 0.021 render: 1 forceNext: 0
2024-11-28 16:00:13.872 T:6455 debug : CAMLCodec::DequeueBuffer: pts:300.050 idx:8394
2024-11-28 16:00:13.873 T:6455 debug : CAMLCodec::GetPicture: index: 8394, pts: 300.050, dur:42.000ms ar:1.78 elf:43ms
2024-11-28 16:00:13.873 T:6455 debug : CVideoPlayerVideo::OutputPicture - ttd:397ms pts:300.050 Clock:299.653 Level:4
2024-11-28 16:00:13.874 T:6455 debug : CAMLCodec::AddData: skip add data dl:15621447 fl:101049 sz:237054(237120) lv:100.8% dts:302.344 pts:302.385
2024-11-28 16:00:13.875 T:4489 debug : CAMLCodec::ReleaseFrame idx:8389, drop:0
2024-11-28 16:00:13.876 T:6455 debug : CAMLCodec::AddData: skip add data dl:15621447 fl:101049 sz:237054(237120) lv:100.8% dts:302.344 pts:302.385
2024-11-28 16:00:13.911 T:4489 info : Skipped 28 duplicate messages..
2024-11-28 16:00:13.911 T:4489 debug : CAMLCodec::PollFrame elapsed:35.144ms
2024-11-28 16:00:13.913 T:6455 debug : CAMLCodec::AddData: dl:15564295 fl:158201 sz:237054(237120) lv:99.0% dts:302.344 pts:302.385
2024-11-28 16:00:13.913 T:6455 debug : CAMLCodec::DequeueBuffer: pts:300.091 idx:8395
2024-11-28 16:00:13.913 T:6455 debug : CAMLCodec::GetPicture: index: 8395, pts: 300.091, dur:41.000ms ar:1.78 elf:40ms
2024-11-28 16:00:13.913 T:6455 debug : CVideoPlayerVideo::OutputPicture - ttd:397ms pts:300.091 Clock:299.694 Level:5
2024-11-28 16:00:13.914 T:4489 debug : PrepareNextRender: frameOnScreen: 299.694 renderPts: 299.903 nextFramePts: 299.883 -> diff: 0.020 render: 1 forceNext: 0
2024-11-28 16:00:13.916 T:6455 debug : CAMLCodec::AddData: skip add data dl:15564229 fl:158267 sz:444893(444992) lv:101.8% dts:302.385 pts:302.511
2024-11-28 16:00:13.917 T:4489 debug : CAMLCodec::ReleaseFrame idx:8390, drop:0
2024-11-28 16:00:13.918 T:6455 debug : CAMLCodec::AddData: skip add data dl:15564229 fl:158267 sz:444893(444992) lv:101.8% dts:302.385 pts:302.511
2024-11-28 16:00:13.921 T:6452 info : Skipped 1 duplicate messages..
2024-11-28 16:00:13.921 T:6452 debug : CVideoPlayer::ProcessVideoData size:384681 dts:307.557 pts:307.641 dur:41.000ms, clock:299.702 level:64
2024-11-28 16:00:13.923 T:6455 debug : CAMLCodec::AddData: skip add data dl:15564229 fl:158267 sz:444893(444992) lv:101.8% dts:302.385 pts:302.511
2024-11-28 16:00:13.923 T:6452 debug : CVideoPlayer::ProcessVideoData size:306596 dts:307.599 pts:307.599 dur:41.000ms, clock:299.704 level:100
2024-11-28 16:00:13.925 T:6455 debug : CAMLCodec::AddData: skip add data dl:15564229 fl:158267 sz:444893(444992) lv:101.8% dts:302.385 pts:302.511
2024-11-28 16:00:13.953 T:4489 info : Skipped 15 duplicate messages..
2024-11-28 16:00:13.953 T:4489 debug : CAMLCodec::PollFrame elapsed:35.196ms
2024-11-28 16:00:13.954 T:6455 debug : CAMLCodec::AddData: dl:15659013 fl:63483 sz:444893(444992) lv:99.6% dts:302.385 pts:302.511
2024-11-28 16:00:13.955 T:6455 debug : CAMLCodec::DequeueBuffer: pts:300.133 idx:8396
2024-11-28 16:00:13.955 T:6455 debug : CAMLCodec::GetPicture: index: 8396, pts: 300.133, dur:42.000ms ar:1.78 elf:41ms
2024-11-28 16:00:13.955 T:6455 debug : CVideoPlayerVideo::OutputPicture - ttd:398ms pts:300.133 Clock:299.735 Level:5
2024-11-28 16:00:13.956 T:4489 debug : PrepareNextRender: frameOnScreen: 299.736 renderPts: 299.945 nextFramePts: 299.925 -> diff: 0.020 render: 1 forceNext: 0
2024-11-28 16:00:13.957 T:6455 debug : CAMLCodec::AddData: skip add data dl:15658914 fl:63582 sz:360452(360576) lv:101.8% dts:302.427 pts:302.844
2024-11-28 16:00:13.960 T:4489 info : Skipped 1 duplicate messages..
2024-11-28 16:00:13.960 T:4489 debug : CAMLCodec::ReleaseFrame idx:8391, drop:0
2024-11-28 16:00:13.961 T:6455 debug : CAMLCodec::AddData: skip add data dl:15658914 fl:63582 sz:360452(360576) lv:101.8% dts:302.427 pts:302.844
2024-11-28 16:00:13.994 T:4489 info : Skipped 23 duplicate messages..
2024-11-28 16:00:13.994 T:4489 debug : CAMLCodec::PollFrame elapsed:34.162ms
2024-11-28 16:00:13.995 T:6455 debug : CAMLCodec::DequeueBuffer: pts:300.175 idx:8397
2024-11-28 16:00:13.996 T:6455 debug : CAMLCodec::GetPicture: index: 8397, pts: 300.175, dur:42.000ms ar:1.78 elf:40ms
2024-11-28 16:00:13.996 T:6455 debug : CVideoPlayerVideo::OutputPicture - ttd:399ms pts:300.175 Clock:299.776 Level:5
2024-11-28 16:00:13.999 T:4489 debug : PrepareNextRender: frameOnScreen: 299.779 renderPts: 299.988 nextFramePts: 299.966 -> diff: 0.022 render: 1 forceNext: 0
2024-11-28 16:00:14.000 T:6455 debug : CAMLCodec::AddData: dl:15725410 fl:-2914 sz:360452(360576) lv:100.0% dts:302.427 pts:302.844
2024-11-28 16:00:14.001 T:6455 debug : CAMLCodec::AddData: skip add data dl:15722496 fl:0 sz:307145(307264) lv:100.0% dts:302.469 pts:302.677
2024-11-28 16:00:14.002 T:4489 debug : CAMLCodec::ReleaseFrame idx:8392, drop:0
2024-11-28 16:00:14.003 T:6455 debug : CAMLCodec::AddData: skip add data dl:15722496 fl:0 sz:307145(307264) lv:100.0% dts:302.469 pts:302.677
2024-11-28 16:00:14.006 T:6452 info : Skipped 1 duplicate messages..
2024-11-28 16:00:14.006 T:6452 debug : CVideoPlayer::ProcessVideoData size:296783 dts:307.641 pts:307.682 dur:41.000ms, clock:299.786 level:65
2024-11-28 16:00:14.006 T:6455 debug : CAMLCodec::AddData: skip add data dl:15722496 fl:0 sz:307145(307264) lv:100.0% dts:302.469 pts:302.677
2024-11-28 16:00:14.007 T:6452 debug : CVideoPlayer::ProcessVideoData size:371064 dts:307.682 pts:307.808 dur:41.000ms, clock:299.787 level:100
2024-11-28 16:00:14.008 T:6455 debug : CAMLCodec::AddData: skip add data dl:15722496 fl:0 sz:307145(307264) lv:100.0% dts:302.469 pts:302.677
2024-11-28 16:00:14.036 T:4489 info : Skipped 17 duplicate messages..
2024-11-28 16:00:14.036 T:4489 debug : CAMLCodec::PollFrame elapsed:34.130ms
2024-11-28 16:00:14.037 T:6455 debug : CAMLCodec::AddData: skip add data dl:15435456 fl:287040 sz:307145(307264) lv:100.1% dts:302.469 pts:302.677
2024-11-28 16:00:14.038 T:6455 debug : CAMLCodec::DequeueBuffer: pts:300.217 idx:8398
2024-11-28 16:00:14.038 T:6455 debug : CAMLCodec::GetPicture: index: 8398, pts: 300.217, dur:42.000ms ar:1.78 elf:42ms
2024-11-28 16:00:14.038 T:6455 debug : CVideoPlayerVideo::OutputPicture - ttd:398ms pts:300.217 Clock:299.819 Level:5
2024-11-28 16:00:14.039 T:4489 debug : PrepareNextRender: frameOnScreen: 299.819 renderPts: 300.028 nextFramePts: 300.008 -> diff: 0.020 render: 1 forceNext: 0
2024-11-28 16:00:14.040 T:6455 debug : CAMLCodec::AddData: skip add data dl:15435456 fl:287040 sz:307145(307264) lv:100.1% dts:302.469 pts:302.677
2024-11-28 16:00:14.042 T:4489 info : Skipped 1 duplicate messages..
2024-11-28 16:00:14.042 T:4489 debug : CAMLCodec::ReleaseFrame idx:8393, drop:0
2024-11-28 16:00:14.044 T:6455 debug : CAMLCodec::AddData: skip add data dl:15435456 fl:287040 sz:307145(307264) lv:100.1% dts:302.469 pts:302.677
2024-11-28 16:00:14.078 T:4489 info : Skipped 23 duplicate messages..
2024-11-28 16:00:14.078 T:4489 debug : CAMLCodec::PollFrame elapsed:35.365ms
2024-11-28 16:00:14.080 T:6455 debug : CAMLCodec::AddData: dl:15266496 fl:456000 sz:307145(307264) lv:97.1% dts:302.469 pts:302.677
2024-11-28 16:00:14.080 T:6455 debug : CAMLCodec::DequeueBuffer: pts:300.258 idx:8399
2024-11-28 16:00:14.080 T:6455 debug : CAMLCodec::GetPicture: index: 8399, pts: 300.258, dur:41.000ms ar:1.78 elf:41ms
2024-11-28 16:00:14.080 T:6455 debug : CVideoPlayerVideo::OutputPicture - ttd:397ms pts:300.258 Clock:299.861 Level:5
2024-11-28 16:00:14.082 T:4489 debug : PrepareNextRender: frameOnScreen: 299.862 renderPts: 300.071 nextFramePts: 300.050 -> diff: 0.021 render: 1 forceNext: 0
2024-11-28 16:00:14.084 T:6455 debug : CAMLCodec::AddData: dl:15550959 fl:171537 sz:281691(281792) lv:98.9% dts:302.511 pts:302.594
2024-11-28 16:00:14.085 T:6455 debug : CAMLCodec::AddData: skip add data dl:15550858 fl:171638 sz:224033(224128) lv:100.3% dts:302.552 pts:302.552
2024-11-28 16:00:14.085 T:4489 debug : CAMLCodec::ReleaseFrame idx:8394, drop:0
2024-11-28 16:00:14.086 T:6455 debug : CAMLCodec::AddData: skip add data dl:15550858 fl:171638 sz:224033(224128) lv:100.3% dts:302.552 pts:302.552
2024-11-28 16:00:14.089 T:6452 info : Skipped 2 duplicate messages..
2024-11-28 16:00:14.089 T:6452 debug : CVideoPlayer::ProcessVideoData size:294623 dts:307.724 pts:307.766 dur:41.000ms, clock:299.869 level:65
2024-11-28 16:00:14.091 T:6455 debug : CAMLCodec::AddData: skip add data dl:15550858 fl:171638 sz:224033(224128) lv:100.3% dts:302.552 pts:302.552
2024-11-28 16:00:14.119 T:4489 info : Skipped 22 duplicate messages..
2024-11-28 16:00:14.119 T:4489 debug : CAMLCodec::PollFrame elapsed:33.988ms
2024-11-28 16:00:14.122 T:6455 debug : CAMLCodec::AddData: dl:15412298 fl:310198 sz:224033(224128) lv:98.0% dts:302.552 pts:302.552
2024-11-28 16:00:14.122 T:6455 debug : CAMLCodec::DequeueBuffer: pts:300.300 idx:8400
2024-11-28 16:00:14.122 T:6455 debug : CAMLCodec::GetPicture: index: 8400, pts: 300.300, dur:42.000ms ar:1.78 elf:42ms
2024-11-28 16:00:14.122 T:6455 debug : CVideoPlayerVideo::OutputPicture - ttd:397ms pts:300.300 Clock:299.903 Level:5
2024-11-28 16:00:14.123 T:4489 debug : PrepareNextRender: frameOnScreen: 299.903 renderPts: 300.112 nextFramePts: 300.091 -> diff: 0.021 render: 1 forceNext: 0
2024-11-28 16:00:14.126 T:4489 debug : CAMLCodec::ReleaseFrame idx:8395, drop:0
2024-11-28 16:00:14.126 T:6455 debug : CAMLCodec::AddData: dl:15637547 fl:84949 sz:225254(225344) lv:99.4% dts:302.594 pts:302.636
2024-11-28 16:00:14.127 T:6455 debug : CAMLCodec::AddData: skip add data dl:15637457 fl:85039 sz:302021(302144) lv:101.3% dts:302.636 pts:302.761
2024-11-28 16:00:14.131 T:6452 info : Skipped 2 duplicate messages..
2024-11-28 16:00:14.131 T:6452 debug : CVideoPlayer::ProcessVideoData size:310803 dts:307.766 pts:307.849 dur:41.000ms, clock:299.911 level:64
2024-11-28 16:00:14.131 T:6455 debug : CAMLCodec::AddData: skip add data dl:15637457 fl:85039 sz:302021(302144) lv:101.3% dts:302.636 pts:302.761
2024-11-28 16:00:14.161 T:4489 info : Skipped 20 duplicate messages..
2024-11-28 16:00:14.161 T:4489 debug : CAMLCodec::PollFrame elapsed:35.153ms
2024-11-28 16:00:14.164 T:4489 debug : PrepareNextRender: frameOnScreen: 299.944 renderPts: 300.153 nextFramePts: 300.133 -> diff: 0.020 render: 1 forceNext: 0
2024-11-28 16:00:14.164 T:6455 debug : CAMLCodec::AddData: dl:15621713 fl:100783 sz:302021(302144) lv:99.3% dts:302.636 pts:302.761
2024-11-28 16:00:14.164 T:6455 debug : CAMLCodec::DequeueBuffer: pts:300.342 idx:8401
2024-11-28 16:00:14.164 T:6455 debug : CAMLCodec::GetPicture: index: 8401, pts: 300.342, dur:42.000ms ar:1.78 elf:41ms
2024-11-28 16:00:14.164 T:6455 debug : CVideoPlayerVideo::OutputPicture - ttd:397ms pts:300.342 Clock:299.945 Level:4
2024-11-28 16:00:14.166 T:6455 debug : CAMLCodec::DequeueBuffer: pts:300.383 idx:8402
2024-11-28 16:00:14.166 T:6455 debug : CAMLCodec::GetPicture: index: 8402, pts: 300.383, dur:41.000ms ar:1.78 elf:1ms
2024-11-28 16:00:14.166 T:6455 debug : CVideoPlayerVideo::OutputPicture - ttd:436ms pts:300.383 Clock:299.946 Level:5
2024-11-28 16:00:14.167 T:6455 debug : CAMLCodec::DequeueBuffer: pts:300.425 idx:8403
2024-11-28 16:00:14.167 T:6455 debug : CAMLCodec::GetPicture: index: 8403, pts: 300.425, dur:42.000ms ar:1.78 elf:1ms
2024-11-28 16:00:14.167 T:6455 debug : CVideoPlayerVideo::OutputPicture - ttd:477ms pts:300.425 Clock:299.947 Level:6
2024-11-28 16:00:14.168 T:6455 debug : CAMLCodec::DequeueBuffer: pts:300.467 idx:8404
2024-11-28 16:00:14.168 T:6455 debug : CAMLCodec::GetPicture: index: 8404, pts: 300.467, dur:42.000ms ar:1.78 elf:1ms
2024-11-28 16:00:14.168 T:6455 debug : CVideoPlayerVideo::OutputPicture - ttd:518ms pts:300.467 Clock:299.949 Level:7
2024-11-28 16:00:14.169 T:4489 debug : CAMLCodec::ReleaseFrame idx:8396, drop:0
2024-11-28 16:00:14.170 T:6455 debug : CAMLCodec::AddData: skip add data dl:15621590 fl:100906 sz:251127(251200) lv:100.9% dts:302.677 pts:302.719
2024-11-28 16:00:14.174 T:6452 info : Skipped 3 duplicate messages..
2024-11-28 16:00:14.174 T:6452 debug : CVideoPlayer::ProcessVideoData size:460633 dts:307.808 pts:308.225 dur:41.000ms, clock:299.955 level:64
2024-11-28 16:00:14.176 T:6455 debug : CAMLCodec::AddData: skip add data dl:15621590 fl:100906 sz:251127(251200) lv:100.9% dts:302.677 pts:302.719
2024-11-28 16:00:14.203 T:4489 info : Skipped 20 duplicate messages..
2024-11-28 16:00:14.203 T:4489 debug : CAMLCodec::PollFrame elapsed:33.416ms
2024-11-28 16:00:14.203 T:6455 debug : CAMLCodec::AddData: skip add data dl:15621590 fl:100906 sz:251127(251200) lv:100.9% dts:302.677 pts:302.719
2024-11-28 16:00:14.206 T:4489 debug : PrepareNextRender: frameOnScreen: 299.986 renderPts: 300.195 nextFramePts: 300.175 -> diff: 0.020 render: 1 forceNext: 0
2024-11-28 16:00:14.207 T:6455 debug : CAMLCodec::AddData: dl:15425686 fl:296810 sz:251127(251200) lv:98.1% dts:302.677 pts:302.719
2024-11-28 16:00:14.209 T:4489 debug : CAMLCodec::ReleaseFrame idx:8397, drop:0
2024-11-28 16:00:14.210 T:6455 debug : CAMLCodec::AddData: dl:15655565 fl:66931 sz:229868(229952) lv:99.5% dts:302.719 pts:302.803
2024-11-28 16:00:14.211 T:6455 debug : CAMLCodec::AddData: skip add data dl:15655481 fl:67015 sz:368430(368512) lv:101.9% dts:302.761 pts:303.178
2024-11-28 16:00:14.216 T:6452 info : Skipped 3 duplicate messages..
2024-11-28 16:00:14.216 T:6452 debug : CVideoPlayer::ProcessVideoData size:386716 dts:307.849 pts:308.058 dur:41.000ms, clock:299.997 level:63
2024-11-28 16:00:14.217 T:6455 debug : CAMLCodec::AddData: skip add data dl:15655481 fl:67015 sz:368430(368512) lv:101.9% dts:302.761 pts:303.178
2024-11-28 16:00:14.218 T:6452 debug : CVideoPlayer::ProcessVideoData size:364353 dts:307.891 pts:307.974 dur:41.000ms, clock:299.998 level:100
2024-11-28 16:00:14.219 T:6455 debug : CAMLCodec::AddData: skip add data dl:15655481 fl:67015 sz:368430(368512) lv:101.9% dts:302.761 pts:303.178
2024-11-28 16:00:14.245 T:4489 info : Skipped 16 duplicate messages..
2024-11-28 16:00:14.244 T:4489 debug : CAMLCodec::PollFrame elapsed:34.820ms
2024-11-28 16:00:14.248 T:6455 debug : CAMLCodec::AddData: dl:15648825 fl:73671 sz:368430(368512) lv:99.5% dts:302.761 pts:303.178
2024-11-28 16:00:14.248 T:4489 debug : PrepareNextRender: frameOnScreen: 300.028 renderPts: 300.237 nextFramePts: 300.217 -> diff: 0.020 render: 1 forceNext: 0
2024-11-28 16:00:14.249 T:6455 debug : CAMLCodec::AddData: skip add data dl:15648743 fl:73753 sz:294454(294528) lv:101.4% dts:302.803 pts:303.011
2024-11-28 16:00:14.250 T:6452 debug : CVideoPlayer::ProcessVideoData size:300194 dts:307.933 pts:307.933 dur:41.000ms, clock:300.031 level:100
2024-11-28 16:00:14.252 T:6455 debug : CAMLCodec::AddData: skip add data dl:15648743 fl:73753 sz:294454(294528) lv:101.4% dts:302.803 pts:303.011
2024-11-28 16:00:14.253 T:4489 debug : CAMLCodec::ReleaseFrame idx:8398, drop:0
2024-11-28 16:00:14.255 T:6455 debug : CAMLCodec::AddData: skip add data dl:15648743 fl:73753 sz:294454(294528) lv:101.4% dts:302.803 pts:303.011
2024-11-28 16:00:14.286 T:4489 info : Skipped 21 duplicate messages..
2024-11-28 16:00:14.286 T:4489 debug : CAMLCodec::PollFrame elapsed:32.479ms
2024-11-28 16:00:14.289 T:6455 debug : CAMLCodec::AddData: dl:15658727 fl:63769 sz:294454(294528) lv:99.6% dts:302.803 pts:303.011
2024-11-28 16:00:14.290 T:4489 debug : PrepareNextRender: frameOnScreen: 300.069 renderPts: 300.278 nextFramePts: 300.258 -> diff: 0.020 render: 1 forceNext: 0
2024-11-28 16:00:14.290 T:6455 debug : CAMLCodec::AddData: skip add data dl:15658653 fl:63843 sz:288386(288512) lv:101.4% dts:302.844 pts:302.928
2024-11-28 16:00:14.292 T:4489 info : Skipped 1 duplicate messages..
2024-11-28 16:00:14.292 T:4489 debug : CAMLCodec::ReleaseFrame idx:8399, drop:0
2024-11-28 16:00:14.293 T:6455 debug : CAMLCodec::AddData: skip add data dl:15658653 fl:63843 sz:288386(288512) lv:101.4% dts:302.844 pts:302.928
2024-11-28 16:00:14.328 T:4489 info : Skipped 23 duplicate messages..
2024-11-28 16:00:14.328 T:4489 debug : CAMLCodec::PollFrame elapsed:35.268ms
2024-11-28 16:00:14.330 T:6455 debug : CAMLCodec::AddData: dl:15658461 fl:64035 sz:288386(288512) lv:99.6% dts:302.844 pts:302.928
2024-11-28 16:00:14.331 T:6455 debug : CAMLCodec::DequeueBuffer: pts:300.509 idx:8405
2024-11-28 16:00:14.331 T:6455 debug : CAMLCodec::GetPicture: index: 8405, pts: 300.509, dur:42.000ms ar:1.78 elf:162ms
2024-11-28 16:00:14.331 T:6455 debug : CVideoPlayerVideo::OutputPicture - ttd:397ms pts:300.509 Clock:300.111 Level:5
2024-11-28 16:00:14.331 T:4489 debug : PrepareNextRender: frameOnScreen: 300.111 renderPts: 300.320 nextFramePts: 300.300 -> diff: 0.020 render: 1 forceNext: 0
2024-11-28 16:00:14.333 T:6455 debug : CAMLCodec::AddData: skip add data dl:15658335 fl:64161 sz:227337(227456) lv:101.0% dts:302.886 pts:302.886
2024-11-28 16:00:14.333 T:6452 debug : CVideoPlayer::ProcessVideoData size:316577 dts:307.974 pts:308.016 dur:41.000ms, clock:300.113 level:64
2024-11-28 16:00:14.334 T:4489 debug : CAMLCodec::ReleaseFrame idx:8400, drop:0
2024-11-28 16:00:14.335 T:6455 debug : CAMLCodec::AddData: skip add data dl:15658335 fl:64161 sz:227337(227456) lv:101.0% dts:302.886 pts:302.886
2024-11-28 16:00:14.370 T:4489 info : Skipped 27 duplicate messages..
2024-11-28 16:00:14.370 T:4489 debug : CAMLCodec::PollFrame elapsed:35.009ms
2024-11-28 16:00:14.370 T:6455 debug : CAMLCodec::DequeueBuffer: pts:300.550 idx:8406
2024-11-28 16:00:14.370 T:6455 debug : CAMLCodec::GetPicture: index: 8406, pts: 300.550, dur:41.000ms ar:1.78 elf:39ms
2024-11-28 16:00:14.370 T:6455 debug : CVideoPlayerVideo::OutputPicture - ttd:399ms pts:300.550 Clock:300.150 Level:5
2024-11-28 16:00:14.373 T:4489 debug : PrepareNextRender: frameOnScreen: 300.153 renderPts: 300.362 nextFramePts: 300.342 -> diff: 0.020 render: 1 forceNext: 0
2024-11-28 16:00:14.374 T:6455 debug : CAMLCodec::AddData: dl:15669087 fl:53409 sz:227337(227456) lv:99.6% dts:302.886 pts:302.886
2024-11-28 16:00:14.374 T:6455 debug : CAMLCodec::AddData: skip add data dl:15668968 fl:53528 sz:243747(243840) lv:101.2% dts:302.928 pts:302.969
2024-11-28 16:00:14.375 T:6452 debug : CVideoPlayer::ProcessVideoData size:372563 dts:308.016 pts:308.141 dur:41.000ms, clock:300.156 level:64
2024-11-28 16:00:14.377 T:6455 debug : CAMLCodec::AddData: skip add data dl:15668968 fl:53528 sz:243747(243840) lv:101.2% dts:302.928 pts:302.969
2024-11-28 16:00:14.378 T:4489 debug : CAMLCodec::ReleaseFrame idx:8401, drop:0
2024-11-28 16:00:14.379 T:6455 debug : CAMLCodec::AddData: skip add data dl:15668968 fl:53528 sz:243747(243840) lv:101.2% dts:302.928 pts:302.969
2024-11-28 16:00:14.411 T:4489 info : Skipped 25 duplicate messages..
2024-11-28 16:00:14.411 T:4489 debug : CAMLCodec::PollFrame elapsed:33.645ms
2024-11-28 16:00:14.413 T:6455 debug : CAMLCodec::AddData: dl:15694632 fl:27864 sz:243747(243840) lv:99.8% dts:302.928 pts:302.969
2024-11-28 16:00:14.413 T:6455 debug : CAMLCodec::DequeueBuffer: pts:300.592 idx:8407
2024-11-28 16:00:14.413 T:6455 debug : CAMLCodec::GetPicture: index: 8407, pts: 300.592, dur:42.000ms ar:1.78 elf:43ms
2024-11-28 16:00:14.413 T:6455 debug : CVideoPlayerVideo::OutputPicture - ttd:398ms pts:300.592 Clock:300.194 Level:5
2024-11-28 16:00:14.415 T:4489 debug : PrepareNextRender: frameOnScreen: 300.195 renderPts: 300.404 nextFramePts: 300.383 -> diff: 0.021 render: 1 forceNext: 0
2024-11-28 16:00:14.415 T:6455 debug : CAMLCodec::AddData: skip add data dl:15694539 fl:27957 sz:349117(349184) lv:102.0% dts:302.969 pts:303.094
2024-11-28 16:00:14.418 T:4489 info : Skipped 1 duplicate messages..
2024-11-28 16:00:14.418 T:4489 debug : CAMLCodec::ReleaseFrame idx:8402, drop:0
2024-11-28 16:00:14.418 T:6455 debug : CAMLCodec::AddData: skip add data dl:15694539 fl:27957 sz:349117(349184) lv:102.0% dts:302.969 pts:303.094
2024-11-28 16:00:14.453 T:4489 info : Skipped 26 duplicate messages..
2024-11-28 16:00:14.453 T:4489 debug : CAMLCodec::PollFrame elapsed:35.201ms
2024-11-28 16:00:14.454 T:6455 debug : CAMLCodec::AddData: skip add data dl:15694539 fl:27957 sz:349117(349184) lv:102.0% dts:302.969 pts:303.094
2024-11-28 16:00:14.455 T:6455 debug : CAMLCodec::DequeueBuffer: pts:300.634 idx:8408
2024-11-28 16:00:14.455 T:6455 debug : CAMLCodec::GetPicture: index: 8408, pts: 300.634, dur:42.000ms ar:1.78 elf:41ms
2024-11-28 16:00:14.455 T:6455 debug : CVideoPlayerVideo::OutputPicture - ttd:398ms pts:300.634 Clock:300.235 Level:5
2024-11-28 16:00:14.455 T:4489 debug : PrepareNextRender: frameOnScreen: 300.236 renderPts: 300.445 nextFramePts: 300.425 -> diff: 0.020 render: 1 forceNext: 0
2024-11-28 16:00:14.457 T:6455 debug : CAMLCodec::AddData: skip add data dl:15419275 fl:303221 sz:349117(349184) lv:100.3% dts:302.969 pts:303.094
2024-11-28 16:00:14.457 T:4489 debug : CAMLCodec::ReleaseFrame idx:8403, drop:0
2024-11-28 16:00:14.458 T:6455 debug : CAMLCodec::AddData: skip add data dl:15419275 fl:303221 sz:349117(349184) lv:100.3% dts:302.969 pts:303.094
2024-11-28 16:00:14.488 T:6452 info : Skipped 21 duplicate messages..
2024-11-28 16:00:14.488 T:6452 debug : CVideoPlayer::ProcessVideoData size:293447 dts:308.058 pts:308.099 dur:41.000ms, clock:300.268 level:100
2024-11-28 16:00:14.488 T:6455 debug : CAMLCodec::AddData: skip add data dl:15419275 fl:303221 sz:349117(349184) lv:100.3% dts:302.969 pts:303.094
2024-11-28 16:00:14.495 T:4489 info : Skipped 4 duplicate messages..
2024-11-28 16:00:14.495 T:4489 debug : CAMLCodec::PollFrame elapsed:37.192ms
2024-11-28 16:00:14.498 T:6455 debug : CAMLCodec::AddData: dl:15526731 fl:195765 sz:349117(349184) lv:98.7% dts:302.969 pts:303.094
2024-11-28 16:00:14.498 T:6455 debug : CAMLCodec::DequeueBuffer: pts:300.675 idx:8409
2024-11-28 16:00:14.498 T:6455 debug : CAMLCodec::GetPicture: index: 8409, pts: 300.675, dur:41.000ms ar:1.78 elf:42ms
2024-11-28 16:00:14.498 T:4489 debug : PrepareNextRender: frameOnScreen: 300.278 renderPts: 300.487 nextFramePts: 300.467 -> diff: 0.020 render: 1 forceNext: 0
2024-11-28 16:00:14.498 T:6455 debug : CVideoPlayerVideo::OutputPicture - ttd:396ms pts:300.675 Clock:300.278 Level:4
2024-11-28 16:00:14.500 T:6455 debug : CAMLCodec::AddData: skip add data dl:15526664 fl:195832 sz:237903(238016) lv:100.2% dts:303.011 pts:303.053
2024-11-28 16:00:14.501 T:4489 debug : CAMLCodec::ReleaseFrame idx:8404, drop:0
2024-11-28 16:00:14.501 T:6455 debug : CAMLCodec::AddData: skip add data dl:15526664 fl:195832 sz:237903(238016) lv:100.2% dts:303.011 pts:303.053
2024-11-28 16:00:14.536 T:4489 info : Skipped 28 duplicate messages..
2024-11-28 16:00:14.536 T:4489 debug : CAMLCodec::PollFrame elapsed:35.396ms
2024-11-28 16:00:14.537 T:6455 debug : CAMLCodec::AddData: skip add data dl:15526664 fl:195832 sz:237903(238016) lv:100.2% dts:303.011 pts:303.053
2024-11-28 16:00:14.538 T:6455 debug : CAMLCodec::DequeueBuffer: pts:300.717 idx:8410
2024-11-28 16:00:14.538 T:6455 debug : CAMLCodec::GetPicture: index: 8410, pts: 300.717, dur:42.000ms ar:1.78 elf:39ms
2024-11-28 16:00:14.538 T:6455 debug : CVideoPlayerVideo::OutputPicture - ttd:398ms pts:300.717 Clock:300.318 Level:5
2024-11-28 16:00:14.539 T:4489 debug : PrepareNextRender: frameOnScreen: 300.319 renderPts: 300.528 nextFramePts: 300.509 -> diff: 0.019 render: 1 forceNext: 0
2024-11-28 16:00:14.542 T:6455 debug : CAMLCodec::AddData: dl:15542088 fl:180408 sz:237903(238016) lv:98.8% dts:303.011 pts:303.053
2024-11-28 16:00:14.542 T:4489 debug : CAMLCodec::ReleaseFrame idx:8405, drop:0
2024-11-28 16:00:14.543 T:6455 debug : CAMLCodec::AddData: skip add data dl:15541975 fl:180521 sz:235365(235456) lv:100.3% dts:303.053 pts:303.136
2024-11-28 16:00:14.550 T:6452 info : Skipped 4 duplicate messages..
2024-11-28 16:00:14.550 T:6452 debug : CVideoPlayer::ProcessVideoData size:300924 dts:308.099 pts:308.183 dur:41.000ms, clock:300.330 level:63
2024-11-28 16:00:14.551 T:6455 debug : CAMLCodec::AddData: skip add data dl:15541975 fl:180521 sz:235365(235456) lv:100.3% dts:303.053 pts:303.136
2024-11-28 16:00:14.579 T:4489 info : Skipped 18 duplicate messages..
2024-11-28 16:00:14.579 T:4489 debug : CAMLCodec::PollFrame elapsed:36.357ms
2024-11-28 16:00:14.581 T:6455 debug : CAMLCodec::AddData: dl:15410199 fl:312297 sz:235365(235456) lv:98.0% dts:303.053 pts:303.136
2024-11-28 16:00:14.581 T:6455 debug : CAMLCodec::DequeueBuffer: pts:300.759 idx:8411
2024-11-28 16:00:14.581 T:6455 debug : CAMLCodec::GetPicture: index: 8411, pts: 300.759, dur:42.000ms ar:1.78 elf:42ms
2024-11-28 16:00:14.581 T:6455 debug : CVideoPlayerVideo::OutputPicture - ttd:397ms pts:300.759 Clock:300.361 Level:5
2024-11-28 16:00:14.583 T:6455 debug : CAMLCodec::AddData: skip add data dl:15410108 fl:312388 sz:402397(402496) lv:100.5% dts:303.094 pts:303.470
2024-11-28 16:00:14.585 T:4489 debug : PrepareNextRender: frameOnScreen: 300.365 renderPts: 300.574 nextFramePts: 300.550 -> diff: 0.024 render: 1 forceNext: 0
2024-11-28 16:00:14.585 T:6455 debug : CAMLCodec::AddData: skip add data dl:15410108 fl:312388 sz:402397(402496) lv:100.5% dts:303.094 pts:303.470
2024-11-28 16:00:14.590 T:4489 info : Skipped 2 duplicate messages..
2024-11-28 16:00:14.590 T:4489 debug : CAMLCodec::ReleaseFrame idx:8406, drop:0
2024-11-28 16:00:14.591 T:6455 debug : CAMLCodec::AddData: skip add data dl:15410108 fl:312388 sz:402397(402496) lv:100.5% dts:303.094 pts:303.470
2024-11-28 16:00:14.596 T:6452 info : Skipped 2 duplicate messages..
2024-11-28 16:00:14.596 T:6452 debug : CVideoPlayer::ProcessVideoData size:447177 dts:308.141 pts:308.517 dur:41.000ms, clock:300.376 level:63
2024-11-28 16:00:14.597 T:6455 debug : CAMLCodec::AddData: skip add data dl:15410108 fl:312388 sz:402397(402496) lv:100.5% dts:303.094 pts:303.470
2024-11-28 16:00:14.607 T:6452 info : Skipped 5 duplicate messages..
2024-11-28 16:00:14.607 T:6452 debug : CVideoPlayer::ProcessVideoData size:385628 dts:308.183 pts:308.391 dur:41.000ms, clock:300.388 level:63
2024-11-28 16:00:14.608 T:6455 debug : CAMLCodec::AddData: skip add data dl:15410108 fl:312388 sz:402397(402496) lv:100.5% dts:303.094 pts:303.470
2024-11-28 16:00:14.627 T:4489 info : Skipped 6 duplicate messages..
2024-11-28 16:00:14.626 T:4489 debug : CAMLCodec::PollFrame elapsed:36.624ms
2024-11-28 16:00:14.627 T:6455 debug : CAMLCodec::DequeueBuffer: pts:300.801 idx:8412
2024-11-28 16:00:14.627 T:6455 debug : CAMLCodec::GetPicture: index: 8412, pts: 300.801, dur:42.000ms ar:1.78 elf:45ms
2024-11-28 16:00:14.627 T:6455 debug : CVideoPlayerVideo::OutputPicture - ttd:393ms pts:300.801 Clock:300.407 Level:5
2024-11-28 16:00:14.630 T:4489 debug : PrepareNextRender: frameOnScreen: 300.410 renderPts: 300.619 nextFramePts: 300.592 -> diff: 0.027 render: 1 forceNext: 0
2024-11-28 16:00:14.631 T:6455 debug : CAMLCodec::AddData: dl:15499324 fl:223172 sz:402397(402496) lv:98.5% dts:303.094 pts:303.470
2024-11-28 16:00:14.632 T:6455 debug : CAMLCodec::AddData: skip add data dl:15499225 fl:223271 sz:339566(339648) lv:100.7% dts:303.136 pts:303.345
2024-11-28 16:00:14.632 T:4489 debug : CAMLCodec::ReleaseFrame idx:8407, drop:0
2024-11-28 16:00:14.634 T:6455 debug : CAMLCodec::AddData: skip add data dl:15499225 fl:223271 sz:339566(339648) lv:100.7% dts:303.136 pts:303.345
2024-11-28 16:00:14.639 T:6452 info : Skipped 3 duplicate messages..
2024-11-28 16:00:14.639 T:6452 debug : CVideoPlayer::ProcessVideoData size:400345 dts:308.225 pts:308.308 dur:41.000ms, clock:300.419 level:63
2024-11-28 16:00:14.640 T:6455 debug : CAMLCodec::AddData: skip add data dl:15499225 fl:223271 sz:339566(339648) lv:100.7% dts:303.136 pts:303.345
2024-11-28 16:00:14.662 T:6455 info : Skipped 14 duplicate messages..
2024-11-28 16:00:14.662 T:6455 debug : CAMLCodec::DequeueBuffer: pts:300.842 idx:8413
2024-11-28 16:00:14.662 T:6455 debug : CAMLCodec::GetPicture: index: 8413, pts: 300.842, dur:41.000ms ar:1.78 elf:34ms
2024-11-28 16:00:14.662 T:6455 debug : CVideoPlayerVideo::OutputPicture - ttd:399ms pts:300.842 Clock:300.442 Level:5
2024-11-28 16:00:14.666 T:6455 debug : CAMLCodec::AddData: dl:15560409 fl:162087 sz:339566(339648) lv:98.9% dts:303.136 pts:303.345
2024-11-28 16:00:14.667 T:6455 debug : CAMLCodec::AddData: skip add data dl:15560327 fl:162169 sz:288822(288896) lv:100.8% dts:303.178 pts:303.261
2024-11-28 16:00:14.669 T:4489 info : Skipped 1 duplicate messages..
2024-11-28 16:00:14.669 T:4489 debug : CAMLCodec::PollFrame elapsed:36.285ms
2024-11-28 16:00:14.670 T:6455 debug : CAMLCodec::AddData: skip add data dl:15560327 fl:162169 sz:288822(288896) lv:100.8% dts:303.178 pts:303.261
2024-11-28 16:00:14.672 T:4489 info : Skipped 1 duplicate messages..
2024-11-28 16:00:14.672 T:4489 debug : PrepareNextRender: frameOnScreen: 300.452 renderPts: 300.661 nextFramePts: 300.634 -> diff: 0.027 render: 1 forceNext: 0
2024-11-28 16:00:14.674 T:6455 debug : CAMLCodec::AddData: skip add data dl:15560327 fl:162169 sz:288822(288896) lv:100.8% dts:303.178 pts:303.261
2024-11-28 16:00:14.674 T:4489 debug : CAMLCodec::ReleaseFrame idx:8408, drop:0
2024-11-28 16:00:14.675 T:6455 debug : CAMLCodec::AddData: skip add data dl:15560327 fl:162169 sz:288822(288896) lv:100.8% dts:303.178 pts:303.261
2024-11-28 16:00:14.703 T:6455 info : Skipped 19 duplicate messages..
2024-11-28 16:00:14.703 T:6455 debug : CAMLCodec::DequeueBuffer: pts:300.884 idx:8414
2024-11-28 16:00:14.703 T:4489 debug : CAMLCodec::PollFrame elapsed:28.733ms
2024-11-28 16:00:14.703 T:6455 debug : CAMLCodec::GetPicture: index: 8414, pts: 300.884, dur:42.000ms ar:1.78 elf:41ms
2024-11-28 16:00:14.703 T:6455 debug : CVideoPlayerVideo::OutputPicture - ttd:400ms pts:300.884 Clock:300.484 Level:5
2024-11-28 16:00:14.707 T:4489 debug : PrepareNextRender: frameOnScreen: 300.487 renderPts: 300.696 nextFramePts: 300.675 -> diff: 0.021 render: 1 forceNext: 0
2024-11-28 16:00:14.708 T:6455 debug : CAMLCodec::AddData: dl:15627143 fl:95353 sz:288822(288896) lv:99.4% dts:303.178 pts:303.261
2024-11-28 16:00:14.708 T:6455 debug : CAMLCodec::AddData: skip add data dl:15627069 fl:95427 sz:250599(250688) lv:100.9% dts:303.220 pts:303.220
2024-11-28 16:00:14.709 T:4489 debug : CAMLCodec::ReleaseFrame idx:8409, drop:0
2024-11-28 16:00:14.710 T:6455 debug : CAMLCodec::AddData: skip add data dl:15627069 fl:95427 sz:250599(250688) lv:100.9% dts:303.220 pts:303.220
2024-11-28 16:00:14.745 T:4489 info : Skipped 29 duplicate messages..
2024-11-28 16:00:14.745 T:4489 debug : CAMLCodec::PollFrame elapsed:35.894ms
2024-11-28 16:00:14.748 T:4489 debug : PrepareNextRender: frameOnScreen: 300.528 renderPts: 300.737 nextFramePts: 300.717 -> diff: 0.020 render: 1 forceNext: 0
2024-11-28 16:00:14.748 T:6455 debug : CAMLCodec::AddData: dl:15653565 fl:68931 sz:250599(250688) lv:99.5% dts:303.220 pts:303.220
2024-11-28 16:00:14.748 T:6455 debug : CAMLCodec::DequeueBuffer: pts:300.926 idx:8415
2024-11-28 16:00:14.748 T:6455 debug : CAMLCodec::GetPicture: index: 8415, pts: 300.926, dur:42.000ms ar:1.78 elf:45ms
2024-11-28 16:00:14.749 T:6455 debug : CVideoPlayerVideo::OutputPicture - ttd:397ms pts:300.926 Clock:300.529 Level:4
2024-11-28 16:00:14.750 T:6455 debug : CAMLCodec::AddData: skip add data dl:15653476 fl:69020 sz:247646(247744) lv:101.1% dts:303.261 pts:303.303
2024-11-28 16:00:14.751 T:4489 debug : CAMLCodec::ReleaseFrame idx:8410, drop:0
2024-11-28 16:00:14.752 T:6455 debug : CAMLCodec::AddData: skip add data dl:15653476 fl:69020 sz:247646(247744) lv:101.1% dts:303.261 pts:303.303
2024-11-28 16:00:14.752 T:6452 debug : CVideoPlayer::ProcessVideoData size:296746 dts:308.266 pts:308.266 dur:41.000ms, clock:300.532 level:62
2024-11-28 16:00:14.754 T:6455 debug : CAMLCodec::AddData: skip add data dl:15653476 fl:69020 sz:247646(247744) lv:101.1% dts:303.261 pts:303.303
2024-11-28 16:00:14.763 T:6452 info : Skipped 6 duplicate messages..
2024-11-28 16:00:14.763 T:6452 debug : CVideoPlayer::ProcessVideoData size:314211 dts:308.308 pts:308.350 dur:41.000ms, clock:300.544 level:100
2024-11-28 16:00:14.765 T:6455 debug : CAMLCodec::AddData: skip add data dl:15653476 fl:69020 sz:247646(247744) lv:101.1% dts:303.261 pts:303.303
2024-11-28 16:00:14.787 T:4489 info : Skipped 17 duplicate messages..
2024-11-28 16:00:14.787 T:4489 debug : CAMLCodec::PollFrame elapsed:34.924ms
2024-11-28 16:00:14.787 T:6455 debug : CAMLCodec::DequeueBuffer: pts:300.967 idx:8416
2024-11-28 16:00:14.788 T:6455 debug : CAMLCodec::GetPicture: index: 8416, pts: 300.967, dur:41.000ms ar:1.78 elf:38ms
2024-11-28 16:00:14.788 T:6455 debug : CVideoPlayerVideo::OutputPicture - ttd:399ms pts:300.967 Clock:300.568 Level:5
2024-11-28 16:00:14.790 T:4489 debug : PrepareNextRender: frameOnScreen: 300.570 renderPts: 300.779 nextFramePts: 300.759 -> diff: 0.020 render: 1 forceNext: 0
2024-11-28 16:00:14.791 T:6455 debug : CAMLCodec::AddData: dl:15622564 fl:99932 sz:247646(247744) lv:99.3% dts:303.261 pts:303.303
