2024-11-28 16:00:23.301 T:6455 debug : CAMLCodec::AddData: dl:15515451 fl:207045 sz:232589(232704) lv:98.6% dts:311.394 pts:311.394
2024-11-28 16:00:23.301 T:6455 debug : CAMLCodec::AddData: skip add data dl:15515336 fl:207160 sz:243604(243712) lv:100.2% dts:311.436 pts:311.478
2024-11-28 16:00:23.303 T:6452 info : Skipped 1 duplicate messages..
2024-11-28 16:00:23.303 T:6452 debug : CVideoPlayer::ProcessVideoData size:424937 dts:316.525 pts:316.608 dur:41.000ms, clock:309.084 level:63
2024-11-28 16:00:23.303 T:4489 debug : CAMLCodec::ReleaseFrame idx:8615, drop:0
2024-11-28 16:00:23.305 T:6455 debug : CAMLCodec::AddData: skip add data dl:15515336 fl:207160 sz:243604(243712) lv:100.2% dts:311.436 pts:311.478
2024-11-28 16:00:23.336 T:4489 info : Skipped 24 duplicate messages..
2024-11-28 16:00:23.336 T:4489 debug : CAMLCodec::PollFrame elapsed:32.927ms
2024-11-28 16:00:23.337 T:6455 debug : CAMLCodec::AddData: skip add data dl:15515336 fl:207160 sz:243604(243712) lv:100.2% dts:311.436 pts:311.478
2024-11-28 16:00:23.340 T:4489 debug : PrepareNextRender: frameOnScreen: 309.121 renderPts: 309.330 nextFramePts: 309.309 -> diff: 0.021 render: 1 forceNext: 0
2024-11-28 16:00:23.340 T:6455 debug : CAMLCodec::AddData: dl:15377352 fl:345144 sz:243604(243712) lv:97.8% dts:311.436 pts:311.478
2024-11-28 16:00:23.343 T:4489 debug : CAMLCodec::ReleaseFrame idx:8616, drop:0
2024-11-28 16:00:23.343 T:6455 debug : CAMLCodec::AddData: dl:15675356 fl:47140 sz:298018(298112) lv:99.7% dts:311.478 pts:311.603
2024-11-28 16:00:23.344 T:6455 debug : CAMLCodec::AddData: skip add data dl:15675262 fl:47234 sz:242659(242752) lv:101.2% dts:311.520 pts:311.561
2024-11-28 16:00:23.345 T:6452 debug : CVideoPlayer::ProcessVideoData size:349884 dts:316.566 pts:316.566 dur:41.000ms, clock:309.126 level:63
2024-11-28 16:00:23.347 T:6452 debug : CVideoPlayer::ProcessVideoData size:372183 dts:316.608 pts:316.650 dur:41.000ms, clock:309.127 level:63
2024-11-28 16:00:23.345 T:6455 debug : CAMLCodec::AddData: skip add data dl:15675262 fl:47234 sz:242659(242752) lv:101.2% dts:311.520 pts:311.561
2024-11-28 16:00:23.378 T:4489 info : Skipped 24 duplicate messages..
2024-11-28 16:00:23.378 T:4489 debug : CAMLCodec::PollFrame elapsed:34.864ms
2024-11-28 16:00:23.380 T:6455 debug : CAMLCodec::AddData: dl:15525182 fl:197314 sz:242659(242752) lv:98.7% dts:311.520 pts:311.561
2024-11-28 16:00:23.381 T:6455 debug : CAMLCodec::DequeueBuffer: pts:309.559 idx:8622
2024-11-28 16:00:23.381 T:6455 debug : CAMLCodec::GetPicture: index: 8622, pts: 309.559, dur:41.000ms ar:1.78 elf:164ms
2024-11-28 16:00:23.381 T:6455 debug : CVideoPlayerVideo::OutputPicture - ttd:397ms pts:309.559 Clock:309.162 Level:5
2024-11-28 16:00:23.382 T:4489 debug : PrepareNextRender: frameOnScreen: 309.162 renderPts: 309.372 nextFramePts: 309.351 -> diff: 0.021 render: 1 forceNext: 0
2024-11-28 16:00:23.383 T:6455 debug : CAMLCodec::AddData: skip add data dl:15525089 fl:197407 sz:410702(410816) lv:101.3% dts:311.561 pts:311.686
2024-11-28 16:00:23.386 T:4489 info : Skipped 1 duplicate messages..
2024-11-28 16:00:23.386 T:4489 debug : CAMLCodec::ReleaseFrame idx:8617, drop:0
2024-11-28 16:00:23.387 T:6455 debug : CAMLCodec::AddData: skip add data dl:15525089 fl:197407 sz:410702(410816) lv:101.3% dts:311.561 pts:311.686
2024-11-28 16:00:23.409 T:6452 info : Skipped 13 duplicate messages..
2024-11-28 16:00:23.409 T:6452 debug : CVideoPlayer::ProcessVideoData size:431564 dts:316.650 pts:316.775 dur:41.000ms, clock:309.190 level:63
2024-11-28 16:00:23.409 T:6455 debug : CAMLCodec::AddData: skip add data dl:15525089 fl:197407 sz:410702(410816) lv:101.3% dts:311.561 pts:311.686
2024-11-28 16:00:23.420 T:4489 info : Skipped 6 duplicate messages..
2024-11-28 16:00:23.420 T:4489 debug : CAMLCodec::PollFrame elapsed:33.913ms
2024-11-28 16:00:23.424 T:6455 debug : CAMLCodec::AddData: dl:15637665 fl:84831 sz:410702(410816) lv:99.4% dts:311.561 pts:311.686
2024-11-28 16:00:23.424 T:6455 debug : CAMLCodec::DequeueBuffer: pts:309.601 idx:8623
2024-11-28 16:00:23.424 T:6455 debug : CAMLCodec::GetPicture: index: 8623, pts: 309.601, dur:42.000ms ar:1.78 elf:43ms
2024-11-28 16:00:23.424 T:4489 debug : PrepareNextRender: frameOnScreen: 309.205 renderPts: 309.414 nextFramePts: 309.392 -> diff: 0.022 render: 1 forceNext: 0
2024-11-28 16:00:23.425 T:6455 debug : CVideoPlayerVideo::OutputPicture - ttd:395ms pts:309.601 Clock:309.205 Level:4
2024-11-28 16:00:23.427 T:6455 debug : CAMLCodec::AddData: skip add data dl:15637551 fl:84945 sz:374653(374720) lv:101.8% dts:311.603 pts:312.020
2024-11-28 16:00:23.428 T:4489 debug : CAMLCodec::ReleaseFrame idx:8618, drop:0
2024-11-28 16:00:23.428 T:6455 debug : CAMLCodec::AddData: skip add data dl:15637551 fl:84945 sz:374653(374720) lv:101.8% dts:311.603 pts:312.020
2024-11-28 16:00:23.431 T:6452 info : Skipped 1 duplicate messages..
2024-11-28 16:00:23.431 T:6452 debug : CVideoPlayer::ProcessVideoData size:354784 dts:316.691 pts:316.733 dur:41.000ms, clock:309.212 level:100
2024-11-28 16:00:23.432 T:6455 debug : CAMLCodec::AddData: skip add data dl:15637551 fl:84945 sz:374653(374720) lv:101.8% dts:311.603 pts:312.020
2024-11-28 16:00:23.462 T:4489 info : Skipped 20 duplicate messages..
2024-11-28 16:00:23.462 T:4489 debug : CAMLCodec::PollFrame elapsed:33.511ms
2024-11-28 16:00:23.462 T:6455 debug : CAMLCodec::DequeueBuffer: pts:309.643 idx:8624
2024-11-28 16:00:23.463 T:6455 debug : CAMLCodec::GetPicture: index: 8624, pts: 309.643, dur:42.000ms ar:1.78 elf:37ms
2024-11-28 16:00:23.463 T:6455 debug : CVideoPlayerVideo::OutputPicture - ttd:399ms pts:309.643 Clock:309.243 Level:5
2024-11-28 16:00:23.466 T:4489 debug : PrepareNextRender: frameOnScreen: 309.246 renderPts: 309.455 nextFramePts: 309.434 -> diff: 0.021 render: 1 forceNext: 0
2024-11-28 16:00:23.467 T:6455 debug : CAMLCodec::AddData: dl:15714223 fl:8273 sz:374653(374720) lv:99.9% dts:311.603 pts:312.020
2024-11-28 16:00:23.468 T:6455 debug : CAMLCodec::AddData: skip add data dl:15714156 fl:8340 sz:293254(293376) lv:101.8% dts:311.645 pts:311.853
2024-11-28 16:00:23.469 T:4489 debug : CAMLCodec::ReleaseFrame idx:8619, drop:0
2024-11-28 16:00:23.469 T:6455 debug : CAMLCodec::AddData: skip add data dl:15714156 fl:8340 sz:293254(293376) lv:101.8% dts:311.645 pts:311.853
2024-11-28 16:00:23.474 T:6452 info : Skipped 3 duplicate messages..
2024-11-28 16:00:23.474 T:6452 debug : CVideoPlayer::ProcessVideoData size:371021 dts:316.733 pts:316.817 dur:41.000ms, clock:309.254 level:63
2024-11-28 16:00:23.475 T:6455 debug : CAMLCodec::AddData: skip add data dl:15714156 fl:8340 sz:293254(293376) lv:101.8% dts:311.645 pts:311.853
2024-11-28 16:00:23.503 T:4489 info : Skipped 20 duplicate messages..
2024-11-28 16:00:23.503 T:4489 debug : CAMLCodec::PollFrame elapsed:34.145ms
2024-11-28 16:00:23.503 T:6455 debug : CAMLCodec::DequeueBuffer: pts:309.684 idx:8625
2024-11-28 16:00:23.503 T:6455 debug : CAMLCodec::GetPicture: index: 8625, pts: 309.684, dur:41.000ms ar:1.78 elf:40ms
2024-11-28 16:00:23.504 T:6455 debug : CVideoPlayerVideo::OutputPicture - ttd:399ms pts:309.684 Clock:309.284 Level:5
2024-11-28 16:00:23.507 T:4489 debug : PrepareNextRender: frameOnScreen: 309.288 renderPts: 309.497 nextFramePts: 309.476 -> diff: 0.021 render: 1 forceNext: 0
2024-11-28 16:00:23.508 T:6455 debug : CAMLCodec::AddData: dl:15642284 fl:80212 sz:293254(293376) lv:99.5% dts:311.645 pts:311.853
2024-11-28 16:00:23.508 T:6455 debug : CAMLCodec::AddData: skip add data dl:15642162 fl:80334 sz:291169(291264) lv:101.3% dts:311.686 pts:311.770
2024-11-28 16:00:23.511 T:4489 info : Skipped 1 duplicate messages..
2024-11-28 16:00:23.511 T:4489 debug : CAMLCodec::ReleaseFrame idx:8620, drop:0
2024-11-28 16:00:23.511 T:6455 debug : CAMLCodec::AddData: skip add data dl:15642162 fl:80334 sz:291169(291264) lv:101.3% dts:311.686 pts:311.770
2024-11-28 16:00:23.545 T:4489 info : Skipped 26 duplicate messages..
2024-11-28 16:00:23.545 T:4489 debug : CAMLCodec::PollFrame elapsed:33.761ms
2024-11-28 16:00:23.545 T:6455 debug : CAMLCodec::DequeueBuffer: pts:309.726 idx:8626
2024-11-28 16:00:23.545 T:6455 debug : CAMLCodec::GetPicture: index: 8626, pts: 309.726, dur:42.000ms ar:1.78 elf:41ms
2024-11-28 16:00:23.545 T:6455 debug : CVideoPlayerVideo::OutputPicture - ttd:399ms pts:309.726 Clock:309.326 Level:5
2024-11-28 16:00:23.549 T:4489 debug : PrepareNextRender: frameOnScreen: 309.330 renderPts: 309.539 nextFramePts: 309.518 -> diff: 0.021 render: 1 forceNext: 0
2024-11-28 16:00:23.549 T:6455 debug : CAMLCodec::AddData: dl:15638706 fl:83790 sz:291169(291264) lv:99.4% dts:311.686 pts:311.770
2024-11-28 16:00:23.550 T:6455 debug : CAMLCodec::AddData: skip add data dl:15638611 fl:83885 sz:223947(224064) lv:100.9% dts:311.728 pts:311.728
2024-11-28 16:00:23.553 T:4489 info : Skipped 2 duplicate messages..
2024-11-28 16:00:23.553 T:4489 debug : CAMLCodec::ReleaseFrame idx:8621, drop:0
2024-11-28 16:00:23.554 T:6455 debug : CAMLCodec::AddData: skip add data dl:15638611 fl:83885 sz:223947(224064) lv:100.9% dts:311.728 pts:311.728
2024-11-28 16:00:23.566 T:6452 info : Skipped 8 duplicate messages..
2024-11-28 16:00:23.566 T:6452 debug : CVideoPlayer::ProcessVideoData size:511946 dts:316.775 pts:317.150 dur:41.000ms, clock:309.346 level:63
2024-11-28 16:00:23.566 T:6455 debug : CAMLCodec::AddData: skip add data dl:15638611 fl:83885 sz:223947(224064) lv:100.9% dts:311.728 pts:311.728
2024-11-28 16:00:23.587 T:4489 info : Skipped 14 duplicate messages..
2024-11-28 16:00:23.587 T:4489 debug : CAMLCodec::PollFrame elapsed:33.631ms
2024-11-28 16:00:23.589 T:6455 debug : CAMLCodec::AddData: dl:15557075 fl:165421 sz:223947(224064) lv:98.9% dts:311.728 pts:311.728
2024-11-28 16:00:23.589 T:6455 debug : CAMLCodec::DequeueBuffer: pts:309.768 idx:8627
2024-11-28 16:00:23.589 T:6455 debug : CAMLCodec::GetPicture: index: 8627, pts: 309.768, dur:42.000ms ar:1.78 elf:43ms
2024-11-28 16:00:23.589 T:6455 debug : CVideoPlayerVideo::OutputPicture - ttd:397ms pts:309.768 Clock:309.370 Level:5
2024-11-28 16:00:23.590 T:4489 debug : PrepareNextRender: frameOnScreen: 309.370 renderPts: 309.580 nextFramePts: 309.559 -> diff: 0.021 render: 1 forceNext: 0
2024-11-28 16:00:23.591 T:6455 debug : CAMLCodec::AddData: skip add data dl:15556958 fl:165538 sz:232882(232960) lv:100.4% dts:311.770 pts:311.812
2024-11-28 16:00:23.593 T:4489 info : Skipped 1 duplicate messages..
2024-11-28 16:00:23.593 T:4489 debug : CAMLCodec::ReleaseFrame idx:8622, drop:0
2024-11-28 16:00:23.595 T:6455 debug : CAMLCodec::AddData: skip add data dl:15556958 fl:165538 sz:232882(232960) lv:100.4% dts:311.770 pts:311.812
2024-11-28 16:00:23.598 T:6452 info : Skipped 1 duplicate messages..
2024-11-28 16:00:23.598 T:6452 debug : CVideoPlayer::ProcessVideoData size:426990 dts:316.817 pts:317.025 dur:41.000ms, clock:309.378 level:63
2024-11-28 16:00:23.598 T:6455 debug : CAMLCodec::AddData: skip add data dl:15556958 fl:165538 sz:232882(232960) lv:100.4% dts:311.770 pts:311.812
2024-11-28 16:00:23.628 T:4489 info : Skipped 21 duplicate messages..
2024-11-28 16:00:23.628 T:4489 debug : CAMLCodec::PollFrame elapsed:34.651ms
2024-11-28 16:00:23.631 T:4489 debug : PrepareNextRender: frameOnScreen: 309.412 renderPts: 309.621 nextFramePts: 309.601 -> diff: 0.020 render: 1 forceNext: 0
2024-11-28 16:00:23.631 T:6455 debug : CAMLCodec::AddData: dl:15308510 fl:413986 sz:232882(232960) lv:97.3% dts:311.770 pts:311.812
2024-11-28 16:00:23.632 T:6455 debug : CAMLCodec::DequeueBuffer: pts:309.810 idx:8628
2024-11-28 16:00:23.632 T:6455 debug : CAMLCodec::GetPicture: index: 8628, pts: 309.810, dur:42.000ms ar:1.78 elf:42ms
2024-11-28 16:00:23.632 T:6455 debug : CVideoPlayerVideo::OutputPicture - ttd:397ms pts:309.810 Clock:309.412 Level:4
2024-11-28 16:00:23.635 T:4489 debug : CAMLCodec::ReleaseFrame idx:8623, drop:0
2024-11-28 16:00:23.636 T:6455 debug : CAMLCodec::AddData: dl:15608016 fl:114480 sz:299506(299584) lv:99.2% dts:311.812 pts:311.937
2024-11-28 16:00:23.636 T:6455 debug : CAMLCodec::AddData: skip add data dl:15607938 fl:114558 sz:236689(236800) lv:100.7% dts:311.853 pts:311.895
2024-11-28 16:00:23.650 T:6452 info : Skipped 10 duplicate messages..
2024-11-28 16:00:23.650 T:6452 debug : CVideoPlayer::ProcessVideoData size:416676 dts:316.858 pts:316.942 dur:41.000ms, clock:309.431 level:62
2024-11-28 16:00:23.650 T:6455 debug : CAMLCodec::AddData: skip add data dl:15607938 fl:114558 sz:236689(236800) lv:100.7% dts:311.853 pts:311.895
2024-11-28 16:00:23.670 T:4489 info : Skipped 15 duplicate messages..
2024-11-28 16:00:23.670 T:4489 debug : CAMLCodec::PollFrame elapsed:35.075ms
2024-11-28 16:00:23.670 T:6455 debug : CAMLCodec::DequeueBuffer: pts:309.851 idx:8629
2024-11-28 16:00:23.671 T:6455 debug : CAMLCodec::GetPicture: index: 8629, pts: 309.851, dur:41.000ms ar:1.78 elf:38ms
2024-11-28 16:00:23.671 T:6455 debug : CVideoPlayerVideo::OutputPicture - ttd:399ms pts:309.851 Clock:309.451 Level:5
2024-11-28 16:00:23.673 T:4489 debug : PrepareNextRender: frameOnScreen: 309.454 renderPts: 309.663 nextFramePts: 309.643 -> diff: 0.020 render: 1 forceNext: 0
2024-11-28 16:00:23.674 T:6455 debug : CAMLCodec::AddData: dl:15421186 fl:301310 sz:236689(236800) lv:98.0% dts:311.853 pts:311.895
2024-11-28 16:00:23.677 T:4489 debug : CAMLCodec::ReleaseFrame idx:8624, drop:0
2024-11-28 16:00:23.677 T:6455 debug : CAMLCodec::AddData: dl:15652243 fl:70253 sz:231041(231168) lv:99.5% dts:311.895 pts:311.978
2024-11-28 16:00:23.678 T:6455 debug : CAMLCodec::AddData: skip add data dl:15652116 fl:70380 sz:390151(390272) lv:102.0% dts:311.937 pts:312.354
2024-11-28 16:00:23.682 T:6452 info : Skipped 2 duplicate messages..
2024-11-28 16:00:23.682 T:6452 debug : CVideoPlayer::ProcessVideoData size:348618 dts:316.900 pts:316.900 dur:41.000ms, clock:309.463 level:62
2024-11-28 16:00:23.683 T:6455 debug : CAMLCodec::AddData: skip add data dl:15652116 fl:70380 sz:390151(390272) lv:102.0% dts:311.937 pts:312.354
2024-11-28 16:00:23.684 T:6452 debug : CVideoPlayer::ProcessVideoData size:375841 dts:316.942 pts:316.983 dur:41.000ms, clock:309.465 level:62
2024-11-28 16:00:23.685 T:6455 debug : CAMLCodec::AddData: skip add data dl:15652116 fl:70380 sz:390151(390272) lv:102.0% dts:311.937 pts:312.354
2024-11-28 16:00:23.712 T:4489 info : Skipped 18 duplicate messages..
2024-11-28 16:00:23.712 T:4489 debug : CAMLCodec::PollFrame elapsed:34.790ms
2024-11-28 16:00:23.714 T:6455 debug : CAMLCodec::AddData: dl:15662036 fl:60460 sz:390151(390272) lv:99.6% dts:311.937 pts:312.354
2024-11-28 16:00:23.715 T:6455 debug : CAMLCodec::DequeueBuffer: pts:309.893 idx:8630
2024-11-28 16:00:23.715 T:6455 debug : CAMLCodec::GetPicture: index: 8630, pts: 309.893, dur:42.000ms ar:1.78 elf:44ms
2024-11-28 16:00:23.715 T:6455 debug : CVideoPlayerVideo::OutputPicture - ttd:397ms pts:309.893 Clock:309.495 Level:5
2024-11-28 16:00:23.715 T:4489 debug : PrepareNextRender: frameOnScreen: 309.496 renderPts: 309.705 nextFramePts: 309.684 -> diff: 0.021 render: 1 forceNext: 0
2024-11-28 16:00:23.716 T:6455 debug : CAMLCodec::AddData: skip add data dl:15661915 fl:60581 sz:306714(306816) lv:101.5% dts:311.978 pts:312.187
2024-11-28 16:00:23.718 T:4489 debug : CAMLCodec::ReleaseFrame idx:8625, drop:0
2024-11-28 16:00:23.718 T:6455 debug : CAMLCodec::AddData: skip add data dl:15661915 fl:60581 sz:306714(306816) lv:101.5% dts:311.978 pts:312.187
2024-11-28 16:00:23.753 T:6455 info : Skipped 26 duplicate messages..
2024-11-28 16:00:23.753 T:6455 debug : CAMLCodec::DequeueBuffer: pts:309.935 idx:8631
2024-11-28 16:00:23.753 T:6455 debug : CAMLCodec::GetPicture: index: 8631, pts: 309.935, dur:42.000ms ar:1.78 elf:38ms
2024-11-28 16:00:23.753 T:4489 debug : CAMLCodec::PollFrame elapsed:35.204ms
2024-11-28 16:00:23.753 T:6455 debug : CVideoPlayerVideo::OutputPicture - ttd:400ms pts:309.935 Clock:309.534 Level:5
2024-11-28 16:00:23.757 T:4489 debug : PrepareNextRender: frameOnScreen: 309.538 renderPts: 309.747 nextFramePts: 309.726 -> diff: 0.021 render: 1 forceNext: 0
2024-11-28 16:00:23.757 T:6455 debug : CAMLCodec::AddData: dl:15665371 fl:57125 sz:306714(306816) lv:99.6% dts:311.978 pts:312.187
2024-11-28 16:00:23.758 T:6455 debug : CAMLCodec::AddData: skip add data dl:15665269 fl:57227 sz:304346(304448) lv:101.5% dts:312.020 pts:312.103
2024-11-28 16:00:23.761 T:4489 info : Skipped 1 duplicate messages..
2024-11-28 16:00:23.760 T:4489 debug : CAMLCodec::ReleaseFrame idx:8626, drop:0
2024-11-28 16:00:23.761 T:6455 debug : CAMLCodec::AddData: skip add data dl:15665269 fl:57227 sz:304346(304448) lv:101.5% dts:312.020 pts:312.103
2024-11-28 16:00:23.795 T:4489 info : Skipped 26 duplicate messages..
2024-11-28 16:00:23.795 T:4489 debug : CAMLCodec::PollFrame elapsed:34.340ms
2024-11-28 16:00:23.795 T:6455 debug : CAMLCodec::DequeueBuffer: pts:309.976 idx:8632
2024-11-28 16:00:23.795 T:6455 debug : CAMLCodec::GetPicture: index: 8632, pts: 309.976, dur:41.000ms ar:1.78 elf:41ms
2024-11-28 16:00:23.796 T:6455 debug : CVideoPlayerVideo::OutputPicture - ttd:399ms pts:309.976 Clock:309.576 Level:5
2024-11-28 16:00:23.799 T:4489 debug : PrepareNextRender: frameOnScreen: 309.580 renderPts: 309.789 nextFramePts: 309.768 -> diff: 0.021 render: 1 forceNext: 0
2024-11-28 16:00:23.799 T:6455 debug : CAMLCodec::AddData: dl:15663669 fl:58827 sz:304346(304448) lv:99.6% dts:312.020 pts:312.103
2024-11-28 16:00:23.800 T:6455 debug : CAMLCodec::AddData: skip add data dl:15663567 fl:58929 sz:243621(243712) lv:101.1% dts:312.062 pts:312.062
2024-11-28 16:00:23.802 T:4489 info : Skipped 1 duplicate messages..
2024-11-28 16:00:23.802 T:4489 debug : CAMLCodec::ReleaseFrame idx:8627, drop:0
2024-11-28 16:00:23.802 T:6455 debug : CAMLCodec::AddData: skip add data dl:15663567 fl:58929 sz:243621(243712) lv:101.1% dts:312.062 pts:312.062
2024-11-28 16:00:23.808 T:6452 info : Skipped 3 duplicate messages..
2024-11-28 16:00:23.808 T:6452 debug : CVideoPlayer::ProcessVideoData size:422634 dts:316.983 pts:317.108 dur:41.000ms, clock:309.589 level:61
2024-11-28 16:00:23.808 T:6455 debug : CAMLCodec::AddData: skip add data dl:15663567 fl:58929 sz:243621(243712) lv:101.1% dts:312.062 pts:312.062
2024-11-28 16:00:23.809 T:6452 debug : CVideoPlayer::ProcessVideoData size:360488 dts:317.025 pts:317.067 dur:41.000ms, clock:309.590 level:100
2024-11-28 16:00:23.811 T:6455 debug : CAMLCodec::AddData: skip add data dl:15663567 fl:58929 sz:243621(243712) lv:101.1% dts:312.062 pts:312.062
2024-11-28 16:00:23.837 T:4489 info : Skipped 20 duplicate messages..
2024-11-28 16:00:23.837 T:4489 debug : CAMLCodec::PollFrame elapsed:34.265ms
2024-11-28 16:00:23.837 T:6455 debug : CAMLCodec::DequeueBuffer: pts:310.018 idx:8633
2024-11-28 16:00:23.837 T:6455 debug : CAMLCodec::GetPicture: index: 8633, pts: 310.018, dur:42.000ms ar:1.78 elf:41ms
2024-11-28 16:00:23.837 T:6455 debug : CVideoPlayerVideo::OutputPicture - ttd:399ms pts:310.018 Clock:309.618 Level:5
2024-11-28 16:00:23.841 T:4489 debug : PrepareNextRender: frameOnScreen: 309.622 renderPts: 309.831 nextFramePts: 309.810 -> diff: 0.021 render: 1 forceNext: 0
2024-11-28 16:00:23.841 T:6455 debug : CAMLCodec::AddData: dl:15522895 fl:199601 sz:243621(243712) lv:98.7% dts:312.062 pts:312.062
2024-11-28 16:00:23.842 T:6455 debug : CAMLCodec::AddData: skip add data dl:15522804 fl:199692 sz:239012(239104) lv:100.2% dts:312.103 pts:312.145
2024-11-28 16:00:23.844 T:4489 info : Skipped 1 duplicate messages..
2024-11-28 16:00:23.844 T:4489 debug : CAMLCodec::ReleaseFrame idx:8628, drop:0
2024-11-28 16:00:23.845 T:6455 debug : CAMLCodec::AddData: skip add data dl:15522804 fl:199692 sz:239012(239104) lv:100.2% dts:312.103 pts:312.145
2024-11-28 16:00:23.879 T:4489 info : Skipped 27 duplicate messages..
2024-11-28 16:00:23.879 T:4489 debug : CAMLCodec::PollFrame elapsed:33.690ms
2024-11-28 16:00:23.879 T:6455 debug : CAMLCodec::DequeueBuffer: pts:310.060 idx:8634
2024-11-28 16:00:23.879 T:6455 debug : CAMLCodec::GetPicture: index: 8634, pts: 310.060, dur:42.000ms ar:1.78 elf:41ms
2024-11-28 16:00:23.879 T:6455 debug : CVideoPlayerVideo::OutputPicture - ttd:400ms pts:310.060 Clock:309.660 Level:5
2024-11-28 16:00:23.883 T:6455 debug : CAMLCodec::AddData: dl:15437748 fl:284748 sz:239012(239104) lv:98.2% dts:312.103 pts:312.145
2024-11-28 16:00:23.883 T:6455 debug : CAMLCodec::AddData: skip add data dl:15437656 fl:284840 sz:300080(300160) lv:100.1% dts:312.145 pts:312.270
2024-11-28 16:00:23.884 T:4489 debug : PrepareNextRender: frameOnScreen: 309.665 renderPts: 309.874 nextFramePts: 309.851 -> diff: 0.023 render: 1 forceNext: 0
2024-11-28 16:00:23.885 T:6452 debug : CVideoPlayer::ProcessVideoData size:561896 dts:317.067 pts:317.192 dur:41.000ms, clock:309.665 level:61
2024-11-28 16:00:23.886 T:6455 debug : CAMLCodec::AddData: skip add data dl:15437656 fl:284840 sz:300080(300160) lv:100.1% dts:312.145 pts:312.270
2024-11-28 16:00:23.887 T:4489 debug : CAMLCodec::ReleaseFrame idx:8629, drop:0
2024-11-28 16:00:23.888 T:6455 debug : CAMLCodec::AddData: skip add data dl:15437656 fl:284840 sz:300080(300160) lv:100.1% dts:312.145 pts:312.270
2024-11-28 16:00:23.920 T:4489 info : Skipped 24 duplicate messages..
2024-11-28 16:00:23.920 T:4489 debug : CAMLCodec::PollFrame elapsed:32.658ms
2024-11-28 16:00:23.921 T:6455 debug : CAMLCodec::AddData: skip add data dl:15437656 fl:284840 sz:300080(300160) lv:100.1% dts:312.145 pts:312.270
2024-11-28 16:00:23.922 T:6455 debug : CAMLCodec::DequeueBuffer: pts:310.101 idx:8635
2024-11-28 16:00:23.922 T:6455 debug : CAMLCodec::GetPicture: index: 8635, pts: 310.101, dur:41.000ms ar:1.78 elf:43ms
2024-11-28 16:00:23.922 T:6455 debug : CVideoPlayerVideo::OutputPicture - ttd:397ms pts:310.101 Clock:309.703 Level:5
2024-11-28 16:00:23.923 T:4489 debug : PrepareNextRender: frameOnScreen: 309.704 renderPts: 309.913 nextFramePts: 309.893 -> diff: 0.020 render: 1 forceNext: 0
2024-11-28 16:00:23.926 T:6455 debug : CAMLCodec::AddData: dl:15398296 fl:324200 sz:300080(300160) lv:97.9% dts:312.145 pts:312.270
2024-11-28 16:00:23.926 T:4489 debug : CAMLCodec::ReleaseFrame idx:8630, drop:0
2024-11-28 16:00:23.929 T:6455 debug : CAMLCodec::AddData: dl:15643592 fl:78904 sz:245272(245376) lv:99.5% dts:312.187 pts:312.229
2024-11-28 16:00:23.930 T:6455 debug : CAMLCodec::AddData: skip add data dl:15643488 fl:79008 sz:238226(238336) lv:101.0% dts:312.229 pts:312.312
2024-11-28 16:00:23.962 T:4489 info : Skipped 26 duplicate messages..
2024-11-28 16:00:23.962 T:4489 debug : CAMLCodec::PollFrame elapsed:35.358ms
2024-11-28 16:00:23.965 T:6455 debug : CAMLCodec::AddData: dl:15354656 fl:367840 sz:238226(238336) lv:97.6% dts:312.229 pts:312.312
2024-11-28 16:00:23.965 T:6455 debug : CAMLCodec::DequeueBuffer: pts:310.143 idx:8636
2024-11-28 16:00:23.965 T:6455 debug : CAMLCodec::GetPicture: index: 8636, pts: 310.143, dur:42.000ms ar:1.78 elf:42ms
2024-11-28 16:00:23.965 T:4489 debug : PrepareNextRender: frameOnScreen: 309.746 renderPts: 309.955 nextFramePts: 309.935 -> diff: 0.020 render: 1 forceNext: 0
2024-11-28 16:00:23.965 T:6455 debug : CVideoPlayerVideo::OutputPicture - ttd:396ms pts:310.143 Clock:309.746 Level:4
2024-11-28 16:00:23.968 T:6455 debug : CAMLCodec::AddData: skip add data dl:15354546 fl:367950 sz:411147(411264) lv:100.2% dts:312.270 pts:312.646
2024-11-28 16:00:23.970 T:4489 info : Skipped 1 duplicate messages..
2024-11-28 16:00:23.970 T:4489 debug : CAMLCodec::ReleaseFrame idx:8631, drop:0
2024-11-28 16:00:23.972 T:6455 debug : CAMLCodec::AddData: skip add data dl:15354546 fl:367950 sz:411147(411264) lv:100.2% dts:312.270 pts:312.646
2024-11-28 16:00:23.980 T:6452 info : Skipped 4 duplicate messages..
2024-11-28 16:00:23.980 T:6452 debug : CVideoPlayer::ProcessVideoData size:483185 dts:317.108 pts:317.526 dur:41.000ms, clock:309.761 level:60
2024-11-28 16:00:23.981 T:6455 debug : CAMLCodec::AddData: skip add data dl:15354546 fl:367950 sz:411147(411264) lv:100.2% dts:312.270 pts:312.646
2024-11-28 16:00:23.982 T:6452 debug : CVideoPlayer::ProcessVideoData size:425299 dts:317.150 pts:317.359 dur:41.000ms, clock:309.763 level:100
2024-11-28 16:00:23.983 T:6455 debug : CAMLCodec::AddData: skip add data dl:15354546 fl:367950 sz:411147(411264) lv:100.2% dts:312.270 pts:312.646
2024-11-28 16:00:24.004 T:4489 info : Skipped 11 duplicate messages..
2024-11-28 16:00:24.004 T:4489 debug : CAMLCodec::PollFrame elapsed:33.616ms
2024-11-28 16:00:24.007 T:6455 debug : CAMLCodec::AddData: dl:15359282 fl:363214 sz:411147(411264) lv:97.7% dts:312.270 pts:312.646
2024-11-28 16:00:24.007 T:6455 debug : CAMLCodec::DequeueBuffer: pts:310.185 idx:8637
2024-11-28 16:00:24.007 T:6455 debug : CAMLCodec::GetPicture: index: 8637, pts: 310.185, dur:42.000ms ar:1.78 elf:41ms
2024-11-28 16:00:24.007 T:4489 debug : PrepareNextRender: frameOnScreen: 309.788 renderPts: 309.997 nextFramePts: 309.976 -> diff: 0.021 render: 1 forceNext: 0
2024-11-28 16:00:24.007 T:6455 debug : CVideoPlayerVideo::OutputPicture - ttd:397ms pts:310.185 Clock:309.788 Level:4
2024-11-28 16:00:24.011 T:4489 debug : CAMLCodec::ReleaseFrame idx:8632, drop:0
2024-11-28 16:00:24.011 T:6455 debug : CAMLCodec::AddData: dl:15688445 fl:34051 sz:329196(329280) lv:99.7% dts:312.312 pts:312.521
2024-11-28 16:00:24.012 T:6455 debug : CAMLCodec::AddData: skip add data dl:15688361 fl:34135 sz:305716(305792) lv:101.7% dts:312.354 pts:312.437
2024-11-28 16:00:24.014 T:6452 info : Skipped 1 duplicate messages..
2024-11-28 16:00:24.014 T:6452 debug : CVideoPlayer::ProcessVideoData size:396839 dts:317.192 pts:317.275 dur:41.000ms, clock:309.795 level:60
2024-11-28 16:00:24.016 T:6455 debug : CAMLCodec::AddData: skip add data dl:15688361 fl:34135 sz:305716(305792) lv:101.7% dts:312.354 pts:312.437
2024-11-28 16:00:24.045 T:4489 info : Skipped 22 duplicate messages..
2024-11-28 16:00:24.045 T:4489 debug : CAMLCodec::PollFrame elapsed:34.300ms
2024-11-28 16:00:24.046 T:6455 debug : CAMLCodec::DequeueBuffer: pts:310.227 idx:8638
2024-11-28 16:00:24.046 T:6455 debug : CAMLCodec::GetPicture: index: 8638, pts: 310.227, dur:42.000ms ar:1.78 elf:38ms
2024-11-28 16:00:24.046 T:6455 debug : CVideoPlayerVideo::OutputPicture - ttd:400ms pts:310.227 Clock:309.827 Level:5
2024-11-28 16:00:24.049 T:4489 debug : PrepareNextRender: frameOnScreen: 309.830 renderPts: 310.039 nextFramePts: 310.018 -> diff: 0.021 render: 1 forceNext: 0
2024-11-28 16:00:24.050 T:6455 debug : CAMLCodec::AddData: dl:15604521 fl:117975 sz:305716(305792) lv:99.2% dts:312.354 pts:312.437
2024-11-28 16:00:24.050 T:6455 debug : CAMLCodec::AddData: skip add data dl:15604445 fl:118051 sz:249465(249536) lv:100.8% dts:312.395 pts:312.395
2024-11-28 16:00:24.053 T:4489 info : Skipped 1 duplicate messages..
2024-11-28 16:00:24.053 T:4489 debug : CAMLCodec::ReleaseFrame idx:8633, drop:0
2024-11-28 16:00:24.053 T:6455 debug : CAMLCodec::AddData: skip add data dl:15604445 fl:118051 sz:249465(249536) lv:100.8% dts:312.395 pts:312.395
2024-11-28 16:00:24.076 T:6452 info : Skipped 18 duplicate messages..
2024-11-28 16:00:24.076 T:6452 debug : CVideoPlayer::ProcessVideoData size:343635 dts:317.234 pts:317.234 dur:41.000ms, clock:309.857 level:100
2024-11-28 16:00:24.076 T:6455 debug : CAMLCodec::AddData: skip add data dl:15604445 fl:118051 sz:249465(249536) lv:100.8% dts:312.395 pts:312.395
2024-11-28 16:00:24.087 T:4489 info : Skipped 7 duplicate messages..
2024-11-28 16:00:24.087 T:4489 debug : CAMLCodec::PollFrame elapsed:34.228ms
2024-11-28 16:00:24.087 T:6455 debug : CAMLCodec::DequeueBuffer: pts:310.268 idx:8639
2024-11-28 16:00:24.087 T:6455 debug : CAMLCodec::GetPicture: index: 8639, pts: 310.268, dur:41.000ms ar:1.78 elf:41ms
2024-11-28 16:00:24.087 T:6455 debug : CVideoPlayerVideo::OutputPicture - ttd:399ms pts:310.268 Clock:309.868 Level:5
2024-11-28 16:00:24.091 T:4489 debug : PrepareNextRender: frameOnScreen: 309.872 renderPts: 310.081 nextFramePts: 310.060 -> diff: 0.021 render: 1 forceNext: 0
2024-11-28 16:00:24.091 T:6455 debug : CAMLCodec::AddData: dl:15539229 fl:183267 sz:249465(249536) lv:98.8% dts:312.395 pts:312.395
2024-11-28 16:00:24.092 T:6455 debug : CAMLCodec::AddData: skip add data dl:15539158 fl:183338 sz:243053(243136) lv:100.3% dts:312.437 pts:312.479
2024-11-28 16:00:24.094 T:4489 info : Skipped 1 duplicate messages..
2024-11-28 16:00:24.094 T:4489 debug : CAMLCodec::ReleaseFrame idx:8634, drop:0
2024-11-28 16:00:24.095 T:6455 debug : CAMLCodec::AddData: skip add data dl:15539158 fl:183338 sz:243053(243136) lv:100.3% dts:312.437 pts:312.479
2024-11-28 16:00:24.129 T:4489 info : Skipped 27 duplicate messages..
2024-11-28 16:00:24.129 T:4489 debug : CAMLCodec::PollFrame elapsed:34.457ms
2024-11-28 16:00:24.131 T:6455 debug : CAMLCodec::AddData: dl:15470934 fl:251562 sz:243053(243136) lv:98.4% dts:312.437 pts:312.479
2024-11-28 16:00:24.131 T:6455 debug : CAMLCodec::DequeueBuffer: pts:310.310 idx:8640
2024-11-28 16:00:24.131 T:6455 debug : CAMLCodec::GetPicture: index: 8640, pts: 310.310, dur:42.000ms ar:1.78 elf:43ms
2024-11-28 16:00:24.131 T:6455 debug : CVideoPlayerVideo::OutputPicture - ttd:398ms pts:310.310 Clock:309.912 Level:5
2024-11-28 16:00:24.132 T:4489 debug : PrepareNextRender: frameOnScreen: 309.913 renderPts: 310.122 nextFramePts: 310.101 -> diff: 0.021 render: 1 forceNext: 0
2024-11-28 16:00:24.133 T:6455 debug : CAMLCodec::AddData: skip add data dl:15470851 fl:251645 sz:342044(342144) lv:100.5% dts:312.479 pts:312.604
2024-11-28 16:00:24.135 T:4489 info : Skipped 1 duplicate messages..
2024-11-28 16:00:24.135 T:4489 debug : CAMLCodec::ReleaseFrame idx:8635, drop:0
2024-11-28 16:00:24.136 T:6455 debug : CAMLCodec::AddData: skip add data dl:15470851 fl:251645 sz:342044(342144) lv:100.5% dts:312.479 pts:312.604
2024-11-28 16:00:24.138 T:6452 info : Skipped 1 duplicate messages..
2024-11-28 16:00:24.138 T:6452 debug : CVideoPlayer::ProcessVideoData size:340291 dts:317.275 pts:317.317 dur:41.000ms, clock:309.919 level:60
2024-11-28 16:00:24.139 T:6455 debug : CAMLCodec::AddData: skip add data dl:15470851 fl:251645 sz:342044(342144) lv:100.5% dts:312.479 pts:312.604
2024-11-28 16:00:24.140 T:6452 debug : CVideoPlayer::ProcessVideoData size:414180 dts:317.317 pts:317.442 dur:41.000ms, clock:309.921 level:60
2024-11-28 16:00:24.140 T:6455 debug : CAMLCodec::AddData: skip add data dl:15470851 fl:251645 sz:342044(342144) lv:100.5% dts:312.479 pts:312.604
2024-11-28 16:00:24.170 T:4489 info : Skipped 22 duplicate messages..
2024-11-28 16:00:24.170 T:4489 debug : CAMLCodec::PollFrame elapsed:34.777ms
2024-11-28 16:00:24.174 T:6455 debug : CAMLCodec::AddData: dl:15429635 fl:292861 sz:342044(342144) lv:98.1% dts:312.479 pts:312.604
2024-11-28 16:00:24.174 T:4489 debug : PrepareNextRender: frameOnScreen: 309.955 renderPts: 310.164 nextFramePts: 310.143 -> diff: 0.021 render: 1 forceNext: 0
2024-11-28 16:00:24.174 T:6455 debug : CAMLCodec::DequeueBuffer: pts:310.352 idx:8641
2024-11-28 16:00:24.174 T:6455 debug : CAMLCodec::GetPicture: index: 8641, pts: 310.352, dur:42.000ms ar:1.78 elf:42ms
2024-11-28 16:00:24.174 T:6455 debug : CVideoPlayerVideo::OutputPicture - ttd:397ms pts:310.352 Clock:309.955 Level:4
2024-11-28 16:00:24.177 T:4489 debug : CAMLCodec::ReleaseFrame idx:8636, drop:0
2024-11-28 16:00:24.178 T:6455 debug : CAMLCodec::AddData: dl:15682591 fl:39905 sz:252966(253056) lv:99.7% dts:312.521 pts:312.562
2024-11-28 16:00:24.179 T:6455 debug : CAMLCodec::AddData: skip add data dl:15682501 fl:39995 sz:423836(423936) lv:102.4% dts:312.562 pts:312.687
2024-11-28 16:00:24.212 T:4489 info : Skipped 20 duplicate messages..
2024-11-28 16:00:24.212 T:4489 debug : CAMLCodec::PollFrame elapsed:34.896ms
2024-11-28 16:00:24.213 T:6452 debug : CVideoPlayer::ProcessVideoData size:347956 dts:317.359 pts:317.400 dur:41.000ms, clock:309.994 level:100
2024-11-28 16:00:24.214 T:6455 debug : CAMLCodec::AddData: skip add data dl:15347589 fl:374907 sz:423836(423936) lv:100.3% dts:312.562 pts:312.687
2024-11-28 16:00:24.215 T:6455 debug : CAMLCodec::DequeueBuffer: pts:310.393 idx:8642
2024-11-28 16:00:24.215 T:6452 debug : CVideoPlayer::ProcessVideoData size:343083 dts:317.400 pts:317.484 dur:41.000ms, clock:309.996 level:100
2024-11-28 16:00:24.215 T:6455 debug : CAMLCodec::GetPicture: index: 8642, pts: 310.393, dur:41.000ms ar:1.78 elf:40ms
2024-11-28 16:00:24.215 T:6455 debug : CVideoPlayerVideo::OutputPicture - ttd:397ms pts:310.393 Clock:309.996 Level:5
2024-11-28 16:00:24.216 T:4489 debug : PrepareNextRender: frameOnScreen: 309.997 renderPts: 310.206 nextFramePts: 310.185 -> diff: 0.021 render: 1 forceNext: 0
2024-11-28 16:00:24.216 T:6455 debug : CAMLCodec::DequeueBuffer: pts:310.435 idx:8643
2024-11-28 16:00:24.216 T:6455 debug : CAMLCodec::GetPicture: index: 8643, pts: 310.435, dur:42.000ms ar:1.78 elf:1ms
2024-11-28 16:00:24.216 T:6455 debug : CVideoPlayerVideo::OutputPicture - ttd:437ms pts:310.435 Clock:309.997 Level:5
2024-11-28 16:00:24.218 T:6455 debug : CAMLCodec::DequeueBuffer: pts:310.477 idx:8644
2024-11-28 16:00:24.218 T:6455 debug : CAMLCodec::GetPicture: index: 8644, pts: 310.477, dur:42.000ms ar:1.78 elf:1ms
2024-11-28 16:00:24.218 T:6455 debug : CVideoPlayerVideo::OutputPicture - ttd:478ms pts:310.477 Clock:309.999 Level:6
2024-11-28 16:00:24.219 T:6455 debug : CAMLCodec::DequeueBuffer: pts:310.519 idx:8645
2024-11-28 16:00:24.219 T:6455 debug : CAMLCodec::GetPicture: index: 8645, pts: 310.519, dur:41.711ms ar:1.78 elf:1ms
2024-11-28 16:00:24.219 T:4489 debug : CAMLCodec::ReleaseFrame idx:8637, drop:0
2024-11-28 16:00:24.219 T:6455 debug : CVideoPlayerVideo::OutputPicture - ttd:518ms pts:310.519 Clock:310.000 Level:7
2024-11-28 16:00:24.221 T:6455 debug : CAMLCodec::AddData: skip add data dl:15347589 fl:374907 sz:423836(423936) lv:100.3% dts:312.562 pts:312.687
2024-11-28 16:00:24.254 T:4489 info : Skipped 19 duplicate messages..
2024-11-28 16:00:24.254 T:4489 debug : CAMLCodec::PollFrame elapsed:34.752ms
2024-11-28 16:00:24.256 T:6455 debug : CAMLCodec::AddData: dl:15192389 fl:530107 sz:423836(423936) lv:96.6% dts:312.562 pts:312.687
2024-11-28 16:00:24.257 T:4489 debug : PrepareNextRender: frameOnScreen: 310.038 renderPts: 310.247 nextFramePts: 310.227 -> diff: 0.020 render: 1 forceNext: 0
2024-11-28 16:00:24.259 T:4489 debug : CAMLCodec::ReleaseFrame idx:8638, drop:0
2024-11-28 16:00:24.260 T:6455 debug : CAMLCodec::AddData: dl:15576289 fl:146207 sz:383902(384000) lv:99.0% dts:312.604 pts:312.938
2024-11-28 16:00:24.260 T:6455 debug : CAMLCodec::AddData: skip add data dl:15576191 fl:146305 sz:349383(349504) lv:101.3% dts:312.646 pts:312.813
2024-11-28 16:00:24.274 T:6452 info : Skipped 8 duplicate messages..
2024-11-28 16:00:24.274 T:6452 debug : CVideoPlayer::ProcessVideoData size:488952 dts:317.442 pts:317.734 dur:41.000ms, clock:310.054 level:59
2024-11-28 16:00:24.274 T:6455 debug : CAMLCodec::AddData: skip add data dl:15576191 fl:146305 sz:349383(349504) lv:101.3% dts:312.646 pts:312.813
2024-11-28 16:00:24.296 T:4489 info : Skipped 15 duplicate messages..
2024-11-28 16:00:24.296 T:4489 debug : CAMLCodec::PollFrame elapsed:36.123ms
2024-11-28 16:00:24.298 T:6455 debug : CAMLCodec::AddData: dl:15435903 fl:286593 sz:349383(349504) lv:98.1% dts:312.646 pts:312.813
2024-11-28 16:00:24.299 T:6455 debug : CAMLCodec::AddData: skip add data dl:15435782 fl:286714 sz:316023(316096) lv:100.1% dts:312.687 pts:312.771
2024-11-28 16:00:24.300 T:4489 debug : PrepareNextRender: frameOnScreen: 310.081 renderPts: 310.290 nextFramePts: 310.268 -> diff: 0.022 render: 1 forceNext: 0
2024-11-28 16:00:24.301 T:6455 debug : CAMLCodec::AddData: skip add data dl:15435782 fl:286714 sz:316023(316096) lv:100.1% dts:312.687 pts:312.771
2024-11-28 16:00:24.304 T:4489 info : Skipped 2 duplicate messages..
2024-11-28 16:00:24.304 T:4489 debug : CAMLCodec::ReleaseFrame idx:8639, drop:0
2024-11-28 16:00:24.305 T:6455 debug : CAMLCodec::AddData: skip add data dl:15435782 fl:286714 sz:316023(316096) lv:100.1% dts:312.687 pts:312.771
2024-11-28 16:00:24.315 T:6452 info : Skipped 7 duplicate messages..
2024-11-28 16:00:24.315 T:6452 debug : CVideoPlayer::ProcessVideoData size:401428 dts:317.484 pts:317.651 dur:41.000ms, clock:310.096 level:100
2024-11-28 16:00:24.316 T:6455 debug : CAMLCodec::AddData: skip add data dl:15435782 fl:286714 sz:316023(316096) lv:100.1% dts:312.687 pts:312.771
2024-11-28 16:00:24.338 T:4489 info : Skipped 15 duplicate messages..
2024-11-28 16:00:24.338 T:4489 debug : CAMLCodec::PollFrame elapsed:33.357ms
2024-11-28 16:00:24.339 T:6455 debug : CAMLCodec::AddData: dl:15447686 fl:274810 sz:316023(316096) lv:98.2% dts:312.687 pts:312.771
2024-11-28 16:00:24.339 T:6455 debug : CAMLCodec::DequeueBuffer: pts:310.560 idx:8646
2024-11-28 16:00:24.339 T:6455 debug : CAMLCodec::GetPicture: index: 8646, pts: 310.560, dur:41.289ms ar:1.78 elf:120ms
2024-11-28 16:00:24.339 T:6455 debug : CVideoPlayerVideo::OutputPicture - ttd:439ms pts:310.560 Clock:310.120 Level:6
2024-11-28 16:00:24.340 T:4489 debug : PrepareNextRender: frameOnScreen: 310.121 renderPts: 310.330 nextFramePts: 310.310 -> diff: 0.020 render: 1 forceNext: 0
2024-11-28 16:00:24.341 T:6455 debug : CAMLCodec::DequeueBuffer: pts:310.602 idx:8647
2024-11-28 16:00:24.341 T:6455 debug : CAMLCodec::GetPicture: index: 8647, pts: 310.602, dur:42.000ms ar:1.78 elf:1ms
2024-11-28 16:00:24.341 T:6455 debug : CVideoPlayerVideo::OutputPicture - ttd:480ms pts:310.602 Clock:310.122 Level:6
2024-11-28 16:00:24.342 T:6455 debug : CAMLCodec::DequeueBuffer: pts:310.644 idx:8648
2024-11-28 16:00:24.342 T:6455 debug : CAMLCodec::GetPicture: index: 8648, pts: 310.644, dur:42.000ms ar:1.78 elf:1ms
2024-11-28 16:00:24.342 T:6455 debug : CVideoPlayerVideo::OutputPicture - ttd:521ms pts:310.644 Clock:310.123 Level:7
2024-11-28 16:00:24.343 T:4489 debug : CAMLCodec::ReleaseFrame idx:8640, drop:0
2024-11-28 16:00:24.346 T:6455 debug : CAMLCodec::AddData: dl:15686525 fl:35971 sz:238818(238912) lv:99.7% dts:312.729 pts:312.729
2024-11-28 16:00:24.346 T:6455 debug : CAMLCodec::AddData: skip add data dl:15686431 fl:36065 sz:314872(314944) lv:101.7% dts:312.771 pts:312.896
2024-11-28 16:00:24.347 T:6452 debug : CVideoPlayer::ProcessVideoData size:427230 dts:317.526 pts:317.609 dur:41.000ms, clock:310.128 level:59
2024-11-28 16:00:24.349 T:6455 debug : CAMLCodec::AddData: skip add data dl:15686431 fl:36065 sz:314872(314944) lv:101.7% dts:312.771 pts:312.896
2024-11-28 16:00:24.379 T:4489 info : Skipped 22 duplicate messages..
2024-11-28 16:00:24.379 T:4489 debug : CAMLCodec::PollFrame elapsed:35.899ms
2024-11-28 16:00:24.382 T:6455 debug : CAMLCodec::AddData: dl:15566239 fl:156257 sz:314872(314944) lv:99.0% dts:312.771 pts:312.896
2024-11-28 16:00:24.382 T:6455 debug : CAMLCodec::AddData: skip add data dl:15566167 fl:156329 sz:251341(251456) lv:100.6% dts:312.813 pts:312.854
2024-11-28 16:00:24.382 T:4489 debug : PrepareNextRender: frameOnScreen: 310.163 renderPts: 310.372 nextFramePts: 310.352 -> diff: 0.020 render: 1 forceNext: 0
2024-11-28 16:00:24.384 T:6455 debug : CAMLCodec::AddData: skip add data dl:15566167 fl:156329 sz:251341(251456) lv:100.6% dts:312.813 pts:312.854
2024-11-28 16:00:24.386 T:4489 info : Skipped 1 duplicate messages..
2024-11-28 16:00:24.386 T:4489 debug : CAMLCodec::ReleaseFrame idx:8641, drop:0
2024-11-28 16:00:24.387 T:6455 debug : CAMLCodec::AddData: skip add data dl:15566167 fl:156329 sz:251341(251456) lv:100.6% dts:312.813 pts:312.854
2024-11-28 16:00:24.389 T:6452 info : Skipped 1 duplicate messages..
2024-11-28 16:00:24.389 T:6452 debug : CVideoPlayer::ProcessVideoData size:352052 dts:317.567 pts:317.567 dur:41.000ms, clock:310.170 level:100
2024-11-28 16:00:24.389 T:6455 debug : CAMLCodec::AddData: skip add data dl:15566167 fl:156329 sz:251341(251456) lv:100.6% dts:312.813 pts:312.854
2024-11-28 16:00:24.421 T:4489 info : Skipped 25 duplicate messages..
2024-11-28 16:00:24.421 T:4489 debug : CAMLCodec::PollFrame elapsed:34.380ms
2024-11-28 16:00:24.424 T:6455 debug : CAMLCodec::AddData: dl:15429463 fl:293033 sz:251341(251456) lv:98.1% dts:312.813 pts:312.854
2024-11-28 16:00:24.424 T:4489 debug : PrepareNextRender: frameOnScreen: 310.205 renderPts: 310.414 nextFramePts: 310.393 -> diff: 0.021 render: 1 forceNext: 0
2024-11-28 16:00:24.425 T:6455 debug : CAMLCodec::AddData: skip add data dl:15429348 fl:293148 sz:434140(434240) lv:100.9% dts:312.854 pts:312.979
2024-11-28 16:00:24.428 T:4489 info : Skipped 1 duplicate messages..
2024-11-28 16:00:24.428 T:4489 debug : CAMLCodec::ReleaseFrame idx:8642, drop:0
2024-11-28 16:00:24.429 T:6455 debug : CAMLCodec::AddData: skip add data dl:15429348 fl:293148 sz:434140(434240) lv:100.9% dts:312.854 pts:312.979
2024-11-28 16:00:24.461 T:6452 info : Skipped 19 duplicate messages..
2024-11-28 16:00:24.461 T:6452 debug : CVideoPlayer::ProcessVideoData size:345702 dts:317.609 pts:317.692 dur:41.000ms, clock:310.242 level:100
2024-11-28 16:00:24.462 T:4489 debug : CAMLCodec::PollFrame elapsed:33.737ms
2024-11-28 16:00:24.466 T:6455 debug : CAMLCodec::AddData: dl:15562084 fl:160412 sz:434140(434240) lv:98.9% dts:312.854 pts:312.979
2024-11-28 16:00:24.467 T:6455 debug : CAMLCodec::AddData: skip add data dl:15561984 fl:160512 sz:397716(397824) lv:101.5% dts:312.896 pts:313.313
2024-11-28 16:00:24.467 T:4489 debug : PrepareNextRender: frameOnScreen: 310.248 renderPts: 310.457 nextFramePts: 310.435 -> diff: 0.022 render: 1 forceNext: 0
2024-11-28 16:00:24.469 T:6455 debug : CAMLCodec::AddData: skip add data dl:15561984 fl:160512 sz:397716(397824) lv:101.5% dts:312.896 pts:313.313
2024-11-28 16:00:24.472 T:4489 info : Skipped 1 duplicate messages..
2024-11-28 16:00:24.472 T:4489 debug : CAMLCodec::ReleaseFrame idx:8643, drop:0
2024-11-28 16:00:24.472 T:6455 debug : CAMLCodec::AddData: skip add data dl:15561984 fl:160512 sz:397716(397824) lv:101.5% dts:312.896 pts:313.313
2024-11-28 16:00:24.504 T:4489 info : Skipped 22 duplicate messages..
2024-11-28 16:00:24.504 T:4489 debug : CAMLCodec::PollFrame elapsed:31.753ms
2024-11-28 16:00:24.507 T:4489 debug : PrepareNextRender: frameOnScreen: 310.288 renderPts: 310.497 nextFramePts: 310.477 -> diff: 0.020 render: 1 forceNext: 0
2024-11-28 16:00:24.507 T:6455 debug : CAMLCodec::AddData: dl:15654784 fl:67712 sz:397716(397824) lv:99.5% dts:312.896 pts:313.313
2024-11-28 16:00:24.507 T:6455 debug : CAMLCodec::DequeueBuffer: pts:310.685 idx:8649
2024-11-28 16:00:24.508 T:6455 debug : CAMLCodec::GetPicture: index: 8649, pts: 310.685, dur:41.000ms ar:1.78 elf:165ms
2024-11-28 16:00:24.508 T:6455 debug : CVideoPlayerVideo::OutputPicture - ttd:396ms pts:310.685 Clock:310.289 Level:4
2024-11-28 16:00:24.510 T:6455 debug : CAMLCodec::AddData: skip add data dl:15654676 fl:67820 sz:329954(330048) lv:101.6% dts:312.938 pts:313.146
2024-11-28 16:00:24.511 T:4489 debug : CAMLCodec::ReleaseFrame idx:8644, drop:0
2024-11-28 16:00:24.511 T:6455 debug : CAMLCodec::AddData: skip add data dl:15654676 fl:67820 sz:329954(330048) lv:101.6% dts:312.938 pts:313.146
2024-11-28 16:00:24.515 T:6452 info : Skipped 1 duplicate messages..
2024-11-28 16:00:24.515 T:6452 debug : CVideoPlayer::ProcessVideoData size:498599 dts:317.651 pts:317.776 dur:41.000ms, clock:310.296 level:59
2024-11-28 16:00:24.517 T:6455 debug : CAMLCodec::AddData: skip add data dl:15654676 fl:67820 sz:329954(330048) lv:101.6% dts:312.938 pts:313.146
2024-11-28 16:00:24.545 T:6455 info : Skipped 20 duplicate messages..
2024-11-28 16:00:24.545 T:6455 debug : CAMLCodec::AddData: skip add data dl:15425748 fl:296748 sz:329954(330048) lv:100.2% dts:312.938 pts:313.146
2024-11-28 16:00:24.546 T:4489 debug : CAMLCodec::PollFrame elapsed:34.510ms
2024-11-28 16:00:24.547 T:6455 debug : CAMLCodec::DequeueBuffer: pts:310.727 idx:8650
2024-11-28 16:00:24.547 T:6455 debug : CAMLCodec::GetPicture: index: 8650, pts: 310.727, dur:42.000ms ar:1.78 elf:39ms
2024-11-28 16:00:24.547 T:6455 debug : CVideoPlayerVideo::OutputPicture - ttd:399ms pts:310.727 Clock:310.328 Level:5
2024-11-28 16:00:24.548 T:6455 debug : CAMLCodec::AddData: skip add data dl:15425748 fl:296748 sz:329954(330048) lv:100.2% dts:312.938 pts:313.146
2024-11-28 16:00:24.550 T:4489 debug : PrepareNextRender: frameOnScreen: 310.330 renderPts: 310.540 nextFramePts: 310.519 -> diff: 0.021 render: 1 forceNext: 0
2024-11-28 16:00:24.550 T:6455 debug : CAMLCodec::AddData: skip add data dl:15425748 fl:296748 sz:329954(330048) lv:100.2% dts:312.938 pts:313.146
2024-11-28 16:00:24.553 T:4489 info : Skipped 2 duplicate messages..
2024-11-28 16:00:24.553 T:4489 debug : CAMLCodec::ReleaseFrame idx:8645, drop:0
2024-11-28 16:00:24.555 T:6455 debug : CAMLCodec::AddData: skip add data dl:15425748 fl:296748 sz:329954(330048) lv:100.2% dts:312.938 pts:313.146
2024-11-28 16:00:24.588 T:4489 info : Skipped 24 duplicate messages..
2024-11-28 16:00:24.587 T:4489 debug : CAMLCodec::PollFrame elapsed:34.083ms
2024-11-28 16:00:24.588 T:6455 debug : CAMLCodec::AddData: skip add data dl:15425748 fl:296748 sz:329954(330048) lv:100.2% dts:312.938 pts:313.146
2024-11-28 16:00:24.589 T:6455 debug : CAMLCodec::DequeueBuffer: pts:310.769 idx:8651
2024-11-28 16:00:24.589 T:6455 debug : CAMLCodec::GetPicture: index: 8651, pts: 310.769, dur:42.000ms ar:1.78 elf:42ms
2024-11-28 16:00:24.589 T:6455 debug : CVideoPlayerVideo::OutputPicture - ttd:398ms pts:310.769 Clock:310.370 Level:5
2024-11-28 16:00:24.590 T:4489 debug : PrepareNextRender: frameOnScreen: 310.371 renderPts: 310.580 nextFramePts: 310.560 -> diff: 0.020 render: 1 forceNext: 0
2024-11-28 16:00:24.593 T:4489 debug : CAMLCodec::ReleaseFrame idx:8646, drop:0
2024-11-28 16:00:24.593 T:6455 debug : CAMLCodec::AddData: dl:15513748 fl:208748 sz:329954(330048) lv:98.6% dts:312.938 pts:313.146
2024-11-28 16:00:24.594 T:6455 debug : CAMLCodec::AddData: skip add data dl:15513654 fl:208842 sz:314321(314432) lv:100.6% dts:312.979 pts:313.063
2024-11-28 16:00:24.608 T:6452 info : Skipped 10 duplicate messages..
2024-11-28 16:00:24.608 T:6452 debug : CVideoPlayer::ProcessVideoData size:412081 dts:317.692 pts:318.109 dur:41.000ms, clock:310.389 level:59
2024-11-28 16:00:24.610 T:6455 debug : CAMLCodec::AddData: skip add data dl:15513654 fl:208842 sz:314321(314432) lv:100.6% dts:312.979 pts:313.063
2024-11-28 16:00:24.620 T:6452 info : Skipped 6 duplicate messages..
2024-11-28 16:00:24.620 T:6452 debug : CVideoPlayer::ProcessVideoData size:326552 dts:317.734 pts:317.943 dur:41.000ms, clock:310.400 level:100
2024-11-28 16:00:24.620 T:6455 debug : CAMLCodec::AddData: skip add data dl:15513654 fl:208842 sz:314321(314432) lv:100.6% dts:312.979 pts:313.063
2024-11-28 16:00:24.629 T:4489 info : Skipped 6 duplicate messages..
2024-11-28 16:00:24.629 T:4489 debug : CAMLCodec::PollFrame elapsed:35.967ms
2024-11-28 16:00:24.632 T:6455 debug : CAMLCodec::AddData: dl:15512246 fl:210250 sz:314321(314432) lv:98.6% dts:312.979 pts:313.063
2024-11-28 16:00:24.632 T:6455 debug : CAMLCodec::DequeueBuffer: pts:310.811 idx:8652
2024-11-28 16:00:24.632 T:6455 debug : CAMLCodec::GetPicture: index: 8652, pts: 310.811, dur:42.000ms ar:1.78 elf:42ms
2024-11-28 16:00:24.632 T:4489 debug : PrepareNextRender: frameOnScreen: 310.413 renderPts: 310.622 nextFramePts: 310.602 -> diff: 0.020 render: 1 forceNext: 0
2024-11-28 16:00:24.632 T:6455 debug : CVideoPlayerVideo::OutputPicture - ttd:397ms pts:310.811 Clock:310.413 Level:4
2024-11-28 16:00:24.634 T:6455 debug : CAMLCodec::AddData: skip add data dl:15512135 fl:210361 sz:256349(256448) lv:100.3% dts:313.021 pts:313.021
2024-11-28 16:00:24.635 T:4489 debug : CAMLCodec::ReleaseFrame idx:8647, drop:0
2024-11-28 16:00:24.635 T:6455 debug : CAMLCodec::AddData: skip add data dl:15512135 fl:210361 sz:256349(256448) lv:100.3% dts:313.021 pts:313.021
2024-11-28 16:00:24.671 T:4489 info : Skipped 28 duplicate messages..
2024-11-28 16:00:24.671 T:4489 debug : CAMLCodec::PollFrame elapsed:35.263ms
2024-11-28 16:00:24.673 T:6455 debug : CAMLCodec::AddData: dl:15537287 fl:185209 sz:256349(256448) lv:98.8% dts:313.021 pts:313.021
2024-11-28 16:00:24.673 T:6455 debug : CAMLCodec::DequeueBuffer: pts:310.852 idx:8653
2024-11-28 16:00:24.674 T:6455 debug : CAMLCodec::GetPicture: index: 8653, pts: 310.852, dur:41.000ms ar:1.78 elf:41ms
2024-11-28 16:00:24.674 T:4489 debug : PrepareNextRender: frameOnScreen: 310.454 renderPts: 310.664 nextFramePts: 310.644 -> diff: 0.020 render: 1 forceNext: 0
2024-11-28 16:00:24.674 T:6455 debug : CVideoPlayerVideo::OutputPicture - ttd:397ms pts:310.852 Clock:310.454 Level:4
2024-11-28 16:00:24.675 T:6455 debug : CAMLCodec::AddData: skip add data dl:15537188 fl:185308 sz:257527(257600) lv:100.4% dts:313.063 pts:313.104
2024-11-28 16:00:24.676 T:4489 debug : CAMLCodec::ReleaseFrame idx:8648, drop:0
2024-11-28 16:00:24.677 T:6455 debug : CAMLCodec::AddData: skip add data dl:15537188 fl:185308 sz:257527(257600) lv:100.4% dts:313.063 pts:313.104
2024-11-28 16:00:24.682 T:6452 info : Skipped 3 duplicate messages..
2024-11-28 16:00:24.682 T:6452 debug : CVideoPlayer::ProcessVideoData size:330536 dts:317.776 pts:317.859 dur:41.000ms, clock:310.463 level:59
2024-11-28 16:00:24.682 T:6455 debug : CAMLCodec::AddData: skip add data dl:15537188 fl:185308 sz:257527(257600) lv:100.4% dts:313.063 pts:313.104
2024-11-28 16:00:24.713 T:4489 info : Skipped 24 duplicate messages..
2024-11-28 16:00:24.713 T:4489 debug : CAMLCodec::PollFrame elapsed:36.593ms
2024-11-28 16:00:24.713 T:6455 debug : CAMLCodec::DequeueBuffer: pts:310.894 idx:8654
2024-11-28 16:00:24.713 T:6455 debug : CAMLCodec::GetPicture: index: 8654, pts: 310.894, dur:42.000ms ar:1.78 elf:39ms
2024-11-28 16:00:24.714 T:6455 debug : CVideoPlayerVideo::OutputPicture - ttd:399ms pts:310.894 Clock:310.494 Level:5
2024-11-28 16:00:24.717 T:4489 debug : PrepareNextRender: frameOnScreen: 310.497 renderPts: 310.707 nextFramePts: 310.685 -> diff: 0.022 render: 1 forceNext: 0
2024-11-28 16:00:24.717 T:6455 debug : CAMLCodec::AddData: dl:15552932 fl:169564 sz:257527(257600) lv:98.9% dts:313.063 pts:313.104
2024-11-28 16:00:24.718 T:6455 debug : CAMLCodec::AddData: skip add data dl:15552859 fl:169637 sz:330055(330176) lv:101.0% dts:313.104 pts:313.230
2024-11-28 16:00:24.720 T:4489 info : Skipped 1 duplicate messages..
