2024-11-28 16:00:29.664 T:6455 debug : CAMLCodec::AddData: skip add data dl:15648218 fl:74278 sz:579109(579200) lv:103.2% dts:310.435 pts:310.560
2024-11-28 16:00:29.665 T:6455 debug : CVideoPlayerVideo::CalcDropRequirement - hurry: 0
2024-11-28 16:00:29.666 T:6455 debug : CAMLCodec::AddData: skip add data dl:15648218 fl:74278 sz:579109(579200) lv:103.2% dts:310.435 pts:310.560
2024-11-28 16:00:29.667 T:6455 debug : CVideoPlayerVideo::CalcDropRequirement - hurry: 0
2024-11-28 16:00:29.668 T:6455 debug : CAMLCodec::AddData: skip add data dl:15648218 fl:74278 sz:579109(579200) lv:103.2% dts:310.435 pts:310.560
2024-11-28 16:00:29.669 T:6455 debug : CVideoPlayerVideo::CalcDropRequirement - hurry: 0
2024-11-28 16:00:29.670 T:6455 debug : CAMLCodec::AddData: skip add data dl:15648218 fl:74278 sz:579109(579200) lv:103.2% dts:310.435 pts:310.560
2024-11-28 16:00:29.671 T:6455 debug : CVideoPlayerVideo::CalcDropRequirement - hurry: 0
2024-11-28 16:00:29.672 T:6455 debug : CAMLCodec::AddData: skip add data dl:15648218 fl:74278 sz:579109(579200) lv:103.2% dts:310.435 pts:310.560
2024-11-28 16:00:29.673 T:6455 debug : CVideoPlayerVideo::CalcDropRequirement - hurry: 0
2024-11-28 16:00:29.673 T:6455 debug : CAMLCodec::AddData: skip add data dl:15648218 fl:74278 sz:579109(579200) lv:103.2% dts:310.435 pts:310.560
2024-11-28 16:00:29.675 T:6455 debug : CVideoPlayerVideo::CalcDropRequirement - hurry: 0
2024-11-28 16:00:29.675 T:4489 debug : CAMLCodec::PollFrame elapsed:33.903ms
2024-11-28 16:00:29.675 T:6455 debug : CAMLCodec::AddData: skip add data dl:15648218 fl:74278 sz:579109(579200) lv:103.2% dts:310.435 pts:310.560
2024-11-28 16:00:29.677 T:6455 debug : CVideoPlayerVideo::CalcDropRequirement - hurry: 0
2024-11-28 16:00:29.677 T:6455 debug : CAMLCodec::AddData: skip add data dl:15648218 fl:74278 sz:579109(579200) lv:103.2% dts:310.435 pts:310.560
2024-11-28 16:00:29.679 T:6455 debug : CVideoPlayerVideo::CalcDropRequirement - hurry: 0
2024-11-28 16:00:29.679 T:6455 debug : CAMLCodec::AddData: skip add data dl:15648218 fl:74278 sz:579109(579200) lv:103.2% dts:310.435 pts:310.560
2024-11-28 16:00:29.681 T:6455 debug : CVideoPlayerVideo::CalcDropRequirement - hurry: 0
2024-11-28 16:00:29.681 T:6452 debug : CVideoPlayer::ProcessVideoData size:397720 dts:312.896 pts:313.313 dur:41.000ms, clock:306.997 level:30
2024-11-28 16:00:29.684 T:6455 debug : CAMLCodec::AddData: skip add data dl:15648218 fl:74278 sz:579109(579200) lv:103.2% dts:310.435 pts:310.560
2024-11-28 16:00:29.687 T:6455 debug : CVideoPlayerVideo::CalcDropRequirement - hurry: 0
2024-11-28 16:00:29.689 T:6452 debug : CVideoPlayer::ProcessVideoData size:329958 dts:312.938 pts:313.146 dur:41.000ms, clock:306.966 level:31
2024-11-28 16:00:29.689 T:6452 debug : CVideoPlayer::Process - ffd/rwd: lastpts:312.020 clock:306.966 lastseekpts:309.316 speed:-4000 error:5.054
2024-11-28 16:00:29.689 T:6452 debug : CVideoPlayer::Process - Seeking to catch up, error was: -2.350 time:305.966
2024-11-28 16:00:29.693 T:6452 debug : CVideoPlayer::ProcessVideoData size:314325 dts:312.979 pts:313.063 dur:41.000ms, clock:306.947 level:31
2024-11-28 16:00:29.693 T:6452 debug : demuxer seek to: 305965.613554
2024-11-28 16:00:29.695 T:6454 debug : CDoubleCache::Reset - (0x35ec9e0) Cache miss for 2469325837 with new=2552165141-2562650901 and old=2527253600-2537739360
2024-11-28 16:00:29.695 T:6454 debug : CFileCache::Process - cache completely reset for seek to position 2469325837
2024-11-28 16:00:29.697 T:6455 debug : CAMLCodec::AddData: skip add data dl:15648218 fl:74278 sz:579109(579200) lv:103.2% dts:310.435 pts:310.560
2024-11-28 16:00:29.700 T:6455 debug : CVideoPlayerVideo::CalcDropRequirement - hurry: 0
2024-11-28 16:00:29.701 T:6455 debug : CAMLCodec::AddData: skip add data dl:15648218 fl:74278 sz:579109(579200) lv:103.2% dts:310.435 pts:310.560
2024-11-28 16:00:29.702 T:6455 debug : CVideoPlayerVideo::CalcDropRequirement - hurry: 0
2024-11-28 16:00:29.703 T:6455 debug : CAMLCodec::AddData: skip add data dl:15648218 fl:74278 sz:579109(579200) lv:103.2% dts:310.435 pts:310.560
2024-11-28 16:00:29.704 T:6455 debug : CVideoPlayerVideo::CalcDropRequirement - hurry: 0
2024-11-28 16:00:29.705 T:6455 debug : CAMLCodec::AddData: skip add data dl:15648218 fl:74278 sz:579109(579200) lv:103.2% dts:310.435 pts:310.560
2024-11-28 16:00:29.706 T:6455 debug : CVideoPlayerVideo::CalcDropRequirement - hurry: 0
2024-11-28 16:00:29.707 T:6455 debug : CAMLCodec::AddData: skip add data dl:15648218 fl:74278 sz:579109(579200) lv:103.2% dts:310.435 pts:310.560
2024-11-28 16:00:29.708 T:6455 debug : CVideoPlayerVideo::CalcDropRequirement - hurry: 0
2024-11-28 16:00:29.708 T:6452 debug : SeekTime - seek ended up on time 305555
2024-11-28 16:00:29.709 T:6452 debug : demuxer seek to: 305965.613554, success
2024-11-28 16:00:29.709 T:6452 debug : CVideoPlayer::FlushBuffers - flushing buffers
2024-11-28 16:00:29.709 T:6452 debug : CVideoPlayer::HandleMessages: flush buffers: dts:305.966 lastSeek:31.503 clock:306.885
2024-11-28 16:00:29.709 T:6452 debug : CVideoPlayer::Process - ffd/rwd: lastpts:312.020 clock:306.885 lastseekpts:305.966 speed:-4000 error:5.135
2024-11-28 16:00:29.709 T:6455 debug : CAMLCodec::AddData: skip add data dl:15648218 fl:74278 sz:579109(579200) lv:103.2% dts:310.435 pts:310.560
2024-11-28 16:00:29.709 T:6455 debug : CAMLCodec::Reset
2024-11-28 16:00:29.710 T:6452 debug : CVideoPlayer::ProcessVideoData size:557513 dts:18442240474082.180 pts:305.555 dur:41.000ms, clock:306.882 level:32
2024-11-28 16:00:29.713 T:6456 debug : CDVDAudio::Flush - flush audio stream
2024-11-28 16:00:29.717 T:4489 debug : CAMLCodec::PollFrame elapsed:31.518ms
2024-11-28 16:00:29.731 T:6452 debug : CVideoPlayer::ProcessVideoData size:493448 dts:18442240474082.180 pts:305.889 dur:41.000ms, clock:306.797 level:46
2024-11-28 16:00:29.732 T:6455 debug : CAMLCodec::ReleaseFrame idx:8738, drop:1
2024-11-28 16:00:29.742 T:6452 debug : CVideoPlayer::ProcessVideoData size:405644 dts:18442240474082.180 pts:305.722 dur:41.000ms, clock:306.754 level:0
2024-11-28 16:00:29.742 T:6455 debug : CVideoPlayerVideo - Stillframe left, switching to normal playback
2024-11-28 16:00:29.742 T:6455 debug : CVideoPlayerVideo::CalcDropRequirement - hurry: 0
2024-11-28 16:00:29.746 T:6455 debug : CAMLCodec::AddData: dl:405874 fl:15316622 sz:405640(405760) lv:2.6% dts:18442240474082.180 pts:305.722
2024-11-28 16:00:29.752 T:6452 debug : CVideoPlayer::ProcessVideoData size:374186 dts:305.555 pts:305.639 dur:41.000ms, clock:306.714 level:0
2024-11-28 16:00:29.752 T:6455 debug : CVideoPlayerVideo::CalcDropRequirement - hurry: 0
2024-11-28 16:00:29.755 T:6452 debug : CVideoPlayer::ProcessVideoData size:297739 dts:305.597 pts:305.597 dur:41.000ms, clock:306.702 level:0
2024-11-28 16:00:29.756 T:6455 debug : CAMLCodec::AddData: dl:780026 fl:14942470 sz:374182(374272) lv:5.0% dts:305.555 pts:305.639
2024-11-28 16:00:29.756 T:6455 debug : CVideoPlayerVideo::CalcDropRequirement - hurry: 0
2024-11-28 16:00:29.758 T:4489 debug : CAMLCodec::PollFrame elapsed:21.649ms
2024-11-28 16:00:29.758 T:6455 debug : CAMLCodec::AddData: dl:1077792 fl:14644704 sz:297735(297856) lv:6.9% dts:305.597 pts:305.597
2024-11-28 16:00:29.763 T:6452 debug : CVideoPlayer::ProcessVideoData size:299795 dts:305.639 pts:305.680 dur:41.000ms, clock:306.668 level:0
2024-11-28 16:00:29.764 T:6455 debug : CVideoPlayerVideo::CalcDropRequirement - hurry: 0
2024-11-28 16:00:29.767 T:6455 debug : CAMLCodec::AddData: dl:853287 fl:14869209 sz:299791(299904) lv:5.4% dts:305.639 pts:305.680
2024-11-28 16:00:29.769 T:6452 debug : CVideoPlayer::ProcessVideoData size:369020 dts:305.680 pts:305.806 dur:41.000ms, clock:306.646 level:0
2024-11-28 16:00:29.769 T:6455 debug : CVideoPlayerVideo::CalcDropRequirement - hurry: 0
2024-11-28 16:00:29.772 T:6455 debug : CAMLCodec::AddData: dl:1222262 fl:14500234 sz:369016(369088) lv:7.8% dts:305.680 pts:305.806
2024-11-28 16:00:29.775 T:6452 debug : CVideoPlayer::ProcessVideoData size:299251 dts:305.722 pts:305.764 dur:41.000ms, clock:306.619 level:0
2024-11-28 16:00:29.775 T:6455 debug : CVideoPlayerVideo::CalcDropRequirement - hurry: 0
2024-11-28 16:00:29.779 T:6455 debug : CAMLCodec::AddData: dl:997230 fl:14725266 sz:299247(299328) lv:6.3% dts:305.722 pts:305.764
2024-11-28 16:00:29.780 T:6452 debug : CVideoPlayer::ProcessVideoData size:328082 dts:305.764 pts:305.847 dur:41.000ms, clock:306.600 level:0
2024-11-28 16:00:29.780 T:6455 debug : CVideoPlayerVideo::CalcDropRequirement - hurry: 0
2024-11-28 16:00:29.783 T:6455 debug : CAMLCodec::AddData: dl:1325341 fl:14397155 sz:328078(328192) lv:8.4% dts:305.764 pts:305.847
2024-11-28 16:00:29.800 T:4489 debug : CAMLCodec::PollFrame elapsed:32.684ms
2024-11-28 16:00:29.800 T:6452 debug : CVideoPlayer::ProcessVideoData size:505640 dts:305.806 pts:306.223 dur:41.000ms, clock:306.520 level:0
2024-11-28 16:00:29.801 T:6455 debug : CVideoPlayerVideo::CalcDropRequirement - hurry: 0
2024-11-28 16:00:29.803 T:6452 debug : CVideoPlayer::ProcessVideoData size:407704 dts:305.847 pts:306.056 dur:41.000ms, clock:306.509 level:0
2024-11-28 16:00:29.805 T:6455 debug : CAMLCodec::AddData: dl:1306667 fl:14415829 sz:505636(505728) lv:8.3% dts:305.806 pts:306.223
2024-11-28 16:00:29.806 T:6455 debug : CVideoPlayerVideo::CalcDropRequirement - hurry: 0
2024-11-28 16:00:29.808 T:6452 debug : CVideoPlayer::ProcessVideoData size:368686 dts:305.889 pts:305.972 dur:41.000ms, clock:306.487 level:0
2024-11-28 16:00:29.809 T:6455 debug : CAMLCodec::AddData: dl:1190095 fl:14532401 sz:407700(407808) lv:7.6% dts:305.847 pts:306.056
2024-11-28 16:00:29.809 T:6455 debug : CVideoPlayerVideo::CalcDropRequirement - hurry: 0
2024-11-28 16:00:29.811 T:6455 debug : CAMLCodec::AddData: dl:1034467 fl:14688029 sz:368682(368768) lv:6.6% dts:305.889 pts:305.972
2024-11-28 16:00:29.816 T:6452 debug : CVideoPlayer::ProcessVideoData size:303198 dts:305.931 pts:305.931 dur:41.000ms, clock:306.458 level:0
2024-11-28 16:00:29.816 T:6455 debug : CVideoPlayerVideo::CalcDropRequirement - hurry: 0
2024-11-28 16:00:29.819 T:6455 debug : CAMLCodec::AddData: dl:1337677 fl:14384819 sz:303194(303296) lv:8.5% dts:305.931 pts:305.931
2024-11-28 16:00:29.821 T:6452 debug : CVideoPlayer::ProcessVideoData size:311825 dts:305.972 pts:306.014 dur:41.000ms, clock:306.438 level:0
2024-11-28 16:00:29.821 T:6455 debug : CVideoPlayerVideo::CalcDropRequirement - hurry: 0
2024-11-28 16:00:29.823 T:6455 debug : CAMLCodec::AddData: dl:1125223 fl:14597273 sz:311821(311936) lv:7.2% dts:305.972 pts:306.014
2024-11-28 16:00:29.828 T:6452 debug : CVideoPlayer::ProcessVideoData size:370876 dts:306.014 pts:306.139 dur:41.000ms, clock:306.408 level:0
2024-11-28 16:00:29.828 T:6455 debug : CVideoPlayerVideo::CalcDropRequirement - hurry: 0
2024-11-28 16:00:29.832 T:6455 debug : CAMLCodec::AddData: dl:971764 fl:14750732 sz:370872(370944) lv:6.2% dts:306.014 pts:306.139
2024-11-28 16:00:29.833 T:6452 debug : CVideoPlayer::ProcessVideoData size:313327 dts:306.056 pts:306.097 dur:41.000ms, clock:306.387 level:0
2024-11-28 16:00:29.834 T:6455 debug : CVideoPlayerVideo::CalcDropRequirement - hurry: 0
2024-11-28 16:00:29.836 T:6455 debug : CAMLCodec::AddData: dl:1285100 fl:14437396 sz:313323(313408) lv:8.2% dts:306.056 pts:306.097
2024-11-28 16:00:29.841 T:6452 debug : CVideoPlayer::ProcessVideoData size:311888 dts:306.097 pts:306.181 dur:41.000ms, clock:306.357 level:0
2024-11-28 16:00:29.841 T:6455 debug : CVideoPlayerVideo::CalcDropRequirement - hurry: 0
2024-11-28 16:00:29.842 T:4489 debug : CAMLCodec::PollFrame elapsed:23.903ms
2024-11-28 16:00:29.844 T:6455 debug : CAMLCodec::AddData: dl:1072727 fl:14649769 sz:311884(312000) lv:6.8% dts:306.097 pts:306.181
2024-11-28 16:00:29.856 T:6452 debug : CVideoPlayer::ProcessVideoData size:484143 dts:306.139 pts:306.515 dur:41.000ms, clock:306.298 level:0
2024-11-28 16:00:29.856 T:6455 debug : CVideoPlayerVideo::CalcDropRequirement - hurry: 0
2024-11-28 16:00:29.859 T:6455 debug : CAMLCodec::AddData: dl:1032547 fl:14689949 sz:484139(484224) lv:6.6% dts:306.139 pts:306.515
2024-11-28 16:00:29.863 T:6452 debug : CVideoPlayer::ProcessVideoData size:393160 dts:306.181 pts:306.389 dur:41.000ms, clock:306.268 level:0
2024-11-28 16:00:29.863 T:6455 debug : CVideoPlayerVideo::CalcDropRequirement - hurry: 0
2024-11-28 16:00:29.867 T:6455 debug : CAMLCodec::AddData: dl:1425742 fl:14296754 sz:393156(393280) lv:9.1% dts:306.181 pts:306.389
2024-11-28 16:00:29.871 T:6452 debug : CVideoPlayer::ProcessVideoData size:393299 dts:306.223 pts:306.306 dur:41.000ms, clock:306.238 level:0
2024-11-28 16:00:29.871 T:6455 debug : CVideoPlayerVideo::CalcDropRequirement - hurry: 0
2024-11-28 16:00:29.874 T:6455 debug : CAMLCodec::AddData: dl:1294738 fl:14427758 sz:393295(393408) lv:8.2% dts:306.223 pts:306.306
2024-11-28 16:00:29.875 T:6452 debug : CVideoPlayer::ProcessVideoData size:317334 dts:306.264 pts:306.264 dur:41.000ms, clock:306.219 level:0
2024-11-28 16:00:29.876 T:6455 debug : CVideoPlayerVideo::CalcDropRequirement - hurry: 0
2024-11-28 16:00:29.878 T:6455 debug : CAMLCodec::AddData: dl:1087777 fl:14634719 sz:317330(317440) lv:6.9% dts:306.264 pts:306.264
2024-11-28 16:00:29.883 T:6452 debug : CVideoPlayer::ProcessVideoData size:340206 dts:306.306 pts:306.348 dur:41.000ms, clock:306.188 level:0
2024-11-28 16:00:29.883 T:6455 debug : CVideoPlayerVideo::CalcDropRequirement - hurry: 0
2024-11-28 16:00:29.884 T:4489 debug : CAMLCodec::PollFrame elapsed:25.036ms
2024-11-28 16:00:29.887 T:6455 debug : CAMLCodec::AddData: dl:903667 fl:14818829 sz:340202(340288) lv:5.7% dts:306.306 pts:306.348
2024-11-28 16:00:29.891 T:6452 debug : CVideoPlayer::ProcessVideoData size:367356 dts:306.348 pts:306.473 dur:41.000ms, clock:306.158 level:0
2024-11-28 16:00:29.891 T:6455 debug : CVideoPlayerVideo::CalcDropRequirement - hurry: 0
2024-11-28 16:00:29.894 T:6455 debug : CAMLCodec::AddData: dl:1271005 fl:14451491 sz:367352(367424) lv:8.1% dts:306.348 pts:306.473
2024-11-28 16:00:29.896 T:6452 debug : CVideoPlayer::ProcessVideoData size:300645 dts:306.389 pts:306.431 dur:41.000ms, clock:306.138 level:0
2024-11-28 16:00:29.896 T:6455 debug : CVideoPlayerVideo::CalcDropRequirement - hurry: 0
2024-11-28 16:00:29.899 T:6455 debug : CAMLCodec::AddData: dl:1047381 fl:14675115 sz:300641(300736) lv:6.7% dts:306.389 pts:306.431
2024-11-28 16:00:29.906 T:6452 debug : CVideoPlayer::ProcessVideoData size:558475 dts:306.431 pts:306.556 dur:41.000ms, clock:306.095 level:0
2024-11-28 16:00:29.907 T:6455 debug : CVideoPlayerVideo::CalcDropRequirement - hurry: 0
2024-11-28 16:00:29.910 T:6455 debug : CAMLCodec::AddData: dl:1605814 fl:14116682 sz:558455(558528) lv:10.2% dts:306.431 pts:306.556
2024-11-28 16:00:29.922 T:6452 debug : CVideoPlayer::ProcessVideoData size:485762 dts:306.473 pts:306.890 dur:41.000ms, clock:306.032 level:0
2024-11-28 16:00:29.922 T:6455 debug : CVideoPlayerVideo::CalcDropRequirement - hurry: 0
2024-11-28 16:00:29.925 T:4489 debug : CAMLCodec::PollFrame elapsed:32.205ms
2024-11-28 16:00:29.926 T:6455 debug : CAMLCodec::AddData: dl:8907309 fl:6815187 sz:485758(485824) lv:56.6% dts:306.473 pts:306.890
2024-11-28 16:00:29.932 T:6452 debug : CVideoPlayer::ProcessVideoData size:372667 dts:306.515 pts:306.723 dur:41.000ms, clock:305.994 level:0
2024-11-28 16:00:29.932 T:6455 debug : CVideoPlayerVideo::CalcDropRequirement - hurry: 0
2024-11-28 16:00:29.935 T:6455 debug : CAMLCodec::AddData: dl:9279979 fl:6442517 sz:372663(372736) lv:59.0% dts:306.515 pts:306.723
2024-11-28 16:00:29.937 T:6452 debug : CVideoPlayer::ProcessVideoData size:348808 dts:306.556 pts:306.640 dur:41.000ms, clock:305.971 level:0
2024-11-28 16:00:29.937 T:6455 debug : CVideoPlayerVideo::CalcDropRequirement - hurry: 0
2024-11-28 16:00:29.941 T:6455 debug : CAMLCodec::AddData: dl:9628834 fl:6093662 sz:348804(348928) lv:61.2% dts:306.556 pts:306.640
2024-11-28 16:00:29.942 T:6452 debug : CVideoPlayer::ProcessVideoData size:288419 dts:306.598 pts:306.598 dur:41.000ms, clock:305.951 level:0
2024-11-28 16:00:29.943 T:6455 debug : CVideoPlayerVideo::CalcDropRequirement - hurry: 0
2024-11-28 16:00:29.945 T:6455 debug : CAMLCodec::AddData: dl:9917222 fl:5805274 sz:288415(288512) lv:63.1% dts:306.598 pts:306.598
2024-11-28 16:00:29.950 T:6452 debug : CVideoPlayer::ProcessVideoData size:288140 dts:306.640 pts:306.681 dur:41.000ms, clock:305.921 level:0
2024-11-28 16:00:29.950 T:6455 debug : CVideoPlayerVideo::CalcDropRequirement - hurry: 0
2024-11-28 16:00:29.953 T:6455 debug : CAMLCodec::AddData: dl:10205381 fl:5517115 sz:288136(288256) lv:64.9% dts:306.640 pts:306.681
2024-11-28 16:00:29.955 T:6452 debug : CVideoPlayer::ProcessVideoData size:352530 dts:306.681 pts:306.807 dur:41.000ms, clock:305.900 level:0
2024-11-28 16:00:29.955 T:6455 debug : CVideoPlayerVideo::CalcDropRequirement - hurry: 0
2024-11-28 16:00:29.958 T:6455 debug : CAMLCodec::AddData: dl:10557901 fl:5164595 sz:352526(352640) lv:67.1% dts:306.681 pts:306.807
2024-11-28 16:00:29.962 T:6452 debug : CVideoPlayer::ProcessVideoData size:297807 dts:306.723 pts:306.765 dur:41.000ms, clock:305.872 level:0
2024-11-28 16:00:29.962 T:6455 debug : CVideoPlayerVideo::CalcDropRequirement - hurry: 0
2024-11-28 16:00:29.965 T:6455 debug : CAMLCodec::AddData: dl:10855707 fl:4866789 sz:297803(297920) lv:69.0% dts:306.723 pts:306.765
2024-11-28 16:00:29.967 T:4489 debug : CAMLCodec::PollFrame elapsed:30.927ms
2024-11-28 16:00:29.967 T:6452 debug : CVideoPlayer::ProcessVideoData size:287853 dts:306.765 pts:306.848 dur:41.000ms, clock:305.852 level:0
2024-11-28 16:00:29.967 T:6455 debug : CVideoPlayerVideo::CalcDropRequirement - hurry: 0
2024-11-28 16:00:29.971 T:6455 debug : CAMLCodec::AddData: dl:11143526 fl:4578970 sz:287849(287936) lv:70.8% dts:306.765 pts:306.848
2024-11-28 16:00:29.982 T:6452 debug : CVideoPlayer::ProcessVideoData size:458526 dts:306.807 pts:307.224 dur:41.000ms, clock:305.791 level:0
2024-11-28 16:00:29.983 T:6455 debug : CVideoPlayerVideo::CalcDropRequirement - hurry: 0
2024-11-28 16:00:29.987 T:6455 debug : CAMLCodec::AddData: dl:11602063 fl:4120433 sz:458522(458624) lv:73.8% dts:306.807 pts:307.224
2024-11-28 16:00:29.990 T:6452 debug : CVideoPlayer::ProcessVideoData size:373835 dts:306.848 pts:307.057 dur:41.000ms, clock:305.759 level:0
2024-11-28 16:00:29.991 T:6455 debug : CVideoPlayerVideo::CalcDropRequirement - hurry: 0
2024-11-28 16:00:29.994 T:6455 debug : CAMLCodec::AddData: dl:11975913 fl:3746583 sz:373831(373952) lv:76.1% dts:306.848 pts:307.057
2024-11-28 16:00:29.996 T:6452 debug : CVideoPlayer::ProcessVideoData size:366329 dts:306.890 pts:306.973 dur:41.000ms, clock:305.738 level:0
2024-11-28 16:00:29.996 T:6455 debug : CVideoPlayerVideo::CalcDropRequirement - hurry: 0
2024-11-28 16:00:29.999 T:6455 debug : CAMLCodec::AddData: dl:12342192 fl:3380304 sz:366325(366400) lv:78.5% dts:306.890 pts:306.973
2024-11-28 16:00:30.003 T:6452 debug : CVideoPlayer::ProcessVideoData size:309123 dts:306.932 pts:306.932 dur:41.000ms, clock:305.710 level:0
2024-11-28 16:00:30.003 T:6455 debug : CVideoPlayerVideo::CalcDropRequirement - hurry: 0
2024-11-28 16:00:30.006 T:6455 debug : CAMLCodec::AddData: dl:12651301 fl:3071195 sz:309119(309184) lv:80.4% dts:306.932 pts:306.932
2024-11-28 16:00:30.007 T:6452 debug : CVideoPlayer::ProcessVideoData size:292141 dts:306.973 pts:307.015 dur:41.000ms, clock:305.691 level:0
2024-11-28 16:00:30.008 T:6455 debug : CVideoPlayerVideo::CalcDropRequirement - hurry: 0
2024-11-28 16:00:30.009 T:4489 debug : CAMLCodec::PollFrame elapsed:29.199ms
2024-11-28 16:00:30.011 T:6455 debug : CAMLCodec::AddData: dl:12943460 fl:2779036 sz:292137(292224) lv:82.3% dts:306.973 pts:307.015
2024-11-28 16:00:30.015 T:6452 debug : CVideoPlayer::ProcessVideoData size:357166 dts:307.015 pts:307.140 dur:41.000ms, clock:305.660 level:0
2024-11-28 16:00:30.015 T:6455 debug : CVideoPlayerVideo::CalcDropRequirement - hurry: 0
2024-11-28 16:00:30.019 T:6455 debug : CAMLCodec::AddData: dl:13300621 fl:2421875 sz:357162(357248) lv:84.6% dts:307.015 pts:307.140
2024-11-28 16:00:30.020 T:6452 debug : CVideoPlayer::ProcessVideoData size:298090 dts:307.057 pts:307.098 dur:41.000ms, clock:305.640 level:0
2024-11-28 16:00:30.020 T:6455 debug : CVideoPlayerVideo::CalcDropRequirement - hurry: 0
2024-11-28 16:00:30.023 T:6455 debug : CAMLCodec::AddData: dl:13598711 fl:2123785 sz:298086(298176) lv:86.5% dts:307.057 pts:307.098
2024-11-28 16:00:30.025 T:6452 debug : CVideoPlayer::ProcessVideoData size:307887 dts:307.098 pts:307.182 dur:41.000ms, clock:305.620 level:0
2024-11-28 16:00:30.025 T:6455 debug : CVideoPlayerVideo::CalcDropRequirement - hurry: 0
2024-11-28 16:00:30.028 T:6455 debug : CAMLCodec::AddData: dl:13906589 fl:1815907 sz:307883(307968) lv:88.4% dts:307.098 pts:307.182
2024-11-28 16:00:30.045 T:6452 debug : CVideoPlayer::ProcessVideoData size:465233 dts:307.140 pts:307.516 dur:41.000ms, clock:305.542 level:0
2024-11-28 16:00:30.045 T:6455 debug : CVideoPlayerVideo::CalcDropRequirement - hurry: 0
2024-11-28 16:00:30.048 T:6455 debug : CAMLCodec::AddData: dl:14371848 fl:1350648 sz:465229(465344) lv:91.4% dts:307.140 pts:307.516
2024-11-28 16:00:30.049 T:6455 debug : CAMLCodec::DequeueBuffer: pts:305.722 idx:8739
2024-11-28 16:00:30.049 T:6455 debug : CAMLCodec::GetPicture: index: 8739, pts: 305.722, dur:41.708ms ar:1.78 elf:845ms
2024-11-28 16:00:30.049 T:6455 debug : CVideoPlayerVideo::OutputPicture - ttd:196ms pts:305.722 Clock:305.526 Level:0
2024-11-28 16:00:30.050 T:4489 debug : CAMLCodec::PollFrame elapsed:32.940ms
2024-11-28 16:00:30.053 T:6452 debug : CVideoPlayer::ProcessVideoData size:380111 dts:307.182 pts:307.390 dur:41.000ms, clock:305.510 level:0
2024-11-28 16:00:30.053 T:6455 debug : CVideoPlayerVideo::CalcDropRequirement - hurry: 1
2024-11-28 16:00:30.054 T:4489 debug : PrepareNextRender: frameOnScreen: 305.504 renderPts: 305.707 nextFramePts: 305.671 -> diff: 0.036 render: 1 forceNext: 0
2024-11-28 16:00:30.057 T:6455 debug : CAMLCodec::AddData: dl:14751957 fl:970539 sz:380107(380224) lv:93.8% dts:307.182 pts:307.390
2024-11-28 16:00:30.059 T:4489 debug : CAMLCodec::ReleaseFrame idx:8739, drop:0
2024-11-28 16:00:30.061 T:6452 debug : CVideoPlayer::ProcessVideoData size:368498 dts:307.224 pts:307.307 dur:41.000ms, clock:305.476 level:0
2024-11-28 16:00:30.061 T:6452 debug : CVideoPlayer::Process - ffd/rwd: lastpts:305.555 clock:305.475 lastseekpts:305.966 speed:-4000 error:0.080
2024-11-28 16:00:30.061 T:6455 debug : CVideoPlayerVideo::CalcDropRequirement - hurry: 0
2024-11-28 16:00:30.065 T:6455 debug : CAMLCodec::AddData: dl:15120416 fl:602080 sz:368494(368576) lv:96.1% dts:307.224 pts:307.307
2024-11-28 16:00:30.066 T:6452 debug : CVideoPlayer::ProcessVideoData size:332468 dts:307.265 pts:307.265 dur:41.000ms, clock:305.455 level:0
2024-11-28 16:00:30.066 T:6455 debug : CVideoPlayerVideo::CalcDropRequirement - hurry: 0
2024-11-28 16:00:30.069 T:6455 debug : CAMLCodec::AddData: dl:15452878 fl:269618 sz:332464(332544) lv:98.2% dts:307.265 pts:307.265
2024-11-28 16:00:30.074 T:6452 debug : CVideoPlayer::ProcessVideoData size:295644 dts:307.307 pts:307.349 dur:41.000ms, clock:305.426 level:0
2024-11-28 16:00:30.074 T:6455 debug : CVideoPlayerVideo::CalcDropRequirement - hurry: 0
2024-11-28 16:00:30.074 T:6455 debug : CAMLCodec::AddData: skip add data dl:15452798 fl:269698 sz:295640(295744) lv:100.1% dts:307.307 pts:307.349
2024-11-28 16:00:30.075 T:6455 debug : CVideoPlayerVideo::CalcDropRequirement - hurry: 0
2024-11-28 16:00:30.076 T:6455 debug : CAMLCodec::AddData: skip add data dl:15452798 fl:269698 sz:295640(295744) lv:100.1% dts:307.307 pts:307.349
2024-11-28 16:00:30.077 T:6455 debug : CVideoPlayerVideo::CalcDropRequirement - hurry: 0
2024-11-28 16:00:30.077 T:6455 debug : CAMLCodec::AddData: skip add data dl:15452798 fl:269698 sz:295640(295744) lv:100.1% dts:307.307 pts:307.349
2024-11-28 16:00:30.079 T:6455 debug : CVideoPlayerVideo::CalcDropRequirement - hurry: 0
2024-11-28 16:00:30.079 T:6452 debug : CVideoPlayer::ProcessVideoData size:367085 dts:307.349 pts:307.474 dur:41.000ms, clock:305.404 level:0
2024-11-28 16:00:30.079 T:6455 debug : CAMLCodec::AddData: skip add data dl:15452798 fl:269698 sz:295640(295744) lv:100.1% dts:307.307 pts:307.349
2024-11-28 16:00:30.080 T:6455 debug : CVideoPlayerVideo::CalcDropRequirement - hurry: 0
2024-11-28 16:00:30.081 T:6455 debug : CAMLCodec::AddData: skip add data dl:15452798 fl:269698 sz:295640(295744) lv:100.1% dts:307.307 pts:307.349
2024-11-28 16:00:30.082 T:6455 debug : CVideoPlayerVideo::CalcDropRequirement - hurry: 0
2024-11-28 16:00:30.082 T:6455 debug : CAMLCodec::AddData: skip add data dl:15452798 fl:269698 sz:295640(295744) lv:100.1% dts:307.307 pts:307.349
2024-11-28 16:00:30.083 T:6455 debug : CVideoPlayerVideo::CalcDropRequirement - hurry: 0
2024-11-28 16:00:30.084 T:6455 debug : CAMLCodec::AddData: skip add data dl:15452798 fl:269698 sz:295640(295744) lv:100.1% dts:307.307 pts:307.349
2024-11-28 16:00:30.085 T:6455 debug : CVideoPlayerVideo::CalcDropRequirement - hurry: 0
2024-11-28 16:00:30.085 T:6455 debug : CAMLCodec::AddData: skip add data dl:15452798 fl:269698 sz:295640(295744) lv:100.1% dts:307.307 pts:307.349
2024-11-28 16:00:30.086 T:6452 debug : CVideoPlayer::ProcessVideoData size:289658 dts:307.390 pts:307.432 dur:41.000ms, clock:305.375 level:1
2024-11-28 16:00:30.088 T:6455 debug : CVideoPlayerVideo::CalcDropRequirement - hurry: 0
2024-11-28 16:00:30.088 T:6455 debug : CAMLCodec::AddData: skip add data dl:15452798 fl:269698 sz:295640(295744) lv:100.1% dts:307.307 pts:307.349
2024-11-28 16:00:30.089 T:6455 debug : CVideoPlayerVideo::CalcDropRequirement - hurry: 0
2024-11-28 16:00:30.090 T:6455 debug : CAMLCodec::AddData: skip add data dl:15452798 fl:269698 sz:295640(295744) lv:100.1% dts:307.307 pts:307.349
2024-11-28 16:00:30.091 T:6455 debug : CVideoPlayerVideo::CalcDropRequirement - hurry: 0
2024-11-28 16:00:30.091 T:6455 debug : CAMLCodec::AddData: skip add data dl:15452798 fl:269698 sz:295640(295744) lv:100.1% dts:307.307 pts:307.349
2024-11-28 16:00:30.092 T:4489 debug : CAMLCodec::PollFrame elapsed:33.124ms
2024-11-28 16:00:30.093 T:6455 debug : CVideoPlayerVideo::CalcDropRequirement - hurry: 0
2024-11-28 16:00:30.093 T:6455 debug : CAMLCodec::AddData: skip add data dl:15452798 fl:269698 sz:295640(295744) lv:100.1% dts:307.307 pts:307.349
2024-11-28 16:00:30.094 T:6455 debug : CVideoPlayerVideo::CalcDropRequirement - hurry: 0
2024-11-28 16:00:30.095 T:6455 debug : CAMLCodec::AddData: skip add data dl:15452798 fl:269698 sz:295640(295744) lv:100.1% dts:307.307 pts:307.349
2024-11-28 16:00:30.096 T:6455 debug : CVideoPlayerVideo::CalcDropRequirement - hurry: 0
2024-11-28 16:00:30.097 T:6455 debug : CAMLCodec::AddData: skip add data dl:15452798 fl:269698 sz:295640(295744) lv:100.1% dts:307.307 pts:307.349
2024-11-28 16:00:30.098 T:6452 debug : CVideoPlayer::ProcessVideoData size:543205 dts:307.432 pts:307.557 dur:41.000ms, clock:305.330 level:2
2024-11-28 16:00:30.099 T:6455 debug : CVideoPlayerVideo::CalcDropRequirement - hurry: 0
2024-11-28 16:00:30.099 T:6455 debug : CAMLCodec::AddData: skip add data dl:15452798 fl:269698 sz:295640(295744) lv:100.1% dts:307.307 pts:307.349
2024-11-28 16:00:30.101 T:6455 debug : CVideoPlayerVideo::CalcDropRequirement - hurry: 0
2024-11-28 16:00:30.102 T:6455 debug : CAMLCodec::AddData: skip add data dl:15452798 fl:269698 sz:295640(295744) lv:100.1% dts:307.307 pts:307.349
2024-11-28 16:00:30.103 T:6455 debug : CVideoPlayerVideo::CalcDropRequirement - hurry: 0
2024-11-28 16:00:30.103 T:6455 debug : CAMLCodec::AddData: skip add data dl:15452798 fl:269698 sz:295640(295744) lv:100.1% dts:307.307 pts:307.349
2024-11-28 16:00:30.105 T:6455 debug : CVideoPlayerVideo::CalcDropRequirement - hurry: 0
2024-11-28 16:00:30.105 T:6455 debug : CAMLCodec::AddData: skip add data dl:15452798 fl:269698 sz:295640(295744) lv:100.1% dts:307.307 pts:307.349
2024-11-28 16:00:30.106 T:6455 debug : CVideoPlayerVideo::CalcDropRequirement - hurry: 0
2024-11-28 16:00:30.106 T:6455 debug : CAMLCodec::AddData: skip add data dl:15452798 fl:269698 sz:295640(295744) lv:100.1% dts:307.307 pts:307.349
2024-11-28 16:00:30.108 T:6455 debug : CVideoPlayerVideo::CalcDropRequirement - hurry: 0
2024-11-28 16:00:30.108 T:6455 debug : CAMLCodec::AddData: skip add data dl:15452798 fl:269698 sz:295640(295744) lv:100.1% dts:307.307 pts:307.349
2024-11-28 16:00:30.109 T:6452 debug : CVideoPlayer::Process - ffd/rwd: lastpts:305.555 clock:305.285 lastseekpts:305.966 speed:-4000 error:0.270
2024-11-28 16:00:30.109 T:6455 debug : CVideoPlayerVideo::CalcDropRequirement - hurry: 0
2024-11-28 16:00:30.110 T:6455 debug : CAMLCodec::AddData: skip add data dl:15452798 fl:269698 sz:295640(295744) lv:100.1% dts:307.307 pts:307.349
2024-11-28 16:00:30.111 T:6455 debug : CVideoPlayerVideo::CalcDropRequirement - hurry: 0
2024-11-28 16:00:30.112 T:6455 debug : CAMLCodec::AddData: skip add data dl:15452798 fl:269698 sz:295640(295744) lv:100.1% dts:307.307 pts:307.349
2024-11-28 16:00:30.113 T:6455 debug : CVideoPlayerVideo::CalcDropRequirement - hurry: 0
2024-11-28 16:00:30.114 T:6455 debug : CAMLCodec::AddData: skip add data dl:15452798 fl:269698 sz:295640(295744) lv:100.1% dts:307.307 pts:307.349
2024-11-28 16:00:30.115 T:6452 debug : CVideoPlayer::ProcessVideoData size:485368 dts:307.474 pts:307.891 dur:41.000ms, clock:305.261 level:2
2024-11-28 16:00:30.116 T:6455 debug : CVideoPlayerVideo::CalcDropRequirement - hurry: 0
2024-11-28 16:00:30.117 T:6455 debug : CAMLCodec::AddData: skip add data dl:15452798 fl:269698 sz:295640(295744) lv:100.1% dts:307.307 pts:307.349
2024-11-28 16:00:30.117 T:6452 debug : CVideoPlayer::ProcessVideoData size:373906 dts:307.516 pts:307.724 dur:41.000ms, clock:305.251 level:3
2024-11-28 16:00:30.119 T:6455 debug : CVideoPlayerVideo::CalcDropRequirement - hurry: 0
2024-11-28 16:00:30.119 T:6455 debug : CAMLCodec::AddData: skip add data dl:15452798 fl:269698 sz:295640(295744) lv:100.1% dts:307.307 pts:307.349
2024-11-28 16:00:30.120 T:6455 debug : CVideoPlayerVideo::CalcDropRequirement - hurry: 0
2024-11-28 16:00:30.121 T:6455 debug : CAMLCodec::AddData: skip add data dl:15452798 fl:269698 sz:295640(295744) lv:100.1% dts:307.307 pts:307.349
2024-11-28 16:00:30.122 T:6455 debug : CVideoPlayerVideo::CalcDropRequirement - hurry: 0
2024-11-28 16:00:30.122 T:6455 debug : CAMLCodec::AddData: skip add data dl:15452798 fl:269698 sz:295640(295744) lv:100.1% dts:307.307 pts:307.349
2024-11-28 16:00:30.124 T:6455 debug : CVideoPlayerVideo::CalcDropRequirement - hurry: 0
2024-11-28 16:00:30.124 T:6455 debug : CAMLCodec::AddData: skip add data dl:15452798 fl:269698 sz:295640(295744) lv:100.1% dts:307.307 pts:307.349
2024-11-28 16:00:30.125 T:6452 debug : CVideoPlayer::ProcessVideoData size:384681 dts:307.557 pts:307.641 dur:41.000ms, clock:305.220 level:3
2024-11-28 16:00:30.125 T:6455 debug : CVideoPlayerVideo::CalcDropRequirement - hurry: 0
2024-11-28 16:00:30.126 T:6455 debug : CAMLCodec::AddData: skip add data dl:15452798 fl:269698 sz:295640(295744) lv:100.1% dts:307.307 pts:307.349
2024-11-28 16:00:30.127 T:6455 debug : CVideoPlayerVideo::CalcDropRequirement - hurry: 0
2024-11-28 16:00:30.128 T:6455 debug : CAMLCodec::AddData: skip add data dl:15452798 fl:269698 sz:295640(295744) lv:100.1% dts:307.307 pts:307.349
2024-11-28 16:00:30.130 T:6455 debug : CVideoPlayerVideo::CalcDropRequirement - hurry: 0
2024-11-28 16:00:30.130 T:6455 debug : CAMLCodec::AddData: skip add data dl:15452798 fl:269698 sz:295640(295744) lv:100.1% dts:307.307 pts:307.349
2024-11-28 16:00:30.132 T:6455 debug : CVideoPlayerVideo::CalcDropRequirement - hurry: 0
2024-11-28 16:00:30.132 T:6452 debug : CVideoPlayer::ProcessVideoData size:306596 dts:307.599 pts:307.599 dur:41.000ms, clock:305.193 level:3
2024-11-28 16:00:30.132 T:6455 debug : CAMLCodec::AddData: skip add data dl:15452798 fl:269698 sz:295640(295744) lv:100.1% dts:307.307 pts:307.349
2024-11-28 16:00:30.133 T:6455 debug : CVideoPlayerVideo::CalcDropRequirement - hurry: 0
2024-11-28 16:00:30.134 T:6455 debug : CAMLCodec::AddData: skip add data dl:15452798 fl:269698 sz:295640(295744) lv:100.1% dts:307.307 pts:307.349
2024-11-28 16:00:30.134 T:4489 debug : CAMLCodec::PollFrame elapsed:32.497ms
2024-11-28 16:00:30.135 T:6455 debug : CVideoPlayerVideo::CalcDropRequirement - hurry: 0
2024-11-28 16:00:30.136 T:6455 debug : CAMLCodec::AddData: skip add data dl:15452798 fl:269698 sz:295640(295744) lv:100.1% dts:307.307 pts:307.349
2024-11-28 16:00:30.137 T:6452 debug : CVideoPlayer::ProcessVideoData size:296783 dts:307.641 pts:307.682 dur:41.000ms, clock:305.173 level:4
2024-11-28 16:00:30.138 T:6455 debug : CVideoPlayerVideo::CalcDropRequirement - hurry: 0
2024-11-28 16:00:30.139 T:6455 debug : CAMLCodec::AddData: skip add data dl:15452798 fl:269698 sz:295640(295744) lv:100.1% dts:307.307 pts:307.349
2024-11-28 16:00:30.140 T:6455 debug : CVideoPlayerVideo::CalcDropRequirement - hurry: 0
2024-11-28 16:00:30.141 T:6455 debug : CAMLCodec::AddData: skip add data dl:15452798 fl:269698 sz:295640(295744) lv:100.1% dts:307.307 pts:307.349
2024-11-28 16:00:30.142 T:6455 debug : CVideoPlayerVideo::CalcDropRequirement - hurry: 0
2024-11-28 16:00:30.143 T:6455 debug : CAMLCodec::AddData: skip add data dl:15452798 fl:269698 sz:295640(295744) lv:100.1% dts:307.307 pts:307.349
2024-11-28 16:00:30.145 T:6455 debug : CVideoPlayerVideo::CalcDropRequirement - hurry: 0
2024-11-28 16:00:30.145 T:6452 debug : CVideoPlayer::ProcessVideoData size:371064 dts:307.682 pts:307.808 dur:41.000ms, clock:305.141 level:4
2024-11-28 16:00:30.145 T:6455 debug : CAMLCodec::AddData: skip add data dl:15452798 fl:269698 sz:295640(295744) lv:100.1% dts:307.307 pts:307.349
2024-11-28 16:00:30.146 T:6455 debug : CVideoPlayerVideo::CalcDropRequirement - hurry: 0
2024-11-28 16:00:30.147 T:6455 debug : CAMLCodec::AddData: skip add data dl:15452798 fl:269698 sz:295640(295744) lv:100.1% dts:307.307 pts:307.349
2024-11-28 16:00:30.148 T:6455 debug : CVideoPlayerVideo::CalcDropRequirement - hurry: 0
2024-11-28 16:00:30.148 T:6455 debug : CAMLCodec::AddData: skip add data dl:15452798 fl:269698 sz:295640(295744) lv:100.1% dts:307.307 pts:307.349
2024-11-28 16:00:30.149 T:6452 debug : CVideoPlayer::ProcessVideoData size:294623 dts:307.724 pts:307.766 dur:41.000ms, clock:305.123 level:5
2024-11-28 16:00:30.149 T:6455 debug : CVideoPlayerVideo::CalcDropRequirement - hurry: 0
2024-11-28 16:00:30.150 T:6455 debug : CAMLCodec::AddData: skip add data dl:15452798 fl:269698 sz:295640(295744) lv:100.1% dts:307.307 pts:307.349
2024-11-28 16:00:30.151 T:6455 debug : CVideoPlayerVideo::CalcDropRequirement - hurry: 0
2024-11-28 16:00:30.152 T:6455 debug : CAMLCodec::AddData: skip add data dl:15452798 fl:269698 sz:295640(295744) lv:100.1% dts:307.307 pts:307.349
2024-11-28 16:00:30.153 T:6455 debug : CVideoPlayerVideo::CalcDropRequirement - hurry: 0
2024-11-28 16:00:30.153 T:6455 debug : CAMLCodec::AddData: skip add data dl:15452798 fl:269698 sz:295640(295744) lv:100.1% dts:307.307 pts:307.349
2024-11-28 16:00:30.154 T:6452 debug : CVideoPlayer::ProcessVideoData size:310803 dts:307.766 pts:307.849 dur:41.000ms, clock:305.104 level:6
2024-11-28 16:00:30.155 T:6455 debug : CVideoPlayerVideo::CalcDropRequirement - hurry: 0
2024-11-28 16:00:30.156 T:6455 debug : CAMLCodec::AddData: skip add data dl:15452798 fl:269698 sz:295640(295744) lv:100.1% dts:307.307 pts:307.349
2024-11-28 16:00:30.157 T:6455 debug : CVideoPlayerVideo::CalcDropRequirement - hurry: 0
2024-11-28 16:00:30.158 T:6455 debug : CAMLCodec::AddData: skip add data dl:15452798 fl:269698 sz:295640(295744) lv:100.1% dts:307.307 pts:307.349
2024-11-28 16:00:30.159 T:6455 debug : CVideoPlayerVideo::CalcDropRequirement - hurry: 0
2024-11-28 16:00:30.159 T:6455 debug : CAMLCodec::AddData: skip add data dl:15452798 fl:269698 sz:295640(295744) lv:100.1% dts:307.307 pts:307.349
2024-11-28 16:00:30.160 T:6455 debug : CVideoPlayerVideo::CalcDropRequirement - hurry: 0
2024-11-28 16:00:30.161 T:6455 debug : CAMLCodec::AddData: skip add data dl:15452798 fl:269698 sz:295640(295744) lv:100.1% dts:307.307 pts:307.349
2024-11-28 16:00:30.162 T:6455 debug : CVideoPlayerVideo::CalcDropRequirement - hurry: 0
2024-11-28 16:00:30.162 T:6455 debug : CAMLCodec::AddData: skip add data dl:15452798 fl:269698 sz:295640(295744) lv:100.1% dts:307.307 pts:307.349
2024-11-28 16:00:30.163 T:6455 debug : CVideoPlayerVideo::CalcDropRequirement - hurry: 0
2024-11-28 16:00:30.164 T:6455 debug : CAMLCodec::AddData: skip add data dl:15452798 fl:269698 sz:295640(295744) lv:100.1% dts:307.307 pts:307.349
2024-11-28 16:00:30.165 T:6455 debug : CVideoPlayerVideo::CalcDropRequirement - hurry: 0
2024-11-28 16:00:30.166 T:6455 debug : CAMLCodec::AddData: skip add data dl:15452798 fl:269698 sz:295640(295744) lv:100.1% dts:307.307 pts:307.349
2024-11-28 16:00:30.167 T:6455 debug : CVideoPlayerVideo::CalcDropRequirement - hurry: 0
2024-11-28 16:00:30.167 T:6455 debug : CAMLCodec::AddData: skip add data dl:15452798 fl:269698 sz:295640(295744) lv:100.1% dts:307.307 pts:307.349
2024-11-28 16:00:30.169 T:6455 debug : CVideoPlayerVideo::CalcDropRequirement - hurry: 0
2024-11-28 16:00:30.169 T:6452 debug : CVideoPlayer::ProcessVideoData size:460633 dts:307.808 pts:308.225 dur:41.000ms, clock:305.044 level:6
2024-11-28 16:00:30.169 T:6455 debug : CAMLCodec::AddData: skip add data dl:15452798 fl:269698 sz:295640(295744) lv:100.1% dts:307.307 pts:307.349
2024-11-28 16:00:30.171 T:6455 debug : CVideoPlayerVideo::CalcDropRequirement - hurry: 0
2024-11-28 16:00:30.171 T:6455 debug : CAMLCodec::AddData: skip add data dl:15452798 fl:269698 sz:295640(295744) lv:100.1% dts:307.307 pts:307.349
2024-11-28 16:00:30.172 T:6455 debug : CVideoPlayerVideo::CalcDropRequirement - hurry: 0
2024-11-28 16:00:30.173 T:6455 debug : CAMLCodec::AddData: skip add data dl:15452798 fl:269698 sz:295640(295744) lv:100.1% dts:307.307 pts:307.349
2024-11-28 16:00:30.174 T:6455 debug : CVideoPlayerVideo::CalcDropRequirement - hurry: 0
2024-11-28 16:00:30.174 T:6455 debug : CAMLCodec::AddData: skip add data dl:15452798 fl:269698 sz:295640(295744) lv:100.1% dts:307.307 pts:307.349
2024-11-28 16:00:30.175 T:4489 debug : CAMLCodec::PollFrame elapsed:32.424ms
2024-11-28 16:00:30.176 T:6455 debug : CVideoPlayerVideo::CalcDropRequirement - hurry: 0
2024-11-28 16:00:30.176 T:6455 debug : CAMLCodec::AddData: skip add data dl:15452798 fl:269698 sz:295640(295744) lv:100.1% dts:307.307 pts:307.349
2024-11-28 16:00:30.177 T:6452 debug : CVideoPlayer::ProcessVideoData size:386716 dts:307.849 pts:308.058 dur:41.000ms, clock:305.012 level:7
2024-11-28 16:00:30.178 T:6455 debug : CVideoPlayerVideo::CalcDropRequirement - hurry: 0
2024-11-28 16:00:30.179 T:6455 debug : CAMLCodec::AddData: skip add data dl:15452798 fl:269698 sz:295640(295744) lv:100.1% dts:307.307 pts:307.349
2024-11-28 16:00:30.180 T:6455 debug : CVideoPlayerVideo::CalcDropRequirement - hurry: 0
2024-11-28 16:00:30.180 T:6455 debug : CAMLCodec::AddData: skip add data dl:15452798 fl:269698 sz:295640(295744) lv:100.1% dts:307.307 pts:307.349
2024-11-28 16:00:30.181 T:6452 debug : CVideoPlayer::ProcessVideoData size:364353 dts:307.891 pts:307.974 dur:41.000ms, clock:304.995 level:7
2024-11-28 16:00:30.183 T:6455 debug : CVideoPlayerVideo::CalcDropRequirement - hurry: 0
2024-11-28 16:00:30.183 T:6455 debug : CAMLCodec::AddData: skip add data dl:15452798 fl:269698 sz:295640(295744) lv:100.1% dts:307.307 pts:307.349
2024-11-28 16:00:30.184 T:6455 debug : CVideoPlayerVideo::CalcDropRequirement - hurry: 0
2024-11-28 16:00:30.185 T:6455 debug : CAMLCodec::AddData: skip add data dl:15452798 fl:269698 sz:295640(295744) lv:100.1% dts:307.307 pts:307.349
2024-11-28 16:00:30.186 T:6455 debug : CVideoPlayerVideo::CalcDropRequirement - hurry: 0
2024-11-28 16:00:30.187 T:6455 debug : CAMLCodec::AddData: skip add data dl:15452798 fl:269698 sz:295640(295744) lv:100.1% dts:307.307 pts:307.349
2024-11-28 16:00:30.188 T:6455 debug : CVideoPlayerVideo::CalcDropRequirement - hurry: 0
2024-11-28 16:00:30.188 T:6455 debug : CAMLCodec::AddData: skip add data dl:15452798 fl:269698 sz:295640(295744) lv:100.1% dts:307.307 pts:307.349
2024-11-28 16:00:30.189 T:6452 debug : CVideoPlayer::ProcessVideoData size:300194 dts:307.933 pts:307.933 dur:41.000ms, clock:304.966 level:8
2024-11-28 16:00:30.190 T:6455 debug : CVideoPlayerVideo::CalcDropRequirement - hurry: 0
2024-11-28 16:00:30.190 T:6455 debug : CAMLCodec::AddData: skip add data dl:15452798 fl:269698 sz:295640(295744) lv:100.1% dts:307.307 pts:307.349
2024-11-28 16:00:30.191 T:6455 debug : CVideoPlayerVideo::CalcDropRequirement - hurry: 0
2024-11-28 16:00:30.192 T:6455 debug : CAMLCodec::AddData: skip add data dl:15452798 fl:269698 sz:295640(295744) lv:100.1% dts:307.307 pts:307.349
2024-11-28 16:00:30.193 T:6455 debug : CVideoPlayerVideo::CalcDropRequirement - hurry: 0
2024-11-28 16:00:30.193 T:6455 debug : CAMLCodec::AddData: skip add data dl:15452798 fl:269698 sz:295640(295744) lv:100.1% dts:307.307 pts:307.349
2024-11-28 16:00:30.194 T:6452 debug : CVideoPlayer::ProcessVideoData size:316577 dts:307.974 pts:308.016 dur:41.000ms, clock:304.945 level:8
2024-11-28 16:00:30.195 T:6455 debug : CVideoPlayerVideo::CalcDropRequirement - hurry: 0
2024-11-28 16:00:30.195 T:6455 debug : CAMLCodec::AddData: skip add data dl:15452798 fl:269698 sz:295640(295744) lv:100.1% dts:307.307 pts:307.349
2024-11-28 16:00:30.197 T:6455 debug : CVideoPlayerVideo::CalcDropRequirement - hurry: 0
2024-11-28 16:00:30.197 T:6455 debug : CAMLCodec::AddData: skip add data dl:15452798 fl:269698 sz:295640(295744) lv:100.1% dts:307.307 pts:307.349
2024-11-28 16:00:30.198 T:6455 debug : CVideoPlayerVideo::CalcDropRequirement - hurry: 0
2024-11-28 16:00:30.199 T:6455 debug : CAMLCodec::AddData: skip add data dl:15452798 fl:269698 sz:295640(295744) lv:100.1% dts:307.307 pts:307.349
2024-11-28 16:00:30.200 T:6455 debug : CVideoPlayerVideo::CalcDropRequirement - hurry: 0
2024-11-28 16:00:30.200 T:6455 debug : CAMLCodec::AddData: skip add data dl:15452798 fl:269698 sz:295640(295744) lv:100.1% dts:307.307 pts:307.349
2024-11-28 16:00:30.202 T:6455 debug : CVideoPlayerVideo::CalcDropRequirement - hurry: 0
2024-11-28 16:00:30.202 T:6452 debug : CVideoPlayer::ProcessVideoData size:372563 dts:308.016 pts:308.141 dur:41.000ms, clock:304.914 level:8
2024-11-28 16:00:30.202 T:6455 debug : CAMLCodec::AddData: skip add data dl:15452798 fl:269698 sz:295640(295744) lv:100.1% dts:307.307 pts:307.349
2024-11-28 16:00:30.204 T:6455 debug : CVideoPlayerVideo::CalcDropRequirement - hurry: 0
2024-11-28 16:00:30.204 T:6455 debug : CAMLCodec::AddData: skip add data dl:15452798 fl:269698 sz:295640(295744) lv:100.1% dts:307.307 pts:307.349
2024-11-28 16:00:30.205 T:6455 debug : CVideoPlayerVideo::CalcDropRequirement - hurry: 0
2024-11-28 16:00:30.206 T:6455 debug : CAMLCodec::AddData: skip add data dl:15452798 fl:269698 sz:295640(295744) lv:100.1% dts:307.307 pts:307.349
2024-11-28 16:00:30.206 T:6452 debug : CVideoPlayer::ProcessVideoData size:293447 dts:308.058 pts:308.099 dur:41.000ms, clock:304.896 level:9
2024-11-28 16:00:30.207 T:6455 debug : CVideoPlayerVideo::CalcDropRequirement - hurry: 0
2024-11-28 16:00:30.208 T:6455 debug : CAMLCodec::AddData: skip add data dl:15452798 fl:269698 sz:295640(295744) lv:100.1% dts:307.307 pts:307.349
2024-11-28 16:00:30.209 T:6455 debug : CVideoPlayerVideo::CalcDropRequirement - hurry: 0
2024-11-28 16:00:30.209 T:6455 debug : CAMLCodec::AddData: skip add data dl:15452798 fl:269698 sz:295640(295744) lv:100.1% dts:307.307 pts:307.349
2024-11-28 16:00:30.210 T:6455 debug : CVideoPlayerVideo::CalcDropRequirement - hurry: 0
2024-11-28 16:00:30.211 T:6455 debug : CAMLCodec::AddData: skip add data dl:15452798 fl:269698 sz:295640(295744) lv:100.1% dts:307.307 pts:307.349
2024-11-28 16:00:30.211 T:6452 debug : CVideoPlayer::ProcessVideoData size:300924 dts:308.099 pts:308.183 dur:41.000ms, clock:304.876 level:10
2024-11-28 16:00:30.212 T:6455 debug : CVideoPlayerVideo::CalcDropRequirement - hurry: 0
2024-11-28 16:00:30.213 T:6455 debug : CAMLCodec::AddData: skip add data dl:15452798 fl:269698 sz:295640(295744) lv:100.1% dts:307.307 pts:307.349
2024-11-28 16:00:30.214 T:6455 debug : CVideoPlayerVideo::CalcDropRequirement - hurry: 0
2024-11-28 16:00:30.215 T:6455 debug : CAMLCodec::AddData: skip add data dl:15452798 fl:269698 sz:295640(295744) lv:100.1% dts:307.307 pts:307.349
2024-11-28 16:00:30.216 T:6455 debug : CVideoPlayerVideo::CalcDropRequirement - hurry: 0
2024-11-28 16:00:30.217 T:6455 debug : CAMLCodec::AddData: skip add data dl:15452798 fl:269698 sz:295640(295744) lv:100.1% dts:307.307 pts:307.349
2024-11-28 16:00:30.217 T:4489 debug : CAMLCodec::PollFrame elapsed:29.718ms
2024-11-28 16:00:30.218 T:6455 debug : CVideoPlayerVideo::CalcDropRequirement - hurry: 0
2024-11-28 16:00:30.219 T:6455 debug : CAMLCodec::AddData: skip add data dl:15452798 fl:269698 sz:295640(295744) lv:100.1% dts:307.307 pts:307.349
2024-11-28 16:00:30.221 T:6455 debug : CVideoPlayerVideo::CalcDropRequirement - hurry: 0
2024-11-28 16:00:30.221 T:6455 debug : CAMLCodec::AddData: skip add data dl:15452798 fl:269698 sz:295640(295744) lv:100.1% dts:307.307 pts:307.349
2024-11-28 16:00:30.222 T:6455 debug : CVideoPlayerVideo::CalcDropRequirement - hurry: 0
2024-11-28 16:00:30.223 T:6455 debug : CAMLCodec::AddData: skip add data dl:15452798 fl:269698 sz:295640(295744) lv:100.1% dts:307.307 pts:307.349
2024-11-28 16:00:30.224 T:6455 debug : CVideoPlayerVideo::CalcDropRequirement - hurry: 0
2024-11-28 16:00:30.225 T:6455 debug : CAMLCodec::AddData: skip add data dl:15452798 fl:269698 sz:295640(295744) lv:100.1% dts:307.307 pts:307.349
2024-11-28 16:00:30.225 T:6452 debug : CVideoPlayer::ProcessVideoData size:447177 dts:308.141 pts:308.517 dur:41.000ms, clock:304.822 level:10
2024-11-28 16:00:30.226 T:6455 debug : CVideoPlayerVideo::CalcDropRequirement - hurry: 0
2024-11-28 16:00:30.226 T:6455 debug : CAMLCodec::AddData: skip add data dl:15452798 fl:269698 sz:295640(295744) lv:100.1% dts:307.307 pts:307.349
2024-11-28 16:00:30.228 T:6455 debug : CVideoPlayerVideo::CalcDropRequirement - hurry: 0
2024-11-28 16:00:30.228 T:6455 debug : CAMLCodec::AddData: skip add data dl:15452798 fl:269698 sz:295640(295744) lv:100.1% dts:307.307 pts:307.349
2024-11-28 16:00:30.229 T:6455 debug : CVideoPlayerVideo::CalcDropRequirement - hurry: 0
2024-11-28 16:00:30.230 T:6455 debug : CAMLCodec::AddData: skip add data dl:15452798 fl:269698 sz:295640(295744) lv:100.1% dts:307.307 pts:307.349
2024-11-28 16:00:30.231 T:6455 debug : CVideoPlayerVideo::CalcDropRequirement - hurry: 0
2024-11-28 16:00:30.231 T:6455 debug : CAMLCodec::AddData: skip add data dl:15452798 fl:269698 sz:295640(295744) lv:100.1% dts:307.307 pts:307.349
2024-11-28 16:00:30.231 T:6452 debug : CVideoPlayer::ProcessVideoData size:385628 dts:308.183 pts:308.391 dur:41.000ms, clock:304.795 level:10
2024-11-28 16:00:30.233 T:6455 debug : CVideoPlayerVideo::CalcDropRequirement - hurry: 0
2024-11-28 16:00:30.233 T:6455 debug : CAMLCodec::AddData: skip add data dl:15452798 fl:269698 sz:295640(295744) lv:100.1% dts:307.307 pts:307.349
2024-11-28 16:00:30.234 T:6455 debug : CVideoPlayerVideo::CalcDropRequirement - hurry: 0
2024-11-28 16:00:30.235 T:6455 debug : CAMLCodec::AddData: skip add data dl:15452798 fl:269698 sz:295640(295744) lv:100.1% dts:307.307 pts:307.349
2024-11-28 16:00:30.236 T:6455 debug : CVideoPlayerVideo::CalcDropRequirement - hurry: 0
2024-11-28 16:00:30.236 T:6455 debug : CAMLCodec::AddData: skip add data dl:15452798 fl:269698 sz:295640(295744) lv:100.1% dts:307.307 pts:307.349
2024-11-28 16:00:30.238 T:6455 debug : CVideoPlayerVideo::CalcDropRequirement - hurry: 0
2024-11-28 16:00:30.238 T:6455 debug : CAMLCodec::AddData: skip add data dl:15452798 fl:269698 sz:295640(295744) lv:100.1% dts:307.307 pts:307.349
2024-11-28 16:00:30.239 T:6455 debug : CVideoPlayerVideo::CalcDropRequirement - hurry: 0
2024-11-28 16:00:30.239 T:6452 debug : CVideoPlayer::ProcessVideoData size:400345 dts:308.225 pts:308.308 dur:41.000ms, clock:304.764 level:11
2024-11-28 16:00:30.240 T:6455 debug : CAMLCodec::AddData: skip add data dl:15452798 fl:269698 sz:295640(295744) lv:100.1% dts:307.307 pts:307.349
2024-11-28 16:00:30.241 T:6455 debug : CVideoPlayerVideo::CalcDropRequirement - hurry: 0
2024-11-28 16:00:30.242 T:6455 debug : CAMLCodec::AddData: skip add data dl:15452798 fl:269698 sz:295640(295744) lv:100.1% dts:307.307 pts:307.349
2024-11-28 16:00:30.243 T:6455 debug : CVideoPlayerVideo::CalcDropRequirement - hurry: 0
2024-11-28 16:00:30.243 T:6455 debug : CAMLCodec::AddData: skip add data dl:15452798 fl:269698 sz:295640(295744) lv:100.1% dts:307.307 pts:307.349
2024-11-28 16:00:30.245 T:6455 debug : CVideoPlayerVideo::CalcDropRequirement - hurry: 0
2024-11-28 16:00:30.245 T:6455 debug : CAMLCodec::AddData: skip add data dl:15452798 fl:269698 sz:295640(295744) lv:100.1% dts:307.307 pts:307.349
2024-11-28 16:00:30.246 T:6452 debug : CVideoPlayer::ProcessVideoData size:296746 dts:308.266 pts:308.266 dur:41.000ms, clock:304.736 level:12
2024-11-28 16:00:30.247 T:6455 debug : CVideoPlayerVideo::CalcDropRequirement - hurry: 0
2024-11-28 16:00:30.248 T:6455 debug : CAMLCodec::AddData: skip add data dl:15452798 fl:269698 sz:295640(295744) lv:100.1% dts:307.307 pts:307.349
2024-11-28 16:00:30.249 T:6455 debug : CVideoPlayerVideo::CalcDropRequirement - hurry: 0
2024-11-28 16:00:30.250 T:6455 debug : CAMLCodec::AddData: skip add data dl:15452798 fl:269698 sz:295640(295744) lv:100.1% dts:307.307 pts:307.349
2024-11-28 16:00:30.251 T:6452 debug : CVideoPlayer::ProcessVideoData size:314211 dts:308.308 pts:308.350 dur:41.000ms, clock:304.716 level:12
2024-11-28 16:00:30.252 T:6455 debug : CVideoPlayerVideo::CalcDropRequirement - hurry: 0
2024-11-28 16:00:30.253 T:6455 debug : CAMLCodec::AddData: skip add data dl:15452798 fl:269698 sz:295640(295744) lv:100.1% dts:307.307 pts:307.349
2024-11-28 16:00:30.254 T:6455 debug : CVideoPlayerVideo::CalcDropRequirement - hurry: 0
