2024-11-28 15:59:58.734 T:6455 debug : CAMLCodec::AddData: dl:1428109 fl:14294387 sz:307478(307584) lv:9.1% dts:286.244 pts:286.369
2024-11-28 15:59:58.736 T:6452 debug : CVideoPlayer::ProcessVideoData size:258841 dts:286.286 pts:286.328 dur:41.000ms, clock:286.001 level:0
2024-11-28 15:59:58.736 T:6455 debug : CVideoPlayerVideo::CalcDropRequirement - hurry: 0
2024-11-28 15:59:58.739 T:6455 debug : CAMLCodec::AddData: dl:1366051 fl:14356445 sz:258837(258944) lv:8.7% dts:286.286 pts:286.328
2024-11-28 15:59:58.748 T:6452 debug : CVideoPlayer::ProcessVideoData size:269602 dts:286.328 pts:286.411 dur:41.000ms, clock:286.001 level:0
2024-11-28 15:59:58.749 T:6455 debug : CVideoPlayerVideo::CalcDropRequirement - hurry: 0
2024-11-28 15:59:58.752 T:6455 debug : CAMLCodec::AddData: dl:1635640 fl:14086856 sz:269598(269696) lv:10.4% dts:286.328 pts:286.411
2024-11-28 15:59:58.770 T:6452 debug : CVideoPlayer::ProcessVideoData size:335801 dts:286.369 pts:286.745 dur:41.000ms, clock:286.001 level:0
2024-11-28 15:59:58.770 T:6455 debug : CVideoPlayerVideo::CalcDropRequirement - hurry: 0
2024-11-28 15:59:58.772 T:6452 debug : CVideoPlayer::ProcessVideoData size:322694 dts:286.411 pts:286.620 dur:41.000ms, clock:286.001 level:0
2024-11-28 15:59:58.773 T:6455 debug : CAMLCodec::AddData: dl:1971414 fl:13751082 sz:335797(335872) lv:12.5% dts:286.369 pts:286.745
2024-11-28 15:59:58.773 T:6452 debug : CVideoPlayer::ProcessVideoData size:294290 dts:286.453 pts:286.536 dur:41.000ms, clock:286.001 level:0
2024-11-28 15:59:58.773 T:6455 debug : CVideoPlayerVideo::CalcDropRequirement - hurry: 0
2024-11-28 15:59:58.776 T:6452 debug : CVideoPlayer::ProcessVideoData size:244829 dts:286.495 pts:286.495 dur:41.000ms, clock:286.001 level:0
2024-11-28 15:59:58.776 T:6455 debug : CAMLCodec::AddData: dl:2294155 fl:13428341 sz:322690(322816) lv:14.6% dts:286.411 pts:286.620
2024-11-28 15:59:58.776 T:6455 debug : CVideoPlayerVideo::CalcDropRequirement - hurry: 0
2024-11-28 15:59:58.780 T:6455 debug : CAMLCodec::AddData: dl:2588429 fl:13134067 sz:294286(294400) lv:16.5% dts:286.453 pts:286.536
2024-11-28 15:59:58.780 T:6455 debug : CVideoPlayerVideo::CalcDropRequirement - hurry: 0
2024-11-28 15:59:58.782 T:6452 debug : CVideoPlayer::ProcessVideoData size:244556 dts:286.536 pts:286.578 dur:41.000ms, clock:286.001 level:0
2024-11-28 15:59:58.783 T:6455 debug : CAMLCodec::AddData: dl:2833243 fl:12889253 sz:244825(244928) lv:18.0% dts:286.495 pts:286.495
2024-11-28 15:59:58.783 T:6455 debug : CVideoPlayerVideo::CalcDropRequirement - hurry: 0
2024-11-28 15:59:58.786 T:6455 debug : CAMLCodec::AddData: dl:3077812 fl:12644684 sz:244552(244672) lv:19.6% dts:286.536 pts:286.578
2024-11-28 15:59:58.790 T:6452 debug : CVideoPlayer::ProcessVideoData size:299854 dts:286.578 pts:286.703 dur:41.000ms, clock:286.001 level:0
2024-11-28 15:59:58.791 T:6455 debug : CVideoPlayerVideo::CalcDropRequirement - hurry: 0
2024-11-28 15:59:58.793 T:6455 debug : CAMLCodec::AddData: dl:3377660 fl:12344836 sz:299850(299968) lv:21.5% dts:286.578 pts:286.703
2024-11-28 15:59:58.796 T:6452 debug : CVideoPlayer::ProcessVideoData size:254516 dts:286.620 pts:286.661 dur:41.000ms, clock:286.001 level:0
2024-11-28 15:59:58.796 T:6455 debug : CVideoPlayerVideo::CalcDropRequirement - hurry: 0
2024-11-28 15:59:58.800 T:6455 debug : CAMLCodec::AddData: dl:3632134 fl:12090362 sz:254512(254592) lv:23.1% dts:286.620 pts:286.661
2024-11-28 15:59:58.805 T:6452 debug : CVideoPlayer::ProcessVideoData size:404394 dts:286.661 pts:286.787 dur:41.000ms, clock:286.001 level:0
2024-11-28 15:59:58.805 T:6455 debug : CVideoPlayerVideo::CalcDropRequirement - hurry: 0
2024-11-28 15:59:58.809 T:6455 debug : CAMLCodec::AddData: dl:4036534 fl:11685962 sz:404374(404480) lv:25.7% dts:286.661 pts:286.787
2024-11-28 15:59:58.822 T:6452 debug : CVideoPlayer::ProcessVideoData size:348994 dts:286.703 pts:287.120 dur:41.000ms, clock:286.001 level:0
2024-11-28 15:59:58.823 T:6455 debug : CVideoPlayerVideo::CalcDropRequirement - hurry: 0
2024-11-28 15:59:58.824 T:6452 debug : CVideoPlayer::ProcessVideoData size:302538 dts:286.745 pts:286.953 dur:41.000ms, clock:286.001 level:0
2024-11-28 15:59:58.826 T:6455 debug : CAMLCodec::AddData: dl:4385484 fl:11337012 sz:348990(349056) lv:27.9% dts:286.703 pts:287.120
2024-11-28 15:59:58.826 T:6455 debug : CVideoPlayerVideo::CalcDropRequirement - hurry: 0
2024-11-28 15:59:58.829 T:6455 debug : CAMLCodec::AddData: dl:4688074 fl:11034422 sz:302534(302656) lv:29.8% dts:286.745 pts:286.953
2024-11-28 15:59:58.831 T:6452 debug : CVideoPlayer::ProcessVideoData size:323909 dts:286.787 pts:286.870 dur:41.000ms, clock:286.001 level:0
2024-11-28 15:59:58.831 T:6455 debug : CVideoPlayerVideo::CalcDropRequirement - hurry: 0
2024-11-28 15:59:58.835 T:6455 debug : CAMLCodec::AddData: dl:5011984 fl:10710512 sz:323905(324032) lv:31.9% dts:286.787 pts:286.870
2024-11-28 15:59:58.837 T:6452 debug : CVideoPlayer::ProcessVideoData size:241782 dts:286.828 pts:286.828 dur:41.000ms, clock:286.001 level:0
2024-11-28 15:59:58.837 T:6455 debug : CVideoPlayerVideo::CalcDropRequirement - hurry: 0
2024-11-28 15:59:58.839 T:6455 debug : CAMLCodec::AddData: dl:5253713 fl:10468783 sz:241778(241856) lv:33.4% dts:286.828 pts:286.828
2024-11-28 15:59:58.842 T:6452 debug : CVideoPlayer::ProcessVideoData size:272130 dts:286.870 pts:286.912 dur:41.000ms, clock:286.001 level:0
2024-11-28 15:59:58.842 T:6455 debug : CVideoPlayerVideo::CalcDropRequirement - hurry: 0
2024-11-28 15:59:58.845 T:6455 debug : CAMLCodec::AddData: dl:5525827 fl:10196669 sz:272126(272192) lv:35.1% dts:286.870 pts:286.912
2024-11-28 15:59:58.848 T:6452 debug : CVideoPlayer::ProcessVideoData size:292031 dts:286.912 pts:287.037 dur:41.000ms, clock:286.001 level:0
2024-11-28 15:59:58.848 T:6455 debug : CVideoPlayerVideo::CalcDropRequirement - hurry: 0
2024-11-28 15:59:58.851 T:6455 debug : CAMLCodec::AddData: dl:5817857 fl:9904639 sz:292027(292096) lv:37.0% dts:286.912 pts:287.037
2024-11-28 15:59:58.854 T:6452 debug : CVideoPlayer::ProcessVideoData size:256931 dts:286.953 pts:286.995 dur:41.000ms, clock:286.001 level:0
2024-11-28 15:59:58.854 T:6455 debug : CVideoPlayerVideo::CalcDropRequirement - hurry: 0
2024-11-28 15:59:58.856 T:6455 debug : CAMLCodec::AddData: dl:6074812 fl:9647684 sz:256927(257024) lv:38.6% dts:286.953 pts:286.995
2024-11-28 15:59:58.859 T:6452 debug : CVideoPlayer::ProcessVideoData size:264729 dts:286.995 pts:287.078 dur:41.000ms, clock:286.001 level:0
2024-11-28 15:59:58.859 T:6455 debug : CVideoPlayerVideo::CalcDropRequirement - hurry: 0
2024-11-28 15:59:58.862 T:6455 debug : CAMLCodec::AddData: dl:6339547 fl:9382949 sz:264725(264832) lv:40.3% dts:286.995 pts:287.078
2024-11-28 15:59:58.881 T:6452 debug : CVideoPlayer::ProcessVideoData size:360628 dts:287.037 pts:287.454 dur:41.000ms, clock:286.001 level:0
2024-11-28 15:59:58.881 T:6455 debug : CVideoPlayerVideo::CalcDropRequirement - hurry: 0
2024-11-28 15:59:58.884 T:6452 debug : CVideoPlayer::ProcessVideoData size:338124 dts:287.078 pts:287.287 dur:41.000ms, clock:286.001 level:0
2024-11-28 15:59:58.885 T:6452 debug : CVideoPlayer::ProcessVideoData size:317916 dts:287.120 pts:287.204 dur:41.000ms, clock:286.001 level:0
2024-11-28 15:59:58.886 T:6455 debug : CAMLCodec::AddData: dl:6700144 fl:9022352 sz:360624(360704) lv:42.6% dts:287.037 pts:287.454
2024-11-28 15:59:58.886 T:6455 debug : CVideoPlayerVideo::CalcDropRequirement - hurry: 0
2024-11-28 15:59:58.888 T:6452 debug : CVideoPlayer::ProcessVideoData size:242849 dts:287.162 pts:287.162 dur:41.000ms, clock:286.001 level:0
2024-11-28 15:59:58.889 T:6455 debug : CAMLCodec::AddData: dl:7038304 fl:8684192 sz:338120(338240) lv:44.7% dts:287.078 pts:287.287
2024-11-28 15:59:58.890 T:6455 debug : CVideoPlayerVideo::CalcDropRequirement - hurry: 0
2024-11-28 15:59:58.892 T:6455 debug : CAMLCodec::AddData: dl:7356200 fl:8366296 sz:317912(318016) lv:46.8% dts:287.120 pts:287.204
2024-11-28 15:59:58.893 T:6455 debug : CVideoPlayerVideo::CalcDropRequirement - hurry: 0
2024-11-28 15:59:58.894 T:6452 debug : CVideoPlayer::ProcessVideoData size:255392 dts:287.204 pts:287.245 dur:41.000ms, clock:286.001 level:0
2024-11-28 15:59:58.896 T:6455 debug : CAMLCodec::AddData: dl:7599040 fl:8123456 sz:242845(242944) lv:48.3% dts:287.162 pts:287.162
2024-11-28 15:59:58.896 T:6455 debug : CVideoPlayerVideo::CalcDropRequirement - hurry: 0
2024-11-28 15:59:58.899 T:6455 debug : CAMLCodec::AddData: dl:7854429 fl:7868067 sz:255388(255488) lv:49.9% dts:287.204 pts:287.245
2024-11-28 15:59:58.902 T:6452 debug : CVideoPlayer::ProcessVideoData size:313457 dts:287.245 pts:287.370 dur:41.000ms, clock:286.001 level:0
2024-11-28 15:59:58.902 T:6455 debug : CVideoPlayerVideo::CalcDropRequirement - hurry: 0
2024-11-28 15:59:58.905 T:6455 debug : CAMLCodec::AddData: dl:8167865 fl:7554631 sz:313453(313536) lv:51.9% dts:287.245 pts:287.370
2024-11-28 15:59:58.907 T:6452 debug : CVideoPlayer::ProcessVideoData size:260392 dts:287.287 pts:287.329 dur:41.000ms, clock:286.001 level:0
2024-11-28 15:59:58.907 T:6455 debug : CVideoPlayerVideo::CalcDropRequirement - hurry: 0
2024-11-28 15:59:58.910 T:6452 debug : CVideoPlayer::ProcessVideoData size:246065 dts:287.329 pts:287.412 dur:41.000ms, clock:286.001 level:0
2024-11-28 15:59:58.911 T:6455 debug : CAMLCodec::AddData: dl:8428262 fl:7294234 sz:260388(260480) lv:53.6% dts:287.287 pts:287.329
2024-11-28 15:59:58.911 T:6455 debug : CVideoPlayerVideo::CalcDropRequirement - hurry: 0
2024-11-28 15:59:58.914 T:6455 debug : CAMLCodec::AddData: dl:8674314 fl:7048182 sz:246061(246144) lv:55.1% dts:287.329 pts:287.412
2024-11-28 15:59:58.929 T:6452 debug : CVideoPlayer::ProcessVideoData size:368072 dts:287.370 pts:287.746 dur:41.000ms, clock:286.001 level:0
2024-11-28 15:59:58.929 T:6455 debug : CVideoPlayerVideo::CalcDropRequirement - hurry: 0
2024-11-28 15:59:58.931 T:6452 debug : CVideoPlayer::ProcessVideoData size:325159 dts:287.412 pts:287.621 dur:41.000ms, clock:286.001 level:0
2024-11-28 15:59:58.932 T:6455 debug : CAMLCodec::AddData: dl:9042423 fl:6680073 sz:368068(368192) lv:57.5% dts:287.370 pts:287.746
2024-11-28 15:59:58.932 T:6455 debug : CVideoPlayerVideo::CalcDropRequirement - hurry: 0
2024-11-28 15:59:58.935 T:6455 debug : CAMLCodec::AddData: dl:9367547 fl:6354949 sz:325155(325248) lv:59.6% dts:287.412 pts:287.621
2024-11-28 15:59:58.935 T:6452 debug : CVideoPlayer::ProcessVideoData size:304116 dts:287.454 pts:287.537 dur:41.000ms, clock:286.001 level:0
2024-11-28 15:59:58.935 T:6455 debug : CVideoPlayerVideo::CalcDropRequirement - hurry: 0
2024-11-28 15:59:58.939 T:6455 debug : CAMLCodec::AddData: dl:9671646 fl:6050850 sz:304112(304192) lv:61.5% dts:287.454 pts:287.537
2024-11-28 15:59:58.940 T:6452 debug : CVideoPlayer::ProcessVideoData size:255084 dts:287.496 pts:287.496 dur:41.000ms, clock:286.001 level:0
2024-11-28 15:59:58.940 T:6455 debug : CVideoPlayerVideo::CalcDropRequirement - hurry: 0
2024-11-28 15:59:58.943 T:6455 debug : CAMLCodec::AddData: dl:9926734 fl:5795762 sz:255080(255168) lv:63.1% dts:287.496 pts:287.496
2024-11-28 15:59:58.946 T:6452 debug : CVideoPlayer::ProcessVideoData size:253978 dts:287.537 pts:287.579 dur:41.000ms, clock:286.001 level:0
2024-11-28 15:59:58.946 T:6455 debug : CVideoPlayerVideo::CalcDropRequirement - hurry: 0
2024-11-28 15:59:58.949 T:6455 debug : CAMLCodec::AddData: dl:10180726 fl:5541770 sz:253974(254080) lv:64.7% dts:287.537 pts:287.579
2024-11-28 15:59:58.954 T:6452 debug : CVideoPlayer::ProcessVideoData size:315982 dts:287.579 pts:287.704 dur:41.000ms, clock:286.001 level:0
2024-11-28 15:59:58.954 T:6455 debug : CVideoPlayerVideo::CalcDropRequirement - hurry: 0
2024-11-28 15:59:58.958 T:6455 debug : CAMLCodec::AddData: dl:10496716 fl:5225780 sz:315978(316096) lv:66.7% dts:287.579 pts:287.704
2024-11-28 15:59:58.959 T:6452 debug : CVideoPlayer::ProcessVideoData size:251298 dts:287.621 pts:287.662 dur:41.000ms, clock:286.001 level:0
2024-11-28 15:59:58.959 T:6455 debug : CVideoPlayerVideo::CalcDropRequirement - hurry: 0
2024-11-28 15:59:58.962 T:6455 debug : CAMLCodec::AddData: dl:10747990 fl:4974506 sz:251294(251392) lv:68.3% dts:287.621 pts:287.662
2024-11-28 15:59:58.968 T:6452 debug : CVideoPlayer::ProcessVideoData size:411641 dts:287.662 pts:287.788 dur:41.000ms, clock:286.001 level:0
2024-11-28 15:59:58.968 T:6455 debug : CVideoPlayerVideo::CalcDropRequirement - hurry: 0
2024-11-28 15:59:58.972 T:6455 debug : CAMLCodec::AddData: dl:11159604 fl:4562892 sz:411621(411712) lv:71.0% dts:287.662 pts:287.788
2024-11-28 15:59:58.983 T:6452 debug : CVideoPlayer::ProcessVideoData size:368940 dts:287.704 pts:288.079 dur:41.000ms, clock:286.001 level:0
2024-11-28 15:59:58.984 T:6455 debug : CVideoPlayerVideo::CalcDropRequirement - hurry: 0
2024-11-28 15:59:58.985 T:6452 debug : CVideoPlayer::ProcessVideoData size:310845 dts:287.746 pts:287.954 dur:41.000ms, clock:286.001 level:0
2024-11-28 15:59:58.987 T:6455 debug : CAMLCodec::AddData: dl:11528537 fl:4193959 sz:368936(369024) lv:73.3% dts:287.704 pts:288.079
2024-11-28 15:59:58.987 T:6455 debug : CVideoPlayerVideo::CalcDropRequirement - hurry: 0
2024-11-28 15:59:58.989 T:6455 debug : CAMLCodec::AddData: dl:11839361 fl:3883135 sz:310841(310912) lv:75.3% dts:287.746 pts:287.954
2024-11-28 15:59:58.992 T:6452 debug : CVideoPlayer::ProcessVideoData size:307223 dts:287.788 pts:287.871 dur:41.000ms, clock:286.001 level:0
2024-11-28 15:59:58.992 T:6455 debug : CVideoPlayerVideo::CalcDropRequirement - hurry: 0
2024-11-28 15:59:58.995 T:6455 debug : CAMLCodec::AddData: dl:12146618 fl:3575878 sz:307219(307328) lv:77.2% dts:287.788 pts:287.871
2024-11-28 15:59:58.997 T:6452 debug : CVideoPlayer::ProcessVideoData size:260533 dts:287.829 pts:287.829 dur:41.000ms, clock:286.001 level:0
2024-11-28 15:59:58.998 T:6455 debug : CVideoPlayerVideo::CalcDropRequirement - hurry: 0
2024-11-28 15:59:59.002 T:6455 debug : CAMLCodec::AddData: dl:12407117 fl:3315379 sz:260529(260608) lv:78.9% dts:287.829 pts:287.829
2024-11-28 15:59:59.003 T:6452 debug : CVideoPlayer::ProcessVideoData size:257002 dts:287.871 pts:287.913 dur:41.000ms, clock:286.001 level:0
2024-11-28 15:59:59.003 T:6455 debug : CVideoPlayerVideo::CalcDropRequirement - hurry: 0
2024-11-28 15:59:59.006 T:6455 debug : CAMLCodec::AddData: dl:12664126 fl:3058370 sz:256998(257088) lv:80.5% dts:287.871 pts:287.913
2024-11-28 15:59:59.008 T:6452 debug : CVideoPlayer::ProcessVideoData size:290158 dts:287.913 pts:288.038 dur:41.000ms, clock:286.001 level:0
2024-11-28 15:59:59.009 T:6455 debug : CVideoPlayerVideo::CalcDropRequirement - hurry: 0
2024-11-28 15:59:59.011 T:6455 debug : CAMLCodec::AddData: dl:12954276 fl:2768220 sz:290154(290240) lv:82.4% dts:287.913 pts:288.038
2024-11-28 15:59:59.014 T:6452 debug : CVideoPlayer::ProcessVideoData size:264045 dts:287.954 pts:287.996 dur:41.000ms, clock:286.001 level:0
2024-11-28 15:59:59.014 T:6455 debug : CVideoPlayerVideo::CalcDropRequirement - hurry: 0
2024-11-28 15:59:59.017 T:6455 debug : CAMLCodec::AddData: dl:13218318 fl:2504178 sz:264041(264128) lv:84.0% dts:287.954 pts:287.996
2024-11-28 15:59:59.025 T:6452 debug : CVideoPlayer::ProcessVideoData size:496709 dts:287.996 pts:288.121 dur:41.000ms, clock:286.001 level:0
2024-11-28 15:59:59.026 T:6455 debug : CVideoPlayerVideo::CalcDropRequirement - hurry: 0
2024-11-28 15:59:59.030 T:6455 debug : CAMLCodec::AddData: dl:13714999 fl:2007497 sz:496689(496768) lv:87.2% dts:287.996 pts:288.121
2024-11-28 15:59:59.045 T:6452 debug : CVideoPlayer::ProcessVideoData size:432979 dts:288.038 pts:288.455 dur:41.000ms, clock:286.001 level:0
2024-11-28 15:59:59.046 T:6455 debug : CVideoPlayerVideo::CalcDropRequirement - hurry: 0
2024-11-28 15:59:59.049 T:6455 debug : CAMLCodec::AddData: dl:14148008 fl:1574488 sz:432975(433088) lv:90.0% dts:288.038 pts:288.455
2024-11-28 15:59:59.053 T:6452 debug : CVideoPlayer::ProcessVideoData size:345687 dts:288.079 pts:288.288 dur:41.000ms, clock:286.001 level:0
2024-11-28 15:59:59.053 T:6455 debug : CVideoPlayerVideo::CalcDropRequirement - hurry: 0
2024-11-28 15:59:59.056 T:6455 debug : CAMLCodec::AddData: dl:14493687 fl:1228809 sz:345683(345792) lv:92.1% dts:288.079 pts:288.288
2024-11-28 15:59:59.057 T:6455 debug : CAMLCodec::DequeueBuffer: pts:285.786 idx:8052
2024-11-28 15:59:59.057 T:6455 debug : CAMLCodec::GetPicture: index: 8052, pts: 285.786, dur:41.708ms ar:1.78 elf:492ms
2024-11-28 15:59:59.057 T:6455 debug : CRenderManager::Configure - change configuration. 3840x2160. display: 3840x2160. framerate: 23.98 hdrType: dolbyvision.
2024-11-28 15:59:59.059 T:6452 debug : CVideoPlayer::ProcessVideoData size:349859 dts:288.121 pts:288.205 dur:41.000ms, clock:286.001 level:0
2024-11-28 15:59:59.064 T:4489 debug : DeleteRenderer - deleting renderer
2024-11-28 15:59:59.064 T:4489 debug : LinuxRendererGLES: Cleaning up GLES resources
2024-11-28 15:59:59.064 T:6452 debug : CVideoPlayer::ProcessVideoData size:275138 dts:288.163 pts:288.163 dur:41.000ms, clock:286.001 level:0
2024-11-28 15:59:59.067 T:4489 info : Constructing CRendererAML
2024-11-28 15:59:59.067 T:4489 debug : CRendererAML::Configure DV support, enabled, DV system is enabled, HDR is used
2024-11-28 15:59:59.067 T:4489 debug : CRenderManager::Configure - 16
2024-11-28 15:59:59.068 T:6455 debug : CVideoPlayerVideo::OutputPicture - ttd:-215ms pts:285.786 Clock:286.001 Level:0
2024-11-28 15:59:59.068 T:4489 debug : PrepareNextRender: frameOnScreen: 286.001 renderPts: 286.035 nextFramePts: 285.786 -> diff: 0.249 render: 1 forceNext: 1
2024-11-28 15:59:59.069 T:6455 debug : CAMLCodec::DequeueBuffer: pts:285.827 idx:8053
2024-11-28 15:59:59.069 T:6455 debug : CAMLCodec::GetPicture: index: 8053, pts: 285.827, dur:41.000ms ar:1.78 elf:12ms
2024-11-28 15:59:59.069 T:6455 debug : CVideoPlayerVideo::OutputPicture - ttd:-174ms pts:285.827 Clock:286.001 Level:0
2024-11-28 15:59:59.069 T:6452 debug : CVideoPlayer::ProcessVideoData size:281567 dts:288.205 pts:288.246 dur:41.000ms, clock:286.001 level:1
2024-11-28 15:59:59.069 T:6452 debug : CVideoPlayer::HandleMessages - player started 2
2024-11-28 15:59:59.069 T:6447 debug : OnAVChange: CApplication::OnAVChange
2024-11-28 15:59:59.070 T:6452 debug : VideoPlayer::Sync - Audio - pts: 286.162, cache: 0.386, totalcache: 0.685, packets:3113 level:29
2024-11-28 15:59:59.070 T:6452 debug : VideoPlayer::Sync - Video - pts: 285.786, cache: 0.050, totalcache: 0.100, packets:62 level:2
2024-11-28 15:59:59.070 T:6452 debug : CVideoPlayer::SetCaching - caching state 0 clock:285.686 start pts:285.786
2024-11-28 15:59:59.070 T:6455 debug : CVideoPlayerVideo - CDVDMsg::GENERAL_RESYNC(285686000.000000)
2024-11-28 15:59:59.070 T:6452 debug : CDVDClock::SetSpeedAdjust - adjusted:0.000000
2024-11-28 15:59:59.070 T:6456 debug : CDVDAudio::Resume - resume audio stream
2024-11-28 15:59:59.070 T:6455 debug : CVideoPlayerVideo - OUTPUT_AGAIN - vfmt, interlace should be checked.
2024-11-28 15:59:59.070 T:4524 debug : ActiveAE - start sync of audio stream
2024-11-28 15:59:59.070 T:6455 debug : CAMLCodec::SetSpeed, speed(1000)
2024-11-28 15:59:59.070 T:6455 debug : CVideoPlayerVideo::CalcDropRequirement - hurry: 1
2024-11-28 15:59:59.071 T:6447 debug : OnAVStarted: CApplication::OnAVStarted
2024-11-28 15:59:59.073 T:6455 debug : CAMLCodec::AddData: dl:14843530 fl:878966 sz:349855(349952) lv:94.4% dts:288.121 pts:288.205
2024-11-28 15:59:59.073 T:6455 debug : CAMLCodec::DequeueBuffer: pts:285.869 idx:8054
2024-11-28 15:59:59.073 T:6455 debug : CAMLCodec::GetPicture: index: 8054, pts: 285.869, dur:42.000ms ar:1.78 elf:2ms
2024-11-28 15:59:59.073 T:6455 debug : CVideoPlayerVideo::OutputPicture - ttd:179ms pts:285.869 Clock:285.689 Level:1
2024-11-28 15:59:59.073 T:6455 debug : CVideoPlayerVideo - CDVDMsg::DEMUXER_PACKET - checking interlace vfmt: null
2024-11-28 15:59:59.075 T:6455 debug : CAMLCodec::DequeueBuffer: pts:285.911 idx:8055
2024-11-28 15:59:59.075 T:6455 debug : CAMLCodec::GetPicture: index: 8055, pts: 285.911, dur:42.000ms ar:1.78 elf:1ms
2024-11-28 15:59:59.075 T:6455 debug : CVideoPlayerVideo::OutputPicture - ttd:219ms pts:285.911 Clock:285.691 Level:2
2024-11-28 15:59:59.076 T:6455 debug : CAMLCodec::DequeueBuffer: pts:285.952 idx:8056
2024-11-28 15:59:59.076 T:6455 debug : CAMLCodec::GetPicture: index: 8056, pts: 285.952, dur:41.000ms ar:1.78 elf:1ms
2024-11-28 15:59:59.076 T:6455 debug : CVideoPlayerVideo::OutputPicture - ttd:259ms pts:285.952 Clock:285.693 Level:3
2024-11-28 15:59:59.078 T:6455 debug : CAMLCodec::DequeueBuffer: pts:285.994 idx:8057
2024-11-28 15:59:59.078 T:6452 debug : CVideoPlayer::ProcessVideoData size:349454 dts:288.246 pts:288.371 dur:41.000ms, clock:285.694 level:1
2024-11-28 15:59:59.078 T:6455 debug : CAMLCodec::GetPicture: index: 8057, pts: 285.994, dur:42.000ms ar:1.78 elf:1ms
2024-11-28 15:59:59.078 T:6455 debug : CVideoPlayerVideo::OutputPicture - ttd:299ms pts:285.994 Clock:285.694 Level:4
2024-11-28 15:59:59.079 T:6455 debug : CAMLCodec::DequeueBuffer: pts:286.036 idx:8058
2024-11-28 15:59:59.079 T:6455 debug : CAMLCodec::GetPicture: index: 8058, pts: 286.036, dur:42.000ms ar:1.78 elf:1ms
2024-11-28 15:59:59.079 T:6455 debug : CVideoPlayerVideo::OutputPicture - ttd:340ms pts:286.036 Clock:285.696 Level:5
2024-11-28 15:59:59.081 T:6455 debug : CAMLCodec::DequeueBuffer: pts:286.077 idx:8059
2024-11-28 15:59:59.081 T:6455 debug : CAMLCodec::GetPicture: index: 8059, pts: 286.077, dur:41.000ms ar:1.78 elf:1ms
2024-11-28 15:59:59.081 T:6455 debug : CVideoPlayerVideo::OutputPicture - ttd:379ms pts:286.077 Clock:285.697 Level:6
2024-11-28 15:59:59.082 T:6455 debug : SetCodecControl 4000000->0
2024-11-28 15:59:59.083 T:6452 debug : CVideoPlayer::ProcessVideoData size:271555 dts:288.288 pts:288.330 dur:41.000ms, clock:285.699 level:1
2024-11-28 15:59:59.085 T:6455 debug : CAMLCodec::AddData: dl:15118633 fl:603863 sz:275134(275200) lv:96.1% dts:288.163 pts:288.163
2024-11-28 15:59:59.088 T:6455 debug : CAMLCodec::AddData: dl:15400231 fl:322265 sz:281563(281664) lv:97.9% dts:288.205 pts:288.246
2024-11-28 15:59:59.089 T:6455 debug : CAMLCodec::AddData: skip add data dl:15400130 fl:322366 sz:349450(349568) lv:100.1% dts:288.246 pts:288.371
2024-11-28 15:59:59.090 T:6452 debug : CVideoPlayer::ProcessVideoData size:278140 dts:288.330 pts:288.413 dur:41.000ms, clock:285.706 level:1
2024-11-28 15:59:59.090 T:6455 debug : CAMLCodec::AddData: skip add data dl:15400130 fl:322366 sz:349450(349568) lv:100.1% dts:288.246 pts:288.371
2024-11-28 15:59:59.105 T:6452 info : Skipped 9 duplicate messages..
2024-11-28 15:59:59.105 T:6452 debug : CVideoPlayer::ProcessVideoData size:456924 dts:288.371 pts:288.789 dur:41.000ms, clock:285.721 level:2
2024-11-28 15:59:59.107 T:6455 debug : CAMLCodec::AddData: skip add data dl:15400130 fl:322366 sz:349450(349568) lv:100.1% dts:288.246 pts:288.371
2024-11-28 15:59:59.111 T:6452 info : Skipped 2 duplicate messages..
2024-11-28 15:59:59.111 T:6452 debug : CVideoPlayer::ProcessVideoData size:353725 dts:288.413 pts:288.622 dur:41.000ms, clock:285.727 level:2
2024-11-28 15:59:59.112 T:6455 debug : CAMLCodec::AddData: skip add data dl:15400130 fl:322366 sz:349450(349568) lv:100.1% dts:288.246 pts:288.371
2024-11-28 15:59:59.118 T:6452 info : Skipped 3 duplicate messages..
2024-11-28 15:59:59.118 T:6452 debug : CVideoPlayer::ProcessVideoData size:346472 dts:288.455 pts:288.538 dur:41.000ms, clock:285.735 level:3
2024-11-28 15:59:59.120 T:6455 debug : CAMLCodec::AddData: skip add data dl:15400130 fl:322366 sz:349450(349568) lv:100.1% dts:288.246 pts:288.371
2024-11-28 15:59:59.124 T:6452 info : Skipped 1 duplicate messages..
2024-11-28 15:59:59.124 T:6452 debug : CVideoPlayer::ProcessVideoData size:276725 dts:288.497 pts:288.497 dur:41.000ms, clock:285.740 level:3
2024-11-28 15:59:59.125 T:6455 debug : CAMLCodec::AddData: skip add data dl:15400130 fl:322366 sz:349450(349568) lv:100.1% dts:288.246 pts:288.371
2024-11-28 15:59:59.129 T:6452 info : Skipped 2 duplicate messages..
2024-11-28 15:59:59.129 T:6452 debug : CVideoPlayer::ProcessVideoData size:276485 dts:288.538 pts:288.580 dur:41.000ms, clock:285.745 level:3
2024-11-28 15:59:59.131 T:6455 debug : CAMLCodec::AddData: skip add data dl:15400130 fl:322366 sz:349450(349568) lv:100.1% dts:288.246 pts:288.371
2024-11-28 15:59:59.137 T:6452 info : Skipped 3 duplicate messages..
2024-11-28 15:59:59.137 T:6452 debug : CVideoPlayer::ProcessVideoData size:339898 dts:288.580 pts:288.705 dur:41.000ms, clock:285.753 level:4
2024-11-28 15:59:59.138 T:6455 debug : CAMLCodec::AddData: skip add data dl:15400130 fl:322366 sz:349450(349568) lv:100.1% dts:288.246 pts:288.371
2024-11-28 15:59:59.142 T:6452 info : Skipped 3 duplicate messages..
2024-11-28 15:59:59.142 T:6452 debug : CVideoPlayer::ProcessVideoData size:291125 dts:288.622 pts:288.663 dur:41.000ms, clock:285.759 level:4
2024-11-28 15:59:59.144 T:6455 debug : CAMLCodec::AddData: skip add data dl:15400130 fl:322366 sz:349450(349568) lv:100.1% dts:288.246 pts:288.371
2024-11-28 15:59:59.148 T:6452 info : Skipped 2 duplicate messages..
2024-11-28 15:59:59.148 T:6452 debug : CVideoPlayer::ProcessVideoData size:270314 dts:288.663 pts:288.747 dur:41.000ms, clock:285.764 level:5
2024-11-28 15:59:59.150 T:6455 debug : CAMLCodec::AddData: skip add data dl:15400130 fl:322366 sz:349450(349568) lv:100.1% dts:288.246 pts:288.371
2024-11-28 15:59:59.165 T:6452 info : Skipped 8 duplicate messages..
2024-11-28 15:59:59.165 T:6452 debug : CVideoPlayer::ProcessVideoData size:439310 dts:288.705 pts:289.080 dur:41.000ms, clock:285.781 level:6
2024-11-28 15:59:59.166 T:6452 debug : CVideoPlayer::ProcessVideoData size:349385 dts:288.747 pts:288.955 dur:41.000ms, clock:285.783 level:6
2024-11-28 15:59:59.172 T:4524 debug : ActiveAE::SyncStream - average error of 47.868114, start adjusting
2024-11-28 15:59:59.172 T:4524 debug : ActiveAE::SyncStream - average error 27.868114 below threshold of 30.000000
2024-11-28 15:59:59.174 T:6452 debug : CVideoPlayer::ProcessVideoData size:327308 dts:288.789 pts:288.872 dur:41.000ms, clock:285.791 level:7
2024-11-28 15:59:59.176 T:6455 debug : CAMLCodec::AddData: skip add data dl:15400130 fl:322366 sz:349450(349568) lv:100.1% dts:288.246 pts:288.371
2024-11-28 15:59:59.179 T:6452 info : Skipped 1 duplicate messages..
2024-11-28 15:59:59.179 T:6452 debug : CVideoPlayer::ProcessVideoData size:270052 dts:288.830 pts:288.830 dur:41.000ms, clock:285.796 level:7
2024-11-28 15:59:59.179 T:6455 debug : CAMLCodec::AddData: skip add data dl:15400130 fl:322366 sz:349450(349568) lv:100.1% dts:288.246 pts:288.371
2024-11-28 15:59:59.184 T:6452 info : Skipped 3 duplicate messages..
2024-11-28 15:59:59.184 T:6452 debug : CVideoPlayer::ProcessVideoData size:279206 dts:288.872 pts:288.914 dur:41.000ms, clock:285.801 level:8
2024-11-28 15:59:59.186 T:6455 debug : CAMLCodec::AddData: skip add data dl:15400130 fl:322366 sz:349450(349568) lv:100.1% dts:288.246 pts:288.371
2024-11-28 15:59:59.192 T:6452 info : Skipped 3 duplicate messages..
2024-11-28 15:59:59.192 T:6452 debug : CVideoPlayer::ProcessVideoData size:335089 dts:288.914 pts:289.039 dur:41.000ms, clock:285.808 level:8
2024-11-28 15:59:59.192 T:6455 debug : CAMLCodec::AddData: skip add data dl:15400130 fl:322366 sz:349450(349568) lv:100.1% dts:288.246 pts:288.371
2024-11-28 15:59:59.197 T:6452 info : Skipped 3 duplicate messages..
2024-11-28 15:59:59.197 T:6452 debug : CVideoPlayer::ProcessVideoData size:294682 dts:288.955 pts:288.997 dur:41.000ms, clock:285.814 level:9
2024-11-28 15:59:59.199 T:6455 debug : CAMLCodec::AddData: skip add data dl:15400130 fl:322366 sz:349450(349568) lv:100.1% dts:288.246 pts:288.371
2024-11-28 15:59:59.208 T:6452 info : Skipped 6 duplicate messages..
2024-11-28 15:59:59.208 T:6452 debug : CVideoPlayer::ProcessVideoData size:493151 dts:288.997 pts:289.122 dur:41.000ms, clock:285.825 level:9
2024-11-28 15:59:59.210 T:6455 debug : CAMLCodec::AddData: skip add data dl:15400130 fl:322366 sz:349450(349568) lv:100.1% dts:288.246 pts:288.371
2024-11-28 15:59:59.227 T:6452 info : Skipped 11 duplicate messages..
2024-11-28 15:59:59.227 T:6452 debug : CVideoPlayer::ProcessVideoData size:433337 dts:289.039 pts:289.456 dur:41.000ms, clock:285.843 level:10
2024-11-28 15:59:59.229 T:6455 debug : CAMLCodec::AddData: skip add data dl:15400130 fl:322366 sz:349450(349568) lv:100.1% dts:288.246 pts:288.371
2024-11-28 15:59:59.230 T:6452 debug : CVideoPlayer::ProcessVideoData size:352061 dts:289.080 pts:289.289 dur:41.000ms, clock:285.846 level:10
2024-11-28 15:59:59.230 T:6455 debug : CAMLCodec::AddData: skip add data dl:15400130 fl:322366 sz:349450(349568) lv:100.1% dts:288.246 pts:288.371
2024-11-28 15:59:59.237 T:6452 info : Skipped 4 duplicate messages..
2024-11-28 15:59:59.237 T:6452 debug : CVideoPlayer::ProcessVideoData size:328383 dts:289.122 pts:289.206 dur:41.000ms, clock:285.854 level:11
2024-11-28 15:59:59.239 T:6455 debug : CAMLCodec::AddData: skip add data dl:15400130 fl:322366 sz:349450(349568) lv:100.1% dts:288.246 pts:288.371
2024-11-28 15:59:59.240 T:6452 debug : CVideoPlayer::ProcessVideoData size:268689 dts:289.164 pts:289.164 dur:41.000ms, clock:285.856 level:11
2024-11-28 15:59:59.241 T:6455 debug : CAMLCodec::AddData: skip add data dl:15400130 fl:322366 sz:349450(349568) lv:100.1% dts:288.246 pts:288.371
2024-11-28 15:59:59.245 T:6452 info : Skipped 2 duplicate messages..
2024-11-28 15:59:59.245 T:6452 debug : CVideoPlayer::ProcessVideoData size:278667 dts:289.206 pts:289.247 dur:41.000ms, clock:285.861 level:12
2024-11-28 15:59:59.245 T:6455 debug : CAMLCodec::AddData: skip add data dl:15400130 fl:322366 sz:349450(349568) lv:100.1% dts:288.246 pts:288.371
2024-11-28 15:59:59.253 T:6452 info : Skipped 5 duplicate messages..
2024-11-28 15:59:59.253 T:6452 debug : CVideoPlayer::ProcessVideoData size:331110 dts:289.247 pts:289.372 dur:41.000ms, clock:285.869 level:12
2024-11-28 15:59:59.255 T:6455 debug : CAMLCodec::AddData: skip add data dl:15400130 fl:322366 sz:349450(349568) lv:100.1% dts:288.246 pts:288.371
2024-11-28 15:59:59.258 T:6452 info : Skipped 1 duplicate messages..
2024-11-28 15:59:59.258 T:6452 debug : CVideoPlayer::ProcessVideoData size:292557 dts:289.289 pts:289.331 dur:41.000ms, clock:285.874 level:13
2024-11-28 15:59:59.258 T:6455 debug : CAMLCodec::AddData: skip add data dl:15400130 fl:322366 sz:349450(349568) lv:100.1% dts:288.246 pts:288.371
2024-11-28 15:59:59.264 T:6452 info : Skipped 3 duplicate messages..
2024-11-28 15:59:59.264 T:6452 debug : CVideoPlayer::ProcessVideoData size:281363 dts:289.331 pts:289.414 dur:41.000ms, clock:285.880 level:14
2024-11-28 15:59:59.265 T:6455 debug : CAMLCodec::AddData: skip add data dl:15400130 fl:322366 sz:349450(349568) lv:100.1% dts:288.246 pts:288.371
2024-11-28 15:59:59.284 T:6452 info : Skipped 12 duplicate messages..
2024-11-28 15:59:59.284 T:6452 debug : CVideoPlayer::ProcessVideoData size:461352 dts:289.372 pts:289.790 dur:41.000ms, clock:285.900 level:14
2024-11-28 15:59:59.286 T:6455 debug : CAMLCodec::AddData: skip add data dl:15400130 fl:322366 sz:349450(349568) lv:100.1% dts:288.246 pts:288.371
2024-11-28 15:59:59.286 T:6452 debug : CVideoPlayer::ProcessVideoData size:356866 dts:289.414 pts:289.623 dur:41.000ms, clock:285.903 level:15
2024-11-28 15:59:59.288 T:6455 debug : CAMLCodec::AddData: skip add data dl:15400130 fl:322366 sz:349450(349568) lv:100.1% dts:288.246 pts:288.371
2024-11-28 15:59:59.293 T:6452 info : Skipped 2 duplicate messages..
2024-11-28 15:59:59.293 T:6452 debug : CVideoPlayer::ProcessVideoData size:348503 dts:289.456 pts:289.539 dur:41.000ms, clock:285.909 level:15
2024-11-28 15:59:59.293 T:6455 debug : CAMLCodec::AddData: skip add data dl:15400130 fl:322366 sz:349450(349568) lv:100.1% dts:288.246 pts:288.371
2024-11-28 15:59:59.298 T:6452 info : Skipped 2 duplicate messages..
2024-11-28 15:59:59.298 T:6452 debug : CVideoPlayer::ProcessVideoData size:280172 dts:289.498 pts:289.498 dur:41.000ms, clock:285.914 level:16
2024-11-28 15:59:59.298 T:6455 debug : CAMLCodec::AddData: skip add data dl:15400130 fl:322366 sz:349450(349568) lv:100.1% dts:288.246 pts:288.371
2024-11-28 15:59:59.303 T:6452 info : Skipped 2 duplicate messages..
2024-11-28 15:59:59.303 T:6452 debug : CVideoPlayer::ProcessVideoData size:282145 dts:289.539 pts:289.581 dur:41.000ms, clock:285.919 level:16
2024-11-28 15:59:59.303 T:6455 debug : CAMLCodec::AddData: skip add data dl:15400130 fl:322366 sz:349450(349568) lv:100.1% dts:288.246 pts:288.371
2024-11-28 15:59:59.310 T:6452 info : Skipped 4 duplicate messages..
2024-11-28 15:59:59.310 T:6452 debug : CVideoPlayer::ProcessVideoData size:347753 dts:289.581 pts:289.706 dur:41.000ms, clock:285.927 level:17
2024-11-28 15:59:59.312 T:6455 debug : CAMLCodec::AddData: skip add data dl:15400130 fl:322366 sz:349450(349568) lv:100.1% dts:288.246 pts:288.371
2024-11-28 15:59:59.315 T:6452 info : Skipped 2 duplicate messages..
2024-11-28 15:59:59.315 T:6452 debug : CVideoPlayer::ProcessVideoData size:282142 dts:289.623 pts:289.664 dur:41.000ms, clock:285.932 level:17
2024-11-28 15:59:59.317 T:6455 debug : CAMLCodec::AddData: skip add data dl:15400130 fl:322366 sz:349450(349568) lv:100.1% dts:288.246 pts:288.371
2024-11-28 15:59:59.321 T:6452 info : Skipped 2 duplicate messages..
2024-11-28 15:59:59.321 T:6452 debug : CVideoPlayer::ProcessVideoData size:287844 dts:289.664 pts:289.748 dur:41.000ms, clock:285.937 level:18
2024-11-28 15:59:59.323 T:6455 debug : CAMLCodec::AddData: skip add data dl:15400130 fl:322366 sz:349450(349568) lv:100.1% dts:288.246 pts:288.371
2024-11-28 15:59:59.336 T:6452 info : Skipped 5 duplicate messages..
2024-11-28 15:59:59.336 T:6452 debug : CVideoPlayer::ProcessVideoData size:440022 dts:289.706 pts:290.081 dur:41.000ms, clock:285.952 level:18
2024-11-28 15:59:59.337 T:6455 debug : CAMLCodec::AddData: skip add data dl:15400130 fl:322366 sz:349450(349568) lv:100.1% dts:288.246 pts:288.371
2024-11-28 15:59:59.341 T:6452 info : Skipped 2 duplicate messages..
2024-11-28 15:59:59.341 T:6452 debug : CVideoPlayer::ProcessVideoData size:364566 dts:289.748 pts:289.956 dur:41.000ms, clock:285.958 level:19
2024-11-28 15:59:59.343 T:6455 debug : CAMLCodec::AddData: skip add data dl:15400130 fl:322366 sz:349450(349568) lv:100.1% dts:288.246 pts:288.371
2024-11-28 15:59:59.350 T:6452 info : Skipped 4 duplicate messages..
2024-11-28 15:59:59.350 T:6452 debug : CVideoPlayer::ProcessVideoData size:355073 dts:289.790 pts:289.873 dur:41.000ms, clock:285.966 level:19
2024-11-28 15:59:59.351 T:6455 debug : CAMLCodec::AddData: skip add data dl:15400130 fl:322366 sz:349450(349568) lv:100.1% dts:288.246 pts:288.371
2024-11-28 15:59:59.355 T:6452 info : Skipped 1 duplicate messages..
2024-11-28 15:59:59.355 T:6452 debug : CVideoPlayer::ProcessVideoData size:280837 dts:289.831 pts:289.831 dur:41.000ms, clock:285.971 level:19
2024-11-28 15:59:59.355 T:6455 debug : CAMLCodec::AddData: skip add data dl:15400130 fl:322366 sz:349450(349568) lv:100.1% dts:288.246 pts:288.371
2024-11-28 15:59:59.361 T:6452 info : Skipped 3 duplicate messages..
2024-11-28 15:59:59.361 T:6452 debug : CVideoPlayer::ProcessVideoData size:274571 dts:289.873 pts:289.915 dur:41.000ms, clock:285.977 level:20
2024-11-28 15:59:59.361 T:6455 debug : CAMLCodec::AddData: skip add data dl:15400130 fl:322366 sz:349450(349568) lv:100.1% dts:288.246 pts:288.371
2024-11-28 15:59:59.369 T:6452 info : Skipped 5 duplicate messages..
2024-11-28 15:59:59.369 T:6452 debug : CVideoPlayer::ProcessVideoData size:343640 dts:289.915 pts:290.040 dur:41.000ms, clock:285.986 level:21
2024-11-28 15:59:59.371 T:6455 debug : CAMLCodec::AddData: skip add data dl:15400130 fl:322366 sz:349450(349568) lv:100.1% dts:288.246 pts:288.371
2024-11-28 15:59:59.374 T:6452 info : Skipped 2 duplicate messages..
2024-11-28 15:59:59.374 T:6452 debug : CVideoPlayer::ProcessVideoData size:283504 dts:289.956 pts:289.998 dur:41.000ms, clock:285.991 level:21
2024-11-28 15:59:59.376 T:6455 debug : CAMLCodec::AddData: skip add data dl:15400130 fl:322366 sz:349450(349568) lv:100.1% dts:288.246 pts:288.371
2024-11-28 15:59:59.386 T:6452 info : Skipped 6 duplicate messages..
2024-11-28 15:59:59.386 T:6452 debug : CVideoPlayer::ProcessVideoData size:486280 dts:289.998 pts:290.123 dur:41.000ms, clock:286.003 level:22
2024-11-28 15:59:59.388 T:6455 debug : CAMLCodec::AddData: skip add data dl:15400130 fl:322366 sz:349450(349568) lv:100.1% dts:288.246 pts:288.371
2024-11-28 15:59:59.400 T:6452 info : Skipped 7 duplicate messages..
2024-11-28 15:59:59.400 T:6452 debug : CVideoPlayer::ProcessVideoData size:434500 dts:290.040 pts:290.457 dur:41.000ms, clock:286.016 level:22
2024-11-28 15:59:59.400 T:6455 debug : CAMLCodec::AddData: skip add data dl:15400130 fl:322366 sz:349450(349568) lv:100.1% dts:288.246 pts:288.371
2024-11-28 15:59:59.406 T:6452 info : Skipped 3 duplicate messages..
2024-11-28 15:59:59.406 T:6452 debug : CVideoPlayer::ProcessVideoData size:354798 dts:290.081 pts:290.290 dur:41.000ms, clock:286.022 level:23
2024-11-28 15:59:59.406 T:6455 debug : CAMLCodec::AddData: skip add data dl:15400130 fl:322366 sz:349450(349568) lv:100.1% dts:288.246 pts:288.371
2024-11-28 15:59:59.412 T:6452 info : Skipped 3 duplicate messages..
2024-11-28 15:59:59.412 T:6452 debug : CVideoPlayer::ProcessVideoData size:334940 dts:290.123 pts:290.207 dur:41.000ms, clock:286.028 level:23
2024-11-28 15:59:59.413 T:6455 debug : CAMLCodec::AddData: skip add data dl:15400130 fl:322366 sz:349450(349568) lv:100.1% dts:288.246 pts:288.371
2024-11-28 15:59:59.417 T:6452 info : Skipped 2 duplicate messages..
2024-11-28 15:59:59.417 T:6452 debug : CVideoPlayer::ProcessVideoData size:279351 dts:290.165 pts:290.165 dur:41.000ms, clock:286.033 level:24
2024-11-28 15:59:59.418 T:6455 debug : CAMLCodec::AddData: skip add data dl:15400130 fl:322366 sz:349450(349568) lv:100.1% dts:288.246 pts:288.371
2024-11-28 15:59:59.422 T:6452 info : Skipped 2 duplicate messages..
2024-11-28 15:59:59.422 T:6452 debug : CVideoPlayer::ProcessVideoData size:279275 dts:290.207 pts:290.248 dur:41.000ms, clock:286.038 level:24
2024-11-28 15:59:59.423 T:6455 debug : CAMLCodec::AddData: skip add data dl:15400130 fl:322366 sz:349450(349568) lv:100.1% dts:288.246 pts:288.371
2024-11-28 15:59:59.430 T:6452 info : Skipped 4 duplicate messages..
2024-11-28 15:59:59.430 T:6452 debug : CVideoPlayer::ProcessVideoData size:340366 dts:290.248 pts:290.373 dur:41.000ms, clock:286.047 level:24
2024-11-28 15:59:59.430 T:6455 debug : CAMLCodec::AddData: skip add data dl:15400130 fl:322366 sz:349450(349568) lv:100.1% dts:288.246 pts:288.371
2024-11-28 15:59:59.436 T:6452 info : Skipped 3 duplicate messages..
2024-11-28 15:59:59.435 T:6452 debug : CVideoPlayer::ProcessVideoData size:274879 dts:290.290 pts:290.332 dur:41.000ms, clock:286.052 level:26
2024-11-28 15:59:59.437 T:6455 debug : CAMLCodec::AddData: skip add data dl:15400130 fl:322366 sz:349450(349568) lv:100.1% dts:288.246 pts:288.371
2024-11-28 15:59:59.441 T:6452 info : Skipped 2 duplicate messages..
2024-11-28 15:59:59.441 T:6452 debug : CVideoPlayer::ProcessVideoData size:289152 dts:290.332 pts:290.415 dur:41.000ms, clock:286.057 level:26
2024-11-28 15:59:59.443 T:6455 debug : CAMLCodec::AddData: skip add data dl:15400130 fl:322366 sz:349450(349568) lv:100.1% dts:288.246 pts:288.371
2024-11-28 15:59:59.464 T:6452 info : Skipped 13 duplicate messages..
2024-11-28 15:59:59.464 T:6452 debug : CVideoPlayer::ProcessVideoData size:419528 dts:290.373 pts:290.791 dur:41.000ms, clock:286.081 level:26
2024-11-28 15:59:59.464 T:6455 debug : CAMLCodec::AddData: skip add data dl:15400130 fl:322366 sz:349450(349568) lv:100.1% dts:288.246 pts:288.371
2024-11-28 15:59:59.472 T:6452 info : Skipped 4 duplicate messages..
2024-11-28 15:59:59.472 T:6452 debug : CVideoPlayer::ProcessVideoData size:342602 dts:290.415 pts:290.624 dur:41.000ms, clock:286.089 level:27
2024-11-28 15:59:59.472 T:6455 debug : CAMLCodec::AddData: skip add data dl:15400130 fl:322366 sz:349450(349568) lv:100.1% dts:288.246 pts:288.371
2024-11-28 15:59:59.480 T:6452 info : Skipped 4 duplicate messages..
2024-11-28 15:59:59.480 T:6452 debug : CVideoPlayer::ProcessVideoData size:340485 dts:290.457 pts:290.540 dur:41.000ms, clock:286.096 level:28
2024-11-28 15:59:59.481 T:6455 debug : CAMLCodec::AddData: skip add data dl:15400130 fl:322366 sz:349450(349568) lv:100.1% dts:288.246 pts:288.371
2024-11-28 15:59:59.485 T:6452 info : Skipped 2 duplicate messages..
2024-11-28 15:59:59.485 T:6452 debug : CVideoPlayer::ProcessVideoData size:296172 dts:290.499 pts:290.499 dur:41.000ms, clock:286.101 level:28
2024-11-28 15:59:59.487 T:6455 debug : CAMLCodec::AddData: skip add data dl:15400130 fl:322366 sz:349450(349568) lv:100.1% dts:288.246 pts:288.371
2024-11-28 15:59:59.490 T:6452 info : Skipped 2 duplicate messages..
2024-11-28 15:59:59.490 T:6452 debug : CVideoPlayer::ProcessVideoData size:269331 dts:290.540 pts:290.582 dur:41.000ms, clock:286.107 level:29
2024-11-28 15:59:59.492 T:6455 debug : CAMLCodec::AddData: skip add data dl:15400130 fl:322366 sz:349450(349568) lv:100.1% dts:288.246 pts:288.371
2024-11-28 15:59:59.496 T:6452 info : Skipped 2 duplicate messages..
2024-11-28 15:59:59.496 T:6452 debug : CVideoPlayer::ProcessVideoData size:323365 dts:290.582 pts:290.707 dur:41.000ms, clock:286.113 level:29
2024-11-28 15:59:59.497 T:6455 debug : CAMLCodec::AddData: skip add data dl:15400130 fl:322366 sz:349450(349568) lv:100.1% dts:288.246 pts:288.371
2024-11-28 15:59:59.505 T:6452 info : Skipped 5 duplicate messages..
2024-11-28 15:59:59.505 T:6452 debug : CVideoPlayer::ProcessVideoData size:279925 dts:290.624 pts:290.665 dur:41.000ms, clock:286.121 level:30
2024-11-28 15:59:59.507 T:6455 debug : CAMLCodec::AddData: skip add data dl:15400130 fl:322366 sz:349450(349568) lv:100.1% dts:288.246 pts:288.371
2024-11-28 15:59:59.510 T:6452 info : Skipped 2 duplicate messages..
2024-11-28 15:59:59.510 T:6452 debug : CVideoPlayer::ProcessVideoData size:261632 dts:290.665 pts:290.749 dur:41.000ms, clock:286.126 level:30
2024-11-28 15:59:59.512 T:6455 debug : CAMLCodec::AddData: skip add data dl:15400130 fl:322366 sz:349450(349568) lv:100.1% dts:288.246 pts:288.371
2024-11-28 15:59:59.525 T:6452 info : Skipped 6 duplicate messages..
2024-11-28 15:59:59.525 T:6452 debug : CVideoPlayer::ProcessVideoData size:424346 dts:290.707 pts:291.082 dur:41.000ms, clock:286.141 level:31
2024-11-28 15:59:59.528 T:6455 debug : CAMLCodec::AddData: skip add data dl:15400130 fl:322366 sz:349450(349568) lv:100.1% dts:288.246 pts:288.371
2024-11-28 15:59:59.534 T:6452 info : Skipped 3 duplicate messages..
2024-11-28 15:59:59.533 T:6452 debug : CVideoPlayer::ProcessVideoData size:363549 dts:290.749 pts:290.957 dur:41.000ms, clock:286.150 level:31
2024-11-28 15:59:59.534 T:6455 debug : CAMLCodec::AddData: skip add data dl:15400130 fl:322366 sz:349450(349568) lv:100.1% dts:288.246 pts:288.371
2024-11-28 15:59:59.541 T:6452 info : Skipped 3 duplicate messages..
2024-11-28 15:59:59.541 T:6452 debug : CVideoPlayer::ProcessVideoData size:333304 dts:290.791 pts:290.874 dur:41.000ms, clock:286.158 level:31
2024-11-28 15:59:59.542 T:6455 debug : CAMLCodec::AddData: skip add data dl:15400130 fl:322366 sz:349450(349568) lv:100.1% dts:288.246 pts:288.371
2024-11-28 15:59:59.546 T:6452 info : Skipped 3 duplicate messages..
2024-11-28 15:59:59.546 T:6452 debug : CVideoPlayer::ProcessVideoData size:280401 dts:290.832 pts:290.832 dur:41.000ms, clock:286.163 level:32
2024-11-28 15:59:59.548 T:6455 debug : CAMLCodec::AddData: skip add data dl:15400130 fl:322366 sz:349450(349568) lv:100.1% dts:288.246 pts:288.371
2024-11-28 15:59:59.552 T:6452 info : Skipped 2 duplicate messages..
2024-11-28 15:59:59.552 T:6452 debug : CVideoPlayer::ProcessVideoData size:290667 dts:290.874 pts:290.916 dur:41.000ms, clock:286.168 level:33
2024-11-28 15:59:59.553 T:6455 debug : CAMLCodec::AddData: skip add data dl:15400130 fl:322366 sz:349450(349568) lv:100.1% dts:288.246 pts:288.371
2024-11-28 15:59:59.560 T:6452 info : Skipped 3 duplicate messages..
2024-11-28 15:59:59.560 T:6452 debug : CVideoPlayer::ProcessVideoData size:340261 dts:290.916 pts:291.041 dur:41.000ms, clock:286.176 level:33
2024-11-28 15:59:59.560 T:6455 debug : CAMLCodec::AddData: skip add data dl:15400130 fl:322366 sz:349450(349568) lv:100.1% dts:288.246 pts:288.371
2024-11-28 15:59:59.565 T:6452 info : Skipped 2 duplicate messages..
2024-11-28 15:59:59.565 T:6452 debug : CVideoPlayer::ProcessVideoData size:279898 dts:290.957 pts:290.999 dur:41.000ms, clock:286.181 level:33
2024-11-28 15:59:59.565 T:6455 debug : CAMLCodec::AddData: skip add data dl:15400130 fl:322366 sz:349450(349568) lv:100.1% dts:288.246 pts:288.371
2024-11-28 15:59:59.575 T:6452 info : Skipped 6 duplicate messages..
2024-11-28 15:59:59.575 T:6452 debug : CVideoPlayer::ProcessVideoData size:461626 dts:290.999 pts:291.124 dur:41.000ms, clock:286.192 level:34
2024-11-28 15:59:59.575 T:6455 debug : CAMLCodec::AddData: skip add data dl:15400130 fl:322366 sz:349450(349568) lv:100.1% dts:288.246 pts:288.371
2024-11-28 15:59:59.594 T:6452 info : Skipped 10 duplicate messages..
2024-11-28 15:59:59.594 T:6452 debug : CVideoPlayer::ProcessVideoData size:416666 dts:291.041 pts:291.458 dur:41.000ms, clock:286.210 level:35
2024-11-28 15:59:59.595 T:6452 debug : CVideoPlayer::ProcessVideoData size:340772 dts:291.082 pts:291.291 dur:41.000ms, clock:286.212 level:35
2024-11-28 15:59:59.597 T:6455 debug : CAMLCodec::AddData: skip add data dl:15400130 fl:322366 sz:349450(349568) lv:100.1% dts:288.246 pts:288.371
2024-11-28 15:59:59.600 T:6452 info : Skipped 1 duplicate messages..
2024-11-28 15:59:59.600 T:6452 debug : CVideoPlayer::ProcessVideoData size:324137 dts:291.124 pts:291.208 dur:41.000ms, clock:286.217 level:35
2024-11-28 15:59:59.601 T:6455 debug : CAMLCodec::AddData: skip add data dl:15400130 fl:322366 sz:349450(349568) lv:100.1% dts:288.246 pts:288.371
2024-11-28 15:59:59.606 T:6452 info : Skipped 3 duplicate messages..
2024-11-28 15:59:59.606 T:6452 debug : CVideoPlayer::ProcessVideoData size:256030 dts:291.166 pts:291.166 dur:41.000ms, clock:286.222 level:36
2024-11-28 15:59:59.607 T:6455 debug : CAMLCodec::AddData: skip add data dl:15400130 fl:322366 sz:349450(349568) lv:100.1% dts:288.246 pts:288.371
2024-11-28 15:59:59.611 T:6452 info : Skipped 2 duplicate messages..
2024-11-28 15:59:59.611 T:6452 debug : CVideoPlayer::ProcessVideoData size:266993 dts:291.208 pts:291.249 dur:41.000ms, clock:286.228 level:37
2024-11-28 15:59:59.613 T:6455 debug : CAMLCodec::AddData: skip add data dl:15400130 fl:322366 sz:349450(349568) lv:100.1% dts:288.246 pts:288.371
2024-11-28 15:59:59.620 T:6452 info : Skipped 3 duplicate messages..
2024-11-28 15:59:59.620 T:6452 debug : CVideoPlayer::ProcessVideoData size:323122 dts:291.249 pts:291.374 dur:41.000ms, clock:286.236 level:38
2024-11-28 15:59:59.622 T:6455 debug : CAMLCodec::AddData: skip add data dl:15400130 fl:322366 sz:349450(349568) lv:100.1% dts:288.246 pts:288.371
2024-11-28 15:59:59.625 T:6452 info : Skipped 1 duplicate messages..
2024-11-28 15:59:59.625 T:6452 debug : CVideoPlayer::ProcessVideoData size:271158 dts:291.291 pts:291.333 dur:41.000ms, clock:286.242 level:38
2024-11-28 15:59:59.625 T:6455 debug : CAMLCodec::AddData: skip add data dl:15400130 fl:322366 sz:349450(349568) lv:100.1% dts:288.246 pts:288.371
2024-11-28 15:59:59.630 T:6452 info : Skipped 3 duplicate messages..
2024-11-28 15:59:59.630 T:6452 debug : CVideoPlayer::ProcessVideoData size:262454 dts:291.333 pts:291.416 dur:41.000ms, clock:286.247 level:39
2024-11-28 15:59:59.632 T:6455 debug : CAMLCodec::AddData: skip add data dl:15400130 fl:322366 sz:349450(349568) lv:100.1% dts:288.246 pts:288.371
2024-11-28 15:59:59.648 T:6452 info : Skipped 10 duplicate messages..
2024-11-28 15:59:59.648 T:6452 debug : CVideoPlayer::ProcessVideoData size:427726 dts:291.374 pts:291.792 dur:41.000ms, clock:286.264 level:39
2024-11-28 15:59:59.649 T:6452 debug : CVideoPlayer::ProcessVideoData size:335655 dts:291.416 pts:291.625 dur:41.000ms, clock:286.266 level:40
2024-11-28 15:59:59.650 T:6455 debug : CAMLCodec::AddData: skip add data dl:15400130 fl:322366 sz:349450(349568) lv:100.1% dts:288.246 pts:288.371
2024-11-28 15:59:59.653 T:4489 info : Skipped 2 duplicate messages..
2024-11-28 15:59:59.653 T:4489 debug : CAMLCodec::ReleaseFrame idx:8052, drop:0
2024-11-28 15:59:59.654 T:4489 debug : CAMLCodec::SetVideoRect:display(0,0,1920,1080)
2024-11-28 15:59:59.654 T:4489 debug : CAMLCodec::SetVideoRect:gui(0,0,1920,1080)
2024-11-28 15:59:59.654 T:4489 debug : CAMLCodec::SetVideoRect:m_dst_rect(0,0,1920,1080)
2024-11-28 15:59:59.654 T:4489 debug : CAMLCodec::SetVideoRect:dst_rect(0,0,1920,1080)
2024-11-28 15:59:59.654 T:4489 debug : CAMLCodec::SetVideoRect:m_guiStereoMode(0)
2024-11-28 15:59:59.654 T:4489 debug : CAMLCodec::SetVideoRect:m_guiStereoView(0)
2024-11-28 15:59:59.654 T:4489 debug : CAMLCodec::PollFrame elapsed:0.018ms
2024-11-28 15:59:59.655 T:6455 debug : CAMLCodec::AddData: skip add data dl:15400130 fl:322366 sz:349450(349568) lv:100.1% dts:288.246 pts:288.371
2024-11-28 15:59:59.655 T:6452 debug : CVideoPlayer::ProcessVideoData size:329164 dts:291.458 pts:291.541 dur:41.000ms, clock:286.272 level:40
2024-11-28 15:59:59.657 T:6455 debug : CAMLCodec::AddData: skip add data dl:15400130 fl:322366 sz:349450(349568) lv:100.1% dts:288.246 pts:288.371
2024-11-28 15:59:59.657 T:4489 debug : Activating window ID: 12005
2024-11-28 15:59:59.659 T:6455 debug : CAMLCodec::AddData: skip add data dl:15400130 fl:322366 sz:349450(349568) lv:100.1% dts:288.246 pts:288.371
2024-11-28 15:59:59.661 T:6452 info : Skipped 1 duplicate messages..
2024-11-28 15:59:59.661 T:6452 debug : CVideoPlayer::ProcessVideoData size:264723 dts:291.500 pts:291.500 dur:41.000ms, clock:286.277 level:41
2024-11-28 15:59:59.662 T:4489 debug : ------ Window Deinit (MyVideoNav.xml) ------
2024-11-28 15:59:59.663 T:4489 debug : FreeVisualisation() done
2024-11-28 15:59:59.663 T:6455 debug : CAMLCodec::AddData: skip add data dl:15400130 fl:322366 sz:349450(349568) lv:100.1% dts:288.246 pts:288.371
