2024-06-30 20:49:21.594 T:3715 debug : LIRC: - NEW cf 0 KEY_PLAY devinput (KEY_PLAY)
2024-06-30 20:49:21.604 T:3709 debug : HandleKey: homepage (0xea) pressed, window 12005, action is PlayPause
2024-06-30 20:49:21.611 T:4429 debug : CDVDAudio::Resume - resume audio stream
2024-06-30 20:49:21.616 T:3741 debug : ActiveAE - start sync of audio stream
2024-06-30 20:49:21.633 T:3782 debug : connect replacing configured host 192.168.1.89 with resolved host 192.168.1.89
2024-06-30 20:49:21.648 T:4430 info : Skipped 1 duplicate messages..
2024-06-30 20:49:21.648 T:4430 debug : CVideoPlayerVideo::OutputPicture - ttd:256ms pts:4480.365 Clock:4480.108 Level:6
2024-06-30 20:49:21.648 T:4430 debug : CVideoPlayerVideo - OUTPUT_AGAIN - vfmt, interlace should be checked.
2024-06-30 20:49:21.648 T:4430 debug : CAMLCodec::SetSpeed, speed(1000)
2024-06-30 20:49:21.670 T:4430 debug : CVideoPlayerVideo::OutputPicture - ttd:239ms pts:4480.385 Clock:4480.145 Level:6
2024-06-30 20:49:21.670 T:4430 debug : CVideoPlayerVideo - CDVDMsg::DEMUXER_PACKET - checking interlace vfmt: interlace
2024-06-30 20:49:21.706 T:4430 debug : CVideoPlayerVideo::OutputPicture - ttd:236ms pts:4480.405 Clock:4480.168 Level:6
2024-06-30 20:49:21.726 T:4430 debug : CVideoPlayerVideo::OutputPicture - ttd:220ms pts:4480.425 Clock:4480.205 Level:6
2024-06-30 20:49:21.746 T:4430 debug : CVideoPlayerVideo::OutputPicture - ttd:220ms pts:4480.445 Clock:4480.224 Level:6
2024-06-30 20:49:21.766 T:3741 debug : ActiveAE::SyncStream - average error of 406.118521, start adjusting
2024-06-30 20:49:21.767 T:4430 debug : CVideoPlayerVideo::OutputPicture - ttd:220ms pts:4480.465 Clock:4480.245 Level:6
2024-06-30 20:49:21.786 T:4430 debug : CVideoPlayerVideo::OutputPicture - ttd:219ms pts:4480.485 Clock:4480.265 Level:6
2024-06-30 20:49:21.806 T:4430 debug : CVideoPlayerVideo::OutputPicture - ttd:220ms pts:4480.505 Clock:4480.284 Level:6
2024-06-30 20:49:21.807 T:3709 debug : ------ Window Deinit (DialogSeekBar.xml) ------
2024-06-30 20:49:21.825 T:4430 debug : CVideoPlayerVideo::OutputPicture - ttd:220ms pts:4480.525 Clock:4480.304 Level:6
2024-06-30 20:49:21.845 T:4430 debug : CVideoPlayerVideo::OutputPicture - ttd:221ms pts:4480.545 Clock:4480.324 Level:6
2024-06-30 20:49:21.865 T:4430 debug : CVideoPlayerVideo::OutputPicture - ttd:221ms pts:4480.565 Clock:4480.344 Level:6
2024-06-30 20:49:21.867 T:4430 debug : CVideoPlayerVideo - CDVDMsg::DEMUXER_PACKET - checking interlace vfmt: interlace
2024-06-30 20:49:21.874 T:4428 debug : CVideoPlayer::ProcessVideoData size:8160 dts:4537.005 pts:4537.085 dur:40.000ms, clock:4480.371 level:100
2024-06-30 20:49:21.875 T:4428 debug : CVideoPlayer::ProcessVideoData size:3582 dts:4537.045 pts:4537.045 dur:40.000ms, clock:4480.372 level:100
2024-06-30 20:49:21.878 T:4428 debug : CVideoPlayer::ProcessVideoData size:3151 dts:4537.085 pts:4537.125 dur:40.000ms, clock:4480.375 level:100
2024-06-30 20:49:21.878 T:4428 debug : CVideoPlayer::ProcessVideoData size:54737 dts:4537.125 pts:4537.325 dur:40.000ms, clock:4480.375 level:100
2024-06-30 20:49:21.878 T:4428 debug : CVideoPlayer::ProcessVideoData size:8365 dts:4537.165 pts:4537.245 dur:40.000ms, clock:4480.375 level:100
2024-06-30 20:49:21.879 T:4428 debug : CVideoPlayer::ProcessVideoData size:3825 dts:4537.205 pts:4537.205 dur:40.000ms, clock:4480.376 level:100
2024-06-30 20:49:21.879 T:4428 debug : CVideoPlayer::ProcessVideoData size:3427 dts:4537.245 pts:4537.285 dur:40.000ms, clock:4480.376 level:100
2024-06-30 20:49:21.885 T:4430 debug : CVideoPlayerVideo::OutputPicture - ttd:218ms pts:4480.585 Clock:4480.367 Level:6
2024-06-30 20:49:21.906 T:4430 debug : CVideoPlayerVideo::OutputPicture - ttd:221ms pts:4480.605 Clock:4480.384 Level:6
2024-06-30 20:49:21.925 T:4430 debug : CVideoPlayerVideo::OutputPicture - ttd:220ms pts:4480.625 Clock:4480.404 Level:6
2024-06-30 20:49:21.946 T:4430 debug : CVideoPlayerVideo::OutputPicture - ttd:221ms pts:4480.645 Clock:4480.423 Level:6
2024-06-30 20:49:21.965 T:4430 debug : CVideoPlayerVideo::OutputPicture - ttd:220ms pts:4480.665 Clock:4480.444 Level:6
2024-06-30 20:49:21.985 T:4430 debug : CVideoPlayerVideo::OutputPicture - ttd:220ms pts:4480.685 Clock:4480.464 Level:6
2024-06-30 20:49:21.987 T:4430 debug : CVideoPlayerVideo - CDVDMsg::DEMUXER_PACKET - checking interlace vfmt: interlace
2024-06-30 20:49:21.991 T:4428 debug : CVideoPlayer::ProcessVideoData size:48637 dts:4537.285 pts:4537.485 dur:40.000ms, clock:4480.488 level:100
2024-06-30 20:49:22.003 T:4430 debug : CVideoPlayerVideo::OutputPicture - ttd:220ms pts:4480.705 Clock:4480.484 Level:6
2024-06-30 20:49:22.004 T:4430 debug : CVideoPlayerVideo - CDVDMsg::DEMUXER_PACKET - checking interlace vfmt: interlace
2024-06-30 20:49:22.025 T:4430 debug : CVideoPlayerVideo::OutputPicture - ttd:222ms pts:4480.725 Clock:4480.502 Level:6
2024-06-30 20:49:22.045 T:4430 debug : CVideoPlayerVideo::OutputPicture - ttd:221ms pts:4480.745 Clock:4480.523 Level:6
2024-06-30 20:49:22.065 T:4430 debug : CVideoPlayerVideo::OutputPicture - ttd:221ms pts:4480.765 Clock:4480.544 Level:6
2024-06-30 20:49:22.085 T:4430 debug : CVideoPlayerVideo::OutputPicture - ttd:221ms pts:4480.785 Clock:4480.564 Level:6
2024-06-30 20:49:22.103 T:4430 debug : CVideoPlayerVideo::OutputPicture - ttd:221ms pts:4480.805 Clock:4480.583 Level:6
2024-06-30 20:49:22.116 T:4428 debug : CVideoPlayer::ProcessVideoData size:8317 dts:4537.325 pts:4537.405 dur:40.000ms, clock:4480.613 level:100
2024-06-30 20:49:22.117 T:4428 debug : CVideoPlayer::ProcessVideoData size:5430 dts:4537.365 pts:4537.365 dur:40.000ms, clock:4480.614 level:100
2024-06-30 20:49:22.117 T:4428 debug : CVideoPlayer::ProcessVideoData size:3346 dts:4537.405 pts:4537.445 dur:40.000ms, clock:4480.614 level:100
2024-06-30 20:49:22.118 T:4428 debug : CVideoPlayer::ProcessVideoData size:61990 dts:4537.445 pts:4537.645 dur:40.000ms, clock:4480.615 level:100
2024-06-30 20:49:22.124 T:4430 debug : CVideoPlayerVideo::OutputPicture - ttd:223ms pts:4480.825 Clock:4480.602 Level:6
2024-06-30 20:49:22.145 T:4430 debug : CVideoPlayerVideo::OutputPicture - ttd:222ms pts:4480.845 Clock:4480.622 Level:6
2024-06-30 20:49:22.148 T:4428 debug : CVideoPlayer::ProcessVideoData size:10482 dts:4537.485 pts:4537.565 dur:40.000ms, clock:4480.645 level:100
2024-06-30 20:49:22.149 T:4428 debug : CVideoPlayer::ProcessVideoData size:3694 dts:4537.525 pts:4537.525 dur:40.000ms, clock:4480.646 level:100
2024-06-30 20:49:22.151 T:4428 debug : CVideoPlayer::ProcessVideoData size:3291 dts:4537.565 pts:4537.605 dur:40.000ms, clock:4480.648 level:100
2024-06-30 20:49:22.152 T:4428 debug : CVideoPlayer::ProcessVideoData size:64561 dts:4537.605 pts:4537.805 dur:40.000ms, clock:4480.649 level:100
2024-06-30 20:49:22.164 T:4430 debug : CVideoPlayerVideo::OutputPicture - ttd:221ms pts:4480.865 Clock:4480.643 Level:6
2024-06-30 20:49:22.166 T:3741 debug : ActiveAE::SyncStream - average error 0.582267, last average error: 406.118521
2024-06-30 20:49:22.183 T:4430 debug : CVideoPlayerVideo::OutputPicture - ttd:222ms pts:4480.885 Clock:4480.662 Level:6
2024-06-30 20:49:22.203 T:4430 debug : CVideoPlayerVideo::OutputPicture - ttd:223ms pts:4480.905 Clock:4480.682 Level:6
2024-06-30 20:49:22.224 T:4430 debug : CVideoPlayerVideo::OutputPicture - ttd:223ms pts:4480.925 Clock:4480.702 Level:6
2024-06-30 20:49:22.243 T:4430 debug : CVideoPlayerVideo::OutputPicture - ttd:222ms pts:4480.945 Clock:4480.722 Level:6
2024-06-30 20:49:22.264 T:4430 debug : CVideoPlayerVideo::OutputPicture - ttd:223ms pts:4480.965 Clock:4480.742 Level:6
2024-06-30 20:49:22.283 T:4430 debug : CVideoPlayerVideo::OutputPicture - ttd:222ms pts:4480.985 Clock:4480.763 Level:6
2024-06-30 20:49:22.303 T:4430 debug : CVideoPlayerVideo::OutputPicture - ttd:223ms pts:4481.005 Clock:4480.782 Level:6
2024-06-30 20:49:22.313 T:4428 debug : CVideoPlayer::ProcessVideoData size:9380 dts:4537.645 pts:4537.725 dur:40.000ms, clock:4480.810 level:100
2024-06-30 20:49:22.314 T:4428 debug : CVideoPlayer::ProcessVideoData size:4576 dts:4537.685 pts:4537.685 dur:40.000ms, clock:4480.811 level:100
2024-06-30 20:49:22.315 T:3741 debug : ActiveAE::SyncStream - average error of -24.932032, start adjusting
2024-06-30 20:49:22.315 T:3741 debug : ActiveAE::SyncStream - average error -0.015365 below threshold of 30.000000
2024-06-30 20:49:22.320 T:4428 debug : CVideoPlayer::ProcessVideoData size:4683 dts:4537.725 pts:4537.765 dur:40.000ms, clock:4480.817 level:100
2024-06-30 20:49:22.322 T:4428 debug : CVideoPlayer::ProcessVideoData size:233983 dts:4537.765 pts:4537.965 dur:40.000ms, clock:4480.820 level:100
2024-06-30 20:49:22.323 T:4428 debug : CVideoPlayer::ProcessVideoData size:8090 dts:4537.805 pts:4537.885 dur:40.000ms, clock:4480.820 level:100
2024-06-30 20:49:22.323 T:4428 debug : CVideoPlayer::ProcessVideoData size:5961 dts:4537.845 pts:4537.845 dur:40.000ms, clock:4480.820 level:100
2024-06-30 20:49:22.324 T:4430 debug : CVideoPlayerVideo::OutputPicture - ttd:220ms pts:4481.025 Clock:4480.805 Level:6
2024-06-30 20:49:22.345 T:4430 debug : CVideoPlayerVideo::OutputPicture - ttd:222ms pts:4481.045 Clock:4480.823 Level:6
2024-06-30 20:49:22.366 T:4430 debug : CVideoPlayerVideo::OutputPicture - ttd:221ms pts:4481.065 Clock:4480.844 Level:6
2024-06-30 20:49:22.385 T:4430 debug : CVideoPlayerVideo::OutputPicture - ttd:220ms pts:4481.085 Clock:4480.864 Level:6
2024-06-30 20:49:22.406 T:4430 debug : CVideoPlayerVideo::OutputPicture - ttd:221ms pts:4481.105 Clock:4480.884 Level:6
2024-06-30 20:49:22.425 T:4430 debug : CVideoPlayerVideo::OutputPicture - ttd:220ms pts:4481.125 Clock:4480.904 Level:6
2024-06-30 20:49:22.446 T:4430 debug : CVideoPlayerVideo::OutputPicture - ttd:221ms pts:4481.145 Clock:4480.924 Level:6
2024-06-30 20:49:22.466 T:4430 debug : CVideoPlayerVideo::OutputPicture - ttd:220ms pts:4481.165 Clock:4480.944 Level:6
2024-06-30 20:49:22.485 T:4430 debug : CVideoPlayerVideo::OutputPicture - ttd:220ms pts:4481.185 Clock:4480.964 Level:6
2024-06-30 20:49:22.505 T:4430 debug : CVideoPlayerVideo::OutputPicture - ttd:221ms pts:4481.205 Clock:4480.983 Level:6
2024-06-30 20:49:22.525 T:4430 debug : CVideoPlayerVideo::OutputPicture - ttd:221ms pts:4481.225 Clock:4481.003 Level:6
2024-06-30 20:49:22.543 T:4430 debug : CVideoPlayerVideo::OutputPicture - ttd:221ms pts:4481.245 Clock:4481.024 Level:6
2024-06-30 20:49:22.565 T:4430 debug : CVideoPlayerVideo::OutputPicture - ttd:223ms pts:4481.265 Clock:4481.042 Level:6
2024-06-30 20:49:22.585 T:4430 debug : CVideoPlayerVideo::OutputPicture - ttd:222ms pts:4481.285 Clock:4481.063 Level:6
2024-06-30 20:49:22.605 T:4430 debug : CVideoPlayerVideo::OutputPicture - ttd:221ms pts:4481.305 Clock:4481.084 Level:6
2024-06-30 20:49:22.626 T:4430 debug : CVideoPlayerVideo::OutputPicture - ttd:221ms pts:4481.325 Clock:4481.103 Level:6
2024-06-30 20:49:22.630 T:4428 debug : CVideoPlayer::ProcessVideoData size:4192 dts:4537.885 pts:4537.925 dur:40.000ms, clock:4481.127 level:100
2024-06-30 20:49:22.631 T:4428 debug : CVideoPlayer::ProcessVideoData size:44817 dts:4537.925 pts:4538.125 dur:40.000ms, clock:4481.128 level:100
2024-06-30 20:49:22.631 T:4428 debug : CVideoPlayer::ProcessVideoData size:10308 dts:4537.965 pts:4538.045 dur:40.000ms, clock:4481.128 level:100
2024-06-30 20:49:22.631 T:4428 debug : CVideoPlayer::ProcessVideoData size:5502 dts:4538.005 pts:4538.005 dur:40.000ms, clock:4481.128 level:100
2024-06-30 20:49:22.631 T:4428 debug : CVideoPlayer::ProcessVideoData size:5971 dts:4538.045 pts:4538.085 dur:40.000ms, clock:4481.128 level:100
2024-06-30 20:49:22.645 T:4430 debug : CVideoPlayerVideo::OutputPicture - ttd:220ms pts:4481.345 Clock:4481.124 Level:6
2024-06-30 20:49:22.663 T:4430 debug : CVideoPlayerVideo::OutputPicture - ttd:221ms pts:4481.365 Clock:4481.143 Level:6
2024-06-30 20:49:22.684 T:4430 debug : CVideoPlayerVideo::OutputPicture - ttd:222ms pts:4481.385 Clock:4481.162 Level:6
2024-06-30 20:49:22.705 T:4430 debug : CVideoPlayerVideo::OutputPicture - ttd:222ms pts:4481.405 Clock:4481.182 Level:6
2024-06-30 20:49:22.725 T:4430 debug : CVideoPlayerVideo::OutputPicture - ttd:221ms pts:4481.425 Clock:4481.203 Level:6
2024-06-30 20:49:22.745 T:4430 debug : CVideoPlayerVideo::OutputPicture - ttd:221ms pts:4481.445 Clock:4481.224 Level:6
2024-06-30 20:49:22.765 T:4430 debug : CVideoPlayerVideo::OutputPicture - ttd:221ms pts:4481.465 Clock:4481.243 Level:6
2024-06-30 20:49:22.783 T:4430 debug : CVideoPlayerVideo::OutputPicture - ttd:220ms pts:4481.485 Clock:4481.264 Level:6
2024-06-30 20:49:22.804 T:4430 debug : CVideoPlayerVideo::OutputPicture - ttd:223ms pts:4481.505 Clock:4481.282 Level:6
2024-06-30 20:49:22.823 T:4430 debug : CVideoPlayerVideo::OutputPicture - ttd:222ms pts:4481.525 Clock:4481.303 Level:6
2024-06-30 20:49:22.834 T:4428 debug : CVideoPlayer::ProcessVideoData size:50912 dts:4538.085 pts:4538.285 dur:40.000ms, clock:4481.331 level:100
2024-06-30 20:49:22.834 T:4428 debug : CVideoPlayer::ProcessVideoData size:10060 dts:4538.125 pts:4538.205 dur:40.000ms, clock:4481.331 level:100
2024-06-30 20:49:22.840 T:4428 debug : CVideoPlayer::ProcessVideoData size:4849 dts:4538.165 pts:4538.165 dur:40.000ms, clock:4481.337 level:100
2024-06-30 20:49:22.841 T:4428 debug : CVideoPlayer::ProcessVideoData size:5394 dts:4538.205 pts:4538.245 dur:40.000ms, clock:4481.338 level:100
2024-06-30 20:49:22.844 T:4430 debug : CVideoPlayerVideo::OutputPicture - ttd:219ms pts:4481.545 Clock:4481.325 Level:6
2024-06-30 20:49:22.865 T:4430 debug : CVideoPlayerVideo::OutputPicture - ttd:222ms pts:4481.565 Clock:4481.342 Level:6
2024-06-30 20:49:22.885 T:4430 debug : CVideoPlayerVideo::OutputPicture - ttd:221ms pts:4481.585 Clock:4481.364 Level:6
2024-06-30 20:49:22.905 T:4430 debug : CVideoPlayerVideo::OutputPicture - ttd:221ms pts:4481.605 Clock:4481.384 Level:6
2024-06-30 20:49:22.926 T:4430 debug : CVideoPlayerVideo::OutputPicture - ttd:221ms pts:4481.625 Clock:4481.403 Level:6
2024-06-30 20:49:22.945 T:4430 debug : CVideoPlayerVideo::OutputPicture - ttd:220ms pts:4481.645 Clock:4481.424 Level:6
2024-06-30 20:49:22.952 T:4428 debug : CVideoPlayer::ProcessVideoData size:54811 dts:4538.245 pts:4538.445 dur:40.000ms, clock:4481.449 level:100
2024-06-30 20:49:22.952 T:4428 debug : CVideoPlayer::ProcessVideoData size:9930 dts:4538.285 pts:4538.365 dur:40.000ms, clock:4481.449 level:100
2024-06-30 20:49:22.952 T:4428 debug : CVideoPlayer::ProcessVideoData size:5322 dts:4538.325 pts:4538.325 dur:40.000ms, clock:4481.449 level:100
2024-06-30 20:49:22.965 T:4430 debug : CVideoPlayerVideo::OutputPicture - ttd:219ms pts:4481.665 Clock:4481.446 Level:6
2024-06-30 20:49:22.985 T:4430 debug : CVideoPlayerVideo::OutputPicture - ttd:221ms pts:4481.685 Clock:4481.464 Level:6
2024-06-30 20:49:23.005 T:4430 debug : CVideoPlayerVideo::OutputPicture - ttd:221ms pts:4481.705 Clock:4481.484 Level:6
2024-06-30 20:49:23.023 T:4430 debug : CVideoPlayerVideo::OutputPicture - ttd:221ms pts:4481.725 Clock:4481.503 Level:6
2024-06-30 20:49:23.043 T:4430 debug : CVideoPlayerVideo::OutputPicture - ttd:223ms pts:4481.745 Clock:4481.522 Level:6
2024-06-30 20:49:23.063 T:4430 debug : CVideoPlayerVideo::OutputPicture - ttd:223ms pts:4481.765 Clock:4481.542 Level:6
2024-06-30 20:49:23.083 T:4430 debug : CVideoPlayerVideo::OutputPicture - ttd:223ms pts:4481.785 Clock:4481.562 Level:6
2024-06-30 20:49:23.103 T:4430 debug : CVideoPlayerVideo::OutputPicture - ttd:223ms pts:4481.805 Clock:4481.582 Level:6
2024-06-30 20:49:23.123 T:4430 debug : CVideoPlayerVideo::OutputPicture - ttd:220ms pts:4481.825 Clock:4481.604 Level:6
2024-06-30 20:49:23.132 T:4428 debug : CVideoPlayer::ProcessVideoData size:3968 dts:4538.365 pts:4538.405 dur:40.000ms, clock:4481.629 level:100
2024-06-30 20:49:23.133 T:4428 debug : CVideoPlayer::ProcessVideoData size:65360 dts:4538.405 pts:4538.605 dur:40.000ms, clock:4481.630 level:100
2024-06-30 20:49:23.133 T:4428 debug : CVideoPlayer::ProcessVideoData size:10674 dts:4538.445 pts:4538.525 dur:40.000ms, clock:4481.630 level:100
2024-06-30 20:49:23.133 T:4428 debug : CVideoPlayer::ProcessVideoData size:4134 dts:4538.485 pts:4538.485 dur:40.000ms, clock:4481.630 level:100
2024-06-30 20:49:23.134 T:4428 debug : CVideoPlayer::ProcessVideoData size:3553 dts:4538.525 pts:4538.565 dur:40.000ms, clock:4481.631 level:100
2024-06-30 20:49:23.136 T:4428 debug : CVideoPlayer::ProcessVideoData size:68321 dts:4538.565 pts:4538.765 dur:40.000ms, clock:4481.633 level:100
2024-06-30 20:49:23.137 T:4428 debug : CVideoPlayer::ProcessVideoData size:10229 dts:4538.605 pts:4538.685 dur:40.000ms, clock:4481.634 level:100
2024-06-30 20:49:23.144 T:4430 debug : CVideoPlayerVideo::OutputPicture - ttd:223ms pts:4481.845 Clock:4481.622 Level:6
2024-06-30 20:49:23.166 T:4430 debug : CVideoPlayerVideo::OutputPicture - ttd:222ms pts:4481.865 Clock:4481.643 Level:6
2024-06-30 20:49:23.185 T:4430 debug : CVideoPlayerVideo::OutputPicture - ttd:220ms pts:4481.885 Clock:4481.664 Level:6
2024-06-30 20:49:23.205 T:4430 debug : CVideoPlayerVideo::OutputPicture - ttd:221ms pts:4481.905 Clock:4481.684 Level:6
2024-06-30 20:49:23.225 T:4430 debug : CVideoPlayerVideo::OutputPicture - ttd:221ms pts:4481.925 Clock:4481.703 Level:6
2024-06-30 20:49:23.244 T:4430 debug : CVideoPlayerVideo::OutputPicture - ttd:221ms pts:4481.945 Clock:4481.723 Level:6
2024-06-30 20:49:23.264 T:4430 debug : CVideoPlayerVideo::OutputPicture - ttd:222ms pts:4481.965 Clock:4481.742 Level:6
2024-06-30 20:49:23.269 T:4428 debug : CVideoPlayer::ProcessVideoData size:4113 dts:4538.645 pts:4538.645 dur:40.000ms, clock:4481.766 level:100
2024-06-30 20:49:23.270 T:4428 debug : CVideoPlayer::ProcessVideoData size:3890 dts:4538.685 pts:4538.725 dur:40.000ms, clock:4481.767 level:100
2024-06-30 20:49:23.271 T:4428 debug : CVideoPlayer::ProcessVideoData size:51193 dts:4538.725 pts:4538.925 dur:40.000ms, clock:4481.768 level:100
2024-06-30 20:49:23.271 T:4428 debug : CVideoPlayer::ProcessVideoData size:9563 dts:4538.765 pts:4538.845 dur:40.000ms, clock:4481.768 level:100
2024-06-30 20:49:23.271 T:4428 debug : CVideoPlayer::ProcessVideoData size:4966 dts:4538.805 pts:4538.805 dur:40.000ms, clock:4481.768 level:100
2024-06-30 20:49:23.274 T:4428 debug : CVideoPlayer::ProcessVideoData size:4399 dts:4538.845 pts:4538.885 dur:40.000ms, clock:4481.771 level:100
2024-06-30 20:49:23.275 T:4428 debug : CVideoPlayer::ProcessVideoData size:70638 dts:4538.885 pts:4539.085 dur:40.000ms, clock:4481.772 level:100
2024-06-30 20:49:23.286 T:4430 debug : CVideoPlayerVideo::OutputPicture - ttd:220ms pts:4481.985 Clock:4481.765 Level:6
2024-06-30 20:49:23.305 T:4430 debug : CVideoPlayerVideo::OutputPicture - ttd:220ms pts:4482.005 Clock:4481.784 Level:6
2024-06-30 20:49:23.325 T:4430 debug : CVideoPlayerVideo::OutputPicture - ttd:221ms pts:4482.025 Clock:4481.803 Level:6
2024-06-30 20:49:23.345 T:4430 debug : CVideoPlayerVideo::OutputPicture - ttd:221ms pts:4482.045 Clock:4481.823 Level:6
2024-06-30 20:49:23.365 T:4430 debug : CVideoPlayerVideo::OutputPicture - ttd:221ms pts:4482.065 Clock:4481.844 Level:6
2024-06-30 20:49:23.384 T:4430 debug : CVideoPlayerVideo::OutputPicture - ttd:221ms pts:4482.085 Clock:4481.864 Level:6
2024-06-30 20:49:23.404 T:4430 debug : CVideoPlayerVideo::OutputPicture - ttd:223ms pts:4482.105 Clock:4481.882 Level:6
2024-06-30 20:49:23.423 T:4430 debug : CVideoPlayerVideo::OutputPicture - ttd:222ms pts:4482.125 Clock:4481.902 Level:6
2024-06-30 20:49:23.427 T:4428 debug : CVideoPlayer::ProcessVideoData size:10098 dts:4538.925 pts:4539.005 dur:40.000ms, clock:4481.924 level:100
2024-06-30 20:49:23.427 T:4428 debug : CVideoPlayer::ProcessVideoData size:5398 dts:4538.965 pts:4538.965 dur:40.000ms, clock:4481.924 level:100
2024-06-30 20:49:23.430 T:4428 debug : CVideoPlayer::ProcessVideoData size:5439 dts:4539.005 pts:4539.045 dur:40.000ms, clock:4481.927 level:100
2024-06-30 20:49:23.432 T:4428 debug : CVideoPlayer::ProcessVideoData size:121936 dts:4539.045 pts:4539.245 dur:20.000ms, clock:4481.928 level:100
2024-06-30 20:49:23.444 T:4430 debug : CVideoPlayerVideo::OutputPicture - ttd:220ms pts:4482.145 Clock:4481.925 Level:6
2024-06-30 20:49:23.466 T:4430 debug : CVideoPlayerVideo::OutputPicture - ttd:222ms pts:4482.165 Clock:4481.942 Level:6
2024-06-30 20:49:23.485 T:4430 debug : CVideoPlayerVideo::OutputPicture - ttd:220ms pts:4482.185 Clock:4481.964 Level:6
2024-06-30 20:49:23.505 T:4430 debug : CVideoPlayerVideo::OutputPicture - ttd:221ms pts:4482.205 Clock:4481.983 Level:6
2024-06-30 20:49:23.525 T:4430 debug : CVideoPlayerVideo::OutputPicture - ttd:221ms pts:4482.225 Clock:4482.004 Level:6
2024-06-30 20:49:23.545 T:4430 debug : CVideoPlayerVideo::OutputPicture - ttd:221ms pts:4482.245 Clock:4482.024 Level:6
2024-06-30 20:49:23.564 T:4430 debug : CVideoPlayerVideo::OutputPicture - ttd:221ms pts:4482.265 Clock:4482.044 Level:6
2024-06-30 20:49:23.583 T:4430 debug : CVideoPlayerVideo::OutputPicture - ttd:222ms pts:4482.285 Clock:4482.062 Level:6
2024-06-30 20:49:23.596 T:4428 debug : CVideoPlayer::ProcessVideoData size:42910 dts:4539.065 pts:4539.265 dur:20.000ms, clock:4482.093 level:100
2024-06-30 20:49:23.604 T:4430 debug : CVideoPlayerVideo::OutputPicture - ttd:222ms pts:4482.305 Clock:4482.082 Level:6
2024-06-30 20:49:23.623 T:4430 debug : CVideoPlayerVideo::OutputPicture - ttd:222ms pts:4482.325 Clock:4482.102 Level:6
2024-06-30 20:49:23.644 T:4430 debug : CVideoPlayerVideo::OutputPicture - ttd:223ms pts:4482.345 Clock:4482.122 Level:6
2024-06-30 20:49:23.664 T:4430 debug : CVideoPlayerVideo::OutputPicture - ttd:222ms pts:4482.365 Clock:4482.142 Level:6
2024-06-30 20:49:23.684 T:4430 debug : CVideoPlayerVideo::OutputPicture - ttd:222ms pts:4482.385 Clock:4482.163 Level:6
2024-06-30 20:49:23.704 T:4430 debug : CVideoPlayerVideo::OutputPicture - ttd:223ms pts:4482.405 Clock:4482.182 Level:6
2024-06-30 20:49:23.723 T:4430 debug : CVideoPlayerVideo::OutputPicture - ttd:222ms pts:4482.425 Clock:4482.202 Level:6
2024-06-30 20:49:23.743 T:4430 debug : CVideoPlayerVideo::OutputPicture - ttd:223ms pts:4482.445 Clock:4482.222 Level:6
2024-06-30 20:49:23.748 T:4428 debug : CVideoPlayer::ProcessVideoData size:17356 dts:4539.085 pts:4539.165 dur:40.000ms, clock:4482.245 level:100
2024-06-30 20:49:23.748 T:4428 debug : CVideoPlayer::ProcessVideoData size:9471 dts:4539.125 pts:4539.125 dur:40.000ms, clock:4482.245 level:100
2024-06-30 20:49:23.748 T:4428 debug : CVideoPlayer::ProcessVideoData size:3940 dts:4539.165 pts:4539.205 dur:20.000ms, clock:4482.245 level:100
2024-06-30 20:49:23.749 T:4428 debug : CVideoPlayer::ProcessVideoData size:3562 dts:4539.185 pts:4539.225 dur:20.000ms, clock:4482.246 level:100
2024-06-30 20:49:23.750 T:4428 debug : CVideoPlayer::ProcessVideoData size:55356 dts:4539.205 pts:4539.405 dur:20.000ms, clock:4482.247 level:100
2024-06-30 20:49:23.752 T:4428 debug : CVideoPlayer::ProcessVideoData size:11705 dts:4539.225 pts:4539.425 dur:20.000ms, clock:4482.249 level:100
2024-06-30 20:49:23.752 T:4428 debug : CVideoPlayer::ProcessVideoData size:15681 dts:4539.245 pts:4539.325 dur:20.000ms, clock:4482.249 level:100
2024-06-30 20:49:23.752 T:4428 debug : CVideoPlayer::ProcessVideoData size:4780 dts:4539.265 pts:4539.345 dur:20.000ms, clock:4482.249 level:100
2024-06-30 20:49:23.752 T:4428 debug : CVideoPlayer::ProcessVideoData size:5094 dts:4539.285 pts:4539.285 dur:20.000ms, clock:4482.249 level:100
2024-06-30 20:49:23.752 T:4428 debug : CVideoPlayer::ProcessVideoData size:3905 dts:4539.305 pts:4539.305 dur:20.000ms, clock:4482.249 level:100
2024-06-30 20:49:23.752 T:4428 debug : CVideoPlayer::ProcessVideoData size:4426 dts:4539.325 pts:4539.365 dur:20.000ms, clock:4482.249 level:100
2024-06-30 20:49:23.753 T:4428 debug : CVideoPlayer::ProcessVideoData size:4252 dts:4539.345 pts:4539.385 dur:20.000ms, clock:4482.250 level:100
2024-06-30 20:49:23.753 T:4428 debug : CVideoPlayer::ProcessVideoData size:34838 dts:4539.365 pts:4539.565 dur:20.000ms, clock:4482.250 level:100
2024-06-30 20:49:23.753 T:4428 debug : CVideoPlayer::ProcessVideoData size:9408 dts:4539.385 pts:4539.585 dur:20.000ms, clock:4482.250 level:100
2024-06-30 20:49:23.753 T:4428 debug : CVideoPlayer::ProcessVideoData size:9400 dts:4539.405 pts:4539.485 dur:20.000ms, clock:4482.250 level:100
2024-06-30 20:49:23.753 T:4428 debug : CVideoPlayer::ProcessVideoData size:4286 dts:4539.425 pts:4539.505 dur:20.000ms, clock:4482.250 level:100
2024-06-30 20:49:23.753 T:4428 debug : CVideoPlayer::ProcessVideoData size:4315 dts:4539.445 pts:4539.445 dur:20.000ms, clock:4482.250 level:100
2024-06-30 20:49:23.753 T:4428 debug : CVideoPlayer::ProcessVideoData size:3302 dts:4539.465 pts:4539.465 dur:20.000ms, clock:4482.250 level:100
2024-06-30 20:49:23.753 T:4428 debug : CVideoPlayer::ProcessVideoData size:3105 dts:4539.485 pts:4539.525 dur:20.000ms, clock:4482.250 level:100
2024-06-30 20:49:23.756 T:4428 debug : CVideoPlayer::ProcessVideoData size:3165 dts:4539.505 pts:4539.545 dur:20.000ms, clock:4482.253 level:100
2024-06-30 20:49:23.756 T:4428 debug : CVideoPlayer::ProcessVideoData size:44880 dts:4539.525 pts:4539.725 dur:20.000ms, clock:4482.253 level:100
2024-06-30 20:49:23.756 T:4428 debug : CVideoPlayer::ProcessVideoData size:10287 dts:4539.545 pts:4539.745 dur:20.000ms, clock:4482.253 level:100
2024-06-30 20:49:23.756 T:4428 debug : CVideoPlayer::ProcessVideoData size:10481 dts:4539.565 pts:4539.645 dur:20.000ms, clock:4482.253 level:100
2024-06-30 20:49:23.756 T:4428 debug : CVideoPlayer::ProcessVideoData size:4145 dts:4539.585 pts:4539.665 dur:20.000ms, clock:4482.253 level:100
2024-06-30 20:49:23.756 T:4428 debug : CVideoPlayer::ProcessVideoData size:4516 dts:4539.605 pts:4539.605 dur:20.000ms, clock:4482.253 level:100
2024-06-30 20:49:23.756 T:4428 debug : CVideoPlayer::ProcessVideoData size:3611 dts:4539.625 pts:4539.625 dur:20.000ms, clock:4482.253 level:100
2024-06-30 20:49:23.764 T:4430 debug : CVideoPlayerVideo::OutputPicture - ttd:218ms pts:4482.465 Clock:4482.246 Level:6
2024-06-30 20:49:23.785 T:4430 debug : CVideoPlayerVideo::OutputPicture - ttd:222ms pts:4482.485 Clock:4482.262 Level:6
2024-06-30 20:49:23.806 T:4430 debug : CVideoPlayerVideo::OutputPicture - ttd:221ms pts:4482.505 Clock:4482.284 Level:6
2024-06-30 20:49:23.825 T:4430 debug : CVideoPlayerVideo::OutputPicture - ttd:220ms pts:4482.525 Clock:4482.305 Level:6
2024-06-30 20:49:23.845 T:4430 debug : CVideoPlayerVideo::OutputPicture - ttd:221ms pts:4482.545 Clock:4482.323 Level:6
2024-06-30 20:49:23.864 T:4430 debug : CVideoPlayerVideo::OutputPicture - ttd:221ms pts:4482.565 Clock:4482.343 Level:6
2024-06-30 20:49:23.883 T:4430 debug : CVideoPlayerVideo::OutputPicture - ttd:222ms pts:4482.585 Clock:4482.362 Level:6
2024-06-30 20:49:23.904 T:4430 debug : CVideoPlayerVideo::OutputPicture - ttd:223ms pts:4482.605 Clock:4482.382 Level:6
2024-06-30 20:49:23.909 T:4428 debug : CVideoPlayer::ProcessVideoData size:3129 dts:4539.645 pts:4539.685 dur:20.000ms, clock:4482.406 level:100
2024-06-30 20:49:23.909 T:4428 debug : CVideoPlayer::ProcessVideoData size:2934 dts:4539.665 pts:4539.705 dur:20.000ms, clock:4482.406 level:100
2024-06-30 20:49:23.910 T:4428 debug : CVideoPlayer::ProcessVideoData size:30246 dts:4539.685 pts:4539.885 dur:20.000ms, clock:4482.407 level:100
2024-06-30 20:49:23.923 T:4430 debug : CVideoPlayerVideo::OutputPicture - ttd:220ms pts:4482.625 Clock:4482.405 Level:6
2024-06-30 20:49:23.944 T:4430 debug : CVideoPlayerVideo::OutputPicture - ttd:223ms pts:4482.645 Clock:4482.422 Level:6
2024-06-30 20:49:23.965 T:4430 debug : CVideoPlayerVideo::OutputPicture - ttd:222ms pts:4482.665 Clock:4482.442 Level:6
2024-06-30 20:49:23.985 T:4430 debug : CVideoPlayerVideo::OutputPicture - ttd:221ms pts:4482.685 Clock:4482.464 Level:6
2024-06-30 20:49:24.005 T:4430 debug : CVideoPlayerVideo::OutputPicture - ttd:221ms pts:4482.705 Clock:4482.483 Level:6
2024-06-30 20:49:24.025 T:4430 debug : CVideoPlayerVideo::OutputPicture - ttd:221ms pts:4482.725 Clock:4482.504 Level:6
2024-06-30 20:49:24.043 T:4430 debug : CVideoPlayerVideo::OutputPicture - ttd:220ms pts:4482.745 Clock:4482.524 Level:6
2024-06-30 20:49:24.063 T:4430 debug : CVideoPlayerVideo::OutputPicture - ttd:223ms pts:4482.765 Clock:4482.542 Level:6
2024-06-30 20:49:24.065 T:4430 debug : CPtsTracker: detected pattern of length 1: 20000.00, frameduration: 20000.000000
2024-06-30 20:49:24.083 T:4430 debug : CVideoPlayerVideo::OutputPicture - ttd:222ms pts:4482.785 Clock:4482.562 Level:6
2024-06-30 20:49:24.105 T:4430 debug : CVideoPlayerVideo::OutputPicture - ttd:223ms pts:4482.805 Clock:4482.582 Level:6
2024-06-30 20:49:24.120 T:4428 debug : CVideoPlayer::ProcessVideoData size:9459 dts:4539.705 pts:4539.905 dur:20.000ms, clock:4482.617 level:100
2024-06-30 20:49:24.120 T:4428 debug : CVideoPlayer::ProcessVideoData size:9734 dts:4539.725 pts:4539.805 dur:20.000ms, clock:4482.617 level:100
2024-06-30 20:49:24.121 T:4428 debug : CVideoPlayer::ProcessVideoData size:3537 dts:4539.745 pts:4539.825 dur:20.000ms, clock:4482.618 level:100
2024-06-30 20:49:24.121 T:4428 debug : CVideoPlayer::ProcessVideoData size:3827 dts:4539.765 pts:4539.765 dur:20.000ms, clock:4482.618 level:100
2024-06-30 20:49:24.121 T:4428 debug : CVideoPlayer::ProcessVideoData size:3341 dts:4539.785 pts:4539.785 dur:20.000ms, clock:4482.618 level:100
2024-06-30 20:49:24.121 T:4428 debug : CVideoPlayer::ProcessVideoData size:3439 dts:4539.805 pts:4539.845 dur:20.000ms, clock:4482.618 level:100
2024-06-30 20:49:24.121 T:4428 debug : CVideoPlayer::ProcessVideoData size:3493 dts:4539.825 pts:4539.865 dur:20.000ms, clock:4482.618 level:100
2024-06-30 20:49:24.122 T:4428 debug : CVideoPlayer::ProcessVideoData size:48892 dts:4539.845 pts:4540.045 dur:20.000ms, clock:4482.619 level:100
2024-06-30 20:49:24.122 T:4428 debug : CVideoPlayer::ProcessVideoData size:8331 dts:4539.865 pts:4540.065 dur:20.000ms, clock:4482.619 level:100
2024-06-30 20:49:24.122 T:4428 debug : CVideoPlayer::ProcessVideoData size:10135 dts:4539.885 pts:4539.965 dur:20.000ms, clock:4482.619 level:100
2024-06-30 20:49:24.122 T:4428 debug : CVideoPlayer::ProcessVideoData size:4000 dts:4539.905 pts:4539.985 dur:20.000ms, clock:4482.619 level:100
2024-06-30 20:49:24.123 T:4428 debug : CVideoPlayer::ProcessVideoData size:3473 dts:4539.925 pts:4539.925 dur:20.000ms, clock:4482.620 level:100
2024-06-30 20:49:24.124 T:4430 debug : CVideoPlayerVideo::OutputPicture - ttd:221ms pts:4482.825 Clock:4482.603 Level:6
2024-06-30 20:49:24.144 T:4430 debug : CVideoPlayerVideo::OutputPicture - ttd:222ms pts:4482.845 Clock:4482.622 Level:6
2024-06-30 20:49:24.167 T:4430 debug : CVideoPlayerVideo::OutputPicture - ttd:222ms pts:4482.865 Clock:4482.642 Level:6
2024-06-30 20:49:24.185 T:4430 debug : CVideoPlayerVideo::OutputPicture - ttd:219ms pts:4482.885 Clock:4482.665 Level:6
2024-06-30 20:49:24.205 T:4430 debug : CVideoPlayerVideo::OutputPicture - ttd:221ms pts:4482.905 Clock:4482.684 Level:6
2024-06-30 20:49:24.225 T:4430 debug : CVideoPlayerVideo::OutputPicture - ttd:221ms pts:4482.925 Clock:4482.704 Level:6
2024-06-30 20:49:24.243 T:4430 debug : CVideoPlayerVideo::OutputPicture - ttd:221ms pts:4482.945 Clock:4482.724 Level:6
2024-06-30 20:49:24.263 T:4430 debug : CVideoPlayerVideo::OutputPicture - ttd:223ms pts:4482.965 Clock:4482.742 Level:6
2024-06-30 20:49:24.283 T:4430 debug : CVideoPlayerVideo::OutputPicture - ttd:223ms pts:4482.985 Clock:4482.762 Level:6
2024-06-30 20:49:24.303 T:4430 debug : CVideoPlayerVideo::OutputPicture - ttd:223ms pts:4483.005 Clock:4482.782 Level:6
2024-06-30 20:49:24.324 T:4430 debug : CVideoPlayerVideo::OutputPicture - ttd:223ms pts:4483.025 Clock:4482.802 Level:6
2024-06-30 20:49:24.343 T:4430 debug : CVideoPlayerVideo::OutputPicture - ttd:222ms pts:4483.045 Clock:4482.822 Level:6
2024-06-30 20:49:24.346 T:4428 debug : CVideoPlayer::ProcessVideoData size:2932 dts:4539.945 pts:4539.945 dur:20.000ms, clock:4482.843 level:100
2024-06-30 20:49:24.346 T:4428 debug : CVideoPlayer::ProcessVideoData size:2957 dts:4539.965 pts:4540.005 dur:20.000ms, clock:4482.843 level:100
2024-06-30 20:49:24.349 T:4428 debug : CVideoPlayer::ProcessVideoData size:2859 dts:4539.985 pts:4540.025 dur:20.000ms, clock:4482.845 level:100
2024-06-30 20:49:24.349 T:4428 debug : CVideoPlayer::ProcessVideoData size:26284 dts:4540.005 pts:4540.205 dur:20.000ms, clock:4482.846 level:100
2024-06-30 20:49:24.349 T:4428 debug : CVideoPlayer::ProcessVideoData size:11912 dts:4540.025 pts:4540.225 dur:20.000ms, clock:4482.846 level:100
2024-06-30 20:49:24.349 T:4428 debug : CVideoPlayer::ProcessVideoData size:8469 dts:4540.045 pts:4540.125 dur:20.000ms, clock:4482.846 level:100
2024-06-30 20:49:24.349 T:4428 debug : CVideoPlayer::ProcessVideoData size:4021 dts:4540.065 pts:4540.145 dur:20.000ms, clock:4482.846 level:100
2024-06-30 20:49:24.349 T:4428 debug : CVideoPlayer::ProcessVideoData size:4662 dts:4540.085 pts:4540.085 dur:20.000ms, clock:4482.846 level:100
2024-06-30 20:49:24.349 T:4428 debug : CVideoPlayer::ProcessVideoData size:4285 dts:4540.105 pts:4540.105 dur:20.000ms, clock:4482.846 level:100
2024-06-30 20:49:24.349 T:4428 debug : CVideoPlayer::ProcessVideoData size:3463 dts:4540.125 pts:4540.165 dur:20.000ms, clock:4482.846 level:100
2024-06-30 20:49:24.349 T:4428 debug : CVideoPlayer::ProcessVideoData size:3371 dts:4540.145 pts:4540.185 dur:20.000ms, clock:4482.846 level:100
2024-06-30 20:49:24.349 T:4428 debug : CVideoPlayer::ProcessVideoData size:26812 dts:4540.165 pts:4540.365 dur:20.000ms, clock:4482.846 level:100
2024-06-30 20:49:24.364 T:4430 debug : CVideoPlayerVideo::OutputPicture - ttd:222ms pts:4483.065 Clock:4482.842 Level:6
2024-06-30 20:49:24.385 T:4430 debug : CVideoPlayerVideo::OutputPicture - ttd:222ms pts:4483.085 Clock:4482.862 Level:6
2024-06-30 20:49:24.405 T:4430 debug : CVideoPlayerVideo::OutputPicture - ttd:221ms pts:4483.105 Clock:4482.883 Level:6
2024-06-30 20:49:24.425 T:4430 debug : CVideoPlayerVideo::OutputPicture - ttd:221ms pts:4483.125 Clock:4482.903 Level:6
2024-06-30 20:49:24.446 T:4430 debug : CVideoPlayerVideo::OutputPicture - ttd:221ms pts:4483.145 Clock:4482.924 Level:6
2024-06-30 20:49:24.466 T:4430 debug : CVideoPlayerVideo::OutputPicture - ttd:220ms pts:4483.165 Clock:4482.944 Level:6
2024-06-30 20:49:24.485 T:4430 debug : CVideoPlayerVideo::OutputPicture - ttd:220ms pts:4483.185 Clock:4482.964 Level:6
2024-06-30 20:49:24.505 T:4430 debug : CVideoPlayerVideo::OutputPicture - ttd:221ms pts:4483.205 Clock:4482.983 Level:6
2024-06-30 20:49:24.525 T:4430 debug : CVideoPlayerVideo::OutputPicture - ttd:221ms pts:4483.225 Clock:4483.004 Level:6
2024-06-30 20:49:24.545 T:4430 debug : CVideoPlayerVideo::OutputPicture - ttd:221ms pts:4483.245 Clock:4483.024 Level:6
2024-06-30 20:49:24.552 T:4428 debug : CVideoPlayer::ProcessVideoData size:14011 dts:4540.185 pts:4540.385 dur:20.000ms, clock:4483.049 level:100
2024-06-30 20:49:24.552 T:4428 debug : CVideoPlayer::ProcessVideoData size:10010 dts:4540.205 pts:4540.285 dur:20.000ms, clock:4483.049 level:100
2024-06-30 20:49:24.552 T:4428 debug : CVideoPlayer::ProcessVideoData size:3662 dts:4540.225 pts:4540.305 dur:20.000ms, clock:4483.049 level:100
2024-06-30 20:49:24.552 T:4428 debug : CVideoPlayer::ProcessVideoData size:3951 dts:4540.245 pts:4540.245 dur:20.000ms, clock:4483.049 level:100
2024-06-30 20:49:24.554 T:4428 debug : CVideoPlayer::ProcessVideoData size:2930 dts:4540.265 pts:4540.265 dur:20.000ms, clock:4483.051 level:100
2024-06-30 20:49:24.554 T:4428 debug : CVideoPlayer::ProcessVideoData size:3406 dts:4540.285 pts:4540.325 dur:20.000ms, clock:4483.051 level:100
2024-06-30 20:49:24.555 T:4428 debug : CVideoPlayer::ProcessVideoData size:3710 dts:4540.305 pts:4540.345 dur:20.000ms, clock:4483.052 level:100
2024-06-30 20:49:24.557 T:4428 debug : CVideoPlayer::ProcessVideoData size:110308 dts:4540.325 pts:4540.525 dur:20.000ms, clock:4483.054 level:100
2024-06-30 20:49:24.564 T:4430 debug : CVideoPlayerVideo::OutputPicture - ttd:219ms pts:4483.265 Clock:4483.046 Level:6
2024-06-30 20:49:24.585 T:4430 debug : CVideoPlayerVideo::OutputPicture - ttd:222ms pts:4483.285 Clock:4483.062 Level:6
2024-06-30 20:49:24.605 T:4430 debug : CVideoPlayerVideo::OutputPicture - ttd:221ms pts:4483.305 Clock:4483.083 Level:6
2024-06-30 20:49:24.625 T:4430 debug : CVideoPlayerVideo::OutputPicture - ttd:221ms pts:4483.325 Clock:4483.103 Level:6
2024-06-30 20:49:24.645 T:4430 debug : CVideoPlayerVideo::OutputPicture - ttd:221ms pts:4483.345 Clock:4483.124 Level:6
2024-06-30 20:49:24.663 T:4430 debug : CVideoPlayerVideo::OutputPicture - ttd:221ms pts:4483.365 Clock:4483.143 Level:6
2024-06-30 20:49:24.684 T:4430 debug : CVideoPlayerVideo::OutputPicture - ttd:223ms pts:4483.385 Clock:4483.162 Level:6
2024-06-30 20:49:24.704 T:4430 debug : CVideoPlayerVideo::OutputPicture - ttd:222ms pts:4483.405 Clock:4483.182 Level:6
2024-06-30 20:49:24.725 T:4430 debug : CVideoPlayerVideo::OutputPicture - ttd:222ms pts:4483.425 Clock:4483.203 Level:6
2024-06-30 20:49:24.745 T:4430 debug : CVideoPlayerVideo::OutputPicture - ttd:221ms pts:4483.445 Clock:4483.224 Level:6
2024-06-30 20:49:24.765 T:4430 debug : CVideoPlayerVideo::OutputPicture - ttd:221ms pts:4483.465 Clock:4483.243 Level:6
2024-06-30 20:49:24.785 T:4430 debug : CVideoPlayerVideo::OutputPicture - ttd:221ms pts:4483.485 Clock:4483.263 Level:6
2024-06-30 20:49:24.804 T:4430 debug : CVideoPlayerVideo::OutputPicture - ttd:221ms pts:4483.505 Clock:4483.284 Level:6
2024-06-30 20:49:24.824 T:4430 debug : CVideoPlayerVideo::OutputPicture - ttd:222ms pts:4483.525 Clock:4483.303 Level:6
2024-06-30 20:49:24.844 T:4430 debug : CVideoPlayerVideo::OutputPicture - ttd:223ms pts:4483.545 Clock:4483.322 Level:6
2024-06-30 20:49:24.864 T:4430 debug : CVideoPlayerVideo::OutputPicture - ttd:223ms pts:4483.565 Clock:4483.342 Level:6
2024-06-30 20:49:24.884 T:4430 debug : CVideoPlayerVideo::OutputPicture - ttd:222ms pts:4483.585 Clock:4483.362 Level:6
2024-06-30 20:49:24.903 T:4430 debug : CVideoPlayerVideo::OutputPicture - ttd:222ms pts:4483.605 Clock:4483.382 Level:6
2024-06-30 20:49:24.924 T:4430 debug : CVideoPlayerVideo::OutputPicture - ttd:223ms pts:4483.625 Clock:4483.402 Level:6
2024-06-30 20:49:24.943 T:4430 debug : CVideoPlayerVideo::OutputPicture - ttd:223ms pts:4483.645 Clock:4483.422 Level:6
2024-06-30 20:49:24.964 T:4430 debug : CVideoPlayerVideo::OutputPicture - ttd:223ms pts:4483.665 Clock:4483.442 Level:6
2024-06-30 20:49:24.985 T:4430 debug : CVideoPlayerVideo::OutputPicture - ttd:222ms pts:4483.685 Clock:4483.462 Level:6
2024-06-30 20:49:25.005 T:4430 debug : CVideoPlayerVideo::OutputPicture - ttd:221ms pts:4483.705 Clock:4483.484 Level:6
2024-06-30 20:49:25.025 T:4430 debug : CVideoPlayerVideo::OutputPicture - ttd:221ms pts:4483.725 Clock:4483.504 Level:6
2024-06-30 20:49:25.033 T:4428 debug : CVideoPlayer::ProcessVideoData size:52340 dts:4540.345 pts:4540.545 dur:20.000ms, clock:4483.530 level:100
2024-06-30 20:49:25.033 T:4428 debug : CVideoPlayer::ProcessVideoData size:14248 dts:4540.365 pts:4540.445 dur:20.000ms, clock:4483.530 level:100
2024-06-30 20:49:25.033 T:4428 debug : CVideoPlayer::ProcessVideoData size:4732 dts:4540.385 pts:4540.465 dur:20.000ms, clock:4483.530 level:100
2024-06-30 20:49:25.034 T:4428 debug : CVideoPlayer::ProcessVideoData size:4218 dts:4540.405 pts:4540.405 dur:20.000ms, clock:4483.530 level:100
2024-06-30 20:49:25.034 T:4428 debug : CVideoPlayer::ProcessVideoData size:3925 dts:4540.425 pts:4540.425 dur:20.000ms, clock:4483.531 level:100
2024-06-30 20:49:25.034 T:4428 debug : CVideoPlayer::ProcessVideoData size:3436 dts:4540.445 pts:4540.485 dur:20.000ms, clock:4483.531 level:100
2024-06-30 20:49:25.045 T:4430 debug : CVideoPlayerVideo::OutputPicture - ttd:218ms pts:4483.745 Clock:4483.526 Level:6
2024-06-30 20:49:25.064 T:4430 debug : CVideoPlayerVideo::OutputPicture - ttd:221ms pts:4483.765 Clock:4483.543 Level:6
2024-06-30 20:49:25.084 T:4430 debug : CVideoPlayerVideo::OutputPicture - ttd:223ms pts:4483.785 Clock:4483.562 Level:6
2024-06-30 20:49:25.104 T:4430 debug : CVideoPlayerVideo::OutputPicture - ttd:223ms pts:4483.805 Clock:4483.582 Level:6
2024-06-30 20:49:25.120 T:4428 debug : CVideoPlayer::ProcessVideoData size:3853 dts:4540.465 pts:4540.505 dur:20.000ms, clock:4483.617 level:100
2024-06-30 20:49:25.121 T:4428 debug : CVideoPlayer::ProcessVideoData size:61021 dts:4540.485 pts:4540.685 dur:40.000ms, clock:4483.618 level:100
2024-06-30 20:49:25.121 T:4428 debug : CVideoPlayer::ProcessVideoData size:13338 dts:4540.525 pts:4540.605 dur:40.000ms, clock:4483.618 level:100
2024-06-30 20:49:25.121 T:4428 debug : CVideoPlayer::ProcessVideoData size:7658 dts:4540.565 pts:4540.565 dur:40.000ms, clock:4483.618 level:100
2024-06-30 20:49:25.122 T:4428 debug : CVideoPlayer::ProcessVideoData size:5913 dts:4540.605 pts:4540.645 dur:40.000ms, clock:4483.619 level:100
2024-06-30 20:49:25.122 T:4428 debug : CVideoPlayer::ProcessVideoData size:39675 dts:4540.645 pts:4540.845 dur:40.000ms, clock:4483.619 level:100
2024-06-30 20:49:25.122 T:4428 debug : CVideoPlayer::ProcessVideoData size:10149 dts:4540.685 pts:4540.765 dur:40.000ms, clock:4483.619 level:100
2024-06-30 20:49:25.122 T:4428 debug : CVideoPlayer::ProcessVideoData size:4864 dts:4540.725 pts:4540.725 dur:40.000ms, clock:4483.619 level:100
2024-06-30 20:49:25.124 T:4430 debug : CVideoPlayerVideo::OutputPicture - ttd:222ms pts:4483.825 Clock:4483.602 Level:6
2024-06-30 20:49:25.125 T:4428 debug : CVideoPlayer::ProcessVideoData size:4830 dts:4540.765 pts:4540.805 dur:40.000ms, clock:4483.622 level:100
2024-06-30 20:49:25.125 T:4428 debug : CVideoPlayer::ProcessVideoData size:60211 dts:4540.805 pts:4541.005 dur:40.000ms, clock:4483.622 level:100
2024-06-30 20:49:25.144 T:4430 debug : CVideoPlayerVideo::OutputPicture - ttd:221ms pts:4483.845 Clock:4483.624 Level:6
2024-06-30 20:49:25.164 T:4430 debug : CVideoPlayerVideo::OutputPicture - ttd:222ms pts:4483.865 Clock:4483.642 Level:6
2024-06-30 20:49:25.184 T:4430 debug : CVideoPlayerVideo::OutputPicture - ttd:222ms pts:4483.885 Clock:4483.662 Level:6
2024-06-30 20:49:25.187 T:4428 debug : CVideoPlayer::ProcessVideoData size:6971 dts:4540.845 pts:4540.925 dur:40.000ms, clock:4483.684 level:100
2024-06-30 20:49:25.187 T:4428 debug : CVideoPlayer::ProcessVideoData size:4288 dts:4540.885 pts:4540.885 dur:40.000ms, clock:4483.684 level:100
2024-06-30 20:49:25.190 T:4428 debug : CVideoPlayer::ProcessVideoData size:3819 dts:4540.925 pts:4540.965 dur:40.000ms, clock:4483.687 level:100
2024-06-30 20:49:25.190 T:4428 debug : CVideoPlayer::ProcessVideoData size:55335 dts:4540.965 pts:4541.165 dur:40.000ms, clock:4483.687 level:100
2024-06-30 20:49:25.204 T:4430 debug : CVideoPlayerVideo::OutputPicture - ttd:220ms pts:4483.905 Clock:4483.685 Level:6
2024-06-30 20:49:25.223 T:4430 debug : CVideoPlayerVideo::OutputPicture - ttd:222ms pts:4483.925 Clock:4483.702 Level:6
2024-06-30 20:49:25.244 T:4430 debug : CVideoPlayerVideo::OutputPicture - ttd:223ms pts:4483.945 Clock:4483.722 Level:6
2024-06-30 20:49:25.264 T:4430 debug : CVideoPlayerVideo::OutputPicture - ttd:222ms pts:4483.965 Clock:4483.742 Level:6
2024-06-30 20:49:25.284 T:4430 debug : CVideoPlayerVideo::OutputPicture - ttd:223ms pts:4483.985 Clock:4483.762 Level:6
2024-06-30 20:49:25.304 T:4430 debug : CVideoPlayerVideo::OutputPicture - ttd:223ms pts:4484.005 Clock:4483.782 Level:6
2024-06-30 20:49:25.324 T:4430 debug : CVideoPlayerVideo::OutputPicture - ttd:222ms pts:4484.025 Clock:4483.802 Level:6
2024-06-30 20:49:25.344 T:4430 debug : CVideoPlayerVideo::OutputPicture - ttd:223ms pts:4484.045 Clock:4483.822 Level:6
2024-06-30 20:49:25.364 T:4430 debug : CVideoPlayerVideo::OutputPicture - ttd:222ms pts:4484.065 Clock:4483.842 Level:6
2024-06-30 20:49:25.384 T:4430 debug : CVideoPlayerVideo::OutputPicture - ttd:222ms pts:4484.085 Clock:4483.862 Level:6
2024-06-30 20:49:25.393 T:4428 debug : CVideoPlayer::ProcessVideoData size:9953 dts:4541.005 pts:4541.085 dur:40.000ms, clock:4483.890 level:100
2024-06-30 20:49:25.393 T:4428 debug : CVideoPlayer::ProcessVideoData size:4480 dts:4541.045 pts:4541.045 dur:40.000ms, clock:4483.890 level:100
2024-06-30 20:49:25.394 T:4428 debug : CVideoPlayer::ProcessVideoData size:5088 dts:4541.085 pts:4541.125 dur:40.000ms, clock:4483.891 level:100
2024-06-30 20:49:25.394 T:4428 debug : CVideoPlayer::ProcessVideoData size:58549 dts:4541.125 pts:4541.325 dur:40.000ms, clock:4483.891 level:100
2024-06-30 20:49:25.404 T:4430 debug : CVideoPlayerVideo::OutputPicture - ttd:222ms pts:4484.105 Clock:4483.882 Level:6
2024-06-30 20:49:25.424 T:4430 debug : CVideoPlayerVideo::OutputPicture - ttd:222ms pts:4484.125 Clock:4483.902 Level:6
2024-06-30 20:49:25.444 T:4430 debug : CVideoPlayerVideo::OutputPicture - ttd:223ms pts:4484.145 Clock:4483.922 Level:6
2024-06-30 20:49:25.464 T:4430 debug : CVideoPlayerVideo::OutputPicture - ttd:222ms pts:4484.165 Clock:4483.942 Level:6
2024-06-30 20:49:25.486 T:4430 debug : CVideoPlayerVideo::OutputPicture - ttd:222ms pts:4484.185 Clock:4483.962 Level:6
2024-06-30 20:49:25.505 T:4430 debug : CVideoPlayerVideo::OutputPicture - ttd:220ms pts:4484.205 Clock:4483.984 Level:6
2024-06-30 20:49:25.525 T:4430 debug : CVideoPlayerVideo::OutputPicture - ttd:221ms pts:4484.225 Clock:4484.004 Level:6
2024-06-30 20:49:25.544 T:4430 debug : CVideoPlayerVideo::OutputPicture - ttd:221ms pts:4484.245 Clock:4484.024 Level:6
2024-06-30 20:49:25.566 T:4430 debug : CVideoPlayerVideo::OutputPicture - ttd:222ms pts:4484.265 Clock:4484.042 Level:6
2024-06-30 20:49:25.586 T:4430 debug : CVideoPlayerVideo::OutputPicture - ttd:220ms pts:4484.285 Clock:4484.064 Level:6
2024-06-30 20:49:25.597 T:4428 debug : CVideoPlayer::ProcessVideoData size:8412 dts:4541.165 pts:4541.245 dur:40.000ms, clock:4484.094 level:100
2024-06-30 20:49:25.597 T:4428 debug : CVideoPlayer::ProcessVideoData size:4707 dts:4541.205 pts:4541.205 dur:40.000ms, clock:4484.094 level:100
2024-06-30 20:49:25.600 T:4428 debug : CVideoPlayer::ProcessVideoData size:4164 dts:4541.245 pts:4541.285 dur:40.000ms, clock:4484.097 level:100
2024-06-30 20:49:25.601 T:4428 debug : CVideoPlayer::ProcessVideoData size:61851 dts:4541.285 pts:4541.485 dur:40.000ms, clock:4484.098 level:100
2024-06-30 20:49:25.605 T:4430 debug : CVideoPlayerVideo::OutputPicture - ttd:218ms pts:4484.305 Clock:4484.086 Level:6
2024-06-30 20:49:25.625 T:4430 debug : CVideoPlayerVideo::OutputPicture - ttd:221ms pts:4484.325 Clock:4484.104 Level:6
2024-06-30 20:49:25.646 T:4430 debug : CVideoPlayerVideo::OutputPicture - ttd:221ms pts:4484.345 Clock:4484.124 Level:6
2024-06-30 20:49:25.665 T:4430 debug : CVideoPlayerVideo::OutputPicture - ttd:221ms pts:4484.365 Clock:4484.144 Level:6
2024-06-30 20:49:25.672 T:4428 debug : CVideoPlayer::ProcessVideoData size:9564 dts:4541.325 pts:4541.405 dur:40.000ms, clock:4484.169 level:100
2024-06-30 20:49:25.672 T:4428 debug : CVideoPlayer::ProcessVideoData size:5250 dts:4541.365 pts:4541.365 dur:40.000ms, clock:4484.169 level:100
2024-06-30 20:49:25.675 T:4428 debug : CVideoPlayer::ProcessVideoData size:3900 dts:4541.405 pts:4541.445 dur:40.000ms, clock:4484.172 level:100
2024-06-30 20:49:25.675 T:4428 debug : CVideoPlayer::ProcessVideoData size:71907 dts:4541.445 pts:4541.645 dur:40.000ms, clock:4484.172 level:100
2024-06-30 20:49:25.675 T:4428 debug : CVideoPlayer::ProcessVideoData size:10827 dts:4541.485 pts:4541.565 dur:40.000ms, clock:4484.172 level:100
2024-06-30 20:49:25.684 T:4430 debug : CVideoPlayerVideo::OutputPicture - ttd:219ms pts:4484.385 Clock:4484.166 Level:6
2024-06-30 20:49:25.704 T:4430 debug : CVideoPlayerVideo::OutputPicture - ttd:222ms pts:4484.405 Clock:4484.182 Level:6
2024-06-30 20:49:25.724 T:4430 debug : CVideoPlayerVideo::OutputPicture - ttd:222ms pts:4484.425 Clock:4484.202 Level:6
2024-06-30 20:49:25.744 T:4430 debug : CVideoPlayerVideo::OutputPicture - ttd:222ms pts:4484.445 Clock:4484.222 Level:6
2024-06-30 20:49:25.764 T:4430 debug : CVideoPlayerVideo::OutputPicture - ttd:223ms pts:4484.465 Clock:4484.242 Level:6
2024-06-30 20:49:25.784 T:4430 debug : CVideoPlayerVideo::OutputPicture - ttd:223ms pts:4484.485 Clock:4484.262 Level:6
2024-06-30 20:49:25.804 T:4430 debug : CVideoPlayerVideo::OutputPicture - ttd:223ms pts:4484.505 Clock:4484.282 Level:6
2024-06-30 20:49:25.824 T:4430 debug : CVideoPlayerVideo::OutputPicture - ttd:223ms pts:4484.525 Clock:4484.302 Level:6
2024-06-30 20:49:25.827 T:4428 debug : CVideoPlayer::ProcessVideoData size:6406 dts:4541.525 pts:4541.525 dur:40.000ms, clock:4484.324 level:100
2024-06-30 20:49:25.832 T:4428 debug : CVideoPlayer::ProcessVideoData size:5952 dts:4541.565 pts:4541.605 dur:40.000ms, clock:4484.329 level:100
2024-06-30 20:49:25.835 T:4428 debug : CVideoPlayer::ProcessVideoData size:245749 dts:4541.605 pts:4541.805 dur:40.000ms, clock:4484.332 level:100
2024-06-30 20:49:25.844 T:4430 debug : CVideoPlayerVideo::OutputPicture - ttd:220ms pts:4484.545 Clock:4484.325 Level:6
2024-06-30 20:49:25.865 T:4430 debug : CVideoPlayerVideo::OutputPicture - ttd:222ms pts:4484.565 Clock:4484.342 Level:6
2024-06-30 20:49:25.885 T:4430 debug : CVideoPlayerVideo::OutputPicture - ttd:220ms pts:4484.585 Clock:4484.364 Level:6
2024-06-30 20:49:25.898 T:3715 debug : LIRC: - NEW cf 0 KEY_PLAY devinput (KEY_PLAY)
2024-06-30 20:49:25.904 T:3709 debug : HandleKey: homepage (0xea) pressed, window 12005, action is PlayPause
2024-06-30 20:49:25.905 T:3709 debug : ------ Window Init (DialogSeekBar.xml) ------
2024-06-30 20:49:25.910 T:4430 debug : CVideoPlayerVideo::OutputPicture - ttd:221ms pts:4484.605 Clock:4484.384 Level:6
2024-06-30 20:49:25.910 T:4430 debug : CAMLCodec::SetSpeed, speed(0)
2024-06-30 20:49:25.916 T:4429 debug : CDVDAudio::Pause - pausing audio stream
2024-06-30 20:49:25.931 T:3782 debug : connect replacing configured host 192.168.1.89 with resolved host 192.168.1.89
2024-06-30 20:49:25.948 T:4430 info : Skipped 1 duplicate messages..
2024-06-30 20:49:25.948 T:4430 debug : CVideoPlayerVideo::OutputPicture - ttd:222ms pts:4484.625 Clock:4484.403 Level:6
