2021-04-09 20:59:59.710 T:4919 DEBUG : CVideoPlayerAudio::OutputPacket: pts:0.319 curr_pts:0.062 clock:0.300 level:2
2021-04-09 20:59:59.712 T:4919 DEBUG : CVideoPlayerAudio::OutputPacket: pts:0.362 curr_pts:0.037 clock:0.302 level:2
2021-04-09 20:59:59.713 T:4919 DEBUG : CVideoPlayerAudio::OutputPacket: pts:0.405 curr_pts:0.038 clock:0.302 level:1
2021-04-09 20:59:59.714 T:4919 DEBUG : CVideoPlayerAudio::OutputPacket: pts:0.447 curr_pts:0.039 clock:0.303 level:0
2021-04-09 20:59:59.715 T:4919 DEBUG : ffmpeg[0x535d2d0X]: [aac] Reserved SBR extensions is not implemented. Update your FFmpeg version to the newest one from Git. If the problem still occurs, it means that your file has a feature which has not been implemented.
2021-04-09 20:59:59.715 T:4919 DEBUG : ffmpeg[0x535d2d0X]: [aac] If you want to help, upload a sample of this file to https://streams.videolan.org/upload/ and contact the ffmpeg-devel mailing list. (ffmpeg-devel@ffmpeg.org)
2021-04-09 20:59:59.716 T:4919 DEBUG : CVideoPlayerAudio::OutputPacket: pts:0.490 curr_pts:0.035 clock:0.305 level:0
2021-04-09 20:59:59.751 T:4440 DEBUG : CVideoPlayer::ProcessAudioData size:242 dts:0.533 pts:0.533 dur:42.666ms, clock:0.340 drop:0 level:0
2021-04-09 20:59:59.751 T:4919 DEBUG : ffmpeg[0x535d2d0X]: [aac] Reserved SBR extensions is not implemented. Update your FFmpeg version to the newest one from Git. If the problem still occurs, it means that your file has a feature which has not been implemented.
2021-04-09 20:59:59.751 T:4919 DEBUG : ffmpeg[0x535d2d0X]: [aac] If you want to help, upload a sample of this file to https://streams.videolan.org/upload/ and contact the ffmpeg-devel mailing list. (ffmpeg-devel@ffmpeg.org)
2021-04-09 20:59:59.752 T:4919 DEBUG : CVideoPlayerAudio::OutputPacket: pts:0.533 curr_pts:0.036 clock:0.342 level:0
2021-04-09 20:59:59.790 T:4440 DEBUG : CVideoPlayer::HandleMessages - player started 1
2021-04-09 20:59:59.790 T:4306 DEBUG : OnAVChange: CApplication::OnAVChange
2021-04-09 20:59:59.790 T:4440 DEBUG : VideoPlayer::Sync - Audio - pts: 0.533, cache: 0.534, totalcache: 0.800, packets:8 level:0
2021-04-09 20:59:59.790 T:4440 DEBUG : VideoPlayer::Sync - Video - pts: 0.760, cache: 0.050, totalcache: 0.100, packets:17 level:3
2021-04-09 20:59:59.791 T:4919 DEBUG : CVideoPlayerAudio - CDVDMsg::GENERAL_RESYNC(-1.002 level: 0 cache:0.539
2021-04-09 20:59:59.791 T:4919 DEBUG : CDVDAudio::Resume - resume audio stream
2021-04-09 20:59:59.791 T:4921 DEBUG : CVideoPlayerVideo - CDVDMsg::GENERAL_RESYNC(-1001885.151813)
2021-04-09 20:59:59.791 T:4306 DEBUG : OnAVStarted: CApplication::OnAVStarted
2021-04-09 20:59:59.791 T:5088 DEBUG : ActiveAE - start sync of audio stream
2021-04-09 20:59:59.791 T:4921 DEBUG : CVideoPlayerVideo::OutputPicture - ttd:1760ms pts:0.760 Clock:-1.001 Level:0
2021-04-09 20:59:59.791 T:4440 DEBUG : CVideoPlayer::ProcessAudioData size:240 dts:0.575 pts:0.575 dur:42.666ms, clock:-1.002 drop:0 level:0
2021-04-09 20:59:59.792 T:4919 DEBUG : ffmpeg[0x535d2d0X]: [aac] Reserved SBR extensions is not implemented. Update your FFmpeg version to the newest one from Git. If the problem still occurs, it means that your file has a feature which has not been implemented.
2021-04-09 20:59:59.792 T:4919 DEBUG : ffmpeg[0x535d2d0X]: [aac] If you want to help, upload a sample of this file to https://streams.videolan.org/upload/ and contact the ffmpeg-devel mailing list. (ffmpeg-devel@ffmpeg.org)
2021-04-09 20:59:59.793 T:4921 DEBUG : CVideoPlayerVideo::OutputPicture - ttd:1779ms pts:0.780 Clock:-1.000 Level:1
2021-04-09 20:59:59.793 T:4919 DEBUG : CVideoPlayerAudio::OutputPacket: pts:0.575 curr_pts:0.041 clock:-0.999 level:0
2021-04-09 20:59:59.794 T:4921 DEBUG : CVideoPlayerVideo::OutputPicture - ttd:1797ms pts:0.800 Clock:-0.998 Level:2
2021-04-09 20:59:59.831 T:4440 DEBUG : CVideoPlayer::ProcessAudioData size:244 dts:0.618 pts:0.618 dur:42.666ms, clock:-0.962 drop:0 level:0
2021-04-09 20:59:59.831 T:4919 DEBUG : ffmpeg[0x535d2d0X]: [aac] Reserved SBR extensions is not implemented. Update your FFmpeg version to the newest one from Git. If the problem still occurs, it means that your file has a feature which has not been implemented.
2021-04-09 20:59:59.831 T:4919 DEBUG : ffmpeg[0x535d2d0X]: [aac] If you want to help, upload a sample of this file to https://streams.videolan.org/upload/ and contact the ffmpeg-devel mailing list. (ffmpeg-devel@ffmpeg.org)
2021-04-09 20:59:59.832 T:4919 DEBUG : CVideoPlayerAudio::OutputPacket: pts:0.618 curr_pts:0.039 clock:-0.960 level:0
2021-04-09 20:59:59.886 T:4440 DEBUG : CVideoPlayer::ProcessVideoData size:92288 dts:1.020 pts:1.220 dur:40.000ms, clock:-0.907 level:0
2021-04-09 20:59:59.886 T:4440 DEBUG : CVideoPlayer::ProcessAudioData size:268 dts:0.661 pts:0.661 dur:42.666ms, clock:-0.907 drop:0 level:0
2021-04-09 20:59:59.886 T:4440 DEBUG : CVideoPlayer::ProcessVideoData size:6843 dts:1.040 pts:1.140 dur:40.000ms, clock:-0.906 level:0
2021-04-09 20:59:59.886 T:4440 DEBUG : CVideoPlayer::ProcessVideoData size:4872 dts:1.060 pts:1.100 dur:40.000ms, clock:-0.906 level:1
2021-04-09 20:59:59.888 T:4919 ERROR : ffmpeg[0x535d2d0X]: [aac] icc_mode 7 is reserved.
2021-04-09 20:59:59.889 T:4919 DEBUG : CVideoPlayerAudio::OutputPacket: pts:0.661 curr_pts:0.072 clock:-0.904 level:0
2021-04-09 20:59:59.894 T:5088 DEBUG : ActiveAE::SyncStream - average error of 1034.590490, start adjusting
2021-04-09 20:59:59.894 T:5088 DEBUG : ActiveAE::SyncStream - delay frames:256 error 1030ms
2021-04-09 20:59:59.902 T:5088 DEBUG : ActiveAE::SyncStream - delay frames:256 error 1025ms
2021-04-09 20:59:59.903 T:5088 DEBUG : ActiveAE::SyncStream - delay frames:256 error 1020ms
2021-04-09 20:59:59.910 T:5088 DEBUG : ActiveAE::SyncStream - delay frames:256 error 1015ms
2021-04-09 20:59:59.918 T:5088 DEBUG : ActiveAE::SyncStream - delay frames:256 error 1010ms
2021-04-09 20:59:59.919 T:5088 DEBUG : ActiveAE::SyncStream - delay frames:256 error 1005ms
2021-04-09 20:59:59.924 T:4440 DEBUG : CVideoPlayer::ProcessVideoData size:2967 dts:1.080 pts:1.080 dur:40.000ms, clock:-0.869 level:0
2021-04-09 20:59:59.924 T:4440 DEBUG : CVideoPlayer::ProcessVideoData size:2051 dts:1.100 pts:1.120 dur:40.000ms, clock:-0.868 level:0
2021-04-09 20:59:59.924 T:4440 DEBUG : CVideoPlayer::ProcessAudioData size:251 dts:0.703 pts:0.703 dur:42.666ms, clock:-0.868 drop:0 level:0
2021-04-09 20:59:59.925 T:4440 DEBUG : CVideoPlayer::ProcessVideoData size:4239 dts:1.120 pts:1.180 dur:40.000ms, clock:-0.868 level:1
2021-04-09 20:59:59.925 T:4440 DEBUG : CVideoPlayer::ProcessVideoData size:2368 dts:1.140 pts:1.160 dur:40.000ms, clock:-0.867 level:1
2021-04-09 20:59:59.925 T:4919 DEBUG : CVideoPlayerAudio::OutputPacket: pts:0.703 curr_pts:0.129 clock:-0.867 level:0
2021-04-09 20:59:59.925 T:4440 DEBUG : CVideoPlayer::ProcessVideoData size:2113 dts:1.160 pts:1.200 dur:40.000ms, clock:-0.867 level:1
2021-04-09 20:59:59.926 T:4921 DEBUG : CVideoPlayerVideo::OutputPicture - ttd:1686ms pts:0.820 Clock:-0.867 Level:3
2021-04-09 20:59:59.926 T:5088 DEBUG : ActiveAE::SyncStream - delay frames:256 error 1000ms
2021-04-09 20:59:59.927 T:4921 DEBUG : CVideoPlayerVideo::OutputPicture - ttd:1705ms pts:0.840 Clock:-0.865 Level:4
2021-04-09 20:59:59.928 T:4921 DEBUG : CVideoPlayerVideo::OutputPicture - ttd:1723ms pts:0.860 Clock:-0.864 Level:5
2021-04-09 20:59:59.930 T:4921 DEBUG : CVideoPlayerVideo::OutputPicture - ttd:1742ms pts:0.880 Clock:-0.863 Level:6
2021-04-09 20:59:59.934 T:5088 DEBUG : ActiveAE::SyncStream - delay frames:256 error 995ms
2021-04-09 20:59:59.935 T:5088 DEBUG : ActiveAE::SyncStream - delay frames:256 error 990ms
2021-04-09 20:59:59.942 T:5088 DEBUG : ActiveAE::SyncStream - delay frames:256 error 985ms
2021-04-09 20:59:59.950 T:5088 DEBUG : ActiveAE::SyncStream - delay frames:256 error 980ms
2021-04-09 20:59:59.951 T:5088 DEBUG : ActiveAE::SyncStream - delay frames:256 error 975ms
2021-04-09 20:59:59.958 T:5088 DEBUG : ActiveAE::SyncStream - delay frames:256 error 970ms
2021-04-09 20:59:59.960 T:4440 DEBUG : CVideoPlayer::ProcessVideoData size:17214 dts:1.180 pts:1.380 dur:40.000ms, clock:-0.833 level:0
2021-04-09 20:59:59.960 T:4440 DEBUG : CVideoPlayer::ProcessAudioData size:245 dts:0.746 pts:0.746 dur:42.666ms, clock:-0.832 drop:0 level:0
2021-04-09 20:59:59.960 T:4919 ERROR : ffmpeg[0x535d2d0X]: [aac] illegal iid
2021-04-09 20:59:59.960 T:5152 WARNING : xbmc.translatePath is deprecated and might be removed in future kodi versions. Please use xbmcvfs.translatePath instead.
2021-04-09 20:59:59.961 T:4919 DEBUG : CVideoPlayerAudio::OutputPacket: pts:0.746 curr_pts:0.134 clock:-0.831 level:0
2021-04-09 20:59:59.966 T:5088 DEBUG : ActiveAE::SyncStream - delay frames:256 error 965ms
2021-04-09 20:59:59.967 T:5088 DEBUG : ActiveAE::SyncStream - delay frames:256 error 960ms
2021-04-09 20:59:59.974 T:5088 DEBUG : ActiveAE::SyncStream - delay frames:256 error 955ms
2021-04-09 20:59:59.982 T:5088 DEBUG : ActiveAE::SyncStream - delay frames:256 error 950ms
2021-04-09 20:59:59.983 T:5088 DEBUG : ActiveAE::SyncStream - delay frames:256 error 945ms
2021-04-09 20:59:59.990 T:5088 DEBUG : ActiveAE::SyncStream - delay frames:256 error 940ms
2021-04-09 20:59:59.998 T:5088 DEBUG : ActiveAE::SyncStream - delay frames:256 error 971ms
2021-04-09 20:59:59.999 T:5088 DEBUG : ActiveAE::SyncStream - delay frames:256 error 966ms
2021-04-09 21:00:00.000 T:4440 DEBUG : CVideoPlayer::ProcessVideoData size:5782 dts:1.200 pts:1.300 dur:40.000ms, clock:-0.792 level:0
2021-04-09 21:00:00.001 T:4440 DEBUG : CVideoPlayer::ProcessVideoData size:4435 dts:1.220 pts:1.260 dur:40.000ms, clock:-0.792 level:0
2021-04-09 21:00:00.001 T:4440 DEBUG : CVideoPlayer::ProcessVideoData size:2548 dts:1.240 pts:1.240 dur:40.000ms, clock:-0.792 level:1
2021-04-09 21:00:00.001 T:4440 DEBUG : CVideoPlayer::ProcessVideoData size:2348 dts:1.260 pts:1.280 dur:40.000ms, clock:-0.791 level:1
2021-04-09 21:00:00.001 T:4440 DEBUG : CVideoPlayer::ProcessAudioData size:248 dts:0.789 pts:0.789 dur:42.666ms, clock:-0.791 drop:0 level:0
2021-04-09 21:00:00.002 T:4440 DEBUG : CVideoPlayer::ProcessVideoData size:4291 dts:1.280 pts:1.340 dur:40.000ms, clock:-0.791 level:1
2021-04-09 21:00:00.002 T:4919 DEBUG : ffmpeg[0x535d2d0X]: [aac] Reserved SBR extensions is not implemented. Update your FFmpeg version to the newest one from Git. If the problem still occurs, it means that your file has a feature which has not been implemented.
2021-04-09 21:00:00.002 T:4919 DEBUG : ffmpeg[0x535d2d0X]: [aac] If you want to help, upload a sample of this file to https://streams.videolan.org/upload/ and contact the ffmpeg-devel mailing list. (ffmpeg-devel@ffmpeg.org)
2021-04-09 21:00:00.003 T:4919 DEBUG : CVideoPlayerAudio::OutputPacket: pts:0.789 curr_pts:0.133 clock:-0.790 level:0
2021-04-09 21:00:00.006 T:5088 DEBUG : ActiveAE::SyncStream - delay frames:256 error 961ms
2021-04-09 21:00:00.014 T:5088 DEBUG : ActiveAE::SyncStream - delay frames:256 error 956ms
2021-04-09 21:00:00.015 T:5088 DEBUG : ActiveAE::SyncStream - delay frames:256 error 951ms
2021-04-09 21:00:00.022 T:5088 DEBUG : ActiveAE::SyncStream - delay frames:256 error 946ms
2021-04-09 21:00:00.030 T:5088 DEBUG : ActiveAE::SyncStream - delay frames:256 error 941ms
2021-04-09 21:00:00.031 T:5088 DEBUG : ActiveAE::SyncStream - delay frames:256 error 936ms
2021-04-09 21:00:00.037 T:4440 DEBUG : CVideoPlayer::ProcessVideoData size:2334 dts:1.300 pts:1.320 dur:40.000ms, clock:-0.755 level:0
2021-04-09 21:00:00.038 T:4440 DEBUG : CVideoPlayer::ProcessAudioData size:252 dts:0.831 pts:0.831 dur:42.666ms, clock:-0.755 drop:0 level:0
2021-04-09 21:00:00.038 T:4440 DEBUG : CVideoPlayer::ProcessVideoData size:2055 dts:1.320 pts:1.360 dur:40.000ms, clock:-0.754 level:0
2021-04-09 21:00:00.038 T:5088 DEBUG : ActiveAE::SyncStream - delay frames:256 error 931ms
2021-04-09 21:00:00.039 T:4919 DEBUG : ffmpeg[0x535d2d0X]: [aac] Reserved SBR extensions is not implemented. Update your FFmpeg version to the newest one from Git. If the problem still occurs, it means that your file has a feature which has not been implemented.
2021-04-09 21:00:00.039 T:4919 DEBUG : ffmpeg[0x535d2d0X]: [aac] If you want to help, upload a sample of this file to https://streams.videolan.org/upload/ and contact the ffmpeg-devel mailing list. (ffmpeg-devel@ffmpeg.org)
2021-04-09 21:00:00.040 T:4919 DEBUG : CVideoPlayerAudio::OutputPacket: pts:0.831 curr_pts:0.131 clock:-0.753 level:0
2021-04-09 21:00:00.046 T:5088 DEBUG : ActiveAE::SyncStream - delay frames:256 error 926ms
2021-04-09 21:00:00.047 T:5088 DEBUG : ActiveAE::SyncStream - delay frames:256 error 921ms
2021-04-09 21:00:00.054 T:5088 DEBUG : ActiveAE::SyncStream - delay frames:256 error 916ms
2021-04-09 21:00:00.062 T:5088 DEBUG : ActiveAE::SyncStream - delay frames:256 error 911ms
2021-04-09 21:00:00.062 T:5088 DEBUG : ActiveAE::SyncStream - delay frames:256 error 906ms
2021-04-09 21:00:00.070 T:5088 DEBUG : ActiveAE::SyncStream - delay frames:256 error 901ms
2021-04-09 21:00:00.078 T:5088 DEBUG : ActiveAE::SyncStream - delay frames:256 error 896ms
2021-04-09 21:00:00.079 T:5088 DEBUG : ActiveAE::SyncStream - delay frames:256 error 891ms
2021-04-09 21:00:00.084 T:4440 DEBUG : CVideoPlayer::ProcessVideoData size:16637 dts:1.340 pts:1.540 dur:40.000ms, clock:-0.708 level:0
2021-04-09 21:00:00.085 T:4440 DEBUG : CVideoPlayer::ProcessVideoData size:5136 dts:1.360 pts:1.460 dur:40.000ms, clock:-0.708 level:0
2021-04-09 21:00:00.085 T:4440 DEBUG : CVideoPlayer::ProcessVideoData size:4091 dts:1.380 pts:1.420 dur:40.000ms, clock:-0.708 level:0
2021-04-09 21:00:00.085 T:4440 DEBUG : CVideoPlayer::ProcessVideoData size:2161 dts:1.400 pts:1.400 dur:40.000ms, clock:-0.707 level:1
2021-04-09 21:00:00.085 T:4440 DEBUG : CVideoPlayer::ProcessAudioData size:254 dts:0.874 pts:0.874 dur:42.666ms, clock:-0.707 drop:0 level:0
2021-04-09 21:00:00.086 T:5088 DEBUG : ActiveAE::SyncStream - delay frames:256 error 886ms
2021-04-09 21:00:00.086 T:4919 DEBUG : CVideoPlayerAudio::OutputPacket: pts:0.874 curr_pts:0.131 clock:-0.706 level:0
2021-04-09 21:00:00.094 T:5088 DEBUG : ActiveAE::SyncStream - delay frames:256 error 881ms
2021-04-09 21:00:00.095 T:5088 DEBUG : ActiveAE::SyncStream - delay frames:256 error 876ms
2021-04-09 21:00:00.102 T:5088 DEBUG : ActiveAE::SyncStream - delay frames:256 error 867ms
2021-04-09 21:00:00.110 T:5088 DEBUG : ActiveAE::SyncStream - delay frames:256 error 862ms
2021-04-09 21:00:00.111 T:5088 DEBUG : ActiveAE::SyncStream - delay frames:256 error 857ms
2021-04-09 21:00:00.118 T:5088 DEBUG : ActiveAE::SyncStream - delay frames:256 error 852ms
2021-04-09 21:00:00.120 T:4440 DEBUG : CVideoPlayer::ProcessVideoData size:1848 dts:1.420 pts:1.440 dur:40.000ms, clock:-0.672 level:0
2021-04-09 21:00:00.121 T:4440 DEBUG : CVideoPlayer::ProcessVideoData size:3878 dts:1.440 pts:1.500 dur:40.000ms, clock:-0.672 level:0
2021-04-09 21:00:00.121 T:4440 DEBUG : CVideoPlayer::ProcessVideoData size:2066 dts:1.460 pts:1.480 dur:40.000ms, clock:-0.672 level:0
2021-04-09 21:00:00.121 T:4440 DEBUG : CVideoPlayer::ProcessVideoData size:1921 dts:1.480 pts:1.520 dur:40.000ms, clock:-0.671 level:1
2021-04-09 21:00:00.121 T:4440 DEBUG : CVideoPlayer::ProcessAudioData size:269 dts:0.917 pts:0.917 dur:42.666ms, clock:-0.671 drop:0 level:0
2021-04-09 21:00:00.122 T:4919 DEBUG : CVideoPlayerAudio::OutputPacket: pts:0.917 curr_pts:0.129 clock:-0.670 level:0
2021-04-09 21:00:00.126 T:5088 DEBUG : ActiveAE::SyncStream - delay frames:256 error 847ms
2021-04-09 21:00:00.127 T:5088 DEBUG : ActiveAE::SyncStream - delay frames:256 error 842ms
2021-04-09 21:00:00.134 T:5088 DEBUG : ActiveAE::SyncStream - delay frames:256 error 837ms
2021-04-09 21:00:00.142 T:5088 DEBUG : ActiveAE::SyncStream - delay frames:256 error 832ms
2021-04-09 21:00:00.143 T:5088 DEBUG : ActiveAE::SyncStream - delay frames:256 error 827ms
2021-04-09 21:00:00.150 T:5088 DEBUG : ActiveAE::SyncStream - delay frames:256 error 822ms
2021-04-09 21:00:00.158 T:5088 DEBUG : ActiveAE::SyncStream - delay frames:256 error 817ms
2021-04-09 21:00:00.158 T:5088 DEBUG : ActiveAE::SyncStream - delay frames:256 error 812ms
2021-04-09 21:00:00.166 T:5088 DEBUG : ActiveAE::SyncStream - delay frames:256 error 807ms
2021-04-09 21:00:00.174 T:5088 DEBUG : ActiveAE::SyncStream - delay frames:256 error 802ms
2021-04-09 21:00:00.174 T:5088 DEBUG : ActiveAE::SyncStream - delay frames:256 error 797ms
2021-04-09 21:00:00.182 T:5088 DEBUG : ActiveAE::SyncStream - delay frames:256 error 792ms
2021-04-09 21:00:00.190 T:5088 DEBUG : ActiveAE::SyncStream - delay frames:256 error 787ms
2021-04-09 21:00:00.191 T:5088 DEBUG : ActiveAE::SyncStream - delay frames:256 error 782ms
2021-04-09 21:00:00.198 T:5088 DEBUG : ActiveAE::SyncStream - delay frames:256 error 777ms
2021-04-09 21:00:00.206 T:5088 DEBUG : ActiveAE::SyncStream - delay frames:256 error 763ms
2021-04-09 21:00:00.207 T:5088 DEBUG : ActiveAE::SyncStream - delay frames:256 error 758ms
2021-04-09 21:00:00.214 T:5088 DEBUG : ActiveAE::SyncStream - delay frames:256 error 753ms
2021-04-09 21:00:00.219 T:4440 DEBUG : CVideoPlayer::ProcessAudioData size:245 dts:0.959 pts:0.959 dur:42.666ms, clock:-0.574 drop:0 level:0
2021-04-09 21:00:00.220 T:4440 DEBUG : CVideoPlayer::ProcessAudioData size:244 dts:1.002 pts:1.002 dur:42.666ms, clock:-0.572 drop:0 level:0
2021-04-09 21:00:00.220 T:4919 DEBUG : CVideoPlayerAudio::OutputPacket: pts:0.959 curr_pts:0.133 clock:-0.572 level:0
2021-04-09 21:00:00.222 T:5088 DEBUG : ActiveAE::SyncStream - delay frames:256 error 748ms
2021-04-09 21:00:00.223 T:5088 DEBUG : ActiveAE::SyncStream - delay frames:256 error 743ms
2021-04-09 21:00:00.223 T:4919 DEBUG : CVideoPlayerAudio::OutputPacket: pts:1.002 curr_pts:0.137 clock:-0.570 level:0
2021-04-09 21:00:00.230 T:5088 DEBUG : ActiveAE::SyncStream - delay frames:256 error 738ms
2021-04-09 21:00:00.238 T:5088 DEBUG : ActiveAE::SyncStream - delay frames:256 error 733ms
2021-04-09 21:00:00.239 T:5088 DEBUG : ActiveAE::SyncStream - delay frames:256 error 728ms
2021-04-09 21:00:00.246 T:5088 DEBUG : ActiveAE::SyncStream - delay frames:256 error 723ms
2021-04-09 21:00:00.249 T:4440 DEBUG : CVideoPlayer::ProcessAudioData size:252 dts:1.045 pts:1.045 dur:42.666ms, clock:-0.543 drop:0 level:0
2021-04-09 21:00:00.251 T:4919 DEBUG : CVideoPlayerAudio::OutputPacket: pts:1.045 curr_pts:0.128 clock:-0.541 level:0
2021-04-09 21:00:00.255 T:5088 DEBUG : ActiveAE::SyncStream - delay frames:256 error 718ms
2021-04-09 21:00:00.255 T:5088 DEBUG : ActiveAE::SyncStream - delay frames:256 error 713ms
2021-04-09 21:00:00.262 T:5088 DEBUG : ActiveAE::SyncStream - delay frames:256 error 708ms
2021-04-09 21:00:00.270 T:5088 DEBUG : ActiveAE::SyncStream - delay frames:256 error 703ms
2021-04-09 21:00:00.271 T:5088 DEBUG : ActiveAE::SyncStream - delay frames:256 error 698ms
2021-04-09 21:00:00.278 T:5088 DEBUG : ActiveAE::SyncStream - delay frames:256 error 693ms
2021-04-09 21:00:00.287 T:4440 DEBUG : CVideoPlayer::ProcessAudioData size:254 dts:1.087 pts:1.087 dur:42.666ms, clock:-0.505 drop:0 level:0
2021-04-09 21:00:00.289 T:4919 DEBUG : CVideoPlayerAudio::OutputPacket: pts:1.087 curr_pts:0.135 clock:-0.503 level:0
2021-04-09 21:00:00.289 T:5088 DEBUG : ActiveAE::SyncStream - delay frames:256 error 688ms
2021-04-09 21:00:00.290 T:5088 DEBUG : ActiveAE::SyncStream - delay frames:256 error 683ms
2021-04-09 21:00:00.296 T:5088 DEBUG : ActiveAE::SyncStream - delay frames:256 error 678ms
2021-04-09 21:00:00.296 T:5088 DEBUG : ActiveAE::SyncStream - delay frames:256 error 673ms
2021-04-09 21:00:00.306 T:5088 DEBUG : ActiveAE::SyncStream - delay frames:256 error 662ms
2021-04-09 21:00:00.310 T:5088 DEBUG : ActiveAE::SyncStream - delay frames:256 error 657ms
2021-04-09 21:00:00.319 T:5088 DEBUG : ActiveAE::SyncStream - delay frames:256 error 652ms
2021-04-09 21:00:00.319 T:5088 DEBUG : ActiveAE::SyncStream - delay frames:256 error 647ms
2021-04-09 21:00:00.327 T:4440 DEBUG : CVideoPlayer::ProcessVideoData size:94165 dts:1.500 pts:1.700 dur:40.000ms, clock:-0.466 level:0
2021-04-09 21:00:00.327 T:4440 DEBUG : CVideoPlayer::ProcessVideoData size:5970 dts:1.520 pts:1.620 dur:40.000ms, clock:-0.466 level:0
2021-04-09 21:00:00.327 T:4440 DEBUG : CVideoPlayer::ProcessVideoData size:4547 dts:1.540 pts:1.580 dur:40.000ms, clock:-0.465 level:1
2021-04-09 21:00:00.327 T:4440 DEBUG : CVideoPlayer::ProcessVideoData size:2877 dts:1.560 pts:1.560 dur:40.000ms, clock:-0.465 level:1
2021-04-09 21:00:00.327 T:4440 DEBUG : CVideoPlayer::ProcessVideoData size:2166 dts:1.580 pts:1.600 dur:40.000ms, clock:-0.465 level:1
2021-04-09 21:00:00.327 T:4440 DEBUG : CVideoPlayer::ProcessAudioData size:252 dts:1.130 pts:1.130 dur:42.666ms, clock:-0.465 drop:0 level:0
2021-04-09 21:00:00.328 T:5088 DEBUG : ActiveAE::SyncStream - delay frames:256 error 642ms
2021-04-09 21:00:00.329 T:4919 DEBUG : CVideoPlayerAudio::OutputPacket: pts:1.130 curr_pts:0.140 clock:-0.464 level:0
2021-04-09 21:00:00.329 T:5088 DEBUG : ActiveAE::SyncStream - delay frames:256 error 637ms
2021-04-09 21:00:00.334 T:5088 DEBUG : ActiveAE::SyncStream - delay frames:256 error 632ms
2021-04-09 21:00:00.342 T:5088 DEBUG : ActiveAE::SyncStream - delay frames:256 error 627ms
2021-04-09 21:00:00.351 T:5088 DEBUG : ActiveAE::SyncStream - delay frames:256 error 622ms
2021-04-09 21:00:00.352 T:5088 DEBUG : ActiveAE::SyncStream - delay frames:256 error 617ms
2021-04-09 21:00:00.358 T:5088 DEBUG : ActiveAE::SyncStream - delay frames:256 error 612ms
2021-04-09 21:00:00.364 T:4440 DEBUG : CVideoPlayer::ProcessVideoData size:4465 dts:1.600 pts:1.660 dur:40.000ms, clock:-0.429 level:0
2021-04-09 21:00:00.364 T:4440 DEBUG : CVideoPlayer::ProcessVideoData size:2536 dts:1.620 pts:1.640 dur:40.000ms, clock:-0.429 level:0
2021-04-09 21:00:00.364 T:4440 DEBUG : CVideoPlayer::ProcessVideoData size:2403 dts:1.640 pts:1.680 dur:40.000ms, clock:-0.428 level:1
2021-04-09 21:00:00.364 T:4440 DEBUG : CVideoPlayer::ProcessAudioData size:253 dts:1.173 pts:1.173 dur:42.666ms, clock:-0.428 drop:0 level:0
2021-04-09 21:00:00.366 T:4919 DEBUG : CVideoPlayerAudio::OutputPacket: pts:1.173 curr_pts:0.132 clock:-0.427 level:0
2021-04-09 21:00:00.366 T:5088 DEBUG : ActiveAE::SyncStream - delay frames:256 error 607ms
2021-04-09 21:00:00.367 T:5088 DEBUG : ActiveAE::SyncStream - delay frames:256 error 602ms
2021-04-09 21:00:00.378 T:5088 DEBUG : ActiveAE::SyncStream - delay frames:256 error 597ms
2021-04-09 21:00:00.379 T:5088 DEBUG : ActiveAE::SyncStream - delay frames:256 error 592ms
2021-04-09 21:00:00.386 T:5088 DEBUG : ActiveAE::SyncStream - delay frames:256 error 587ms
2021-04-09 21:00:00.387 T:5088 DEBUG : ActiveAE::SyncStream - delay frames:256 error 582ms
2021-04-09 21:00:00.394 T:4440 DEBUG : CVideoPlayer::ProcessVideoData size:20873 dts:1.660 pts:1.860 dur:40.000ms, clock:-0.399 level:0
2021-04-09 21:00:00.395 T:5088 DEBUG : ActiveAE::SyncStream - delay frames:256 error 577ms
2021-04-09 21:00:00.402 T:5088 DEBUG : ActiveAE::SyncStream - delay frames:256 error 572ms
2021-04-09 21:00:00.403 T:5088 DEBUG : ActiveAE::SyncStream - delay frames:256 error 567ms
2021-04-09 21:00:00.410 T:5088 DEBUG : ActiveAE::SyncStream - delay frames:256 error 558ms
2021-04-09 21:00:00.422 T:5088 DEBUG : ActiveAE::SyncStream - delay frames:256 error 553ms
2021-04-09 21:00:00.423 T:5088 DEBUG : ActiveAE::SyncStream - delay frames:256 error 548ms
2021-04-09 21:00:00.430 T:5088 DEBUG : ActiveAE::SyncStream - delay frames:256 error 543ms
2021-04-09 21:00:00.431 T:5088 DEBUG : ActiveAE::SyncStream - delay frames:256 error 538ms
2021-04-09 21:00:00.434 T:4440 DEBUG : CVideoPlayer::ProcessVideoData size:6184 dts:1.680 pts:1.780 dur:40.000ms, clock:-0.359 level:0
2021-04-09 21:00:00.436 T:4440 DEBUG : CVideoPlayer::ProcessVideoData size:4643 dts:1.700 pts:1.740 dur:40.000ms, clock:-0.357 level:0
2021-04-09 21:00:00.436 T:4440 DEBUG : CVideoPlayer::ProcessVideoData size:3347 dts:1.720 pts:1.720 dur:40.000ms, clock:-0.356 level:0
2021-04-09 21:00:00.436 T:4440 DEBUG : CVideoPlayer::ProcessAudioData size:254 dts:1.215 pts:1.215 dur:42.666ms, clock:-0.356 drop:0 level:0
2021-04-09 21:00:00.436 T:4440 DEBUG : CVideoPlayer::ProcessVideoData size:2464 dts:1.740 pts:1.760 dur:40.000ms, clock:-0.356 level:1
2021-04-09 21:00:00.437 T:4919 DEBUG : CVideoPlayerAudio::OutputPacket: pts:1.215 curr_pts:0.137 clock:-0.355 level:0
2021-04-09 21:00:00.438 T:5088 DEBUG : ActiveAE::SyncStream - delay frames:256 error 533ms
2021-04-09 21:00:00.447 T:5088 DEBUG : ActiveAE::SyncStream - delay frames:256 error 528ms
2021-04-09 21:00:00.448 T:5088 DEBUG : ActiveAE::SyncStream - delay frames:256 error 523ms
2021-04-09 21:00:00.454 T:5088 DEBUG : ActiveAE::SyncStream - delay frames:256 error 518ms
2021-04-09 21:00:00.462 T:5088 DEBUG : ActiveAE::SyncStream - delay frames:256 error 513ms
2021-04-09 21:00:00.463 T:5088 DEBUG : ActiveAE::SyncStream - delay frames:256 error 508ms
2021-04-09 21:00:00.465 T:4440 DEBUG : CVideoPlayer::ProcessVideoData size:4279 dts:1.760 pts:1.820 dur:40.000ms, clock:-0.328 level:0
2021-04-09 21:00:00.465 T:4440 DEBUG : CVideoPlayer::ProcessAudioData size:252 dts:1.258 pts:1.258 dur:42.666ms, clock:-0.327 drop:0 level:0
2021-04-09 21:00:00.466 T:4440 DEBUG : CVideoPlayer::ProcessVideoData size:2647 dts:1.780 pts:1.800 dur:40.000ms, clock:-0.326 level:0
2021-04-09 21:00:00.467 T:4440 DEBUG : CVideoPlayer::ProcessVideoData size:2926 dts:1.800 pts:1.840 dur:40.000ms, clock:-0.326 level:0
2021-04-09 21:00:00.467 T:4919 DEBUG : CVideoPlayerAudio::OutputPacket: pts:1.258 curr_pts:0.134 clock:-0.325 level:0
2021-04-09 21:00:00.470 T:5088 DEBUG : ActiveAE::SyncStream - delay frames:256 error 503ms
2021-04-09 21:00:00.482 T:5088 DEBUG : ActiveAE::SyncStream - delay frames:256 error 498ms
2021-04-09 21:00:00.483 T:5088 DEBUG : ActiveAE::SyncStream - delay frames:256 error 493ms
2021-04-09 21:00:00.484 T:5088 DEBUG : ActiveAE::SyncStream - delay frames:256 error 488ms
2021-04-09 21:00:00.494 T:5088 DEBUG : ActiveAE::SyncStream - delay frames:256 error 483ms
2021-04-09 21:00:00.495 T:5088 DEBUG : ActiveAE::SyncStream - delay frames:256 error 478ms
2021-04-09 21:00:00.505 T:5088 DEBUG : ActiveAE::SyncStream - delay frames:256 error 473ms
2021-04-09 21:00:00.505 T:4440 DEBUG : CVideoPlayer::ProcessVideoData size:20894 dts:1.820 pts:2.020 dur:40.000ms, clock:-0.288 level:0
2021-04-09 21:00:00.510 T:5088 DEBUG : ActiveAE::SyncStream - delay frames:256 error 457ms
2021-04-09 21:00:00.511 T:5088 DEBUG : ActiveAE::SyncStream - delay frames:256 error 452ms
2021-04-09 21:00:00.522 T:5088 DEBUG : ActiveAE::SyncStream - delay frames:256 error 447ms
2021-04-09 21:00:00.523 T:5088 DEBUG : ActiveAE::SyncStream - delay frames:256 error 442ms
2021-04-09 21:00:00.531 T:5088 DEBUG : ActiveAE::SyncStream - delay frames:256 error 437ms
2021-04-09 21:00:00.531 T:5088 DEBUG : ActiveAE::SyncStream - delay frames:256 error 432ms
2021-04-09 21:00:00.536 T:4440 DEBUG : CVideoPlayer::ProcessVideoData size:5596 dts:1.840 pts:1.940 dur:40.000ms, clock:-0.256 level:0
2021-04-09 21:00:00.536 T:4440 DEBUG : CVideoPlayer::ProcessAudioData size:253 dts:1.301 pts:1.301 dur:42.666ms, clock:-0.256 drop:0 level:0
2021-04-09 21:00:00.537 T:4440 DEBUG : CVideoPlayer::ProcessVideoData size:4045 dts:1.860 pts:1.900 dur:40.000ms, clock:-0.256 level:0
2021-04-09 21:00:00.537 T:4440 DEBUG : CVideoPlayer::ProcessVideoData size:2949 dts:1.880 pts:1.880 dur:40.000ms, clock:-0.255 level:0
2021-04-09 21:00:00.537 T:4440 DEBUG : CVideoPlayer::ProcessVideoData size:2529 dts:1.900 pts:1.920 dur:40.000ms, clock:-0.255 level:1
2021-04-09 21:00:00.537 T:4440 DEBUG : CVideoPlayer::ProcessVideoData size:4253 dts:1.920 pts:1.980 dur:40.000ms, clock:-0.255 level:1
2021-04-09 21:00:00.538 T:4919 DEBUG : CVideoPlayerAudio::OutputPacket: pts:1.301 curr_pts:0.132 clock:-0.255 level:0
2021-04-09 21:00:00.538 T:4440 DEBUG : CVideoPlayer::ProcessAudioData size:254 dts:1.343 pts:1.343 dur:42.666ms, clock:-0.255 drop:0 level:0
2021-04-09 21:00:00.539 T:4919 DEBUG : CVideoPlayerAudio::OutputPacket: pts:1.343 curr_pts:0.133 clock:-0.254 level:0
2021-04-09 21:00:00.539 T:5088 DEBUG : ActiveAE::SyncStream - delay frames:256 error 427ms
2021-04-09 21:00:00.550 T:5088 DEBUG : ActiveAE::SyncStream - delay frames:256 error 422ms
2021-04-09 21:00:00.553 T:5088 DEBUG : ActiveAE::SyncStream - delay frames:256 error 417ms
2021-04-09 21:00:00.558 T:5088 DEBUG : ActiveAE::SyncStream - delay frames:256 error 412ms
2021-04-09 21:00:00.559 T:5088 DEBUG : ActiveAE::SyncStream - delay frames:256 error 407ms
2021-04-09 21:00:00.568 T:5088 DEBUG : ActiveAE::SyncStream - delay frames:256 error 402ms
2021-04-09 21:00:00.571 T:4440 DEBUG : CVideoPlayer::ProcessVideoData size:2931 dts:1.940 pts:1.960 dur:40.000ms, clock:-0.222 level:0
2021-04-09 21:00:00.571 T:4440 DEBUG : CVideoPlayer::ProcessVideoData size:3083 dts:1.960 pts:2.000 dur:40.000ms, clock:-0.221 level:1
2021-04-09 21:00:00.574 T:5088 DEBUG : ActiveAE::SyncStream - delay frames:256 error 397ms
2021-04-09 21:00:00.575 T:5088 DEBUG : ActiveAE::SyncStream - delay frames:256 error 392ms
2021-04-09 21:00:00.584 T:5088 DEBUG : ActiveAE::SyncStream - delay frames:256 error 387ms
2021-04-09 21:00:00.590 T:5088 DEBUG : ActiveAE::SyncStream - delay frames:256 error 382ms
2021-04-09 21:00:00.591 T:5088 DEBUG : ActiveAE::SyncStream - delay frames:256 error 377ms
2021-04-09 21:00:00.598 T:5088 DEBUG : ActiveAE::SyncStream - delay frames:256 error 372ms
2021-04-09 21:00:00.606 T:5088 DEBUG : ActiveAE::SyncStream - delay frames:256 error 367ms
2021-04-09 21:00:00.607 T:5088 DEBUG : ActiveAE::SyncStream - delay frames:256 error 362ms
2021-04-09 21:00:00.609 T:4440 DEBUG : CVideoPlayer::ProcessAudioData size:252 dts:1.386 pts:1.386 dur:42.666ms, clock:-0.183 drop:0 level:0
2021-04-09 21:00:00.615 T:5088 DEBUG : ActiveAE::SyncStream - delay frames:256 error 355ms
2021-04-09 21:00:00.623 T:5088 DEBUG : ActiveAE::SyncStream - delay frames:256 error 350ms
2021-04-09 21:00:00.623 T:5088 DEBUG : ActiveAE::SyncStream - delay frames:256 error 345ms
2021-04-09 21:00:00.630 T:5088 DEBUG : ActiveAE::SyncStream - delay frames:256 error 340ms
2021-04-09 21:00:00.638 T:5088 DEBUG : ActiveAE::SyncStream - delay frames:256 error 335ms
2021-04-09 21:00:00.639 T:5088 DEBUG : ActiveAE::SyncStream - delay frames:256 error 330ms
2021-04-09 21:00:00.641 T:4440 DEBUG : CVideoPlayer::ProcessAudioData size:268 dts:1.429 pts:1.429 dur:42.666ms, clock:-0.152 drop:0 level:0
2021-04-09 21:00:00.646 T:5088 DEBUG : ActiveAE::SyncStream - delay frames:256 error 325ms
2021-04-09 21:00:00.655 T:5088 DEBUG : ActiveAE::SyncStream - delay frames:256 error 320ms
2021-04-09 21:00:00.657 T:5088 DEBUG : ActiveAE::SyncStream - delay frames:256 error 315ms
2021-04-09 21:00:00.662 T:5088 DEBUG : ActiveAE::SyncStream - delay frames:256 error 310ms
2021-04-09 21:00:00.670 T:5088 DEBUG : ActiveAE::SyncStream - delay frames:256 error 305ms
2021-04-09 21:00:00.671 T:5088 DEBUG : ActiveAE::SyncStream - delay frames:256 error 300ms
2021-04-09 21:00:00.672 T:4440 DEBUG : CVideoPlayer::ProcessAudioData size:262 dts:1.471 pts:1.471 dur:42.666ms, clock:-0.120 drop:0 level:1
2021-04-09 21:00:00.678 T:5088 DEBUG : ActiveAE::SyncStream - delay frames:256 error 295ms
2021-04-09 21:00:00.686 T:5088 DEBUG : ActiveAE::SyncStream - delay frames:256 error 290ms
2021-04-09 21:00:00.687 T:5088 DEBUG : ActiveAE::SyncStream - delay frames:256 error 285ms
2021-04-09 21:00:00.694 T:5088 DEBUG : ActiveAE::SyncStream - delay frames:256 error 280ms
2021-04-09 21:00:00.702 T:5088 DEBUG : ActiveAE::SyncStream - delay frames:256 error 275ms
2021-04-09 21:00:00.703 T:5088 DEBUG : ActiveAE::SyncStream - delay frames:256 error 270ms
2021-04-09 21:00:00.715 T:5088 DEBUG : ActiveAE::SyncStream - delay frames:256 error 254ms
2021-04-09 21:00:00.715 T:5088 DEBUG : ActiveAE::SyncStream - delay frames:256 error 249ms
2021-04-09 21:00:00.722 T:5088 DEBUG : ActiveAE::SyncStream - delay frames:256 error 244ms
2021-04-09 21:00:00.722 T:5088 DEBUG : ActiveAE::SyncStream - delay frames:256 error 239ms
2021-04-09 21:00:00.730 T:5088 DEBUG : ActiveAE::SyncStream - delay frames:256 error 234ms
2021-04-09 21:00:00.738 T:5088 DEBUG : ActiveAE::SyncStream - delay frames:256 error 229ms
2021-04-09 21:00:00.739 T:5088 DEBUG : ActiveAE::SyncStream - delay frames:256 error 224ms
2021-04-09 21:00:00.746 T:4440 DEBUG : CVideoPlayer::ProcessAudioData size:248 dts:1.514 pts:1.514 dur:42.666ms, clock:-0.046 drop:0 level:2
2021-04-09 21:00:00.747 T:4440 DEBUG : CVideoPlayer::ProcessAudioData size:236 dts:1.557 pts:1.557 dur:42.666ms, clock:-0.046 drop:0 level:2
2021-04-09 21:00:00.750 T:5088 DEBUG : ActiveAE::SyncStream - delay frames:256 error 219ms
2021-04-09 21:00:00.751 T:5088 DEBUG : ActiveAE::SyncStream - delay frames:256 error 214ms
2021-04-09 21:00:00.758 T:5088 DEBUG : ActiveAE::SyncStream - delay frames:256 error 209ms
2021-04-09 21:00:00.766 T:5088 DEBUG : ActiveAE::SyncStream - delay frames:256 error 204ms
2021-04-09 21:00:00.767 T:5088 DEBUG : ActiveAE::SyncStream - delay frames:256 error 199ms
2021-04-09 21:00:00.774 T:5088 DEBUG : ActiveAE::SyncStream - delay frames:256 error 194ms
2021-04-09 21:00:00.782 T:5088 DEBUG : ActiveAE::SyncStream - delay frames:256 error 189ms
2021-04-09 21:00:00.783 T:5088 DEBUG : ActiveAE::SyncStream - delay frames:256 error 184ms
2021-04-09 21:00:00.789 T:4440 DEBUG : CVideoPlayer::ProcessVideoData size:109479 dts:1.980 pts:2.180 dur:40.000ms, clock:-0.004 level:1
2021-04-09 21:00:00.794 T:5088 DEBUG : ActiveAE::SyncStream - delay frames:256 error 179ms
2021-04-09 21:00:00.795 T:5088 DEBUG : ActiveAE::SyncStream - delay frames:256 error 174ms
2021-04-09 21:00:00.802 T:5088 DEBUG : ActiveAE::SyncStream - delay frames:256 error 169ms
2021-04-09 21:00:00.803 T:5088 DEBUG : ActiveAE::SyncStream - delay frames:256 error 164ms
2021-04-09 21:00:00.810 T:5088 DEBUG : ActiveAE::SyncStream - delay frames:256 error 159ms
2021-04-09 21:00:00.818 T:5088 DEBUG : ActiveAE::SyncStream - delay frames:256 error 152ms
2021-04-09 21:00:00.819 T:5088 DEBUG : ActiveAE::SyncStream - delay frames:256 error 147ms
2021-04-09 21:00:00.824 T:4440 DEBUG : CVideoPlayer::ProcessAudioData size:249 dts:1.599 pts:1.599 dur:42.666ms, clock:0.031 drop:0 level:3
2021-04-09 21:00:00.824 T:4440 DEBUG : CVideoPlayer::ProcessVideoData size:6861 dts:2.000 pts:2.100 dur:40.000ms, clock:0.032 level:1
2021-04-09 21:00:00.825 T:4440 DEBUG : CVideoPlayer::ProcessVideoData size:4575 dts:2.020 pts:2.060 dur:40.000ms, clock:0.032 level:1
2021-04-09 21:00:00.825 T:4440 DEBUG : CVideoPlayer::ProcessVideoData size:3632 dts:2.040 pts:2.040 dur:40.000ms, clock:0.032 level:2
2021-04-09 21:00:00.825 T:4440 DEBUG : CVideoPlayer::ProcessVideoData size:2638 dts:2.060 pts:2.080 dur:40.000ms, clock:0.032 level:2
2021-04-09 21:00:00.826 T:5088 DEBUG : ActiveAE::SyncStream - delay frames:256 error 142ms
2021-04-09 21:00:00.834 T:5088 DEBUG : ActiveAE::SyncStream - delay frames:256 error 137ms
2021-04-09 21:00:00.835 T:5088 DEBUG : ActiveAE::SyncStream - delay frames:256 error 132ms
2021-04-09 21:00:00.842 T:5088 DEBUG : ActiveAE::SyncStream - delay frames:256 error 127ms
2021-04-09 21:00:00.850 T:5088 DEBUG : ActiveAE::SyncStream - delay frames:256 error 122ms
2021-04-09 21:00:00.851 T:5088 DEBUG : ActiveAE::SyncStream - delay frames:256 error 117ms
2021-04-09 21:00:00.855 T:4440 DEBUG : CVideoPlayer::ProcessVideoData size:4464 dts:2.080 pts:2.140 dur:40.000ms, clock:0.063 level:2
2021-04-09 21:00:00.856 T:4440 DEBUG : CVideoPlayer::ProcessVideoData size:3168 dts:2.100 pts:2.120 dur:40.000ms, clock:0.063 level:2
2021-04-09 21:00:00.856 T:4440 DEBUG : CVideoPlayer::ProcessAudioData size:254 dts:1.642 pts:1.642 dur:42.666ms, clock:0.064 drop:0 level:3
2021-04-09 21:00:00.856 T:4440 DEBUG : CVideoPlayer::ProcessVideoData size:2894 dts:2.120 pts:2.160 dur:40.000ms, clock:0.064 level:3
2021-04-09 21:00:00.858 T:5088 DEBUG : ActiveAE::SyncStream - delay frames:256 error 112ms
2021-04-09 21:00:00.866 T:5088 DEBUG : ActiveAE::SyncStream - delay frames:256 error 107ms
2021-04-09 21:00:00.867 T:5088 DEBUG : ActiveAE::SyncStream - delay frames:256 error 102ms
2021-04-09 21:00:00.874 T:5088 DEBUG : ActiveAE::SyncStream - delay frames:256 error 97ms
2021-04-09 21:00:00.882 T:5088 DEBUG : ActiveAE::SyncStream - delay frames:256 error 92ms
2021-04-09 21:00:00.883 T:5088 DEBUG : ActiveAE::SyncStream - delay frames:256 error 87ms
2021-04-09 21:00:00.890 T:5088 DEBUG : ActiveAE::SyncStream - delay frames:256 error 82ms
2021-04-09 21:00:00.891 T:4440 DEBUG : CVideoPlayer::ProcessAudioData size:253 dts:1.685 pts:1.685 dur:42.666ms, clock:0.098 drop:0 level:4
2021-04-09 21:00:00.891 T:4440 DEBUG : CVideoPlayer::ProcessVideoData size:22411 dts:2.140 pts:2.340 dur:40.000ms, clock:0.099 level:3
2021-04-09 21:00:00.898 T:5088 DEBUG : ActiveAE::SyncStream - delay frames:256 error 77ms
2021-04-09 21:00:00.899 T:5088 DEBUG : ActiveAE::SyncStream - delay frames:256 error 72ms
2021-04-09 21:00:00.906 T:5088 DEBUG : ActiveAE::SyncStream - delay frames:256 error 67ms
2021-04-09 21:00:00.914 T:5088 DEBUG : ActiveAE::SyncStream - delay frames:256 error 62ms
2021-04-09 21:00:00.915 T:5088 DEBUG : ActiveAE::SyncStream - delay frames:256 error 57ms
2021-04-09 21:00:00.916 T:4440 DEBUG : CVideoPlayer::ProcessVideoData size:6709 dts:2.160 pts:2.260 dur:40.000ms, clock:0.124 level:3
2021-04-09 21:00:00.917 T:4440 DEBUG : CVideoPlayer::ProcessVideoData size:4748 dts:2.180 pts:2.220 dur:40.000ms, clock:0.125 level:3
2021-04-09 21:00:00.919 T:4440 DEBUG : CVideoPlayer::ProcessVideoData size:2958 dts:2.200 pts:2.200 dur:40.000ms, clock:0.127 level:4
2021-04-09 21:00:00.919 T:4440 DEBUG : CVideoPlayer::ProcessVideoData size:2925 dts:2.220 pts:2.240 dur:40.000ms, clock:0.127 level:4
2021-04-09 21:00:00.920 T:4440 DEBUG : CVideoPlayer::ProcessAudioData size:252 dts:1.727 pts:1.727 dur:42.666ms, clock:0.127 drop:0 level:4
2021-04-09 21:00:00.922 T:5088 DEBUG : ActiveAE::SyncStream - delay frames:256 error 46ms
2021-04-09 21:00:00.930 T:5088 DEBUG : ActiveAE::SyncStream - delay frames:256 error 41ms
2021-04-09 21:00:00.931 T:5088 DEBUG : ActiveAE::SyncStream - delay frames:256 error 36ms
2021-04-09 21:00:00.938 T:5088 DEBUG : ActiveAE::SyncStream - delay frames:256 error 31ms
2021-04-09 21:00:00.946 T:5088 DEBUG : ActiveAE::SyncStream - delay frames:256 error 26ms
2021-04-09 21:00:00.946 T:5088 DEBUG : ActiveAE::SyncStream - average error 25.782627, last average error: 1034.590490
2021-04-09 21:00:00.957 T:4440 DEBUG : CVideoPlayer::ProcessVideoData size:4761 dts:2.240 pts:2.300 dur:40.000ms, clock:0.165 level:4
2021-04-09 21:00:00.957 T:4440 DEBUG : CVideoPlayer::ProcessVideoData size:3687 dts:2.260 pts:2.280 dur:40.000ms, clock:0.165 level:4
2021-04-09 21:00:00.958 T:4440 DEBUG : CVideoPlayer::ProcessVideoData size:2818 dts:2.280 pts:2.320 dur:40.000ms, clock:0.165 level:5
2021-04-09 21:00:00.992 T:4440 DEBUG : CVideoPlayer::ProcessAudioData size:253 dts:1.770 pts:1.770 dur:42.666ms, clock:0.200 drop:0 level:5
2021-04-09 21:00:00.993 T:4440 DEBUG : CVideoPlayer::ProcessVideoData size:20518 dts:2.300 pts:2.500 dur:40.000ms, clock:0.200 level:5
2021-04-09 21:00:00.993 T:4440 DEBUG : CVideoPlayer::ProcessVideoData size:4098 dts:2.320 pts:2.420 dur:40.000ms, clock:0.200 level:5
2021-04-09 21:00:01.029 T:4440 DEBUG : CVideoPlayer::ProcessVideoData size:3056 dts:2.340 pts:2.380 dur:40.000ms, clock:0.237 level:5
2021-04-09 21:00:01.030 T:4440 DEBUG : CVideoPlayer::ProcessAudioData size:253 dts:1.813 pts:1.813 dur:42.666ms, clock:0.237 drop:0 level:5
2021-04-09 21:00:01.030 T:4440 DEBUG : CVideoPlayer::ProcessVideoData size:5455 dts:2.360 pts:2.360 dur:40.000ms, clock:0.238 level:6
2021-04-09 21:00:01.031 T:4440 DEBUG : CVideoPlayer::ProcessVideoData size:3514 dts:2.380 pts:2.400 dur:40.000ms, clock:0.238 level:6
2021-04-09 21:00:01.031 T:4440 DEBUG : CVideoPlayer::ProcessVideoData size:2406 dts:2.400 pts:2.460 dur:40.000ms, clock:0.239 level:6
2021-04-09 21:00:01.046 T:5088 DEBUG : ActiveAE::SyncStream - average error of -24.921638, start adjusting
2021-04-09 21:00:01.046 T:5088 DEBUG : ActiveAE::SyncStream - skip frames:256 error -20ms
2021-04-09 21:00:01.047 T:5088 DEBUG : ActiveAE::SyncStream - average error -19.588305 below threshold of 30.000000
2021-04-09 21:00:01.067 T:4440 DEBUG : CVideoPlayer::ProcessVideoData size:3670 dts:2.420 pts:2.440 dur:40.000ms, clock:0.274 level:6
2021-04-09 21:00:01.067 T:4440 DEBUG : CVideoPlayer::ProcessVideoData size:3483 dts:2.440 pts:2.480 dur:40.000ms, clock:0.275 level:7
2021-04-09 21:00:01.068 T:4440 DEBUG : CVideoPlayer::ProcessAudioData size:256 dts:1.855 pts:1.855 dur:42.666ms, clock:0.275 drop:0 level:6
2021-04-09 21:00:01.096 T:4440 DEBUG : CVideoPlayer::ProcessAudioData size:251 dts:1.898 pts:1.898 dur:42.666ms, clock:0.304 drop:0 level:6
2021-04-09 21:00:01.175 T:4440 DEBUG : CVideoPlayer::ProcessAudioData size:252 dts:1.941 pts:1.941 dur:42.666ms, clock:0.382 drop:0 level:7
2021-04-09 21:00:01.212 T:4440 DEBUG : CVideoPlayer::ProcessAudioData size:254 dts:1.983 pts:1.983 dur:42.666ms, clock:0.419 drop:0 level:7
2021-04-09 21:00:01.213 T:4440 DEBUG : CVideoPlayer::ProcessVideoData size:68615 dts:2.460 pts:2.660 dur:40.000ms, clock:0.420 level:7
2021-04-09 21:00:01.214 T:4440 DEBUG : CVideoPlayer::ProcessVideoData size:3627 dts:2.480 pts:2.580 dur:40.000ms, clock:0.421 level:7
2021-04-09 21:00:01.214 T:4440 DEBUG : CVideoPlayer::ProcessVideoData size:2806 dts:2.500 pts:2.540 dur:40.000ms, clock:0.422 level:7
2021-04-09 21:00:01.214 T:4440 DEBUG : CVideoPlayer::ProcessVideoData size:3805 dts:2.520 pts:2.520 dur:40.000ms, clock:0.422 level:8
2021-04-09 21:00:01.249 T:4440 DEBUG : CVideoPlayer::ProcessVideoData size:3184 dts:2.540 pts:2.560 dur:40.000ms, clock:0.457 level:8
2021-04-09 21:00:01.250 T:4440 DEBUG : CVideoPlayer::ProcessAudioData size:252 dts:2.026 pts:2.026 dur:42.666ms, clock:0.458 drop:0 level:8
2021-04-09 21:00:01.251 T:4440 DEBUG : CVideoPlayer::ProcessVideoData size:2102 dts:2.560 pts:2.620 dur:40.000ms, clock:0.459 level:8
2021-04-09 21:00:01.252 T:4440 DEBUG : CVideoPlayer::ProcessVideoData size:3590 dts:2.580 pts:2.600 dur:40.000ms, clock:0.459 level:8
2021-04-09 21:00:01.253 T:4440 DEBUG : CVideoPlayer::ProcessVideoData size:3410 dts:2.600 pts:2.640 dur:40.000ms, clock:0.460 level:9
2021-04-09 21:00:01.280 T:4440 DEBUG : CVideoPlayer::ProcessAudioData size:254 dts:2.069 pts:2.069 dur:42.666ms, clock:0.488 drop:0 level:8
2021-04-09 21:00:01.281 T:4440 DEBUG : CVideoPlayer::ProcessVideoData size:15929 dts:2.620 pts:2.820 dur:40.000ms, clock:0.488 level:9
2021-04-09 21:00:01.281 T:4440 DEBUG : CVideoPlayer::ProcessVideoData size:4374 dts:2.640 pts:2.740 dur:40.000ms, clock:0.489 level:9
2021-04-09 21:00:01.292 T:4440 DEBUG : CVideoPlayer::ProcessVideoData size:2807 dts:2.660 pts:2.700 dur:40.000ms, clock:0.499 level:9
2021-04-09 21:00:01.323 T:4440 DEBUG : CVideoPlayer::ProcessVideoData size:3860 dts:2.680 pts:2.680 dur:40.000ms, clock:0.530 level:10
2021-04-09 21:00:01.323 T:4440 DEBUG : CVideoPlayer::ProcessVideoData size:3533 dts:2.700 pts:2.720 dur:40.000ms, clock:0.530 level:10
2021-04-09 21:00:01.323 T:4440 DEBUG : CVideoPlayer::ProcessAudioData size:252 dts:2.111 pts:2.111 dur:42.666ms, clock:0.531 drop:0 level:9
2021-04-09 21:00:01.323 T:4440 DEBUG : CVideoPlayer::ProcessVideoData size:2928 dts:2.720 pts:2.780 dur:40.000ms, clock:0.531 level:10
2021-04-09 21:00:01.324 T:4440 DEBUG : CVideoPlayer::ProcessVideoData size:3449 dts:2.740 pts:2.760 dur:40.000ms, clock:0.531 level:10
2021-04-09 21:00:01.324 T:4440 DEBUG : CVideoPlayer::ProcessVideoData size:3610 dts:2.760 pts:2.800 dur:40.000ms, clock:0.531 level:11
2021-04-09 21:00:01.360 T:4440 DEBUG : CVideoPlayer::ProcessAudioData size:253 dts:2.154 pts:2.154 dur:42.666ms, clock:0.568 drop:0 level:10
2021-04-09 21:00:01.361 T:4440 DEBUG : CVideoPlayer::ProcessVideoData size:16420 dts:2.780 pts:2.980 dur:40.000ms, clock:0.568 level:11
2021-04-09 21:00:01.400 T:4919 DEBUG : CVideoPlayerAudio::OutputPacket: pts:1.386 curr_pts:0.589 clock:0.608 level:10
2021-04-09 21:00:01.405 T:4440 DEBUG : CVideoPlayer::ProcessVideoData size:4123 dts:2.800 pts:2.900 dur:40.000ms, clock:0.613 level:11
2021-04-09 21:00:01.406 T:4440 DEBUG : CVideoPlayer::ProcessVideoData size:3235 dts:2.820 pts:2.860 dur:40.000ms, clock:0.613 level:11
2021-04-09 21:00:01.406 T:4440 DEBUG : CVideoPlayer::ProcessVideoData size:3323 dts:2.840 pts:2.840 dur:40.000ms, clock:0.614 level:12
2021-04-09 21:00:01.407 T:4440 DEBUG : CVideoPlayer::ProcessVideoData size:3448 dts:2.860 pts:2.880 dur:40.000ms, clock:0.615 level:12
2021-04-09 21:00:01.408 T:4440 DEBUG : CVideoPlayer::ProcessAudioData size:253 dts:2.197 pts:2.197 dur:42.666ms, clock:0.615 drop:0 level:10
2021-04-09 21:00:01.408 T:4440 DEBUG : CVideoPlayer::ProcessVideoData size:2980 dts:2.880 pts:2.940 dur:40.000ms, clock:0.616 level:12
2021-04-09 21:00:01.430 T:4440 DEBUG : CVideoPlayer::ProcessVideoData size:3220 dts:2.900 pts:2.920 dur:40.000ms, clock:0.637 level:12
2021-04-09 21:00:01.431 T:4440 DEBUG : CVideoPlayer::ProcessVideoData size:3042 dts:2.920 pts:2.960 dur:40.000ms, clock:0.638 level:13
2021-04-09 21:00:01.431 T:4440 DEBUG : CVideoPlayer::ProcessAudioData size:254 dts:2.239 pts:2.239 dur:42.666ms, clock:0.639 drop:0 level:10
2021-04-09 21:00:01.439 T:4919 DEBUG : CVideoPlayerAudio::OutputPacket: pts:1.429 curr_pts:0.628 clock:0.647 level:10
2021-04-09 21:00:01.473 T:4440 DEBUG : CVideoPlayer::ProcessVideoData size:22404 dts:2.940 pts:3.080 dur:40.000ms, clock:0.681 level:13
2021-04-09 21:00:01.473 T:4440 DEBUG : CVideoPlayer::ProcessAudioData size:252 dts:2.282 pts:2.282 dur:42.666ms, clock:0.681 drop:0 level:10
2021-04-09 21:00:01.488 T:4919 DEBUG : CVideoPlayerAudio::OutputPacket: pts:1.471 curr_pts:0.676 clock:0.695 level:10
2021-04-09 21:00:01.499 T:4440 DEBUG : CVideoPlayer::ProcessVideoData size:3946 dts:2.960 pts:3.040 dur:40.000ms, clock:0.707 level:13
2021-04-09 21:00:01.499 T:4440 DEBUG : CVideoPlayer::ProcessVideoData size:2501 dts:2.980 pts:3.020 dur:40.000ms, clock:0.707 level:13
2021-04-09 21:00:01.500 T:4440 DEBUG : CVideoPlayer::ProcessVideoData size:3115 dts:3.000 pts:3.000 dur:40.000ms, clock:0.707 level:14
2021-04-09 21:00:01.500 T:4440 DEBUG : CVideoPlayer::ProcessVideoData size:2396 dts:3.020 pts:3.060 dur:40.000ms, clock:0.708 level:14
2021-04-09 21:00:01.527 T:4919 DEBUG : CVideoPlayerAudio::OutputPacket: pts:1.514 curr_pts:0.716 clock:0.735 level:10
2021-04-09 21:00:01.542 T:4440 DEBUG : CVideoPlayer::ProcessAudioData size:253 dts:2.325 pts:2.325 dur:42.666ms, clock:0.749 drop:0 level:10
2021-04-09 21:00:01.553 T:4921 DEBUG : CVideoPlayerVideo::OutputPicture - ttd:139ms pts:0.900 Clock:0.761 Level:5
2021-04-09 21:00:01.568 T:4919 DEBUG : CVideoPlayerAudio::OutputPacket: pts:1.557 curr_pts:0.757 clock:0.776 level:10
2021-04-09 21:00:01.579 T:4440 DEBUG : CVideoPlayer::ProcessAudioData size:254 dts:2.367 pts:2.367 dur:42.666ms, clock:0.786 drop:0 level:10
2021-04-09 21:00:01.587 T:4921 DEBUG : CVideoPlayerVideo::OutputPicture - ttd:125ms pts:0.920 Clock:0.795 Level:4
2021-04-09 21:00:01.601 T:4921 DEBUG : CVideoPlayerVideo::OutputPicture - ttd:131ms pts:0.940 Clock:0.808 Level:4
2021-04-09 21:00:01.604 T:4440 DEBUG : CVideoPlayer::ProcessAudioData size:253 dts:2.410 pts:2.410 dur:42.666ms, clock:0.811 drop:0 level:10
2021-04-09 21:00:01.617 T:4919 DEBUG : CVideoPlayerAudio::OutputPacket: pts:1.599 curr_pts:0.805 clock:0.824 level:10
2021-04-09 21:00:01.620 T:4921 DEBUG : CVideoPlayerVideo::OutputPicture - ttd:131ms pts:0.960 Clock:0.828 Level:4
2021-04-09 21:00:01.636 T:4921 DEBUG : CVideoPlayerVideo::OutputPicture - ttd:136ms pts:0.980 Clock:0.844 Level:4
2021-04-09 21:00:01.646 T:4440 DEBUG : CVideoPlayer::ProcessAudioData size:253 dts:2.453 pts:2.453 dur:42.666ms, clock:0.854 drop:0 level:10
2021-04-09 21:00:01.647 T:4440 DEBUG : CVideoPlayer::ProcessVideoData size:71311 dts:3.040 pts:3.100 dur:40.000ms, clock:0.854 level:13
2021-04-09 21:00:01.649 T:4921 DEBUG : CVideoPlayerVideo::OutputPicture - ttd:142ms pts:1.000 Clock:0.857 Level:5
2021-04-09 21:00:01.655 T:4919 DEBUG : CVideoPlayerAudio::OutputPacket: pts:1.642 curr_pts:0.844 clock:0.863 level:10
2021-04-09 21:00:01.683 T:4921 DEBUG : CVideoPlayerVideo::OutputPicture - ttd:129ms pts:1.020 Clock:0.890 Level:4
2021-04-09 21:00:01.696 T:4919 DEBUG : CVideoPlayerAudio::OutputPacket: pts:1.685 curr_pts:0.884 clock:0.903 level:10
2021-04-09 21:00:01.716 T:4921 DEBUG : CVideoPlayerVideo::OutputPicture - ttd:116ms pts:1.040 Clock:0.923 Level:3
2021-04-09 21:00:01.721 T:4440 DEBUG : CVideoPlayer::ProcessAudioData size:252 dts:2.495 pts:2.495 dur:42.666ms, clock:0.929 drop:0 level:10
2021-04-09 21:00:01.723 T:4440 DEBUG : CVideoPlayer::ProcessVideoData size:32743 dts:3.060 pts:3.260 dur:40.000ms, clock:0.930 level:13
2021-04-09 21:00:01.724 T:4440 DEBUG : CVideoPlayer::ProcessAudioData size:253 dts:2.538 pts:2.538 dur:42.666ms, clock:0.931 drop:0 level:10
2021-04-09 21:00:01.725 T:4921 DEBUG : CVideoPlayerVideo::OutputPicture - ttd:127ms pts:1.060 Clock:0.932 Level:3
2021-04-09 21:00:01.732 T:4921 DEBUG : CVideoPlayerVideo::OutputPicture - ttd:140ms pts:1.080 Clock:0.939 Level:4
2021-04-09 21:00:01.743 T:4919 DEBUG : CVideoPlayerAudio::OutputPacket: pts:1.727 curr_pts:0.932 clock:0.951 level:10
2021-04-09 21:00:01.751 T:4921 DEBUG : CVideoPlayerVideo::OutputPicture - ttd:141ms pts:1.100 Clock:0.958 Level:5
2021-04-09 21:00:01.757 T:4440 DEBUG : CVideoPlayer::ProcessVideoData size:11707 dts:3.080 pts:3.180 dur:40.000ms, clock:0.964 level:12
2021-04-09 21:00:01.757 T:4440 DEBUG : CVideoPlayer::ProcessVideoData size:5825 dts:3.100 pts:3.140 dur:40.000ms, clock:0.965 level:12
2021-04-09 21:00:01.783 T:4921 DEBUG : CVideoPlayerVideo::OutputPicture - ttd:128ms pts:1.120 Clock:0.991 Level:4
2021-04-09 21:00:01.785 T:4919 DEBUG : CVideoPlayerAudio::OutputPacket: pts:1.770 curr_pts:0.973 clock:0.992 level:10
