2021-04-09 20:59:40.808 T:5056 DEBUG : CPlayerCoreFactory::GetPlayers(pvr://channels/tv/Svi%20programi/pvr.hts_1587284816.pvr)
2021-04-09 20:59:40.809 T:5056 DEBUG : CPlayerSelectionRule::GetPlayers: considering rule: system rules
2021-04-09 20:59:40.809 T:5056 DEBUG : CPlayerSelectionRule::GetPlayers: matches rule: system rules
2021-04-09 20:59:40.809 T:5056 DEBUG : CPlayerSelectionRule::GetPlayers: considering rule: mms/udp
2021-04-09 20:59:40.810 T:5056 DEBUG : CPlayerSelectionRule::GetPlayers: considering rule: lastfm/shout
2021-04-09 20:59:40.810 T:5056 DEBUG : CPlayerSelectionRule::GetPlayers: considering rule: rtmp
2021-04-09 20:59:40.810 T:5056 DEBUG : CPlayerSelectionRule::GetPlayers: considering rule: rtsp
2021-04-09 20:59:40.811 T:5056 DEBUG : CPlayerSelectionRule::GetPlayers: considering rule: streams
2021-04-09 20:59:40.811 T:5056 DEBUG : CPlayerSelectionRule::GetPlayers: considering rule: dvd
2021-04-09 20:59:40.811 T:5056 DEBUG : CPlayerSelectionRule::GetPlayers: considering rule: discimage
2021-04-09 20:59:40.811 T:5056 DEBUG : CPlayerSelectionRule::GetPlayers: considering rule: sdp/asf
2021-04-09 20:59:40.811 T:5056 DEBUG : CPlayerSelectionRule::GetPlayers: considering rule: nsv
2021-04-09 20:59:40.811 T:5056 DEBUG : CPlayerSelectionRule::GetPlayers: considering rule: radio
2021-04-09 20:59:40.811 T:5056 DEBUG : CPlayerCoreFactory::GetPlayers: matched 0 rules with players
2021-04-09 20:59:40.812 T:5056 DEBUG : CPlayerCoreFactory::GetPlayers: adding videodefaultplayer (VideoPlayer)
2021-04-09 20:59:40.812 T:5056 DEBUG : CPlayerCoreFactory::GetPlayers: for video=1, audio=0
2021-04-09 20:59:40.812 T:5056 DEBUG : CPlayerCoreFactory::GetPlayers: for video=1, audio=1
2021-04-09 20:59:40.812 T:5056 DEBUG : CPlayerCoreFactory::GetPlayers: added 1 players
2021-04-09 20:59:40.812 T:5056 INFO : VideoPlayer::OpenFile: pvr://channels/tv/Svi%20programi/pvr.hts_1587284816.pvr
2021-04-09 20:59:40.812 T:4440 DEBUG : CVideoPlayer::ProcessVideoData size:4886 dts:10.768 pts:10.768 dur:40.000ms, clock:6.481 level:31
2021-04-09 20:59:40.813 T:4440 DEBUG : CVideoPlayer::FlushBuffers - flushing buffers
2021-04-09 20:59:40.822 T:4875 DEBUG : CAMLCodec::Reset
2021-04-09 20:59:40.828 T:4861 DEBUG : CDVDAudio::Flush - flush audio stream
2021-04-09 20:59:40.828 T:4861 DEBUG : CDVDAudio::Pause - pausing audio stream
2021-04-09 20:59:40.842 T:4879 DEBUG : Thread Timer 3448500912 terminating
2021-04-09 20:59:40.843 T:5056 DEBUG : Keyboard: scancode: 0x6d, sym: 0x0119, unicode: 0x0000, modifier: 0x0
2021-04-09 20:59:40.846 T:4306 DEBUG : OnPlayBackStarted: CApplication::OnPlayBackStarted
2021-04-09 20:59:40.847 T:4861 DEBUG : CVideoPlayerAudio - CDVDMsg::GENERAL_SYNCHRONIZE
2021-04-09 20:59:40.847 T:4440 DEBUG : CDVDClock::SetSpeedAdjust - adjusted:0.000000
2021-04-09 20:59:40.847 T:4861 DEBUG : CVideoPlayerAudio - CDVDMsg::PLAYER_SETSPEED: 0.000000 last: 1000
2021-04-09 20:59:40.847 T:4861 DEBUG : CDVDAudio::Pause - pausing audio stream
2021-04-09 20:59:40.848 T:4875 DEBUG : CVideoPlayerVideo - CDVDMsg::GENERAL_SYNCHRONIZE
2021-04-09 20:59:40.848 T:4875 DEBUG : CAMLCodec::SetSpeed, speed(0)
2021-04-09 20:59:40.848 T:4440 DEBUG : CInputStreamPVRChannel - ClosePVRStream - closed channel stream pvr://channels/tv/Svi%20programi/pvr.hts_1630659906.pvr
2021-04-09 20:59:40.848 T:4440 INFO : Creating InputStream
2021-04-09 20:59:40.849 T:4440 DEBUG : AddOnLog: pvr.hts: demux send weight 30
2021-04-09 20:59:40.851 T:4440 DEBUG : AddOnLog: pvr.hts: demux send weight 100
2021-04-09 20:59:40.852 T:4440 DEBUG : AddOnLog: pvr.hts: demux open
2021-04-09 20:59:40.852 T:4440 DEBUG : AddOnLog: pvr.hts: demux unsubscribe from 1630659906
2021-04-09 20:59:40.854 T:4440 DEBUG : AddOnLog: pvr.hts: demux successfully unsubscribed from channel id 1630659906, subscription id 593
2021-04-09 20:59:40.854 T:4440 DEBUG : AddOnLog: pvr.hts: demux subscribe to 1643347170
2021-04-09 20:59:40.861 T:4440 DEBUG : AddOnLog: pvr.hts: demux successfully subscribed to channel id 1643347170, subscription id 595
2021-04-09 20:59:40.861 T:4440 DEBUG : CInputStreamPVRChannel - OpenPVRStream - opened channel stream pvr://channels/tv/Svi%20programi/pvr.hts_1587284816.pvr
2021-04-09 20:59:40.862 T:4440 INFO : Creating Demuxer
2021-04-09 20:59:40.862 T:4440 INFO : Closing stream player 2
2021-04-09 20:59:40.862 T:4440 DEBUG : CDVDClock::SetSpeedAdjust - adjusted:0.000000
2021-04-09 20:59:40.862 T:4440 INFO : waiting for video thread to exit
2021-04-09 20:59:40.863 T:4875 ERROR : Got MSGQ_ABORT or MSGO_IS_ERROR return true
2021-04-09 20:59:40.863 T:4875 INFO : thread end: video_thread
2021-04-09 20:59:40.863 T:4875 DEBUG : Thread VideoPlayerVideo 3065000624 terminating
2021-04-09 20:59:40.863 T:4440 INFO : deleting video codec
2021-04-09 20:59:40.863 T:4440 DEBUG : CAMLCodec::CloseDecoder
2021-04-09 20:59:40.867 T:4440 INFO : Closing stream player 1
2021-04-09 20:59:40.867 T:4440 INFO : Waiting for audio thread to exit
2021-04-09 20:59:40.868 T:4861 INFO : thread end: CVideoPlayerAudio::OnExit()
2021-04-09 20:59:40.868 T:4861 DEBUG : Thread VideoPlayerAudio 3142578864 terminating
2021-04-09 20:59:40.871 T:4306 DEBUG : Loading settings for pvr://channels/tv/Svi%20programi/pvr.hts_1587284816.pvr
2021-04-09 20:59:40.874 T:4440 INFO : Closing audio device
2021-04-09 20:59:40.874 T:4440 DEBUG : CDVDAudio::Flush - flush audio stream
2021-04-09 20:59:40.874 T:5056 DEBUG : CPlayerGUIInfo::InitCurrentItem(pvr://channels/tv/Svi%20programi/pvr.hts_1587284816.pvr)
2021-04-09 20:59:40.875 T:5088 DEBUG : CActiveAE::DiscardStream - audio stream deleted
2021-04-09 20:59:40.876 T:5088 DEBUG : CActiveAE::ClearDiscardedBuffers - buffer pool deleted
2021-04-09 20:59:40.880 T:4440 INFO : Skipped 2 duplicate messages..
2021-04-09 20:59:40.880 T:4440 INFO : Deleting audio codec
2021-04-09 20:59:40.880 T:4440 INFO : Closing stream player 3
2021-04-09 20:59:40.880 T:4440 INFO : Closing stream player 4
2021-04-09 20:59:40.880 T:4440 INFO : waiting for teletext data thread to exit
2021-04-09 20:59:40.880 T:4874 ERROR : Got MSGQ_ABORT or MSGO_IS_ERROR return true (-1)
2021-04-09 20:59:40.880 T:4874 INFO : thread end: data_thread
2021-04-09 20:59:40.880 T:4874 DEBUG : Thread DVDTeletextData 3090334384 terminating
2021-04-09 20:59:40.881 T:5056 DEBUG : Flush - flushing renderer
2021-04-09 20:59:40.882 T:5056 DEBUG : CAMLVideoBufferPool::~CAMLVideoBufferPool: Deleting 2 buffers
2021-04-09 20:59:40.883 T:4440 DEBUG : CDVDClock::SetSpeedAdjust - adjusted:0.000000
2021-04-09 20:59:40.884 T:5056 DEBUG : [Warning] CGUITextureManager::GetTexturePath: could not find texture '$INFO[Player.Icon]'
2021-04-09 20:59:40.886 T:5056 INFO : Skipped 1 duplicate messages..
2021-04-09 20:59:40.886 T:5056 DEBUG : [Warning] CGUITextureManager::GetTexturePath: could not find texture 'flags/default/aspectratio/'
2021-04-09 20:59:40.901 T:5056 DEBUG : [Warning] CGUITextureManager::GetTexturePath: could not find texture 'flags/default/resolution/'
2021-04-09 20:59:40.903 T:5056 DEBUG : [Warning] CGUITextureManager::GetTexturePath: could not find texture 'flags/default/videocodec/'
2021-04-09 20:59:40.904 T:5056 DEBUG : [Warning] CGUITextureManager::GetTexturePath: could not find texture 'flags/default/audiocodec/'
2021-04-09 20:59:40.905 T:5056 DEBUG : [Warning] CGUITextureManager::GetTexturePath: could not find texture 'flags/default/audiochannels/'
2021-04-09 20:59:40.930 T:5089 INFO : CActiveAESink::OpenSink - initialize sink
2021-04-09 20:59:40.931 T:5089 DEBUG : CActiveAESink::OpenSink - trying to open device ALSA:hdmi:CARD=AMLMESONAUDIO,DEV=0
2021-04-09 20:59:40.931 T:5089 INFO : CAESinkALSA::Initialize - Attempting to open device "hdmi:CARD=AMLMESONAUDIO,DEV=0"
2021-04-09 20:59:40.947 T:5089 INFO : CAESinkALSA::Initialize - Opened device "hdmi:CARD=AMLMESONAUDIO,DEV=0,AES0=0x04,AES1=0x82,AES2=0x00,AES3=0x00"
2021-04-09 20:59:40.949 T:5089 INFO : CAESinkALSA::InitializeHW - Your hardware does not support AE_FMT_FLOAT, trying other formats
2021-04-09 20:59:40.949 T:5089 INFO : CAESinkALSA::InitializeHW - Using data format AE_FMT_S16NE
2021-04-09 20:59:40.949 T:5089 DEBUG : CAESinkALSA::InitializeHW - Request: periodSize 2205, bufferSize 8820
2021-04-09 20:59:40.950 T:5089 DEBUG : CAESinkALSA::InitializeHW - Got: periodSize 2048, bufferSize 8192
2021-04-09 20:59:40.950 T:5089 DEBUG : CAESinkALSA::InitializeHW - Setting timeout to 186 ms
2021-04-09 20:59:40.950 T:5089 DEBUG : CAESinkALSA::GetChannelLayout - Input Channel Count: 2 Output Channel Count: 2
2021-04-09 20:59:40.951 T:5089 DEBUG : CAESinkALSA::GetChannelLayout - Requested Layout: FL, FR
2021-04-09 20:59:40.951 T:5089 DEBUG : CAESinkALSA::GetChannelLayout - Got Layout: FL, FR (ALSA: none)
2021-04-09 20:59:40.951 T:5089 DEBUG : CActiveAESink::OpenSink - ALSA Initialized:
2021-04-09 20:59:40.951 T:5089 DEBUG : Output Device : AML-MESONAUDIO
2021-04-09 20:59:40.951 T:5089 DEBUG : Sample Rate : 44100
2021-04-09 20:59:40.951 T:5089 DEBUG : Sample Format : AE_FMT_S16NE
2021-04-09 20:59:40.951 T:5089 DEBUG : Channel Count : 2
2021-04-09 20:59:40.951 T:5089 DEBUG : Channel Layout: FL, FR
2021-04-09 20:59:40.951 T:5089 DEBUG : Frames : 2048
2021-04-09 20:59:40.951 T:5089 DEBUG : Frame Size : 4
2021-04-09 20:59:40.957 T:5088 DEBUG : CActiveAE::ClearDiscardedBuffers - buffer pool deleted
2021-04-09 20:59:40.962 T:5095 INFO : Skipped 1 duplicate messages..
2021-04-09 20:59:40.961 T:5095 DEBUG : CLibInputKeyboard::ProcessKey - using delay: 250ms repeat: 33ms
2021-04-09 20:59:40.962 T:4885 DEBUG : Thread Timer start, auto delete: false
2021-04-09 20:59:40.963 T:5056 DEBUG : Keyboard: scancode: 0x6d, sym: 0x0119, unicode: 0x0000, modifier: 0x0
2021-04-09 20:59:40.964 T:5056 DEBUG : HandleKey: pagedown (0xf085) pressed, action is ChannelDown
2021-04-09 20:59:40.965 T:5056 DEBUG : CPlayerGUIInfo::InitCurrentItem(pvr://channels/tv/Svi%20programi/pvr.hts_1643347170.pvr)
2021-04-09 20:59:40.986 T:5056 DEBUG : CPlayerCoreFactory::GetPlayers(pvr://channels/tv/Svi%20programi/pvr.hts_1643347170.pvr)
2021-04-09 20:59:40.986 T:5056 DEBUG : CPlayerSelectionRule::GetPlayers: considering rule: system rules
2021-04-09 20:59:40.986 T:5056 DEBUG : CPlayerSelectionRule::GetPlayers: matches rule: system rules
2021-04-09 20:59:40.986 T:5056 DEBUG : CPlayerSelectionRule::GetPlayers: considering rule: mms/udp
2021-04-09 20:59:40.986 T:5056 DEBUG : CPlayerSelectionRule::GetPlayers: considering rule: lastfm/shout
2021-04-09 20:59:40.986 T:5056 DEBUG : CPlayerSelectionRule::GetPlayers: considering rule: rtmp
2021-04-09 20:59:40.986 T:5056 DEBUG : CPlayerSelectionRule::GetPlayers: considering rule: rtsp
2021-04-09 20:59:40.986 T:5056 DEBUG : CPlayerSelectionRule::GetPlayers: considering rule: streams
2021-04-09 20:59:40.986 T:5056 DEBUG : CPlayerSelectionRule::GetPlayers: considering rule: dvd
2021-04-09 20:59:40.986 T:5056 DEBUG : CPlayerSelectionRule::GetPlayers: considering rule: discimage
2021-04-09 20:59:40.987 T:5056 DEBUG : CPlayerSelectionRule::GetPlayers: considering rule: sdp/asf
2021-04-09 20:59:40.987 T:5056 DEBUG : CPlayerSelectionRule::GetPlayers: considering rule: nsv
2021-04-09 20:59:40.987 T:5056 DEBUG : CPlayerSelectionRule::GetPlayers: considering rule: radio
2021-04-09 20:59:40.987 T:5056 DEBUG : CPlayerCoreFactory::GetPlayers: matched 0 rules with players
2021-04-09 20:59:40.987 T:5056 DEBUG : CPlayerCoreFactory::GetPlayers: adding videodefaultplayer (VideoPlayer)
2021-04-09 20:59:40.987 T:5056 DEBUG : CPlayerCoreFactory::GetPlayers: for video=1, audio=0
2021-04-09 20:59:40.987 T:5056 DEBUG : CPlayerCoreFactory::GetPlayers: for video=1, audio=1
2021-04-09 20:59:40.987 T:5056 DEBUG : CPlayerCoreFactory::GetPlayers: added 1 players
2021-04-09 20:59:40.987 T:5056 INFO : VideoPlayer::OpenFile: pvr://channels/tv/Svi%20programi/pvr.hts_1643347170.pvr
2021-04-09 20:59:41.066 T:4885 DEBUG : Thread Timer 3448500912 terminating
2021-04-09 20:59:41.075 T:5056 DEBUG : Keyboard: scancode: 0x6d, sym: 0x0119, unicode: 0x0000, modifier: 0x0
2021-04-09 20:59:41.084 T:4440 DEBUG : CVideoPlayer::FlushBuffers - flushing buffers
2021-04-09 20:59:41.084 T:4440 WARNING : CDVDMessageQueue(audio)::Put MSGQ_NOT_INITIALIZED
2021-04-09 20:59:41.084 T:4440 WARNING : CDVDMessageQueue(video)::Put MSGQ_NOT_INITIALIZED
2021-04-09 20:59:41.084 T:4440 WARNING : CDVDMessageQueue(audio)::Put MSGQ_NOT_INITIALIZED
2021-04-09 20:59:41.084 T:4440 WARNING : CDVDMessageQueue(video)::Put MSGQ_NOT_INITIALIZED
2021-04-09 20:59:41.100 T:4313 DEBUG : OnPlayBackStarted: CApplication::OnPlayBackStarted
2021-04-09 20:59:41.125 T:5056 DEBUG : CPlayerGUIInfo::InitCurrentItem(pvr://channels/tv/Svi%20programi/pvr.hts_1643347170.pvr)
2021-04-09 20:59:41.184 T:5152 WARNING : xbmc.translatePath is deprecated and might be removed in future kodi versions. Please use xbmcvfs.translatePath instead.
2021-04-09 20:59:41.186 T:5148 DEBUG : [plugin.video.tubed][lib][playback] Active monitor threads: []
2021-04-09 20:59:41.186 T:5148 DEBUG : [plugin.video.tubed][lib][playback] Playback monitoring failed to start, missing required {} ...
2021-04-09 20:59:41.221 T:5148 DEBUG : [plugin.video.tubed][lib][playback] Active monitor threads: []
2021-04-09 20:59:41.221 T:5148 DEBUG : [plugin.video.tubed][lib][playback] Playback monitoring failed to start, missing required {} ...
2021-04-09 20:59:42.051 T:5152 WARNING : xbmc.translatePath is deprecated and might be removed in future kodi versions. Please use xbmcvfs.translatePath instead.
2021-04-09 20:59:42.060 T:5150 DEBUG : AddOnLog: pvr.hts: demux subscription start
2021-04-09 20:59:42.060 T:5150 DEBUG : AddOnLog: pvr.hts: id: 1001, type HEVC, codec: 173
2021-04-09 20:59:42.060 T:5150 DEBUG : AddOnLog: pvr.hts: id: 1002, type AAC, codec: 86018
2021-04-09 20:59:42.060 T:5150 DEBUG : AddOnLog: pvr.hts: demux stream change
2021-04-09 20:59:42.084 T:4440 DEBUG : CDVDMsgGeneralSynchronize - global timeout
2021-04-09 20:59:42.084 T:4440 DEBUG : CDVDClock::SetSpeedAdjust - adjusted:0.000000
2021-04-09 20:59:42.084 T:4440 DEBUG : CInputStreamPVRChannel - ClosePVRStream - closed channel stream pvr://channels/tv/Svi%20programi/pvr.hts_1587284816.pvr
2021-04-09 20:59:42.084 T:4440 INFO : Creating InputStream
2021-04-09 20:59:42.085 T:4440 DEBUG : AddOnLog: pvr.hts: demux send weight 30
2021-04-09 20:59:42.088 T:5056 DEBUG : Flush - flushing renderer
2021-04-09 20:59:42.091 T:4440 DEBUG : AddOnLog: pvr.hts: demux send weight 100
2021-04-09 20:59:42.093 T:4440 DEBUG : AddOnLog: pvr.hts: demux open
2021-04-09 20:59:42.093 T:4440 DEBUG : AddOnLog: pvr.hts: demux unsubscribe from 1587284816
2021-04-09 20:59:42.098 T:4440 DEBUG : AddOnLog: pvr.hts: demux successfully unsubscribed from channel id 1587284816, subscription id 594
2021-04-09 20:59:42.098 T:4313 DEBUG : Loading settings for pvr://channels/tv/Svi%20programi/pvr.hts_1643347170.pvr
2021-04-09 20:59:42.098 T:4440 DEBUG : AddOnLog: pvr.hts: demux subscribe to 145834242
2021-04-09 20:59:42.104 T:4440 DEBUG : AddOnLog: pvr.hts: demux successfully subscribed to channel id 145834242, subscription id 596
2021-04-09 20:59:42.104 T:4440 DEBUG : CInputStreamPVRChannel - OpenPVRStream - opened channel stream pvr://channels/tv/Svi%20programi/pvr.hts_1643347170.pvr
2021-04-09 20:59:42.104 T:4440 INFO : Creating Demuxer
2021-04-09 20:59:42.399 T:5150 DEBUG : AddOnLog: pvr.hts: demux subscription start
2021-04-09 20:59:42.399 T:5150 DEBUG : AddOnLog: pvr.hts: id: 1001, type HEVC, codec: 173
2021-04-09 20:59:42.399 T:5150 DEBUG : AddOnLog: pvr.hts: id: 1002, type AAC, codec: 86018
2021-04-09 20:59:42.399 T:5150 DEBUG : AddOnLog: pvr.hts: demux stream change
2021-04-09 20:59:42.445 T:5152 WARNING : xbmc.translatePath is deprecated and might be removed in future kodi versions. Please use xbmcvfs.translatePath instead.
2021-04-09 20:59:44.401 T:5150 INFO : Skipped 3 duplicate messages..
2021-04-09 20:59:44.401 T:5150 DEBUG : AddOnLog: pvr.hts: demux subscription start
2021-04-09 20:59:44.401 T:5150 DEBUG : AddOnLog: pvr.hts: id: 1001, type HEVC, codec: 173
2021-04-09 20:59:44.401 T:5150 DEBUG : AddOnLog: pvr.hts: id: 1003, type TELETEXT, codec: 94215
2021-04-09 20:59:44.401 T:5150 DEBUG : AddOnLog: pvr.hts: demux stream change
2021-04-09 20:59:44.404 T:4440 DEBUG : CDVDDemuxClient::RequestStream(): added/updated stream 1001 with codec_id 173
2021-04-09 20:59:44.404 T:4440 DEBUG : CDVDDemuxClient::RequestStream(): added/updated stream 1003 with codec_id 94215
2021-04-09 20:59:44.404 T:4440 INFO : Opening stream: 1001 source: 256
2021-04-09 20:59:44.404 T:4440 WARNING : OpenStream - Unsupported stream 1001. Stream disabled.
2021-04-09 20:59:44.404 T:4440 INFO : Opening stream: 1003 source: 256
2021-04-09 20:59:44.404 T:4440 INFO : waiting for teletext data thread to exit
2021-04-09 20:59:44.406 T:4440 INFO : Creating teletext data thread
2021-04-09 20:59:44.407 T:4890 DEBUG : Thread DVDTeletextData start, auto delete: false
2021-04-09 20:59:44.407 T:4890 INFO : running thread: CDVDTeletextData
2021-04-09 20:59:44.413 T:4440 DEBUG : CDVDDemuxClient::ParsePacket - split extradata
2021-04-09 20:59:44.606 T:4440 DEBUG : CDVDDemuxClient::ParsePacket - (1001) profile changed from -99 to 1
2021-04-09 20:59:44.606 T:4440 DEBUG : CDVDDemuxClient::ParsePacket - (1001) level changed from -99 to 123
2021-04-09 20:59:44.606 T:4440 DEBUG : CDVDDemuxClient::ParsePacket - (1001) aspect changed from 0 to 1.7777777777777777
2021-04-09 20:59:44.606 T:4440 DEBUG : CDVDDemuxClient::ParsePacket - (1001) fps changed from 1000000/40000 to 50/1
2021-04-09 20:59:44.606 T:4440 DEBUG : CDVDDemuxClient::RequestStream(): added/updated stream 1001 with codec_id 173
2021-04-09 20:59:44.606 T:4440 DEBUG : CDVDDemuxClient::RequestStream(): added/updated stream 1003 with codec_id 94215
2021-04-09 20:59:44.606 T:4440 INFO : Opening stream: 1001 source: 256
2021-04-09 20:59:44.606 T:4440 INFO : CVideoPlayerVideo::OpenStream - Creating codec: 173
2021-04-09 20:59:44.607 T:4440 DEBUG : DVDVideoCodecAmlogic::Open - codec 173 profile:1 extra_size:120 fps:50/1
2021-04-09 20:59:44.607 T:4440 INFO : CBitstreamConverter::Open Invalid hvcC
2021-04-09 20:59:44.607 T:4440 INFO : DVDVideoCodecAmlogic: Opened Amlogic Codec
2021-04-09 20:59:44.607 T:4440 DEBUG : CVideoPlayerVideo::OpenStream - open stream with codec id: 173 fps:50/1 options:c2
2021-04-09 20:59:44.607 T:4440 INFO : Creating video thread
2021-04-09 20:59:44.607 T:4891 DEBUG : Thread VideoPlayerVideo start, auto delete: false
2021-04-09 20:59:44.607 T:4891 INFO : running thread: video_thread
2021-04-09 20:59:44.607 T:4891 DEBUG : CVideoPlayerVideo - CDVDMsg::GENERAL_PAUSE: 0
2021-04-09 20:59:44.607 T:4440 INFO : Opening stream: 1003 source: 256
2021-04-09 20:59:44.608 T:4440 DEBUG : CVideoPlayer::HandleMessages - player 2 reported state: 0
2021-04-09 20:59:44.608 T:4440 DEBUG : CVideoPlayer::ProcessVideoData size:45829 dts:0.822 pts:1.022 dur:40.000ms, clock:0.522 level:0
2021-04-09 20:59:44.608 T:4891 DEBUG : CVideoPlayerVideo - Stillframe left, switching to normal playback
2021-04-09 20:59:44.608 T:4891 INFO : DVDVideoCodecAmlogic::AddData Open decoder: fps:50/1
2021-04-09 20:59:44.608 T:4440 DEBUG : CVideoPlayer::ProcessVideoData size:3294 dts:0.842 pts:0.942 dur:40.000ms, clock:0.523 level:0
2021-04-09 20:59:44.608 T:4440 DEBUG : CVideoPlayer::ProcessVideoData size:2295 dts:0.862 pts:0.902 dur:40.000ms, clock:0.523 level:0
2021-04-09 20:59:44.608 T:4891 DEBUG : CAMLCodec::OpenDecoder video_rate exception
2021-04-09 20:59:44.608 T:4891 DEBUG : codecid_to_vformat, id(173) -> vformat(11)
2021-04-09 20:59:44.608 T:4891 DEBUG : codec_tag_to_vdec_type, codec_tag(173) -> vdec_type(15)
2021-04-09 20:59:44.608 T:4440 DEBUG : CVideoPlayer::ProcessVideoData size:526 dts:0.882 pts:0.882 dur:40.000ms, clock:0.523 level:1
2021-04-09 20:59:44.608 T:4891 DEBUG : CAMLCodec::OpenDecoder hints.width(1920), hints.height(1080), hints.codec(173), hints.codec_tag(0)
2021-04-09 20:59:44.608 T:4891 DEBUG : CAMLCodec::OpenDecoder hints.fpsrate(50), hints.fpsscale(1), video_rate(3844)
2021-04-09 20:59:44.608 T:4891 DEBUG : CAMLCodec::OpenDecoder hints.aspect(1.777778), video_ratio.num(1), video_ratio.den(1)
2021-04-09 20:59:44.608 T:4440 DEBUG : CVideoPlayer::ProcessVideoData size:530 dts:0.902 pts:0.922 dur:40.000ms, clock:0.523 level:1
2021-04-09 20:59:44.608 T:4891 DEBUG : CAMLCodec::OpenDecoder hints.orientation(0), hints.forced_aspect(0), hints.extrasize(0)
2021-04-09 20:59:44.609 T:4440 DEBUG : CVideoPlayer::ProcessVideoData size:2485 dts:0.922 pts:0.982 dur:40.000ms, clock:0.523 level:1
2021-04-09 20:59:44.609 T:4440 DEBUG : CVideoPlayer::ProcessVideoData size:3757 dts:0.942 pts:0.962 dur:40.000ms, clock:0.523 level:1
2021-04-09 20:59:44.609 T:4440 DEBUG : CVideoPlayer::ProcessVideoData size:581 dts:0.962 pts:1.002 dur:40.000ms, clock:0.524 level:2
2021-04-09 20:59:44.609 T:4440 DEBUG : CVideoPlayer::ProcessVideoData size:9294 dts:0.982 pts:1.162 dur:40.000ms, clock:0.524 level:2
2021-04-09 20:59:44.609 T:4440 DEBUG : CVideoPlayer::ProcessVideoData size:2035 dts:1.002 pts:1.102 dur:40.000ms, clock:0.524 level:2
2021-04-09 20:59:44.610 T:4440 DEBUG : CVideoPlayer::ProcessVideoData size:1213 dts:1.022 pts:1.062 dur:40.000ms, clock:0.524 level:2
2021-04-09 20:59:44.610 T:4440 DEBUG : CVideoPlayer::ProcessVideoData size:545 dts:1.042 pts:1.042 dur:40.000ms, clock:0.525 level:3
2021-04-09 20:59:44.610 T:4440 DEBUG : CVideoPlayer::ProcessVideoData size:431 dts:1.062 pts:1.082 dur:40.000ms, clock:0.525 level:3
2021-04-09 20:59:44.611 T:4440 DEBUG : CVideoPlayer::ProcessVideoData size:1295 dts:1.082 pts:1.142 dur:40.000ms, clock:0.525 level:3
2021-04-09 20:59:44.611 T:4440 DEBUG : CVideoPlayer::ProcessVideoData size:452 dts:1.102 pts:1.122 dur:40.000ms, clock:0.525 level:3
2021-04-09 20:59:44.611 T:4440 DEBUG : CVideoPlayer::ProcessVideoData size:58943 dts:1.122 pts:1.182 dur:40.000ms, clock:0.526 level:4
2021-04-09 20:59:44.612 T:4440 DEBUG : CVideoPlayer::ProcessVideoData size:37073 dts:1.142 pts:1.342 dur:40.000ms, clock:0.526 level:4
2021-04-09 20:59:44.612 T:4440 DEBUG : CVideoPlayer::ProcessVideoData size:4599 dts:1.162 pts:1.262 dur:40.000ms, clock:0.527 level:4
2021-04-09 20:59:44.612 T:4440 DEBUG : CVideoPlayer::ProcessVideoData size:1936 dts:1.182 pts:1.222 dur:40.000ms, clock:0.527 level:4
2021-04-09 20:59:44.612 T:4440 DEBUG : CVideoPlayer::ProcessVideoData size:948 dts:1.202 pts:1.202 dur:40.000ms, clock:0.527 level:5
2021-04-09 20:59:44.613 T:4440 DEBUG : CVideoPlayer::ProcessVideoData size:571 dts:1.222 pts:1.242 dur:40.000ms, clock:0.527 level:5
2021-04-09 20:59:44.613 T:4440 DEBUG : CVideoPlayer::ProcessVideoData size:1817 dts:1.242 pts:1.302 dur:40.000ms, clock:0.528 level:5
2021-04-09 20:59:44.614 T:4440 DEBUG : CVideoPlayer::ProcessVideoData size:501 dts:1.262 pts:1.282 dur:40.000ms, clock:0.528 level:5
2021-04-09 20:59:44.614 T:4440 DEBUG : CVideoPlayer::ProcessVideoData size:736 dts:1.282 pts:1.322 dur:40.000ms, clock:0.529 level:6
2021-04-09 20:59:44.615 T:4440 DEBUG : CVideoPlayer::ProcessVideoData size:28831 dts:1.302 pts:1.502 dur:40.000ms, clock:0.530 level:6
2021-04-09 20:59:44.616 T:4440 DEBUG : CVideoPlayer::ProcessVideoData size:11471 dts:1.322 pts:1.422 dur:40.000ms, clock:0.531 level:6
2021-04-09 20:59:44.617 T:4440 DEBUG : CVideoPlayer::ProcessVideoData size:4022 dts:1.342 pts:1.382 dur:40.000ms, clock:0.532 level:6
2021-04-09 20:59:44.617 T:4440 DEBUG : CVideoPlayer::ProcessVideoData size:602 dts:1.362 pts:1.362 dur:40.000ms, clock:0.532 level:7
2021-04-09 20:59:44.618 T:4440 DEBUG : CVideoPlayer::ProcessVideoData size:761 dts:1.382 pts:1.402 dur:40.000ms, clock:0.533 level:7
2021-04-09 20:59:44.619 T:4440 DEBUG : CVideoPlayer::ProcessVideoData size:5561 dts:1.402 pts:1.462 dur:40.000ms, clock:0.533 level:7
2021-04-09 20:59:44.619 T:4440 DEBUG : CVideoPlayer::ProcessVideoData size:743 dts:1.422 pts:1.442 dur:40.000ms, clock:0.534 level:7
2021-04-09 20:59:44.619 T:4440 DEBUG : CVideoPlayer::ProcessVideoData size:901 dts:1.442 pts:1.482 dur:40.000ms, clock:0.534 level:8
2021-04-09 20:59:44.620 T:4440 DEBUG : CVideoPlayer::ProcessVideoData size:70233 dts:1.462 pts:1.662 dur:40.000ms, clock:0.535 level:8
2021-04-09 20:59:44.620 T:4440 DEBUG : CVideoPlayer::ProcessVideoData size:9042 dts:1.482 pts:1.582 dur:40.000ms, clock:0.535 level:8
2021-04-09 20:59:44.620 T:4440 DEBUG : CVideoPlayer::ProcessVideoData size:5718 dts:1.502 pts:1.542 dur:40.000ms, clock:0.535 level:8
2021-04-09 20:59:44.621 T:4440 DEBUG : CVideoPlayer::ProcessVideoData size:784 dts:1.522 pts:1.522 dur:40.000ms, clock:0.535 level:9
2021-04-09 20:59:44.621 T:4440 DEBUG : CVideoPlayer::ProcessVideoData size:834 dts:1.542 pts:1.562 dur:40.000ms, clock:0.536 level:9
2021-04-09 20:59:44.621 T:4440 DEBUG : CVideoPlayer::ProcessVideoData size:2454 dts:1.562 pts:1.622 dur:40.000ms, clock:0.536 level:9
2021-04-09 20:59:44.621 T:4440 DEBUG : CVideoPlayer::ProcessVideoData size:801 dts:1.582 pts:1.602 dur:40.000ms, clock:0.536 level:9
2021-04-09 20:59:44.621 T:4440 DEBUG : CVideoPlayer::ProcessVideoData size:545 dts:1.602 pts:1.642 dur:40.000ms, clock:0.536 level:10
2021-04-09 20:59:44.622 T:4440 DEBUG : CVideoPlayer::ProcessVideoData size:11456 dts:1.622 pts:1.822 dur:40.000ms, clock:0.536 level:10
2021-04-09 20:59:44.622 T:4440 DEBUG : CVideoPlayer::ProcessVideoData size:8308 dts:1.642 pts:1.742 dur:40.000ms, clock:0.537 level:10
2021-04-09 20:59:44.622 T:4440 DEBUG : CVideoPlayer::ProcessVideoData size:2685 dts:1.662 pts:1.702 dur:40.000ms, clock:0.537 level:10
2021-04-09 20:59:44.623 T:4440 DEBUG : CVideoPlayer::ProcessVideoData size:682 dts:1.682 pts:1.682 dur:40.000ms, clock:0.537 level:11
2021-04-09 20:59:44.623 T:4440 DEBUG : CVideoPlayer::ProcessVideoData size:657 dts:1.702 pts:1.722 dur:40.000ms, clock:0.537 level:10
2021-04-09 20:59:44.623 T:4440 DEBUG : CVideoPlayer::ProcessVideoData size:2528 dts:1.722 pts:1.782 dur:40.000ms, clock:0.538 level:10
2021-04-09 20:59:44.623 T:4440 DEBUG : CVideoPlayer::ProcessVideoData size:617 dts:1.742 pts:1.762 dur:40.000ms, clock:0.538 level:10
2021-04-09 20:59:44.624 T:4440 DEBUG : CVideoPlayer::ProcessVideoData size:757 dts:1.762 pts:1.802 dur:40.000ms, clock:0.538 level:11
2021-04-09 20:59:44.624 T:4440 DEBUG : CVideoPlayer::ProcessVideoData size:42366 dts:1.782 pts:1.982 dur:40.000ms, clock:0.539 level:11
2021-04-09 20:59:44.625 T:4440 DEBUG : CVideoPlayer::ProcessVideoData size:7625 dts:1.802 pts:1.902 dur:40.000ms, clock:0.539 level:11
2021-04-09 20:59:44.625 T:4440 DEBUG : CVideoPlayer::ProcessVideoData size:4189 dts:1.822 pts:1.862 dur:40.000ms, clock:0.540 level:11
2021-04-09 20:59:44.625 T:4440 DEBUG : CVideoPlayer::ProcessVideoData size:784 dts:1.842 pts:1.842 dur:40.000ms, clock:0.540 level:12
2021-04-09 20:59:44.625 T:4440 DEBUG : CVideoPlayer::ProcessVideoData size:741 dts:1.862 pts:1.882 dur:40.000ms, clock:0.540 level:12
2021-04-09 20:59:44.626 T:4440 DEBUG : CVideoPlayer::ProcessVideoData size:3996 dts:1.882 pts:1.942 dur:40.000ms, clock:0.540 level:12
2021-04-09 20:59:44.626 T:4440 DEBUG : CVideoPlayer::ProcessVideoData size:794 dts:1.902 pts:1.922 dur:40.000ms, clock:0.541 level:12
2021-04-09 20:59:44.626 T:4440 DEBUG : CVideoPlayer::ProcessVideoData size:1059 dts:1.922 pts:1.962 dur:40.000ms, clock:0.541 level:13
2021-04-09 20:59:44.627 T:4440 DEBUG : CVideoPlayer::ProcessVideoData size:83680 dts:1.942 pts:2.142 dur:40.000ms, clock:0.541 level:13
2021-04-09 20:59:44.627 T:4440 DEBUG : CVideoPlayer::ProcessVideoData size:13841 dts:1.962 pts:2.062 dur:40.000ms, clock:0.542 level:13
2021-04-09 20:59:44.627 T:4440 DEBUG : CVideoPlayer::ProcessVideoData size:7402 dts:1.982 pts:2.022 dur:40.000ms, clock:0.542 level:13
2021-04-09 20:59:44.627 T:4440 DEBUG : CVideoPlayer::ProcessVideoData size:1112 dts:2.002 pts:2.002 dur:40.000ms, clock:0.542 level:14
2021-04-09 20:59:44.627 T:4440 DEBUG : CVideoPlayer::ProcessVideoData size:1133 dts:2.022 pts:2.042 dur:40.000ms, clock:0.542 level:14
2021-04-09 20:59:44.627 T:4440 DEBUG : CVideoPlayer::ProcessVideoData size:6976 dts:2.042 pts:2.102 dur:40.000ms, clock:0.542 level:14
2021-04-09 20:59:44.628 T:4440 DEBUG : CVideoPlayer::ProcessVideoData size:1042 dts:2.062 pts:2.082 dur:40.000ms, clock:0.542 level:14
2021-04-09 20:59:44.628 T:4440 DEBUG : CVideoPlayer::ProcessVideoData size:941 dts:2.082 pts:2.122 dur:40.000ms, clock:0.542 level:15
2021-04-09 20:59:44.628 T:4440 DEBUG : CVideoPlayer::ProcessVideoData size:27743 dts:2.102 pts:2.302 dur:40.000ms, clock:0.543 level:15
2021-04-09 20:59:44.628 T:4440 DEBUG : CVideoPlayer::ProcessVideoData size:10509 dts:2.122 pts:2.222 dur:40.000ms, clock:0.543 level:15
2021-04-09 20:59:44.628 T:4440 DEBUG : CVideoPlayer::ProcessVideoData size:4884 dts:2.142 pts:2.182 dur:40.000ms, clock:0.543 level:15
2021-04-09 20:59:44.629 T:4440 DEBUG : CVideoPlayer::ProcessVideoData size:1120 dts:2.162 pts:2.162 dur:40.000ms, clock:0.543 level:15
2021-04-09 20:59:44.629 T:4440 DEBUG : CVideoPlayer::ProcessVideoData size:1028 dts:2.182 pts:2.202 dur:40.000ms, clock:0.543 level:16
2021-04-09 20:59:44.629 T:4440 DEBUG : CVideoPlayer::ProcessVideoData size:4753 dts:2.202 pts:2.262 dur:40.000ms, clock:0.544 level:16
2021-04-09 20:59:44.629 T:4440 DEBUG : CVideoPlayer::ProcessVideoData size:963 dts:2.222 pts:2.242 dur:40.000ms, clock:0.544 level:16
2021-04-09 20:59:44.629 T:4440 DEBUG : CVideoPlayer::ProcessVideoData size:1027 dts:2.242 pts:2.282 dur:40.000ms, clock:0.544 level:16
2021-04-09 20:59:44.629 T:4440 DEBUG : CVideoPlayer::ProcessVideoData size:32685 dts:2.262 pts:2.462 dur:40.000ms, clock:0.544 level:17
2021-04-09 20:59:44.630 T:4440 DEBUG : CVideoPlayer::ProcessVideoData size:10047 dts:2.282 pts:2.382 dur:40.000ms, clock:0.545 level:17
2021-04-09 20:59:44.630 T:4440 DEBUG : CVideoPlayer::ProcessVideoData size:7060 dts:2.302 pts:2.342 dur:40.000ms, clock:0.545 level:17
2021-04-09 20:59:44.631 T:4440 DEBUG : CVideoPlayer::ProcessVideoData size:1093 dts:2.322 pts:2.322 dur:40.000ms, clock:0.545 level:17
2021-04-09 20:59:44.631 T:4440 DEBUG : CVideoPlayer::ProcessVideoData size:993 dts:2.342 pts:2.362 dur:40.000ms, clock:0.546 level:18
2021-04-09 20:59:44.632 T:4440 DEBUG : CVideoPlayer::ProcessVideoData size:7261 dts:2.362 pts:2.422 dur:40.000ms, clock:0.547 level:18
2021-04-09 20:59:44.632 T:4440 DEBUG : CVideoPlayer::ProcessVideoData size:1074 dts:2.382 pts:2.402 dur:40.000ms, clock:0.547 level:18
2021-04-09 20:59:44.632 T:4440 DEBUG : CVideoPlayer::ProcessVideoData size:1179 dts:2.402 pts:2.442 dur:40.000ms, clock:0.547 level:18
2021-04-09 20:59:44.633 T:4440 DEBUG : CVideoPlayer::ProcessVideoData size:95043 dts:2.422 pts:2.622 dur:40.000ms, clock:0.548 level:19
2021-04-09 20:59:44.633 T:4440 DEBUG : CVideoPlayer::ProcessVideoData size:1729 dts:2.442 pts:2.542 dur:40.000ms, clock:0.548 level:19
2021-04-09 20:59:44.634 T:4440 DEBUG : CVideoPlayer::ProcessVideoData size:2109 dts:2.462 pts:2.502 dur:40.000ms, clock:0.549 level:19
2021-04-09 20:59:44.634 T:4440 DEBUG : CVideoPlayer::ProcessVideoData size:1077 dts:2.482 pts:2.482 dur:40.000ms, clock:0.549 level:19
2021-04-09 20:59:44.634 T:4440 DEBUG : CVideoPlayer::ProcessVideoData size:503 dts:2.502 pts:2.522 dur:40.000ms, clock:0.549 level:20
2021-04-09 20:59:44.635 T:4440 DEBUG : CVideoPlayer::ProcessVideoData size:815 dts:2.522 pts:2.582 dur:40.000ms, clock:0.549 level:20
2021-04-09 20:59:44.635 T:4440 DEBUG : CVideoPlayer::ProcessVideoData size:263 dts:2.542 pts:2.562 dur:40.000ms, clock:0.549 level:20
2021-04-09 20:59:44.635 T:4440 DEBUG : CVideoPlayer::ProcessVideoData size:277 dts:2.562 pts:2.602 dur:40.000ms, clock:0.549 level:20
2021-04-09 20:59:44.635 T:4440 DEBUG : CVideoPlayer::ProcessVideoData size:31439 dts:2.582 pts:2.782 dur:40.000ms, clock:0.550 level:21
2021-04-09 20:59:44.635 T:4440 DEBUG : CVideoPlayer::ProcessVideoData size:8539 dts:2.602 pts:2.702 dur:40.000ms, clock:0.550 level:21
2021-04-09 20:59:44.635 T:4440 DEBUG : CVideoPlayer::ProcessVideoData size:1247 dts:2.622 pts:2.662 dur:40.000ms, clock:0.550 level:21
2021-04-09 20:59:44.635 T:4440 DEBUG : CVideoPlayer::ProcessVideoData size:347 dts:2.642 pts:2.642 dur:40.000ms, clock:0.550 level:21
2021-04-09 20:59:44.635 T:4440 DEBUG : CVideoPlayer::ProcessVideoData size:545 dts:2.662 pts:2.682 dur:40.000ms, clock:0.550 level:22
2021-04-09 20:59:44.635 T:4440 DEBUG : CVideoPlayer::ProcessVideoData size:2460 dts:2.682 pts:2.742 dur:40.000ms, clock:0.550 level:22
2021-04-09 20:59:44.635 T:4440 DEBUG : CVideoPlayer::ProcessVideoData size:318 dts:2.702 pts:2.722 dur:40.000ms, clock:0.550 level:22
2021-04-09 20:59:44.635 T:4440 DEBUG : CVideoPlayer::ProcessVideoData size:463 dts:2.722 pts:2.762 dur:40.000ms, clock:0.550 level:22
2021-04-09 20:59:44.636 T:4440 DEBUG : CVideoPlayer::ProcessVideoData size:14377 dts:2.742 pts:2.942 dur:40.000ms, clock:0.550 level:23
2021-04-09 20:59:44.636 T:4440 DEBUG : CVideoPlayer::ProcessVideoData size:5284 dts:2.762 pts:2.862 dur:40.000ms, clock:0.550 level:23
2021-04-09 20:59:44.636 T:4440 DEBUG : CVideoPlayer::ProcessVideoData size:1426 dts:2.782 pts:2.822 dur:40.000ms, clock:0.550 level:23
2021-04-09 20:59:44.636 T:4440 DEBUG : CVideoPlayer::ProcessVideoData size:3482 dts:2.802 pts:2.802 dur:40.000ms, clock:0.551 level:23
2021-04-09 20:59:44.636 T:4440 DEBUG : CVideoPlayer::ProcessVideoData size:9181 dts:2.822 pts:2.842 dur:40.000ms, clock:0.551 level:23
2021-04-09 20:59:44.636 T:4440 DEBUG : CVideoPlayer::ProcessVideoData size:9181 dts:2.842 pts:2.902 dur:40.000ms, clock:0.551 level:24
2021-04-09 20:59:44.636 T:4440 DEBUG : CVideoPlayer::ProcessVideoData size:9181 dts:2.862 pts:2.882 dur:40.000ms, clock:0.551 level:24
2021-04-09 20:59:44.636 T:4440 DEBUG : CVideoPlayer::ProcessVideoData size:9181 dts:2.882 pts:2.922 dur:40.000ms, clock:0.551 level:24
2021-04-09 20:59:44.637 T:4440 DEBUG : CVideoPlayer::ProcessVideoData size:98818 dts:2.902 pts:3.102 dur:40.000ms, clock:0.552 level:24
2021-04-09 20:59:44.637 T:4440 DEBUG : CVideoPlayer::ProcessVideoData size:8569 dts:2.922 pts:3.022 dur:40.000ms, clock:0.552 level:25
2021-04-09 20:59:44.637 T:4440 DEBUG : CVideoPlayer::ProcessVideoData size:1518 dts:2.942 pts:2.982 dur:40.000ms, clock:0.552 level:25
2021-04-09 20:59:44.637 T:4440 DEBUG : CVideoPlayer::ProcessVideoData size:339 dts:2.962 pts:2.962 dur:40.000ms, clock:0.552 level:25
2021-04-09 20:59:44.636 T:4891 DEBUG : CVideoPlayerVideo::OutputPicture - ttd:471ms pts:1.022 Clock:0.551 Level:0
2021-04-09 20:59:44.637 T:4440 DEBUG : CVideoPlayer::ProcessVideoData size:339 dts:2.982 pts:3.002 dur:40.000ms, clock:0.552 level:25
2021-04-09 20:59:44.639 T:4440 DEBUG : CVideoPlayer::ProcessVideoData size:1373 dts:3.002 pts:3.062 dur:40.000ms, clock:0.553 level:26
2021-04-09 20:59:44.639 T:4440 DEBUG : CVideoPlayer::ProcessVideoData size:271 dts:3.022 pts:3.042 dur:40.000ms, clock:0.554 level:26
2021-04-09 20:59:44.639 T:4440 DEBUG : CVideoPlayer::ProcessVideoData size:348 dts:3.042 pts:3.082 dur:40.000ms, clock:0.554 level:26
2021-04-09 20:59:44.640 T:4440 DEBUG : CVideoPlayer::ProcessVideoData size:9920 dts:3.062 pts:3.262 dur:40.000ms, clock:0.554 level:26
2021-04-09 20:59:44.640 T:4440 DEBUG : CVideoPlayer::ProcessVideoData size:3338 dts:3.082 pts:3.182 dur:40.000ms, clock:0.554 level:27
2021-04-09 20:59:44.640 T:4440 DEBUG : CVideoPlayer::ProcessVideoData size:1339 dts:3.102 pts:3.142 dur:40.000ms, clock:0.555 level:27
2021-04-09 20:59:44.640 T:4440 DEBUG : CVideoPlayer::ProcessVideoData size:413 dts:3.122 pts:3.122 dur:40.000ms, clock:0.555 level:27
2021-04-09 20:59:44.640 T:4440 DEBUG : CVideoPlayer::ProcessVideoData size:453 dts:3.142 pts:3.162 dur:40.000ms, clock:0.555 level:27
2021-04-09 20:59:44.641 T:4440 DEBUG : CVideoPlayer::ProcessVideoData size:5133 dts:3.162 pts:3.222 dur:40.000ms, clock:0.555 level:28
2021-04-09 20:59:44.641 T:4440 DEBUG : CVideoPlayer::ProcessVideoData size:9733 dts:3.182 pts:3.202 dur:40.000ms, clock:0.556 level:28
2021-04-09 20:59:44.641 T:4440 DEBUG : CVideoPlayer::ProcessVideoData size:9549 dts:3.202 pts:3.242 dur:40.000ms, clock:0.556 level:28
2021-04-09 20:59:44.641 T:4440 DEBUG : CVideoPlayer::ProcessVideoData size:10361 dts:3.222 pts:3.422 dur:40.000ms, clock:0.556 level:28
2021-04-09 20:59:44.642 T:4440 DEBUG : CVideoPlayer::HandleMessages - player started 2
2021-04-09 20:59:44.642 T:4440 DEBUG : VideoPlayer::Sync - Video - pts: 1.042, cache: 0.050, totalcache: 0.100, packets:121 level:29
2021-04-09 20:59:44.642 T:4440 WARNING : CDVDMessageQueue(audio)::Put MSGQ_NOT_INITIALIZED
2021-04-09 20:59:44.642 T:4440 DEBUG : CVideoPlayer::ProcessVideoData size:6973 dts:3.242 pts:3.342 dur:40.000ms, clock:0.943 level:29
2021-04-09 20:59:44.643 T:4891 DEBUG : CVideoPlayerVideo - CDVDMsg::GENERAL_RESYNC(942488.000000)
2021-04-09 20:59:44.643 T:4440 DEBUG : CVideoPlayer::ProcessVideoData size:8261 dts:3.262 pts:3.302 dur:40.000ms, clock:0.943 level:29
2021-04-09 20:59:44.643 T:4440 DEBUG : CVideoPlayer::ProcessVideoData size:8266 dts:3.282 pts:3.282 dur:40.000ms, clock:0.944 level:28
2021-04-09 20:59:44.643 T:4440 DEBUG : CVideoPlayer::ProcessVideoData size:8261 dts:3.302 pts:3.322 dur:40.000ms, clock:0.944 level:28
2021-04-09 20:59:44.644 T:4440 DEBUG : CVideoPlayer::ProcessVideoData size:8261 dts:3.322 pts:3.382 dur:40.000ms, clock:0.944 level:28
2021-04-09 20:59:44.644 T:4440 DEBUG : CVideoPlayer::ProcessVideoData size:8077 dts:3.342 pts:3.362 dur:40.000ms, clock:0.945 level:29
2021-04-09 20:59:44.644 T:4440 DEBUG : CVideoPlayer::ProcessVideoData size:7893 dts:3.362 pts:3.402 dur:40.000ms, clock:0.945 level:29
2021-04-09 20:59:44.645 T:4440 DEBUG : CVideoPlayer::ProcessVideoData size:8077 dts:3.382 pts:3.442 dur:40.000ms, clock:0.945 level:29
2021-04-09 20:59:44.646 T:4306 DEBUG : OnAVStarted: CApplication::OnAVStarted
2021-04-09 20:59:44.656 T:5056 DEBUG : CAMLCodec::SetVideoRect: decoder fps has changed, video_rate adjusted from 3844 to 1920
2021-04-09 20:59:44.656 T:5056 DEBUG : CAMLCodec::SetVideoRect:display(0,0,1920,1080)
2021-04-09 20:59:44.656 T:5056 DEBUG : CAMLCodec::SetVideoRect:gui(0,0,1920,1080)
2021-04-09 20:59:44.656 T:5056 DEBUG : CAMLCodec::SetVideoRect:m_dst_rect(0,0,1920,1080)
2021-04-09 20:59:44.656 T:5056 DEBUG : CAMLCodec::SetVideoRect:dst_rect(0,0,1920,1080)
2021-04-09 20:59:44.656 T:5056 DEBUG : CAMLCodec::SetVideoRect:m_guiStereoMode(0)
2021-04-09 20:59:44.656 T:5056 DEBUG : CAMLCodec::SetVideoRect:m_guiStereoView(0)
2021-04-09 20:59:44.667 T:4891 DEBUG : CVideoPlayerVideo::OutputPicture - ttd:74ms pts:1.042 Clock:0.968 Level:0
2021-04-09 20:59:44.669 T:4891 DEBUG : CVideoPlayerVideo::OutputPicture - ttd:92ms pts:1.062 Clock:0.970 Level:1
2021-04-09 20:59:44.676 T:4891 DEBUG : CVideoPlayerVideo::OutputPicture - ttd:105ms pts:1.082 Clock:0.977 Level:2
2021-04-09 20:59:44.678 T:4891 DEBUG : CVideoPlayerVideo::OutputPicture - ttd:123ms pts:1.102 Clock:0.979 Level:3
2021-04-09 20:59:44.679 T:4891 DEBUG : CVideoPlayerVideo::OutputPicture - ttd:142ms pts:1.122 Clock:0.980 Level:4
2021-04-09 20:59:44.681 T:4891 DEBUG : CVideoPlayerVideo::OutputPicture - ttd:160ms pts:1.142 Clock:0.982 Level:5
2021-04-09 20:59:44.685 T:4891 DEBUG : CVideoPlayerVideo::OutputPicture - ttd:177ms pts:1.162 Clock:0.985 Level:6
2021-04-09 20:59:44.690 T:4440 DEBUG : CVideoPlayer::ProcessVideoData size:106692 dts:3.402 pts:3.462 dur:40.000ms, clock:0.990 level:26
2021-04-09 20:59:44.726 T:4440 DEBUG : CVideoPlayer::ProcessVideoData size:23359 dts:3.422 pts:3.622 dur:40.000ms, clock:1.027 level:24
2021-04-09 20:59:44.731 T:4891 DEBUG : CVideoPlayerVideo::OutputPicture - ttd:150ms pts:1.182 Clock:1.032 Level:5
2021-04-09 20:59:44.749 T:4891 DEBUG : CVideoPlayerVideo::OutputPicture - ttd:152ms pts:1.202 Clock:1.050 Level:5
2021-04-09 20:59:44.767 T:4891 DEBUG : CVideoPlayerVideo::OutputPicture - ttd:155ms pts:1.222 Clock:1.067 Level:5
2021-04-09 20:59:44.770 T:4440 DEBUG : CVideoPlayer::ProcessVideoData size:8157 dts:3.442 pts:3.542 dur:40.000ms, clock:1.071 level:23
2021-04-09 20:59:44.771 T:4440 DEBUG : CVideoPlayer::ProcessVideoData size:2335 dts:3.462 pts:3.502 dur:40.000ms, clock:1.071 level:23
2021-04-09 20:59:44.771 T:4440 DEBUG : CVideoPlayer::ProcessVideoData size:1670 dts:3.482 pts:3.482 dur:40.000ms, clock:1.072 level:23
2021-04-09 20:59:44.771 T:4440 DEBUG : CVideoPlayer::ProcessVideoData size:505 dts:3.502 pts:3.522 dur:40.000ms, clock:1.072 level:23
2021-04-09 20:59:44.772 T:4440 DEBUG : CVideoPlayer::ProcessVideoData size:2047 dts:3.522 pts:3.582 dur:40.000ms, clock:1.072 level:24
2021-04-09 20:59:44.772 T:4440 DEBUG : CVideoPlayer::ProcessVideoData size:703 dts:3.542 pts:3.562 dur:40.000ms, clock:1.072 level:24
2021-04-09 20:59:44.772 T:4440 DEBUG : CVideoPlayer::ProcessVideoData size:497 dts:3.562 pts:3.602 dur:40.000ms, clock:1.072 level:24
2021-04-09 20:59:44.784 T:4891 DEBUG : CVideoPlayerVideo::OutputPicture - ttd:157ms pts:1.242 Clock:1.085 Level:5
2021-04-09 20:59:44.801 T:4891 DEBUG : CVideoPlayerVideo::OutputPicture - ttd:160ms pts:1.262 Clock:1.102 Level:6
2021-04-09 20:59:44.807 T:4440 DEBUG : CVideoPlayer::ProcessVideoData size:14797 dts:3.582 pts:3.782 dur:40.000ms, clock:1.108 level:23
2021-04-09 20:59:44.808 T:4440 DEBUG : CVideoPlayer::ProcessVideoData size:6936 dts:3.602 pts:3.702 dur:40.000ms, clock:1.108 level:23
2021-04-09 20:59:44.808 T:4440 DEBUG : CVideoPlayer::ProcessVideoData size:1618 dts:3.622 pts:3.662 dur:40.000ms, clock:1.108 level:23
2021-04-09 20:59:44.808 T:4440 DEBUG : CVideoPlayer::ProcessVideoData size:597 dts:3.642 pts:3.642 dur:40.000ms, clock:1.109 level:24
2021-04-09 20:59:44.808 T:4440 DEBUG : CVideoPlayer::ProcessVideoData size:399 dts:3.662 pts:3.682 dur:40.000ms, clock:1.109 level:24
2021-04-09 20:59:44.835 T:4891 DEBUG : CVideoPlayerVideo::OutputPicture - ttd:146ms pts:1.282 Clock:1.136 Level:5
2021-04-09 20:59:44.845 T:4440 DEBUG : CVideoPlayer::ProcessVideoData size:1826 dts:3.682 pts:3.742 dur:40.000ms, clock:1.145 level:22
2021-04-09 20:59:44.845 T:4440 DEBUG : CVideoPlayer::ProcessVideoData size:493 dts:3.702 pts:3.722 dur:40.000ms, clock:1.146 level:23
2021-04-09 20:59:44.845 T:4440 DEBUG : CVideoPlayer::ProcessVideoData size:521 dts:3.722 pts:3.762 dur:40.000ms, clock:1.146 level:23
2021-04-09 20:59:44.853 T:4891 DEBUG : CVideoPlayerVideo::OutputPicture - ttd:149ms pts:1.302 Clock:1.153 Level:5
2021-04-09 20:59:44.867 T:4891 DEBUG : CVideoPlayerVideo::OutputPicture - ttd:154ms pts:1.322 Clock:1.168 Level:5
2021-04-09 20:59:44.900 T:4891 DEBUG : CVideoPlayerVideo::OutputPicture - ttd:141ms pts:1.342 Clock:1.201 Level:5
2021-04-09 20:59:44.934 T:4891 DEBUG : CVideoPlayerVideo::OutputPicture - ttd:128ms pts:1.362 Clock:1.234 Level:4
2021-04-09 20:59:44.951 T:4891 DEBUG : CVideoPlayerVideo::OutputPicture - ttd:130ms pts:1.382 Clock:1.252 Level:4
2021-04-09 20:59:44.969 T:4891 DEBUG : CVideoPlayerVideo::OutputPicture - ttd:132ms pts:1.402 Clock:1.270 Level:4
2021-04-09 20:59:44.981 T:4891 DEBUG : CVideoPlayerVideo::OutputPicture - ttd:140ms pts:1.422 Clock:1.282 Level:4
2021-04-09 20:59:45.001 T:4891 DEBUG : CVideoPlayerVideo::OutputPicture - ttd:140ms pts:1.442 Clock:1.302 Level:5
2021-04-09 20:59:45.033 T:4891 DEBUG : CVideoPlayerVideo::OutputPicture - ttd:128ms pts:1.462 Clock:1.334 Level:4
2021-04-09 20:59:45.066 T:4891 DEBUG : CVideoPlayerVideo::OutputPicture - ttd:115ms pts:1.482 Clock:1.367 Level:3
2021-04-09 20:59:45.074 T:4891 DEBUG : CVideoPlayerVideo::OutputPicture - ttd:127ms pts:1.502 Clock:1.375 Level:4
2021-04-09 20:59:45.081 T:4891 DEBUG : CVideoPlayerVideo::OutputPicture - ttd:141ms pts:1.522 Clock:1.381 Level:5
2021-04-09 20:59:45.105 T:4440 DEBUG : CVideoPlayer::ProcessVideoData size:125898 dts:3.742 pts:3.942 dur:40.000ms, clock:1.406 level:15
2021-04-09 20:59:45.106 T:4440 DEBUG : CVideoPlayer::ProcessVideoData size:5916 dts:3.762 pts:3.862 dur:40.000ms, clock:1.407 level:15
2021-04-09 20:59:45.120 T:4891 DEBUG : CVideoPlayerVideo::OutputPicture - ttd:121ms pts:1.542 Clock:1.421 Level:3
2021-04-09 20:59:45.134 T:4891 DEBUG : CVideoPlayerVideo::OutputPicture - ttd:128ms pts:1.562 Clock:1.434 Level:4
2021-04-09 20:59:45.143 T:4440 DEBUG : CVideoPlayer::ProcessVideoData size:2493 dts:3.782 pts:3.822 dur:40.000ms, clock:1.444 level:15
2021-04-09 20:59:45.143 T:4440 DEBUG : CVideoPlayer::ProcessVideoData size:672 dts:3.802 pts:3.802 dur:40.000ms, clock:1.444 level:15
2021-04-09 20:59:45.143 T:4440 DEBUG : CVideoPlayer::ProcessVideoData size:459 dts:3.822 pts:3.842 dur:40.000ms, clock:1.444 level:15
2021-04-09 20:59:45.143 T:4440 DEBUG : CVideoPlayer::ProcessVideoData size:1875 dts:3.842 pts:3.902 dur:40.000ms, clock:1.444 level:16
2021-04-09 20:59:45.143 T:4440 DEBUG : CVideoPlayer::ProcessVideoData size:479 dts:3.862 pts:3.882 dur:40.000ms, clock:1.444 level:16
2021-04-09 20:59:45.143 T:4440 DEBUG : CVideoPlayer::ProcessVideoData size:425 dts:3.882 pts:3.922 dur:40.000ms, clock:1.444 level:16
2021-04-09 20:59:45.154 T:4891 DEBUG : CVideoPlayerVideo::OutputPicture - ttd:128ms pts:1.582 Clock:1.454 Level:3
2021-04-09 20:59:45.168 T:4891 DEBUG : CVideoPlayerVideo::OutputPicture - ttd:134ms pts:1.602 Clock:1.468 Level:4
2021-04-09 20:59:45.169 T:4891 DEBUG : CVideoPlayerVideo::OutputPicture - ttd:152ms pts:1.622 Clock:1.470 Level:5
2021-04-09 20:59:45.182 T:4891 DEBUG : CVideoPlayerVideo::OutputPicture - ttd:159ms pts:1.642 Clock:1.483 Level:5
2021-04-09 20:59:45.184 T:4440 DEBUG : CVideoPlayer::ProcessVideoData size:23458 dts:3.902 pts:4.102 dur:40.000ms, clock:1.484 level:16
2021-04-09 20:59:45.197 T:4891 DEBUG : CVideoPlayerVideo::OutputPicture - ttd:164ms pts:1.662 Clock:1.497 Level:6
2021-04-09 20:59:45.225 T:4440 DEBUG : CVideoPlayer::ProcessVideoData size:6162 dts:3.922 pts:4.022 dur:40.000ms, clock:1.525 level:15
2021-04-09 20:59:45.225 T:4440 DEBUG : CVideoPlayer::ProcessVideoData size:2402 dts:3.942 pts:3.982 dur:40.000ms, clock:1.526 level:16
2021-04-09 20:59:45.225 T:4440 DEBUG : CVideoPlayer::ProcessVideoData size:509 dts:3.962 pts:3.962 dur:40.000ms, clock:1.526 level:16
2021-04-09 20:59:45.225 T:4440 DEBUG : CVideoPlayer::ProcessVideoData size:575 dts:3.982 pts:4.002 dur:40.000ms, clock:1.526 level:16
2021-04-09 20:59:45.225 T:4440 DEBUG : CVideoPlayer::ProcessVideoData size:2011 dts:4.002 pts:4.062 dur:40.000ms, clock:1.526 level:16
2021-04-09 20:59:45.225 T:4440 DEBUG : CVideoPlayer::ProcessVideoData size:503 dts:4.022 pts:4.042 dur:40.000ms, clock:1.526 level:17
2021-04-09 20:59:45.226 T:4440 DEBUG : CVideoPlayer::ProcessVideoData size:404 dts:4.042 pts:4.082 dur:40.000ms, clock:1.526 level:17
2021-04-09 20:59:45.236 T:4891 DEBUG : CVideoPlayerVideo::OutputPicture - ttd:146ms pts:1.682 Clock:1.536 Level:5
2021-04-09 20:59:45.250 T:4891 DEBUG : CVideoPlayerVideo::OutputPicture - ttd:152ms pts:1.702 Clock:1.550 Level:5
2021-04-09 20:59:45.263 T:4440 DEBUG : CVideoPlayer::ProcessVideoData size:19965 dts:4.062 pts:4.262 dur:40.000ms, clock:1.564 level:17
2021-04-09 20:59:45.270 T:4891 DEBUG : CVideoPlayerVideo::OutputPicture - ttd:151ms pts:1.722 Clock:1.571 Level:5
2021-04-09 20:59:45.284 T:4891 DEBUG : CVideoPlayerVideo::OutputPicture - ttd:158ms pts:1.742 Clock:1.584 Level:5
2021-04-09 20:59:45.302 T:4440 DEBUG : CVideoPlayer::ProcessVideoData size:5254 dts:4.082 pts:4.182 dur:40.000ms, clock:1.603 level:16
2021-04-09 20:59:45.303 T:4440 DEBUG : CVideoPlayer::ProcessVideoData size:2393 dts:4.102 pts:4.142 dur:40.000ms, clock:1.603 level:17
2021-04-09 20:59:45.303 T:4440 DEBUG : CVideoPlayer::ProcessVideoData size:657 dts:4.122 pts:4.122 dur:40.000ms, clock:1.604 level:17
2021-04-09 20:59:45.303 T:4440 DEBUG : CVideoPlayer::ProcessVideoData size:394 dts:4.142 pts:4.162 dur:40.000ms, clock:1.604 level:17
2021-04-09 20:59:45.303 T:4440 DEBUG : CVideoPlayer::ProcessVideoData size:2026 dts:4.162 pts:4.222 dur:40.000ms, clock:1.604 level:17
2021-04-09 20:59:45.304 T:4440 DEBUG : CVideoPlayer::ProcessVideoData size:545 dts:4.182 pts:4.202 dur:40.000ms, clock:1.604 level:18
2021-04-09 20:59:45.304 T:4440 DEBUG : CVideoPlayer::ProcessVideoData size:360 dts:4.202 pts:4.242 dur:40.000ms, clock:1.604 level:18
2021-04-09 20:59:45.305 T:4891 DEBUG : CVideoPlayerVideo::OutputPicture - ttd:156ms pts:1.762 Clock:1.606 Level:5
2021-04-09 20:59:45.318 T:4891 DEBUG : CVideoPlayerVideo::OutputPicture - ttd:163ms pts:1.782 Clock:1.619 Level:6
2021-04-09 20:59:45.351 T:4891 DEBUG : CVideoPlayerVideo::OutputPicture - ttd:150ms pts:1.802 Clock:1.652 Level:5
2021-04-09 20:59:45.384 T:4891 DEBUG : CVideoPlayerVideo::OutputPicture - ttd:137ms pts:1.822 Clock:1.685 Level:4
2021-04-09 20:59:45.398 T:4891 DEBUG : CVideoPlayerVideo::OutputPicture - ttd:144ms pts:1.842 Clock:1.698 Level:5
2021-04-09 20:59:45.431 T:4891 DEBUG : CVideoPlayerVideo::OutputPicture - ttd:131ms pts:1.862 Clock:1.731 Level:4
2021-04-09 20:59:45.451 T:4891 DEBUG : CVideoPlayerVideo::OutputPicture - ttd:130ms pts:1.882 Clock:1.752 Level:4
2021-04-09 20:59:45.467 T:4891 DEBUG : CVideoPlayerVideo::OutputPicture - ttd:134ms pts:1.902 Clock:1.768 Level:4
2021-04-09 20:59:45.487 T:4891 DEBUG : CVideoPlayerVideo::OutputPicture - ttd:134ms pts:1.922 Clock:1.788 Level:4
2021-04-09 20:59:45.500 T:4891 DEBUG : CVideoPlayerVideo::OutputPicture - ttd:141ms pts:1.942 Clock:1.801 Level:5
2021-04-09 20:59:45.553 T:4891 DEBUG : CVideoPlayerVideo::OutputPicture - ttd:108ms pts:1.962 Clock:1.854 Level:3
2021-04-09 20:59:45.556 T:4891 DEBUG : CVideoPlayerVideo::OutputPicture - ttd:125ms pts:1.982 Clock:1.857 Level:3
2021-04-09 20:59:45.569 T:4891 DEBUG : CVideoPlayerVideo::OutputPicture - ttd:133ms pts:2.002 Clock:1.869 Level:4
2021-04-09 20:59:45.582 T:4891 DEBUG : CVideoPlayerVideo::OutputPicture - ttd:139ms pts:2.022 Clock:1.883 Level:4
2021-04-09 20:59:45.591 T:4440 DEBUG : CVideoPlayer::ProcessVideoData size:129648 dts:4.222 pts:4.422 dur:40.000ms, clock:1.891 level:15
2021-04-09 20:59:45.591 T:4440 DEBUG : CVideoPlayer::ProcessVideoData size:1946 dts:4.242 pts:4.342 dur:40.000ms, clock:1.892 level:15
2021-04-09 20:59:45.591 T:4440 DEBUG : CVideoPlayer::ProcessVideoData size:2167 dts:4.262 pts:4.302 dur:40.000ms, clock:1.892 level:15
