2021-04-09 21:00:12.578 T:4440 DEBUG : CVideoPlayer::ProcessAudioData size:245 dts:13.333 pts:13.333 dur:42.666ms, clock:11.765 drop:0 level:9
2021-04-09 21:00:12.578 T:4440 DEBUG : CVideoPlayer::ProcessVideoData size:26234 dts:13.740 pts:13.940 dur:40.000ms, clock:11.766 level:10
2021-04-09 21:00:12.588 T:4921 DEBUG : CVideoPlayerVideo::OutputPicture - ttd:124ms pts:11.900 Clock:11.775 Level:3
2021-04-09 21:00:12.601 T:4921 DEBUG : CVideoPlayerVideo::OutputPicture - ttd:131ms pts:11.920 Clock:11.788 Level:4
2021-04-09 21:00:12.620 T:4921 DEBUG : CVideoPlayerVideo::OutputPicture - ttd:132ms pts:11.940 Clock:11.808 Level:4
2021-04-09 21:00:12.624 T:4919 DEBUG : CVideoPlayerAudio::OutputPacket: pts:12.607 curr_pts:11.812 clock:11.811 level:9
2021-04-09 21:00:12.632 T:4440 DEBUG : CVideoPlayer::ProcessAudioData size:253 dts:13.375 pts:13.375 dur:42.666ms, clock:11.820 drop:0 level:9
2021-04-09 21:00:12.632 T:4440 DEBUG : CVideoPlayer::ProcessVideoData size:7833 dts:13.760 pts:13.860 dur:40.000ms, clock:11.820 level:10
2021-04-09 21:00:12.632 T:4440 DEBUG : CVideoPlayer::ProcessVideoData size:1909 dts:13.780 pts:13.820 dur:40.000ms, clock:11.820 level:10
2021-04-09 21:00:12.632 T:4440 DEBUG : CVideoPlayer::ProcessVideoData size:520 dts:13.800 pts:13.800 dur:40.000ms, clock:11.820 level:10
2021-04-09 21:00:12.633 T:4440 DEBUG : CVideoPlayer::ProcessVideoData size:656 dts:13.820 pts:13.840 dur:40.000ms, clock:11.820 level:11
2021-04-09 21:00:12.633 T:4440 DEBUG : CVideoPlayer::ProcessVideoData size:1826 dts:13.840 pts:13.900 dur:40.000ms, clock:11.820 level:11
2021-04-09 21:00:12.633 T:4440 DEBUG : CVideoPlayer::ProcessVideoData size:553 dts:13.860 pts:13.880 dur:40.000ms, clock:11.820 level:11
2021-04-09 21:00:12.633 T:4440 DEBUG : CVideoPlayer::ProcessVideoData size:692 dts:13.880 pts:13.920 dur:40.000ms, clock:11.821 level:11
2021-04-09 21:00:12.647 T:4921 DEBUG : CVideoPlayerVideo::OutputPicture - ttd:125ms pts:11.960 Clock:11.834 Level:4
2021-04-09 21:00:12.655 T:4921 DEBUG : CVideoPlayerVideo::OutputPicture - ttd:137ms pts:11.980 Clock:11.842 Level:4
2021-04-09 21:00:12.658 T:4440 DEBUG : CVideoPlayer::ProcessAudioData size:269 dts:13.418 pts:13.418 dur:42.666ms, clock:11.845 drop:0 level:10
2021-04-09 21:00:12.659 T:4440 DEBUG : CVideoPlayer::ProcessAudioData size:236 dts:13.461 pts:13.461 dur:42.666ms, clock:11.846 drop:0 level:10
2021-04-09 21:00:12.664 T:4919 DEBUG : CVideoPlayerAudio::OutputPacket: pts:12.650 curr_pts:11.852 clock:11.851 level:10
2021-04-09 21:00:12.666 T:4921 DEBUG : CVideoPlayerVideo::OutputPicture - ttd:145ms pts:12.000 Clock:11.854 Level:4
2021-04-09 21:00:12.686 T:4921 DEBUG : CVideoPlayerVideo::OutputPicture - ttd:146ms pts:12.020 Clock:11.873 Level:4
2021-04-09 21:00:12.699 T:4921 DEBUG : CVideoPlayerVideo::OutputPicture - ttd:153ms pts:12.040 Clock:11.887 Level:5
2021-04-09 21:00:12.703 T:4919 DEBUG : CVideoPlayerAudio::OutputPacket: pts:12.693 curr_pts:11.892 clock:11.891 level:10
2021-04-09 21:00:12.706 T:5095 DEBUG : CLibInputKeyboard::ProcessKey - using delay: 250ms repeat: 33ms
2021-04-09 21:00:12.706 T:4928 DEBUG : Thread Timer start, auto delete: false
2021-04-09 21:00:12.713 T:5056 DEBUG : Keyboard: scancode: 0x1c, sym: 0x000d, unicode: 0x000d, modifier: 0x0
2021-04-09 21:00:12.718 T:4440 DEBUG : CVideoPlayer::ProcessVideoData size:24670 dts:13.900 pts:14.100 dur:40.000ms, clock:11.905 level:10
2021-04-09 21:00:12.718 T:4440 DEBUG : CVideoPlayer::ProcessVideoData size:8248 dts:13.920 pts:14.020 dur:40.000ms, clock:11.906 level:11
2021-04-09 21:00:12.719 T:4440 DEBUG : CVideoPlayer::ProcessVideoData size:2114 dts:13.940 pts:13.980 dur:40.000ms, clock:11.907 level:11
2021-04-09 21:00:12.719 T:4440 DEBUG : CVideoPlayer::ProcessVideoData size:595 dts:13.960 pts:13.960 dur:40.000ms, clock:11.907 level:11
2021-04-09 21:00:12.720 T:4440 DEBUG : CVideoPlayer::ProcessVideoData size:588 dts:13.980 pts:14.000 dur:40.000ms, clock:11.907 level:11
2021-04-09 21:00:12.720 T:4440 DEBUG : CVideoPlayer::ProcessVideoData size:2331 dts:14.000 pts:14.060 dur:40.000ms, clock:11.908 level:12
2021-04-09 21:00:12.721 T:4921 DEBUG : CVideoPlayerVideo::OutputPicture - ttd:150ms pts:12.060 Clock:11.909 Level:5
2021-04-09 21:00:12.744 T:4440 DEBUG : CVideoPlayer::ProcessVideoData size:550 dts:14.020 pts:14.040 dur:40.000ms, clock:11.931 level:12
2021-04-09 21:00:12.744 T:4440 DEBUG : CVideoPlayer::ProcessVideoData size:716 dts:14.040 pts:14.080 dur:40.000ms, clock:11.932 level:12
2021-04-09 21:00:12.744 T:4440 DEBUG : CVideoPlayer::ProcessAudioData size:298 dts:13.503 pts:13.503 dur:42.666ms, clock:11.932 drop:0 level:10
2021-04-09 21:00:12.744 T:4440 DEBUG : CVideoPlayer::ProcessAudioData size:252 dts:13.546 pts:13.546 dur:42.666ms, clock:11.932 drop:0 level:10
2021-04-09 21:00:12.753 T:4919 DEBUG : CVideoPlayerAudio::OutputPacket: pts:12.735 curr_pts:11.941 clock:11.940 level:10
2021-04-09 21:00:12.754 T:4921 DEBUG : CVideoPlayerVideo::OutputPicture - ttd:138ms pts:12.080 Clock:11.942 Level:4
2021-04-09 21:00:12.768 T:4921 DEBUG : CVideoPlayerVideo::OutputPicture - ttd:144ms pts:12.100 Clock:11.955 Level:4
2021-04-09 21:00:12.781 T:4921 DEBUG : CVideoPlayerVideo::OutputPicture - ttd:151ms pts:12.120 Clock:11.969 Level:5
2021-04-09 21:00:12.795 T:4919 DEBUG : CVideoPlayerAudio::OutputPacket: pts:12.778 curr_pts:11.984 clock:11.983 level:10
2021-04-09 21:00:12.801 T:4921 DEBUG : CVideoPlayerVideo::OutputPicture - ttd:151ms pts:12.140 Clock:11.989 Level:4
2021-04-09 21:00:12.815 T:4921 DEBUG : CVideoPlayerVideo::OutputPicture - ttd:157ms pts:12.160 Clock:12.002 Level:5
2021-04-09 21:00:12.818 T:4928 DEBUG : Thread Timer 3448500912 terminating
2021-04-09 21:00:12.830 T:5056 DEBUG : Keyboard: scancode: 0x1c, sym: 0x000d, unicode: 0x000d, modifier: 0x0
2021-04-09 21:00:12.830 T:5056 DEBUG : HandleKey: return (0xf00d) pressed, action is OSD
2021-04-09 21:00:12.830 T:5056 DEBUG : ------ Window Init (VideoOSD.xml) ------
2021-04-09 21:00:12.836 T:4919 DEBUG : CVideoPlayerAudio::OutputPacket: pts:12.821 curr_pts:12.024 clock:12.023 level:9
2021-04-09 21:00:12.843 T:5056 DEBUG : ------ Window Init (DialogSeekBar.xml) ------
2021-04-09 21:00:12.875 T:4919 DEBUG : CVideoPlayerAudio::OutputPacket: pts:12.863 curr_pts:12.064 clock:12.063 level:8
2021-04-09 21:00:12.883 T:4440 DEBUG : CVideoPlayer::ProcessAudioData size:242 dts:13.589 pts:13.589 dur:42.666ms, clock:12.071 drop:0 level:8
2021-04-09 21:00:12.884 T:4440 DEBUG : CVideoPlayer::ProcessAudioData size:230 dts:13.631 pts:13.631 dur:42.666ms, clock:12.072 drop:0 level:9
2021-04-09 21:00:12.886 T:4921 DEBUG : CVideoPlayerVideo::OutputPicture - ttd:106ms pts:12.180 Clock:12.074 Level:3
2021-04-09 21:00:12.888 T:4921 DEBUG : CVideoPlayerVideo::OutputPicture - ttd:124ms pts:12.200 Clock:12.076 Level:3
2021-04-09 21:00:12.900 T:4921 DEBUG : CVideoPlayerVideo::OutputPicture - ttd:131ms pts:12.220 Clock:12.088 Level:4
2021-04-09 21:00:12.916 T:4921 DEBUG : CVideoPlayerVideo::OutputPicture - ttd:135ms pts:12.240 Clock:12.104 Level:4
2021-04-09 21:00:12.917 T:4919 DEBUG : CVideoPlayerAudio::OutputPacket: pts:12.906 curr_pts:12.105 clock:12.105 level:9
2021-04-09 21:00:12.936 T:4921 DEBUG : CVideoPlayerVideo::OutputPicture - ttd:135ms pts:12.260 Clock:12.124 Level:4
2021-04-09 21:00:12.938 T:4440 DEBUG : CVideoPlayer::ProcessAudioData size:269 dts:13.674 pts:13.674 dur:42.666ms, clock:12.126 drop:0 level:9
2021-04-09 21:00:12.950 T:4921 DEBUG : CVideoPlayerVideo::OutputPicture - ttd:142ms pts:12.280 Clock:12.138 Level:5
2021-04-09 21:00:12.965 T:4919 DEBUG : CVideoPlayerAudio::OutputPacket: pts:12.949 curr_pts:12.152 clock:12.153 level:9
2021-04-09 21:00:12.965 T:4440 DEBUG : CVideoPlayer::ProcessAudioData size:249 dts:13.717 pts:13.717 dur:42.666ms, clock:12.153 drop:0 level:9
2021-04-09 21:00:12.966 T:4440 DEBUG : CVideoPlayer::ProcessVideoData size:84181 dts:14.060 pts:14.260 dur:40.000ms, clock:12.153 level:9
2021-04-09 21:00:12.985 T:4921 DEBUG : CVideoPlayerVideo::OutputPicture - ttd:126ms pts:12.300 Clock:12.173 Level:4
2021-04-09 21:00:13.003 T:4919 DEBUG : CVideoPlayerAudio::OutputPacket: pts:12.991 curr_pts:12.192 clock:12.191 level:9
2021-04-09 21:00:13.019 T:4921 DEBUG : CVideoPlayerVideo::OutputPicture - ttd:113ms pts:12.320 Clock:12.207 Level:3
2021-04-09 21:00:13.021 T:4440 DEBUG : CVideoPlayer::ProcessVideoData size:7718 dts:14.080 pts:14.180 dur:40.000ms, clock:12.209 level:9
2021-04-09 21:00:13.022 T:4440 DEBUG : CVideoPlayer::ProcessVideoData size:3795 dts:14.100 pts:14.140 dur:40.000ms, clock:12.210 level:10
2021-04-09 21:00:13.022 T:4440 DEBUG : CVideoPlayer::ProcessAudioData size:248 dts:13.759 pts:13.759 dur:42.666ms, clock:12.210 drop:0 level:9
2021-04-09 21:00:13.022 T:4440 DEBUG : CVideoPlayer::ProcessVideoData size:669 dts:14.120 pts:14.120 dur:40.000ms, clock:12.210 level:10
2021-04-09 21:00:13.022 T:4440 DEBUG : CVideoPlayer::ProcessVideoData size:677 dts:14.140 pts:14.160 dur:40.000ms, clock:12.210 level:10
2021-04-09 21:00:13.022 T:4440 DEBUG : CVideoPlayer::ProcessVideoData size:1871 dts:14.160 pts:14.220 dur:40.000ms, clock:12.210 level:10
2021-04-09 21:00:13.023 T:4440 DEBUG : CVideoPlayer::ProcessVideoData size:577 dts:14.180 pts:14.200 dur:40.000ms, clock:12.210 level:11
2021-04-09 21:00:13.023 T:4440 DEBUG : CVideoPlayer::ProcessVideoData size:641 dts:14.200 pts:14.240 dur:40.000ms, clock:12.210 level:11
2021-04-09 21:00:13.024 T:4921 DEBUG : CVideoPlayerVideo::OutputPicture - ttd:128ms pts:12.340 Clock:12.212 Level:3
2021-04-09 21:00:13.036 T:4921 DEBUG : CVideoPlayerVideo::OutputPicture - ttd:136ms pts:12.360 Clock:12.224 Level:4
2021-04-09 21:00:13.043 T:4919 DEBUG : CVideoPlayerAudio::OutputPacket: pts:13.034 curr_pts:12.232 clock:12.231 level:9
2021-04-09 21:00:13.047 T:4440 DEBUG : CVideoPlayer::ProcessAudioData size:246 dts:13.802 pts:13.802 dur:42.666ms, clock:12.235 drop:0 level:9
2021-04-09 21:00:13.047 T:4440 DEBUG : CVideoPlayer::ProcessVideoData size:21316 dts:14.220 pts:14.420 dur:40.000ms, clock:12.235 level:10
2021-04-09 21:00:13.069 T:4921 DEBUG : CVideoPlayerVideo::OutputPicture - ttd:123ms pts:12.380 Clock:12.256 Level:4
2021-04-09 21:00:13.091 T:4919 DEBUG : CVideoPlayerAudio::OutputPacket: pts:13.077 curr_pts:12.280 clock:12.279 level:9
2021-04-09 21:00:13.104 T:4440 DEBUG : CVideoPlayer::ProcessVideoData size:5285 dts:14.240 pts:14.340 dur:40.000ms, clock:12.292 level:10
2021-04-09 21:00:13.105 T:4440 DEBUG : CVideoPlayer::ProcessVideoData size:2512 dts:14.260 pts:14.300 dur:40.000ms, clock:12.292 level:11
2021-04-09 21:00:13.105 T:4440 DEBUG : CVideoPlayer::ProcessVideoData size:592 dts:14.280 pts:14.280 dur:40.000ms, clock:12.292 level:11
2021-04-09 21:00:13.105 T:4440 DEBUG : CVideoPlayer::ProcessVideoData size:758 dts:14.300 pts:14.320 dur:40.000ms, clock:12.292 level:11
2021-04-09 21:00:13.105 T:4440 DEBUG : CVideoPlayer::ProcessAudioData size:242 dts:13.845 pts:13.845 dur:42.666ms, clock:12.293 drop:0 level:9
2021-04-09 21:00:13.105 T:4440 DEBUG : CVideoPlayer::ProcessVideoData size:2317 dts:14.320 pts:14.380 dur:40.000ms, clock:12.293 level:11
2021-04-09 21:00:13.105 T:4440 DEBUG : CVideoPlayer::ProcessVideoData size:490 dts:14.340 pts:14.360 dur:40.000ms, clock:12.293 level:12
2021-04-09 21:00:13.105 T:4440 DEBUG : CVideoPlayer::ProcessVideoData size:849 dts:14.360 pts:14.400 dur:40.000ms, clock:12.293 level:12
2021-04-09 21:00:13.105 T:4440 DEBUG : CVideoPlayer::ProcessAudioData size:252 dts:13.887 pts:13.887 dur:42.666ms, clock:12.293 drop:0 level:10
2021-04-09 21:00:13.106 T:5095 DEBUG : CLibInputKeyboard::ProcessKey - using delay: 250ms repeat: 33ms
2021-04-09 21:00:13.106 T:4929 DEBUG : Thread Timer start, auto delete: false
2021-04-09 21:00:13.113 T:5056 DEBUG : Keyboard: scancode: 0x1c, sym: 0x000d, unicode: 0x000d, modifier: 0x0
2021-04-09 21:00:13.115 T:4921 DEBUG : CVideoPlayerVideo::OutputPicture - ttd:97ms pts:12.400 Clock:12.303 Level:3
2021-04-09 21:00:13.123 T:4921 DEBUG : CVideoPlayerVideo::OutputPicture - ttd:108ms pts:12.420 Clock:12.311 Level:3
2021-04-09 21:00:13.133 T:4919 DEBUG : CVideoPlayerAudio::OutputPacket: pts:13.119 curr_pts:12.321 clock:12.321 level:10
2021-04-09 21:00:13.135 T:4921 DEBUG : CVideoPlayerVideo::OutputPicture - ttd:117ms pts:12.440 Clock:12.323 Level:4
2021-04-09 21:00:13.136 T:4440 DEBUG : CVideoPlayer::ProcessVideoData size:21563 dts:14.380 pts:14.580 dur:40.000ms, clock:12.324 level:12
2021-04-09 21:00:13.137 T:4921 DEBUG : CVideoPlayerVideo::OutputPicture - ttd:135ms pts:12.460 Clock:12.325 Level:5
2021-04-09 21:00:13.137 T:4440 DEBUG : CVideoPlayer::ProcessAudioData size:300 dts:13.930 pts:13.930 dur:42.666ms, clock:12.325 drop:0 level:10
2021-04-09 21:00:13.138 T:4440 DEBUG : CVideoPlayer::ProcessVideoData size:2758 dts:14.400 pts:14.500 dur:40.000ms, clock:12.325 level:12
2021-04-09 21:00:13.151 T:4921 DEBUG : CVideoPlayerVideo::OutputPicture - ttd:141ms pts:12.480 Clock:12.338 Level:5
2021-04-09 21:00:13.165 T:4921 DEBUG : CVideoPlayerVideo::OutputPicture - ttd:147ms pts:12.500 Clock:12.353 Level:5
2021-04-09 21:00:13.172 T:4919 DEBUG : CVideoPlayerAudio::OutputPacket: pts:13.162 curr_pts:12.360 clock:12.360 level:10
2021-04-09 21:00:13.187 T:4440 DEBUG : CVideoPlayer::ProcessVideoData size:2568 dts:14.420 pts:14.460 dur:40.000ms, clock:12.375 level:11
2021-04-09 21:00:13.188 T:4440 DEBUG : CVideoPlayer::ProcessVideoData size:611 dts:14.440 pts:14.440 dur:40.000ms, clock:12.375 level:11
2021-04-09 21:00:13.188 T:4440 DEBUG : CVideoPlayer::ProcessVideoData size:721 dts:14.460 pts:14.480 dur:40.000ms, clock:12.376 level:12
2021-04-09 21:00:13.188 T:4440 DEBUG : CVideoPlayer::ProcessVideoData size:1077 dts:14.480 pts:14.540 dur:40.000ms, clock:12.376 level:12
2021-04-09 21:00:13.189 T:4440 DEBUG : CVideoPlayer::ProcessVideoData size:523 dts:14.500 pts:14.520 dur:40.000ms, clock:12.376 level:12
2021-04-09 21:00:13.189 T:4921 DEBUG : CVideoPlayerVideo::OutputPicture - ttd:143ms pts:12.520 Clock:12.377 Level:5
2021-04-09 21:00:13.192 T:4440 DEBUG : CVideoPlayer::ProcessVideoData size:405 dts:14.520 pts:14.560 dur:40.000ms, clock:12.380 level:12
2021-04-09 21:00:13.193 T:4440 DEBUG : CVideoPlayer::ProcessAudioData size:242 dts:13.973 pts:13.973 dur:42.666ms, clock:12.380 drop:0 level:10
2021-04-09 21:00:13.200 T:4921 DEBUG : CVideoPlayerVideo::OutputPicture - ttd:152ms pts:12.540 Clock:12.388 Level:5
2021-04-09 21:00:13.221 T:4919 DEBUG : CVideoPlayerAudio::OutputPacket: pts:13.205 curr_pts:12.409 clock:12.408 level:10
2021-04-09 21:00:13.221 T:4921 DEBUG : CVideoPlayerVideo::OutputPicture - ttd:150ms pts:12.560 Clock:12.409 Level:4
2021-04-09 21:00:13.238 T:4921 DEBUG : CVideoPlayerVideo::OutputPicture - ttd:154ms pts:12.580 Clock:12.426 Level:5
2021-04-09 21:00:13.243 T:4440 DEBUG : CVideoPlayer::ProcessAudioData size:238 dts:14.015 pts:14.015 dur:42.666ms, clock:12.431 drop:0 level:10
2021-04-09 21:00:13.252 T:4921 DEBUG : CVideoPlayerVideo::OutputPicture - ttd:159ms pts:12.600 Clock:12.440 Level:6
2021-04-09 21:00:13.255 T:4919 DEBUG : CVideoPlayerAudio::OutputPacket: pts:13.247 curr_pts:12.444 clock:12.443 level:10
2021-04-09 21:00:13.256 T:4929 DEBUG : Thread Timer 3448500912 terminating
2021-04-09 21:00:13.263 T:5056 DEBUG : Keyboard: scancode: 0x1c, sym: 0x000d, unicode: 0x000d, modifier: 0x0
2021-04-09 21:00:13.263 T:5056 DEBUG : HandleKey: return (0xf00d) pressed, action is Select
2021-04-09 21:00:13.264 T:5056 INFO : CVideoPlayer::CloseFile()
2021-04-09 21:00:13.264 T:5056 DEBUG : DeleteRenderer - deleting renderer
2021-04-09 21:00:13.264 T:5056 INFO : VideoPlayer: waiting for threads to exit
2021-04-09 21:00:13.271 T:4440 INFO : CVideoPlayer::OnExit()
2021-04-09 21:00:13.271 T:4440 INFO : Closing stream player 1
2021-04-09 21:00:13.271 T:4440 INFO : Waiting for audio thread to exit
2021-04-09 21:00:13.300 T:4919 INFO : thread end: CVideoPlayerAudio::OnExit()
2021-04-09 21:00:13.300 T:4919 DEBUG : Thread VideoPlayerAudio 3090334384 terminating
2021-04-09 21:00:13.301 T:4440 INFO : Closing audio device
2021-04-09 21:00:13.305 T:4921 DEBUG : CVideoPlayerVideo::OutputPicture - ttd:147ms pts:12.620 Clock:12.473 Level:0
2021-04-09 21:00:13.306 T:4440 DEBUG : CDVDAudio::Flush - flush audio stream
2021-04-09 21:00:13.306 T:5088 DEBUG : CActiveAE::DiscardStream - audio stream deleted
2021-04-09 21:00:13.307 T:5088 DEBUG : CActiveAE::ClearDiscardedBuffers - buffer pool deleted
2021-04-09 21:00:13.308 T:4440 INFO : Skipped 2 duplicate messages..
2021-04-09 21:00:13.308 T:4440 INFO : Deleting audio codec
2021-04-09 21:00:13.308 T:4440 INFO : Closing stream player 2
2021-04-09 21:00:13.308 T:4440 INFO : waiting for video thread to exit
2021-04-09 21:00:13.317 T:5089 INFO : CActiveAESink::OpenSink - initialize sink
2021-04-09 21:00:13.326 T:4921 DEBUG : CVideoPlayerVideo::OutputPicture - ttd:145ms pts:12.640 Clock:12.494 Level:0
2021-04-09 21:00:13.326 T:4921 INFO : thread end: video_thread
2021-04-09 21:00:13.326 T:4921 DEBUG : Thread VideoPlayerVideo 3065000624 terminating
2021-04-09 21:00:13.327 T:4440 INFO : deleting video codec
2021-04-09 21:00:13.327 T:4440 DEBUG : CAMLCodec::CloseDecoder
2021-04-09 21:00:13.334 T:4440 DEBUG : CAMLVideoBufferPool::~CAMLVideoBufferPool: Deleting 9 buffers
2021-04-09 21:00:13.334 T:4440 INFO : Closing stream player 4
2021-04-09 21:00:13.334 T:4440 INFO : waiting for teletext data thread to exit
2021-04-09 21:00:13.334 T:4920 ERROR : Got MSGQ_ABORT or MSGO_IS_ERROR return true (-1)
2021-04-09 21:00:13.334 T:4920 INFO : thread end: data_thread
2021-04-09 21:00:13.334 T:4920 DEBUG : Thread DVDTeletextData 3142578864 terminating
2021-04-09 21:00:13.337 T:4440 DEBUG : CInputStreamPVRChannel - ClosePVRStream - closed channel stream pvr://channels/tv/Svi%20programi/pvr.hts_1643347170.pvr
2021-04-09 21:00:13.337 T:4440 DEBUG : Thread VideoPlayer 3073393328 terminating
2021-04-09 21:00:13.338 T:5056 INFO : VideoPlayer: finished waiting
2021-04-09 21:00:13.338 T:5056 INFO : CVideoPlayer::CloseFile()
2021-04-09 21:00:13.338 T:5056 INFO : VideoPlayer: waiting for threads to exit
2021-04-09 21:00:13.338 T:5056 INFO : VideoPlayer: finished waiting
2021-04-09 21:00:13.340 T:5056 DEBUG : Radio UECP (RDS) Processor - delete ~CDVDRadioRDSData
2021-04-09 21:00:13.351 T:4314 DEBUG : OnPlayBackStopped: CApplication::OnPlayBackStopped
2021-04-09 21:00:13.360 T:5056 DEBUG : CGUIWindowManager::PreviousWindow: Deactivate
2021-04-09 21:00:13.363 T:5056 DEBUG : [Warning] CGUITextureManager::GetTexturePath: could not find texture '$INFO[Player.Icon]'
2021-04-09 21:00:13.368 T:5056 INFO : Skipped 1 duplicate messages..
2021-04-09 21:00:13.368 T:5056 DEBUG : ------ Window Deinit (DialogSeekBar.xml) ------
2021-04-09 21:00:13.373 T:5056 DEBUG : ------ Window Deinit (VideoOSD.xml) ------
2021-04-09 21:00:13.374 T:5056 DEBUG : ------ Window Deinit (VideoFullScreen.xml) ------
2021-04-09 21:00:13.406 T:5056 DEBUG : CGUIWindowManager::PreviousWindow: Activate new
2021-04-09 21:00:13.406 T:5056 DEBUG : ------ Window Init (MyPVRChannels.xml) ------
2021-04-09 21:00:13.413 T:5056 DEBUG : CGUIMediaWindow::GetDirectory (pvr://channels/tv/Svi%20programi/)
2021-04-09 21:00:13.414 T:5056 DEBUG : ParentPath = [pvr://channels/tv/0%20DVB-T2/]
2021-04-09 21:00:13.510 T:5089 DEBUG : CActiveAESink::OpenSink - trying to open device ALSA:hdmi:CARD=AMLMESONAUDIO,DEV=0
2021-04-09 21:00:13.510 T:5089 INFO : CAESinkALSA::Initialize - Attempting to open device "hdmi:CARD=AMLMESONAUDIO,DEV=0"
2021-04-09 21:00:13.524 T:5089 INFO : CAESinkALSA::Initialize - Opened device "hdmi:CARD=AMLMESONAUDIO,DEV=0,AES0=0x04,AES1=0x82,AES2=0x00,AES3=0x00"
2021-04-09 21:00:13.526 T:5089 INFO : CAESinkALSA::InitializeHW - Your hardware does not support AE_FMT_FLOAT, trying other formats
2021-04-09 21:00:13.526 T:5089 INFO : CAESinkALSA::InitializeHW - Using data format AE_FMT_S16NE
2021-04-09 21:00:13.526 T:5089 DEBUG : CAESinkALSA::InitializeHW - Request: periodSize 2205, bufferSize 8820
2021-04-09 21:00:13.527 T:5089 DEBUG : CAESinkALSA::InitializeHW - Got: periodSize 2048, bufferSize 8192
2021-04-09 21:00:13.527 T:5089 DEBUG : CAESinkALSA::InitializeHW - Setting timeout to 186 ms
2021-04-09 21:00:13.527 T:5089 DEBUG : CAESinkALSA::GetChannelLayout - Input Channel Count: 2 Output Channel Count: 2
2021-04-09 21:00:13.527 T:5089 DEBUG : CAESinkALSA::GetChannelLayout - Requested Layout: FL, FR
2021-04-09 21:00:13.527 T:5089 DEBUG : CAESinkALSA::GetChannelLayout - Got Layout: FL, FR (ALSA: none)
2021-04-09 21:00:13.527 T:5089 DEBUG : CActiveAESink::OpenSink - ALSA Initialized:
2021-04-09 21:00:13.527 T:5089 DEBUG : Output Device : AML-MESONAUDIO
2021-04-09 21:00:13.527 T:5089 DEBUG : Sample Rate : 44100
2021-04-09 21:00:13.527 T:5089 DEBUG : Sample Format : AE_FMT_S16NE
2021-04-09 21:00:13.527 T:5089 DEBUG : Channel Count : 2
2021-04-09 21:00:13.527 T:5089 DEBUG : Channel Layout: FL, FR
2021-04-09 21:00:13.527 T:5089 DEBUG : Frames : 2048
2021-04-09 21:00:13.527 T:5089 DEBUG : Frame Size : 4
2021-04-09 21:00:13.531 T:5088 DEBUG : CActiveAE::ClearDiscardedBuffers - buffer pool deleted
2021-04-09 21:00:13.686 T:4306 INFO : Skipped 1 duplicate messages..
2021-04-09 21:00:13.686 T:4306 DEBUG : ffmpeg[0x49b9448X]: [image2] Custom AVIOContext makes no sense and will be ignored with AVFMT_NOFILE format.
2021-04-09 21:00:13.702 T:5056 DEBUG : ffmpeg[(nil)X]: [image2] Custom AVIOContext makes no sense and will be ignored with AVFMT_NOFILE format.
2021-04-09 21:00:13.729 T:4313 DEBUG : easy_acquire - Created session to http://localhost
2021-04-09 21:00:13.744 T:4313 DEBUG : GetImageHash - unable to stat url http://localhost:9981/imagecache/69
2021-04-09 21:00:14.072 T:5159 DEBUG : trying to load setting definitions from old format...
2021-04-09 21:00:14.088 T:5151 INFO : Skipped 1 duplicate messages..
2021-04-09 21:00:14.088 T:5151 DEBUG : [plugin.video.youtube] PlaybackMonitor active threads: ||
2021-04-09 21:00:14.136 T:5148 DEBUG : [plugin.video.tubed][lib][playback] Active monitor threads: []
2021-04-09 21:00:14.962 T:5095 DEBUG : CLibInputKeyboard::ProcessKey - using delay: 400ms repeat: 80ms
2021-04-09 21:00:14.963 T:4933 DEBUG : Thread Timer start, auto delete: false
2021-04-09 21:00:14.983 T:5056 DEBUG : Keyboard: scancode: 0x9e, sym: 0x00a6, unicode: 0x0000, modifier: 0x0
2021-04-09 21:00:15.010 T:4933 DEBUG : Thread Timer 3448500912 terminating
2021-04-09 21:00:15.024 T:5056 DEBUG : Keyboard: scancode: 0x9e, sym: 0x00a6, unicode: 0x0000, modifier: 0x0
2021-04-09 21:00:15.024 T:5056 DEBUG : HandleKey: browser_back (0xf0b0) pressed, action is Back
2021-04-09 21:00:15.025 T:5056 DEBUG : Activating window ID: 10000
2021-04-09 21:00:15.029 T:5089 INFO : CActiveAESink::OpenSink - initialize sink
2021-04-09 21:00:15.031 T:5089 DEBUG : CActiveAESink::OpenSink - trying to open device ALSA:hdmi:CARD=AMLMESONAUDIO,DEV=0
2021-04-09 21:00:15.032 T:5089 INFO : CAESinkALSA::Initialize - Attempting to open device "hdmi:CARD=AMLMESONAUDIO,DEV=0"
2021-04-09 21:00:15.047 T:5089 INFO : CAESinkALSA::Initialize - Opened device "hdmi:CARD=AMLMESONAUDIO,DEV=0,AES0=0x04,AES1=0x82,AES2=0x00,AES3=0x00"
2021-04-09 21:00:15.049 T:5089 INFO : CAESinkALSA::InitializeHW - Your hardware does not support AE_FMT_FLOAT, trying other formats
2021-04-09 21:00:15.049 T:5089 INFO : CAESinkALSA::InitializeHW - Using data format AE_FMT_S16NE
2021-04-09 21:00:15.049 T:5089 DEBUG : CAESinkALSA::InitializeHW - Request: periodSize 2205, bufferSize 8820
2021-04-09 21:00:15.049 T:5089 DEBUG : CAESinkALSA::InitializeHW - Got: periodSize 2048, bufferSize 8192
2021-04-09 21:00:15.050 T:5089 DEBUG : CAESinkALSA::InitializeHW - Setting timeout to 186 ms
2021-04-09 21:00:15.050 T:5089 DEBUG : CAESinkALSA::GetChannelLayout - Input Channel Count: 2 Output Channel Count: 2
2021-04-09 21:00:15.050 T:5089 DEBUG : CAESinkALSA::GetChannelLayout - Requested Layout: FL, FR
2021-04-09 21:00:15.050 T:5089 DEBUG : CAESinkALSA::GetChannelLayout - Got Layout: FL, FR (ALSA: none)
2021-04-09 21:00:15.050 T:5089 DEBUG : CActiveAESink::OpenSink - ALSA Initialized:
2021-04-09 21:00:15.050 T:5089 DEBUG : Output Device : AML-MESONAUDIO
2021-04-09 21:00:15.050 T:5089 DEBUG : Sample Rate : 44100
2021-04-09 21:00:15.050 T:5089 DEBUG : Sample Format : AE_FMT_S16NE
2021-04-09 21:00:15.050 T:5089 DEBUG : Channel Count : 2
2021-04-09 21:00:15.050 T:5089 DEBUG : Channel Layout: FL, FR
2021-04-09 21:00:15.050 T:5089 DEBUG : Frames : 2048
2021-04-09 21:00:15.050 T:5089 DEBUG : Frame Size : 4
2021-04-09 21:00:15.102 T:5157 DEBUG : GetAlbumsByWhereJSON query: SELECT a1.*, album_artist.idArtist AS idArtist, artist.strArtist AS strArtist FROM (SELECT albumview.idAlbum, strAlbum, strReview, strGenres, strThemes, strMoods, strStyles, strType, strLabel, fRating, iTimesPlayed, CAST(strReleaseDate AS INTEGER) AS iYear, art.url AS thumbnail FROM albumview LEFT JOIN art ON art.media_id = idAlbum AND art.media_type = 'album' AND art.type = 'thumb' WHERE albumview.strReleaseType = 'album' ORDER BY albumview.iTimesPlayed DESC, albumview.strAlbum COLLATE ALPHANUM DESC, albumview.idAlbum DESC LIMIT 20) AS a1 JOIN album_artist ON album_artist.idAlbum = a1.idAlbum JOIN artist ON artist.idArtist = album_artist.idArtist GROUP BY a1.idAlbum, album_artist.idArtist ORDER BY a1.iTimesPlayed DESC, a1.strAlbum COLLATE ALPHANUM DESC, a1.idAlbum DESC, album_artist.iOrder
2021-04-09 21:00:15.104 T:5157 DEBUG : GetAlbumsByWhereJSON - query took 2 ms
2021-04-09 21:00:15.115 T:5157 DEBUG : GetAlbumsByWhereJSON query: SELECT a1.*, album_artist.idArtist AS idArtist, artist.strArtist AS strArtist FROM (SELECT albumview.idAlbum, strAlbum, strReview, strGenres, strThemes, strMoods, strStyles, strType, strLabel, fRating, iTimesPlayed, dateAdded, CAST(strReleaseDate AS INTEGER) AS iYear, art.url AS thumbnail FROM albumview LEFT JOIN art ON art.media_id = idAlbum AND art.media_type = 'album' AND art.type = 'thumb' WHERE albumview.strReleaseType = 'album' ORDER BY albumview.dateAdded DESC, albumview.idAlbum DESC LIMIT 20) AS a1 JOIN album_artist ON album_artist.idAlbum = a1.idAlbum JOIN artist ON artist.idArtist = album_artist.idArtist GROUP BY a1.idAlbum, album_artist.idArtist ORDER BY a1.dateAdded DESC, a1.idAlbum DESC, album_artist.iOrder
2021-04-09 21:00:15.118 T:5157 DEBUG : GetAlbumsByWhereJSON - query took 2 ms
2021-04-09 21:00:15.669 T:5056 DEBUG : ------ Window Deinit (MyPVRChannels.xml) ------
2021-04-09 21:00:15.669 T:5056 DEBUG : FreeVisualisation() done
2021-04-09 21:00:15.680 T:5056 DEBUG : ------ Window Init (Home.xml) ------
2021-04-09 21:00:15.687 T:4934 DEBUG : Thread LanguageInvoker start, auto delete: false
2021-04-09 21:00:15.687 T:4934 INFO : initializing python engine.
2021-04-09 21:00:15.687 T:4934 DEBUG : CPythonInvoker(28, /storage/.kodi/addons/script.skinshortcuts/default.py): start processing
2021-04-09 21:00:15.783 T:4934 DEBUG : -->Python Interpreter Initialized<--
2021-04-09 21:00:15.783 T:4934 DEBUG :
2021-04-09 21:00:15.783 T:4934 DEBUG : CPythonInvoker(28, /storage/.kodi/addons/script.skinshortcuts/default.py): the source file to load is "/storage/.kodi/addons/script.skinshortcuts/default.py"
2021-04-09 21:00:15.783 T:4934 DEBUG : CPythonInvoker(28, /storage/.kodi/addons/script.skinshortcuts/default.py): setting the Python path to /storage/.kodi/addons/script.skinshortcuts:/storage/.kodi/addons/script.module.simpleeval/lib:/storage/.kodi/addons/script.module.unidecode/lib:/usr/lib/python38.zip:/usr/lib/python3.8:/usr/lib/python3.8/lib-dynload:/usr/lib/python3.8/site-packages
2021-04-09 21:00:15.784 T:4934 DEBUG : CPythonInvoker(28, /storage/.kodi/addons/script.skinshortcuts/default.py): entering source directory /storage/.kodi/addons/script.skinshortcuts
2021-04-09 21:00:15.786 T:4934 DEBUG : CPythonInvoker(28, /storage/.kodi/addons/script.skinshortcuts/default.py): instantiating addon using automatically obtained id of "script.skinshortcuts" dependent on version 3.0.0 of the xbmc.python api
2021-04-09 21:00:16.354 T:5095 DEBUG : CLibInputKeyboard::ProcessKey - using delay: 250ms repeat: 33ms
2021-04-09 21:00:16.355 T:4935 DEBUG : Thread Timer start, auto delete: false
2021-04-09 21:00:16.364 T:5056 DEBUG : Keyboard: scancode: 0x69, sym: 0x0114, unicode: 0x0000, modifier: 0x0
2021-04-09 21:00:16.365 T:5056 DEBUG : HandleKey: left (0xf082) pressed, action is Left
2021-04-09 21:00:16.482 T:4935 DEBUG : Thread Timer 3448500912 terminating
2021-04-09 21:00:16.497 T:5056 DEBUG : Keyboard: scancode: 0x69, sym: 0x0114, unicode: 0x0000, modifier: 0x0
2021-04-09 21:00:16.834 T:5095 DEBUG : CLibInputKeyboard::ProcessKey - using delay: 250ms repeat: 33ms
2021-04-09 21:00:16.837 T:4936 DEBUG : Thread Timer start, auto delete: false
2021-04-09 21:00:16.884 T:5056 DEBUG : Keyboard: scancode: 0x69, sym: 0x0114, unicode: 0x0000, modifier: 0x0
2021-04-09 21:00:16.885 T:5056 DEBUG : HandleKey: left (0xf082) pressed, action is Left
2021-04-09 21:00:16.930 T:4936 DEBUG : Thread Timer 3448500912 terminating
2021-04-09 21:00:16.973 T:5056 DEBUG : Keyboard: scancode: 0x69, sym: 0x0114, unicode: 0x0000, modifier: 0x0
2021-04-09 21:00:17.127 T:4934 DEBUG : trying to load setting definitions from old format...
2021-04-09 21:00:17.153 T:4937 DEBUG : Thread Timer start, auto delete: false
2021-04-09 21:00:17.158 T:4934 INFO : CPythonInvoker(28, /storage/.kodi/addons/script.skinshortcuts/default.py): script successfully run
2021-04-09 21:00:17.162 T:4934 DEBUG : onExecutionDone(28, /storage/.kodi/addons/script.skinshortcuts/default.py)
2021-04-09 21:00:17.183 T:4937 DEBUG : Thread Timer 3827765936 terminating
2021-04-09 21:00:17.183 T:4938 DEBUG : Thread Timer start, auto delete: false
2021-04-09 21:00:17.474 T:5095 DEBUG : CLibInputKeyboard::ProcessKey - using delay: 250ms repeat: 33ms
2021-04-09 21:00:17.475 T:4939 DEBUG : Thread Timer start, auto delete: false
2021-04-09 21:00:17.507 T:5056 DEBUG : Keyboard: scancode: 0x1c, sym: 0x000d, unicode: 0x000d, modifier: 0x0
2021-04-09 21:00:17.618 T:4939 DEBUG : Thread Timer 3448500912 terminating
2021-04-09 21:00:17.630 T:5056 DEBUG : Keyboard: scancode: 0x1c, sym: 0x000d, unicode: 0x000d, modifier: 0x0
2021-04-09 21:00:17.630 T:5056 DEBUG : HandleKey: return (0xf00d) pressed, action is Select
2021-04-09 21:00:17.630 T:5056 DEBUG : Activating window ID: 10004
2021-04-09 21:00:17.696 T:4938 DEBUG : Thread Timer 3827765936 terminating
2021-04-09 21:00:18.249 T:5056 DEBUG : ------ Window Deinit (Home.xml) ------
2021-04-09 21:00:18.250 T:5056 DEBUG : FreeVisualisation() done
2021-04-09 21:00:18.251 T:5056 DEBUG : ------ Window Init (Settings.xml) ------
2021-04-09 21:00:18.700 T:4314 DEBUG : ffmpeg[0x48883c8X]: [image2] Custom AVIOContext makes no sense and will be ignored with AVFMT_NOFILE format.
2021-04-09 21:00:18.858 T:4314 DEBUG : DoWork - took 160 ms to load special://skin/backgrounds/default_settings.jpg
2021-04-09 21:00:18.898 T:5095 DEBUG : CLibInputKeyboard::ProcessKey - using delay: 250ms repeat: 33ms
2021-04-09 21:00:18.898 T:4940 DEBUG : Thread Timer start, auto delete: false
2021-04-09 21:00:18.913 T:5056 DEBUG : Keyboard: scancode: 0x6a, sym: 0x0113, unicode: 0x0000, modifier: 0x0
2021-04-09 21:00:18.913 T:5056 DEBUG : HandleKey: right (0xf083) pressed, action is Right
2021-04-09 21:00:19.026 T:4940 DEBUG : Thread Timer 3448500912 terminating
2021-04-09 21:00:19.032 T:5056 DEBUG : Keyboard: scancode: 0x6a, sym: 0x0113, unicode: 0x0000, modifier: 0x0
2021-04-09 21:00:19.450 T:5095 DEBUG : CLibInputKeyboard::ProcessKey - using delay: 250ms repeat: 33ms
2021-04-09 21:00:19.451 T:4941 DEBUG : Thread Timer start, auto delete: false
2021-04-09 21:00:19.456 T:5056 DEBUG : Keyboard: scancode: 0x69, sym: 0x0114, unicode: 0x0000, modifier: 0x0
2021-04-09 21:00:19.456 T:5056 DEBUG : HandleKey: left (0xf082) pressed, action is Left
2021-04-09 21:00:19.546 T:4941 DEBUG : Thread Timer 3448500912 terminating
2021-04-09 21:00:19.564 T:5056 DEBUG : Keyboard: scancode: 0x69, sym: 0x0114, unicode: 0x0000, modifier: 0x0
2021-04-09 21:00:19.617 T:4934 INFO : Python interpreter stopped
2021-04-09 21:00:19.617 T:4934 DEBUG : Thread LanguageInvoker 3213988528 terminating
2021-04-09 21:00:19.842 T:5095 DEBUG : CLibInputKeyboard::ProcessKey - using delay: 250ms repeat: 33ms
2021-04-09 21:00:19.844 T:4942 DEBUG : Thread Timer start, auto delete: false
2021-04-09 21:00:19.849 T:5056 DEBUG : Keyboard: scancode: 0x1c, sym: 0x000d, unicode: 0x000d, modifier: 0x0
2021-04-09 21:00:19.962 T:4942 DEBUG : Thread Timer 3448500912 terminating
2021-04-09 21:00:19.979 T:5056 DEBUG : Keyboard: scancode: 0x1c, sym: 0x000d, unicode: 0x000d, modifier: 0x0
2021-04-09 21:00:19.979 T:5056 DEBUG : HandleKey: return (0xf00d) pressed, action is Select
2021-04-09 21:00:19.979 T:5056 DEBUG : Activating window ID: 10016
2021-04-09 21:00:20.581 T:5056 DEBUG : ------ Window Deinit (Settings.xml) ------
2021-04-09 21:00:20.582 T:5056 DEBUG : FreeVisualisation() done
2021-04-09 21:00:20.582 T:5056 DEBUG : ------ Window Init (SettingsCategory.xml) ------
2021-04-09 21:00:21.114 T:5095 DEBUG : CLibInputKeyboard::ProcessKey - using delay: 250ms repeat: 33ms
2021-04-09 21:00:21.114 T:5056 DEBUG : Keyboard: scancode: 0x67, sym: 0x0111, unicode: 0x0000, modifier: 0x0
2021-04-09 21:00:21.114 T:5056 DEBUG : HandleKey: up (0xf080) pressed, action is Up
2021-04-09 21:00:21.115 T:4944 DEBUG : Thread Timer start, auto delete: false
2021-04-09 21:00:21.234 T:4944 DEBUG : Thread Timer 3448500912 terminating
2021-04-09 21:00:21.240 T:5056 DEBUG : Keyboard: scancode: 0x67, sym: 0x0111, unicode: 0x0000, modifier: 0x0
2021-04-09 21:00:21.394 T:5095 DEBUG : CLibInputKeyboard::ProcessKey - using delay: 250ms repeat: 33ms
2021-04-09 21:00:21.394 T:4945 DEBUG : Thread Timer start, auto delete: false
2021-04-09 21:00:21.433 T:5056 DEBUG : Keyboard: scancode: 0x67, sym: 0x0111, unicode: 0x0000, modifier: 0x0
2021-04-09 21:00:21.433 T:5056 DEBUG : HandleKey: up (0xf080) pressed, action is Up
2021-04-09 21:00:21.530 T:4945 DEBUG : Thread Timer 3448500912 terminating
2021-04-09 21:00:21.560 T:5056 DEBUG : Keyboard: scancode: 0x67, sym: 0x0111, unicode: 0x0000, modifier: 0x0
2021-04-09 21:00:25.515 T:5149 DEBUG : AddOnLog: pvr.hts: demux unsubscribe from 1643347170
2021-04-09 21:00:25.516 T:5149 DEBUG : AddOnLog: pvr.hts: demux successfully unsubscribed from channel id 1643347170, subscription id 599
2021-04-09 21:00:25.521 T:5149 DEBUG : AddOnLog: pvr.hts: demux close
2021-04-09 21:00:26.170 T:5095 DEBUG : CLibInputKeyboard::ProcessKey - using delay: 250ms repeat: 33ms
2021-04-09 21:00:26.173 T:4946 DEBUG : Thread Timer start, auto delete: false
2021-04-09 21:00:26.208 T:5056 DEBUG : Keyboard: scancode: 0x6a, sym: 0x0113, unicode: 0x0000, modifier: 0x0
2021-04-09 21:00:26.208 T:5056 DEBUG : HandleKey: right (0xf083) pressed, action is Right
2021-04-09 21:00:26.314 T:4946 DEBUG : Thread Timer 3448500912 terminating
2021-04-09 21:00:26.327 T:5056 DEBUG : Keyboard: scancode: 0x6a, sym: 0x0113, unicode: 0x0000, modifier: 0x0
2021-04-09 21:00:26.866 T:5095 DEBUG : CLibInputKeyboard::ProcessKey - using delay: 250ms repeat: 33ms
2021-04-09 21:00:26.866 T:4947 DEBUG : Thread Timer start, auto delete: false
2021-04-09 21:00:26.867 T:5056 DEBUG : Keyboard: scancode: 0x6c, sym: 0x0112, unicode: 0x0000, modifier: 0x0
2021-04-09 21:00:26.868 T:5056 DEBUG : HandleKey: down (0xf081) pressed, action is Down
2021-04-09 21:00:27.010 T:4947 DEBUG : Thread Timer 3448500912 terminating
2021-04-09 21:00:27.022 T:5056 DEBUG : Keyboard: scancode: 0x6c, sym: 0x0112, unicode: 0x0000, modifier: 0x0
2021-04-09 21:00:28.162 T:5095 DEBUG : CLibInputKeyboard::ProcessKey - using delay: 250ms repeat: 33ms
2021-04-09 21:00:28.162 T:4949 DEBUG : Thread Timer start, auto delete: false
2021-04-09 21:00:28.173 T:5056 DEBUG : Keyboard: scancode: 0x1c, sym: 0x000d, unicode: 0x000d, modifier: 0x0
2021-04-09 21:00:28.290 T:4949 DEBUG : Thread Timer 3448500912 terminating
2021-04-09 21:00:28.302 T:5056 DEBUG : Keyboard: scancode: 0x1c, sym: 0x000d, unicode: 0x000d, modifier: 0x0
2021-04-09 21:00:28.302 T:5056 DEBUG : HandleKey: return (0xf00d) pressed, action is Select
2021-04-09 21:00:28.634 T:5095 DEBUG : CLibInputKeyboard::ProcessKey - using delay: 250ms repeat: 33ms
2021-04-09 21:00:28.634 T:4950 DEBUG : Thread Timer start, auto delete: false
2021-04-09 21:00:28.640 T:5056 DEBUG : Keyboard: scancode: 0x67, sym: 0x0111, unicode: 0x0000, modifier: 0x0
2021-04-09 21:00:28.640 T:5056 DEBUG : HandleKey: up (0xf080) pressed, action is Up
2021-04-09 21:00:28.762 T:4950 DEBUG : Thread Timer 3448500912 terminating
2021-04-09 21:00:28.781 T:5056 DEBUG : Keyboard: scancode: 0x67, sym: 0x0111, unicode: 0x0000, modifier: 0x0
2021-04-09 21:00:28.938 T:5095 DEBUG : CLibInputKeyboard::ProcessKey - using delay: 250ms repeat: 33ms
2021-04-09 21:00:28.942 T:4951 DEBUG : Thread Timer start, auto delete: false
2021-04-09 21:00:28.962 T:5056 DEBUG : Keyboard: scancode: 0x1c, sym: 0x000d, unicode: 0x000d, modifier: 0x0
2021-04-09 21:00:29.074 T:4951 DEBUG : Thread Timer 3448500912 terminating
2021-04-09 21:00:29.112 T:5056 DEBUG : Keyboard: scancode: 0x1c, sym: 0x000d, unicode: 0x000d, modifier: 0x0
2021-04-09 21:00:29.113 T:5056 DEBUG : HandleKey: return (0xf00d) pressed, action is Select
2021-04-09 21:00:29.113 T:5056 INFO : Disabled debug logging due to GUI setting. Level 0.
2021-04-09 21:00:29.113 T:5056 INFO : Log level changed to "INFO"
2021-04-09 21:00:31.863 T:4954 INFO : initializing python engine.
2021-04-09 21:00:33.093 T:4954 INFO : CPythonInvoker(29, /storage/.kodi/addons/script.skinshortcuts/default.py): script successfully run
2021-04-09 21:00:35.132 T:4954 INFO : Python interpreter stopped
2021-04-09 21:00:42.108 T:4964 INFO : initializing python engine.
2021-04-09 21:00:43.307 T:4964 INFO : CPythonInvoker(30, /storage/.kodi/addons/script.skinshortcuts/default.py): script successfully run
2021-04-09 21:00:45.257 T:4964 INFO : Python interpreter stopped