2021-04-09 20:59:49.627 T:4440 DEBUG : CVideoPlayer::ProcessVideoData size:1497 dts:8.262 pts:8.282 dur:40.000ms, clock:5.928 level:15
2021-04-09 20:59:49.636 T:4891 DEBUG : CVideoPlayerVideo::OutputPicture - ttd:126ms pts:6.062 Clock:5.936 Level:3
2021-04-09 20:59:49.649 T:4891 DEBUG : CVideoPlayerVideo::OutputPicture - ttd:133ms pts:6.082 Clock:5.949 Level:4
2021-04-09 20:59:49.671 T:4891 DEBUG : CVideoPlayerVideo::OutputPicture - ttd:131ms pts:6.102 Clock:5.971 Level:4
2021-04-09 20:59:49.703 T:4891 DEBUG : CVideoPlayerVideo::OutputPicture - ttd:119ms pts:6.122 Clock:6.003 Level:3
2021-04-09 20:59:49.715 T:4891 DEBUG : CVideoPlayerVideo::OutputPicture - ttd:126ms pts:6.142 Clock:6.016 Level:3
2021-04-09 20:59:49.718 T:4440 DEBUG : CVideoPlayer::ProcessVideoData size:29816 dts:8.282 pts:8.462 dur:40.000ms, clock:6.018 level:14
2021-04-09 20:59:49.749 T:4891 DEBUG : CVideoPlayerVideo::OutputPicture - ttd:113ms pts:6.162 Clock:6.049 Level:3
2021-04-09 20:59:49.753 T:4440 DEBUG : CVideoPlayer::ProcessVideoData size:11407 dts:8.302 pts:8.402 dur:40.000ms, clock:6.054 level:14
2021-04-09 20:59:49.754 T:4440 DEBUG : CVideoPlayer::ProcessVideoData size:8249 dts:8.322 pts:8.362 dur:40.000ms, clock:6.055 level:14
2021-04-09 20:59:49.754 T:4440 DEBUG : CVideoPlayer::ProcessVideoData size:1420 dts:8.342 pts:8.342 dur:40.000ms, clock:6.055 level:15
2021-04-09 20:59:49.755 T:4440 DEBUG : CVideoPlayer::ProcessVideoData size:1441 dts:8.362 pts:8.382 dur:40.000ms, clock:6.055 level:15
2021-04-09 20:59:49.757 T:4891 DEBUG : CVideoPlayerVideo::OutputPicture - ttd:125ms pts:6.182 Clock:6.057 Level:4
2021-04-09 20:59:49.769 T:4891 DEBUG : CVideoPlayerVideo::OutputPicture - ttd:133ms pts:6.202 Clock:6.069 Level:4
2021-04-09 20:59:49.801 T:4440 DEBUG : CVideoPlayer::ProcessVideoData size:6868 dts:8.382 pts:8.442 dur:40.000ms, clock:6.102 level:14
2021-04-09 20:59:49.801 T:4891 DEBUG : CVideoPlayerVideo::OutputPicture - ttd:120ms pts:6.222 Clock:6.102 Level:3
2021-04-09 20:59:49.802 T:4440 DEBUG : CVideoPlayer::ProcessVideoData size:1688 dts:8.402 pts:8.422 dur:40.000ms, clock:6.103 level:15
2021-04-09 20:59:49.815 T:4891 DEBUG : CVideoPlayerVideo::OutputPicture - ttd:126ms pts:6.242 Clock:6.116 Level:3
2021-04-09 20:59:49.834 T:4891 DEBUG : CVideoPlayerVideo::OutputPicture - ttd:127ms pts:6.262 Clock:6.135 Level:3
2021-04-09 20:59:49.842 T:4440 DEBUG : CVideoPlayer::ProcessVideoData size:24003 dts:8.422 pts:8.622 dur:40.000ms, clock:6.142 level:14
2021-04-09 20:59:49.842 T:4440 DEBUG : CVideoPlayer::ProcessVideoData size:8157 dts:8.442 pts:8.542 dur:40.000ms, clock:6.143 level:14
2021-04-09 20:59:49.854 T:4891 DEBUG : CVideoPlayerVideo::OutputPicture - ttd:127ms pts:6.282 Clock:6.155 Level:4
2021-04-09 20:59:49.856 T:4891 DEBUG : CVideoPlayerVideo::OutputPicture - ttd:146ms pts:6.302 Clock:6.156 Level:5
2021-04-09 20:59:49.868 T:4891 DEBUG : CVideoPlayerVideo::OutputPicture - ttd:154ms pts:6.322 Clock:6.168 Level:5
2021-04-09 20:59:49.884 T:4440 DEBUG : CVideoPlayer::ProcessVideoData size:5607 dts:8.462 pts:8.502 dur:40.000ms, clock:6.184 level:14
2021-04-09 20:59:49.884 T:4440 DEBUG : CVideoPlayer::ProcessVideoData size:1434 dts:8.482 pts:8.482 dur:40.000ms, clock:6.185 level:14
2021-04-09 20:59:49.885 T:4440 DEBUG : CVideoPlayer::ProcessVideoData size:1375 dts:8.502 pts:8.522 dur:40.000ms, clock:6.185 level:14
2021-04-09 20:59:49.885 T:4440 DEBUG : CVideoPlayer::ProcessVideoData size:4964 dts:8.522 pts:8.582 dur:40.000ms, clock:6.185 level:15
2021-04-09 20:59:49.885 T:4440 DEBUG : CVideoPlayer::ProcessVideoData size:1236 dts:8.542 pts:8.562 dur:40.000ms, clock:6.185 level:15
2021-04-09 20:59:49.886 T:4440 DEBUG : CVideoPlayer::ProcessVideoData size:1118 dts:8.562 pts:8.602 dur:40.000ms, clock:6.186 level:15
2021-04-09 20:59:49.900 T:4891 DEBUG : CVideoPlayerVideo::OutputPicture - ttd:141ms pts:6.342 Clock:6.201 Level:4
2021-04-09 20:59:49.920 T:4891 DEBUG : CVideoPlayerVideo::OutputPicture - ttd:142ms pts:6.362 Clock:6.220 Level:4
2021-04-09 20:59:49.933 T:4891 DEBUG : CVideoPlayerVideo::OutputPicture - ttd:149ms pts:6.382 Clock:6.233 Level:4
2021-04-09 20:59:49.954 T:4891 DEBUG : CVideoPlayerVideo::OutputPicture - ttd:147ms pts:6.402 Clock:6.255 Level:5
2021-04-09 20:59:49.968 T:4891 DEBUG : CVideoPlayerVideo::OutputPicture - ttd:154ms pts:6.422 Clock:6.268 Level:5
2021-04-09 20:59:49.970 T:4440 DEBUG : CVideoPlayer::ProcessVideoData size:21861 dts:8.582 pts:8.782 dur:40.000ms, clock:6.271 level:14
2021-04-09 20:59:49.970 T:4440 DEBUG : CVideoPlayer::ProcessVideoData size:6267 dts:8.602 pts:8.702 dur:40.000ms, clock:6.271 level:15
2021-04-09 20:59:49.971 T:4440 DEBUG : CVideoPlayer::ProcessVideoData size:4284 dts:8.622 pts:8.662 dur:40.000ms, clock:6.272 level:15
2021-04-09 20:59:49.971 T:4440 DEBUG : CVideoPlayer::ProcessVideoData size:1428 dts:8.642 pts:8.642 dur:40.000ms, clock:6.272 level:15
2021-04-09 20:59:50.001 T:4891 DEBUG : CVideoPlayerVideo::OutputPicture - ttd:141ms pts:6.442 Clock:6.301 Level:4
2021-04-09 20:59:50.005 T:4440 DEBUG : CVideoPlayer::ProcessVideoData size:1358 dts:8.662 pts:8.682 dur:40.000ms, clock:6.305 level:15
2021-04-09 20:59:50.005 T:4440 DEBUG : CVideoPlayer::ProcessVideoData size:4543 dts:8.682 pts:8.742 dur:40.000ms, clock:6.306 level:15
2021-04-09 20:59:50.005 T:4440 DEBUG : CVideoPlayer::ProcessVideoData size:1490 dts:8.702 pts:8.722 dur:40.000ms, clock:6.306 level:16
2021-04-09 20:59:50.005 T:4440 DEBUG : CVideoPlayer::ProcessVideoData size:1510 dts:8.722 pts:8.762 dur:40.000ms, clock:6.306 level:16
2021-04-09 20:59:50.021 T:4891 DEBUG : CVideoPlayerVideo::OutputPicture - ttd:141ms pts:6.462 Clock:6.321 Level:4
2021-04-09 20:59:50.034 T:4891 DEBUG : CVideoPlayerVideo::OutputPicture - ttd:147ms pts:6.482 Clock:6.335 Level:4
2021-04-09 20:59:50.067 T:4891 DEBUG : CVideoPlayerVideo::OutputPicture - ttd:134ms pts:6.502 Clock:6.368 Level:4
2021-04-09 20:59:50.087 T:4891 DEBUG : CVideoPlayerVideo::OutputPicture - ttd:134ms pts:6.522 Clock:6.388 Level:4
2021-04-09 20:59:50.120 T:4891 DEBUG : CVideoPlayerVideo::OutputPicture - ttd:122ms pts:6.542 Clock:6.420 Level:3
2021-04-09 20:59:50.127 T:4440 DEBUG : CVideoPlayer::ProcessVideoData size:43633 dts:8.742 pts:8.942 dur:40.000ms, clock:6.427 level:15
2021-04-09 20:59:50.127 T:4440 DEBUG : CVideoPlayer::ProcessVideoData size:7131 dts:8.762 pts:8.862 dur:40.000ms, clock:6.428 level:15
2021-04-09 20:59:50.127 T:4440 DEBUG : CVideoPlayer::ProcessVideoData size:4296 dts:8.782 pts:8.822 dur:40.000ms, clock:6.428 level:15
2021-04-09 20:59:50.127 T:4440 DEBUG : CVideoPlayer::ProcessVideoData size:1609 dts:8.802 pts:8.802 dur:40.000ms, clock:6.428 level:15
2021-04-09 20:59:50.133 T:4891 DEBUG : CVideoPlayerVideo::OutputPicture - ttd:129ms pts:6.562 Clock:6.433 Level:3
2021-04-09 20:59:50.152 T:4891 DEBUG : CVideoPlayerVideo::OutputPicture - ttd:129ms pts:6.582 Clock:6.453 Level:4
2021-04-09 20:59:50.166 T:4891 DEBUG : CVideoPlayerVideo::OutputPicture - ttd:136ms pts:6.602 Clock:6.466 Level:4
2021-04-09 20:59:50.169 T:4440 DEBUG : CVideoPlayer::ProcessVideoData size:1274 dts:8.822 pts:8.842 dur:40.000ms, clock:6.470 level:15
2021-04-09 20:59:50.170 T:4440 DEBUG : CVideoPlayer::ProcessVideoData size:4165 dts:8.842 pts:8.902 dur:40.000ms, clock:6.470 level:15
2021-04-09 20:59:50.170 T:4440 DEBUG : CVideoPlayer::ProcessVideoData size:1347 dts:8.862 pts:8.882 dur:40.000ms, clock:6.470 level:16
2021-04-09 20:59:50.170 T:4440 DEBUG : CVideoPlayer::ProcessVideoData size:1269 dts:8.882 pts:8.922 dur:40.000ms, clock:6.471 level:16
2021-04-09 20:59:50.199 T:4891 DEBUG : CVideoPlayerVideo::OutputPicture - ttd:122ms pts:6.622 Clock:6.500 Level:3
2021-04-09 20:59:50.211 T:4440 DEBUG : CVideoPlayer::ProcessVideoData size:22448 dts:8.902 pts:9.102 dur:40.000ms, clock:6.511 level:16
2021-04-09 20:59:50.232 T:4891 DEBUG : CVideoPlayerVideo::OutputPicture - ttd:110ms pts:6.642 Clock:6.532 Level:2
2021-04-09 20:59:50.239 T:4891 DEBUG : CVideoPlayerVideo::OutputPicture - ttd:122ms pts:6.662 Clock:6.540 Level:3
2021-04-09 20:59:50.251 T:4891 DEBUG : CVideoPlayerVideo::OutputPicture - ttd:130ms pts:6.682 Clock:6.552 Level:4
2021-04-09 20:59:50.259 T:4440 DEBUG : CVideoPlayer::ProcessVideoData size:6071 dts:8.922 pts:9.022 dur:40.000ms, clock:6.560 level:15
2021-04-09 20:59:50.259 T:4440 DEBUG : CVideoPlayer::ProcessVideoData size:3712 dts:8.942 pts:8.982 dur:40.000ms, clock:6.560 level:15
2021-04-09 20:59:50.259 T:4440 DEBUG : CVideoPlayer::ProcessVideoData size:948 dts:8.962 pts:8.962 dur:40.000ms, clock:6.560 level:16
2021-04-09 20:59:50.259 T:4440 DEBUG : CVideoPlayer::ProcessVideoData size:932 dts:8.982 pts:9.002 dur:40.000ms, clock:6.560 level:16
2021-04-09 20:59:50.260 T:4440 DEBUG : CVideoPlayer::ProcessVideoData size:3406 dts:9.002 pts:9.062 dur:40.000ms, clock:6.560 level:16
2021-04-09 20:59:50.260 T:4440 DEBUG : CVideoPlayer::ProcessVideoData size:801 dts:9.022 pts:9.042 dur:40.000ms, clock:6.560 level:16
2021-04-09 20:59:50.260 T:4440 DEBUG : CVideoPlayer::ProcessVideoData size:784 dts:9.042 pts:9.082 dur:40.000ms, clock:6.560 level:17
2021-04-09 20:59:50.264 T:4891 DEBUG : CVideoPlayerVideo::OutputPicture - ttd:137ms pts:6.702 Clock:6.565 Level:5
2021-04-09 20:59:50.303 T:4891 DEBUG : CVideoPlayerVideo::OutputPicture - ttd:118ms pts:6.722 Clock:6.604 Level:3
2021-04-09 20:59:50.308 T:4440 DEBUG : CVideoPlayer::ProcessVideoData size:9934 dts:9.062 pts:9.262 dur:40.000ms, clock:6.608 level:17
2021-04-09 20:59:50.308 T:4440 DEBUG : CVideoPlayer::ProcessVideoData size:4097 dts:9.082 pts:9.182 dur:40.000ms, clock:6.608 level:17
2021-04-09 20:59:50.308 T:4440 DEBUG : CVideoPlayer::ProcessVideoData size:2991 dts:9.102 pts:9.142 dur:40.000ms, clock:6.608 level:17
2021-04-09 20:59:50.308 T:4440 DEBUG : CVideoPlayer::ProcessVideoData size:846 dts:9.122 pts:9.122 dur:40.000ms, clock:6.608 level:17
2021-04-09 20:59:50.317 T:4891 DEBUG : CVideoPlayerVideo::OutputPicture - ttd:125ms pts:6.742 Clock:6.617 Level:3
2021-04-09 20:59:50.333 T:4891 DEBUG : CVideoPlayerVideo::OutputPicture - ttd:129ms pts:6.762 Clock:6.633 Level:3
2021-04-09 20:59:50.341 T:4891 DEBUG : CVideoPlayerVideo::OutputPicture - ttd:140ms pts:6.782 Clock:6.642 Level:4
2021-04-09 20:59:50.344 T:4440 DEBUG : CVideoPlayer::ProcessVideoData size:863 dts:9.142 pts:9.162 dur:40.000ms, clock:6.645 level:17
2021-04-09 20:59:50.344 T:4440 DEBUG : CVideoPlayer::ProcessVideoData size:3067 dts:9.162 pts:9.222 dur:40.000ms, clock:6.645 level:17
2021-04-09 20:59:50.345 T:4440 DEBUG : CVideoPlayer::ProcessVideoData size:922 dts:9.182 pts:9.202 dur:40.000ms, clock:6.645 level:18
2021-04-09 20:59:50.345 T:4440 DEBUG : CVideoPlayer::ProcessVideoData size:922 dts:9.202 pts:9.242 dur:40.000ms, clock:6.645 level:18
2021-04-09 20:59:50.345 T:4440 DEBUG : CVideoPlayer::ProcessVideoData size:7520 dts:9.222 pts:9.322 dur:40.000ms, clock:6.645 level:18
2021-04-09 20:59:50.345 T:4440 DEBUG : CVideoPlayer::ProcessVideoData size:1671 dts:9.242 pts:9.302 dur:40.000ms, clock:6.645 level:18
2021-04-09 20:59:50.345 T:4440 DEBUG : CVideoPlayer::ProcessVideoData size:1072 dts:9.262 pts:9.282 dur:40.000ms, clock:6.645 level:19
2021-04-09 20:59:50.353 T:4891 DEBUG : CVideoPlayerVideo::OutputPicture - ttd:149ms pts:6.802 Clock:6.653 Level:5
2021-04-09 20:59:50.366 T:4891 DEBUG : CVideoPlayerVideo::OutputPicture - ttd:155ms pts:6.822 Clock:6.667 Level:5
2021-04-09 20:59:50.400 T:4891 DEBUG : CVideoPlayerVideo::OutputPicture - ttd:142ms pts:6.842 Clock:6.700 Level:4
2021-04-09 20:59:50.419 T:4891 DEBUG : CVideoPlayerVideo::OutputPicture - ttd:142ms pts:6.862 Clock:6.720 Level:4
2021-04-09 20:59:50.433 T:4891 DEBUG : CVideoPlayerVideo::OutputPicture - ttd:149ms pts:6.882 Clock:6.733 Level:4
2021-04-09 20:59:50.438 T:4440 DEBUG : CVideoPlayer::ProcessVideoData size:16774 dts:9.282 pts:9.382 dur:40.000ms, clock:6.739 level:17
2021-04-09 20:59:50.438 T:4440 DEBUG : CVideoPlayer::ProcessVideoData size:3333 dts:9.302 pts:9.362 dur:40.000ms, clock:6.739 level:18
2021-04-09 20:59:50.438 T:4440 DEBUG : CVideoPlayer::ProcessVideoData size:1207 dts:9.322 pts:9.342 dur:40.000ms, clock:6.739 level:18
2021-04-09 20:59:50.452 T:4891 DEBUG : CVideoPlayerVideo::OutputPicture - ttd:149ms pts:6.902 Clock:6.753 Level:5
2021-04-09 20:59:50.468 T:4891 DEBUG : CVideoPlayerVideo::OutputPicture - ttd:153ms pts:6.922 Clock:6.769 Level:5
2021-04-09 20:59:50.502 T:4891 DEBUG : CVideoPlayerVideo::OutputPicture - ttd:140ms pts:6.942 Clock:6.802 Level:4
2021-04-09 20:59:50.516 T:4891 DEBUG : CVideoPlayerVideo::OutputPicture - ttd:146ms pts:6.962 Clock:6.816 Level:5
2021-04-09 20:59:50.530 T:4440 DEBUG : CVideoPlayer::ProcessVideoData size:33904 dts:9.342 pts:9.442 dur:40.000ms, clock:6.830 level:17
2021-04-09 20:59:50.530 T:4440 DEBUG : CVideoPlayer::ProcessVideoData size:1754 dts:9.362 pts:9.422 dur:40.000ms, clock:6.831 level:17
2021-04-09 20:59:50.530 T:4440 DEBUG : CVideoPlayer::ProcessVideoData size:1362 dts:9.382 pts:9.402 dur:40.000ms, clock:6.831 level:17
2021-04-09 20:59:50.549 T:4891 DEBUG : CVideoPlayerVideo::OutputPicture - ttd:133ms pts:6.982 Clock:6.849 Level:4
2021-04-09 20:59:50.569 T:4891 DEBUG : CVideoPlayerVideo::OutputPicture - ttd:133ms pts:7.002 Clock:6.869 Level:4
2021-04-09 20:59:50.602 T:4891 DEBUG : CVideoPlayerVideo::OutputPicture - ttd:119ms pts:7.022 Clock:6.903 Level:3
2021-04-09 20:59:50.616 T:4891 DEBUG : CVideoPlayerVideo::OutputPicture - ttd:125ms pts:7.042 Clock:6.917 Level:3
2021-04-09 20:59:50.620 T:4440 DEBUG : CVideoPlayer::ProcessVideoData size:20085 dts:9.402 pts:9.522 dur:40.000ms, clock:6.921 level:17
2021-04-09 20:59:50.621 T:4440 DEBUG : CVideoPlayer::ProcessVideoData size:3711 dts:9.422 pts:9.482 dur:40.000ms, clock:6.921 level:17
2021-04-09 20:59:50.621 T:4440 DEBUG : CVideoPlayer::ProcessVideoData size:1143 dts:9.442 pts:9.462 dur:40.000ms, clock:6.921 level:17
2021-04-09 20:59:50.621 T:4440 DEBUG : CVideoPlayer::ProcessVideoData size:1207 dts:9.462 pts:9.502 dur:40.000ms, clock:6.921 level:18
2021-04-09 20:59:50.636 T:4891 DEBUG : CVideoPlayerVideo::OutputPicture - ttd:126ms pts:7.062 Clock:6.936 Level:3
2021-04-09 20:59:50.649 T:4891 DEBUG : CVideoPlayerVideo::OutputPicture - ttd:133ms pts:7.082 Clock:6.949 Level:4
2021-04-09 20:59:50.668 T:4891 DEBUG : CVideoPlayerVideo::OutputPicture - ttd:134ms pts:7.102 Clock:6.968 Level:4
2021-04-09 20:59:50.712 T:4440 DEBUG : CVideoPlayer::ProcessVideoData size:25210 dts:9.482 pts:9.602 dur:40.000ms, clock:7.012 level:17
2021-04-09 20:59:50.712 T:4440 DEBUG : CVideoPlayer::ProcessVideoData size:3839 dts:9.502 pts:9.562 dur:40.000ms, clock:7.012 level:17
2021-04-09 20:59:50.712 T:4440 DEBUG : CVideoPlayer::ProcessVideoData size:1223 dts:9.522 pts:9.542 dur:40.000ms, clock:7.013 level:17
2021-04-09 20:59:50.712 T:4440 DEBUG : CVideoPlayer::ProcessVideoData size:1035 dts:9.542 pts:9.582 dur:40.000ms, clock:7.013 level:18
2021-04-09 20:59:50.720 T:4891 DEBUG : CVideoPlayerVideo::OutputPicture - ttd:101ms pts:7.122 Clock:7.021 Level:2
2021-04-09 20:59:50.721 T:4891 DEBUG : CVideoPlayerVideo::OutputPicture - ttd:120ms pts:7.142 Clock:7.022 Level:3
2021-04-09 20:59:50.733 T:4891 DEBUG : CVideoPlayerVideo::OutputPicture - ttd:128ms pts:7.162 Clock:7.034 Level:3
2021-04-09 20:59:50.753 T:4891 DEBUG : CVideoPlayerVideo::OutputPicture - ttd:129ms pts:7.182 Clock:7.053 Level:4
2021-04-09 20:59:50.765 T:4891 DEBUG : CVideoPlayerVideo::OutputPicture - ttd:136ms pts:7.202 Clock:7.066 Level:4
2021-04-09 20:59:50.773 T:4440 DEBUG : CVideoPlayer::ProcessVideoData size:9535 dts:9.562 pts:9.642 dur:40.000ms, clock:7.073 level:17
2021-04-09 20:59:50.773 T:4440 DEBUG : CVideoPlayer::ProcessVideoData size:944 dts:9.582 pts:9.622 dur:40.000ms, clock:7.073 level:17
2021-04-09 20:59:50.773 T:4440 DEBUG : CVideoPlayer::ProcessVideoData size:11121 dts:9.602 pts:9.682 dur:40.000ms, clock:7.074 level:17
2021-04-09 20:59:50.773 T:4440 DEBUG : CVideoPlayer::ProcessVideoData size:937 dts:9.622 pts:9.662 dur:40.000ms, clock:7.074 level:18
2021-04-09 20:59:50.799 T:4891 DEBUG : CVideoPlayerVideo::OutputPicture - ttd:123ms pts:7.222 Clock:7.099 Level:3
2021-04-09 20:59:50.818 T:4891 DEBUG : CVideoPlayerVideo::OutputPicture - ttd:123ms pts:7.242 Clock:7.119 Level:3
2021-04-09 20:59:50.820 T:4891 DEBUG : CVideoPlayerVideo::OutputPicture - ttd:142ms pts:7.262 Clock:7.120 Level:4
2021-04-09 20:59:50.832 T:4891 DEBUG : CVideoPlayerVideo::OutputPicture - ttd:150ms pts:7.282 Clock:7.132 Level:4
2021-04-09 20:59:50.849 T:4440 DEBUG : CVideoPlayer::ProcessVideoData size:14883 dts:9.642 pts:9.762 dur:40.000ms, clock:7.150 level:17
2021-04-09 20:59:50.850 T:4440 DEBUG : CVideoPlayer::ProcessVideoData size:3035 dts:9.662 pts:9.722 dur:40.000ms, clock:7.150 level:17
2021-04-09 20:59:50.850 T:4440 DEBUG : CVideoPlayer::ProcessVideoData size:1047 dts:9.682 pts:9.702 dur:40.000ms, clock:7.151 level:17
2021-04-09 20:59:50.850 T:4440 DEBUG : CVideoPlayer::ProcessVideoData size:852 dts:9.702 pts:9.742 dur:40.000ms, clock:7.151 level:17
2021-04-09 20:59:50.851 T:4440 DEBUG : CVideoPlayer::ProcessVideoData size:4725 dts:9.722 pts:9.802 dur:40.000ms, clock:7.151 level:18
2021-04-09 20:59:50.851 T:4440 DEBUG : CVideoPlayer::ProcessVideoData size:775 dts:9.742 pts:9.782 dur:40.000ms, clock:7.151 level:18
2021-04-09 20:59:50.852 T:4891 DEBUG : CVideoPlayerVideo::OutputPicture - ttd:149ms pts:7.302 Clock:7.153 Level:5
2021-04-09 20:59:50.865 T:4891 DEBUG : CVideoPlayerVideo::OutputPicture - ttd:156ms pts:7.322 Clock:7.166 Level:5
2021-04-09 20:59:50.904 T:4891 DEBUG : CVideoPlayerVideo::OutputPicture - ttd:138ms pts:7.342 Clock:7.204 Level:4
2021-04-09 20:59:50.917 T:4891 DEBUG : CVideoPlayerVideo::OutputPicture - ttd:145ms pts:7.362 Clock:7.217 Level:4
2021-04-09 20:59:50.936 T:4891 DEBUG : CVideoPlayerVideo::OutputPicture - ttd:146ms pts:7.382 Clock:7.236 Level:4
2021-04-09 20:59:50.937 T:4891 DEBUG : CVideoPlayerVideo::OutputPicture - ttd:164ms pts:7.402 Clock:7.238 Level:5
2021-04-09 20:59:50.963 T:4891 DEBUG : CVideoPlayerVideo::OutputPicture - ttd:183ms pts:7.422 Clock:7.239 Level:6
2021-04-09 20:59:50.964 T:4891 DEBUG : CVideoPlayerVideo::OutputPicture - ttd:177ms pts:7.442 Clock:7.265 Level:6
2021-04-09 20:59:51.019 T:4440 DEBUG : CVideoPlayer::ProcessVideoData size:62544 dts:9.762 pts:9.822 dur:40.000ms, clock:7.320 level:16
2021-04-09 20:59:51.019 T:4891 DEBUG : CVideoPlayerVideo::OutputPicture - ttd:142ms pts:7.462 Clock:7.320 Level:4
2021-04-09 20:59:51.032 T:4891 DEBUG : CVideoPlayerVideo::OutputPicture - ttd:149ms pts:7.482 Clock:7.333 Level:4
2021-04-09 20:59:51.052 T:4891 DEBUG : CVideoPlayerVideo::OutputPicture - ttd:150ms pts:7.502 Clock:7.352 Level:5
2021-04-09 20:59:51.065 T:4891 DEBUG : CVideoPlayerVideo::OutputPicture - ttd:156ms pts:7.522 Clock:7.366 Level:6
2021-04-09 20:59:51.068 T:4440 DEBUG : CVideoPlayer::ProcessVideoData size:16150 dts:9.782 pts:9.962 dur:40.000ms, clock:7.368 level:16
2021-04-09 20:59:51.069 T:4440 DEBUG : CVideoPlayer::ProcessVideoData size:5271 dts:9.802 pts:9.902 dur:40.000ms, clock:7.369 level:16
2021-04-09 20:59:51.070 T:4440 DEBUG : CVideoPlayer::ProcessVideoData size:3427 dts:9.822 pts:9.862 dur:40.000ms, clock:7.370 level:16
2021-04-09 20:59:51.103 T:4440 DEBUG : CVideoPlayer::ProcessVideoData size:1072 dts:9.842 pts:9.842 dur:40.000ms, clock:7.404 level:16
2021-04-09 20:59:51.104 T:4440 DEBUG : CVideoPlayer::ProcessVideoData size:1234 dts:9.862 pts:9.882 dur:40.000ms, clock:7.404 level:16
2021-04-09 20:59:51.104 T:4440 DEBUG : CVideoPlayer::ProcessVideoData size:1759 dts:9.882 pts:9.942 dur:40.000ms, clock:7.404 level:17
2021-04-09 20:59:51.104 T:4440 DEBUG : CVideoPlayer::ProcessVideoData size:1396 dts:9.902 pts:9.922 dur:40.000ms, clock:7.405 level:17
2021-04-09 20:59:51.104 T:4440 DEBUG : CVideoPlayer::ProcessVideoData size:8961 dts:9.922 pts:10.002 dur:40.000ms, clock:7.405 level:17
2021-04-09 20:59:51.104 T:4440 DEBUG : CVideoPlayer::ProcessVideoData size:1461 dts:9.942 pts:9.982 dur:40.000ms, clock:7.405 level:17
2021-04-09 20:59:51.106 T:4891 DEBUG : CVideoPlayerVideo::OutputPicture - ttd:136ms pts:7.542 Clock:7.406 Level:4
2021-04-09 20:59:51.119 T:4891 DEBUG : CVideoPlayerVideo::OutputPicture - ttd:143ms pts:7.562 Clock:7.419 Level:4
2021-04-09 20:59:51.132 T:4891 DEBUG : CVideoPlayerVideo::OutputPicture - ttd:149ms pts:7.582 Clock:7.433 Level:4
2021-04-09 20:59:51.137 T:4440 DEBUG : CVideoPlayer::ProcessVideoData size:10840 dts:9.962 pts:10.022 dur:40.000ms, clock:7.437 level:17
2021-04-09 20:59:51.137 T:4440 DEBUG : CVideoPlayer::ProcessVideoData size:4508 dts:9.982 pts:10.042 dur:40.000ms, clock:7.438 level:17
2021-04-09 20:59:51.151 T:4891 DEBUG : CVideoPlayerVideo::OutputPicture - ttd:150ms pts:7.602 Clock:7.452 Level:5
2021-04-09 20:59:51.184 T:4440 DEBUG : CVideoPlayer::ProcessVideoData size:15816 dts:10.002 pts:10.062 dur:40.000ms, clock:7.484 level:17
2021-04-09 20:59:51.203 T:4891 DEBUG : CVideoPlayerVideo::OutputPicture - ttd:119ms pts:7.622 Clock:7.503 Level:3
2021-04-09 20:59:51.216 T:4891 DEBUG : CVideoPlayerVideo::OutputPicture - ttd:126ms pts:7.642 Clock:7.516 Level:3
2021-04-09 20:59:51.224 T:4440 DEBUG : CVideoPlayer::ProcessVideoData size:5225 dts:10.022 pts:10.082 dur:40.000ms, clock:7.525 level:17
2021-04-09 20:59:51.235 T:4891 DEBUG : CVideoPlayerVideo::OutputPicture - ttd:126ms pts:7.662 Clock:7.536 Level:3
2021-04-09 20:59:51.248 T:4891 DEBUG : CVideoPlayerVideo::OutputPicture - ttd:133ms pts:7.682 Clock:7.549 Level:4
2021-04-09 20:59:51.259 T:4440 DEBUG : CVideoPlayer::ProcessVideoData size:16901 dts:10.042 pts:10.102 dur:40.000ms, clock:7.560 level:17
2021-04-09 20:59:51.260 T:4440 DEBUG : CVideoPlayer::ProcessVideoData size:6688 dts:10.062 pts:10.122 dur:40.000ms, clock:7.561 level:17
2021-04-09 20:59:51.268 T:4891 DEBUG : CVideoPlayerVideo::OutputPicture - ttd:133ms pts:7.702 Clock:7.569 Level:4
2021-04-09 20:59:51.294 T:4440 DEBUG : CVideoPlayer::ProcessVideoData size:14537 dts:10.082 pts:10.142 dur:40.000ms, clock:7.595 level:17
2021-04-09 20:59:51.294 T:4440 DEBUG : CVideoPlayer::ProcessVideoData size:5208 dts:10.102 pts:10.162 dur:40.000ms, clock:7.595 level:17
2021-04-09 20:59:51.301 T:4891 DEBUG : CVideoPlayerVideo::OutputPicture - ttd:121ms pts:7.722 Clock:7.601 Level:3
2021-04-09 20:59:51.321 T:4891 DEBUG : CVideoPlayerVideo::OutputPicture - ttd:120ms pts:7.742 Clock:7.622 Level:3
2021-04-09 20:59:51.329 T:4440 DEBUG : CVideoPlayer::ProcessVideoData size:17611 dts:10.122 pts:10.182 dur:40.000ms, clock:7.629 level:17
2021-04-09 20:59:51.354 T:4891 DEBUG : CVideoPlayerVideo::OutputPicture - ttd:108ms pts:7.762 Clock:7.654 Level:3
2021-04-09 20:59:51.355 T:4891 DEBUG : CVideoPlayerVideo::OutputPicture - ttd:126ms pts:7.782 Clock:7.656 Level:4
2021-04-09 20:59:51.362 T:4891 DEBUG : CVideoPlayerVideo::OutputPicture - ttd:140ms pts:7.802 Clock:7.662 Level:5
2021-04-09 20:59:51.368 T:4891 DEBUG : CVideoPlayerVideo::OutputPicture - ttd:153ms pts:7.822 Clock:7.669 Level:5
2021-04-09 20:59:51.369 T:4440 DEBUG : CVideoPlayer::ProcessVideoData size:4304 dts:10.142 pts:10.202 dur:40.000ms, clock:7.669 level:17
2021-04-09 20:59:51.369 T:4440 DEBUG : CVideoPlayer::ProcessVideoData size:15818 dts:10.162 pts:10.222 dur:40.000ms, clock:7.670 level:17
2021-04-09 20:59:51.401 T:4891 DEBUG : CVideoPlayerVideo::OutputPicture - ttd:141ms pts:7.842 Clock:7.701 Level:4
2021-04-09 20:59:51.403 T:4440 DEBUG : CVideoPlayer::ProcessVideoData size:5070 dts:10.182 pts:10.242 dur:40.000ms, clock:7.703 level:17
2021-04-09 20:59:51.415 T:4891 DEBUG : CVideoPlayerVideo::OutputPicture - ttd:147ms pts:7.862 Clock:7.715 Level:5
2021-04-09 20:59:51.435 T:4891 DEBUG : CVideoPlayerVideo::OutputPicture - ttd:147ms pts:7.882 Clock:7.735 Level:4
2021-04-09 20:59:51.437 T:4440 DEBUG : CVideoPlayer::ProcessVideoData size:12209 dts:10.202 pts:10.282 dur:40.000ms, clock:7.738 level:16
2021-04-09 20:59:51.437 T:4440 DEBUG : CVideoPlayer::ProcessVideoData size:1095 dts:10.222 pts:10.262 dur:40.000ms, clock:7.738 level:17
2021-04-09 20:59:51.448 T:4891 DEBUG : CVideoPlayerVideo::OutputPicture - ttd:153ms pts:7.902 Clock:7.749 Level:5
2021-04-09 20:59:51.468 T:4891 DEBUG : CVideoPlayerVideo::OutputPicture - ttd:153ms pts:7.922 Clock:7.769 Level:5
2021-04-09 20:59:51.482 T:4891 DEBUG : CVideoPlayerVideo::OutputPicture - ttd:160ms pts:7.942 Clock:7.782 Level:6
2021-04-09 20:59:51.520 T:4891 DEBUG : CVideoPlayerVideo::OutputPicture - ttd:141ms pts:7.962 Clock:7.821 Level:4
2021-04-09 20:59:51.533 T:4891 DEBUG : CVideoPlayerVideo::OutputPicture - ttd:148ms pts:7.982 Clock:7.834 Level:4
2021-04-09 20:59:51.546 T:4440 DEBUG : CVideoPlayer::ProcessVideoData size:60223 dts:10.242 pts:10.322 dur:40.000ms, clock:7.847 level:15
2021-04-09 20:59:51.547 T:4440 DEBUG : CVideoPlayer::ProcessVideoData size:1081 dts:10.262 pts:10.302 dur:40.000ms, clock:7.847 level:16
2021-04-09 20:59:51.548 T:4891 DEBUG : CVideoPlayerVideo::OutputPicture - ttd:153ms pts:8.002 Clock:7.849 Level:5
2021-04-09 20:59:51.568 T:4891 DEBUG : CVideoPlayerVideo::OutputPicture - ttd:153ms pts:8.022 Clock:7.869 Level:5
2021-04-09 20:59:51.579 T:4440 DEBUG : CVideoPlayer::ProcessVideoData size:12001 dts:10.282 pts:10.362 dur:40.000ms, clock:7.880 level:15
2021-04-09 20:59:51.580 T:4440 DEBUG : CVideoPlayer::ProcessVideoData size:951 dts:10.302 pts:10.342 dur:40.000ms, clock:7.880 level:16
2021-04-09 20:59:51.601 T:4891 DEBUG : CVideoPlayerVideo::OutputPicture - ttd:141ms pts:8.042 Clock:7.901 Level:4
2021-04-09 20:59:51.618 T:4891 DEBUG : CVideoPlayerVideo::OutputPicture - ttd:143ms pts:8.062 Clock:7.919 Level:4
2021-04-09 20:59:51.632 T:4891 DEBUG : CVideoPlayerVideo::OutputPicture - ttd:150ms pts:8.082 Clock:7.932 Level:5
2021-04-09 20:59:51.652 T:4891 DEBUG : CVideoPlayerVideo::OutputPicture - ttd:150ms pts:8.102 Clock:7.952 Level:4
2021-04-09 20:59:51.654 T:4440 DEBUG : CVideoPlayer::ProcessVideoData size:27656 dts:10.322 pts:10.502 dur:40.000ms, clock:7.955 level:15
2021-04-09 20:59:51.654 T:4440 DEBUG : CVideoPlayer::ProcessVideoData size:7604 dts:10.342 pts:10.442 dur:40.000ms, clock:7.955 level:15
2021-04-09 20:59:51.655 T:4440 DEBUG : CVideoPlayer::ProcessVideoData size:5080 dts:10.362 pts:10.402 dur:40.000ms, clock:7.955 level:16
2021-04-09 20:59:51.677 T:4440 DEBUG : CVideoPlayer::ProcessVideoData size:1153 dts:10.382 pts:10.382 dur:40.000ms, clock:7.978 level:16
2021-04-09 20:59:51.678 T:4440 DEBUG : CVideoPlayer::ProcessVideoData size:976 dts:10.402 pts:10.422 dur:40.000ms, clock:7.978 level:16
2021-04-09 20:59:51.678 T:4440 DEBUG : CVideoPlayer::ProcessVideoData size:3964 dts:10.422 pts:10.482 dur:40.000ms, clock:7.978 level:16
2021-04-09 20:59:51.678 T:4440 DEBUG : CVideoPlayer::ProcessVideoData size:1417 dts:10.442 pts:10.462 dur:40.000ms, clock:7.978 level:16
2021-04-09 20:59:51.686 T:4891 DEBUG : CVideoPlayerVideo::OutputPicture - ttd:136ms pts:8.122 Clock:7.986 Level:4
2021-04-09 20:59:51.718 T:4891 DEBUG : CVideoPlayerVideo::OutputPicture - ttd:123ms pts:8.142 Clock:8.019 Level:3
2021-04-09 20:59:51.731 T:4891 DEBUG : CVideoPlayerVideo::OutputPicture - ttd:130ms pts:8.162 Clock:8.032 Level:4
2021-04-09 20:59:51.739 T:4891 DEBUG : CVideoPlayerVideo::OutputPicture - ttd:143ms pts:8.182 Clock:8.039 Level:4
2021-04-09 20:59:51.752 T:4891 DEBUG : CVideoPlayerVideo::OutputPicture - ttd:149ms pts:8.202 Clock:8.053 Level:5
2021-04-09 20:59:51.753 T:4440 DEBUG : CVideoPlayer::ProcessVideoData size:40120 dts:10.462 pts:10.662 dur:40.000ms, clock:8.053 level:16
2021-04-09 20:59:51.766 T:4891 DEBUG : CVideoPlayerVideo::OutputPicture - ttd:155ms pts:8.222 Clock:8.067 Level:5
2021-04-09 20:59:51.786 T:4440 DEBUG : CVideoPlayer::ProcessVideoData size:10452 dts:10.482 pts:10.582 dur:40.000ms, clock:8.087 level:15
2021-04-09 20:59:51.786 T:4440 DEBUG : CVideoPlayer::ProcessVideoData size:6682 dts:10.502 pts:10.542 dur:40.000ms, clock:8.087 level:16
2021-04-09 20:59:51.816 T:4440 DEBUG : CVideoPlayer::ProcessVideoData size:1400 dts:10.522 pts:10.522 dur:40.000ms, clock:8.116 level:16
2021-04-09 20:59:51.817 T:4440 DEBUG : CVideoPlayer::ProcessVideoData size:1486 dts:10.542 pts:10.562 dur:40.000ms, clock:8.117 level:16
2021-04-09 20:59:51.819 T:4440 DEBUG : CVideoPlayer::ProcessVideoData size:6390 dts:10.562 pts:10.622 dur:40.000ms, clock:8.118 level:16
2021-04-09 20:59:51.819 T:4440 DEBUG : CVideoPlayer::ProcessVideoData size:1649 dts:10.582 pts:10.602 dur:40.000ms, clock:8.120 level:17
2021-04-09 20:59:51.819 T:4440 DEBUG : CVideoPlayer::ProcessVideoData size:1619 dts:10.602 pts:10.642 dur:40.000ms, clock:8.120 level:17
2021-04-09 20:59:51.819 T:4891 DEBUG : CVideoPlayerVideo::OutputPicture - ttd:123ms pts:8.242 Clock:8.119 Level:3
2021-04-09 20:59:51.833 T:4891 DEBUG : CVideoPlayerVideo::OutputPicture - ttd:129ms pts:8.262 Clock:8.133 Level:3
2021-04-09 20:59:51.852 T:4891 DEBUG : CVideoPlayerVideo::OutputPicture - ttd:129ms pts:8.282 Clock:8.153 Level:4
2021-04-09 20:59:51.865 T:4891 DEBUG : CVideoPlayerVideo::OutputPicture - ttd:136ms pts:8.302 Clock:8.166 Level:4
2021-04-09 20:59:51.873 T:4891 DEBUG : CVideoPlayerVideo::OutputPicture - ttd:148ms pts:8.322 Clock:8.174 Level:5
2021-04-09 20:59:51.919 T:4891 DEBUG : CVideoPlayerVideo::OutputPicture - ttd:123ms pts:8.342 Clock:8.219 Level:3
2021-04-09 20:59:51.933 T:4891 DEBUG : CVideoPlayerVideo::OutputPicture - ttd:129ms pts:8.362 Clock:8.233 Level:3
2021-04-09 20:59:51.952 T:4891 DEBUG : CVideoPlayerVideo::OutputPicture - ttd:129ms pts:8.382 Clock:8.253 Level:4
2021-04-09 20:59:51.963 T:4440 DEBUG : CVideoPlayer::ProcessVideoData size:61672 dts:10.622 pts:10.822 dur:40.000ms, clock:8.263 level:15
2021-04-09 20:59:51.965 T:4891 DEBUG : CVideoPlayerVideo::OutputPicture - ttd:136ms pts:8.402 Clock:8.266 Level:4
2021-04-09 20:59:51.973 T:4891 DEBUG : CVideoPlayerVideo::OutputPicture - ttd:148ms pts:8.422 Clock:8.274 Level:5
2021-04-09 20:59:51.999 T:4440 DEBUG : CVideoPlayer::ProcessVideoData size:9948 dts:10.642 pts:10.742 dur:40.000ms, clock:8.299 level:15
2021-04-09 20:59:51.999 T:4440 DEBUG : CVideoPlayer::ProcessVideoData size:5549 dts:10.662 pts:10.702 dur:40.000ms, clock:8.300 level:15
2021-04-09 20:59:52.000 T:4440 DEBUG : CVideoPlayer::ProcessVideoData size:1475 dts:10.682 pts:10.682 dur:40.000ms, clock:8.300 level:15
2021-04-09 20:59:52.000 T:4440 DEBUG : CVideoPlayer::ProcessVideoData size:1421 dts:10.702 pts:10.722 dur:40.000ms, clock:8.301 level:16
2021-04-09 20:59:52.000 T:4440 DEBUG : CVideoPlayer::ProcessVideoData size:6593 dts:10.722 pts:10.782 dur:40.000ms, clock:8.301 level:16
2021-04-09 20:59:52.004 T:4891 DEBUG : CVideoPlayerVideo::OutputPicture - ttd:137ms pts:8.442 Clock:8.305 Level:4
2021-04-09 20:59:52.017 T:4891 DEBUG : CVideoPlayerVideo::OutputPicture - ttd:144ms pts:8.462 Clock:8.318 Level:4
2021-04-09 20:59:52.031 T:4891 DEBUG : CVideoPlayerVideo::OutputPicture - ttd:151ms pts:8.482 Clock:8.331 Level:5
2021-04-09 20:59:52.033 T:4440 DEBUG : CVideoPlayer::ProcessVideoData size:1469 dts:10.742 pts:10.762 dur:40.000ms, clock:8.333 level:16
2021-04-09 20:59:52.033 T:4440 DEBUG : CVideoPlayer::ProcessVideoData size:1478 dts:10.762 pts:10.802 dur:40.000ms, clock:8.334 level:16
2021-04-09 20:59:52.033 T:4440 DEBUG : CVideoPlayer::ProcessVideoData size:5693 dts:10.782 pts:10.842 dur:40.000ms, clock:8.334 level:16
2021-04-09 20:59:52.051 T:4891 DEBUG : CVideoPlayerVideo::OutputPicture - ttd:151ms pts:8.502 Clock:8.351 Level:5
2021-04-09 20:59:52.064 T:4891 DEBUG : CVideoPlayerVideo::OutputPicture - ttd:157ms pts:8.522 Clock:8.365 Level:6
2021-04-09 20:59:52.104 T:4891 DEBUG : CVideoPlayerVideo::OutputPicture - ttd:137ms pts:8.542 Clock:8.405 Level:4
2021-04-09 20:59:52.117 T:4891 DEBUG : CVideoPlayerVideo::OutputPicture - ttd:144ms pts:8.562 Clock:8.418 Level:4
2021-04-09 20:59:52.132 T:4891 DEBUG : CVideoPlayerVideo::OutputPicture - ttd:150ms pts:8.582 Clock:8.432 Level:4
2021-04-09 20:59:52.132 T:4440 DEBUG : CVideoPlayer::ProcessVideoData size:43417 dts:10.802 pts:10.862 dur:40.000ms, clock:8.433 level:15
2021-04-09 20:59:52.152 T:4891 DEBUG : CVideoPlayerVideo::OutputPicture - ttd:150ms pts:8.602 Clock:8.452 Level:5
2021-04-09 20:59:52.172 T:4440 DEBUG : CVideoPlayer::ProcessVideoData size:21935 dts:10.822 pts:11.022 dur:40.000ms, clock:8.473 level:15
2021-04-09 20:59:52.173 T:4440 DEBUG : CVideoPlayer::ProcessVideoData size:4649 dts:10.842 pts:10.942 dur:40.000ms, clock:8.473 level:15
2021-04-09 20:59:52.173 T:4440 DEBUG : CVideoPlayer::ProcessVideoData size:4508 dts:10.862 pts:10.902 dur:40.000ms, clock:8.473 level:15
2021-04-09 20:59:52.173 T:4440 DEBUG : CVideoPlayer::ProcessVideoData size:1767 dts:10.882 pts:10.882 dur:40.000ms, clock:8.473 level:16
2021-04-09 20:59:52.203 T:4891 DEBUG : CVideoPlayerVideo::OutputPicture - ttd:118ms pts:8.622 Clock:8.504 Level:3
2021-04-09 20:59:52.207 T:4440 DEBUG : CVideoPlayer::ProcessVideoData size:1927 dts:10.902 pts:10.922 dur:40.000ms, clock:8.508 level:16
2021-04-09 20:59:52.208 T:4440 DEBUG : CVideoPlayer::ProcessVideoData size:5373 dts:10.922 pts:10.982 dur:40.000ms, clock:8.508 level:16
2021-04-09 20:59:52.208 T:4440 DEBUG : CVideoPlayer::ProcessVideoData size:1740 dts:10.942 pts:10.962 dur:40.000ms, clock:8.508 level:16
2021-04-09 20:59:52.209 T:4440 DEBUG : CVideoPlayer::ProcessVideoData size:1792 dts:10.962 pts:11.002 dur:40.000ms, clock:8.509 level:17
2021-04-09 20:59:52.216 T:4891 DEBUG : CVideoPlayerVideo::OutputPicture - ttd:125ms pts:8.642 Clock:8.517 Level:3
2021-04-09 20:59:52.235 T:4891 DEBUG : CVideoPlayerVideo::OutputPicture - ttd:126ms pts:8.662 Clock:8.536 Level:3
2021-04-09 20:59:52.249 T:4891 DEBUG : CVideoPlayerVideo::OutputPicture - ttd:133ms pts:8.682 Clock:8.549 Level:4
2021-04-09 20:59:52.269 T:4891 DEBUG : CVideoPlayerVideo::OutputPicture - ttd:132ms pts:8.702 Clock:8.570 Level:4
2021-04-09 20:59:52.280 T:4440 DEBUG : CVideoPlayer::ProcessVideoData size:24813 dts:10.982 pts:11.182 dur:40.000ms, clock:8.580 level:16
2021-04-09 20:59:52.281 T:4440 DEBUG : CVideoPlayer::ProcessVideoData size:7070 dts:11.002 pts:11.102 dur:40.000ms, clock:8.581 level:16
2021-04-09 20:59:52.281 T:4440 DEBUG : CVideoPlayer::ProcessVideoData size:3521 dts:11.022 pts:11.062 dur:40.000ms, clock:8.582 level:16
2021-04-09 20:59:52.281 T:4440 DEBUG : CVideoPlayer::ProcessVideoData size:2197 dts:11.042 pts:11.042 dur:40.000ms, clock:8.582 level:16
2021-04-09 20:59:52.302 T:4891 DEBUG : CVideoPlayerVideo::OutputPicture - ttd:120ms pts:8.722 Clock:8.602 Level:3
2021-04-09 20:59:52.315 T:4891 DEBUG : CVideoPlayerVideo::OutputPicture - ttd:127ms pts:8.742 Clock:8.615 Level:3
2021-04-09 20:59:52.322 T:4440 DEBUG : CVideoPlayer::ProcessVideoData size:2083 dts:11.062 pts:11.082 dur:40.000ms, clock:8.623 level:16
2021-04-09 20:59:52.323 T:4440 DEBUG : CVideoPlayer::ProcessVideoData size:4210 dts:11.082 pts:11.142 dur:40.000ms, clock:8.623 level:17
2021-04-09 20:59:52.323 T:4440 DEBUG : CVideoPlayer::ProcessVideoData size:2182 dts:11.102 pts:11.122 dur:40.000ms, clock:8.624 level:17
2021-04-09 20:59:52.324 T:4440 DEBUG : CVideoPlayer::ProcessVideoData size:2218 dts:11.122 pts:11.162 dur:40.000ms, clock:8.624 level:17
2021-04-09 20:59:52.350 T:4891 DEBUG : CVideoPlayerVideo::OutputPicture - ttd:112ms pts:8.762 Clock:8.650 Level:3
2021-04-09 20:59:52.358 T:4891 DEBUG : CVideoPlayerVideo::OutputPicture - ttd:124ms pts:8.782 Clock:8.658 Level:4
2021-04-09 20:59:52.365 T:4891 DEBUG : CVideoPlayerVideo::OutputPicture - ttd:137ms pts:8.802 Clock:8.665 Level:5
2021-04-09 20:59:52.403 T:4891 DEBUG : CVideoPlayerVideo::OutputPicture - ttd:118ms pts:8.822 Clock:8.704 Level:3
2021-04-09 20:59:52.417 T:4891 DEBUG : CVideoPlayerVideo::OutputPicture - ttd:125ms pts:8.842 Clock:8.717 Level:3
2021-04-09 20:59:52.418 T:5095 DEBUG : CLibInputKeyboard::ProcessKey - using delay: 250ms repeat: 33ms
2021-04-09 20:59:52.419 T:4897 DEBUG : Thread Timer start, auto delete: false
2021-04-09 20:59:52.430 T:5056 DEBUG : Keyboard: scancode: 0x1c, sym: 0x000d, unicode: 0x000d, modifier: 0x0
2021-04-09 20:59:52.436 T:4440 DEBUG : CVideoPlayer::ProcessVideoData size:54550 dts:11.142 pts:11.342 dur:40.000ms, clock:8.736 level:16
2021-04-09 20:59:52.437 T:4891 DEBUG : CVideoPlayerVideo::OutputPicture - ttd:124ms pts:8.862 Clock:8.738 Level:3
2021-04-09 20:59:52.450 T:4891 DEBUG : CVideoPlayerVideo::OutputPicture - ttd:131ms pts:8.882 Clock:8.751 Level:3
2021-04-09 20:59:52.458 T:4891 DEBUG : CVideoPlayerVideo::OutputPicture - ttd:144ms pts:8.902 Clock:8.758 Level:4
2021-04-09 20:59:52.465 T:4891 DEBUG : CVideoPlayerVideo::OutputPicture - ttd:157ms pts:8.922 Clock:8.765 Level:5
2021-04-09 20:59:52.477 T:4440 DEBUG : CVideoPlayer::ProcessVideoData size:12094 dts:11.162 pts:11.262 dur:40.000ms, clock:8.777 level:15
2021-04-09 20:59:52.477 T:4440 DEBUG : CVideoPlayer::ProcessVideoData size:7707 dts:11.182 pts:11.222 dur:40.000ms, clock:8.777 level:15
2021-04-09 20:59:52.484 T:4891 DEBUG : CVideoPlayerVideo::OutputPicture - ttd:158ms pts:8.942 Clock:8.784 Level:5
2021-04-09 20:59:52.517 T:4891 DEBUG : CVideoPlayerVideo::OutputPicture - ttd:145ms pts:8.962 Clock:8.817 Level:4
2021-04-09 20:59:52.517 T:4440 DEBUG : CVideoPlayer::ProcessVideoData size:2972 dts:11.202 pts:11.202 dur:40.000ms, clock:8.817 level:15
2021-04-09 20:59:52.517 T:4440 DEBUG : CVideoPlayer::ProcessVideoData size:3670 dts:11.222 pts:11.242 dur:40.000ms, clock:8.818 level:16
2021-04-09 20:59:52.518 T:4440 DEBUG : CVideoPlayer::ProcessVideoData size:5571 dts:11.242 pts:11.302 dur:40.000ms, clock:8.818 level:16
2021-04-09 20:59:52.518 T:4440 DEBUG : CVideoPlayer::ProcessVideoData size:2612 dts:11.262 pts:11.282 dur:40.000ms, clock:8.819 level:16
2021-04-09 20:59:52.531 T:4891 DEBUG : CVideoPlayerVideo::OutputPicture - ttd:150ms pts:8.982 Clock:8.832 Level:4
2021-04-09 20:59:52.538 T:4897 DEBUG : Thread Timer 3448500912 terminating
2021-04-09 20:59:52.546 T:5056 DEBUG : Keyboard: scancode: 0x1c, sym: 0x000d, unicode: 0x000d, modifier: 0x0
2021-04-09 20:59:52.546 T:5056 DEBUG : HandleKey: return (0xf00d) pressed, action is OSD
2021-04-09 20:59:52.546 T:5056 DEBUG : ------ Window Init (VideoOSD.xml) ------
2021-04-09 20:59:52.551 T:4891 DEBUG : CVideoPlayerVideo::OutputPicture - ttd:151ms pts:9.002 Clock:8.851 Level:5
2021-04-09 20:59:52.560 T:5056 DEBUG : ------ Window Init (DialogSeekBar.xml) ------
2021-04-09 20:59:52.567 T:4440 DEBUG : CVideoPlayer::ProcessVideoData size:2284 dts:11.282 pts:11.322 dur:40.000ms, clock:8.868 level:16
2021-04-09 20:59:52.569 T:5056 DEBUG : [Warning] CGUITextureManager::GetTexturePath: could not find texture 'flags/default/audiocodec/'
2021-04-09 20:59:52.569 T:5056 DEBUG : [Warning] CGUITextureManager::GetTexturePath: could not find texture 'flags/default/audiochannels/'
2021-04-09 20:59:52.572 T:4891 DEBUG : CVideoPlayerVideo::OutputPicture - ttd:151ms pts:9.022 Clock:8.871 Level:5
2021-04-09 20:59:52.598 T:4891 DEBUG : CVideoPlayerVideo::OutputPicture - ttd:144ms pts:9.042 Clock:8.898 Level:5
2021-04-09 20:59:52.604 T:4440 DEBUG : CVideoPlayer::ProcessVideoData size:18215 dts:11.302 pts:11.502 dur:40.000ms, clock:8.904 level:16
2021-04-09 20:59:52.604 T:4440 DEBUG : CVideoPlayer::ProcessVideoData size:7089 dts:11.322 pts:11.422 dur:40.000ms, clock:8.905 level:16
2021-04-09 20:59:52.605 T:4440 DEBUG : CVideoPlayer::ProcessVideoData size:5746 dts:11.342 pts:11.382 dur:40.000ms, clock:8.905 level:16
2021-04-09 20:59:52.618 T:4891 DEBUG : CVideoPlayerVideo::OutputPicture - ttd:143ms pts:9.062 Clock:8.919 Level:4
2021-04-09 20:59:52.632 T:4891 DEBUG : CVideoPlayerVideo::OutputPicture - ttd:149ms pts:9.082 Clock:8.933 Level:5
2021-04-09 20:59:52.641 T:4440 DEBUG : CVideoPlayer::ProcessVideoData size:2691 dts:11.362 pts:11.362 dur:40.000ms, clock:8.942 level:16
2021-04-09 20:59:52.642 T:4440 DEBUG : CVideoPlayer::ProcessVideoData size:3309 dts:11.382 pts:11.402 dur:40.000ms, clock:8.942 level:16
2021-04-09 20:59:52.642 T:4440 DEBUG : CVideoPlayer::ProcessVideoData size:7940 dts:11.402 pts:11.462 dur:40.000ms, clock:8.943 level:16
2021-04-09 20:59:52.666 T:4891 DEBUG : CVideoPlayerVideo::OutputPicture - ttd:135ms pts:9.102 Clock:8.967 Level:4
2021-04-09 20:59:52.681 T:4440 DEBUG : CVideoPlayer::ProcessVideoData size:3746 dts:11.422 pts:11.442 dur:40.000ms, clock:8.981 level:16
2021-04-09 20:59:52.682 T:4440 DEBUG : CVideoPlayer::ProcessVideoData size:3803 dts:11.442 pts:11.482 dur:40.000ms, clock:8.982 level:16
2021-04-09 20:59:52.687 T:4891 DEBUG : CVideoPlayerVideo::OutputPicture - ttd:135ms pts:9.122 Clock:8.987 Level:5
2021-04-09 20:59:52.719 T:4891 DEBUG : CVideoPlayerVideo::OutputPicture - ttd:122ms pts:9.142 Clock:9.020 Level:4
2021-04-09 20:59:52.733 T:4891 DEBUG : CVideoPlayerVideo::OutputPicture - ttd:129ms pts:9.162 Clock:9.033 Level:4
2021-04-09 20:59:52.753 T:4891 DEBUG : CVideoPlayerVideo::OutputPicture - ttd:129ms pts:9.182 Clock:9.053 Level:4
2021-04-09 20:59:52.766 T:4891 DEBUG : CVideoPlayerVideo::OutputPicture - ttd:135ms pts:9.202 Clock:9.067 Level:4
2021-04-09 20:59:52.770 T:4440 DEBUG : CVideoPlayer::ProcessVideoData size:36930 dts:11.462 pts:11.662 dur:40.000ms, clock:9.070 level:16
2021-04-09 20:59:52.786 T:4891 DEBUG : CVideoPlayerVideo::OutputPicture - ttd:135ms pts:9.222 Clock:9.087 Level:4
2021-04-09 20:59:52.810 T:4440 DEBUG : CVideoPlayer::ProcessVideoData size:14923 dts:11.482 pts:11.582 dur:40.000ms, clock:9.110 level:15
2021-04-09 20:59:52.810 T:4440 DEBUG : CVideoPlayer::ProcessVideoData size:8307 dts:11.502 pts:11.542 dur:40.000ms, clock:9.111 level:16
2021-04-09 20:59:52.834 T:4891 DEBUG : CVideoPlayerVideo::OutputPicture - ttd:107ms pts:9.242 Clock:9.135 Level:3
2021-04-09 20:59:52.836 T:4891 DEBUG : CVideoPlayerVideo::OutputPicture - ttd:126ms pts:9.262 Clock:9.136 Level:4
2021-04-09 20:59:52.845 T:4440 DEBUG : CVideoPlayer::ProcessVideoData size:3215 dts:11.522 pts:11.522 dur:40.000ms, clock:9.146 level:16
2021-04-09 20:59:52.846 T:4440 DEBUG : CVideoPlayer::ProcessVideoData size:3345 dts:11.542 pts:11.562 dur:40.000ms, clock:9.146 level:16
2021-04-09 20:59:52.846 T:4440 DEBUG : CVideoPlayer::ProcessVideoData size:9297 dts:11.562 pts:11.622 dur:40.000ms, clock:9.146 level:16
2021-04-09 20:59:52.846 T:4440 DEBUG : CVideoPlayer::ProcessVideoData size:2494 dts:11.582 pts:11.602 dur:40.000ms, clock:9.146 level:16
2021-04-09 20:59:52.855 T:4891 DEBUG : CVideoPlayerVideo::OutputPicture - ttd:127ms pts:9.282 Clock:9.155 Level:3
2021-04-09 20:59:52.868 T:4891 DEBUG : CVideoPlayerVideo::OutputPicture - ttd:134ms pts:9.302 Clock:9.168 Level:4
2021-04-09 20:59:52.875 T:4891 DEBUG : CVideoPlayerVideo::OutputPicture - ttd:147ms pts:9.322 Clock:9.175 Level:4
2021-04-09 20:59:52.882 T:4891 DEBUG : CVideoPlayerVideo::OutputPicture - ttd:160ms pts:9.342 Clock:9.182 Level:5
2021-04-09 20:59:52.883 T:4440 DEBUG : CVideoPlayer::ProcessVideoData size:2443 dts:11.602 pts:11.642 dur:40.000ms, clock:9.183 level:16
2021-04-09 20:59:52.914 T:4891 DEBUG : CVideoPlayerVideo::OutputPicture - ttd:147ms pts:9.362 Clock:9.215 Level:5
2021-04-09 20:59:52.934 T:4891 DEBUG : CVideoPlayerVideo::OutputPicture - ttd:147ms pts:9.382 Clock:9.235 Level:5
2021-04-09 20:59:52.948 T:4891 DEBUG : CVideoPlayerVideo::OutputPicture - ttd:153ms pts:9.402 Clock:9.249 Level:5
2021-04-09 20:59:52.968 T:4891 DEBUG : CVideoPlayerVideo::OutputPicture - ttd:153ms pts:9.422 Clock:9.269 Level:5
2021-04-09 20:59:52.974 T:4440 DEBUG : CVideoPlayer::ProcessVideoData size:50040 dts:11.622 pts:11.822 dur:40.000ms, clock:9.275 level:15
2021-04-09 20:59:52.982 T:4891 DEBUG : CVideoPlayerVideo::OutputPicture - ttd:160ms pts:9.442 Clock:9.282 Level:5
2021-04-09 20:59:53.002 T:4891 DEBUG : CVideoPlayerVideo::OutputPicture - ttd:159ms pts:9.462 Clock:9.303 Level:6
2021-04-09 20:59:53.017 T:4440 DEBUG : CVideoPlayer::ProcessVideoData size:16384 dts:11.642 pts:11.742 dur:40.000ms, clock:9.317 level:14
2021-04-09 20:59:53.035 T:4891 DEBUG : CVideoPlayerVideo::OutputPicture - ttd:146ms pts:9.482 Clock:9.336 Level:5
2021-04-09 20:59:53.049 T:4891 DEBUG : CVideoPlayerVideo::OutputPicture - ttd:153ms pts:9.502 Clock:9.349 Level:5
2021-04-09 20:59:53.052 T:4440 DEBUG : CVideoPlayer::ProcessVideoData size:9588 dts:11.662 pts:11.702 dur:40.000ms, clock:9.352 level:14
2021-04-09 20:59:53.052 T:4440 DEBUG : CVideoPlayer::ProcessVideoData size:2044 dts:11.682 pts:11.682 dur:40.000ms, clock:9.353 level:15
2021-04-09 20:59:53.053 T:4440 DEBUG : CVideoPlayer::ProcessVideoData size:2280 dts:11.702 pts:11.722 dur:40.000ms, clock:9.353 level:15
2021-04-09 20:59:53.069 T:4891 DEBUG : CVideoPlayerVideo::OutputPicture - ttd:153ms pts:9.522 Clock:9.369 Level:5
2021-04-09 20:59:53.082 T:4891 DEBUG : CVideoPlayerVideo::OutputPicture - ttd:159ms pts:9.542 Clock:9.383 Level:5
2021-04-09 20:59:53.087 T:4440 DEBUG : CVideoPlayer::ProcessVideoData size:9271 dts:11.722 pts:11.782 dur:40.000ms, clock:9.387 level:15
2021-04-09 20:59:53.087 T:4440 DEBUG : CVideoPlayer::ProcessVideoData size:2976 dts:11.742 pts:11.762 dur:40.000ms, clock:9.388 level:15
2021-04-09 20:59:53.087 T:4440 DEBUG : CVideoPlayer::ProcessVideoData size:2545 dts:11.762 pts:11.802 dur:40.000ms, clock:9.388 level:15
2021-04-09 20:59:53.102 T:4891 DEBUG : CVideoPlayerVideo::OutputPicture - ttd:159ms pts:9.562 Clock:9.403 Level:6
2021-04-09 20:59:53.122 T:4440 DEBUG : CVideoPlayer::ProcessVideoData size:10354 dts:11.782 pts:11.842 dur:40.000ms, clock:9.423 level:15
2021-04-09 20:59:53.135 T:4891 DEBUG : CVideoPlayerVideo::OutputPicture - ttd:147ms pts:9.582 Clock:9.435 Level:5
2021-04-09 20:59:53.148 T:4891 DEBUG : CVideoPlayerVideo::OutputPicture - ttd:153ms pts:9.602 Clock:9.449 Level:5
2021-04-09 20:59:53.163 T:4440 DEBUG : CVideoPlayer::ProcessVideoData size:30629 dts:11.802 pts:11.862 dur:40.000ms, clock:9.463 level:15
2021-04-09 20:59:53.171 T:4891 DEBUG : CVideoPlayerVideo::OutputPicture - ttd:151ms pts:9.622 Clock:9.471 Level:4
2021-04-09 20:59:53.184 T:4891 DEBUG : CVideoPlayerVideo::OutputPicture - ttd:157ms pts:9.642 Clock:9.485 Level:5
2021-04-09 20:59:53.198 T:4891 DEBUG : CVideoPlayerVideo::OutputPicture - ttd:164ms pts:9.662 Clock:9.498 Level:6
2021-04-09 20:59:53.230 T:4891 DEBUG : CVideoPlayerVideo::OutputPicture - ttd:151ms pts:9.682 Clock:9.531 Level:5
2021-04-09 20:59:53.234 T:4440 DEBUG : CVideoPlayer::ProcessVideoData size:33943 dts:11.822 pts:11.982 dur:40.000ms, clock:9.534 level:14
2021-04-09 20:59:53.250 T:4891 DEBUG : CVideoPlayerVideo::OutputPicture - ttd:151ms pts:9.702 Clock:9.551 Level:5
2021-04-09 20:59:53.267 T:4440 DEBUG : CVideoPlayer::ProcessVideoData size:10848 dts:11.842 pts:11.922 dur:40.000ms, clock:9.568 level:14
2021-04-09 20:59:53.268 T:4440 DEBUG : CVideoPlayer::ProcessVideoData size:5692 dts:11.862 pts:11.902 dur:40.000ms, clock:9.568 level:14
2021-04-09 20:59:53.270 T:4891 DEBUG : CVideoPlayerVideo::OutputPicture - ttd:151ms pts:9.722 Clock:9.571 Level:4
2021-04-09 20:59:53.284 T:4891 DEBUG : CVideoPlayerVideo::OutputPicture - ttd:158ms pts:9.742 Clock:9.584 Level:5
2021-04-09 20:59:53.286 T:4891 DEBUG : CVideoPlayerVideo::OutputPicture - ttd:176ms pts:9.762 Clock:9.586 Level:6
2021-04-09 20:59:53.303 T:4891 DEBUG : CVideoPlayerVideo::OutputPicture - ttd:194ms pts:9.782 Clock:9.588 Level:6
2021-04-09 20:59:53.307 T:4440 DEBUG : CVideoPlayer::ProcessVideoData size:3257 dts:11.882 pts:11.882 dur:40.000ms, clock:9.607 level:14
2021-04-09 20:59:53.307 T:4440 DEBUG : CVideoPlayer::ProcessVideoData size:7079 dts:11.902 pts:11.962 dur:40.000ms, clock:9.607 level:14
2021-04-09 20:59:53.307 T:4440 DEBUG : CVideoPlayer::ProcessVideoData size:1891 dts:11.922 pts:11.942 dur:40.000ms, clock:9.608 level:15
2021-04-09 20:59:53.319 T:4891 DEBUG : CVideoPlayerVideo::OutputPicture - ttd:197ms pts:9.802 Clock:9.605 Level:6
2021-04-09 20:59:53.341 T:4440 DEBUG : CVideoPlayer::ProcessVideoData size:19775 dts:11.942 pts:12.042 dur:40.000ms, clock:9.641 level:14
2021-04-09 20:59:53.368 T:4891 DEBUG : CVideoPlayerVideo::OutputPicture - ttd:153ms pts:9.822 Clock:9.669 Level:5
2021-04-09 20:59:53.375 T:4440 DEBUG : CVideoPlayer::ProcessVideoData size:5363 dts:11.962 pts:12.022 dur:40.000ms, clock:9.675 level:14
2021-04-09 20:59:53.375 T:4440 DEBUG : CVideoPlayer::ProcessVideoData size:2164 dts:11.982 pts:12.002 dur:40.000ms, clock:9.676 level:14
2021-04-09 20:59:53.382 T:4891 DEBUG : CVideoPlayerVideo::OutputPicture - ttd:159ms pts:9.842 Clock:9.683 Level:5
2021-04-09 20:59:53.402 T:4891 DEBUG : CVideoPlayerVideo::OutputPicture - ttd:159ms pts:9.862 Clock:9.703 Level:6
2021-04-09 20:59:53.410 T:4440 DEBUG : CVideoPlayer::ProcessVideoData size:18070 dts:12.002 pts:12.062 dur:40.000ms, clock:9.710 level:14
2021-04-09 20:59:53.435 T:4891 DEBUG : CVideoPlayerVideo::OutputPicture - ttd:146ms pts:9.882 Clock:9.736 Level:5
2021-04-09 20:59:53.439 T:4440 DEBUG : CVideoPlayer::ProcessVideoData size:19646 dts:12.022 pts:12.122 dur:40.000ms, clock:9.739 level:14
2021-04-09 20:59:53.439 T:4440 DEBUG : CVideoPlayer::ProcessVideoData size:3417 dts:12.042 pts:12.102 dur:40.000ms, clock:9.739 level:14
2021-04-09 20:59:53.439 T:4440 DEBUG : CVideoPlayer::ProcessVideoData size:2656 dts:12.062 pts:12.082 dur:40.000ms, clock:9.739 level:15
2021-04-09 20:59:53.450 T:4891 DEBUG : CVideoPlayerVideo::OutputPicture - ttd:151ms pts:9.902 Clock:9.751 Level:5
2021-04-09 20:59:53.470 T:4891 DEBUG : CVideoPlayerVideo::OutputPicture - ttd:151ms pts:9.922 Clock:9.771 Level:5
2021-04-09 20:59:53.484 T:4891 DEBUG : CVideoPlayerVideo::OutputPicture - ttd:158ms pts:9.942 Clock:9.784 Level:5
2021-04-09 20:59:53.500 T:4440 DEBUG : CVideoPlayer::ProcessVideoData size:24367 dts:12.082 pts:12.202 dur:40.000ms, clock:9.800 level:14
2021-04-09 20:59:53.502 T:4440 DEBUG : CVideoPlayer::ProcessVideoData size:7270 dts:12.102 pts:12.162 dur:40.000ms, clock:9.802 level:14
2021-04-09 20:59:53.503 T:4440 DEBUG : CVideoPlayer::ProcessVideoData size:2868 dts:12.122 pts:12.142 dur:40.000ms, clock:9.803 level:14
2021-04-09 20:59:53.504 T:4440 DEBUG : CVideoPlayer::ProcessVideoData size:2567 dts:12.142 pts:12.182 dur:40.000ms, clock:9.804 level:15
2021-04-09 20:59:53.505 T:4891 DEBUG : CVideoPlayerVideo::OutputPicture - ttd:156ms pts:9.962 Clock:9.806 Level:5
