2021-04-09 20:59:53.552 T:4891 DEBUG : CVideoPlayerVideo::OutputPicture - ttd:130ms pts:9.982 Clock:9.852 Level:4
2021-04-09 20:59:53.553 T:4891 DEBUG : CVideoPlayerVideo::OutputPicture - ttd:148ms pts:10.002 Clock:9.854 Level:5
2021-04-09 20:59:53.560 T:4440 DEBUG : CVideoPlayer::ProcessVideoData size:18051 dts:12.162 pts:12.242 dur:40.000ms, clock:9.861 level:14
2021-04-09 20:59:53.561 T:4440 DEBUG : CVideoPlayer::ProcessVideoData size:2460 dts:12.182 pts:12.222 dur:40.000ms, clock:9.861 level:15
2021-04-09 20:59:53.566 T:4891 DEBUG : CVideoPlayerVideo::OutputPicture - ttd:156ms pts:10.022 Clock:9.866 Level:5
2021-04-09 20:59:53.586 T:4891 DEBUG : CVideoPlayerVideo::OutputPicture - ttd:155ms pts:10.042 Clock:9.887 Level:5
2021-04-09 20:59:53.593 T:4440 DEBUG : CVideoPlayer::ProcessVideoData size:18071 dts:12.202 pts:12.282 dur:40.000ms, clock:9.893 level:14
2021-04-09 20:59:53.593 T:4440 DEBUG : CVideoPlayer::ProcessVideoData size:2101 dts:12.222 pts:12.262 dur:40.000ms, clock:9.893 level:15
2021-04-09 20:59:53.600 T:4891 DEBUG : CVideoPlayerVideo::OutputPicture - ttd:162ms pts:10.062 Clock:9.900 Level:6
2021-04-09 20:59:53.633 T:4891 DEBUG : CVideoPlayerVideo::OutputPicture - ttd:149ms pts:10.082 Clock:9.933 Level:5
2021-04-09 20:59:53.653 T:4891 DEBUG : CVideoPlayerVideo::OutputPicture - ttd:149ms pts:10.102 Clock:9.953 Level:5
2021-04-09 20:59:53.654 T:4440 DEBUG : CVideoPlayer::ProcessVideoData size:41833 dts:12.242 pts:12.322 dur:40.000ms, clock:9.955 level:14
2021-04-09 20:59:53.655 T:4440 DEBUG : CVideoPlayer::ProcessVideoData size:2255 dts:12.262 pts:12.302 dur:40.000ms, clock:9.955 level:14
2021-04-09 20:59:53.666 T:4891 DEBUG : CVideoPlayerVideo::OutputPicture - ttd:155ms pts:10.122 Clock:9.967 Level:5
2021-04-09 20:59:53.682 T:4891 DEBUG : CVideoPlayerVideo::OutputPicture - ttd:160ms pts:10.142 Clock:9.982 Level:5
2021-04-09 20:59:53.702 T:4891 DEBUG : CVideoPlayerVideo::OutputPicture - ttd:159ms pts:10.162 Clock:10.003 Level:6
2021-04-09 20:59:53.717 T:4440 DEBUG : CVideoPlayer::ProcessVideoData size:25886 dts:12.282 pts:12.382 dur:40.000ms, clock:10.017 level:14
2021-04-09 20:59:53.717 T:4440 DEBUG : CVideoPlayer::ProcessVideoData size:7798 dts:12.302 pts:12.362 dur:40.000ms, clock:10.017 level:14
2021-04-09 20:59:53.735 T:4891 DEBUG : CVideoPlayerVideo::OutputPicture - ttd:146ms pts:10.182 Clock:10.036 Level:5
2021-04-09 20:59:53.749 T:4440 DEBUG : CVideoPlayer::ProcessVideoData size:2056 dts:12.322 pts:12.342 dur:40.000ms, clock:10.049 level:14
2021-04-09 20:59:53.751 T:4891 DEBUG : CVideoPlayerVideo::OutputPicture - ttd:150ms pts:10.202 Clock:10.052 Level:5
2021-04-09 20:59:53.771 T:4891 DEBUG : CVideoPlayerVideo::OutputPicture - ttd:151ms pts:10.222 Clock:10.071 Level:4
2021-04-09 20:59:53.776 T:4440 DEBUG : CVideoPlayer::ProcessVideoData size:27891 dts:12.342 pts:12.482 dur:40.000ms, clock:10.077 level:14
2021-04-09 20:59:53.784 T:4891 DEBUG : CVideoPlayerVideo::OutputPicture - ttd:157ms pts:10.242 Clock:10.084 Level:5
2021-04-09 20:59:53.804 T:4440 DEBUG : CVideoPlayer::ProcessVideoData size:11431 dts:12.362 pts:12.442 dur:40.000ms, clock:10.104 level:14
2021-04-09 20:59:53.804 T:4891 DEBUG : CVideoPlayerVideo::OutputPicture - ttd:158ms pts:10.262 Clock:10.104 Level:5
2021-04-09 20:59:53.805 T:4440 DEBUG : CVideoPlayer::ProcessVideoData size:7883 dts:12.382 pts:12.422 dur:40.000ms, clock:10.105 level:14
2021-04-09 20:59:53.805 T:4440 DEBUG : CVideoPlayer::ProcessVideoData size:2463 dts:12.402 pts:12.402 dur:40.000ms, clock:10.105 level:14
2021-04-09 20:59:53.831 T:4891 DEBUG : CVideoPlayerVideo::OutputPicture - ttd:150ms pts:10.282 Clock:10.132 Level:5
2021-04-09 20:59:53.837 T:4440 DEBUG : CVideoPlayer::ProcessVideoData size:2727 dts:12.422 pts:12.462 dur:40.000ms, clock:10.138 level:14
2021-04-09 20:59:53.852 T:4891 DEBUG : CVideoPlayerVideo::OutputPicture - ttd:150ms pts:10.302 Clock:10.152 Level:5
2021-04-09 20:59:53.867 T:4440 DEBUG : CVideoPlayer::ProcessVideoData size:30335 dts:12.442 pts:12.582 dur:40.000ms, clock:10.168 level:14
2021-04-09 20:59:53.868 T:4891 DEBUG : CVideoPlayerVideo::OutputPicture - ttd:154ms pts:10.322 Clock:10.168 Level:5
2021-04-09 20:59:53.881 T:4891 DEBUG : CVideoPlayerVideo::OutputPicture - ttd:161ms pts:10.342 Clock:10.181 Level:5
2021-04-09 20:59:53.899 T:4440 DEBUG : CVideoPlayer::ProcessVideoData size:12684 dts:12.462 pts:12.542 dur:40.000ms, clock:10.199 level:14
2021-04-09 20:59:53.901 T:4891 DEBUG : CVideoPlayerVideo::OutputPicture - ttd:160ms pts:10.362 Clock:10.202 Level:6
2021-04-09 20:59:53.926 T:4440 DEBUG : CVideoPlayer::ProcessVideoData size:10393 dts:12.482 pts:12.522 dur:40.000ms, clock:10.226 level:14
2021-04-09 20:59:53.926 T:4440 DEBUG : CVideoPlayer::ProcessVideoData size:2523 dts:12.502 pts:12.502 dur:40.000ms, clock:10.227 level:14
2021-04-09 20:59:53.926 T:4440 DEBUG : CVideoPlayer::ProcessVideoData size:2998 dts:12.522 pts:12.562 dur:40.000ms, clock:10.227 level:14
2021-04-09 20:59:53.935 T:4891 DEBUG : CVideoPlayerVideo::OutputPicture - ttd:146ms pts:10.382 Clock:10.236 Level:5
2021-04-09 20:59:53.949 T:4891 DEBUG : CVideoPlayerVideo::OutputPicture - ttd:152ms pts:10.402 Clock:10.250 Level:5
2021-04-09 20:59:53.970 T:4891 DEBUG : CVideoPlayerVideo::OutputPicture - ttd:152ms pts:10.422 Clock:10.270 Level:5
2021-04-09 20:59:53.983 T:4891 DEBUG : CVideoPlayerVideo::OutputPicture - ttd:158ms pts:10.442 Clock:10.284 Level:5
2021-04-09 20:59:53.988 T:4440 DEBUG : CVideoPlayer::ProcessVideoData size:26882 dts:12.542 pts:12.682 dur:40.000ms, clock:10.288 level:14
2021-04-09 20:59:53.988 T:4440 DEBUG : CVideoPlayer::ProcessVideoData size:9967 dts:12.562 pts:12.642 dur:40.000ms, clock:10.289 level:14
2021-04-09 20:59:53.989 T:4440 DEBUG : CVideoPlayer::ProcessVideoData size:4269 dts:12.582 pts:12.622 dur:40.000ms, clock:10.290 level:14
2021-04-09 20:59:54.003 T:4891 DEBUG : CVideoPlayerVideo::OutputPicture - ttd:158ms pts:10.462 Clock:10.304 Level:6
2021-04-09 20:59:54.009 T:4440 DEBUG : CVideoPlayer::ProcessVideoData size:2917 dts:12.602 pts:12.602 dur:40.000ms, clock:10.310 level:14
2021-04-09 20:59:54.010 T:4440 DEBUG : CVideoPlayer::ProcessVideoData size:2872 dts:12.622 pts:12.662 dur:40.000ms, clock:10.310 level:14
2021-04-09 20:59:54.049 T:4891 DEBUG : CVideoPlayerVideo::OutputPicture - ttd:132ms pts:10.482 Clock:10.350 Level:4
2021-04-09 20:59:54.057 T:4891 DEBUG : CVideoPlayerVideo::OutputPicture - ttd:144ms pts:10.502 Clock:10.358 Level:4
2021-04-09 20:59:54.074 T:4440 DEBUG : CVideoPlayer::ProcessVideoData size:35218 dts:12.642 pts:12.702 dur:40.000ms, clock:10.374 level:14
2021-04-09 20:59:54.083 T:4891 DEBUG : CVideoPlayerVideo::OutputPicture - ttd:139ms pts:10.522 Clock:10.383 Level:4
2021-04-09 20:59:54.102 T:4891 DEBUG : CVideoPlayerVideo::OutputPicture - ttd:139ms pts:10.542 Clock:10.403 Level:5
2021-04-09 20:59:54.102 T:4440 DEBUG : CVideoPlayer::ProcessVideoData size:20894 dts:12.662 pts:12.802 dur:40.000ms, clock:10.403 level:14
2021-04-09 20:59:54.135 T:4440 DEBUG : CVideoPlayer::ProcessVideoData size:6865 dts:12.682 pts:12.762 dur:40.000ms, clock:10.435 level:14
2021-04-09 20:59:54.135 T:4440 DEBUG : CVideoPlayer::ProcessVideoData size:2741 dts:12.702 pts:12.742 dur:40.000ms, clock:10.436 level:14
2021-04-09 20:59:54.136 T:4440 DEBUG : CVideoPlayer::ProcessVideoData size:1612 dts:12.722 pts:12.722 dur:40.000ms, clock:10.436 level:14
2021-04-09 20:59:54.137 T:4891 DEBUG : CVideoPlayerVideo::OutputPicture - ttd:124ms pts:10.562 Clock:10.438 Level:4
2021-04-09 20:59:54.138 T:4440 DEBUG : CVideoPlayer::ProcessVideoData size:1800 dts:12.742 pts:12.782 dur:40.000ms, clock:10.438 level:15
2021-04-09 20:59:54.151 T:4891 DEBUG : CVideoPlayerVideo::OutputPicture - ttd:130ms pts:10.582 Clock:10.452 Level:4
2021-04-09 20:59:54.165 T:4891 DEBUG : CVideoPlayerVideo::OutputPicture - ttd:137ms pts:10.602 Clock:10.465 Level:4
2021-04-09 20:59:54.181 T:4891 DEBUG : CVideoPlayerVideo::OutputPicture - ttd:141ms pts:10.622 Clock:10.481 Level:4
2021-04-09 20:59:54.185 T:4440 DEBUG : CVideoPlayer::ProcessVideoData size:26020 dts:12.762 pts:12.862 dur:40.000ms, clock:10.486 level:14
2021-04-09 20:59:54.186 T:4440 DEBUG : CVideoPlayer::ProcessVideoData size:7276 dts:12.782 pts:12.842 dur:40.000ms, clock:10.486 level:14
2021-04-09 20:59:54.186 T:4440 DEBUG : CVideoPlayer::ProcessVideoData size:1877 dts:12.802 pts:12.822 dur:40.000ms, clock:10.487 level:15
2021-04-09 20:59:54.234 T:4891 DEBUG : CVideoPlayerVideo::OutputPicture - ttd:108ms pts:10.642 Clock:10.534 Level:3
2021-04-09 20:59:54.235 T:4891 DEBUG : CVideoPlayerVideo::OutputPicture - ttd:126ms pts:10.662 Clock:10.536 Level:4
2021-04-09 20:59:54.245 T:4440 DEBUG : CVideoPlayer::ProcessVideoData size:27889 dts:12.822 pts:12.962 dur:40.000ms, clock:10.546 level:14
2021-04-09 20:59:54.245 T:4440 DEBUG : CVideoPlayer::ProcessVideoData size:8626 dts:12.842 pts:12.922 dur:40.000ms, clock:10.546 level:15
2021-04-09 20:59:54.246 T:4440 DEBUG : CVideoPlayer::ProcessVideoData size:2084 dts:12.862 pts:12.902 dur:40.000ms, clock:10.546 level:15
2021-04-09 20:59:54.254 T:4891 DEBUG : CVideoPlayerVideo::OutputPicture - ttd:127ms pts:10.682 Clock:10.555 Level:3
2021-04-09 20:59:54.268 T:4891 DEBUG : CVideoPlayerVideo::OutputPicture - ttd:134ms pts:10.702 Clock:10.568 Level:4
2021-04-09 20:59:54.274 T:4440 DEBUG : CVideoPlayer::ProcessVideoData size:1847 dts:12.882 pts:12.882 dur:40.000ms, clock:10.574 level:15
2021-04-09 20:59:54.274 T:4440 DEBUG : CVideoPlayer::ProcessVideoData size:1548 dts:12.902 pts:12.942 dur:40.000ms, clock:10.575 level:15
2021-04-09 20:59:54.281 T:4891 DEBUG : CVideoPlayerVideo::OutputPicture - ttd:140ms pts:10.722 Clock:10.582 Level:4
2021-04-09 20:59:54.297 T:4440 DEBUG : CVideoPlayer::ProcessVideoData size:25172 dts:12.922 pts:13.042 dur:40.000ms, clock:10.598 level:15
2021-04-09 20:59:54.302 T:4891 DEBUG : CVideoPlayerVideo::OutputPicture - ttd:140ms pts:10.742 Clock:10.602 Level:5
2021-04-09 20:59:54.325 T:4440 DEBUG : CVideoPlayer::ProcessVideoData size:7152 dts:12.942 pts:13.002 dur:40.000ms, clock:10.626 level:15
2021-04-09 20:59:54.326 T:4440 DEBUG : CVideoPlayer::ProcessVideoData size:1547 dts:12.962 pts:12.982 dur:40.000ms, clock:10.626 level:15
2021-04-09 20:59:54.326 T:4440 DEBUG : CVideoPlayer::ProcessVideoData size:1716 dts:12.982 pts:13.022 dur:40.000ms, clock:10.626 level:15
2021-04-09 20:59:54.335 T:4891 DEBUG : CVideoPlayerVideo::OutputPicture - ttd:126ms pts:10.762 Clock:10.636 Level:4
2021-04-09 20:59:54.337 T:4891 DEBUG : CVideoPlayerVideo::OutputPicture - ttd:145ms pts:10.782 Clock:10.637 Level:5
2021-04-09 20:59:54.338 T:4891 DEBUG : CVideoPlayerVideo::OutputPicture - ttd:163ms pts:10.802 Clock:10.639 Level:5
2021-04-09 20:59:54.340 T:4891 DEBUG : CVideoPlayerVideo::OutputPicture - ttd:182ms pts:10.822 Clock:10.640 Level:6
2021-04-09 20:59:54.354 T:4891 DEBUG : CVideoPlayerVideo::OutputPicture - ttd:200ms pts:10.842 Clock:10.642 Level:6
2021-04-09 20:59:54.389 T:4440 DEBUG : CVideoPlayer::ProcessVideoData size:33261 dts:13.002 pts:13.102 dur:40.000ms, clock:10.689 level:14
2021-04-09 20:59:54.389 T:4440 DEBUG : CVideoPlayer::ProcessVideoData size:8718 dts:13.022 pts:13.082 dur:40.000ms, clock:10.690 level:15
2021-04-09 20:59:54.389 T:4440 DEBUG : CVideoPlayer::ProcessVideoData size:1547 dts:13.042 pts:13.062 dur:40.000ms, clock:10.690 level:15
2021-04-09 20:59:54.403 T:4891 DEBUG : CVideoPlayerVideo::OutputPicture - ttd:159ms pts:10.862 Clock:10.703 Level:6
2021-04-09 20:59:54.435 T:4891 DEBUG : CVideoPlayerVideo::OutputPicture - ttd:146ms pts:10.882 Clock:10.736 Level:5
2021-04-09 20:59:54.439 T:4440 DEBUG : CVideoPlayer::ProcessVideoData size:20256 dts:13.062 pts:13.142 dur:40.000ms, clock:10.740 level:15
2021-04-09 20:59:54.440 T:4440 DEBUG : CVideoPlayer::ProcessVideoData size:1978 dts:13.082 pts:13.122 dur:40.000ms, clock:10.740 level:15
2021-04-09 20:59:54.449 T:4891 DEBUG : CVideoPlayerVideo::OutputPicture - ttd:153ms pts:10.902 Clock:10.749 Level:5
2021-04-09 20:59:54.469 T:4891 DEBUG : CVideoPlayerVideo::OutputPicture - ttd:152ms pts:10.922 Clock:10.770 Level:5
2021-04-09 20:59:54.483 T:4891 DEBUG : CVideoPlayerVideo::OutputPicture - ttd:159ms pts:10.942 Clock:10.783 Level:5
2021-04-09 20:59:54.504 T:4891 DEBUG : CVideoPlayerVideo::OutputPicture - ttd:157ms pts:10.962 Clock:10.805 Level:5
2021-04-09 20:59:54.504 T:4440 DEBUG : CVideoPlayer::ProcessVideoData size:35758 dts:13.102 pts:13.202 dur:40.000ms, clock:10.805 level:14
2021-04-09 20:59:54.505 T:4440 DEBUG : CVideoPlayer::ProcessVideoData size:2214 dts:13.122 pts:13.182 dur:40.000ms, clock:10.805 level:14
2021-04-09 20:59:54.505 T:4440 DEBUG : CVideoPlayer::ProcessVideoData size:2376 dts:13.142 pts:13.162 dur:40.000ms, clock:10.805 level:15
2021-04-09 20:59:54.531 T:4891 DEBUG : CVideoPlayerVideo::OutputPicture - ttd:150ms pts:10.982 Clock:10.832 Level:5
2021-04-09 20:59:54.551 T:4891 DEBUG : CVideoPlayerVideo::OutputPicture - ttd:150ms pts:11.002 Clock:10.852 Level:5
2021-04-09 20:59:54.561 T:4440 DEBUG : CVideoPlayer::ProcessVideoData size:27454 dts:13.162 pts:13.322 dur:40.000ms, clock:10.861 level:14
2021-04-09 20:59:54.561 T:4440 DEBUG : CVideoPlayer::ProcessVideoData size:12443 dts:13.182 pts:13.262 dur:40.000ms, clock:10.862 level:14
2021-04-09 20:59:54.584 T:4891 DEBUG : CVideoPlayerVideo::OutputPicture - ttd:137ms pts:11.022 Clock:10.885 Level:4
2021-04-09 20:59:54.595 T:4440 DEBUG : CVideoPlayer::ProcessVideoData size:9425 dts:13.202 pts:13.242 dur:40.000ms, clock:10.895 level:14
2021-04-09 20:59:54.595 T:4440 DEBUG : CVideoPlayer::ProcessVideoData size:1752 dts:13.222 pts:13.222 dur:40.000ms, clock:10.895 level:15
2021-04-09 20:59:54.595 T:4440 DEBUG : CVideoPlayer::ProcessVideoData size:2039 dts:13.242 pts:13.302 dur:40.000ms, clock:10.896 level:15
2021-04-09 20:59:54.595 T:4440 DEBUG : CVideoPlayer::ProcessVideoData size:2069 dts:13.262 pts:13.282 dur:40.000ms, clock:10.896 level:15
2021-04-09 20:59:54.604 T:4891 DEBUG : CVideoPlayerVideo::OutputPicture - ttd:137ms pts:11.042 Clock:10.905 Level:4
2021-04-09 20:59:54.631 T:4891 DEBUG : CVideoPlayerVideo::OutputPicture - ttd:131ms pts:11.062 Clock:10.931 Level:4
2021-04-09 20:59:54.647 T:4440 DEBUG : CVideoPlayer::ProcessVideoData size:30388 dts:13.282 pts:13.422 dur:40.000ms, clock:10.947 level:15
2021-04-09 20:59:54.651 T:4891 DEBUG : CVideoPlayerVideo::OutputPicture - ttd:131ms pts:11.082 Clock:10.951 Level:4
2021-04-09 20:59:54.671 T:4891 DEBUG : CVideoPlayerVideo::OutputPicture - ttd:131ms pts:11.102 Clock:10.971 Level:4
2021-04-09 20:59:54.676 T:4440 DEBUG : CVideoPlayer::ProcessVideoData size:11743 dts:13.302 pts:13.382 dur:40.000ms, clock:10.976 level:15
2021-04-09 20:59:54.676 T:4440 DEBUG : CVideoPlayer::ProcessVideoData size:7907 dts:13.322 pts:13.362 dur:40.000ms, clock:10.976 level:15
2021-04-09 20:59:54.676 T:4440 DEBUG : CVideoPlayer::ProcessVideoData size:1607 dts:13.342 pts:13.342 dur:40.000ms, clock:10.977 level:15
2021-04-09 20:59:54.676 T:4440 DEBUG : CVideoPlayer::ProcessVideoData size:2336 dts:13.362 pts:13.402 dur:40.000ms, clock:10.977 level:16
2021-04-09 20:59:54.684 T:4891 DEBUG : CVideoPlayerVideo::OutputPicture - ttd:137ms pts:11.122 Clock:10.985 Level:4
2021-04-09 20:59:54.704 T:4891 DEBUG : CVideoPlayerVideo::OutputPicture - ttd:137ms pts:11.142 Clock:11.005 Level:4
2021-04-09 20:59:54.739 T:4440 DEBUG : CVideoPlayer::ProcessVideoData size:33268 dts:13.382 pts:13.562 dur:40.000ms, clock:11.040 level:15
2021-04-09 20:59:54.750 T:4891 DEBUG : CVideoPlayerVideo::OutputPicture - ttd:112ms pts:11.162 Clock:11.050 Level:3
2021-04-09 20:59:54.758 T:4891 DEBUG : CVideoPlayerVideo::OutputPicture - ttd:123ms pts:11.182 Clock:11.059 Level:3
2021-04-09 20:59:54.765 T:4891 DEBUG : CVideoPlayerVideo::OutputPicture - ttd:136ms pts:11.202 Clock:11.066 Level:4
2021-04-09 20:59:54.768 T:4440 DEBUG : CVideoPlayer::ProcessVideoData size:10833 dts:13.402 pts:13.502 dur:40.000ms, clock:11.069 level:15
2021-04-09 20:59:54.769 T:4440 DEBUG : CVideoPlayer::ProcessVideoData size:6689 dts:13.422 pts:13.462 dur:40.000ms, clock:11.070 level:15
2021-04-09 20:59:54.769 T:4440 DEBUG : CVideoPlayer::ProcessVideoData size:2130 dts:13.442 pts:13.442 dur:40.000ms, clock:11.070 level:16
2021-04-09 20:59:54.785 T:4891 DEBUG : CVideoPlayerVideo::OutputPicture - ttd:136ms pts:11.222 Clock:11.086 Level:4
2021-04-09 20:59:54.790 T:4440 DEBUG : CVideoPlayer::ProcessVideoData size:2228 dts:13.462 pts:13.482 dur:40.000ms, clock:11.091 level:15
2021-04-09 20:59:54.791 T:4440 DEBUG : CVideoPlayer::ProcessVideoData size:2770 dts:13.482 pts:13.542 dur:40.000ms, clock:11.091 level:16
2021-04-09 20:59:54.791 T:4440 DEBUG : CVideoPlayer::ProcessVideoData size:2417 dts:13.502 pts:13.522 dur:40.000ms, clock:11.091 level:16
2021-04-09 20:59:54.799 T:4891 DEBUG : CVideoPlayerVideo::OutputPicture - ttd:143ms pts:11.242 Clock:11.099 Level:5
2021-04-09 20:59:54.807 T:5149 DEBUG : AddOnLog: pvr.hts: demux unsubscribe from 145834242
2021-04-09 20:59:54.808 T:5149 DEBUG : AddOnLog: pvr.hts: demux successfully unsubscribed from channel id 145834242, subscription id 596
2021-04-09 20:59:54.811 T:5149 DEBUG : AddOnLog: pvr.hts: demux close
2021-04-09 20:59:54.832 T:4891 DEBUG : CVideoPlayerVideo::OutputPicture - ttd:130ms pts:11.262 Clock:11.132 Level:4
2021-04-09 20:59:54.852 T:4891 DEBUG : CVideoPlayerVideo::OutputPicture - ttd:129ms pts:11.282 Clock:11.153 Level:4
2021-04-09 20:59:54.854 T:4891 DEBUG : CVideoPlayerVideo::OutputPicture - ttd:148ms pts:11.302 Clock:11.154 Level:5
2021-04-09 20:59:54.866 T:4891 DEBUG : CVideoPlayerVideo::OutputPicture - ttd:156ms pts:11.322 Clock:11.166 Level:5
2021-04-09 20:59:54.879 T:4440 DEBUG : CVideoPlayer::ProcessVideoData size:41982 dts:13.522 pts:13.702 dur:40.000ms, clock:11.180 level:15
2021-04-09 20:59:54.886 T:4891 DEBUG : CVideoPlayerVideo::OutputPicture - ttd:155ms pts:11.342 Clock:11.187 Level:5
2021-04-09 20:59:54.898 T:4440 DEBUG : CVideoPlayer::ProcessVideoData size:15351 dts:13.542 pts:13.642 dur:40.000ms, clock:11.199 level:15
2021-04-09 20:59:54.900 T:4891 DEBUG : CVideoPlayerVideo::OutputPicture - ttd:162ms pts:11.362 Clock:11.200 Level:6
2021-04-09 20:59:54.934 T:4891 DEBUG : CVideoPlayerVideo::OutputPicture - ttd:148ms pts:11.382 Clock:11.234 Level:5
2021-04-09 20:59:54.935 T:4440 DEBUG : CVideoPlayer::ProcessVideoData size:11153 dts:13.562 pts:13.602 dur:40.000ms, clock:11.236 level:15
2021-04-09 20:59:54.936 T:4440 DEBUG : CVideoPlayer::ProcessVideoData size:2698 dts:13.582 pts:13.582 dur:40.000ms, clock:11.236 level:15
2021-04-09 20:59:54.936 T:4440 DEBUG : CVideoPlayer::ProcessVideoData size:2537 dts:13.602 pts:13.622 dur:40.000ms, clock:11.236 level:15
2021-04-09 20:59:54.951 T:4891 DEBUG : CVideoPlayerVideo::OutputPicture - ttd:151ms pts:11.402 Clock:11.251 Level:5
2021-04-09 20:59:54.954 T:4440 DEBUG : CVideoPlayer::ProcessVideoData size:10006 dts:13.622 pts:13.682 dur:40.000ms, clock:11.254 level:15
2021-04-09 20:59:54.954 T:4440 DEBUG : CVideoPlayer::ProcessVideoData size:3065 dts:13.642 pts:13.662 dur:40.000ms, clock:11.255 level:15
2021-04-09 20:59:54.965 T:4891 DEBUG : CVideoPlayerVideo::OutputPicture - ttd:157ms pts:11.422 Clock:11.265 Level:5
2021-04-09 20:59:54.985 T:4891 DEBUG : CVideoPlayerVideo::OutputPicture - ttd:157ms pts:11.442 Clock:11.285 Level:5
2021-04-09 20:59:54.991 T:4440 DEBUG : CVideoPlayer::ProcessVideoData size:31050 dts:13.662 pts:13.862 dur:40.000ms, clock:11.291 level:15
2021-04-09 20:59:54.998 T:4891 DEBUG : CVideoPlayerVideo::OutputPicture - ttd:163ms pts:11.462 Clock:11.299 Level:6
2021-04-09 20:59:55.031 T:4891 DEBUG : CVideoPlayerVideo::OutputPicture - ttd:151ms pts:11.482 Clock:11.331 Level:5
2021-04-09 20:59:55.046 T:4440 DEBUG : CVideoPlayer::ProcessVideoData size:7962 dts:13.682 pts:13.782 dur:40.000ms, clock:11.346 level:15
2021-04-09 20:59:55.046 T:4440 DEBUG : CVideoPlayer::ProcessVideoData size:8490 dts:13.702 pts:13.742 dur:40.000ms, clock:11.347 level:15
2021-04-09 20:59:55.046 T:4440 DEBUG : CVideoPlayer::ProcessVideoData size:3635 dts:13.722 pts:13.722 dur:40.000ms, clock:11.347 level:15
2021-04-09 20:59:55.047 T:4440 DEBUG : CVideoPlayer::ProcessVideoData size:2124 dts:13.742 pts:13.762 dur:40.000ms, clock:11.347 level:15
2021-04-09 20:59:55.070 T:4891 DEBUG : CVideoPlayerVideo::OutputPicture - ttd:131ms pts:11.502 Clock:11.371 Level:4
2021-04-09 20:59:55.084 T:4440 DEBUG : CVideoPlayer::ProcessVideoData size:4522 dts:13.762 pts:13.822 dur:40.000ms, clock:11.385 level:15
2021-04-09 20:59:55.085 T:4891 DEBUG : CVideoPlayerVideo::OutputPicture - ttd:137ms pts:11.522 Clock:11.385 Level:5
2021-04-09 20:59:55.085 T:4440 DEBUG : CVideoPlayer::ProcessVideoData size:1443 dts:13.782 pts:13.802 dur:40.000ms, clock:11.385 level:16
2021-04-09 20:59:55.085 T:4440 DEBUG : CVideoPlayer::ProcessVideoData size:1417 dts:13.802 pts:13.842 dur:40.000ms, clock:11.386 level:16
2021-04-09 20:59:55.098 T:5095 DEBUG : CLibInputKeyboard::ProcessKey - using delay: 400ms repeat: 80ms
2021-04-09 20:59:55.099 T:4898 DEBUG : Thread Timer start, auto delete: false
2021-04-09 20:59:55.102 T:4440 DEBUG : CVideoPlayer::ProcessVideoData size:14461 dts:13.822 pts:14.022 dur:40.000ms, clock:11.403 level:16
2021-04-09 20:59:55.102 T:4440 DEBUG : CVideoPlayer::ProcessVideoData size:2370 dts:13.842 pts:13.942 dur:40.000ms, clock:11.403 level:16
2021-04-09 20:59:55.103 T:4440 DEBUG : CVideoPlayer::ProcessVideoData size:2055 dts:13.862 pts:13.902 dur:40.000ms, clock:11.403 level:16
2021-04-09 20:59:55.103 T:4440 DEBUG : CVideoPlayer::ProcessVideoData size:1772 dts:13.882 pts:13.882 dur:40.000ms, clock:11.403 level:17
2021-04-09 20:59:55.103 T:4440 DEBUG : CVideoPlayer::ProcessVideoData size:793 dts:13.902 pts:13.922 dur:40.000ms, clock:11.403 level:17
2021-04-09 20:59:55.103 T:4440 DEBUG : CVideoPlayer::ProcessVideoData size:970 dts:13.922 pts:13.982 dur:40.000ms, clock:11.404 level:17
2021-04-09 20:59:55.103 T:4440 DEBUG : CVideoPlayer::ProcessVideoData size:487 dts:13.942 pts:13.962 dur:40.000ms, clock:11.404 level:17
2021-04-09 20:59:55.103 T:4440 DEBUG : CVideoPlayer::ProcessVideoData size:524 dts:13.962 pts:14.002 dur:40.000ms, clock:11.404 level:18
2021-04-09 20:59:55.113 T:5056 DEBUG : Keyboard: scancode: 0x9e, sym: 0x00a6, unicode: 0x0000, modifier: 0x0
2021-04-09 20:59:55.118 T:4891 DEBUG : CVideoPlayerVideo::OutputPicture - ttd:123ms pts:11.542 Clock:11.419 Level:4
2021-04-09 20:59:55.132 T:4891 DEBUG : CVideoPlayerVideo::OutputPicture - ttd:130ms pts:11.562 Clock:11.432 Level:4
2021-04-09 20:59:55.146 T:4898 DEBUG : Thread Timer 3448500912 terminating
2021-04-09 20:59:55.146 T:5056 DEBUG : Keyboard: scancode: 0x9e, sym: 0x00a6, unicode: 0x0000, modifier: 0x0
2021-04-09 20:59:55.147 T:5056 DEBUG : HandleKey: browser_back (0xf0b0) pressed, action is Back
2021-04-09 20:59:55.147 T:5056 DEBUG : ------ Window Deinit (VideoOSD.xml) ------
2021-04-09 20:59:55.148 T:5089 INFO : CActiveAESink::OpenSink - initialize sink
2021-04-09 20:59:55.149 T:5089 DEBUG : CActiveAESink::OpenSink - trying to open device ALSA:hdmi:CARD=AMLMESONAUDIO,DEV=0
2021-04-09 20:59:55.149 T:5089 INFO : CAESinkALSA::Initialize - Attempting to open device "hdmi:CARD=AMLMESONAUDIO,DEV=0"
2021-04-09 20:59:55.155 T:4891 DEBUG : CVideoPlayerVideo::OutputPicture - ttd:127ms pts:11.582 Clock:11.455 Level:4
2021-04-09 20:59:55.165 T:5089 INFO : CAESinkALSA::Initialize - Opened device "hdmi:CARD=AMLMESONAUDIO,DEV=0,AES0=0x04,AES1=0x82,AES2=0x00,AES3=0x00"
2021-04-09 20:59:55.168 T:4891 DEBUG : CVideoPlayerVideo::OutputPicture - ttd:133ms pts:11.602 Clock:11.469 Level:4
2021-04-09 20:59:55.169 T:5089 INFO : CAESinkALSA::InitializeHW - Your hardware does not support AE_FMT_FLOAT, trying other formats
2021-04-09 20:59:55.169 T:5089 INFO : CAESinkALSA::InitializeHW - Using data format AE_FMT_S16NE
2021-04-09 20:59:55.169 T:5089 DEBUG : CAESinkALSA::InitializeHW - Request: periodSize 2205, bufferSize 8820
2021-04-09 20:59:55.170 T:5089 DEBUG : CAESinkALSA::InitializeHW - Got: periodSize 2048, bufferSize 8192
2021-04-09 20:59:55.170 T:5089 DEBUG : CAESinkALSA::InitializeHW - Setting timeout to 186 ms
2021-04-09 20:59:55.170 T:5089 DEBUG : CAESinkALSA::GetChannelLayout - Input Channel Count: 2 Output Channel Count: 2
2021-04-09 20:59:55.170 T:5089 DEBUG : CAESinkALSA::GetChannelLayout - Requested Layout: FL, FR
2021-04-09 20:59:55.171 T:5089 DEBUG : CAESinkALSA::GetChannelLayout - Got Layout: FL, FR (ALSA: none)
2021-04-09 20:59:55.171 T:5089 DEBUG : CActiveAESink::OpenSink - ALSA Initialized:
2021-04-09 20:59:55.171 T:5089 DEBUG : Output Device : AML-MESONAUDIO
2021-04-09 20:59:55.171 T:5089 DEBUG : Sample Rate : 44100
2021-04-09 20:59:55.171 T:5089 DEBUG : Sample Format : AE_FMT_S16NE
2021-04-09 20:59:55.171 T:5089 DEBUG : Channel Count : 2
2021-04-09 20:59:55.171 T:5089 DEBUG : Channel Layout: FL, FR
2021-04-09 20:59:55.171 T:5089 DEBUG : Frames : 2048
2021-04-09 20:59:55.171 T:5089 DEBUG : Frame Size : 4
2021-04-09 20:59:55.181 T:4891 DEBUG : CVideoPlayerVideo::OutputPicture - ttd:140ms pts:11.622 Clock:11.482 Level:4
2021-04-09 20:59:55.196 T:4440 DEBUG : CVideoPlayer::ProcessVideoData size:57032 dts:13.982 pts:14.182 dur:40.000ms, clock:11.497 level:17
2021-04-09 20:59:55.197 T:4440 DEBUG : CVideoPlayer::ProcessVideoData size:1632 dts:14.002 pts:14.102 dur:40.000ms, clock:11.497 level:17
2021-04-09 20:59:55.197 T:4440 DEBUG : CVideoPlayer::ProcessVideoData size:1316 dts:14.022 pts:14.062 dur:40.000ms, clock:11.497 level:17
2021-04-09 20:59:55.197 T:4440 DEBUG : CVideoPlayer::ProcessVideoData size:504 dts:14.042 pts:14.042 dur:40.000ms, clock:11.497 level:17
2021-04-09 20:59:55.197 T:4440 DEBUG : CVideoPlayer::ProcessVideoData size:420 dts:14.062 pts:14.082 dur:40.000ms, clock:11.497 level:18
2021-04-09 20:59:55.197 T:4440 DEBUG : CVideoPlayer::ProcessVideoData size:637 dts:14.082 pts:14.142 dur:40.000ms, clock:11.497 level:18
2021-04-09 20:59:55.197 T:4440 DEBUG : CVideoPlayer::ProcessVideoData size:344 dts:14.102 pts:14.122 dur:40.000ms, clock:11.498 level:18
2021-04-09 20:59:55.197 T:4440 DEBUG : CVideoPlayer::ProcessVideoData size:317 dts:14.122 pts:14.162 dur:40.000ms, clock:11.498 level:18
2021-04-09 20:59:55.214 T:4440 DEBUG : CVideoPlayer::ProcessVideoData size:10693 dts:14.142 pts:14.342 dur:40.000ms, clock:11.515 level:19
2021-04-09 20:59:55.214 T:4440 DEBUG : CVideoPlayer::ProcessVideoData size:1458 dts:14.162 pts:14.262 dur:40.000ms, clock:11.515 level:19
2021-04-09 20:59:55.215 T:4440 DEBUG : CVideoPlayer::ProcessVideoData size:9917 dts:14.182 pts:14.222 dur:40.000ms, clock:11.515 level:19
2021-04-09 20:59:55.251 T:4440 DEBUG : CVideoPlayer::ProcessVideoData size:11394 dts:14.202 pts:14.202 dur:40.000ms, clock:11.551 level:19
2021-04-09 20:59:55.280 T:4891 DEBUG : CVideoPlayerVideo::OutputPicture - ttd:61ms pts:11.642 Clock:11.581 Level:3
2021-04-09 20:59:55.288 T:4891 DEBUG : CVideoPlayerVideo::OutputPicture - ttd:73ms pts:11.662 Clock:11.589 Level:4
2021-04-09 20:59:55.293 T:4440 DEBUG : CVideoPlayer::ProcessVideoData size:11205 dts:14.222 pts:14.242 dur:40.000ms, clock:11.593 level:20
2021-04-09 20:59:55.294 T:4440 DEBUG : CVideoPlayer::ProcessVideoData size:9733 dts:14.242 pts:14.302 dur:40.000ms, clock:11.594 level:20
2021-04-09 20:59:55.314 T:4440 DEBUG : CVideoPlayer::ProcessVideoData size:9365 dts:14.262 pts:14.282 dur:40.000ms, clock:11.614 level:20
2021-04-09 20:59:55.320 T:4891 DEBUG : CVideoPlayerVideo::OutputPicture - ttd:62ms pts:11.682 Clock:11.620 Level:4
2021-04-09 20:59:55.358 T:4440 DEBUG : CVideoPlayer::ProcessVideoData size:8997 dts:14.282 pts:14.322 dur:40.000ms, clock:11.659 level:20
2021-04-09 20:59:55.359 T:4440 DEBUG : CVideoPlayer::ProcessVideoData size:9181 dts:14.302 pts:14.502 dur:40.000ms, clock:11.660 level:20
2021-04-09 20:59:55.367 T:4891 DEBUG : CVideoPlayerVideo::OutputPicture - ttd:34ms pts:11.702 Clock:11.668 Level:4
2021-04-09 20:59:55.381 T:4440 DEBUG : CVideoPlayer::ProcessVideoData size:8813 dts:14.322 pts:14.422 dur:40.000ms, clock:11.682 level:20
2021-04-09 20:59:55.381 T:4440 DEBUG : CVideoPlayer::ProcessVideoData size:8813 dts:14.342 pts:14.382 dur:40.000ms, clock:11.682 level:20
2021-04-09 20:59:55.401 T:4891 DEBUG : CVideoPlayerVideo::OutputPicture - ttd:21ms pts:11.722 Clock:11.701 Level:0
2021-04-09 20:59:55.409 T:4891 DEBUG : CVideoPlayerVideo::OutputPicture - ttd:32ms pts:11.742 Clock:11.710 Level:0
2021-04-09 20:59:55.411 T:4891 DEBUG : CVideoPlayerVideo::OutputPicture - ttd:51ms pts:11.762 Clock:11.711 Level:1
2021-04-09 20:59:55.412 T:4891 DEBUG : CVideoPlayerVideo::OutputPicture - ttd:69ms pts:11.782 Clock:11.713 Level:2
2021-04-09 20:59:55.419 T:4891 DEBUG : CVideoPlayerVideo::OutputPicture - ttd:83ms pts:11.802 Clock:11.719 Level:3
2021-04-09 20:59:55.426 T:4891 DEBUG : CVideoPlayerVideo::OutputPicture - ttd:96ms pts:11.822 Clock:11.726 Level:3
2021-04-09 20:59:55.427 T:4891 DEBUG : CVideoPlayerVideo::OutputPicture - ttd:114ms pts:11.842 Clock:11.728 Level:4
2021-04-09 20:59:55.429 T:4440 DEBUG : CVideoPlayer::ProcessVideoData size:8818 dts:14.362 pts:14.362 dur:40.000ms, clock:11.729 level:20
2021-04-09 20:59:55.429 T:4440 DEBUG : CVideoPlayer::ProcessVideoData size:8813 dts:14.382 pts:14.402 dur:40.000ms, clock:11.729 level:20
2021-04-09 20:59:55.434 T:4891 DEBUG : CVideoPlayerVideo::OutputPicture - ttd:127ms pts:11.862 Clock:11.735 Level:5
2021-04-09 20:59:55.452 T:4891 DEBUG : CVideoPlayerVideo::OutputPicture - ttd:130ms pts:11.882 Clock:11.752 Level:5
2021-04-09 20:59:55.454 T:4440 DEBUG : CVideoPlayer::ProcessVideoData size:8813 dts:14.402 pts:14.462 dur:40.000ms, clock:11.754 level:19
2021-04-09 20:59:55.454 T:4440 DEBUG : CVideoPlayer::ProcessVideoData size:8813 dts:14.422 pts:14.442 dur:40.000ms, clock:11.755 level:20
2021-04-09 20:59:55.468 T:4891 DEBUG : CVideoPlayerVideo::OutputPicture - ttd:133ms pts:11.902 Clock:11.769 Level:5
2021-04-09 20:59:55.487 T:4891 DEBUG : CVideoPlayerVideo::OutputPicture - ttd:135ms pts:11.922 Clock:11.787 Level:4
2021-04-09 20:59:55.500 T:4440 DEBUG : CVideoPlayer::ProcessVideoData size:8813 dts:14.442 pts:14.482 dur:40.000ms, clock:11.801 level:19
2021-04-09 20:59:55.503 T:4891 DEBUG : CVideoPlayerVideo::OutputPicture - ttd:138ms pts:11.942 Clock:11.804 Level:5
2021-04-09 20:59:55.517 T:4891 DEBUG : CVideoPlayerVideo::OutputPicture - ttd:145ms pts:11.962 Clock:11.817 Level:5
2021-04-09 20:59:55.537 T:4891 DEBUG : CVideoPlayerVideo::OutputPicture - ttd:145ms pts:11.982 Clock:11.837 Level:5
2021-04-09 20:59:55.582 T:4891 DEBUG : CVideoPlayerVideo::OutputPicture - ttd:119ms pts:12.002 Clock:11.883 Level:5
2021-04-09 20:59:55.586 T:5056 DEBUG : ------ Window Deinit (DialogSeekBar.xml) ------
2021-04-09 20:59:55.602 T:4891 DEBUG : CVideoPlayerVideo::OutputPicture - ttd:119ms pts:12.022 Clock:11.903 Level:4
2021-04-09 20:59:55.616 T:4891 DEBUG : CVideoPlayerVideo::OutputPicture - ttd:126ms pts:12.042 Clock:11.916 Level:5
2021-04-09 20:59:55.636 T:4891 DEBUG : CVideoPlayerVideo::OutputPicture - ttd:126ms pts:12.062 Clock:11.936 Level:4
2021-04-09 20:59:55.648 T:4440 DEBUG : CVideoPlayer::ProcessVideoData size:63075 dts:14.462 pts:14.662 dur:40.000ms, clock:11.949 level:17
2021-04-09 20:59:55.649 T:4440 DEBUG : CVideoPlayer::ProcessVideoData size:3221 dts:14.482 pts:14.582 dur:40.000ms, clock:11.949 level:17
2021-04-09 20:59:55.649 T:4440 DEBUG : CVideoPlayer::ProcessVideoData size:1925 dts:14.502 pts:14.542 dur:40.000ms, clock:11.949 level:18
2021-04-09 20:59:55.649 T:4440 DEBUG : CVideoPlayer::ProcessVideoData size:518 dts:14.522 pts:14.522 dur:40.000ms, clock:11.950 level:18
2021-04-09 20:59:55.649 T:4440 DEBUG : CVideoPlayer::ProcessVideoData size:526 dts:14.542 pts:14.562 dur:40.000ms, clock:11.950 level:18
2021-04-09 20:59:55.649 T:4440 DEBUG : CVideoPlayer::ProcessVideoData size:1094 dts:14.562 pts:14.622 dur:40.000ms, clock:11.950 level:18
2021-04-09 20:59:55.649 T:4440 DEBUG : CVideoPlayer::ProcessVideoData size:530 dts:14.582 pts:14.602 dur:40.000ms, clock:11.950 level:19
2021-04-09 20:59:55.649 T:4440 DEBUG : CVideoPlayer::ProcessVideoData size:490 dts:14.602 pts:14.642 dur:40.000ms, clock:11.950 level:19
2021-04-09 20:59:55.651 T:4891 DEBUG : CVideoPlayerVideo::OutputPicture - ttd:130ms pts:12.082 Clock:11.952 Level:4
2021-04-09 20:59:55.665 T:4891 DEBUG : CVideoPlayerVideo::OutputPicture - ttd:137ms pts:12.102 Clock:11.965 Level:4
2021-04-09 20:59:55.684 T:4891 DEBUG : CVideoPlayerVideo::OutputPicture - ttd:137ms pts:12.122 Clock:11.985 Level:4
2021-04-09 20:59:55.690 T:5095 DEBUG : CLibInputKeyboard::ProcessKey - using delay: 250ms repeat: 33ms
2021-04-09 20:59:55.690 T:4899 DEBUG : Thread Timer start, auto delete: false
2021-04-09 20:59:55.697 T:5056 DEBUG : Keyboard: scancode: 0x68, sym: 0x0118, unicode: 0x0000, modifier: 0x0
2021-04-09 20:59:55.697 T:4891 DEBUG : CVideoPlayerVideo::OutputPicture - ttd:144ms pts:12.142 Clock:11.998 Level:5
2021-04-09 20:59:55.697 T:5056 DEBUG : HandleKey: pageup (0xf084) pressed, action is ChannelUp
2021-04-09 20:59:55.698 T:5056 DEBUG : CPlayerGUIInfo::InitCurrentItem(pvr://channels/tv/Svi%20programi/pvr.hts_1587284816.pvr)
2021-04-09 20:59:55.702 T:4440 DEBUG : CVideoPlayer::ProcessVideoData size:6605 dts:14.622 pts:14.822 dur:40.000ms, clock:12.002 level:18
2021-04-09 20:59:55.702 T:5056 DEBUG : ------ Window Init (DialogSeekBar.xml) ------
2021-04-09 20:59:55.703 T:4440 DEBUG : CVideoPlayer::ProcessVideoData size:7893 dts:14.642 pts:14.742 dur:40.000ms, clock:12.003 level:19
2021-04-09 20:59:55.709 T:5056 DEBUG : [Warning] CGUITextureManager::GetTexturePath: could not find texture 'flags/default/audiocodec/'
2021-04-09 20:59:55.710 T:5056 DEBUG : [Warning] CGUITextureManager::GetTexturePath: could not find texture 'flags/default/audiochannels/'
2021-04-09 20:59:55.717 T:4891 DEBUG : CVideoPlayerVideo::OutputPicture - ttd:144ms pts:12.162 Clock:12.018 Level:5
2021-04-09 20:59:55.727 T:4440 DEBUG : CVideoPlayer::ProcessVideoData size:7893 dts:14.662 pts:14.702 dur:40.000ms, clock:12.027 level:18
2021-04-09 20:59:55.727 T:4440 DEBUG : CVideoPlayer::ProcessVideoData size:7898 dts:14.682 pts:14.682 dur:40.000ms, clock:12.028 level:19
2021-04-09 20:59:55.731 T:5056 DEBUG : CPlayerCoreFactory::GetPlayers(pvr://channels/tv/Svi%20programi/pvr.hts_1587284816.pvr)
2021-04-09 20:59:55.731 T:5056 DEBUG : CPlayerSelectionRule::GetPlayers: considering rule: system rules
2021-04-09 20:59:55.731 T:5056 DEBUG : CPlayerSelectionRule::GetPlayers: matches rule: system rules
2021-04-09 20:59:55.731 T:5056 DEBUG : CPlayerSelectionRule::GetPlayers: considering rule: mms/udp
2021-04-09 20:59:55.731 T:5056 DEBUG : CPlayerSelectionRule::GetPlayers: considering rule: lastfm/shout
2021-04-09 20:59:55.731 T:5056 DEBUG : CPlayerSelectionRule::GetPlayers: considering rule: rtmp
2021-04-09 20:59:55.731 T:5056 DEBUG : CPlayerSelectionRule::GetPlayers: considering rule: rtsp
2021-04-09 20:59:55.732 T:5056 DEBUG : CPlayerSelectionRule::GetPlayers: considering rule: streams
2021-04-09 20:59:55.732 T:5056 DEBUG : CPlayerSelectionRule::GetPlayers: considering rule: dvd
2021-04-09 20:59:55.732 T:5056 DEBUG : CPlayerSelectionRule::GetPlayers: considering rule: discimage
2021-04-09 20:59:55.732 T:5056 DEBUG : CPlayerSelectionRule::GetPlayers: considering rule: sdp/asf
2021-04-09 20:59:55.732 T:5056 DEBUG : CPlayerSelectionRule::GetPlayers: considering rule: nsv
2021-04-09 20:59:55.732 T:5056 DEBUG : CPlayerSelectionRule::GetPlayers: considering rule: radio
2021-04-09 20:59:55.732 T:5056 DEBUG : CPlayerCoreFactory::GetPlayers: matched 0 rules with players
2021-04-09 20:59:55.732 T:5056 DEBUG : CPlayerCoreFactory::GetPlayers: adding videodefaultplayer (VideoPlayer)
2021-04-09 20:59:55.732 T:5056 DEBUG : CPlayerCoreFactory::GetPlayers: for video=1, audio=0
2021-04-09 20:59:55.732 T:5056 DEBUG : CPlayerCoreFactory::GetPlayers: for video=1, audio=1
2021-04-09 20:59:55.732 T:5056 DEBUG : CPlayerCoreFactory::GetPlayers: added 1 players
2021-04-09 20:59:55.732 T:5056 INFO : VideoPlayer::OpenFile: pvr://channels/tv/Svi%20programi/pvr.hts_1587284816.pvr
2021-04-09 20:59:55.769 T:4891 DEBUG : CVideoPlayerVideo::OutputPicture - ttd:112ms pts:12.182 Clock:12.070 Level:4
2021-04-09 20:59:55.783 T:4891 DEBUG : CVideoPlayerVideo::OutputPicture - ttd:119ms pts:12.202 Clock:12.083 Level:5
2021-04-09 20:59:55.803 T:4891 DEBUG : CVideoPlayerVideo::OutputPicture - ttd:119ms pts:12.222 Clock:12.103 Level:5
2021-04-09 20:59:55.808 T:4440 DEBUG : CVideoPlayer::FlushBuffers - flushing buffers
2021-04-09 20:59:55.808 T:4440 WARNING : CDVDMessageQueue(audio)::Put MSGQ_NOT_INITIALIZED
2021-04-09 20:59:55.816 T:4891 INFO : Skipped 1 duplicate messages..
2021-04-09 20:59:55.816 T:4891 DEBUG : CAMLCodec::Reset
2021-04-09 20:59:55.829 T:4340 DEBUG : OnPlayBackStarted: CApplication::OnPlayBackStarted
2021-04-09 20:59:55.834 T:4899 DEBUG : Thread Timer 3448500912 terminating
2021-04-09 20:59:55.840 T:5056 DEBUG : CAMLCodec::SetVideoRect: decoder fps has changed, video_rate adjusted from 1920 to 3844
2021-04-09 20:59:55.841 T:5056 DEBUG : CPlayerGUIInfo::InitCurrentItem(pvr://channels/tv/Svi%20programi/pvr.hts_1587284816.pvr)
2021-04-09 20:59:55.842 T:5056 DEBUG : Keyboard: scancode: 0x68, sym: 0x0118, unicode: 0x0000, modifier: 0x0
2021-04-09 20:59:55.876 T:5148 DEBUG : [plugin.video.tubed][lib][playback] Active monitor threads: []
2021-04-09 20:59:55.876 T:5148 DEBUG : [plugin.video.tubed][lib][playback] Playback monitoring failed to start, missing required {} ...
2021-04-09 20:59:55.924 T:5152 WARNING : xbmc.translatePath is deprecated and might be removed in future kodi versions. Please use xbmcvfs.translatePath instead.
2021-04-09 20:59:56.808 T:4891 DEBUG : CDVDMsgGeneralSynchronize - global timeout
2021-04-09 20:59:56.808 T:4891 DEBUG : CVideoPlayerVideo - CDVDMsg::GENERAL_SYNCHRONIZE
2021-04-09 20:59:56.808 T:4440 DEBUG : CDVDMsgGeneralSynchronize - global timeout
2021-04-09 20:59:56.808 T:4440 DEBUG : CDVDClock::SetSpeedAdjust - adjusted:0.000000
2021-04-09 20:59:56.809 T:4440 DEBUG : CInputStreamPVRChannel - ClosePVRStream - closed channel stream pvr://channels/tv/Svi%20programi/pvr.hts_1643347170.pvr
2021-04-09 20:59:56.809 T:4440 INFO : Creating InputStream
2021-04-09 20:59:56.810 T:4440 DEBUG : AddOnLog: pvr.hts: demux send weight 30
2021-04-09 20:59:56.812 T:4440 DEBUG : AddOnLog: pvr.hts: demux open
2021-04-09 20:59:56.812 T:4440 DEBUG : AddOnLog: pvr.hts: demux subscribe to 1587284816
2021-04-09 20:59:56.813 T:4891 DEBUG : CAMLCodec::SetSpeed, speed(0)
2021-04-09 20:59:56.813 T:4440 DEBUG : AddOnLog: pvr.hts: demux successfully subscribed to channel id 1587284816, subscription id 597
2021-04-09 20:59:56.813 T:4440 DEBUG : AddOnLog: pvr.hts: demux open
2021-04-09 20:59:56.813 T:4440 DEBUG : AddOnLog: pvr.hts: demux unsubscribe from 1643347170
2021-04-09 20:59:56.815 T:4440 DEBUG : AddOnLog: pvr.hts: demux successfully unsubscribed from channel id 1643347170, subscription id 595
2021-04-09 20:59:56.815 T:4440 DEBUG : AddOnLog: pvr.hts: demux subscribe to 1630659906
2021-04-09 20:59:56.816 T:4440 DEBUG : AddOnLog: pvr.hts: demux successfully subscribed to channel id 1630659906, subscription id 598
2021-04-09 20:59:56.816 T:4440 DEBUG : CInputStreamPVRChannel - OpenPVRStream - opened channel stream pvr://channels/tv/Svi%20programi/pvr.hts_1587284816.pvr
2021-04-09 20:59:56.816 T:4440 INFO : Creating Demuxer
2021-04-09 20:59:56.816 T:4440 INFO : Closing stream player 2
2021-04-09 20:59:56.816 T:4440 DEBUG : CDVDClock::SetSpeedAdjust - adjusted:0.000000
2021-04-09 20:59:56.817 T:4891 DEBUG : CAMLCodec::SetSpeed, speed(1000)
2021-04-09 20:59:56.817 T:4440 INFO : waiting for video thread to exit
2021-04-09 20:59:56.817 T:4891 INFO : thread end: video_thread
2021-04-09 20:59:56.817 T:4891 DEBUG : Thread VideoPlayerVideo 3142578864 terminating
2021-04-09 20:59:56.817 T:4440 INFO : deleting video codec
2021-04-09 20:59:56.817 T:4440 DEBUG : CAMLCodec::CloseDecoder
2021-04-09 20:59:56.824 T:4314 DEBUG : Loading settings for pvr://channels/tv/Svi%20programi/pvr.hts_1587284816.pvr
2021-04-09 20:59:56.831 T:5056 DEBUG : Flush - flushing renderer
2021-04-09 20:59:56.831 T:5056 DEBUG : CAMLVideoBufferPool::~CAMLVideoBufferPool: Deleting 9 buffers
2021-04-09 20:59:56.832 T:4440 INFO : Closing stream player 4
2021-04-09 20:59:56.833 T:4440 INFO : waiting for teletext data thread to exit
2021-04-09 20:59:56.833 T:4890 ERROR : Got MSGQ_ABORT or MSGO_IS_ERROR return true (-1)
2021-04-09 20:59:56.833 T:4890 INFO : thread end: data_thread
2021-04-09 20:59:56.833 T:4890 DEBUG : Thread DVDTeletextData 3090334384 terminating
2021-04-09 20:59:56.836 T:4440 DEBUG : CDVDClock::SetSpeedAdjust - adjusted:0.000000
2021-04-09 20:59:56.839 T:5056 DEBUG : [Warning] CGUITextureManager::GetTexturePath: could not find texture 'flags/default/aspectratio/'
2021-04-09 20:59:56.854 T:5056 DEBUG : [Warning] CGUITextureManager::GetTexturePath: could not find texture 'flags/default/resolution/'
2021-04-09 20:59:56.856 T:5056 DEBUG : [Warning] CGUITextureManager::GetTexturePath: could not find texture 'flags/default/videocodec/'
2021-04-09 20:59:57.227 T:5150 DEBUG : AddOnLog: pvr.hts: demux subscription start
2021-04-09 20:59:57.227 T:5150 DEBUG : AddOnLog: pvr.hts: id: 1001, type HEVC, codec: 173
2021-04-09 20:59:57.227 T:5150 DEBUG : AddOnLog: pvr.hts: id: 1002, type AAC, codec: 86018
2021-04-09 20:59:57.227 T:5150 DEBUG : AddOnLog: pvr.hts: demux stream change
2021-04-09 20:59:57.229 T:4440 DEBUG : CDVDDemuxClient::RequestStream(): added/updated stream 1001 with codec_id 173
2021-04-09 20:59:57.229 T:4440 DEBUG : CDVDDemuxClient::RequestStream(): added/updated stream 1002 with codec_id 86018
2021-04-09 20:59:57.229 T:4440 INFO : Opening stream: 1001 source: 256
2021-04-09 20:59:57.229 T:4440 WARNING : OpenStream - Unsupported stream 1001. Stream disabled.
2021-04-09 20:59:57.229 T:4440 INFO : Opening stream: 1002 source: 256
2021-04-09 20:59:57.229 T:4440 INFO : Finding audio codec for: 86018
2021-04-09 20:59:57.230 T:4440 INFO : CDVDAudioCodecFFmpeg::Open() Successful opened audio decoder aac
2021-04-09 20:59:57.231 T:4440 INFO : Creating audio thread
2021-04-09 20:59:57.231 T:4906 DEBUG : Thread VideoPlayerAudio start, auto delete: false
2021-04-09 20:59:57.231 T:4906 INFO : running thread: CVideoPlayerAudio::Process()
2021-04-09 20:59:57.231 T:4906 DEBUG : CVideoPlayerAudio - CDVDMsg::GENERAL_PAUSE: 0
2021-04-09 20:59:57.231 T:4906 DEBUG : CVideoPlayerAudio - CDVDMsg::PLAYER_SETSPEED: 1000.000000 last: 1000
2021-04-09 20:59:57.231 T:4440 DEBUG : CVideoPlayer::HandleMessages - player 1 reported state: 0
2021-04-09 20:59:57.232 T:4440 DEBUG : CDVDDemuxClient::ParsePacket - split extradata
2021-04-09 20:59:57.231 T:4340 DEBUG : OnAVChange: CApplication::OnAVChange
2021-04-09 20:59:57.235 T:5056 DEBUG : [Warning] CGUITextureManager::GetTexturePath: could not find texture '$INFO[Player.Icon]'
2021-04-09 20:59:57.253 T:5056 INFO : Skipped 1 duplicate messages..
2021-04-09 20:59:57.253 T:5056 DEBUG : [Warning] CGUITextureManager::GetTexturePath: could not find texture 'flags/default/resolution/'
2021-04-09 20:59:57.256 T:5056 DEBUG : [Warning] CGUITextureManager::GetTexturePath: could not find texture 'flags/default/videocodec/'
2021-04-09 20:59:57.366 T:4440 DEBUG : CDVDDemuxClient::ParsePacket - (1001) profile changed from -99 to 1
2021-04-09 20:59:57.366 T:4440 DEBUG : CDVDDemuxClient::ParsePacket - (1001) level changed from -99 to 123
2021-04-09 20:59:57.366 T:4440 DEBUG : CDVDDemuxClient::ParsePacket - (1001) aspect changed from 0 to 1.7777777777777777
2021-04-09 20:59:57.366 T:4440 DEBUG : CDVDDemuxClient::ParsePacket - (1001) fps changed from 1000000/40000 to 50/1
2021-04-09 20:59:57.366 T:4440 DEBUG : CDVDDemuxClient::RequestStream(): added/updated stream 1001 with codec_id 173
2021-04-09 20:59:57.366 T:4440 DEBUG : CDVDDemuxClient::RequestStream(): added/updated stream 1002 with codec_id 86018
2021-04-09 20:59:57.366 T:4440 INFO : Opening stream: 1001 source: 256
2021-04-09 20:59:57.367 T:4440 INFO : CVideoPlayerVideo::OpenStream - Creating codec: 173
2021-04-09 20:59:57.367 T:4440 DEBUG : DVDVideoCodecAmlogic::Open - codec 173 profile:1 extra_size:455 fps:50/1
2021-04-09 20:59:57.367 T:4440 INFO : CBitstreamConverter::Open Invalid hvcC
2021-04-09 20:59:57.367 T:4440 INFO : DVDVideoCodecAmlogic: Opened Amlogic Codec
2021-04-09 20:59:57.367 T:4440 DEBUG : CVideoPlayerVideo::OpenStream - open stream with codec id: 173 fps:50/1 options:c2
2021-04-09 20:59:57.367 T:4440 INFO : Creating video thread
2021-04-09 20:59:57.367 T:4907 DEBUG : Thread VideoPlayerVideo start, auto delete: false
2021-04-09 20:59:57.367 T:4907 INFO : running thread: video_thread
2021-04-09 20:59:57.367 T:4907 DEBUG : CVideoPlayerVideo - CDVDMsg::GENERAL_PAUSE: 0
2021-04-09 20:59:57.368 T:4440 INFO : Opening stream: 1002 source: 256
2021-04-09 20:59:57.368 T:4440 DEBUG : CVideoPlayer::HandleMessages - player 2 reported state: 0
2021-04-09 20:59:57.368 T:4440 DEBUG : CVideoPlayer::ProcessVideoData size:20248 dts:0.950 pts:1.030 dur:40.000ms, clock:0.530 level:0
2021-04-09 20:59:57.369 T:4440 DEBUG : CVideoPlayer::ProcessVideoData size:1710 dts:0.970 pts:0.970 dur:40.000ms, clock:0.530 level:0
2021-04-09 20:59:57.369 T:4907 DEBUG : CVideoPlayerVideo - Stillframe left, switching to normal playback
2021-04-09 20:59:57.369 T:4907 INFO : DVDVideoCodecAmlogic::AddData Open decoder: fps:50/1
2021-04-09 20:59:57.369 T:4440 DEBUG : CVideoPlayer::ProcessVideoData size:763 dts:0.990 pts:0.990 dur:40.000ms, clock:0.530 level:0
2021-04-09 20:59:57.369 T:4440 DEBUG : CVideoPlayer::ProcessVideoData size:1642 dts:1.010 pts:1.010 dur:40.000ms, clock:0.531 level:1
2021-04-09 20:59:57.369 T:4907 DEBUG : CAMLCodec::OpenDecoder video_rate exception
2021-04-09 20:59:57.369 T:4907 DEBUG : codecid_to_vformat, id(173) -> vformat(11)
2021-04-09 20:59:57.369 T:4907 DEBUG : codec_tag_to_vdec_type, codec_tag(173) -> vdec_type(15)
2021-04-09 20:59:57.370 T:4440 DEBUG : CVideoPlayer::ProcessVideoData size:6421 dts:1.030 pts:1.110 dur:40.000ms, clock:0.531 level:1
2021-04-09 20:59:57.370 T:4907 DEBUG : CAMLCodec::OpenDecoder hints.width(1920), hints.height(1080), hints.codec(173), hints.codec_tag(0)
2021-04-09 20:59:57.370 T:4907 DEBUG : CAMLCodec::OpenDecoder hints.fpsrate(50), hints.fpsscale(1), video_rate(3844)
2021-04-09 20:59:57.370 T:4907 DEBUG : CAMLCodec::OpenDecoder hints.aspect(1.777778), video_ratio.num(1), video_ratio.den(1)
2021-04-09 20:59:57.370 T:4907 DEBUG : CAMLCodec::OpenDecoder hints.orientation(0), hints.forced_aspect(0), hints.extrasize(0)
2021-04-09 20:59:57.370 T:4440 DEBUG : CVideoPlayer::ProcessVideoData size:6426 dts:1.050 pts:1.050 dur:40.000ms, clock:0.531 level:1
2021-04-09 20:59:57.371 T:4440 DEBUG : CVideoPlayer::ProcessAudioData size:290 dts:0.317 pts:0.317 dur:42.666ms, clock:0.532 drop:0 level:0
2021-04-09 20:59:57.371 T:4440 DEBUG : CVideoPlayer::ProcessVideoData size:6242 dts:1.070 pts:1.070 dur:40.000ms, clock:0.532 level:1
2021-04-09 20:59:57.371 T:4440 DEBUG : CVideoPlayer::ProcessVideoData size:6426 dts:1.090 pts:1.090 dur:40.000ms, clock:0.533 level:2
2021-04-09 20:59:57.372 T:4440 DEBUG : CVideoPlayer::ProcessVideoData size:6421 dts:1.110 pts:1.190 dur:40.000ms, clock:0.533 level:2
2021-04-09 20:59:57.372 T:4440 DEBUG : CVideoPlayer::ProcessAudioData size:242 dts:0.360 pts:0.360 dur:42.666ms, clock:0.533 drop:0 level:0
2021-04-09 20:59:57.372 T:4440 DEBUG : CVideoPlayer::ProcessVideoData size:6610 dts:1.130 pts:1.130 dur:40.000ms, clock:0.534 level:2
2021-04-09 20:59:57.373 T:4440 DEBUG : CVideoPlayer::ProcessVideoData size:6426 dts:1.150 pts:1.150 dur:40.000ms, clock:0.534 level:2
2021-04-09 20:59:57.373 T:4440 DEBUG : CVideoPlayer::ProcessAudioData size:242 dts:0.402 pts:0.402 dur:42.666ms, clock:0.534 drop:0 level:1
2021-04-09 20:59:57.373 T:4440 DEBUG : CVideoPlayer::ProcessVideoData size:6610 dts:1.170 pts:1.170 dur:40.000ms, clock:0.535 level:3
2021-04-09 20:59:57.374 T:4440 DEBUG : CVideoPlayer::ProcessVideoData size:6421 dts:1.190 pts:1.270 dur:40.000ms, clock:0.535 level:3
2021-04-09 20:59:57.374 T:4440 DEBUG : CVideoPlayer::ProcessAudioData size:234 dts:0.445 pts:0.445 dur:42.666ms, clock:0.535 drop:0 level:2
2021-04-09 20:59:57.374 T:4440 DEBUG : CVideoPlayer::ProcessVideoData size:6610 dts:1.210 pts:1.210 dur:40.000ms, clock:0.536 level:3
2021-04-09 20:59:57.375 T:4906 DEBUG : CVideoPlayerAudio: stream props changed, checking for passthrough
2021-04-09 20:59:57.376 T:4906 INFO : CDVDAudioCodecFFmpeg::Open() Successful opened audio decoder aac
2021-04-09 20:59:57.377 T:4906 INFO : Creating audio stream (codec id: 86018, channels: 2, sample rate: 48000, no pass-through)
2021-04-09 20:59:57.378 T:4906 DEBUG : CVideoPlayerAudio:: synctype set to 0: clock feedback
2021-04-09 20:59:57.378 T:4906 DEBUG : CVideoPlayerAudio::OutputPacket: pts:0.317 curr_pts:0.000 clock:0.539 level:2
2021-04-09 20:59:57.378 T:5089 INFO : CActiveAESink::OpenSink - initialize sink
2021-04-09 20:59:57.380 T:5089 DEBUG : CActiveAESink::OpenSink - trying to open device ALSA:hdmi:CARD=AMLMESONAUDIO,DEV=0
2021-04-09 20:59:57.381 T:5089 INFO : CAESinkALSA::Initialize - Attempting to open device "hdmi:CARD=AMLMESONAUDIO,DEV=0"
2021-04-09 20:59:57.388 T:4440 DEBUG : CVideoPlayer::ProcessVideoData size:6426 dts:1.230 pts:1.230 dur:40.000ms, clock:0.550 level:3
2021-04-09 20:59:57.389 T:4440 DEBUG : CVideoPlayer::HandleMessages - player 1 reported state: 0
2021-04-09 20:59:57.389 T:4440 DEBUG : CVideoPlayer::ProcessVideoData size:6610 dts:1.250 pts:1.250 dur:40.000ms, clock:0.551 level:4
2021-04-09 20:59:57.390 T:4440 DEBUG : CVideoPlayer::ProcessVideoData size:6605 dts:1.270 pts:1.350 dur:40.000ms, clock:0.551 level:4
2021-04-09 20:59:57.405 T:5152 WARNING : xbmc.translatePath is deprecated and might be removed in future kodi versions. Please use xbmcvfs.translatePath instead.
2021-04-09 20:59:57.410 T:5089 INFO : CAESinkALSA::Initialize - Opened device "hdmi:CARD=AMLMESONAUDIO,DEV=0,AES0=0x04,AES1=0x82,AES2=0x00,AES3=0x02"
2021-04-09 20:59:57.412 T:4907 DEBUG : CVideoPlayerVideo::OutputPicture - ttd:456ms pts:1.030 Clock:0.573 Level:0
