2026-07-04 09:32:46.831 T:1307 debug : CVideoPlayerVideo::OutputPicture - ttd:647ms pts:762.158 Clock:761.511 Level:11
2026-07-04 09:32:46.869 T:1307 debug : CVideoPlayerVideo::OutputPicture - ttd:650ms pts:762.200 Clock:761.550 Level:12
2026-07-04 09:32:46.908 T:1307 debug : CVideoPlayerVideo::OutputPicture - ttd:652ms pts:762.242 Clock:761.589 Level:12
2026-07-04 09:32:46.932 T:1305 debug : CVideoPlayer::ProcessVideoData size:720881 dts:765.487 pts:765.612 dur:41.700ms, clock:761.612 level:100
2026-07-04 09:32:46.932 T:1305 debug : CVideoPlayer::ProcessPacket packet from enhancement layer: size:20020 dts:765.445 pts:765.445 dur:41.700ms
2026-07-04 09:32:46.932 T:1305 debug : CVideoPlayer::ProcessPacket packet from enhancement layer: size:83859 dts:765.487 pts:765.612 dur:41.700ms
2026-07-04 09:32:46.941 T:1305 debug : CVideoPlayer::ProcessVideoData size:263391 dts:765.529 pts:765.529 dur:41.700ms, clock:761.622 level:100
2026-07-04 09:32:46.942 T:1305 debug : CVideoPlayer::ProcessPacket packet from enhancement layer: size:17837 dts:765.529 pts:765.529 dur:41.700ms
2026-07-04 09:32:46.955 T:1307 debug : CVideoPlayerVideo::OutputPicture - ttd:647ms pts:762.284 Clock:761.636 Level:11
2026-07-04 09:32:46.960 T:1305 debug : CVideoPlayer::ProcessVideoData size:267691 dts:765.570 pts:765.570 dur:41.700ms, clock:761.641 level:100
2026-07-04 09:32:46.994 T:1307 debug : CVideoPlayerVideo::OutputPicture - ttd:650ms pts:762.325 Clock:761.675 Level:12
2026-07-04 09:32:47.029 T:1305 debug : CVideoPlayer::ProcessPacket packet from enhancement layer: size:18230 dts:765.570 pts:765.570 dur:41.700ms
2026-07-04 09:32:47.034 T:1307 debug : CVideoPlayerVideo::OutputPicture - ttd:652ms pts:762.367 Clock:761.715 Level:12
2026-07-04 09:32:47.050 T:1305 debug : CVideoPlayer::ProcessVideoData size:726780 dts:765.612 pts:765.737 dur:41.700ms, clock:761.731 level:100
2026-07-04 09:32:47.050 T:1305 debug : CVideoPlayer::ProcessPacket packet from enhancement layer: size:54157 dts:765.612 pts:765.737 dur:41.700ms
2026-07-04 09:32:47.068 T:1305 debug : CVideoPlayer::ProcessVideoData size:262784 dts:765.654 pts:765.654 dur:41.700ms, clock:761.749 level:100
2026-07-04 09:32:47.084 T:1307 debug : CVideoPlayerVideo::OutputPicture - ttd:644ms pts:762.409 Clock:761.765 Level:11
2026-07-04 09:32:47.084 T:1305 debug : CVideoPlayer::ProcessPacket packet from enhancement layer: size:22883 dts:765.654 pts:765.654 dur:41.700ms
2026-07-04 09:32:47.101 T:1305 debug : CVideoPlayer::ProcessVideoData size:266950 dts:765.696 pts:765.696 dur:41.700ms, clock:761.782 level:100
2026-07-04 09:32:47.123 T:1307 debug : CVideoPlayerVideo::OutputPicture - ttd:646ms pts:762.450 Clock:761.804 Level:11
2026-07-04 09:32:47.157 T:1307 debug : CVideoPlayerVideo::OutputPicture - ttd:653ms pts:762.492 Clock:761.838 Level:12
2026-07-04 09:32:47.206 T:1307 debug : CVideoPlayerVideo::OutputPicture - ttd:646ms pts:762.534 Clock:761.887 Level:11
2026-07-04 09:32:47.242 T:1307 debug : CVideoPlayerVideo::OutputPicture - ttd:652ms pts:762.576 Clock:761.923 Level:11
2026-07-04 09:32:47.282 T:1307 debug : CVideoPlayerVideo::OutputPicture - ttd:654ms pts:762.617 Clock:761.963 Level:11
2026-07-04 09:32:47.329 T:1307 debug : CVideoPlayerVideo::OutputPicture - ttd:648ms pts:762.659 Clock:762.010 Level:11
2026-07-04 09:32:47.369 T:1307 debug : CVideoPlayerVideo::OutputPicture - ttd:651ms pts:762.701 Clock:762.050 Level:11
2026-07-04 09:32:47.408 T:1307 debug : CVideoPlayerVideo::OutputPicture - ttd:653ms pts:762.742 Clock:762.089 Level:12
2026-07-04 09:32:47.455 T:1307 debug : CVideoPlayerVideo::OutputPicture - ttd:648ms pts:762.784 Clock:762.136 Level:11
2026-07-04 09:32:47.493 T:1307 debug : CVideoPlayerVideo::OutputPicture - ttd:651ms pts:762.826 Clock:762.174 Level:11
2026-07-04 09:32:47.536 T:1307 debug : CVideoPlayerVideo::OutputPicture - ttd:650ms pts:762.868 Clock:762.217 Level:12
2026-07-04 09:32:47.582 T:1307 debug : CVideoPlayerVideo::OutputPicture - ttd:646ms pts:762.909 Clock:762.263 Level:11
2026-07-04 09:32:47.618 T:1307 debug : CVideoPlayerVideo::OutputPicture - ttd:652ms pts:762.951 Clock:762.299 Level:12
2026-07-04 09:32:47.623 T:1305 debug : CVideoPlayer::ProcessPacket packet from enhancement layer: size:18539 dts:765.696 pts:765.696 dur:41.700ms
2026-07-04 09:32:47.655 T:1305 debug : CVideoPlayer::ProcessVideoData size:732567 dts:765.737 pts:765.862 dur:41.700ms, clock:762.336 level:100
2026-07-04 09:32:47.656 T:1305 debug : CVideoPlayer::ProcessPacket packet from enhancement layer: size:51938 dts:765.737 pts:765.862 dur:41.700ms
2026-07-04 09:32:47.661 T:1307 debug : CVideoPlayerVideo::OutputPicture - ttd:650ms pts:762.993 Clock:762.342 Level:11
2026-07-04 09:32:47.681 T:1305 debug : CVideoPlayer::ProcessVideoData size:272139 dts:765.779 pts:765.779 dur:41.700ms, clock:762.362 level:100
2026-07-04 09:32:47.706 T:1307 debug : CVideoPlayerVideo::OutputPicture - ttd:647ms pts:763.034 Clock:762.387 Level:11
2026-07-04 09:32:47.707 T:1305 debug : CVideoPlayer::ProcessPacket packet from enhancement layer: size:22357 dts:765.779 pts:765.779 dur:41.700ms
2026-07-04 09:32:47.727 T:1305 debug : CVideoPlayer::ProcessVideoData size:272091 dts:765.821 pts:765.821 dur:41.700ms, clock:762.408 level:100
2026-07-04 09:32:47.744 T:1307 debug : CVideoPlayerVideo::OutputPicture - ttd:651ms pts:763.076 Clock:762.425 Level:12
2026-07-04 09:32:47.784 T:1307 debug : CVideoPlayerVideo::OutputPicture - ttd:652ms pts:763.118 Clock:762.465 Level:12
2026-07-04 09:32:47.823 T:1305 debug : CVideoPlayer::ProcessVideoData size:761396 dts:765.862 pts:765.988 dur:41.700ms, clock:762.504 level:100
2026-07-04 09:32:47.825 T:1305 debug : CVideoPlayer::ProcessPacket packet from enhancement layer: size:18417 dts:765.821 pts:765.821 dur:41.700ms
2026-07-04 09:32:47.825 T:1305 debug : CVideoPlayer::ProcessPacket packet from enhancement layer: size:81163 dts:765.862 pts:765.988 dur:41.700ms
2026-07-04 09:32:47.831 T:1307 debug : CVideoPlayerVideo::OutputPicture - ttd:647ms pts:763.160 Clock:762.512 Level:11
2026-07-04 09:32:47.849 T:1305 debug : CVideoPlayer::ProcessVideoData size:273413 dts:765.904 pts:765.904 dur:41.700ms, clock:762.530 level:100
2026-07-04 09:32:47.850 T:1305 debug : CVideoPlayer::ProcessPacket packet from enhancement layer: size:17806 dts:765.904 pts:765.904 dur:41.700ms
2026-07-04 09:32:47.866 T:1305 debug : CVideoPlayer::ProcessVideoData size:272439 dts:765.946 pts:765.946 dur:41.700ms, clock:762.547 level:100
2026-07-04 09:32:47.868 T:1307 debug : CVideoPlayerVideo::OutputPicture - ttd:652ms pts:763.201 Clock:762.549 Level:12
2026-07-04 09:32:47.909 T:1307 debug : CVideoPlayerVideo::OutputPicture - ttd:652ms pts:763.243 Clock:762.591 Level:12
2026-07-04 09:32:47.960 T:1305 debug : CVideoPlayer::ProcessPacket packet from enhancement layer: size:17756 dts:765.946 pts:765.946 dur:41.700ms
2026-07-04 09:32:47.960 T:1307 debug : CVideoPlayerVideo::OutputPicture - ttd:643ms pts:763.285 Clock:762.641 Level:11
2026-07-04 09:32:47.997 T:1307 debug : CVideoPlayerVideo::OutputPicture - ttd:648ms pts:763.326 Clock:762.678 Level:11
2026-07-04 09:32:48.004 T:1305 debug : CVideoPlayer::ProcessVideoData size:790027 dts:765.988 pts:766.113 dur:41.700ms, clock:762.685 level:100
2026-07-04 09:32:48.004 T:1305 debug : CVideoPlayer::ProcessPacket packet from enhancement layer: size:49802 dts:765.988 pts:766.113 dur:41.700ms
2026-07-04 09:32:48.039 T:1307 debug : CVideoPlayerVideo::OutputPicture - ttd:648ms pts:763.368 Clock:762.720 Level:12
2026-07-04 09:32:48.083 T:1307 debug : CVideoPlayerVideo::OutputPicture - ttd:645ms pts:763.410 Clock:762.765 Level:11
2026-07-04 09:32:48.120 T:1307 debug : CVideoPlayerVideo::OutputPicture - ttd:650ms pts:763.452 Clock:762.801 Level:11
2026-07-04 09:32:48.159 T:1307 debug : CVideoPlayerVideo::OutputPicture - ttd:653ms pts:763.493 Clock:762.840 Level:11
2026-07-04 09:32:48.206 T:1307 debug : CVideoPlayerVideo::OutputPicture - ttd:647ms pts:763.535 Clock:762.888 Level:11
2026-07-04 09:32:48.243 T:1307 debug : CVideoPlayerVideo::OutputPicture - ttd:652ms pts:763.577 Clock:762.924 Level:11
2026-07-04 09:32:48.261 T:1305 debug : CVideoPlayer::ProcessVideoData size:282762 dts:766.029 pts:766.029 dur:41.700ms, clock:762.942 level:100
2026-07-04 09:32:48.286 T:1307 debug : CVideoPlayerVideo::OutputPicture - ttd:651ms pts:763.618 Clock:762.967 Level:12
2026-07-04 09:32:48.287 T:1305 debug : CVideoPlayer::ProcessPacket packet from enhancement layer: size:17906 dts:766.029 pts:766.029 dur:41.700ms
2026-07-04 09:32:48.327 T:1305 debug : CVideoPlayer::ProcessVideoData size:283885 dts:766.071 pts:766.071 dur:41.700ms, clock:763.008 level:100
2026-07-04 09:32:48.332 T:1307 debug : CVideoPlayerVideo::OutputPicture - ttd:647ms pts:763.660 Clock:763.013 Level:11
2026-07-04 09:32:48.372 T:1307 debug : CVideoPlayerVideo::OutputPicture - ttd:649ms pts:763.702 Clock:763.053 Level:12
2026-07-04 09:32:48.414 T:1307 debug : CVideoPlayerVideo::OutputPicture - ttd:648ms pts:763.744 Clock:763.095 Level:12
2026-07-04 09:32:48.422 T:1305 debug : CVideoPlayer::ProcessPacket packet from enhancement layer: size:17730 dts:766.071 pts:766.071 dur:41.700ms
2026-07-04 09:32:48.445 T:1305 debug : CVideoPlayer::ProcessVideoData size:798895 dts:766.113 pts:766.238 dur:41.700ms, clock:763.126 level:100
2026-07-04 09:32:48.446 T:1305 debug : CVideoPlayer::ProcessPacket packet from enhancement layer: size:62193 dts:766.113 pts:766.238 dur:41.700ms
2026-07-04 09:32:48.461 T:1307 debug : CVideoPlayerVideo::OutputPicture - ttd:642ms pts:763.785 Clock:763.142 Level:11
2026-07-04 09:32:48.474 T:1305 debug : CVideoPlayer::ProcessVideoData size:291577 dts:766.154 pts:766.154 dur:41.700ms, clock:763.155 level:100
2026-07-04 09:32:48.494 T:1307 debug : CVideoPlayerVideo::OutputPicture - ttd:651ms pts:763.827 Clock:763.176 Level:12
2026-07-04 09:32:48.498 T:1305 debug : CVideoPlayer::ProcessPacket packet from enhancement layer: size:17254 dts:766.154 pts:766.154 dur:41.700ms
2026-07-04 09:32:48.518 T:1305 debug : CVideoPlayer::ProcessVideoData size:291011 dts:766.196 pts:766.196 dur:41.700ms, clock:763.199 level:100
2026-07-04 09:32:48.537 T:1307 debug : CVideoPlayerVideo::OutputPicture - ttd:649ms pts:763.869 Clock:763.219 Level:12
2026-07-04 09:32:48.582 T:1307 debug : CVideoPlayerVideo::OutputPicture - ttd:647ms pts:763.910 Clock:763.263 Level:11
2026-07-04 09:32:48.617 T:1307 debug : CVideoPlayerVideo::OutputPicture - ttd:654ms pts:763.952 Clock:763.298 Level:12
2026-07-04 09:32:48.661 T:1307 debug : CVideoPlayerVideo::OutputPicture - ttd:652ms pts:763.994 Clock:763.342 Level:12
2026-07-04 09:32:48.707 T:1307 debug : CVideoPlayerVideo::OutputPicture - ttd:647ms pts:764.035 Clock:763.388 Level:11
2026-07-04 09:32:48.745 T:1307 debug : CVideoPlayerVideo::OutputPicture - ttd:650ms pts:764.077 Clock:763.426 Level:12
2026-07-04 09:32:48.786 T:1307 debug : CVideoPlayerVideo::OutputPicture - ttd:651ms pts:764.119 Clock:763.467 Level:12
2026-07-04 09:32:48.838 T:1307 debug : CVideoPlayerVideo::OutputPicture - ttd:641ms pts:764.161 Clock:763.519 Level:11
2026-07-04 09:32:48.847 T:1305 debug : CVideoPlayer::ProcessPacket packet from enhancement layer: size:17512 dts:766.196 pts:766.196 dur:41.700ms
2026-07-04 09:32:48.873 T:1307 debug : CVideoPlayerVideo::OutputPicture - ttd:647ms pts:764.202 Clock:763.554 Level:12
2026-07-04 09:32:48.911 T:1307 debug : CVideoPlayerVideo::OutputPicture - ttd:652ms pts:764.244 Clock:763.592 Level:12
2026-07-04 09:32:48.959 T:1307 debug : CVideoPlayerVideo::OutputPicture - ttd:645ms pts:764.286 Clock:763.640 Level:11
2026-07-04 09:32:48.996 T:1307 debug : CVideoPlayerVideo::OutputPicture - ttd:650ms pts:764.327 Clock:763.677 Level:12
2026-07-04 09:32:49.036 T:1307 debug : CVideoPlayerVideo::OutputPicture - ttd:651ms pts:764.369 Clock:763.717 Level:12
2026-07-04 09:32:49.084 T:1307 debug : CVideoPlayerVideo::OutputPicture - ttd:646ms pts:764.411 Clock:763.765 Level:11
2026-07-04 09:32:49.120 T:1307 debug : CVideoPlayerVideo::OutputPicture - ttd:651ms pts:764.453 Clock:763.802 Level:12
2026-07-04 09:32:49.160 T:1307 debug : CVideoPlayerVideo::OutputPicture - ttd:653ms pts:764.494 Clock:763.841 Level:11
2026-07-04 09:32:49.208 T:1307 debug : CVideoPlayerVideo::OutputPicture - ttd:646ms pts:764.536 Clock:763.890 Level:11
2026-07-04 09:32:49.217 T:1305 debug : CVideoPlayer::ProcessVideoData size:1203283 dts:766.238 pts:766.363 dur:41.700ms, clock:763.898 level:0
2026-07-04 09:32:49.218 T:1305 debug : CVideoPlayer::ProcessPacket packet from enhancement layer: size:218761 dts:766.238 pts:766.363 dur:41.700ms
2026-07-04 09:32:49.245 T:1307 debug : CVideoPlayerVideo::OutputPicture - ttd:651ms pts:764.578 Clock:763.926 Level:11
2026-07-04 09:32:49.268 T:1305 debug : CVideoPlayer::ProcessVideoData size:299424 dts:766.279 pts:766.279 dur:41.700ms, clock:763.949 level:0
2026-07-04 09:32:49.290 T:1307 debug : CVideoPlayerVideo::OutputPicture - ttd:647ms pts:764.619 Clock:763.972 Level:12
2026-07-04 09:32:49.322 T:1305 debug : CVideoPlayer::ProcessPacket packet from enhancement layer: size:22307 dts:766.279 pts:766.279 dur:41.700ms
2026-07-04 09:32:49.336 T:1307 debug : CVideoPlayerVideo::OutputPicture - ttd:644ms pts:764.661 Clock:764.017 Level:11
2026-07-04 09:32:49.344 T:1305 debug : CVideoPlayer::ProcessVideoData size:298410 dts:766.321 pts:766.321 dur:41.700ms, clock:764.026 level:0
2026-07-04 09:32:49.369 T:1307 debug : CVideoPlayerVideo::OutputPicture - ttd:652ms pts:764.703 Clock:764.050 Level:12
2026-07-04 09:32:49.410 T:1307 debug : CVideoPlayerVideo::OutputPicture - ttd:652ms pts:764.745 Clock:764.092 Level:12
2026-07-04 09:32:49.417 T:1305 debug : CVideoPlayer::ProcessVideoData size:818598 dts:766.363 pts:766.488 dur:41.700ms, clock:764.099 level:0
2026-07-04 09:32:49.439 T:1305 debug : CVideoPlayer::ProcessPacket packet from enhancement layer: size:17383 dts:766.321 pts:766.321 dur:41.700ms
2026-07-04 09:32:49.439 T:1305 debug : CVideoPlayer::ProcessPacket packet from enhancement layer: size:65650 dts:766.363 pts:766.488 dur:41.700ms
2026-07-04 09:32:49.456 T:1307 debug : CVideoPlayerVideo::OutputPicture - ttd:648ms pts:764.786 Clock:764.138 Level:11
2026-07-04 09:32:49.472 T:1305 debug : CVideoPlayer::ProcessVideoData size:298402 dts:766.405 pts:766.405 dur:41.700ms, clock:764.153 level:0
2026-07-04 09:32:49.496 T:1307 debug : CVideoPlayerVideo::OutputPicture - ttd:651ms pts:764.828 Clock:764.177 Level:12
2026-07-04 09:32:49.503 T:1305 debug : CVideoPlayer::ProcessPacket packet from enhancement layer: size:17573 dts:766.405 pts:766.405 dur:41.700ms
2026-07-04 09:32:49.519 T:1305 debug : CVideoPlayer::ProcessVideoData size:303868 dts:766.446 pts:766.446 dur:41.700ms, clock:764.201 level:0
2026-07-04 09:32:49.536 T:1307 debug : CVideoPlayerVideo::OutputPicture - ttd:652ms pts:764.870 Clock:764.218 Level:12
2026-07-04 09:32:49.563 T:1305 debug : CVideoPlayer::ProcessPacket packet from enhancement layer: size:18442 dts:766.446 pts:766.446 dur:41.700ms
2026-07-04 09:32:49.796 T:1305 debug : CVideoPlayer::ProcessVideoData size:825523 dts:766.488 pts:766.613 dur:41.700ms, clock:764.478 level:0
2026-07-04 09:32:49.801 T:1307 debug : CVideoPlayerVideo::OutputPicture - ttd:429ms pts:764.911 Clock:764.482 Level:6
2026-07-04 09:32:49.802 T:1307 debug : CVideoPlayerVideo::OutputPicture - ttd:469ms pts:764.953 Clock:764.484 Level:7
2026-07-04 09:32:49.803 T:1307 debug : CVideoPlayerVideo::OutputPicture - ttd:510ms pts:764.995 Clock:764.485 Level:8
2026-07-04 09:32:49.804 T:1307 debug : CVideoPlayerVideo::OutputPicture - ttd:550ms pts:765.037 Clock:764.486 Level:9
2026-07-04 09:32:49.805 T:1305 debug : CVideoPlayer::ProcessPacket packet from enhancement layer: size:62712 dts:766.488 pts:766.613 dur:41.700ms
2026-07-04 09:32:49.806 T:1307 debug : CVideoPlayerVideo::OutputPicture - ttd:590ms pts:765.078 Clock:764.487 Level:10
2026-07-04 09:32:49.807 T:1307 debug : CVideoPlayerVideo::OutputPicture - ttd:631ms pts:765.120 Clock:764.489 Level:11
2026-07-04 09:32:49.815 T:1305 debug : CVideoPlayer::ProcessVideoData size:297914 dts:766.530 pts:766.530 dur:41.700ms, clock:764.496 level:0
2026-07-04 09:32:49.815 T:1305 debug : CVideoPlayer::ProcessPacket packet from enhancement layer: size:18727 dts:766.530 pts:766.530 dur:41.700ms
2026-07-04 09:32:49.846 T:1305 debug : CVideoPlayer::ProcessVideoData size:298491 dts:766.571 pts:766.571 dur:41.700ms, clock:764.527 level:0
2026-07-04 09:32:49.849 T:1307 debug : CVideoPlayerVideo::OutputPicture - ttd:631ms pts:765.162 Clock:764.531 Level:11
2026-07-04 09:32:49.885 T:1305 debug : CVideoPlayer::ProcessPacket packet from enhancement layer: size:18613 dts:766.571 pts:766.571 dur:41.700ms
2026-07-04 09:32:49.885 T:1307 debug : CVideoPlayerVideo::OutputPicture - ttd:637ms pts:765.203 Clock:764.566 Level:11
2026-07-04 09:32:49.920 T:1305 debug : CVideoPlayer::ProcessVideoData size:839461 dts:766.613 pts:766.738 dur:41.700ms, clock:764.601 level:0
2026-07-04 09:32:49.925 T:1307 debug : CVideoPlayerVideo::OutputPicture - ttd:639ms pts:765.245 Clock:764.606 Level:11
2026-07-04 09:32:49.938 T:1305 debug : CVideoPlayer::ProcessPacket packet from enhancement layer: size:61088 dts:766.613 pts:766.738 dur:41.700ms
2026-07-04 09:32:49.958 T:1305 debug : CVideoPlayer::ProcessVideoData size:299942 dts:766.655 pts:766.655 dur:41.700ms, clock:764.639 level:0
2026-07-04 09:32:49.959 T:1305 debug : CVideoPlayer::ProcessPacket packet from enhancement layer: size:18856 dts:766.655 pts:766.655 dur:41.700ms
2026-07-04 09:32:49.961 T:1307 debug : CVideoPlayerVideo::OutputPicture - ttd:644ms pts:765.287 Clock:764.643 Level:11
2026-07-04 09:32:49.980 T:1305 debug : CVideoPlayer::ProcessVideoData size:270217 dts:766.697 pts:766.697 dur:41.700ms, clock:764.662 level:0
2026-07-04 09:32:50.267 T:1305 debug : CVideoPlayer::ProcessPacket packet from enhancement layer: size:22456 dts:766.697 pts:766.697 dur:41.700ms
2026-07-04 09:32:50.267 T:1307 debug : CVideoPlayerVideo::OutputPicture - ttd:380ms pts:765.329 Clock:764.948 Level:5
2026-07-04 09:32:50.268 T:1307 debug : CVideoPlayerVideo::OutputPicture - ttd:420ms pts:765.370 Clock:764.949 Level:6
2026-07-04 09:32:50.269 T:1307 debug : CVideoPlayerVideo::OutputPicture - ttd:461ms pts:765.412 Clock:764.951 Level:7
2026-07-04 09:32:50.270 T:1307 debug : CVideoPlayerVideo::OutputPicture - ttd:502ms pts:765.454 Clock:764.952 Level:8
2026-07-04 09:32:50.271 T:1307 debug : CVideoPlayerVideo::OutputPicture - ttd:542ms pts:765.495 Clock:764.953 Level:9
2026-07-04 09:32:50.272 T:1307 debug : CVideoPlayerVideo::OutputPicture - ttd:583ms pts:765.537 Clock:764.954 Level:10
2026-07-04 09:32:50.273 T:1307 debug : CVideoPlayerVideo::OutputPicture - ttd:623ms pts:765.579 Clock:764.955 Level:11
2026-07-04 09:32:50.289 T:1305 debug : CVideoPlayer::ProcessVideoData size:766788 dts:766.738 pts:766.863 dur:41.700ms, clock:764.971 level:0
2026-07-04 09:32:50.290 T:1305 debug : CVideoPlayer::ProcessPacket packet from enhancement layer: size:63789 dts:766.738 pts:766.863 dur:41.700ms
2026-07-04 09:32:50.294 T:1307 debug : CVideoPlayerVideo::OutputPicture - ttd:645ms pts:765.621 Clock:764.975 Level:11
2026-07-04 09:32:50.316 T:1305 debug : CVideoPlayer::ProcessVideoData size:274090 dts:766.780 pts:766.780 dur:41.700ms, clock:764.998 level:0
2026-07-04 09:32:50.341 T:1305 debug : CVideoPlayer::ProcessPacket packet from enhancement layer: size:22570 dts:766.780 pts:766.780 dur:41.700ms
2026-07-04 09:32:50.341 T:1307 debug : CVideoPlayerVideo::OutputPicture - ttd:639ms pts:765.662 Clock:765.023 Level:11
2026-07-04 09:32:50.378 T:1305 debug : CVideoPlayer::ProcessVideoData size:288591 dts:766.822 pts:766.822 dur:41.700ms, clock:765.059 level:0
2026-07-04 09:32:50.381 T:1307 debug : CVideoPlayerVideo::OutputPicture - ttd:641ms pts:765.704 Clock:765.063 Level:11
2026-07-04 09:32:50.613 T:1305 debug : CVideoPlayer::ProcessPacket packet from enhancement layer: size:22436 dts:766.822 pts:766.822 dur:41.700ms
2026-07-04 09:32:50.613 T:1307 debug : CVideoPlayerVideo::OutputPicture - ttd:450ms pts:765.746 Clock:765.295 Level:7
2026-07-04 09:32:50.614 T:1307 debug : CVideoPlayerVideo::OutputPicture - ttd:491ms pts:765.787 Clock:765.296 Level:8
2026-07-04 09:32:50.616 T:1307 debug : CVideoPlayerVideo::OutputPicture - ttd:531ms pts:765.829 Clock:765.297 Level:9
2026-07-04 09:32:50.617 T:1307 debug : CVideoPlayerVideo::OutputPicture - ttd:572ms pts:765.871 Clock:765.298 Level:9
2026-07-04 09:32:50.618 T:1307 debug : CVideoPlayerVideo::OutputPicture - ttd:613ms pts:765.912 Clock:765.299 Level:10
2026-07-04 09:32:50.637 T:1305 debug : CVideoPlayer::ProcessVideoData size:756577 dts:766.863 pts:766.989 dur:41.700ms, clock:765.319 level:0
2026-07-04 09:32:50.642 T:1307 debug : CVideoPlayerVideo::OutputPicture - ttd:630ms pts:765.954 Clock:765.323 Level:11
2026-07-04 09:32:50.703 T:1305 debug : CVideoPlayer::ProcessPacket packet from enhancement layer: size:64084 dts:766.863 pts:766.989 dur:41.700ms
2026-07-04 09:32:50.703 T:1307 debug : CVideoPlayerVideo::OutputPicture - ttd:611ms pts:765.996 Clock:765.385 Level:10
2026-07-04 09:32:50.727 T:1305 debug : CVideoPlayer::ProcessVideoData size:266418 dts:766.905 pts:766.905 dur:41.700ms, clock:765.408 level:0
2026-07-04 09:32:50.728 T:1305 debug : CVideoPlayer::ProcessPacket packet from enhancement layer: size:23170 dts:766.905 pts:766.905 dur:41.700ms
2026-07-04 09:32:50.731 T:1307 debug : CVideoPlayerVideo::OutputPicture - ttd:625ms pts:766.038 Clock:765.412 Level:11
2026-07-04 09:32:50.746 T:1305 debug : CVideoPlayer::ProcessVideoData size:286938 dts:766.947 pts:766.947 dur:41.700ms, clock:765.428 level:0
2026-07-04 09:32:50.750 T:1307 debug : CVideoPlayerVideo::OutputPicture - ttd:648ms pts:766.079 Clock:765.431 Level:11
2026-07-04 09:32:50.808 T:1305 debug : CVideoPlayer::ProcessPacket packet from enhancement layer: size:23017 dts:766.947 pts:766.947 dur:41.700ms
2026-07-04 09:32:50.808 T:1307 debug : CVideoPlayerVideo::OutputPicture - ttd:631ms pts:766.121 Clock:765.489 Level:11
2026-07-04 09:32:50.829 T:1305 debug : CVideoPlayer::ProcessVideoData size:760323 dts:766.989 pts:767.114 dur:41.700ms, clock:765.510 level:0
2026-07-04 09:32:50.829 T:1305 debug : CVideoPlayer::ProcessPacket packet from enhancement layer: size:63916 dts:766.989 pts:767.114 dur:41.700ms
2026-07-04 09:32:50.854 T:1305 debug : CVideoPlayer::ProcessVideoData size:264697 dts:767.030 pts:767.030 dur:41.700ms, clock:765.536 level:0
2026-07-04 09:32:50.858 T:1307 debug : CVideoPlayerVideo::OutputPicture - ttd:623ms pts:766.163 Clock:765.539 Level:11
2026-07-04 09:32:50.892 T:1305 debug : CVideoPlayer::ProcessPacket packet from enhancement layer: size:23105 dts:767.030 pts:767.030 dur:41.700ms
2026-07-04 09:32:50.892 T:1307 debug : CVideoPlayerVideo::OutputPicture - ttd:631ms pts:766.204 Clock:765.573 Level:11
2026-07-04 09:32:50.967 T:1305 debug : CVideoPlayer::ProcessVideoData size:269903 dts:767.072 pts:767.072 dur:41.700ms, clock:765.648 level:0
2026-07-04 09:32:50.970 T:1307 debug : CVideoPlayerVideo::OutputPicture - ttd:594ms pts:766.246 Clock:765.652 Level:10
2026-07-04 09:32:50.971 T:1307 debug : CVideoPlayerVideo::OutputPicture - ttd:635ms pts:766.288 Clock:765.653 Level:11
2026-07-04 09:32:51.088 T:1305 debug : CVideoPlayer::ProcessPacket packet from enhancement layer: size:22686 dts:767.072 pts:767.072 dur:41.700ms
2026-07-04 09:32:51.088 T:1307 debug : CVideoPlayerVideo::OutputPicture - ttd:559ms pts:766.330 Clock:765.770 Level:9
2026-07-04 09:32:51.090 T:1307 debug : CVideoPlayerVideo::OutputPicture - ttd:600ms pts:766.371 Clock:765.771 Level:10
2026-07-04 09:32:51.091 T:1307 debug : CVideoPlayerVideo::OutputPicture - ttd:640ms pts:766.413 Clock:765.772 Level:11
2026-07-04 09:32:51.138 T:1305 debug : CVideoPlayer::ProcessVideoData size:1177508 dts:767.114 pts:767.239 dur:41.700ms, clock:765.820 level:0
2026-07-04 09:32:51.139 T:1305 debug : CVideoPlayer::ProcessPacket packet from enhancement layer: size:227885 dts:767.114 pts:767.239 dur:41.700ms
2026-07-04 09:32:51.145 T:1307 debug : CVideoPlayerVideo::OutputPicture - ttd:627ms pts:766.455 Clock:765.827 Level:11
2026-07-04 09:32:51.160 T:1305 debug : CVideoPlayer::ProcessVideoData size:264206 dts:767.155 pts:767.155 dur:41.700ms, clock:765.842 level:0
2026-07-04 09:32:51.161 T:1305 debug : CVideoPlayer::ProcessPacket packet from enhancement layer: size:22164 dts:767.155 pts:767.155 dur:41.700ms
2026-07-04 09:32:51.165 T:1307 debug : CVideoPlayerVideo::OutputPicture - ttd:650ms pts:766.496 Clock:765.846 Level:11
2026-07-04 09:32:51.181 T:1305 debug : CVideoPlayer::ProcessVideoData size:264818 dts:767.197 pts:767.197 dur:41.700ms, clock:765.863 level:0
2026-07-04 09:32:51.282 T:937 debug : TEMP: [framecount] video=6720 ctrls=6720 subs=2132 skip-gui=1085 skip-any=1085
2026-07-04 09:32:51.285 T:1305 debug : CVideoPlayer::ProcessVideoData size:719003 dts:767.239 pts:767.364 dur:41.700ms, clock:765.967 level:0
2026-07-04 09:32:51.286 T:1307 debug : CVideoPlayerVideo::OutputPicture - ttd:570ms pts:766.538 Clock:765.968 Level:9
2026-07-04 09:32:51.286 T:1305 debug : CVideoPlayer::ProcessPacket packet from enhancement layer: size:21473 dts:767.197 pts:767.197 dur:41.700ms
2026-07-04 09:32:51.287 T:1305 debug : CVideoPlayer::ProcessPacket packet from enhancement layer: size:71291 dts:767.239 pts:767.364 dur:41.700ms
2026-07-04 09:32:51.288 T:1307 debug : CVideoPlayerVideo::OutputPicture - ttd:610ms pts:766.580 Clock:765.969 Level:10
2026-07-04 09:32:51.289 T:1307 debug : CVideoPlayerVideo::OutputPicture - ttd:651ms pts:766.622 Clock:765.970 Level:11
2026-07-04 09:32:51.308 T:1305 debug : CVideoPlayer::ProcessVideoData size:271048 dts:767.280 pts:767.280 dur:41.700ms, clock:765.989 level:0
2026-07-04 09:32:51.321 T:1305 debug : CVideoPlayer::ProcessPacket packet from enhancement layer: size:22087 dts:767.280 pts:767.280 dur:41.700ms
2026-07-04 09:32:51.336 T:1305 debug : CVideoPlayer::ProcessVideoData size:278253 dts:767.322 pts:767.322 dur:41.700ms, clock:766.018 level:0
2026-07-04 09:32:51.340 T:1307 debug : CVideoPlayerVideo::OutputPicture - ttd:641ms pts:766.663 Clock:766.021 Level:11
2026-07-04 09:32:51.472 T:1305 debug : CVideoPlayer::ProcessVideoData size:751830 dts:767.364 pts:767.489 dur:41.700ms, clock:766.154 level:0
2026-07-04 09:32:51.473 T:1307 debug : CVideoPlayerVideo::OutputPicture - ttd:550ms pts:766.705 Clock:766.154 Level:9
2026-07-04 09:32:51.474 T:1307 debug : CVideoPlayerVideo::OutputPicture - ttd:591ms pts:766.747 Clock:766.155 Level:10
2026-07-04 09:32:51.475 T:1307 debug : CVideoPlayerVideo::OutputPicture - ttd:631ms pts:766.788 Clock:766.156 Level:11
2026-07-04 09:32:51.484 T:1305 debug : CVideoPlayer::ProcessPacket packet from enhancement layer: size:22967 dts:767.322 pts:767.322 dur:41.700ms
2026-07-04 09:32:51.484 T:1305 debug : CVideoPlayer::ProcessPacket packet from enhancement layer: size:68667 dts:767.364 pts:767.489 dur:41.700ms
2026-07-04 09:32:51.504 T:1305 debug : CVideoPlayer::ProcessVideoData size:257708 dts:767.406 pts:767.406 dur:41.700ms, clock:766.186 level:0
2026-07-04 09:32:51.505 T:1305 debug : CVideoPlayer::ProcessPacket packet from enhancement layer: size:23080 dts:767.406 pts:767.406 dur:41.700ms
2026-07-04 09:32:51.508 T:1307 debug : CVideoPlayerVideo::OutputPicture - ttd:640ms pts:766.830 Clock:766.190 Level:11
2026-07-04 09:32:51.521 T:1305 debug : CVideoPlayer::ProcessVideoData size:262000 dts:767.447 pts:767.447 dur:41.700ms, clock:766.203 level:0
2026-07-04 09:32:51.609 T:1305 debug : CVideoPlayer::ProcessVideoData size:778469 dts:767.489 pts:767.614 dur:41.700ms, clock:766.291 level:0
2026-07-04 09:32:51.610 T:1307 debug : CVideoPlayerVideo::OutputPicture - ttd:580ms pts:766.872 Clock:766.292 Level:10
2026-07-04 09:32:51.610 T:1305 debug : CVideoPlayer::ProcessPacket packet from enhancement layer: size:23742 dts:767.447 pts:767.447 dur:41.700ms
2026-07-04 09:32:51.610 T:1305 debug : CVideoPlayer::ProcessPacket packet from enhancement layer: size:66180 dts:767.489 pts:767.614 dur:41.700ms
2026-07-04 09:32:51.612 T:1307 debug : CVideoPlayerVideo::OutputPicture - ttd:620ms pts:766.914 Clock:766.293 Level:11
2026-07-04 09:32:51.630 T:1305 debug : CVideoPlayer::ProcessVideoData size:259348 dts:767.531 pts:767.531 dur:41.700ms, clock:766.312 level:0
2026-07-04 09:32:51.634 T:1307 debug : CVideoPlayerVideo::OutputPicture - ttd:639ms pts:766.955 Clock:766.316 Level:11
2026-07-04 09:32:51.645 T:1305 debug : CVideoPlayer::ProcessPacket packet from enhancement layer: size:24967 dts:767.531 pts:767.531 dur:41.700ms
2026-07-04 09:32:51.666 T:1305 debug : CVideoPlayer::ProcessVideoData size:260469 dts:767.572 pts:767.572 dur:41.700ms, clock:766.347 level:0
2026-07-04 09:32:51.669 T:1307 debug : CVideoPlayerVideo::OutputPicture - ttd:646ms pts:766.997 Clock:766.351 Level:11
2026-07-04 09:32:51.711 T:1305 debug : CVideoPlayer::ProcessPacket packet from enhancement layer: size:24500 dts:767.572 pts:767.572 dur:41.700ms
2026-07-04 09:32:51.711 T:1307 debug : CVideoPlayerVideo::OutputPicture - ttd:645ms pts:767.039 Clock:766.393 Level:11
2026-07-04 09:32:51.745 T:1305 debug : CVideoPlayer::ProcessVideoData size:805718 dts:767.614 pts:767.739 dur:41.700ms, clock:766.427 level:0
2026-07-04 09:32:51.749 T:1307 debug : CVideoPlayerVideo::OutputPicture - ttd:649ms pts:767.080 Clock:766.431 Level:11
2026-07-04 09:32:51.772 T:1305 debug : CVideoPlayer::ProcessPacket packet from enhancement layer: size:65380 dts:767.614 pts:767.739 dur:41.700ms
2026-07-04 09:32:51.795 T:1305 debug : CVideoPlayer::ProcessVideoData size:267241 dts:767.656 pts:767.656 dur:41.700ms, clock:766.477 level:0
2026-07-04 09:32:51.796 T:1305 debug : CVideoPlayer::ProcessPacket packet from enhancement layer: size:25694 dts:767.656 pts:767.656 dur:41.700ms
2026-07-04 09:32:51.799 T:1307 debug : CVideoPlayerVideo::OutputPicture - ttd:641ms pts:767.122 Clock:766.481 Level:11
2026-07-04 09:32:51.818 T:1305 debug : CVideoPlayer::ProcessVideoData size:265043 dts:767.698 pts:767.698 dur:41.700ms, clock:766.500 level:0
2026-07-04 09:32:51.877 T:1305 debug : CVideoPlayer::ProcessPacket packet from enhancement layer: size:26298 dts:767.698 pts:767.698 dur:41.700ms
2026-07-04 09:32:51.877 T:1307 debug : CVideoPlayerVideo::OutputPicture - ttd:604ms pts:767.164 Clock:766.559 Level:10
2026-07-04 09:32:51.878 T:1307 debug : CVideoPlayerVideo::OutputPicture - ttd:645ms pts:767.206 Clock:766.560 Level:11
2026-07-04 09:32:51.897 T:1305 debug : CVideoPlayer::ProcessVideoData size:843070 dts:767.739 pts:767.864 dur:41.700ms, clock:766.578 level:0
2026-07-04 09:32:51.897 T:1305 debug : CVideoPlayer::ProcessPacket packet from enhancement layer: size:40294 dts:767.739 pts:767.864 dur:41.700ms
2026-07-04 09:32:51.956 T:1305 debug : CVideoPlayer::ProcessVideoData size:282539 dts:767.781 pts:767.781 dur:41.700ms, clock:766.637 level:0
2026-07-04 09:32:51.956 T:1305 debug : CVideoPlayer::ProcessPacket packet from enhancement layer: size:25734 dts:767.781 pts:767.781 dur:41.700ms
2026-07-04 09:32:51.960 T:1307 debug : CVideoPlayerVideo::OutputPicture - ttd:605ms pts:767.247 Clock:766.642 Level:10
2026-07-04 09:32:51.961 T:1307 debug : CVideoPlayerVideo::OutputPicture - ttd:646ms pts:767.289 Clock:766.643 Level:11
2026-07-04 09:32:51.975 T:1305 debug : CVideoPlayer::ProcessVideoData size:275457 dts:767.823 pts:767.823 dur:41.700ms, clock:766.656 level:0
2026-07-04 09:32:52.025 T:1305 debug : CVideoPlayer::ProcessPacket packet from enhancement layer: size:19672 dts:767.823 pts:767.823 dur:41.700ms
2026-07-04 09:32:52.025 T:1307 debug : CVideoPlayerVideo::OutputPicture - ttd:623ms pts:767.331 Clock:766.707 Level:11
2026-07-04 09:32:52.085 T:1305 debug : CVideoPlayer::ProcessVideoData size:889121 dts:767.864 pts:767.990 dur:41.700ms, clock:766.767 level:0
2026-07-04 09:32:52.086 T:1305 debug : CVideoPlayer::ProcessPacket packet from enhancement layer: size:62841 dts:767.864 pts:767.990 dur:41.700ms
2026-07-04 09:32:52.229 T:1305 debug : CVideoPlayer::ProcessVideoData size:283012 dts:767.906 pts:767.906 dur:41.700ms, clock:766.911 level:0
2026-07-04 09:32:52.229 T:1305 debug : CVideoPlayer::ProcessPacket packet from enhancement layer: size:20330 dts:767.906 pts:767.906 dur:41.700ms
2026-07-04 09:32:52.516 T:1305 debug : CVideoPlayer::ProcessVideoData size:302896 dts:767.948 pts:767.948 dur:41.700ms, clock:767.198 level:0
2026-07-04 09:32:52.654 T:1305 debug : CVideoPlayer::ProcessVideoData size:1376493 dts:767.990 pts:768.115 dur:41.700ms, clock:767.336 level:0
2026-07-04 09:32:52.674 T:1305 debug : CVideoPlayer::ProcessPacket packet from enhancement layer: size:26608 dts:767.948 pts:767.948 dur:41.700ms
2026-07-04 09:32:52.675 T:1305 debug : CVideoPlayer::ProcessPacket packet from enhancement layer: size:131457 dts:767.990 pts:768.115 dur:41.700ms
2026-07-04 09:32:52.737 T:1308 info : CVideoPlayerAudio::Process - stream stalled
2026-07-04 09:32:52.765 T:1305 debug : CVideoPlayer::ProcessVideoData size:293477 dts:768.031 pts:768.031 dur:41.700ms, clock:767.447 level:0
2026-07-04 09:32:52.765 T:1305 debug : CDVDClock::SetSpeedAdjust - adjusted:0.000000
2026-07-04 09:32:52.765 T:1307 debug : CAMLCodec::SetSpeed, speed(0)
2026-07-04 09:32:52.766 T:1305 debug : CVideoPlayer::ProcessPacket packet from enhancement layer: size:26681 dts:768.031 pts:768.031 dur:41.700ms
2026-07-04 09:32:52.768 T:1308 debug : CDVDAudio::Pause - pausing audio stream
2026-07-04 09:32:52.781 T:937 debug : ------ Window Init (DialogSeekBar.xml) ------
2026-07-04 09:32:52.831 T:1305 debug : CVideoPlayer::ProcessVideoData size:292545 dts:768.073 pts:768.073 dur:41.700ms, clock:767.447 level:0
2026-07-04 09:32:52.874 T:1305 debug : CVideoPlayer::ProcessPacket packet from enhancement layer: size:19607 dts:768.073 pts:768.073 dur:41.700ms
2026-07-04 09:32:52.895 T:1305 debug : CVideoPlayer::ProcessVideoData size:868743 dts:768.115 pts:768.240 dur:41.700ms, clock:767.447 level:0
2026-07-04 09:32:52.915 T:1305 debug : CVideoPlayer::ProcessPacket packet from enhancement layer: size:46174 dts:768.115 pts:768.240 dur:41.700ms
2026-07-04 09:32:52.950 T:1305 debug : CVideoPlayer::ProcessVideoData size:294387 dts:768.156 pts:768.156 dur:41.700ms, clock:767.447 level:0
2026-07-04 09:32:52.951 T:1305 debug : CVideoPlayer::ProcessPacket packet from enhancement layer: size:26526 dts:768.156 pts:768.156 dur:41.700ms
2026-07-04 09:32:52.971 T:1305 debug : CVideoPlayer::ProcessVideoData size:256193 dts:768.198 pts:768.198 dur:41.700ms, clock:767.447 level:0
2026-07-04 09:32:53.052 T:1305 debug : CVideoPlayer::ProcessVideoData size:735427 dts:768.240 pts:768.365 dur:41.700ms, clock:767.447 level:0
2026-07-04 09:32:53.053 T:1305 debug : CVideoPlayer::ProcessPacket packet from enhancement layer: size:24010 dts:768.198 pts:768.198 dur:41.700ms
2026-07-04 09:32:53.053 T:1305 debug : CVideoPlayer::ProcessPacket packet from enhancement layer: size:68888 dts:768.240 pts:768.365 dur:41.700ms
2026-07-04 09:32:53.081 T:1305 debug : CVideoPlayer::ProcessVideoData size:298389 dts:768.281 pts:768.281 dur:41.700ms, clock:767.447 level:0
2026-07-04 09:32:53.110 T:1305 debug : CVideoPlayer::ProcessPacket packet from enhancement layer: size:20626 dts:768.281 pts:768.281 dur:41.700ms
2026-07-04 09:32:53.130 T:1305 debug : CVideoPlayer::ProcessVideoData size:263743 dts:768.323 pts:768.323 dur:41.700ms, clock:767.447 level:0
2026-07-04 09:32:53.225 T:1305 debug : CVideoPlayer::ProcessVideoData size:815098 dts:768.365 pts:768.490 dur:41.700ms, clock:767.447 level:0
2026-07-04 09:32:53.226 T:1305 debug : CVideoPlayer::ProcessPacket packet from enhancement layer: size:24837 dts:768.323 pts:768.323 dur:41.700ms
2026-07-04 09:32:53.227 T:1305 debug : CVideoPlayer::ProcessPacket packet from enhancement layer: size:67874 dts:768.365 pts:768.490 dur:41.700ms
2026-07-04 09:32:53.310 T:1305 debug : CVideoPlayer::ProcessVideoData size:250831 dts:768.407 pts:768.407 dur:41.700ms, clock:767.447 level:0
2026-07-04 09:32:53.312 T:1305 debug : CVideoPlayer::ProcessPacket packet from enhancement layer: size:24705 dts:768.407 pts:768.407 dur:41.700ms
2026-07-04 09:32:53.314 T:1307 debug : CVideoPlayerVideo::OutputPicture - ttd:-74ms pts:767.372 Clock:767.447 Level:0
2026-07-04 09:32:53.315 T:1307 debug : CVideoPlayerVideo::OutputPicture - ttd:-32ms pts:767.414 Clock:767.447 Level:1
2026-07-04 09:32:53.338 T:1305 debug : CVideoPlayer::ProcessVideoData size:257529 dts:768.448 pts:768.448 dur:41.700ms, clock:767.447 level:0
2026-07-04 09:32:53.341 T:1307 debug : CVideoPlayerVideo::OutputPicture - ttd:8ms pts:767.456 Clock:767.447 Level:0
2026-07-04 09:32:53.399 T:1305 debug : CVideoPlayer::ProcessPacket packet from enhancement layer: size:24479 dts:768.448 pts:768.448 dur:41.700ms
2026-07-04 09:32:53.400 T:1307 debug : CVideoPlayerVideo::OutputPicture - ttd:50ms pts:767.498 Clock:767.447 Level:0
2026-07-04 09:32:53.459 T:1305 debug : CVideoPlayer::ProcessVideoData size:735368 dts:768.490 pts:768.615 dur:41.700ms, clock:767.447 level:0
2026-07-04 09:32:53.460 T:1305 debug : CVideoPlayer::ProcessPacket packet from enhancement layer: size:65416 dts:768.490 pts:768.615 dur:41.700ms
2026-07-04 09:32:53.495 T:1305 debug : CVideoPlayer::ProcessVideoData size:236463 dts:768.532 pts:768.532 dur:41.700ms, clock:767.447 level:0
2026-07-04 09:32:53.496 T:1305 debug : CVideoPlayer::ProcessPacket packet from enhancement layer: size:24178 dts:768.532 pts:768.532 dur:41.700ms
2026-07-04 09:32:53.529 T:1305 debug : CVideoPlayer::ProcessVideoData size:244850 dts:768.573 pts:768.573 dur:41.700ms, clock:767.447 level:0
2026-07-04 09:32:53.533 T:1307 debug : CVideoPlayerVideo::OutputPicture - ttd:92ms pts:767.539 Clock:767.447 Level:0
2026-07-04 09:32:53.565 T:1305 debug : CVideoPlayer::ProcessPacket packet from enhancement layer: size:24257 dts:768.573 pts:768.573 dur:41.700ms
2026-07-04 09:32:53.565 T:1307 debug : CVideoPlayerVideo::OutputPicture - ttd:133ms pts:767.581 Clock:767.447 Level:0
2026-07-04 09:32:53.639 T:1305 debug : CVideoPlayer::ProcessVideoData size:746665 dts:768.615 pts:768.740 dur:41.700ms, clock:767.447 level:0
2026-07-04 09:32:53.639 T:1305 debug : CVideoPlayer::ProcessPacket packet from enhancement layer: size:63868 dts:768.615 pts:768.740 dur:41.700ms
2026-07-04 09:32:53.644 T:1307 debug : CVideoPlayerVideo::OutputPicture - ttd:175ms pts:767.623 Clock:767.447 Level:0
2026-07-04 09:32:53.645 T:1307 debug : CVideoPlayerVideo::OutputPicture - ttd:217ms pts:767.664 Clock:767.447 Level:1
2026-07-04 09:32:53.662 T:1305 debug : CVideoPlayer::ProcessVideoData size:241332 dts:768.657 pts:768.657 dur:41.700ms, clock:767.447 level:0
2026-07-04 09:32:53.666 T:1307 debug : CVideoPlayerVideo::OutputPicture - ttd:259ms pts:767.706 Clock:767.447 Level:1
2026-07-04 09:32:53.680 T:1305 debug : CVideoPlayer::ProcessPacket packet from enhancement layer: size:24587 dts:768.657 pts:768.657 dur:41.700ms
2026-07-04 09:32:53.680 T:1307 debug : CVideoPlayerVideo::OutputPicture - ttd:300ms pts:767.748 Clock:767.447 Level:2
2026-07-04 09:32:53.700 T:1305 debug : CVideoPlayer::ProcessVideoData size:239958 dts:768.699 pts:768.699 dur:41.700ms, clock:767.447 level:0
2026-07-04 09:32:53.703 T:1307 debug : CVideoPlayerVideo::OutputPicture - ttd:342ms pts:767.789 Clock:767.447 Level:2
2026-07-04 09:32:53.733 T:1305 debug : CVideoPlayer::ProcessPacket packet from enhancement layer: size:24037 dts:768.699 pts:768.699 dur:41.700ms
2026-07-04 09:32:53.733 T:1307 debug : CVideoPlayerVideo::OutputPicture - ttd:384ms pts:767.831 Clock:767.447 Level:3
2026-07-04 09:32:53.763 T:1305 debug : CVideoPlayer::ProcessVideoData size:746100 dts:768.740 pts:768.865 dur:41.700ms, clock:767.447 level:0
2026-07-04 09:32:53.764 T:1305 debug : CVideoPlayer::ProcessPacket packet from enhancement layer: size:61803 dts:768.740 pts:768.865 dur:41.700ms
2026-07-04 09:32:53.768 T:1307 debug : CVideoPlayerVideo::OutputPicture - ttd:425ms pts:767.873 Clock:767.447 Level:4
2026-07-04 09:32:53.769 T:1307 debug : CVideoPlayerVideo::OutputPicture - ttd:467ms pts:767.915 Clock:767.447 Level:5
2026-07-04 09:32:53.805 T:1305 debug : CVideoPlayer::ProcessVideoData size:232828 dts:768.782 pts:768.782 dur:41.700ms, clock:767.447 level:0
2026-07-04 09:32:53.806 T:1305 debug : CVideoPlayer::ProcessPacket packet from enhancement layer: size:23478 dts:768.782 pts:768.782 dur:41.700ms
2026-07-04 09:32:53.809 T:1307 debug : CVideoPlayerVideo::OutputPicture - ttd:509ms pts:767.956 Clock:767.447 Level:6
2026-07-04 09:32:53.810 T:1307 debug : CVideoPlayerVideo::OutputPicture - ttd:550ms pts:767.998 Clock:767.447 Level:7
2026-07-04 09:32:53.832 T:1305 debug : CVideoPlayer::ProcessVideoData size:234176 dts:768.824 pts:768.824 dur:41.700ms, clock:767.447 level:0
2026-07-04 09:32:53.835 T:1307 debug : CVideoPlayerVideo::OutputPicture - ttd:592ms pts:768.040 Clock:767.447 Level:8
2026-07-04 09:32:53.939 T:1305 debug : CVideoPlayer::ProcessVideoData size:1271046 dts:768.865 pts:768.991 dur:41.700ms, clock:767.447 level:0
2026-07-04 09:32:53.939 T:1307 debug : CVideoPlayerVideo::OutputPicture - ttd:634ms pts:768.081 Clock:767.447 Level:9
2026-07-04 09:32:53.940 T:1305 debug : CVideoPlayer::ProcessPacket packet from enhancement layer: size:23044 dts:768.824 pts:768.824 dur:41.700ms
2026-07-04 09:32:53.940 T:1305 debug : CVideoPlayer::ProcessPacket packet from enhancement layer: size:145940 dts:768.865 pts:768.991 dur:41.700ms
2026-07-04 09:32:53.955 T:1307 debug : CVideoPlayerVideo::OutputPicture - ttd:676ms pts:768.123 Clock:767.447 Level:10
2026-07-04 09:32:53.957 T:1307 debug : CVideoPlayerVideo::OutputPicture - ttd:717ms pts:768.165 Clock:767.447 Level:11
2026-07-04 09:32:53.960 T:1305 debug : CVideoPlayer::ProcessVideoData size:236871 dts:768.907 pts:768.907 dur:41.700ms, clock:767.447 level:0
2026-07-04 09:32:53.960 T:1305 debug : CVideoPlayer::ProcessPacket packet from enhancement layer: size:22450 dts:768.907 pts:768.907 dur:41.700ms
2026-07-04 09:32:53.964 T:1307 debug : CVideoPlayerVideo::OutputPicture - ttd:759ms pts:768.207 Clock:767.447 Level:12
2026-07-04 09:32:53.966 T:1307 debug : CVideoPlayerVideo::OutputPicture - ttd:801ms pts:768.248 Clock:767.447 Level:13
2026-07-04 09:32:53.976 T:1305 debug : CVideoPlayer::ProcessVideoData size:229489 dts:768.949 pts:768.949 dur:41.700ms, clock:767.447 level:0
2026-07-04 09:32:54.015 T:1305 debug : CVideoPlayer::ProcessPacket packet from enhancement layer: size:21805 dts:768.949 pts:768.949 dur:41.700ms
2026-07-04 09:32:54.032 T:1305 debug : CVideoPlayer::ProcessVideoData size:707239 dts:768.991 pts:769.116 dur:41.700ms, clock:767.447 level:0
2026-07-04 09:32:54.032 T:1305 debug : CVideoPlayer::ProcessPacket packet from enhancement layer: size:63420 dts:768.991 pts:769.116 dur:41.700ms
2026-07-04 09:32:54.054 T:1305 debug : CVideoPlayer::ProcessVideoData size:231069 dts:769.032 pts:769.032 dur:41.700ms, clock:767.447 level:0
2026-07-04 09:32:54.055 T:1305 debug : CVideoPlayer::ProcessPacket packet from enhancement layer: size:23583 dts:769.032 pts:769.032 dur:41.700ms
2026-07-04 09:32:54.078 T:1305 debug : CVideoPlayer::ProcessVideoData size:240381 dts:769.074 pts:769.074 dur:41.700ms, clock:767.447 level:0
2026-07-04 09:32:54.433 T:1305 debug : CVideoPlayer::ProcessVideoData size:714855 dts:769.116 pts:769.241 dur:41.700ms, clock:767.447 level:0
2026-07-04 09:32:54.434 T:1305 debug : CVideoPlayer::ProcessPacket packet from enhancement layer: size:23688 dts:769.074 pts:769.074 dur:41.700ms
2026-07-04 09:32:54.434 T:1305 debug : CVideoPlayer::ProcessPacket packet from enhancement layer: size:67091 dts:769.116 pts:769.241 dur:41.700ms
2026-07-04 09:32:54.462 T:1305 debug : CVideoPlayer::ProcessVideoData size:239357 dts:769.157 pts:769.157 dur:41.700ms, clock:767.447 level:0
2026-07-04 09:32:54.462 T:1305 debug : CVideoPlayer::ProcessPacket packet from enhancement layer: size:24290 dts:769.157 pts:769.157 dur:41.700ms
2026-07-04 09:32:54.483 T:1305 debug : CVideoPlayer::ProcessVideoData size:236511 dts:769.199 pts:769.199 dur:41.700ms, clock:767.447 level:0
2026-07-04 09:32:54.516 T:1305 debug : CVideoPlayer::ProcessPacket packet from enhancement layer: size:25057 dts:769.199 pts:769.199 dur:41.700ms
2026-07-04 09:32:54.536 T:1305 debug : CVideoPlayer::ProcessVideoData size:728496 dts:769.241 pts:769.366 dur:41.700ms, clock:767.447 level:0
2026-07-04 09:32:54.537 T:1305 debug : CVideoPlayer::ProcessPacket packet from enhancement layer: size:42393 dts:769.241 pts:769.366 dur:41.700ms
2026-07-04 09:32:54.561 T:1305 debug : CVideoPlayer::ProcessVideoData size:239533 dts:769.282 pts:769.282 dur:41.700ms, clock:767.447 level:0
2026-07-04 09:32:54.561 T:1305 debug : CVideoPlayer::ProcessPacket packet from enhancement layer: size:23651 dts:769.282 pts:769.282 dur:41.700ms
2026-07-04 09:32:54.667 T:1305 debug : CVideoPlayer::ProcessVideoData size:241870 dts:769.324 pts:769.324 dur:41.700ms, clock:767.447 level:0
2026-07-04 09:32:54.792 T:1305 debug : CVideoPlayer::ProcessPacket packet from enhancement layer: size:24087 dts:769.324 pts:769.324 dur:41.700ms
2026-07-04 09:32:54.859 T:1305 debug : CVideoPlayer::ProcessVideoData size:741970 dts:769.366 pts:769.491 dur:41.700ms, clock:767.447 level:0
2026-07-04 09:32:54.860 T:1305 debug : CVideoPlayer::ProcessPacket packet from enhancement layer: size:63734 dts:769.366 pts:769.491 dur:41.700ms
2026-07-04 09:32:54.874 T:1305 debug : CVideoPlayer::ProcessVideoData size:235070 dts:769.408 pts:769.408 dur:41.700ms, clock:767.447 level:0
2026-07-04 09:32:54.884 T:1305 debug : CVideoPlayer::ProcessPacket packet from enhancement layer: size:26633 dts:769.408 pts:769.408 dur:41.700ms
2026-07-04 09:32:54.909 T:1305 debug : CVideoPlayer::ProcessVideoData size:237124 dts:769.449 pts:769.449 dur:41.700ms, clock:767.447 level:0
2026-07-04 09:32:54.943 T:1305 debug : CVideoPlayer::ProcessPacket packet from enhancement layer: size:27772 dts:769.449 pts:769.449 dur:41.700ms
2026-07-04 09:32:54.965 T:1305 debug : CVideoPlayer::ProcessVideoData size:746389 dts:769.491 pts:769.616 dur:41.700ms, clock:767.447 level:0
2026-07-04 09:32:54.965 T:1305 debug : CVideoPlayer::ProcessPacket packet from enhancement layer: size:40844 dts:769.491 pts:769.616 dur:41.700ms
2026-07-04 09:32:55.006 T:1305 debug : CVideoPlayer::ProcessVideoData size:230405 dts:769.533 pts:769.533 dur:41.700ms, clock:767.447 level:0
2026-07-04 09:32:55.006 T:1305 debug : CVideoPlayer::ProcessPacket packet from enhancement layer: size:27652 dts:769.533 pts:769.533 dur:41.700ms
2026-07-04 09:32:55.026 T:1305 debug : CVideoPlayer::ProcessVideoData size:240544 dts:769.574 pts:769.574 dur:41.700ms, clock:767.447 level:0
2026-07-04 09:32:55.073 T:1305 debug : CVideoPlayer::ProcessPacket packet from enhancement layer: size:28389 dts:769.574 pts:769.574 dur:41.700ms
2026-07-04 09:32:55.111 T:1305 debug : CVideoPlayer::ProcessVideoData size:773177 dts:769.616 pts:769.741 dur:41.700ms, clock:767.447 level:0
2026-07-04 09:32:55.112 T:1305 debug : CVideoPlayer::ProcessPacket packet from enhancement layer: size:37659 dts:769.616 pts:769.741 dur:41.700ms
2026-07-04 09:32:55.126 T:1305 debug : CVideoPlayer::ProcessVideoData size:236121 dts:769.658 pts:769.658 dur:41.700ms, clock:767.447 level:0
2026-07-04 09:32:55.126 T:1305 debug : CVideoPlayer::ProcessPacket packet from enhancement layer: size:27629 dts:769.658 pts:769.658 dur:41.700ms
2026-07-04 09:32:55.144 T:1305 debug : CVideoPlayer::ProcessVideoData size:233242 dts:769.700 pts:769.700 dur:41.700ms, clock:767.447 level:0
2026-07-04 09:32:55.265 T:1305 debug : CVideoPlayer::ProcessVideoData size:1328302 dts:769.741 pts:769.866 dur:41.700ms, clock:767.447 level:0
2026-07-04 09:32:55.266 T:1305 debug : CVideoPlayer::ProcessPacket packet from enhancement layer: size:27127 dts:769.700 pts:769.700 dur:41.700ms
2026-07-04 09:32:55.266 T:1305 debug : CVideoPlayer::ProcessPacket packet from enhancement layer: size:129288 dts:769.741 pts:769.866 dur:41.700ms
2026-07-04 09:32:55.546 T:1305 debug : CVideoPlayer::ProcessVideoData size:233219 dts:769.783 pts:769.783 dur:41.700ms, clock:767.447 level:0
2026-07-04 09:32:55.547 T:1305 debug : CVideoPlayer::ProcessPacket packet from enhancement layer: size:23694 dts:769.783 pts:769.783 dur:41.700ms
2026-07-04 09:32:55.562 T:1305 debug : CVideoPlayer::ProcessVideoData size:242355 dts:769.825 pts:769.825 dur:41.700ms, clock:767.447 level:0
2026-07-04 09:32:55.599 T:1305 debug : CVideoPlayer::ProcessPacket packet from enhancement layer: size:23643 dts:769.825 pts:769.825 dur:41.700ms
2026-07-04 09:32:55.615 T:1305 debug : CVideoPlayer::ProcessVideoData size:740355 dts:769.866 pts:769.992 dur:41.700ms, clock:767.447 level:0
2026-07-04 09:32:55.631 T:1305 debug : CVideoPlayer::ProcessPacket packet from enhancement layer: size:64448 dts:769.866 pts:769.992 dur:41.700ms
2026-07-04 09:32:55.652 T:1305 debug : CVideoPlayer::ProcessVideoData size:225995 dts:769.908 pts:769.908 dur:41.700ms, clock:767.447 level:2
2026-07-04 09:32:55.652 T:1305 debug : CVideoPlayer::ProcessPacket packet from enhancement layer: size:27436 dts:769.908 pts:769.908 dur:41.700ms
2026-07-04 09:32:55.682 T:1305 debug : CVideoPlayer::ProcessVideoData size:231575 dts:769.950 pts:769.950 dur:41.700ms, clock:767.447 level:100
2026-07-04 09:32:55.710 T:1305 debug : CVideoPlayer::ProcessPacket packet from enhancement layer: size:27847 dts:769.950 pts:769.950 dur:41.700ms
2026-07-04 09:32:55.731 T:1305 debug : CVideoPlayer::ProcessVideoData size:739905 dts:769.992 pts:770.117 dur:41.700ms, clock:767.447 level:100
2026-07-04 09:32:55.992 T:1305 debug : CVideoPlayer::ProcessPacket packet from enhancement layer: size:46629 dts:769.992 pts:770.117 dur:41.700ms
2026-07-04 09:32:56.063 T:1305 debug : CVideoPlayer::ProcessVideoData size:225026 dts:770.033 pts:770.033 dur:41.700ms, clock:767.447 level:100
2026-07-04 09:32:56.063 T:1305 debug : CVideoPlayer::ProcessPacket packet from enhancement layer: size:28692 dts:770.033 pts:770.033 dur:41.700ms
2026-07-04 09:32:56.092 T:1305 debug : CVideoPlayer::ProcessVideoData size:225311 dts:770.075 pts:770.075 dur:41.700ms, clock:767.447 level:100
