2026-07-04 09:32:37.719 T:1305 debug : CVideoPlayer::ProcessVideoData size:639944 dts:760.732 pts:760.857 dur:41.700ms, clock:755.856 level:100
2026-07-04 09:32:37.720 T:1305 debug : CVideoPlayer::ProcessPacket packet from enhancement layer: size:47978 dts:760.732 pts:760.857 dur:41.700ms
2026-07-04 09:32:37.747 T:1305 debug : CVideoPlayer::ProcessVideoData size:236795 dts:760.774 pts:760.774 dur:41.700ms, clock:755.856 level:100
2026-07-04 09:32:37.764 T:1305 debug : CVideoPlayer::ProcessPacket packet from enhancement layer: size:26854 dts:760.774 pts:760.774 dur:41.700ms
2026-07-04 09:32:37.775 T:1305 debug : CVideoPlayer::ProcessVideoData size:238066 dts:760.816 pts:760.816 dur:41.700ms, clock:755.856 level:100
2026-07-04 09:32:37.798 T:1305 debug : CVideoPlayer::ProcessPacket packet from enhancement layer: size:27212 dts:760.816 pts:760.816 dur:41.700ms
2026-07-04 09:32:37.826 T:1305 debug : CVideoPlayer::ProcessVideoData size:627540 dts:760.857 pts:760.983 dur:41.700ms, clock:755.856 level:100
2026-07-04 09:32:37.827 T:1305 debug : CVideoPlayer::ProcessPacket packet from enhancement layer: size:49674 dts:760.857 pts:760.983 dur:41.700ms
2026-07-04 09:32:37.888 T:1305 debug : CVideoPlayer::ProcessVideoData size:229602 dts:760.899 pts:760.899 dur:41.700ms, clock:755.856 level:100
2026-07-04 09:32:37.889 T:1305 debug : CVideoPlayer::ProcessPacket packet from enhancement layer: size:27244 dts:760.899 pts:760.899 dur:41.700ms
2026-07-04 09:32:37.986 T:1305 debug : CVideoPlayer::ProcessVideoData size:247531 dts:760.941 pts:760.941 dur:41.700ms, clock:755.856 level:100
2026-07-04 09:32:38.062 T:1305 debug : CVideoPlayer::ProcessVideoData size:988455 dts:760.983 pts:761.108 dur:41.700ms, clock:755.856 level:100
2026-07-04 09:32:38.077 T:1305 debug : CVideoPlayer::ProcessPacket packet from enhancement layer: size:24483 dts:760.941 pts:760.941 dur:41.700ms
2026-07-04 09:32:38.078 T:1305 debug : CVideoPlayer::ProcessPacket packet from enhancement layer: size:199648 dts:760.983 pts:761.108 dur:41.700ms
2026-07-04 09:32:38.097 T:1305 debug : CVideoPlayer::ProcessVideoData size:251330 dts:761.024 pts:761.024 dur:41.700ms, clock:755.856 level:100
2026-07-04 09:32:38.098 T:1305 debug : CVideoPlayer::ProcessPacket packet from enhancement layer: size:24063 dts:761.024 pts:761.024 dur:41.700ms
2026-07-04 09:32:38.120 T:1305 debug : CVideoPlayer::ProcessVideoData size:250086 dts:761.066 pts:761.066 dur:41.700ms, clock:755.856 level:100
2026-07-04 09:32:38.164 T:1305 debug : CVideoPlayer::ProcessPacket packet from enhancement layer: size:23154 dts:761.066 pts:761.066 dur:41.700ms
2026-07-04 09:32:38.194 T:1305 debug : CVideoPlayer::ProcessVideoData size:705864 dts:761.108 pts:761.233 dur:41.700ms, clock:755.856 level:100
2026-07-04 09:32:38.217 T:1305 debug : CVideoPlayer::ProcessPacket packet from enhancement layer: size:49083 dts:761.108 pts:761.233 dur:41.700ms
2026-07-04 09:32:38.242 T:1305 debug : CVideoPlayer::ProcessVideoData size:247620 dts:761.149 pts:761.149 dur:41.700ms, clock:755.856 level:100
2026-07-04 09:32:38.242 T:1305 debug : CVideoPlayer::ProcessPacket packet from enhancement layer: size:23266 dts:761.149 pts:761.149 dur:41.700ms
2026-07-04 09:32:38.262 T:1305 debug : CVideoPlayer::ProcessVideoData size:250021 dts:761.191 pts:761.191 dur:41.700ms, clock:755.856 level:100
2026-07-04 09:32:38.306 T:1305 debug : CVideoPlayer::ProcessPacket packet from enhancement layer: size:24635 dts:761.191 pts:761.191 dur:41.700ms
2026-07-04 09:32:38.338 T:1305 debug : CVideoPlayer::ProcessVideoData size:702939 dts:761.233 pts:761.358 dur:41.700ms, clock:755.856 level:100
2026-07-04 09:32:38.359 T:1305 debug : CVideoPlayer::ProcessPacket packet from enhancement layer: size:51336 dts:761.233 pts:761.358 dur:41.700ms
2026-07-04 09:32:38.382 T:1305 debug : CVideoPlayer::ProcessVideoData size:255732 dts:761.274 pts:761.274 dur:41.700ms, clock:755.856 level:100
2026-07-04 09:32:38.383 T:1305 debug : CVideoPlayer::ProcessPacket packet from enhancement layer: size:24663 dts:761.274 pts:761.274 dur:41.700ms
2026-07-04 09:32:38.409 T:1305 debug : CVideoPlayer::ProcessVideoData size:253212 dts:761.316 pts:761.316 dur:41.700ms, clock:755.856 level:100
2026-07-04 09:32:38.469 T:1305 debug : CVideoPlayer::ProcessPacket packet from enhancement layer: size:24501 dts:761.316 pts:761.316 dur:41.700ms
2026-07-04 09:32:38.496 T:1305 debug : CVideoPlayer::ProcessVideoData size:686939 dts:761.358 pts:761.483 dur:41.700ms, clock:755.856 level:100
2026-07-04 09:32:38.497 T:1305 debug : CVideoPlayer::ProcessPacket packet from enhancement layer: size:49689 dts:761.358 pts:761.483 dur:41.700ms
2026-07-04 09:32:38.524 T:1305 debug : CVideoPlayer::ProcessVideoData size:248075 dts:761.400 pts:761.400 dur:41.700ms, clock:755.856 level:100
2026-07-04 09:32:38.525 T:1305 debug : CVideoPlayer::ProcessPacket packet from enhancement layer: size:24239 dts:761.400 pts:761.400 dur:41.700ms
2026-07-04 09:32:38.548 T:1305 debug : CVideoPlayer::ProcessVideoData size:246024 dts:761.441 pts:761.441 dur:41.700ms, clock:755.856 level:100
2026-07-04 09:32:38.592 T:1305 debug : CVideoPlayer::ProcessPacket packet from enhancement layer: size:24620 dts:761.441 pts:761.441 dur:41.700ms
2026-07-04 09:32:38.676 T:1305 debug : CVideoPlayer::ProcessVideoData size:692068 dts:761.483 pts:761.608 dur:41.700ms, clock:755.856 level:100
2026-07-04 09:32:38.677 T:1305 debug : CVideoPlayer::ProcessPacket packet from enhancement layer: size:47372 dts:761.483 pts:761.608 dur:41.700ms
2026-07-04 09:32:38.715 T:1305 debug : CVideoPlayer::ProcessVideoData size:250329 dts:761.525 pts:761.525 dur:41.700ms, clock:755.856 level:100
2026-07-04 09:32:38.716 T:1305 debug : CVideoPlayer::ProcessPacket packet from enhancement layer: size:24366 dts:761.525 pts:761.525 dur:41.700ms
2026-07-04 09:32:38.991 T:1305 debug : CVideoPlayer::ProcessVideoData size:247834 dts:761.566 pts:761.566 dur:41.700ms, clock:755.856 level:100
2026-07-04 09:32:39.107 T:1305 debug : CVideoPlayer::ProcessPacket packet from enhancement layer: size:24987 dts:761.566 pts:761.566 dur:41.700ms
2026-07-04 09:32:39.151 T:1305 debug : CVideoPlayer::ProcessVideoData size:695682 dts:761.608 pts:761.733 dur:41.700ms, clock:755.856 level:100
2026-07-04 09:32:39.152 T:1305 debug : CVideoPlayer::ProcessPacket packet from enhancement layer: size:44995 dts:761.608 pts:761.733 dur:41.700ms
2026-07-04 09:32:39.169 T:1305 debug : CVideoPlayer::ProcessVideoData size:251793 dts:761.650 pts:761.650 dur:41.700ms, clock:755.856 level:100
2026-07-04 09:32:39.170 T:1305 debug : CVideoPlayer::ProcessPacket packet from enhancement layer: size:24756 dts:761.650 pts:761.650 dur:41.700ms
2026-07-04 09:32:39.179 T:1305 debug : CVideoPlayer::ProcessVideoData size:253074 dts:761.692 pts:761.692 dur:41.700ms, clock:755.856 level:100
2026-07-04 09:32:39.206 T:1305 debug : CVideoPlayer::ProcessPacket packet from enhancement layer: size:24762 dts:761.692 pts:761.692 dur:41.700ms
2026-07-04 09:32:39.255 T:1305 debug : CVideoPlayer::ProcessVideoData size:702884 dts:761.733 pts:761.858 dur:41.700ms, clock:755.856 level:100
2026-07-04 09:32:39.256 T:1305 debug : CVideoPlayer::ProcessPacket packet from enhancement layer: size:44482 dts:761.733 pts:761.858 dur:41.700ms
2026-07-04 09:32:39.287 T:1305 debug : CVideoPlayer::ProcessVideoData size:253692 dts:761.775 pts:761.775 dur:41.700ms, clock:755.856 level:100
2026-07-04 09:32:39.288 T:1305 debug : CVideoPlayer::ProcessPacket packet from enhancement layer: size:24354 dts:761.775 pts:761.775 dur:41.700ms
2026-07-04 09:32:39.311 T:1305 debug : CVideoPlayer::ProcessVideoData size:254725 dts:761.817 pts:761.817 dur:41.700ms, clock:755.856 level:100
2026-07-04 09:32:39.399 T:1305 debug : CVideoPlayer::ProcessVideoData size:993461 dts:761.858 pts:761.984 dur:41.700ms, clock:755.856 level:100
2026-07-04 09:32:39.401 T:1305 debug : CVideoPlayer::ProcessPacket packet from enhancement layer: size:24181 dts:761.817 pts:761.817 dur:41.700ms
2026-07-04 09:32:39.415 T:1305 debug : CVideoPlayer::ProcessPacket packet from enhancement layer: size:202763 dts:761.858 pts:761.984 dur:41.700ms
2026-07-04 09:32:39.449 T:1305 debug : CVideoPlayer::ProcessVideoData size:259245 dts:761.900 pts:761.900 dur:41.700ms, clock:755.856 level:100
2026-07-04 09:32:39.450 T:1305 debug : CVideoPlayer::ProcessPacket packet from enhancement layer: size:24497 dts:761.900 pts:761.900 dur:41.700ms
2026-07-04 09:32:39.474 T:1305 debug : CVideoPlayer::ProcessVideoData size:260078 dts:761.942 pts:761.942 dur:41.700ms, clock:755.856 level:100
2026-07-04 09:32:39.509 T:1305 debug : CVideoPlayer::ProcessPacket packet from enhancement layer: size:23071 dts:761.942 pts:761.942 dur:41.700ms
2026-07-04 09:32:39.566 T:1305 debug : CVideoPlayer::ProcessVideoData size:749804 dts:761.984 pts:762.109 dur:41.700ms, clock:755.856 level:100
2026-07-04 09:32:39.567 T:1305 debug : CVideoPlayer::ProcessPacket packet from enhancement layer: size:49233 dts:761.984 pts:762.109 dur:41.700ms
2026-07-04 09:32:39.607 T:1305 debug : CVideoPlayer::ProcessVideoData size:266856 dts:762.025 pts:762.025 dur:41.700ms, clock:755.856 level:100
2026-07-04 09:32:39.608 T:1305 debug : CVideoPlayer::ProcessPacket packet from enhancement layer: size:23762 dts:762.025 pts:762.025 dur:41.700ms
2026-07-04 09:32:39.644 T:1305 debug : CVideoPlayer::ProcessVideoData size:272461 dts:762.067 pts:762.067 dur:41.700ms, clock:755.856 level:100
2026-07-04 09:32:39.699 T:1305 debug : CVideoPlayer::ProcessPacket packet from enhancement layer: size:24071 dts:762.067 pts:762.067 dur:41.700ms
2026-07-04 09:32:39.717 T:1305 debug : CVideoPlayer::ProcessVideoData size:743137 dts:762.109 pts:762.234 dur:41.700ms, clock:755.856 level:100
2026-07-04 09:32:39.718 T:1305 debug : CVideoPlayer::ProcessPacket packet from enhancement layer: size:51566 dts:762.109 pts:762.234 dur:41.700ms
2026-07-04 09:32:39.750 T:1305 debug : CVideoPlayer::ProcessVideoData size:255986 dts:762.150 pts:762.150 dur:41.700ms, clock:755.856 level:100
2026-07-04 09:32:39.771 T:1305 debug : CVideoPlayer::ProcessPacket packet from enhancement layer: size:26474 dts:762.150 pts:762.150 dur:41.700ms
2026-07-04 09:32:39.796 T:1305 debug : CVideoPlayer::ProcessVideoData size:272289 dts:762.192 pts:762.192 dur:41.700ms, clock:755.856 level:100
2026-07-04 09:32:39.835 T:1305 debug : CVideoPlayer::ProcessPacket packet from enhancement layer: size:24065 dts:762.192 pts:762.192 dur:41.700ms
2026-07-04 09:32:39.869 T:1305 debug : CVideoPlayer::ProcessVideoData size:653207 dts:762.234 pts:762.359 dur:41.700ms, clock:755.856 level:100
2026-07-04 09:32:39.870 T:1305 debug : CVideoPlayer::ProcessPacket packet from enhancement layer: size:53985 dts:762.234 pts:762.359 dur:41.700ms
2026-07-04 09:32:39.935 T:1305 debug : CVideoPlayer::ProcessVideoData size:267160 dts:762.275 pts:762.275 dur:41.700ms, clock:755.856 level:100
2026-07-04 09:32:40.023 T:1305 debug : CVideoPlayer::ProcessPacket packet from enhancement layer: size:23947 dts:762.275 pts:762.275 dur:41.700ms
2026-07-04 09:32:40.110 T:1305 debug : CVideoPlayer::ProcessVideoData size:269013 dts:762.317 pts:762.317 dur:41.700ms, clock:755.856 level:100
2026-07-04 09:32:40.527 T:1305 debug : CVideoPlayer::ProcessPacket packet from enhancement layer: size:24308 dts:762.317 pts:762.317 dur:41.700ms
2026-07-04 09:32:40.552 T:1305 debug : CVideoPlayer::ProcessVideoData size:725748 dts:762.359 pts:762.484 dur:41.700ms, clock:755.856 level:100
2026-07-04 09:32:40.552 T:1305 debug : CVideoPlayer::ProcessPacket packet from enhancement layer: size:51066 dts:762.359 pts:762.484 dur:41.700ms
2026-07-04 09:32:40.565 T:1305 debug : CVideoPlayer::ProcessVideoData size:247823 dts:762.401 pts:762.401 dur:41.700ms, clock:755.856 level:100
2026-07-04 09:32:40.796 T:1305 debug : CVideoPlayer::ProcessPacket packet from enhancement layer: size:26331 dts:762.401 pts:762.401 dur:41.700ms
2026-07-04 09:32:40.825 T:1305 debug : CVideoPlayer::ProcessVideoData size:267166 dts:762.442 pts:762.442 dur:41.700ms, clock:755.856 level:100
2026-07-04 09:32:40.868 T:1305 debug : CVideoPlayer::ProcessPacket packet from enhancement layer: size:23672 dts:762.442 pts:762.442 dur:41.700ms
2026-07-04 09:32:40.890 T:1305 debug : CVideoPlayer::ProcessVideoData size:707567 dts:762.484 pts:762.609 dur:41.700ms, clock:755.856 level:100
2026-07-04 09:32:40.891 T:1305 debug : CVideoPlayer::ProcessPacket packet from enhancement layer: size:49392 dts:762.484 pts:762.609 dur:41.700ms
2026-07-04 09:32:40.928 T:1305 debug : CVideoPlayer::ProcessVideoData size:262195 dts:762.526 pts:762.526 dur:41.700ms, clock:755.856 level:100
2026-07-04 09:32:40.929 T:1305 debug : CVideoPlayer::ProcessPacket packet from enhancement layer: size:22615 dts:762.526 pts:762.526 dur:41.700ms
2026-07-04 09:32:40.958 T:1305 debug : CVideoPlayer::ProcessVideoData size:260375 dts:762.567 pts:762.567 dur:41.700ms, clock:755.856 level:100
2026-07-04 09:32:41.010 T:1305 debug : CVideoPlayer::ProcessPacket packet from enhancement layer: size:22942 dts:762.567 pts:762.567 dur:41.700ms
2026-07-04 09:32:41.038 T:1305 debug : CVideoPlayer::ProcessVideoData size:687764 dts:762.609 pts:762.734 dur:41.700ms, clock:755.856 level:100
2026-07-04 09:32:41.039 T:1305 debug : CVideoPlayer::ProcessPacket packet from enhancement layer: size:48752 dts:762.609 pts:762.734 dur:41.700ms
2026-07-04 09:32:41.068 T:1305 debug : CVideoPlayer::ProcessVideoData size:249503 dts:762.651 pts:762.651 dur:41.700ms, clock:755.856 level:100
2026-07-04 09:32:41.095 T:1305 debug : CVideoPlayer::ProcessPacket packet from enhancement layer: size:23527 dts:762.651 pts:762.651 dur:41.700ms
2026-07-04 09:32:41.137 T:1305 debug : CVideoPlayer::ProcessVideoData size:248118 dts:762.693 pts:762.693 dur:41.700ms, clock:755.856 level:100
2026-07-04 09:32:41.256 T:1305 debug : CVideoPlayer::ProcessVideoData size:940974 dts:762.734 pts:762.859 dur:41.700ms, clock:755.856 level:100
2026-07-04 09:32:41.258 T:1305 debug : CVideoPlayer::ProcessPacket packet from enhancement layer: size:23504 dts:762.693 pts:762.693 dur:41.700ms
2026-07-04 09:32:41.259 T:1305 debug : CVideoPlayer::ProcessPacket packet from enhancement layer: size:197918 dts:762.734 pts:762.859 dur:41.700ms
2026-07-04 09:32:41.259 T:1305 debug : CDVDClock::SetSpeedAdjust - adjusted:0.000000
2026-07-04 09:32:41.259 T:1308 debug : CDVDAudio::Pause - pausing audio stream
2026-07-04 09:32:41.259 T:1308 debug : CDVDAudio::Resume - resume audio stream
2026-07-04 09:32:41.259 T:1305 debug : CDVDClock::SetSpeedAdjust - adjusted:0.000000
2026-07-04 09:32:41.260 T:974 debug : Skipped 1 duplicate messages..
2026-07-04 09:32:41.260 T:974 debug : ActiveAE - start sync of audio stream
2026-07-04 09:32:41.260 T:1307 debug : CAMLCodec::SetSpeed, speed(1000)
2026-07-04 09:32:41.272 T:937 debug : TEMP: [framecount] video=6480 ctrls=6480 subs=2073 skip-gui=1043 skip-any=1043
2026-07-04 09:32:41.346 T:1305 debug : CVideoPlayer::ProcessVideoData size:248720 dts:762.776 pts:762.776 dur:41.700ms, clock:755.943 level:100
2026-07-04 09:32:41.350 T:1305 debug : CVideoPlayer::ProcessPacket packet from enhancement layer: size:22711 dts:762.776 pts:762.776 dur:41.700ms
2026-07-04 09:32:41.379 T:1305 debug : CVideoPlayer::ProcessVideoData size:252037 dts:762.818 pts:762.818 dur:41.700ms, clock:755.976 level:100
2026-07-04 09:32:41.389 T:974 debug : ActiveAE::SyncStream - average error of 166.336161, start adjusting
2026-07-04 09:32:41.390 T:974 debug : ActiveAE::SyncStream - average error 26.336161 below threshold of 30.000000
2026-07-04 09:32:41.403 T:1307 debug : CVideoPlayerVideo::OutputPicture - ttd:694ms pts:756.694 Clock:756.000 Level:12
2026-07-04 09:32:41.424 T:1305 debug : CVideoPlayer::ProcessPacket packet from enhancement layer: size:21700 dts:762.818 pts:762.818 dur:41.700ms
2026-07-04 09:32:41.465 T:1305 debug : CVideoPlayer::ProcessVideoData size:679651 dts:762.859 pts:762.985 dur:41.700ms, clock:756.062 level:100
2026-07-04 09:32:41.466 T:1305 debug : CVideoPlayer::ProcessPacket packet from enhancement layer: size:47805 dts:762.859 pts:762.985 dur:41.700ms
2026-07-04 09:32:41.486 T:1307 debug : CVideoPlayerVideo::OutputPicture - ttd:653ms pts:756.736 Clock:756.083 Level:12
2026-07-04 09:32:41.487 T:1305 debug : CVideoPlayer::ProcessVideoData size:253160 dts:762.901 pts:762.901 dur:41.700ms, clock:756.083 level:100
2026-07-04 09:32:41.487 T:1305 debug : CVideoPlayer::ProcessPacket packet from enhancement layer: size:21607 dts:762.901 pts:762.901 dur:41.700ms
2026-07-04 09:32:41.518 T:1305 debug : CVideoPlayer::ProcessVideoData size:251711 dts:762.943 pts:762.943 dur:41.700ms, clock:756.115 level:100
2026-07-04 09:32:41.536 T:1307 debug : CVideoPlayerVideo::OutputPicture - ttd:645ms pts:756.778 Clock:756.133 Level:11
2026-07-04 09:32:41.559 T:1305 debug : CVideoPlayer::ProcessPacket packet from enhancement layer: size:22233 dts:762.943 pts:762.943 dur:41.700ms
2026-07-04 09:32:41.570 T:1307 debug : CVideoPlayerVideo::OutputPicture - ttd:653ms pts:756.819 Clock:756.166 Level:12
2026-07-04 09:32:41.592 T:1305 debug : CVideoPlayer::ProcessVideoData size:690431 dts:762.985 pts:763.110 dur:41.700ms, clock:756.188 level:100
2026-07-04 09:32:41.592 T:1305 debug : CVideoPlayer::ProcessPacket packet from enhancement layer: size:49142 dts:762.985 pts:763.110 dur:41.700ms
2026-07-04 09:32:41.614 T:1307 debug : CVideoPlayerVideo::OutputPicture - ttd:651ms pts:756.861 Clock:756.210 Level:12
2026-07-04 09:32:41.614 T:1305 debug : CVideoPlayer::ProcessVideoData size:256579 dts:763.026 pts:763.026 dur:41.700ms, clock:756.211 level:100
2026-07-04 09:32:41.615 T:1305 debug : CVideoPlayer::ProcessPacket packet from enhancement layer: size:22090 dts:763.026 pts:763.026 dur:41.700ms
2026-07-04 09:32:41.643 T:1305 debug : CVideoPlayer::ProcessVideoData size:257071 dts:763.068 pts:763.068 dur:41.700ms, clock:756.240 level:100
2026-07-04 09:32:41.659 T:1307 debug : CVideoPlayerVideo::OutputPicture - ttd:647ms pts:756.903 Clock:756.255 Level:12
2026-07-04 09:32:41.688 T:1305 debug : CVideoPlayer::ProcessPacket packet from enhancement layer: size:22444 dts:763.068 pts:763.068 dur:41.700ms
2026-07-04 09:32:41.697 T:1307 debug : CVideoPlayerVideo::OutputPicture - ttd:651ms pts:756.945 Clock:756.293 Level:12
2026-07-04 09:32:41.728 T:1305 debug : CVideoPlayer::ProcessVideoData size:684716 dts:763.110 pts:763.235 dur:41.700ms, clock:756.325 level:100
2026-07-04 09:32:41.738 T:1307 debug : CVideoPlayerVideo::OutputPicture - ttd:651ms pts:756.986 Clock:756.335 Level:12
2026-07-04 09:32:41.770 T:1305 debug : CVideoPlayer::ProcessPacket packet from enhancement layer: size:46933 dts:763.110 pts:763.235 dur:41.700ms
2026-07-04 09:32:41.785 T:1307 debug : CVideoPlayerVideo::OutputPicture - ttd:646ms pts:757.028 Clock:756.381 Level:12
2026-07-04 09:32:41.795 T:1305 debug : CVideoPlayer::ProcessVideoData size:253017 dts:763.151 pts:763.151 dur:41.700ms, clock:756.391 level:100
2026-07-04 09:32:41.795 T:1305 debug : CVideoPlayer::ProcessPacket packet from enhancement layer: size:22608 dts:763.151 pts:763.151 dur:41.700ms
2026-07-04 09:32:41.821 T:1307 debug : CVideoPlayerVideo::OutputPicture - ttd:652ms pts:757.070 Clock:756.417 Level:11
2026-07-04 09:32:41.821 T:1305 debug : CVideoPlayer::ProcessVideoData size:249474 dts:763.193 pts:763.193 dur:41.700ms, clock:756.418 level:100
2026-07-04 09:32:41.835 T:1307 debug : CVideoPlayerVideo::OutputPicture - ttd:680ms pts:757.111 Clock:756.431 Level:11
2026-07-04 09:32:41.852 T:1305 debug : CVideoPlayer::ProcessPacket packet from enhancement layer: size:21852 dts:763.193 pts:763.193 dur:41.700ms
2026-07-04 09:32:41.856 T:937 debug : ------ Window Deinit (DialogSeekBar.xml) ------
2026-07-04 09:32:41.873 T:1307 debug : CVideoPlayerVideo::OutputPicture - ttd:683ms pts:757.153 Clock:756.469 Level:11
2026-07-04 09:32:41.880 T:1305 debug : CVideoPlayer::ProcessVideoData size:655991 dts:763.235 pts:763.360 dur:41.700ms, clock:756.476 level:100
2026-07-04 09:32:41.881 T:1305 debug : CVideoPlayer::ProcessPacket packet from enhancement layer: size:46521 dts:763.235 pts:763.360 dur:41.700ms
2026-07-04 09:32:41.907 T:1307 debug : CVideoPlayerVideo::OutputPicture - ttd:691ms pts:757.195 Clock:756.503 Level:11
2026-07-04 09:32:41.947 T:1307 debug : CVideoPlayerVideo::OutputPicture - ttd:693ms pts:757.237 Clock:756.543 Level:12
2026-07-04 09:32:41.948 T:1305 debug : CVideoPlayer::ProcessVideoData size:240253 dts:763.276 pts:763.276 dur:41.700ms, clock:756.545 level:100
2026-07-04 09:32:41.949 T:1305 debug : CVideoPlayer::ProcessPacket packet from enhancement layer: size:22248 dts:763.276 pts:763.276 dur:41.700ms
2026-07-04 09:32:41.995 T:1307 debug : CVideoPlayerVideo::OutputPicture - ttd:686ms pts:757.278 Clock:756.592 Level:12
2026-07-04 09:32:42.070 T:1305 debug : CVideoPlayer::ProcessVideoData size:239592 dts:763.318 pts:763.318 dur:41.700ms, clock:756.666 level:100
2026-07-04 09:32:42.072 T:1307 debug : CVideoPlayerVideo::OutputPicture - ttd:650ms pts:757.320 Clock:756.669 Level:11
2026-07-04 09:32:42.114 T:1307 debug : CVideoPlayerVideo::OutputPicture - ttd:651ms pts:757.362 Clock:756.710 Level:11
2026-07-04 09:32:42.118 T:1305 debug : CVideoPlayer::ProcessPacket packet from enhancement layer: size:21757 dts:763.318 pts:763.318 dur:41.700ms
2026-07-04 09:32:42.150 T:1305 debug : CVideoPlayer::ProcessVideoData size:661142 dts:763.360 pts:763.485 dur:41.700ms, clock:756.746 level:100
2026-07-04 09:32:42.151 T:1305 debug : CVideoPlayer::ProcessPacket packet from enhancement layer: size:46331 dts:763.360 pts:763.485 dur:41.700ms
2026-07-04 09:32:42.160 T:1307 debug : CVideoPlayerVideo::OutputPicture - ttd:646ms pts:757.403 Clock:756.757 Level:11
2026-07-04 09:32:42.173 T:1305 debug : CVideoPlayer::ProcessVideoData size:241375 dts:763.402 pts:763.402 dur:41.700ms, clock:756.770 level:100
2026-07-04 09:32:42.195 T:1305 debug : CVideoPlayer::ProcessPacket packet from enhancement layer: size:22002 dts:763.402 pts:763.402 dur:41.700ms
2026-07-04 09:32:42.198 T:1307 debug : CVideoPlayerVideo::OutputPicture - ttd:650ms pts:757.445 Clock:756.795 Level:11
2026-07-04 09:32:42.232 T:1305 debug : CVideoPlayer::ProcessVideoData size:244767 dts:763.443 pts:763.443 dur:41.700ms, clock:756.829 level:100
2026-07-04 09:32:42.242 T:1307 debug : CVideoPlayerVideo::OutputPicture - ttd:647ms pts:757.487 Clock:756.839 Level:11
2026-07-04 09:32:42.287 T:1305 debug : CVideoPlayer::ProcessPacket packet from enhancement layer: size:22010 dts:763.443 pts:763.443 dur:41.700ms
2026-07-04 09:32:42.287 T:1307 debug : CVideoPlayerVideo::OutputPicture - ttd:644ms pts:757.529 Clock:756.884 Level:11
2026-07-04 09:32:42.308 T:1305 debug : CVideoPlayer::ProcessVideoData size:662899 dts:763.485 pts:763.610 dur:41.700ms, clock:756.904 level:100
2026-07-04 09:32:42.308 T:1305 debug : CVideoPlayer::ProcessPacket packet from enhancement layer: size:46494 dts:763.485 pts:763.610 dur:41.700ms
2026-07-04 09:32:42.322 T:1307 debug : CVideoPlayerVideo::OutputPicture - ttd:652ms pts:757.570 Clock:756.918 Level:11
2026-07-04 09:32:42.331 T:1305 debug : CVideoPlayer::ProcessVideoData size:238503 dts:763.527 pts:763.527 dur:41.700ms, clock:756.928 level:100
2026-07-04 09:32:42.332 T:1305 debug : CVideoPlayer::ProcessPacket packet from enhancement layer: size:21667 dts:763.527 pts:763.527 dur:41.700ms
2026-07-04 09:32:42.364 T:1307 debug : CVideoPlayerVideo::OutputPicture - ttd:651ms pts:757.612 Clock:756.960 Level:11
2026-07-04 09:32:42.378 T:1305 debug : CVideoPlayer::ProcessVideoData size:238027 dts:763.568 pts:763.568 dur:41.700ms, clock:756.975 level:100
2026-07-04 09:32:42.411 T:1307 debug : CVideoPlayerVideo::OutputPicture - ttd:646ms pts:757.654 Clock:757.007 Level:11
2026-07-04 09:32:42.413 T:974 debug : ActiveAE::SyncStream - average error 103.035664 above threshold of 100.000000
2026-07-04 09:32:42.413 T:974 debug : ActiveAE::SyncStream - average error 23.035664 below threshold of 30.000000
2026-07-04 09:32:42.447 T:1307 debug : CVideoPlayerVideo::OutputPicture - ttd:651ms pts:757.695 Clock:757.044 Level:11
2026-07-04 09:32:42.488 T:1307 debug : CVideoPlayerVideo::OutputPicture - ttd:652ms pts:757.737 Clock:757.085 Level:11
2026-07-04 09:32:42.535 T:1307 debug : CVideoPlayerVideo::OutputPicture - ttd:647ms pts:757.779 Clock:757.132 Level:11
2026-07-04 09:32:42.572 T:1307 debug : CVideoPlayerVideo::OutputPicture - ttd:651ms pts:757.821 Clock:757.169 Level:11
2026-07-04 09:32:42.612 T:1307 debug : CVideoPlayerVideo::OutputPicture - ttd:653ms pts:757.862 Clock:757.209 Level:11
2026-07-04 09:32:42.661 T:1307 debug : CVideoPlayerVideo::OutputPicture - ttd:646ms pts:757.904 Clock:757.257 Level:11
2026-07-04 09:32:42.696 T:1307 debug : CVideoPlayerVideo::OutputPicture - ttd:652ms pts:757.946 Clock:757.293 Level:12
2026-07-04 09:32:42.736 T:1305 debug : CVideoPlayer::ProcessVideoData size:953115 dts:763.610 pts:763.735 dur:41.700ms, clock:757.332 level:100
2026-07-04 09:32:42.738 T:1305 debug : CVideoPlayer::ProcessPacket packet from enhancement layer: size:23002 dts:763.568 pts:763.568 dur:41.700ms
2026-07-04 09:32:42.739 T:1305 debug : CVideoPlayer::ProcessPacket packet from enhancement layer: size:201081 dts:763.610 pts:763.735 dur:41.700ms
2026-07-04 09:32:42.740 T:1307 debug : CVideoPlayerVideo::OutputPicture - ttd:650ms pts:757.987 Clock:757.337 Level:11
2026-07-04 09:32:42.777 T:1305 debug : CVideoPlayer::ProcessVideoData size:242298 dts:763.652 pts:763.652 dur:41.700ms, clock:757.374 level:100
2026-07-04 09:32:42.778 T:1305 debug : CVideoPlayer::ProcessPacket packet from enhancement layer: size:21899 dts:763.652 pts:763.652 dur:41.700ms
2026-07-04 09:32:42.792 T:1307 debug : CVideoPlayerVideo::OutputPicture - ttd:640ms pts:758.029 Clock:757.389 Level:11
2026-07-04 09:32:42.810 T:1305 debug : CVideoPlayer::ProcessVideoData size:241166 dts:763.694 pts:763.694 dur:41.700ms, clock:757.407 level:100
2026-07-04 09:32:42.825 T:1307 debug : CVideoPlayerVideo::OutputPicture - ttd:648ms pts:758.071 Clock:757.422 Level:12
2026-07-04 09:32:42.864 T:1307 debug : CVideoPlayerVideo::OutputPicture - ttd:651ms pts:758.113 Clock:757.461 Level:11
2026-07-04 09:32:42.911 T:1307 debug : CVideoPlayerVideo::OutputPicture - ttd:646ms pts:758.154 Clock:757.507 Level:11
2026-07-04 09:32:42.947 T:1307 debug : CVideoPlayerVideo::OutputPicture - ttd:651ms pts:758.196 Clock:757.544 Level:12
2026-07-04 09:32:42.988 T:1307 debug : CVideoPlayerVideo::OutputPicture - ttd:652ms pts:758.238 Clock:757.585 Level:12
2026-07-04 09:32:42.992 T:1305 debug : CVideoPlayer::ProcessVideoData size:739225 dts:763.735 pts:763.860 dur:41.700ms, clock:757.589 level:100
2026-07-04 09:32:43.015 T:1305 debug : CVideoPlayer::ProcessPacket packet from enhancement layer: size:21433 dts:763.694 pts:763.694 dur:41.700ms
2026-07-04 09:32:43.015 T:1305 debug : CVideoPlayer::ProcessPacket packet from enhancement layer: size:77265 dts:763.735 pts:763.860 dur:41.700ms
2026-07-04 09:32:43.034 T:1307 debug : CVideoPlayerVideo::OutputPicture - ttd:648ms pts:758.279 Clock:757.631 Level:11
2026-07-04 09:32:43.047 T:1305 debug : CVideoPlayer::ProcessVideoData size:256194 dts:763.777 pts:763.777 dur:41.700ms, clock:757.644 level:100
2026-07-04 09:32:43.048 T:1305 debug : CVideoPlayer::ProcessPacket packet from enhancement layer: size:20971 dts:763.777 pts:763.777 dur:41.700ms
2026-07-04 09:32:43.075 T:1307 debug : CVideoPlayerVideo::OutputPicture - ttd:649ms pts:758.321 Clock:757.672 Level:12
2026-07-04 09:32:43.088 T:1305 debug : CVideoPlayer::ProcessVideoData size:261556 dts:763.819 pts:763.819 dur:41.700ms, clock:757.685 level:100
2026-07-04 09:32:43.113 T:1307 debug : CVideoPlayerVideo::OutputPicture - ttd:653ms pts:758.363 Clock:757.710 Level:12
2026-07-04 09:32:43.163 T:1307 debug : CVideoPlayerVideo::OutputPicture - ttd:644ms pts:758.405 Clock:757.760 Level:11
2026-07-04 09:32:43.197 T:1307 debug : CVideoPlayerVideo::OutputPicture - ttd:652ms pts:758.446 Clock:757.794 Level:12
2026-07-04 09:32:43.238 T:1307 debug : CVideoPlayerVideo::OutputPicture - ttd:653ms pts:758.488 Clock:757.835 Level:11
2026-07-04 09:32:43.286 T:1307 debug : CVideoPlayerVideo::OutputPicture - ttd:646ms pts:758.530 Clock:757.883 Level:11
2026-07-04 09:32:43.323 T:1307 debug : CVideoPlayerVideo::OutputPicture - ttd:651ms pts:758.571 Clock:757.920 Level:11
2026-07-04 09:32:43.355 T:1305 debug : CVideoPlayer::ProcessPacket packet from enhancement layer: size:21392 dts:763.819 pts:763.819 dur:41.700ms
2026-07-04 09:32:43.365 T:1307 debug : CVideoPlayerVideo::OutputPicture - ttd:650ms pts:758.613 Clock:757.962 Level:12
2026-07-04 09:32:43.376 T:1305 debug : CVideoPlayer::ProcessVideoData size:781725 dts:763.860 pts:763.986 dur:41.700ms, clock:757.973 level:100
2026-07-04 09:32:43.377 T:1305 debug : CVideoPlayer::ProcessPacket packet from enhancement layer: size:51097 dts:763.860 pts:763.986 dur:41.700ms
2026-07-04 09:32:43.404 T:1305 debug : CVideoPlayer::ProcessVideoData size:285679 dts:763.902 pts:763.902 dur:41.700ms, clock:758.001 level:100
2026-07-04 09:32:43.412 T:1307 debug : CVideoPlayerVideo::OutputPicture - ttd:645ms pts:758.655 Clock:758.009 Level:11
2026-07-04 09:32:43.430 T:1305 debug : CVideoPlayer::ProcessPacket packet from enhancement layer: size:21064 dts:763.902 pts:763.902 dur:41.700ms
2026-07-04 09:32:43.438 T:1308 debug : CDVDClock::ErrorAdjust - CVideoPlayerAudio::OutputPacket - error:68739.698211, adjusted:41708.333333
2026-07-04 09:32:43.448 T:1307 debug : CVideoPlayerVideo::OutputPicture - ttd:609ms pts:758.696 Clock:758.086 Level:12
2026-07-04 09:32:43.490 T:1307 debug : CVideoPlayerVideo::OutputPicture - ttd:609ms pts:758.738 Clock:758.129 Level:11
2026-07-04 09:32:43.501 T:1305 debug : CVideoPlayer::ProcessVideoData size:290362 dts:763.944 pts:763.944 dur:41.700ms, clock:758.140 level:100
2026-07-04 09:32:43.537 T:1307 debug : CVideoPlayerVideo::OutputPicture - ttd:604ms pts:758.780 Clock:758.176 Level:11
2026-07-04 09:32:43.574 T:1307 debug : CVideoPlayerVideo::OutputPicture - ttd:609ms pts:758.822 Clock:758.212 Level:11
2026-07-04 09:32:43.586 T:1305 debug : CVideoPlayer::ProcessPacket packet from enhancement layer: size:21136 dts:763.944 pts:763.944 dur:41.700ms
2026-07-04 09:32:43.616 T:1307 debug : CVideoPlayerVideo::OutputPicture - ttd:608ms pts:758.863 Clock:758.255 Level:11
2026-07-04 09:32:43.623 T:1305 debug : CVideoPlayer::ProcessVideoData size:764339 dts:763.986 pts:764.111 dur:41.700ms, clock:758.262 level:100
2026-07-04 09:32:43.641 T:1305 debug : CVideoPlayer::ProcessPacket packet from enhancement layer: size:49052 dts:763.986 pts:764.111 dur:41.700ms
2026-07-04 09:32:43.663 T:1305 debug : CVideoPlayer::ProcessVideoData size:281936 dts:764.027 pts:764.027 dur:41.700ms, clock:758.301 level:100
2026-07-04 09:32:43.663 T:1305 debug : CVideoPlayer::ProcessPacket packet from enhancement layer: size:20761 dts:764.027 pts:764.027 dur:41.700ms
2026-07-04 09:32:43.668 T:1307 debug : CVideoPlayerVideo::OutputPicture - ttd:598ms pts:758.905 Clock:758.306 Level:11
2026-07-04 09:32:43.694 T:1305 debug : CVideoPlayer::ProcessVideoData size:281871 dts:764.069 pts:764.069 dur:41.700ms, clock:758.333 level:100
2026-07-04 09:32:43.699 T:1307 debug : CVideoPlayerVideo::OutputPicture - ttd:608ms pts:758.947 Clock:758.338 Level:11
2026-07-04 09:32:43.740 T:1307 debug : CVideoPlayerVideo::OutputPicture - ttd:609ms pts:758.988 Clock:758.379 Level:10
2026-07-04 09:32:43.787 T:1307 debug : CVideoPlayerVideo::OutputPicture - ttd:604ms pts:759.030 Clock:758.426 Level:10
2026-07-04 09:32:43.798 T:1305 debug : CVideoPlayer::ProcessVideoData size:753720 dts:764.111 pts:764.236 dur:41.700ms, clock:758.436 level:100
2026-07-04 09:32:43.799 T:1305 debug : CVideoPlayer::ProcessPacket packet from enhancement layer: size:20772 dts:764.069 pts:764.069 dur:41.700ms
2026-07-04 09:32:43.799 T:1305 debug : CVideoPlayer::ProcessPacket packet from enhancement layer: size:73738 dts:764.111 pts:764.236 dur:41.700ms
2026-07-04 09:32:43.800 T:1307 debug : CVideoPlayerVideo::OutputPicture - ttd:633ms pts:759.072 Clock:758.439 Level:11
2026-07-04 09:32:43.815 T:1305 debug : CVideoPlayer::ProcessVideoData size:275937 dts:764.152 pts:764.152 dur:41.700ms, clock:758.454 level:100
2026-07-04 09:32:43.821 T:1307 debug : CVideoPlayerVideo::OutputPicture - ttd:653ms pts:759.114 Clock:758.460 Level:11
2026-07-04 09:32:43.829 T:1305 debug : CVideoPlayer::ProcessPacket packet from enhancement layer: size:20718 dts:764.152 pts:764.152 dur:41.700ms
2026-07-04 09:32:43.849 T:1305 debug : CVideoPlayer::ProcessVideoData size:279343 dts:764.194 pts:764.194 dur:41.700ms, clock:758.488 level:100
2026-07-04 09:32:43.868 T:1307 debug : CVideoPlayerVideo::OutputPicture - ttd:648ms pts:759.155 Clock:758.507 Level:11
2026-07-04 09:32:43.908 T:1307 debug : CVideoPlayerVideo::OutputPicture - ttd:650ms pts:759.197 Clock:758.547 Level:11
2026-07-04 09:32:43.913 T:1305 debug : CVideoPlayer::ProcessPacket packet from enhancement layer: size:20836 dts:764.194 pts:764.194 dur:41.700ms
2026-07-04 09:32:43.948 T:1307 debug : CVideoPlayerVideo::OutputPicture - ttd:652ms pts:759.239 Clock:758.586 Level:11
2026-07-04 09:32:43.956 T:1305 debug : CVideoPlayer::ProcessVideoData size:738829 dts:764.236 pts:764.361 dur:41.700ms, clock:758.595 level:100
2026-07-04 09:32:43.994 T:1307 debug : CVideoPlayerVideo::OutputPicture - ttd:647ms pts:759.280 Clock:758.633 Level:11
2026-07-04 09:32:44.034 T:1307 debug : CVideoPlayerVideo::OutputPicture - ttd:649ms pts:759.322 Clock:758.673 Level:11
2026-07-04 09:32:44.036 T:1305 debug : CVideoPlayer::ProcessPacket packet from enhancement layer: size:46633 dts:764.236 pts:764.361 dur:41.700ms
2026-07-04 09:32:44.075 T:1307 debug : CVideoPlayerVideo::OutputPicture - ttd:650ms pts:759.364 Clock:758.714 Level:11
2026-07-04 09:32:44.120 T:1307 debug : CVideoPlayerVideo::OutputPicture - ttd:646ms pts:759.406 Clock:758.759 Level:11
2026-07-04 09:32:44.157 T:1307 debug : CVideoPlayerVideo::OutputPicture - ttd:651ms pts:759.447 Clock:758.796 Level:11
2026-07-04 09:32:44.200 T:1307 debug : CVideoPlayerVideo::OutputPicture - ttd:650ms pts:759.489 Clock:758.839 Level:11
2026-07-04 09:32:44.243 T:1307 debug : CVideoPlayerVideo::OutputPicture - ttd:649ms pts:759.531 Clock:758.882 Level:11
2026-07-04 09:32:44.282 T:1307 debug : CVideoPlayerVideo::OutputPicture - ttd:651ms pts:759.572 Clock:758.921 Level:11
2026-07-04 09:32:44.283 T:1305 debug : CVideoPlayer::ProcessVideoData size:275125 dts:764.277 pts:764.277 dur:41.700ms, clock:758.921 level:100
2026-07-04 09:32:44.283 T:1305 debug : CVideoPlayer::ProcessPacket packet from enhancement layer: size:20686 dts:764.277 pts:764.277 dur:41.700ms
2026-07-04 09:32:44.326 T:1307 debug : CVideoPlayerVideo::OutputPicture - ttd:649ms pts:759.614 Clock:758.964 Level:11
2026-07-04 09:32:44.330 T:1305 debug : CVideoPlayer::ProcessVideoData size:273030 dts:764.319 pts:764.319 dur:41.700ms, clock:758.969 level:100
2026-07-04 09:32:44.370 T:1307 debug : CVideoPlayerVideo::OutputPicture - ttd:647ms pts:759.656 Clock:759.009 Level:11
2026-07-04 09:32:44.407 T:1307 debug : CVideoPlayerVideo::OutputPicture - ttd:651ms pts:759.698 Clock:759.046 Level:12
2026-07-04 09:32:44.417 T:1305 debug : CVideoPlayer::ProcessVideoData size:733726 dts:764.361 pts:764.486 dur:41.700ms, clock:759.056 level:100
2026-07-04 09:32:44.418 T:1305 debug : CVideoPlayer::ProcessPacket packet from enhancement layer: size:20829 dts:764.319 pts:764.319 dur:41.700ms
2026-07-04 09:32:44.418 T:1305 debug : CVideoPlayer::ProcessPacket packet from enhancement layer: size:71903 dts:764.361 pts:764.486 dur:41.700ms
2026-07-04 09:32:44.448 T:1305 debug : CVideoPlayer::ProcessVideoData size:269470 dts:764.403 pts:764.403 dur:41.700ms, clock:759.087 level:100
2026-07-04 09:32:44.448 T:1305 debug : CVideoPlayer::ProcessPacket packet from enhancement layer: size:20882 dts:764.403 pts:764.403 dur:41.700ms
2026-07-04 09:32:44.449 T:1307 debug : CVideoPlayerVideo::OutputPicture - ttd:651ms pts:759.739 Clock:759.088 Level:11
2026-07-04 09:32:44.462 T:1308 debug : CDVDClock::ErrorAdjust - CVideoPlayerAudio::OutputPacket - error:55708.344292, adjusted:41708.333333
2026-07-04 09:32:44.478 T:1305 debug : CVideoPlayer::ProcessVideoData size:267923 dts:764.444 pts:764.444 dur:41.700ms, clock:759.158 level:100
2026-07-04 09:32:44.499 T:1307 debug : CVideoPlayerVideo::OutputPicture - ttd:601ms pts:759.781 Clock:759.180 Level:10
2026-07-04 09:32:44.536 T:1307 debug : CVideoPlayerVideo::OutputPicture - ttd:606ms pts:759.823 Clock:759.216 Level:10
2026-07-04 09:32:44.550 T:1307 debug : CVideoPlayerVideo::OutputPicture - ttd:634ms pts:759.864 Clock:759.230 Level:11
2026-07-04 09:32:44.579 T:1307 debug : CVideoPlayerVideo::OutputPicture - ttd:646ms pts:759.906 Clock:759.260 Level:11
2026-07-04 09:32:44.602 T:1305 debug : CVideoPlayer::ProcessVideoData size:993927 dts:764.486 pts:764.611 dur:41.700ms, clock:759.282 level:100
2026-07-04 09:32:44.614 T:1307 debug : CVideoPlayerVideo::OutputPicture - ttd:652ms pts:759.948 Clock:759.295 Level:12
2026-07-04 09:32:44.626 T:1305 debug : CVideoPlayer::ProcessPacket packet from enhancement layer: size:21428 dts:764.444 pts:764.444 dur:41.700ms
2026-07-04 09:32:44.627 T:1305 debug : CVideoPlayer::ProcessPacket packet from enhancement layer: size:200195 dts:764.486 pts:764.611 dur:41.700ms
2026-07-04 09:32:44.657 T:1307 debug : CVideoPlayerVideo::OutputPicture - ttd:651ms pts:759.990 Clock:759.338 Level:12
2026-07-04 09:32:44.674 T:1305 debug : CVideoPlayer::ProcessVideoData size:274509 dts:764.528 pts:764.528 dur:41.700ms, clock:759.354 level:100
2026-07-04 09:32:44.674 T:1305 debug : CVideoPlayer::ProcessPacket packet from enhancement layer: size:20810 dts:764.528 pts:764.528 dur:41.700ms
2026-07-04 09:32:44.704 T:1307 debug : CVideoPlayerVideo::OutputPicture - ttd:646ms pts:760.031 Clock:759.384 Level:11
2026-07-04 09:32:44.743 T:1307 debug : CVideoPlayerVideo::OutputPicture - ttd:649ms pts:760.073 Clock:759.423 Level:12
2026-07-04 09:32:44.759 T:1305 debug : CVideoPlayer::ProcessVideoData size:251356 dts:764.569 pts:764.569 dur:41.700ms, clock:759.439 level:100
2026-07-04 09:32:44.781 T:1307 debug : CVideoPlayerVideo::OutputPicture - ttd:652ms pts:760.115 Clock:759.462 Level:12
2026-07-04 09:32:44.829 T:1307 debug : CVideoPlayerVideo::OutputPicture - ttd:647ms pts:760.156 Clock:759.509 Level:11
2026-07-04 09:32:44.866 T:1307 debug : CVideoPlayerVideo::OutputPicture - ttd:651ms pts:760.198 Clock:759.546 Level:12
2026-07-04 09:32:44.908 T:1307 debug : CVideoPlayerVideo::OutputPicture - ttd:651ms pts:760.240 Clock:759.588 Level:11
2026-07-04 09:32:44.954 T:1307 debug : CVideoPlayerVideo::OutputPicture - ttd:647ms pts:760.281 Clock:759.634 Level:11
2026-07-04 09:32:44.993 T:1307 debug : CVideoPlayerVideo::OutputPicture - ttd:649ms pts:760.323 Clock:759.674 Level:11
2026-07-04 09:32:45.031 T:1307 debug : CVideoPlayerVideo::OutputPicture - ttd:653ms pts:760.365 Clock:759.712 Level:11
2026-07-04 09:32:45.079 T:1307 debug : CVideoPlayerVideo::OutputPicture - ttd:647ms pts:760.407 Clock:759.760 Level:11
2026-07-04 09:32:45.106 T:1305 debug : CVideoPlayer::ProcessPacket packet from enhancement layer: size:23139 dts:764.569 pts:764.569 dur:41.700ms
2026-07-04 09:32:45.119 T:1307 debug : CVideoPlayerVideo::OutputPicture - ttd:648ms pts:760.448 Clock:759.799 Level:11
2026-07-04 09:32:45.136 T:1305 debug : CVideoPlayer::ProcessVideoData size:710448 dts:764.611 pts:764.736 dur:41.700ms, clock:759.816 level:100
2026-07-04 09:32:45.157 T:1307 debug : CVideoPlayerVideo::OutputPicture - ttd:652ms pts:760.490 Clock:759.838 Level:11
2026-07-04 09:32:45.168 T:1305 debug : CVideoPlayer::ProcessPacket packet from enhancement layer: size:47697 dts:764.611 pts:764.736 dur:41.700ms
2026-07-04 09:32:45.205 T:1307 debug : CVideoPlayerVideo::OutputPicture - ttd:646ms pts:760.532 Clock:759.885 Level:11
2026-07-04 09:32:45.241 T:1307 debug : CVideoPlayerVideo::OutputPicture - ttd:651ms pts:760.573 Clock:759.922 Level:12
2026-07-04 09:32:45.264 T:1305 debug : CVideoPlayer::ProcessVideoData size:260487 dts:764.653 pts:764.653 dur:41.700ms, clock:759.944 level:100
2026-07-04 09:32:45.265 T:1305 debug : CVideoPlayer::ProcessPacket packet from enhancement layer: size:20869 dts:764.653 pts:764.653 dur:41.700ms
2026-07-04 09:32:45.283 T:1307 debug : CVideoPlayerVideo::OutputPicture - ttd:651ms pts:760.615 Clock:759.964 Level:11
2026-07-04 09:32:45.294 T:1305 debug : CVideoPlayer::ProcessVideoData size:268804 dts:764.695 pts:764.695 dur:41.700ms, clock:759.975 level:100
2026-07-04 09:32:45.336 T:1307 debug : CVideoPlayerVideo::OutputPicture - ttd:640ms pts:760.657 Clock:760.016 Level:11
2026-07-04 09:32:45.369 T:1307 debug : CVideoPlayerVideo::OutputPicture - ttd:649ms pts:760.699 Clock:760.049 Level:11
2026-07-04 09:32:45.408 T:1307 debug : CVideoPlayerVideo::OutputPicture - ttd:651ms pts:760.740 Clock:760.089 Level:11
2026-07-04 09:32:45.458 T:1307 debug : CVideoPlayerVideo::OutputPicture - ttd:643ms pts:760.782 Clock:760.138 Level:11
2026-07-04 09:32:45.490 T:1307 debug : CVideoPlayerVideo::OutputPicture - ttd:653ms pts:760.824 Clock:760.171 Level:11
2026-07-04 09:32:45.531 T:1307 debug : CVideoPlayerVideo::OutputPicture - ttd:654ms pts:760.865 Clock:760.211 Level:11
2026-07-04 09:32:45.582 T:1307 debug : CVideoPlayerVideo::OutputPicture - ttd:644ms pts:760.907 Clock:760.263 Level:11
2026-07-04 09:32:45.609 T:1305 debug : CVideoPlayer::ProcessPacket packet from enhancement layer: size:21650 dts:764.695 pts:764.695 dur:41.700ms
2026-07-04 09:32:45.618 T:1307 debug : CVideoPlayerVideo::OutputPicture - ttd:650ms pts:760.949 Clock:760.299 Level:11
2026-07-04 09:32:45.657 T:1307 debug : CVideoPlayerVideo::OutputPicture - ttd:652ms pts:760.991 Clock:760.338 Level:11
2026-07-04 09:32:45.658 T:1305 debug : CVideoPlayer::ProcessVideoData size:718948 dts:764.736 pts:764.861 dur:41.700ms, clock:760.338 level:100
2026-07-04 09:32:45.658 T:1305 debug : CVideoPlayer::ProcessPacket packet from enhancement layer: size:49292 dts:764.736 pts:764.861 dur:41.700ms
2026-07-04 09:32:45.680 T:1305 debug : CVideoPlayer::ProcessVideoData size:254417 dts:764.778 pts:764.778 dur:41.700ms, clock:760.361 level:100
2026-07-04 09:32:45.681 T:1305 debug : CVideoPlayer::ProcessPacket packet from enhancement layer: size:21014 dts:764.778 pts:764.778 dur:41.700ms
2026-07-04 09:32:45.706 T:1307 debug : CVideoPlayerVideo::OutputPicture - ttd:645ms pts:761.032 Clock:760.387 Level:11
2026-07-04 09:32:45.709 T:1305 debug : CVideoPlayer::ProcessVideoData size:255486 dts:764.820 pts:764.820 dur:41.700ms, clock:760.390 level:100
2026-07-04 09:32:45.743 T:1307 debug : CVideoPlayerVideo::OutputPicture - ttd:650ms pts:761.074 Clock:760.424 Level:11
2026-07-04 09:32:45.782 T:1307 debug : CVideoPlayerVideo::OutputPicture - ttd:653ms pts:761.116 Clock:760.462 Level:11
2026-07-04 09:32:45.815 T:1305 debug : CVideoPlayer::ProcessVideoData size:759423 dts:764.861 pts:764.987 dur:41.700ms, clock:760.495 level:100
2026-07-04 09:32:45.815 T:1305 debug : CVideoPlayer::ProcessPacket packet from enhancement layer: size:21359 dts:764.820 pts:764.820 dur:41.700ms
2026-07-04 09:32:45.816 T:1305 debug : CVideoPlayer::ProcessPacket packet from enhancement layer: size:72250 dts:764.861 pts:764.987 dur:41.700ms
2026-07-04 09:32:45.830 T:1307 debug : CVideoPlayerVideo::OutputPicture - ttd:647ms pts:761.157 Clock:760.510 Level:11
2026-07-04 09:32:45.844 T:1305 debug : CVideoPlayer::ProcessVideoData size:242818 dts:764.903 pts:764.903 dur:41.700ms, clock:760.525 level:100
2026-07-04 09:32:45.866 T:1307 debug : CVideoPlayerVideo::OutputPicture - ttd:652ms pts:761.199 Clock:760.546 Level:11
2026-07-04 09:32:45.889 T:1305 debug : CVideoPlayer::ProcessPacket packet from enhancement layer: size:24124 dts:764.903 pts:764.903 dur:41.700ms
2026-07-04 09:32:45.908 T:1307 debug : CVideoPlayerVideo::OutputPicture - ttd:652ms pts:761.241 Clock:760.589 Level:11
2026-07-04 09:32:45.956 T:1307 debug : CVideoPlayerVideo::OutputPicture - ttd:645ms pts:761.283 Clock:760.637 Level:11
2026-07-04 09:32:45.991 T:1307 debug : CVideoPlayerVideo::OutputPicture - ttd:652ms pts:761.324 Clock:760.672 Level:11
2026-07-04 09:32:45.998 T:1305 debug : CVideoPlayer::ProcessVideoData size:263947 dts:764.945 pts:764.945 dur:41.700ms, clock:760.679 level:100
2026-07-04 09:32:46.034 T:1307 debug : CVideoPlayerVideo::OutputPicture - ttd:651ms pts:761.366 Clock:760.714 Level:11
2026-07-04 09:32:46.081 T:1307 debug : CVideoPlayerVideo::OutputPicture - ttd:645ms pts:761.408 Clock:760.762 Level:11
2026-07-04 09:32:46.095 T:1305 debug : CVideoPlayer::ProcessPacket packet from enhancement layer: size:21432 dts:764.945 pts:764.945 dur:41.700ms
2026-07-04 09:32:46.118 T:1307 debug : CVideoPlayerVideo::OutputPicture - ttd:650ms pts:761.449 Clock:760.799 Level:11
2026-07-04 09:32:46.141 T:1305 debug : CVideoPlayer::ProcessVideoData size:683575 dts:764.987 pts:765.112 dur:41.700ms, clock:760.822 level:100
2026-07-04 09:32:46.141 T:1305 debug : CVideoPlayer::ProcessPacket packet from enhancement layer: size:48788 dts:764.987 pts:765.112 dur:41.700ms
2026-07-04 09:32:46.160 T:1307 debug : CVideoPlayerVideo::OutputPicture - ttd:650ms pts:761.491 Clock:760.840 Level:11
2026-07-04 09:32:46.208 T:1307 debug : CVideoPlayerVideo::OutputPicture - ttd:643ms pts:761.533 Clock:760.889 Level:11
2026-07-04 09:32:46.211 T:1305 debug : CVideoPlayer::ProcessVideoData size:277002 dts:765.028 pts:765.028 dur:41.700ms, clock:760.892 level:100
2026-07-04 09:32:46.212 T:1305 debug : CVideoPlayer::ProcessPacket packet from enhancement layer: size:21631 dts:765.028 pts:765.028 dur:41.700ms
2026-07-04 09:32:46.230 T:1305 debug : CVideoPlayer::ProcessVideoData size:260968 dts:765.070 pts:765.070 dur:41.700ms, clock:760.911 level:100
2026-07-04 09:32:46.245 T:1307 debug : CVideoPlayerVideo::OutputPicture - ttd:649ms pts:761.575 Clock:760.925 Level:11
2026-07-04 09:32:46.268 T:1305 debug : CVideoPlayer::ProcessPacket packet from enhancement layer: size:24382 dts:765.070 pts:765.070 dur:41.700ms
2026-07-04 09:32:46.285 T:1307 debug : CVideoPlayerVideo::OutputPicture - ttd:650ms pts:761.616 Clock:760.966 Level:11
2026-07-04 09:32:46.288 T:1305 debug : CVideoPlayer::ProcessVideoData size:678288 dts:765.112 pts:765.237 dur:41.700ms, clock:760.969 level:100
2026-07-04 09:32:46.289 T:1305 debug : CVideoPlayer::ProcessPacket packet from enhancement layer: size:48450 dts:765.112 pts:765.237 dur:41.700ms
2026-07-04 09:32:46.314 T:1305 debug : CVideoPlayer::ProcessVideoData size:279101 dts:765.153 pts:765.153 dur:41.700ms, clock:760.994 level:100
2026-07-04 09:32:46.333 T:1307 debug : CVideoPlayerVideo::OutputPicture - ttd:644ms pts:761.658 Clock:761.014 Level:11
2026-07-04 09:32:46.339 T:1305 debug : CVideoPlayer::ProcessPacket packet from enhancement layer: size:21512 dts:765.153 pts:765.153 dur:41.700ms
2026-07-04 09:32:46.367 T:1307 debug : CVideoPlayerVideo::OutputPicture - ttd:651ms pts:761.700 Clock:761.048 Level:11
2026-07-04 09:32:46.381 T:1305 debug : CVideoPlayer::ProcessVideoData size:263497 dts:765.195 pts:765.195 dur:41.700ms, clock:761.061 level:100
2026-07-04 09:32:46.407 T:1307 debug : CVideoPlayerVideo::OutputPicture - ttd:653ms pts:761.741 Clock:761.088 Level:11
2026-07-04 09:32:46.428 T:1305 debug : CVideoPlayer::ProcessPacket packet from enhancement layer: size:23619 dts:765.195 pts:765.195 dur:41.700ms
2026-07-04 09:32:46.455 T:1305 debug : CVideoPlayer::ProcessVideoData size:684334 dts:765.237 pts:765.362 dur:41.700ms, clock:761.136 level:100
2026-07-04 09:32:46.457 T:1305 debug : CVideoPlayer::ProcessPacket packet from enhancement layer: size:48513 dts:765.237 pts:765.362 dur:41.700ms
2026-07-04 09:32:46.459 T:1307 debug : CVideoPlayerVideo::OutputPicture - ttd:643ms pts:761.783 Clock:761.140 Level:11
2026-07-04 09:32:46.486 T:1305 debug : CVideoPlayer::ProcessVideoData size:252580 dts:765.278 pts:765.278 dur:41.700ms, clock:761.167 level:100
2026-07-04 09:32:46.491 T:1307 debug : CVideoPlayerVideo::OutputPicture - ttd:652ms pts:761.825 Clock:761.172 Level:11
2026-07-04 09:32:46.517 T:1305 debug : CVideoPlayer::ProcessPacket packet from enhancement layer: size:23195 dts:765.278 pts:765.278 dur:41.700ms
2026-07-04 09:32:46.534 T:1307 debug : CVideoPlayerVideo::OutputPicture - ttd:651ms pts:761.867 Clock:761.215 Level:12
2026-07-04 09:32:46.569 T:1305 debug : CVideoPlayer::ProcessVideoData size:275457 dts:765.320 pts:765.320 dur:41.700ms, clock:761.250 level:100
2026-07-04 09:32:46.582 T:1307 debug : CVideoPlayerVideo::OutputPicture - ttd:645ms pts:761.908 Clock:761.262 Level:11
2026-07-04 09:32:46.618 T:1307 debug : CVideoPlayerVideo::OutputPicture - ttd:651ms pts:761.950 Clock:761.299 Level:11
2026-07-04 09:32:46.657 T:1307 debug : CVideoPlayerVideo::OutputPicture - ttd:653ms pts:761.992 Clock:761.338 Level:11
2026-07-04 09:32:46.687 T:1305 debug : CVideoPlayer::ProcessPacket packet from enhancement layer: size:21151 dts:765.320 pts:765.320 dur:41.700ms
2026-07-04 09:32:46.708 T:1307 debug : CVideoPlayerVideo::OutputPicture - ttd:644ms pts:762.033 Clock:761.389 Level:11
2026-07-04 09:32:46.710 T:1305 debug : CVideoPlayer::ProcessVideoData size:1067996 dts:765.362 pts:765.487 dur:41.700ms, clock:761.390 level:100
2026-07-04 09:32:46.727 T:1305 debug : CVideoPlayer::ProcessPacket packet from enhancement layer: size:207037 dts:765.362 pts:765.487 dur:41.700ms
2026-07-04 09:32:46.743 T:1307 debug : CVideoPlayerVideo::OutputPicture - ttd:651ms pts:762.075 Clock:761.424 Level:11
2026-07-04 09:32:46.766 T:1305 debug : CVideoPlayer::ProcessVideoData size:254250 dts:765.404 pts:765.404 dur:41.700ms, clock:761.447 level:100
2026-07-04 09:32:46.767 T:1305 debug : CVideoPlayer::ProcessPacket packet from enhancement layer: size:22433 dts:765.404 pts:765.404 dur:41.700ms
2026-07-04 09:32:46.785 T:1307 debug : CVideoPlayerVideo::OutputPicture - ttd:651ms pts:762.117 Clock:761.466 Level:11
2026-07-04 09:32:46.804 T:1305 debug : CVideoPlayer::ProcessVideoData size:274364 dts:765.445 pts:765.445 dur:41.700ms, clock:761.485 level:100
