2026-07-04 09:32:56.136 T:1305 debug : CVideoPlayer::ProcessPacket packet from enhancement layer: size:28837 dts:770.075 pts:770.075 dur:41.700ms
2026-07-04 09:32:56.168 T:1305 debug : CVideoPlayer::ProcessVideoData size:731719 dts:770.117 pts:770.242 dur:41.700ms, clock:767.447 level:100
2026-07-04 09:32:56.223 T:1305 debug : CVideoPlayer::ProcessPacket packet from enhancement layer: size:42645 dts:770.117 pts:770.242 dur:41.700ms
2026-07-04 09:32:56.267 T:1305 debug : CVideoPlayer::ProcessVideoData size:228389 dts:770.158 pts:770.158 dur:41.700ms, clock:767.447 level:100
2026-07-04 09:32:56.268 T:1305 debug : CVideoPlayer::ProcessPacket packet from enhancement layer: size:28284 dts:770.158 pts:770.158 dur:41.700ms
2026-07-04 09:32:56.292 T:1305 debug : CVideoPlayer::ProcessVideoData size:238850 dts:770.200 pts:770.200 dur:41.700ms, clock:767.447 level:100
2026-07-04 09:32:56.399 T:1305 debug : CVideoPlayer::ProcessPacket packet from enhancement layer: size:28279 dts:770.200 pts:770.200 dur:41.700ms
2026-07-04 09:32:56.545 T:1305 debug : CVideoPlayer::ProcessVideoData size:735635 dts:770.242 pts:770.367 dur:41.700ms, clock:767.447 level:100
2026-07-04 09:32:56.684 T:1305 debug : CVideoPlayer::ProcessPacket packet from enhancement layer: size:40283 dts:770.242 pts:770.367 dur:41.700ms
2026-07-04 09:32:56.742 T:1305 debug : CVideoPlayer::ProcessVideoData size:252220 dts:770.283 pts:770.283 dur:41.700ms, clock:767.447 level:100
2026-07-04 09:32:56.743 T:1305 debug : CVideoPlayer::ProcessPacket packet from enhancement layer: size:28531 dts:770.283 pts:770.283 dur:41.700ms
2026-07-04 09:32:56.772 T:1305 debug : CVideoPlayer::ProcessVideoData size:236905 dts:770.325 pts:770.325 dur:41.700ms, clock:767.447 level:100
2026-07-04 09:32:56.836 T:1305 debug : CVideoPlayer::ProcessPacket packet from enhancement layer: size:28023 dts:770.325 pts:770.325 dur:41.700ms
2026-07-04 09:32:56.863 T:1305 debug : CVideoPlayer::ProcessVideoData size:738855 dts:770.367 pts:770.492 dur:41.700ms, clock:767.447 level:100
2026-07-04 09:32:56.887 T:1305 debug : CVideoPlayer::ProcessPacket packet from enhancement layer: size:38628 dts:770.367 pts:770.492 dur:41.700ms
2026-07-04 09:32:56.925 T:1305 debug : CVideoPlayer::ProcessVideoData size:241098 dts:770.409 pts:770.409 dur:41.700ms, clock:767.447 level:100
2026-07-04 09:32:56.926 T:1305 debug : CVideoPlayer::ProcessPacket packet from enhancement layer: size:28244 dts:770.409 pts:770.409 dur:41.700ms
2026-07-04 09:32:56.958 T:1305 debug : CVideoPlayer::ProcessVideoData size:234775 dts:770.450 pts:770.450 dur:41.700ms, clock:767.447 level:100
2026-07-04 09:32:57.166 T:1305 debug : CVideoPlayer::ProcessPacket packet from enhancement layer: size:27675 dts:770.450 pts:770.450 dur:41.700ms
2026-07-04 09:32:57.432 T:1305 debug : CVideoPlayer::ProcessVideoData size:753769 dts:770.492 pts:770.617 dur:41.700ms, clock:767.447 level:100
2026-07-04 09:32:57.446 T:1305 debug : CVideoPlayer::ProcessPacket packet from enhancement layer: size:37551 dts:770.492 pts:770.617 dur:41.700ms
2026-07-04 09:32:57.469 T:1305 debug : CVideoPlayer::ProcessVideoData size:232314 dts:770.534 pts:770.534 dur:41.700ms, clock:767.447 level:100
2026-07-04 09:32:57.470 T:1305 debug : CVideoPlayer::ProcessPacket packet from enhancement layer: size:27567 dts:770.534 pts:770.534 dur:41.700ms
2026-07-04 09:32:57.500 T:1305 debug : CVideoPlayer::ProcessVideoData size:233131 dts:770.575 pts:770.575 dur:41.700ms, clock:767.447 level:100
2026-07-04 09:32:57.671 T:1305 debug : CVideoPlayer::ProcessVideoData size:1303715 dts:770.617 pts:770.742 dur:41.700ms, clock:767.447 level:100
2026-07-04 09:32:57.673 T:1305 debug : CVideoPlayer::ProcessPacket packet from enhancement layer: size:27443 dts:770.575 pts:770.575 dur:41.700ms
2026-07-04 09:32:57.674 T:1305 debug : CVideoPlayer::ProcessPacket packet from enhancement layer: size:128960 dts:770.617 pts:770.742 dur:41.700ms
2026-07-04 09:32:57.695 T:1305 debug : CVideoPlayer::ProcessVideoData size:233136 dts:770.659 pts:770.659 dur:41.700ms, clock:767.447 level:100
2026-07-04 09:32:57.716 T:1305 debug : CVideoPlayer::ProcessPacket packet from enhancement layer: size:23809 dts:770.659 pts:770.659 dur:41.700ms
2026-07-04 09:32:57.751 T:1305 debug : CVideoPlayer::ProcessVideoData size:233275 dts:770.701 pts:770.701 dur:41.700ms, clock:767.447 level:100
2026-07-04 09:32:57.809 T:1305 debug : CVideoPlayer::ProcessPacket packet from enhancement layer: size:23933 dts:770.701 pts:770.701 dur:41.700ms
2026-07-04 09:32:57.829 T:1305 debug : CVideoPlayer::ProcessVideoData size:770969 dts:770.742 pts:770.867 dur:41.700ms, clock:767.447 level:100
2026-07-04 09:32:57.829 T:1305 debug : CVideoPlayer::ProcessPacket packet from enhancement layer: size:63364 dts:770.742 pts:770.867 dur:41.700ms
2026-07-04 09:32:57.901 T:1305 debug : CVideoPlayer::ProcessVideoData size:230347 dts:770.784 pts:770.784 dur:41.700ms, clock:767.447 level:100
2026-07-04 09:32:57.903 T:1305 debug : CVideoPlayer::ProcessPacket packet from enhancement layer: size:27886 dts:770.784 pts:770.784 dur:41.700ms
2026-07-04 09:32:57.936 T:1305 debug : CVideoPlayer::ProcessVideoData size:227619 dts:770.826 pts:770.826 dur:41.700ms, clock:767.447 level:100
2026-07-04 09:32:58.211 T:1305 debug : CVideoPlayer::ProcessPacket packet from enhancement layer: size:28177 dts:770.826 pts:770.826 dur:41.700ms
2026-07-04 09:32:58.244 T:1305 debug : CVideoPlayer::ProcessVideoData size:764400 dts:770.867 pts:770.993 dur:41.700ms, clock:767.447 level:100
2026-07-04 09:32:58.245 T:1305 debug : CVideoPlayer::ProcessPacket packet from enhancement layer: size:42281 dts:770.867 pts:770.993 dur:41.700ms
2026-07-04 09:32:58.275 T:1305 debug : CVideoPlayer::ProcessVideoData size:222117 dts:770.909 pts:770.909 dur:41.700ms, clock:767.447 level:100
2026-07-04 09:32:58.275 T:1305 debug : CVideoPlayer::ProcessPacket packet from enhancement layer: size:29441 dts:770.909 pts:770.909 dur:41.700ms
2026-07-04 09:32:58.313 T:1305 debug : CVideoPlayer::ProcessVideoData size:219256 dts:770.951 pts:770.951 dur:41.700ms, clock:767.447 level:100
2026-07-04 09:32:58.383 T:1305 debug : CVideoPlayer::ProcessPacket packet from enhancement layer: size:28747 dts:770.951 pts:770.951 dur:41.700ms
2026-07-04 09:32:58.410 T:1305 debug : CVideoPlayer::ProcessVideoData size:787265 dts:770.993 pts:771.118 dur:41.700ms, clock:767.447 level:100
2026-07-04 09:32:58.411 T:1305 debug : CVideoPlayer::ProcessPacket packet from enhancement layer: size:37805 dts:770.993 pts:771.118 dur:41.700ms
2026-07-04 09:32:58.651 T:1305 debug : CVideoPlayer::ProcessVideoData size:217182 dts:771.034 pts:771.034 dur:41.700ms, clock:767.447 level:100
2026-07-04 09:32:58.653 T:1305 debug : CVideoPlayer::ProcessPacket packet from enhancement layer: size:28559 dts:771.034 pts:771.034 dur:41.700ms
2026-07-04 09:32:58.694 T:1305 debug : CVideoPlayer::ProcessVideoData size:219157 dts:771.076 pts:771.076 dur:41.700ms, clock:767.447 level:100
2026-07-04 09:32:58.782 T:1305 debug : CVideoPlayer::ProcessPacket packet from enhancement layer: size:28604 dts:771.076 pts:771.076 dur:41.700ms
2026-07-04 09:32:58.816 T:1305 debug : CVideoPlayer::ProcessVideoData size:752729 dts:771.118 pts:771.243 dur:41.700ms, clock:767.447 level:100
2026-07-04 09:32:58.817 T:1305 debug : CVideoPlayer::ProcessPacket packet from enhancement layer: size:36876 dts:771.118 pts:771.243 dur:41.700ms
2026-07-04 09:32:58.858 T:1305 debug : CVideoPlayer::ProcessVideoData size:221492 dts:771.159 pts:771.159 dur:41.700ms, clock:767.447 level:100
2026-07-04 09:32:58.859 T:1305 debug : CVideoPlayer::ProcessPacket packet from enhancement layer: size:28122 dts:771.159 pts:771.159 dur:41.700ms
2026-07-04 09:32:58.887 T:1305 debug : CVideoPlayer::ProcessVideoData size:212509 dts:771.201 pts:771.201 dur:41.700ms, clock:767.447 level:100
2026-07-04 09:32:59.050 T:1305 debug : CVideoPlayer::ProcessPacket packet from enhancement layer: size:27967 dts:771.201 pts:771.201 dur:41.700ms
2026-07-04 09:32:59.092 T:1305 debug : CVideoPlayer::ProcessVideoData size:773650 dts:771.243 pts:771.368 dur:41.700ms, clock:767.447 level:100
2026-07-04 09:32:59.093 T:1305 debug : CVideoPlayer::ProcessPacket packet from enhancement layer: size:35018 dts:771.243 pts:771.368 dur:41.700ms
2026-07-04 09:32:59.119 T:1305 debug : CVideoPlayer::ProcessVideoData size:214679 dts:771.284 pts:771.284 dur:41.700ms, clock:767.447 level:100
2026-07-04 09:32:59.120 T:1305 debug : CVideoPlayer::ProcessPacket packet from enhancement layer: size:28101 dts:771.284 pts:771.284 dur:41.700ms
2026-07-04 09:32:59.144 T:1305 debug : CVideoPlayer::ProcessVideoData size:214200 dts:771.326 pts:771.326 dur:41.700ms, clock:767.447 level:100
2026-07-04 09:32:59.216 T:1305 debug : CVideoPlayer::ProcessPacket packet from enhancement layer: size:24496 dts:771.326 pts:771.326 dur:41.700ms
2026-07-04 09:32:59.240 T:1305 debug : CVideoPlayer::ProcessVideoData size:743120 dts:771.368 pts:771.493 dur:41.700ms, clock:767.447 level:100
2026-07-04 09:32:59.241 T:1305 debug : CVideoPlayer::ProcessPacket packet from enhancement layer: size:58308 dts:771.368 pts:771.493 dur:41.700ms
2026-07-04 09:32:59.271 T:1305 debug : CVideoPlayer::ProcessVideoData size:215707 dts:771.410 pts:771.410 dur:41.700ms, clock:767.447 level:100
2026-07-04 09:32:59.272 T:1305 debug : CVideoPlayer::ProcessPacket packet from enhancement layer: size:28193 dts:771.410 pts:771.410 dur:41.700ms
2026-07-04 09:32:59.301 T:1305 debug : CVideoPlayer::ProcessVideoData size:206219 dts:771.451 pts:771.451 dur:41.700ms, clock:767.447 level:100
2026-07-04 09:32:59.444 T:1305 debug : CVideoPlayer::ProcessVideoData size:1326455 dts:771.493 pts:771.618 dur:41.700ms, clock:767.447 level:100
2026-07-04 09:32:59.445 T:1305 debug : CVideoPlayer::ProcessPacket packet from enhancement layer: size:27950 dts:771.451 pts:771.451 dur:41.700ms
2026-07-04 09:32:59.467 T:1305 debug : CVideoPlayer::ProcessPacket packet from enhancement layer: size:131571 dts:771.493 pts:771.618 dur:41.700ms
2026-07-04 09:32:59.508 T:1305 debug : CVideoPlayer::ProcessPacket packet from enhancement layer: size:24632 dts:771.535 pts:771.535 dur:41.700ms
2026-07-04 09:32:59.513 T:1305 debug : CVideoPlayer::ProcessVideoData size:206423 dts:771.535 pts:771.535 dur:41.700ms, clock:767.447 level:100
2026-07-04 09:32:59.539 T:1305 debug : CVideoPlayer::ProcessVideoData size:199712 dts:771.576 pts:771.576 dur:41.700ms, clock:767.447 level:100
2026-07-04 09:32:59.587 T:1305 debug : CVideoPlayer::ProcessPacket packet from enhancement layer: size:23798 dts:771.576 pts:771.576 dur:41.700ms
2026-07-04 09:32:59.611 T:1305 debug : CVideoPlayer::ProcessPacket packet from enhancement layer: size:41090 dts:771.618 pts:771.743 dur:41.700ms
2026-07-04 09:32:59.643 T:1305 debug : CVideoPlayer::ProcessVideoData size:739352 dts:771.618 pts:771.743 dur:41.700ms, clock:767.447 level:100
2026-07-04 09:32:59.645 T:1305 debug : CVideoPlayer::ProcessPacket packet from enhancement layer: size:24546 dts:771.660 pts:771.660 dur:41.700ms
2026-07-04 09:32:59.679 T:1305 debug : CVideoPlayer::ProcessVideoData size:200894 dts:771.660 pts:771.660 dur:41.700ms, clock:767.447 level:100
2026-07-04 09:32:59.682 T:1305 debug : CVideoPlayer::ProcessVideoData size:202845 dts:771.702 pts:771.702 dur:41.700ms, clock:767.447 level:100
2026-07-04 09:32:59.768 T:1305 debug : CVideoPlayer::ProcessPacket packet from enhancement layer: size:25129 dts:771.702 pts:771.702 dur:41.700ms
2026-07-04 09:32:59.800 T:1305 debug : CVideoPlayer::ProcessPacket packet from enhancement layer: size:42381 dts:771.743 pts:771.868 dur:41.700ms
2026-07-04 09:32:59.808 T:1305 debug : CVideoPlayer::ProcessVideoData size:737906 dts:771.743 pts:771.868 dur:41.700ms, clock:767.447 level:100
2026-07-04 09:32:59.846 T:1305 debug : CVideoPlayer::ProcessPacket packet from enhancement layer: size:27830 dts:771.785 pts:771.785 dur:41.700ms
2026-07-04 09:32:59.848 T:1305 debug : CVideoPlayer::ProcessVideoData size:202489 dts:771.785 pts:771.785 dur:41.700ms, clock:767.447 level:100
2026-07-04 09:33:00.102 T:1305 debug : CVideoPlayer::ProcessVideoData size:201154 dts:771.827 pts:771.827 dur:41.700ms, clock:767.447 level:100
2026-07-04 09:33:00.171 T:1305 debug : CVideoPlayer::ProcessPacket packet from enhancement layer: size:28602 dts:771.827 pts:771.827 dur:41.700ms
2026-07-04 09:33:00.221 T:1305 debug : CVideoPlayer::ProcessPacket packet from enhancement layer: size:39541 dts:771.868 pts:771.994 dur:41.700ms
2026-07-04 09:33:00.230 T:1305 debug : CVideoPlayer::ProcessVideoData size:750825 dts:771.868 pts:771.994 dur:41.700ms, clock:767.447 level:100
2026-07-04 09:33:00.262 T:1305 debug : CVideoPlayer::ProcessVideoData size:199973 dts:771.910 pts:771.910 dur:41.700ms, clock:767.447 level:100
2026-07-04 09:33:00.263 T:1305 debug : CVideoPlayer::ProcessPacket packet from enhancement layer: size:28020 dts:771.910 pts:771.910 dur:41.700ms
2026-07-04 09:33:00.287 T:1305 debug : CVideoPlayer::ProcessVideoData size:206687 dts:771.952 pts:771.952 dur:41.700ms, clock:767.447 level:100
2026-07-04 09:33:00.579 T:1305 debug : CVideoPlayer::ProcessPacket packet from enhancement layer: size:28429 dts:771.952 pts:771.952 dur:41.700ms
2026-07-04 09:33:00.624 T:1305 debug : CVideoPlayer::ProcessVideoData size:749049 dts:771.994 pts:772.119 dur:41.700ms, clock:767.447 level:100
2026-07-04 09:33:00.650 T:1305 debug : CVideoPlayer::ProcessPacket packet from enhancement layer: size:36830 dts:771.994 pts:772.119 dur:41.700ms
2026-07-04 09:33:00.686 T:1305 debug : CVideoPlayer::ProcessVideoData size:207092 dts:772.035 pts:772.035 dur:41.700ms, clock:767.447 level:100
2026-07-04 09:33:00.687 T:1305 debug : CVideoPlayer::ProcessPacket packet from enhancement layer: size:24280 dts:772.035 pts:772.035 dur:41.700ms
2026-07-04 09:33:00.743 T:1305 debug : CVideoPlayer::ProcessVideoData size:205474 dts:772.077 pts:772.077 dur:41.700ms, clock:767.447 level:100
2026-07-04 09:33:00.793 T:1305 debug : CVideoPlayer::ProcessPacket packet from enhancement layer: size:24287 dts:772.077 pts:772.077 dur:41.700ms
2026-07-04 09:33:00.824 T:1305 debug : CVideoPlayer::ProcessPacket packet from enhancement layer: size:58493 dts:772.119 pts:772.244 dur:41.700ms
2026-07-04 09:33:00.848 T:1305 debug : CVideoPlayer::ProcessVideoData size:734664 dts:772.119 pts:772.244 dur:41.700ms, clock:767.447 level:100
2026-07-04 09:33:00.865 T:1305 debug : CVideoPlayer::ProcessPacket packet from enhancement layer: size:26707 dts:772.160 pts:772.160 dur:41.700ms
2026-07-04 09:33:00.873 T:1305 debug : CVideoPlayer::ProcessVideoData size:203493 dts:772.160 pts:772.160 dur:41.700ms, clock:767.447 level:100
2026-07-04 09:33:00.895 T:1305 debug : CVideoPlayer::ProcessVideoData size:203117 dts:772.202 pts:772.202 dur:41.700ms, clock:767.447 level:100
2026-07-04 09:33:00.951 T:1305 debug : CVideoPlayer::ProcessPacket packet from enhancement layer: size:26520 dts:772.202 pts:772.202 dur:41.700ms
2026-07-04 09:33:00.982 T:1305 debug : CVideoPlayer::ProcessVideoData size:716274 dts:772.244 pts:772.369 dur:41.700ms, clock:767.447 level:100
2026-07-04 09:33:00.983 T:1305 debug : CVideoPlayer::ProcessPacket packet from enhancement layer: size:35728 dts:772.244 pts:772.369 dur:41.700ms
2026-07-04 09:33:01.007 T:1305 debug : CVideoPlayer::ProcessVideoData size:206060 dts:772.285 pts:772.285 dur:41.700ms, clock:767.447 level:100
2026-07-04 09:33:01.008 T:1305 debug : CVideoPlayer::ProcessPacket packet from enhancement layer: size:22733 dts:772.285 pts:772.285 dur:41.700ms
2026-07-04 09:33:01.034 T:1305 debug : CVideoPlayer::ProcessVideoData size:210119 dts:772.327 pts:772.327 dur:41.700ms, clock:767.447 level:100
2026-07-04 09:33:01.227 T:1305 debug : CVideoPlayer::ProcessVideoData size:1178943 dts:772.369 pts:772.494 dur:41.700ms, clock:767.447 level:100
2026-07-04 09:33:01.228 T:1305 debug : CVideoPlayer::ProcessPacket packet from enhancement layer: size:22715 dts:772.327 pts:772.327 dur:41.700ms
2026-07-04 09:33:01.229 T:1305 debug : CVideoPlayer::ProcessPacket packet from enhancement layer: size:140833 dts:772.369 pts:772.494 dur:41.700ms
2026-07-04 09:33:01.257 T:1305 debug : CVideoPlayer::ProcessVideoData size:210193 dts:772.411 pts:772.411 dur:41.700ms, clock:767.447 level:100
2026-07-04 09:33:01.258 T:1305 debug : CVideoPlayer::ProcessPacket packet from enhancement layer: size:21513 dts:772.411 pts:772.411 dur:41.700ms
2026-07-04 09:33:01.288 T:937 debug : TEMP: [framecount] video=6960 ctrls=6960 subs=2132 skip-gui=1123 skip-any=1123
2026-07-04 09:33:01.293 T:1305 debug : CVideoPlayer::ProcessVideoData size:207650 dts:772.452 pts:772.452 dur:41.700ms, clock:767.447 level:100
2026-07-04 09:33:01.346 T:1305 debug : CVideoPlayer::ProcessPacket packet from enhancement layer: size:20781 dts:772.452 pts:772.452 dur:41.700ms
2026-07-04 09:33:01.387 T:1305 debug : CVideoPlayer::ProcessVideoData size:688874 dts:772.494 pts:772.619 dur:41.700ms, clock:767.447 level:100
2026-07-04 09:33:01.433 T:1305 debug : CVideoPlayer::ProcessPacket packet from enhancement layer: size:49913 dts:772.494 pts:772.619 dur:41.700ms
2026-07-04 09:33:01.469 T:1305 debug : CVideoPlayer::ProcessVideoData size:208630 dts:772.536 pts:772.536 dur:41.700ms, clock:767.447 level:100
2026-07-04 09:33:01.470 T:1305 debug : CVideoPlayer::ProcessPacket packet from enhancement layer: size:21774 dts:772.536 pts:772.536 dur:41.700ms
2026-07-04 09:33:01.501 T:1305 debug : CVideoPlayer::ProcessVideoData size:216018 dts:772.577 pts:772.577 dur:41.700ms, clock:767.447 level:100
2026-07-04 09:33:01.603 T:1305 debug : CVideoPlayer::ProcessPacket packet from enhancement layer: size:21982 dts:772.577 pts:772.577 dur:41.700ms
2026-07-04 09:33:01.635 T:1305 debug : CVideoPlayer::ProcessVideoData size:703460 dts:772.619 pts:772.744 dur:41.700ms, clock:767.447 level:100
2026-07-04 09:33:01.637 T:1305 debug : CVideoPlayer::ProcessPacket packet from enhancement layer: size:64841 dts:772.619 pts:772.744 dur:41.700ms
2026-07-04 09:33:01.703 T:1305 debug : CVideoPlayer::ProcessVideoData size:210565 dts:772.661 pts:772.661 dur:41.700ms, clock:767.447 level:100
2026-07-04 09:33:01.704 T:1305 debug : CVideoPlayer::ProcessPacket packet from enhancement layer: size:22892 dts:772.661 pts:772.661 dur:41.700ms
2026-07-04 09:33:02.012 T:1305 debug : CVideoPlayer::ProcessVideoData size:213250 dts:772.703 pts:772.703 dur:41.700ms, clock:767.447 level:100
2026-07-04 09:33:02.054 T:1305 debug : CVideoPlayer::ProcessPacket packet from enhancement layer: size:23038 dts:772.703 pts:772.703 dur:41.700ms
2026-07-04 09:33:02.349 T:1305 debug : CVideoPlayer::ProcessVideoData size:688851 dts:772.744 pts:772.869 dur:41.700ms, clock:767.447 level:100
2026-07-04 09:33:02.350 T:1305 debug : CVideoPlayer::ProcessPacket packet from enhancement layer: size:62443 dts:772.744 pts:772.869 dur:41.700ms
2026-07-04 09:33:02.378 T:1305 debug : CVideoPlayer::ProcessVideoData size:208651 dts:772.786 pts:772.786 dur:41.700ms, clock:767.447 level:100
2026-07-04 09:33:02.378 T:1305 debug : CVideoPlayer::ProcessPacket packet from enhancement layer: size:26539 dts:772.786 pts:772.786 dur:41.700ms
2026-07-04 09:33:02.403 T:1305 debug : CVideoPlayer::ProcessVideoData size:217058 dts:772.828 pts:772.828 dur:41.700ms, clock:767.447 level:100
2026-07-04 09:33:02.722 T:1305 debug : CVideoPlayer::ProcessPacket packet from enhancement layer: size:27270 dts:772.828 pts:772.828 dur:41.700ms
2026-07-04 09:33:02.842 T:1305 debug : CVideoPlayer::ProcessVideoData size:676806 dts:772.869 pts:772.995 dur:41.700ms, clock:767.447 level:100
2026-07-04 09:33:02.843 T:1305 debug : CVideoPlayer::ProcessPacket packet from enhancement layer: size:36449 dts:772.869 pts:772.995 dur:41.700ms
2026-07-04 09:33:02.894 T:1305 debug : CVideoPlayer::ProcessVideoData size:205113 dts:772.911 pts:772.911 dur:41.700ms, clock:767.447 level:100
2026-07-04 09:33:02.894 T:1305 debug : CVideoPlayer::ProcessPacket packet from enhancement layer: size:26212 dts:772.911 pts:772.911 dur:41.700ms
2026-07-04 09:33:03.136 T:1305 debug : CVideoPlayer::ProcessVideoData size:205881 dts:772.953 pts:772.953 dur:41.700ms, clock:767.447 level:100
2026-07-04 09:33:03.414 T:1305 debug : CVideoPlayer::ProcessPacket packet from enhancement layer: size:26314 dts:772.953 pts:772.953 dur:41.700ms
2026-07-04 09:33:03.443 T:1305 debug : CVideoPlayer::ProcessVideoData size:666688 dts:772.995 pts:773.120 dur:41.700ms, clock:767.447 level:100
2026-07-04 09:33:03.444 T:1305 debug : CVideoPlayer::ProcessPacket packet from enhancement layer: size:33713 dts:772.995 pts:773.120 dur:41.700ms
2026-07-04 09:33:03.496 T:1305 debug : CVideoPlayer::ProcessVideoData size:234064 dts:773.036 pts:773.036 dur:41.700ms, clock:767.447 level:100
2026-07-04 09:33:03.497 T:1305 debug : CVideoPlayer::ProcessPacket packet from enhancement layer: size:20996 dts:773.036 pts:773.036 dur:41.700ms
2026-07-04 09:33:03.522 T:1305 debug : CVideoPlayer::ProcessVideoData size:235856 dts:773.078 pts:773.078 dur:41.700ms, clock:767.447 level:100
2026-07-04 09:33:03.633 T:1305 debug : CVideoPlayer::ProcessPacket packet from enhancement layer: size:20379 dts:773.078 pts:773.078 dur:41.700ms
2026-07-04 09:33:03.696 T:1305 debug : CVideoPlayer::ProcessVideoData size:711431 dts:773.120 pts:773.245 dur:41.700ms, clock:767.447 level:100
2026-07-04 09:33:03.697 T:1305 debug : CVideoPlayer::ProcessPacket packet from enhancement layer: size:39707 dts:773.120 pts:773.245 dur:41.700ms
2026-07-04 09:33:03.756 T:1305 debug : CVideoPlayer::ProcessVideoData size:237843 dts:773.161 pts:773.161 dur:41.700ms, clock:767.447 level:100
2026-07-04 09:33:03.778 T:1305 debug : CVideoPlayer::ProcessPacket packet from enhancement layer: size:20396 dts:773.161 pts:773.161 dur:41.700ms
2026-07-04 09:33:03.813 T:1305 debug : CVideoPlayer::ProcessVideoData size:239488 dts:773.203 pts:773.203 dur:41.700ms, clock:767.447 level:100
2026-07-04 09:33:04.301 T:1305 debug : CVideoPlayer::ProcessVideoData size:1112198 dts:773.245 pts:773.370 dur:41.700ms, clock:767.447 level:100
2026-07-04 09:33:04.302 T:1305 debug : CVideoPlayer::ProcessPacket packet from enhancement layer: size:20209 dts:773.203 pts:773.203 dur:41.700ms
2026-07-04 09:33:04.303 T:1305 debug : CVideoPlayer::ProcessPacket packet from enhancement layer: size:121419 dts:773.245 pts:773.370 dur:41.700ms
2026-07-04 09:33:04.414 T:1305 debug : CVideoPlayer::ProcessVideoData size:232194 dts:773.286 pts:773.286 dur:41.700ms, clock:767.447 level:100
2026-07-04 09:33:04.493 T:1305 debug : CVideoPlayer::ProcessPacket packet from enhancement layer: size:24705 dts:773.286 pts:773.286 dur:41.700ms
2026-07-04 09:33:04.572 T:1305 debug : CVideoPlayer::ProcessVideoData size:237977 dts:773.328 pts:773.328 dur:41.700ms, clock:767.447 level:100
2026-07-04 09:33:04.631 T:1305 debug : CVideoPlayer::ProcessPacket packet from enhancement layer: size:23786 dts:773.328 pts:773.328 dur:41.700ms
2026-07-04 09:33:04.650 T:1305 debug : CVideoPlayer::ProcessVideoData size:649513 dts:773.370 pts:773.495 dur:41.700ms, clock:767.447 level:100
2026-07-04 09:33:04.650 T:1305 debug : CVideoPlayer::ProcessPacket packet from enhancement layer: size:44920 dts:773.370 pts:773.495 dur:41.700ms
2026-07-04 09:33:04.678 T:1305 debug : CVideoPlayer::ProcessVideoData size:229138 dts:773.412 pts:773.412 dur:41.700ms, clock:767.447 level:100
2026-07-04 09:33:04.678 T:1305 debug : CVideoPlayer::ProcessPacket packet from enhancement layer: size:24288 dts:773.412 pts:773.412 dur:41.700ms
2026-07-04 09:33:04.699 T:1305 debug : CVideoPlayer::ProcessVideoData size:233140 dts:773.453 pts:773.453 dur:41.700ms, clock:767.447 level:100
2026-07-04 09:33:04.952 T:1305 debug : CVideoPlayer::ProcessPacket packet from enhancement layer: size:24438 dts:773.453 pts:773.453 dur:41.700ms
2026-07-04 09:33:04.976 T:1305 debug : CVideoPlayer::ProcessVideoData size:655700 dts:773.495 pts:773.620 dur:41.700ms, clock:767.447 level:100
2026-07-04 09:33:04.977 T:1305 debug : CVideoPlayer::ProcessPacket packet from enhancement layer: size:48736 dts:773.495 pts:773.620 dur:41.700ms
2026-07-04 09:33:05.017 T:1305 debug : CVideoPlayer::ProcessVideoData size:234588 dts:773.537 pts:773.537 dur:41.700ms, clock:767.447 level:100
2026-07-04 09:33:05.019 T:1305 debug : CVideoPlayer::ProcessPacket packet from enhancement layer: size:24859 dts:773.537 pts:773.537 dur:41.700ms
2026-07-04 09:33:05.050 T:1305 debug : CVideoPlayer::ProcessVideoData size:232081 dts:773.578 pts:773.578 dur:41.700ms, clock:767.447 level:100
2026-07-04 09:33:05.126 T:1305 debug : CVideoPlayer::ProcessPacket packet from enhancement layer: size:24735 dts:773.578 pts:773.578 dur:41.700ms
2026-07-04 09:33:05.154 T:1305 debug : CVideoPlayer::ProcessVideoData size:654346 dts:773.620 pts:773.745 dur:41.700ms, clock:767.447 level:100
2026-07-04 09:33:05.156 T:1305 debug : CVideoPlayer::ProcessPacket packet from enhancement layer: size:47664 dts:773.620 pts:773.745 dur:41.700ms
2026-07-04 09:33:05.238 T:1305 debug : CVideoPlayer::ProcessVideoData size:237163 dts:773.662 pts:773.662 dur:41.700ms, clock:767.447 level:100
2026-07-04 09:33:05.238 T:1305 debug : CVideoPlayer::ProcessPacket packet from enhancement layer: size:25131 dts:773.662 pts:773.662 dur:41.700ms
2026-07-04 09:33:05.499 T:1305 debug : CVideoPlayer::ProcessVideoData size:236705 dts:773.704 pts:773.704 dur:41.700ms, clock:767.447 level:100
2026-07-04 09:33:05.573 T:1305 debug : CVideoPlayer::ProcessPacket packet from enhancement layer: size:25565 dts:773.704 pts:773.704 dur:41.700ms
2026-07-04 09:33:05.609 T:1305 debug : CVideoPlayer::ProcessVideoData size:627412 dts:773.745 pts:773.870 dur:41.700ms, clock:767.447 level:100
2026-07-04 09:33:05.610 T:1305 debug : CVideoPlayer::ProcessPacket packet from enhancement layer: size:45168 dts:773.745 pts:773.870 dur:41.700ms
2026-07-04 09:33:05.641 T:1305 debug : CVideoPlayer::ProcessVideoData size:229470 dts:773.787 pts:773.787 dur:41.700ms, clock:767.447 level:100
2026-07-04 09:33:05.642 T:1305 debug : CVideoPlayer::ProcessPacket packet from enhancement layer: size:25144 dts:773.787 pts:773.787 dur:41.700ms
2026-07-04 09:33:05.674 T:1305 debug : CVideoPlayer::ProcessVideoData size:227164 dts:773.829 pts:773.829 dur:41.700ms, clock:767.447 level:100
2026-07-04 09:33:05.755 T:1305 debug : CVideoPlayer::ProcessPacket packet from enhancement layer: size:24607 dts:773.829 pts:773.829 dur:41.700ms
2026-07-04 09:33:05.783 T:1305 debug : CVideoPlayer::ProcessVideoData size:647670 dts:773.870 pts:773.996 dur:41.700ms, clock:767.447 level:100
2026-07-04 09:33:05.784 T:1305 debug : CVideoPlayer::ProcessPacket packet from enhancement layer: size:43924 dts:773.870 pts:773.996 dur:41.700ms
2026-07-04 09:33:05.818 T:1305 debug : CVideoPlayer::ProcessVideoData size:231029 dts:773.912 pts:773.912 dur:41.700ms, clock:767.447 level:100
2026-07-04 09:33:05.868 T:1305 debug : CVideoPlayer::ProcessPacket packet from enhancement layer: size:25207 dts:773.912 pts:773.912 dur:41.700ms
2026-07-04 09:33:05.952 T:1305 debug : CVideoPlayer::ProcessVideoData size:223737 dts:773.954 pts:773.954 dur:41.700ms, clock:767.447 level:100
2026-07-04 09:33:06.228 T:1305 debug : CVideoPlayer::ProcessPacket packet from enhancement layer: size:25386 dts:773.954 pts:773.954 dur:41.700ms
2026-07-04 09:33:06.261 T:1305 debug : CVideoPlayer::ProcessVideoData size:632808 dts:773.996 pts:774.121 dur:41.700ms, clock:767.447 level:100
2026-07-04 09:33:06.262 T:1305 debug : CVideoPlayer::ProcessPacket packet from enhancement layer: size:43349 dts:773.996 pts:774.121 dur:41.700ms
2026-07-04 09:33:06.290 T:1305 debug : CVideoPlayer::ProcessVideoData size:232836 dts:774.037 pts:774.037 dur:41.700ms, clock:767.447 level:100
2026-07-04 09:33:06.291 T:1305 debug : CVideoPlayer::ProcessPacket packet from enhancement layer: size:24526 dts:774.037 pts:774.037 dur:41.700ms
2026-07-04 09:33:06.318 T:1305 debug : CVideoPlayer::ProcessVideoData size:230911 dts:774.079 pts:774.079 dur:41.700ms, clock:767.447 level:100
2026-07-04 09:33:06.571 T:1305 debug : CVideoPlayer::ProcessVideoData size:1032367 dts:774.121 pts:774.246 dur:41.700ms, clock:767.447 level:100
2026-07-04 09:33:06.572 T:1305 debug : CVideoPlayer::ProcessPacket packet from enhancement layer: size:24378 dts:774.079 pts:774.079 dur:41.700ms
2026-07-04 09:33:06.573 T:1305 debug : CVideoPlayer::ProcessPacket packet from enhancement layer: size:121506 dts:774.121 pts:774.246 dur:41.700ms
2026-07-04 09:33:06.618 T:1305 debug : CVideoPlayer::ProcessVideoData size:230791 dts:774.162 pts:774.162 dur:41.700ms, clock:767.447 level:100
2026-07-04 09:33:06.638 T:1305 debug : CVideoPlayer::ProcessPacket packet from enhancement layer: size:21925 dts:774.162 pts:774.162 dur:41.700ms
2026-07-04 09:33:06.665 T:1305 debug : CVideoPlayer::ProcessVideoData size:230618 dts:774.204 pts:774.204 dur:41.700ms, clock:767.447 level:100
2026-07-04 09:33:06.724 T:1305 debug : CVideoPlayer::ProcessPacket packet from enhancement layer: size:21506 dts:774.204 pts:774.204 dur:41.700ms
2026-07-04 09:33:06.994 T:1305 debug : CVideoPlayer::ProcessVideoData size:604312 dts:774.246 pts:774.371 dur:41.700ms, clock:767.447 level:100
2026-07-04 09:33:06.995 T:1305 debug : CVideoPlayer::ProcessPacket packet from enhancement layer: size:44896 dts:774.246 pts:774.371 dur:41.700ms
2026-07-04 09:33:07.087 T:1305 debug : CVideoPlayer::ProcessVideoData size:230851 dts:774.287 pts:774.287 dur:41.700ms, clock:767.447 level:100
2026-07-04 09:33:07.088 T:1305 debug : CVideoPlayer::ProcessPacket packet from enhancement layer: size:21782 dts:774.287 pts:774.287 dur:41.700ms
2026-07-04 09:33:07.477 T:1305 debug : CVideoPlayer::ProcessVideoData size:231045 dts:774.329 pts:774.329 dur:41.700ms, clock:767.447 level:100
2026-07-04 09:33:07.505 T:1305 debug : CVideoPlayer::ProcessPacket packet from enhancement layer: size:21766 dts:774.329 pts:774.329 dur:41.700ms
2026-07-04 09:33:07.535 T:1305 debug : CVideoPlayer::ProcessVideoData size:605111 dts:774.371 pts:774.496 dur:41.700ms, clock:767.447 level:100
2026-07-04 09:33:07.582 T:1305 debug : CVideoPlayer::ProcessPacket packet from enhancement layer: size:48652 dts:774.371 pts:774.496 dur:41.700ms
2026-07-04 09:33:07.936 T:1305 debug : CVideoPlayer::ProcessVideoData size:239396 dts:774.413 pts:774.413 dur:41.700ms, clock:767.447 level:100
2026-07-04 09:33:07.937 T:1305 debug : CVideoPlayer::ProcessPacket packet from enhancement layer: size:22525 dts:774.413 pts:774.413 dur:41.700ms
2026-07-04 09:33:07.965 T:1305 debug : CVideoPlayer::ProcessVideoData size:237004 dts:774.454 pts:774.454 dur:41.700ms, clock:767.447 level:100
2026-07-04 09:33:08.013 T:1305 debug : CVideoPlayer::ProcessPacket packet from enhancement layer: size:22579 dts:774.454 pts:774.454 dur:41.700ms
2026-07-04 09:33:08.036 T:1305 debug : CVideoPlayer::ProcessVideoData size:609084 dts:774.496 pts:774.621 dur:41.700ms, clock:767.447 level:100
2026-07-04 09:33:08.036 T:1305 debug : CVideoPlayer::ProcessPacket packet from enhancement layer: size:47023 dts:774.496 pts:774.621 dur:41.700ms
2026-07-04 09:33:08.069 T:1305 debug : CVideoPlayer::ProcessVideoData size:241862 dts:774.538 pts:774.538 dur:41.700ms, clock:767.447 level:100
2026-07-04 09:33:08.097 T:1305 debug : CVideoPlayer::ProcessPacket packet from enhancement layer: size:21890 dts:774.538 pts:774.538 dur:41.700ms
2026-07-04 09:33:08.122 T:1305 debug : CVideoPlayer::ProcessVideoData size:239639 dts:774.579 pts:774.579 dur:41.700ms, clock:767.447 level:100
2026-07-04 09:33:08.189 T:1305 debug : CVideoPlayer::ProcessPacket packet from enhancement layer: size:21773 dts:774.579 pts:774.579 dur:41.700ms
2026-07-04 09:33:08.225 T:1305 debug : CVideoPlayer::ProcessVideoData size:627007 dts:774.621 pts:774.746 dur:41.700ms, clock:767.447 level:100
2026-07-04 09:33:08.225 T:1305 debug : CDVDClock::SetSpeedAdjust - adjusted:0.000000
2026-07-04 09:33:08.225 T:1308 debug : CDVDAudio::Pause - pausing audio stream
2026-07-04 09:33:08.225 T:1305 debug : CDVDClock::SetSpeedAdjust - adjusted:0.000000
2026-07-04 09:33:08.225 T:1308 debug : CDVDAudio::Resume - resume audio stream
2026-07-04 09:33:08.225 T:974 debug : ActiveAE - start sync of audio stream
2026-07-04 09:33:08.227 T:1307 debug : CAMLCodec::SetSpeed, speed(1000)
2026-07-04 09:33:08.243 T:1305 debug : CVideoPlayer::ProcessPacket packet from enhancement layer: size:44272 dts:774.621 pts:774.746 dur:41.700ms
2026-07-04 09:33:08.244 T:1305 debug : CDVDClock::SetSpeedAdjust - adjusted:0.000000
2026-07-04 09:33:08.342 T:1305 debug : CVideoPlayer::ProcessVideoData size:255941 dts:774.663 pts:774.663 dur:41.700ms, clock:767.564 level:100
2026-07-04 09:33:08.350 T:974 debug : ActiveAE::SyncStream - average error of 188.062492, start adjusting
2026-07-04 09:33:08.351 T:974 debug : ActiveAE::SyncStream - average error 28.062492 below threshold of 30.000000
2026-07-04 09:33:08.351 T:1307 debug : CVideoPlayerVideo::OutputPicture - ttd:716ms pts:768.290 Clock:767.574 Level:12
2026-07-04 09:33:08.353 T:1305 debug : CVideoPlayer::ProcessPacket packet from enhancement layer: size:20924 dts:774.663 pts:774.663 dur:41.700ms
2026-07-04 09:33:08.373 T:1305 debug : CVideoPlayer::ProcessVideoData size:258769 dts:774.705 pts:774.705 dur:41.700ms, clock:767.595 level:100
2026-07-04 09:33:08.428 T:1307 debug : CVideoPlayerVideo::OutputPicture - ttd:681ms pts:768.332 Clock:767.651 Level:11
2026-07-04 09:33:08.435 T:1305 debug : CVideoPlayer::ProcessPacket packet from enhancement layer: size:20714 dts:774.705 pts:774.705 dur:41.700ms
2026-07-04 09:33:08.469 T:1307 debug : CVideoPlayerVideo::OutputPicture - ttd:682ms pts:768.373 Clock:767.691 Level:12
2026-07-04 09:33:08.484 T:1305 debug : CVideoPlayer::ProcessVideoData size:613645 dts:774.746 pts:774.871 dur:41.700ms, clock:767.706 level:100
2026-07-04 09:33:08.485 T:1305 debug : CVideoPlayer::ProcessPacket packet from enhancement layer: size:42245 dts:774.746 pts:774.871 dur:41.700ms
2026-07-04 09:33:08.517 T:1307 debug : CVideoPlayerVideo::OutputPicture - ttd:676ms pts:768.415 Clock:767.739 Level:11
2026-07-04 09:33:08.523 T:1305 debug : CVideoPlayer::ProcessVideoData size:263663 dts:774.788 pts:774.788 dur:41.700ms, clock:767.745 level:100
2026-07-04 09:33:08.554 T:1307 debug : CVideoPlayerVideo::OutputPicture - ttd:680ms pts:768.457 Clock:767.776 Level:11
2026-07-04 09:33:08.596 T:1307 debug : CVideoPlayerVideo::OutputPicture - ttd:680ms pts:768.499 Clock:767.818 Level:11
2026-07-04 09:33:08.649 T:1307 debug : CVideoPlayerVideo::OutputPicture - ttd:668ms pts:768.540 Clock:767.872 Level:11
2026-07-04 09:33:08.679 T:1307 debug : CVideoPlayerVideo::OutputPicture - ttd:680ms pts:768.582 Clock:767.901 Level:11
2026-07-04 09:33:08.718 T:1307 debug : CVideoPlayerVideo::OutputPicture - ttd:683ms pts:768.624 Clock:767.941 Level:11
2026-07-04 09:33:08.767 T:1307 debug : CVideoPlayerVideo::OutputPicture - ttd:676ms pts:768.665 Clock:767.989 Level:11
2026-07-04 09:33:08.769 T:1305 debug : CVideoPlayer::ProcessPacket packet from enhancement layer: size:20977 dts:774.788 pts:774.788 dur:41.700ms
2026-07-04 09:33:08.793 T:937 debug : ------ Window Deinit (DialogSeekBar.xml) ------
2026-07-04 09:33:08.796 T:1305 debug : CVideoPlayer::ProcessVideoData size:257582 dts:774.830 pts:774.830 dur:41.700ms, clock:768.018 level:100
2026-07-04 09:33:08.802 T:1307 debug : CVideoPlayerVideo::OutputPicture - ttd:683ms pts:768.707 Clock:768.024 Level:12
2026-07-04 09:33:08.833 T:1305 debug : CVideoPlayer::ProcessPacket packet from enhancement layer: size:20743 dts:774.830 pts:774.830 dur:41.700ms
2026-07-04 09:33:08.843 T:1307 debug : CVideoPlayerVideo::OutputPicture - ttd:683ms pts:768.749 Clock:768.065 Level:11
2026-07-04 09:33:08.855 T:1305 debug : CVideoPlayer::ProcessVideoData size:607168 dts:774.871 pts:774.997 dur:41.700ms, clock:768.077 level:100
2026-07-04 09:33:08.856 T:1305 debug : CVideoPlayer::ProcessPacket packet from enhancement layer: size:41213 dts:774.871 pts:774.997 dur:41.700ms
2026-07-04 09:33:08.876 T:1305 debug : CVideoPlayer::ProcessVideoData size:252156 dts:774.913 pts:774.913 dur:41.700ms, clock:768.099 level:100
2026-07-04 09:33:08.877 T:1305 debug : CVideoPlayer::ProcessPacket packet from enhancement layer: size:20519 dts:774.913 pts:774.913 dur:41.700ms
2026-07-04 09:33:08.892 T:1307 debug : CVideoPlayerVideo::OutputPicture - ttd:676ms pts:768.791 Clock:768.114 Level:11
2026-07-04 09:33:08.899 T:1305 debug : CVideoPlayer::ProcessVideoData size:253393 dts:774.955 pts:774.955 dur:41.700ms, clock:768.122 level:100
2026-07-04 09:33:08.928 T:1307 debug : CVideoPlayerVideo::OutputPicture - ttd:681ms pts:768.832 Clock:768.151 Level:11
2026-07-04 09:33:08.968 T:1307 debug : CVideoPlayerVideo::OutputPicture - ttd:683ms pts:768.874 Clock:768.191 Level:11
2026-07-04 09:33:09.020 T:1307 debug : CVideoPlayerVideo::OutputPicture - ttd:672ms pts:768.916 Clock:768.243 Level:11
2026-07-04 09:33:09.043 T:1305 debug : CVideoPlayer::ProcessPacket packet from enhancement layer: size:19113 dts:774.955 pts:774.955 dur:41.700ms
2026-07-04 09:33:09.054 T:1307 debug : CVideoPlayerVideo::OutputPicture - ttd:680ms pts:768.957 Clock:768.277 Level:11
2026-07-04 09:33:09.069 T:1305 debug : CVideoPlayer::ProcessVideoData size:1041930 dts:774.997 pts:775.122 dur:41.700ms, clock:768.291 level:100
2026-07-04 09:33:09.070 T:1305 debug : CVideoPlayer::ProcessPacket packet from enhancement layer: size:223029 dts:774.997 pts:775.122 dur:41.700ms
2026-07-04 09:33:09.095 T:1307 debug : CVideoPlayerVideo::OutputPicture - ttd:681ms pts:768.999 Clock:768.317 Level:11
2026-07-04 09:33:09.108 T:1305 debug : CVideoPlayer::ProcessVideoData size:290826 dts:775.038 pts:775.038 dur:41.700ms, clock:768.331 level:100
2026-07-04 09:33:09.109 T:1305 debug : CVideoPlayer::ProcessPacket packet from enhancement layer: size:15855 dts:775.038 pts:775.038 dur:41.700ms
2026-07-04 09:33:09.142 T:1307 debug : CVideoPlayerVideo::OutputPicture - ttd:675ms pts:769.041 Clock:768.365 Level:11
2026-07-04 09:33:09.163 T:1305 debug : CVideoPlayer::ProcessVideoData size:263055 dts:775.080 pts:775.080 dur:41.700ms, clock:768.386 level:100
2026-07-04 09:33:09.178 T:1307 debug : CVideoPlayerVideo::OutputPicture - ttd:682ms pts:769.083 Clock:768.400 Level:11
2026-07-04 09:33:09.222 T:1307 debug : CVideoPlayerVideo::OutputPicture - ttd:680ms pts:769.124 Clock:768.444 Level:11
2026-07-04 09:33:09.251 T:1305 debug : CVideoPlayer::ProcessVideoData size:681413 dts:775.122 pts:775.247 dur:41.700ms, clock:768.474 level:100
2026-07-04 09:33:09.253 T:1305 debug : CVideoPlayer::ProcessPacket packet from enhancement layer: size:18491 dts:775.080 pts:775.080 dur:41.700ms
2026-07-04 09:33:09.254 T:1305 debug : CVideoPlayer::ProcessPacket packet from enhancement layer: size:67916 dts:775.122 pts:775.247 dur:41.700ms
2026-07-04 09:33:09.267 T:1307 debug : CVideoPlayerVideo::OutputPicture - ttd:676ms pts:769.166 Clock:768.489 Level:11
2026-07-04 09:33:09.280 T:1305 debug : CVideoPlayer::ProcessVideoData size:267674 dts:775.163 pts:775.163 dur:41.700ms, clock:768.502 level:100
2026-07-04 09:33:09.304 T:1307 debug : CVideoPlayerVideo::OutputPicture - ttd:681ms pts:769.208 Clock:768.526 Level:11
2026-07-04 09:33:09.312 T:1305 debug : CVideoPlayer::ProcessPacket packet from enhancement layer: size:17586 dts:775.163 pts:775.163 dur:41.700ms
2026-07-04 09:33:09.347 T:1307 debug : CVideoPlayerVideo::OutputPicture - ttd:680ms pts:769.249 Clock:768.569 Level:11
2026-07-04 09:33:09.374 T:1305 debug : CVideoPlayer::ProcessVideoData size:290123 dts:775.205 pts:775.205 dur:41.700ms, clock:768.597 level:100
2026-07-04 09:33:09.374 T:974 debug : ActiveAE::SyncStream - average error 107.807612 above threshold of 100.000000
2026-07-04 09:33:09.375 T:974 debug : ActiveAE::SyncStream - average error 27.807612 below threshold of 30.000000
2026-07-04 09:33:09.391 T:1307 debug : CVideoPlayerVideo::OutputPicture - ttd:677ms pts:769.291 Clock:768.613 Level:11
2026-07-04 09:33:09.426 T:1307 debug : CVideoPlayerVideo::OutputPicture - ttd:684ms pts:769.333 Clock:768.649 Level:12
2026-07-04 09:33:09.471 T:1307 debug : CVideoPlayerVideo::OutputPicture - ttd:680ms pts:769.374 Clock:768.694 Level:11
2026-07-04 09:33:09.481 T:1305 debug : CVideoPlayer::ProcessVideoData size:622584 dts:775.247 pts:775.372 dur:41.700ms, clock:768.703 level:100
2026-07-04 09:33:09.482 T:1305 debug : CVideoPlayer::ProcessPacket packet from enhancement layer: size:16410 dts:775.205 pts:775.205 dur:41.700ms
2026-07-04 09:33:09.482 T:1305 debug : CVideoPlayer::ProcessPacket packet from enhancement layer: size:70288 dts:775.247 pts:775.372 dur:41.700ms
2026-07-04 09:33:09.512 T:1305 debug : CVideoPlayer::ProcessVideoData size:289730 dts:775.288 pts:775.288 dur:41.700ms, clock:768.734 level:100
2026-07-04 09:33:09.513 T:1305 debug : CVideoPlayer::ProcessPacket packet from enhancement layer: size:16373 dts:775.288 pts:775.288 dur:41.700ms
2026-07-04 09:33:09.525 T:1307 debug : CVideoPlayerVideo::OutputPicture - ttd:668ms pts:769.416 Clock:768.748 Level:11
2026-07-04 09:33:09.555 T:1307 debug : CVideoPlayerVideo::OutputPicture - ttd:680ms pts:769.458 Clock:768.777 Level:11
2026-07-04 09:33:09.567 T:1305 debug : CVideoPlayer::ProcessVideoData size:255567 dts:775.330 pts:775.330 dur:41.700ms, clock:768.789 level:100
2026-07-04 09:33:09.594 T:1307 debug : CVideoPlayerVideo::OutputPicture - ttd:683ms pts:769.500 Clock:768.817 Level:11
2026-07-04 09:33:09.642 T:1307 debug : CVideoPlayerVideo::OutputPicture - ttd:676ms pts:769.541 Clock:768.865 Level:11
2026-07-04 09:33:09.646 T:1305 debug : CVideoPlayer::ProcessVideoData size:664624 dts:775.372 pts:775.497 dur:41.700ms, clock:768.869 level:100
2026-07-04 09:33:09.647 T:1305 debug : CVideoPlayer::ProcessPacket packet from enhancement layer: size:19652 dts:775.330 pts:775.330 dur:41.700ms
2026-07-04 09:33:09.648 T:1305 debug : CVideoPlayer::ProcessPacket packet from enhancement layer: size:65546 dts:775.372 pts:775.497 dur:41.700ms
2026-07-04 09:33:09.679 T:1307 debug : CVideoPlayerVideo::OutputPicture - ttd:681ms pts:769.583 Clock:768.901 Level:11
2026-07-04 09:33:09.680 T:1305 debug : CVideoPlayer::ProcessVideoData size:301411 dts:775.414 pts:775.414 dur:41.700ms, clock:768.902 level:100
2026-07-04 09:33:09.697 T:1305 debug : CVideoPlayer::ProcessPacket packet from enhancement layer: size:16545 dts:775.414 pts:775.414 dur:41.700ms
2026-07-04 09:33:09.720 T:1307 debug : CVideoPlayerVideo::OutputPicture - ttd:682ms pts:769.625 Clock:768.942 Level:11
2026-07-04 09:33:09.723 T:1305 debug : CVideoPlayer::ProcessVideoData size:287018 dts:775.455 pts:775.455 dur:41.700ms, clock:768.945 level:100
2026-07-04 09:33:09.766 T:1307 debug : CVideoPlayerVideo::OutputPicture - ttd:678ms pts:769.666 Clock:768.988 Level:11
2026-07-04 09:33:09.769 T:1305 debug : CVideoPlayer::ProcessPacket packet from enhancement layer: size:16060 dts:775.455 pts:775.455 dur:41.700ms
2026-07-04 09:33:09.804 T:1305 debug : CVideoPlayer::ProcessVideoData size:646788 dts:775.497 pts:775.622 dur:41.700ms, clock:769.026 level:100
2026-07-04 09:33:09.804 T:1307 debug : CVideoPlayerVideo::OutputPicture - ttd:681ms pts:769.708 Clock:769.026 Level:11
2026-07-04 09:33:09.804 T:1305 debug : CVideoPlayer::ProcessPacket packet from enhancement layer: size:63338 dts:775.497 pts:775.622 dur:41.700ms
2026-07-04 09:33:09.829 T:1305 debug : CVideoPlayer::ProcessVideoData size:294647 dts:775.539 pts:775.539 dur:41.700ms, clock:769.052 level:100
2026-07-04 09:33:09.845 T:1307 debug : CVideoPlayerVideo::OutputPicture - ttd:682ms pts:769.750 Clock:769.067 Level:11
2026-07-04 09:33:09.854 T:1305 debug : CVideoPlayer::ProcessPacket packet from enhancement layer: size:16465 dts:775.539 pts:775.539 dur:41.700ms
2026-07-04 09:33:09.869 T:1305 debug : CVideoPlayer::ProcessVideoData size:292265 dts:775.580 pts:775.580 dur:41.700ms, clock:769.092 level:100
2026-07-04 09:33:09.891 T:1307 debug : CVideoPlayerVideo::OutputPicture - ttd:677ms pts:769.792 Clock:769.114 Level:11
2026-07-04 09:33:09.912 T:1305 debug : CVideoPlayer::ProcessPacket packet from enhancement layer: size:15387 dts:775.580 pts:775.580 dur:41.700ms
2026-07-04 09:33:09.933 T:1307 debug : CVideoPlayerVideo::OutputPicture - ttd:677ms pts:769.833 Clock:769.156 Level:11
2026-07-04 09:33:09.946 T:1305 debug : CVideoPlayer::ProcessVideoData size:651607 dts:775.622 pts:775.747 dur:41.700ms, clock:769.168 level:100
2026-07-04 09:33:09.946 T:1305 debug : CVideoPlayer::ProcessPacket packet from enhancement layer: size:63160 dts:775.622 pts:775.747 dur:41.700ms
2026-07-04 09:33:09.975 T:1307 debug : CVideoPlayerVideo::OutputPicture - ttd:677ms pts:769.875 Clock:769.197 Level:11
2026-07-04 09:33:10.014 T:1305 debug : CVideoPlayer::ProcessVideoData size:284272 dts:775.664 pts:775.664 dur:41.700ms, clock:769.237 level:100
2026-07-04 09:33:10.015 T:1305 debug : CVideoPlayer::ProcessPacket packet from enhancement layer: size:16178 dts:775.664 pts:775.664 dur:41.700ms
2026-07-04 09:33:10.016 T:1307 debug : CVideoPlayerVideo::OutputPicture - ttd:677ms pts:769.917 Clock:769.239 Level:11
2026-07-04 09:33:10.043 T:1305 debug : CVideoPlayer::ProcessVideoData size:278805 dts:775.706 pts:775.706 dur:41.700ms, clock:769.265 level:100
2026-07-04 09:33:10.054 T:1307 debug : CVideoPlayerVideo::OutputPicture - ttd:682ms pts:769.958 Clock:769.276 Level:11
2026-07-04 09:33:10.096 T:1307 debug : CVideoPlayerVideo::OutputPicture - ttd:681ms pts:770.000 Clock:769.319 Level:11
2026-07-04 09:33:10.127 T:1305 debug : CVideoPlayer::ProcessPacket packet from enhancement layer: size:14917 dts:775.706 pts:775.706 dur:41.700ms
2026-07-04 09:33:10.144 T:1307 debug : CVideoPlayerVideo::OutputPicture - ttd:675ms pts:770.042 Clock:769.366 Level:11
2026-07-04 09:33:10.150 T:1305 debug : CVideoPlayer::ProcessVideoData size:665421 dts:775.747 pts:775.872 dur:41.700ms, clock:769.372 level:100
2026-07-04 09:33:10.150 T:1305 debug : CVideoPlayer::ProcessPacket packet from enhancement layer: size:62475 dts:775.747 pts:775.872 dur:41.700ms
2026-07-04 09:33:10.178 T:1307 debug : CVideoPlayerVideo::OutputPicture - ttd:683ms pts:770.084 Clock:769.400 Level:11
2026-07-04 09:33:10.210 T:1305 debug : CVideoPlayer::ProcessVideoData size:282321 dts:775.789 pts:775.789 dur:41.700ms, clock:769.432 level:100
2026-07-04 09:33:10.212 T:1305 debug : CVideoPlayer::ProcessPacket packet from enhancement layer: size:15508 dts:775.789 pts:775.789 dur:41.700ms
2026-07-04 09:33:10.220 T:1307 debug : CVideoPlayerVideo::OutputPicture - ttd:682ms pts:770.125 Clock:769.443 Level:11
2026-07-04 09:33:10.244 T:1305 debug : CVideoPlayer::ProcessVideoData size:286494 dts:775.831 pts:775.831 dur:41.700ms, clock:769.467 level:100
2026-07-04 09:33:10.271 T:1307 debug : CVideoPlayerVideo::OutputPicture - ttd:673ms pts:770.167 Clock:769.494 Level:11
2026-07-04 09:33:10.304 T:1307 debug : CVideoPlayerVideo::OutputPicture - ttd:682ms pts:770.209 Clock:769.526 Level:11
2026-07-04 09:33:10.348 T:1307 debug : CVideoPlayerVideo::OutputPicture - ttd:679ms pts:770.250 Clock:769.571 Level:11
2026-07-04 09:33:10.385 T:1305 debug : CVideoPlayer::ProcessPacket packet from enhancement layer: size:15014 dts:775.831 pts:775.831 dur:41.700ms
2026-07-04 09:33:10.399 T:1308 debug : CDVDClock::ErrorAdjust - CVideoPlayerAudio::OutputPacket - error:70232.566259, adjusted:41708.333333
2026-07-04 09:33:10.402 T:1307 debug : CVideoPlayerVideo::OutputPicture - ttd:625ms pts:770.292 Clock:769.666 Level:11
2026-07-04 09:33:10.410 T:1305 debug : CVideoPlayer::ProcessVideoData size:1052612 dts:775.872 pts:775.998 dur:41.700ms, clock:769.674 level:100
2026-07-04 09:33:10.428 T:1307 debug : CVideoPlayerVideo::OutputPicture - ttd:641ms pts:770.334 Clock:769.693 Level:11
2026-07-04 09:33:10.442 T:1305 debug : CVideoPlayer::ProcessPacket packet from enhancement layer: size:224424 dts:775.872 pts:775.998 dur:41.700ms
2026-07-04 09:33:10.472 T:1307 debug : CVideoPlayerVideo::OutputPicture - ttd:639ms pts:770.376 Clock:769.736 Level:11
2026-07-04 09:33:10.474 T:1305 debug : CVideoPlayer::ProcessVideoData size:297099 dts:775.914 pts:775.914 dur:41.700ms, clock:769.738 level:100
2026-07-04 09:33:10.474 T:1305 debug : CVideoPlayer::ProcessPacket packet from enhancement layer: size:14959 dts:775.914 pts:775.914 dur:41.700ms
2026-07-04 09:33:10.520 T:1307 debug : CVideoPlayerVideo::OutputPicture - ttd:633ms pts:770.417 Clock:769.784 Level:11
2026-07-04 09:33:10.523 T:1305 debug : CVideoPlayer::ProcessVideoData size:290731 dts:775.956 pts:775.956 dur:41.700ms, clock:769.787 level:100
2026-07-04 09:33:10.554 T:1307 debug : CVideoPlayerVideo::OutputPicture - ttd:640ms pts:770.459 Clock:769.818 Level:11
2026-07-04 09:33:10.596 T:1307 debug : CVideoPlayerVideo::OutputPicture - ttd:640ms pts:770.501 Clock:769.861 Level:11
2026-07-04 09:33:10.642 T:1307 debug : CVideoPlayerVideo::OutputPicture - ttd:635ms pts:770.542 Clock:769.907 Level:11
2026-07-04 09:33:10.680 T:1307 debug : CVideoPlayerVideo::OutputPicture - ttd:639ms pts:770.584 Clock:769.945 Level:11
2026-07-04 09:33:10.698 T:1305 debug : CVideoPlayer::ProcessVideoData size:622882 dts:775.998 pts:776.123 dur:41.700ms, clock:769.962 level:100
2026-07-04 09:33:10.724 T:1307 debug : CVideoPlayerVideo::OutputPicture - ttd:637ms pts:770.626 Clock:769.988 Level:10
2026-07-04 09:33:10.728 T:1305 debug : CVideoPlayer::ProcessPacket packet from enhancement layer: size:15100 dts:775.956 pts:775.956 dur:41.700ms
2026-07-04 09:33:10.729 T:1305 debug : CVideoPlayer::ProcessPacket packet from enhancement layer: size:69831 dts:775.998 pts:776.123 dur:41.700ms
2026-07-04 09:33:10.763 T:1305 debug : CVideoPlayer::ProcessVideoData size:287030 dts:776.039 pts:776.039 dur:41.700ms, clock:770.028 level:100
2026-07-04 09:33:10.764 T:1305 debug : CVideoPlayer::ProcessPacket packet from enhancement layer: size:15607 dts:776.039 pts:776.039 dur:41.700ms
2026-07-04 09:33:10.769 T:1307 debug : CVideoPlayerVideo::OutputPicture - ttd:633ms pts:770.668 Clock:770.034 Level:10
