2026-07-04 09:33:25.858 T:1305 debug : CVideoPlayer::ProcessVideoData size:192237 dts:784.923 pts:784.923 dur:41.700ms, clock:783.743 level:0
2026-07-04 09:33:25.860 T:1305 debug : CVideoPlayer::ProcessVideoData size:182834 dts:784.965 pts:784.965 dur:41.700ms, clock:783.743 level:0
2026-07-04 09:33:25.898 T:1305 debug : CVideoPlayer::ProcessPacket packet from enhancement layer: size:30583 dts:784.965 pts:784.965 dur:41.700ms
2026-07-04 09:33:25.921 T:1305 debug : CVideoPlayer::ProcessPacket packet from enhancement layer: size:47979 dts:785.007 pts:785.132 dur:41.700ms
2026-07-04 09:33:25.923 T:1305 debug : CVideoPlayer::ProcessVideoData size:483866 dts:785.007 pts:785.132 dur:41.700ms, clock:783.743 level:0
2026-07-04 09:33:25.941 T:1305 debug : CVideoPlayer::ProcessPacket packet from enhancement layer: size:29903 dts:785.048 pts:785.048 dur:41.700ms
2026-07-04 09:33:25.944 T:1305 debug : CVideoPlayer::ProcessVideoData size:175361 dts:785.048 pts:785.048 dur:41.700ms, clock:783.743 level:0
2026-07-04 09:33:25.947 T:1307 debug : CVideoPlayerVideo::OutputPicture - ttd:230ms pts:783.973 Clock:783.743 Level:0
2026-07-04 09:33:25.960 T:1305 debug : CVideoPlayer::ProcessVideoData size:169141 dts:785.090 pts:785.090 dur:41.700ms, clock:783.743 level:0
2026-07-04 09:33:25.963 T:1307 debug : CVideoPlayerVideo::OutputPicture - ttd:272ms pts:784.015 Clock:783.743 Level:1
2026-07-04 09:33:25.980 T:1305 debug : CVideoPlayer::ProcessPacket packet from enhancement layer: size:23216 dts:785.090 pts:785.090 dur:41.700ms
2026-07-04 09:33:25.980 T:1307 debug : CVideoPlayerVideo::OutputPicture - ttd:314ms pts:784.057 Clock:783.743 Level:1
2026-07-04 09:33:26.000 T:1305 debug : CVideoPlayer::ProcessPacket packet from enhancement layer: size:52223 dts:785.132 pts:785.257 dur:41.700ms
2026-07-04 09:33:26.000 T:1307 debug : CVideoPlayerVideo::OutputPicture - ttd:355ms pts:784.098 Clock:783.743 Level:2
2026-07-04 09:33:26.025 T:1305 debug : CVideoPlayer::ProcessVideoData size:492370 dts:785.132 pts:785.257 dur:41.700ms, clock:783.743 level:0
2026-07-04 09:33:26.026 T:1305 debug : CVideoPlayer::ProcessPacket packet from enhancement layer: size:30150 dts:785.173 pts:785.173 dur:41.700ms
2026-07-04 09:33:26.029 T:1307 debug : CVideoPlayerVideo::OutputPicture - ttd:397ms pts:784.140 Clock:783.743 Level:3
2026-07-04 09:33:26.030 T:1307 debug : CVideoPlayerVideo::OutputPicture - ttd:439ms pts:784.182 Clock:783.743 Level:4
2026-07-04 09:33:26.260 T:1305 debug : CVideoPlayer::ProcessVideoData size:166573 dts:785.173 pts:785.173 dur:41.700ms, clock:783.743 level:0
2026-07-04 09:33:26.262 T:1305 debug : CVideoPlayer::ProcessVideoData size:164301 dts:785.215 pts:785.215 dur:41.700ms, clock:783.743 level:0
2026-07-04 09:33:26.263 T:1307 debug : CVideoPlayerVideo::OutputPicture - ttd:480ms pts:784.224 Clock:783.743 Level:5
2026-07-04 09:33:26.267 T:1307 debug : CVideoPlayerVideo::OutputPicture - ttd:522ms pts:784.265 Clock:783.743 Level:6
2026-07-04 09:33:26.293 T:1305 debug : CVideoPlayer::ProcessPacket packet from enhancement layer: size:29865 dts:785.215 pts:785.215 dur:41.700ms
2026-07-04 09:33:26.293 T:1307 debug : CVideoPlayerVideo::OutputPicture - ttd:564ms pts:784.307 Clock:783.743 Level:7
2026-07-04 09:33:26.322 T:1305 debug : CVideoPlayer::ProcessPacket packet from enhancement layer: size:52856 dts:785.257 pts:785.382 dur:41.700ms
2026-07-04 09:33:26.322 T:1307 debug : CVideoPlayerVideo::OutputPicture - ttd:606ms pts:784.349 Clock:783.743 Level:8
2026-07-04 09:33:26.327 T:1305 debug : CVideoPlayer::ProcessVideoData size:457950 dts:785.257 pts:785.382 dur:41.700ms, clock:783.743 level:0
2026-07-04 09:33:26.330 T:1307 debug : CVideoPlayerVideo::OutputPicture - ttd:647ms pts:784.390 Clock:783.743 Level:9
2026-07-04 09:33:26.341 T:1305 debug : CVideoPlayer::ProcessPacket packet from enhancement layer: size:29314 dts:785.298 pts:785.298 dur:41.700ms
2026-07-04 09:33:26.341 T:1307 debug : CVideoPlayerVideo::OutputPicture - ttd:689ms pts:784.432 Clock:783.743 Level:10
2026-07-04 09:33:26.345 T:1305 debug : CVideoPlayer::ProcessVideoData size:160572 dts:785.298 pts:785.298 dur:41.700ms, clock:783.743 level:0
2026-07-04 09:33:26.348 T:1307 debug : CVideoPlayerVideo::OutputPicture - ttd:731ms pts:784.474 Clock:783.743 Level:11
2026-07-04 09:33:26.366 T:1305 debug : CVideoPlayer::ProcessVideoData size:158385 dts:785.340 pts:785.340 dur:41.700ms, clock:783.743 level:0
2026-07-04 09:33:26.368 T:1307 debug : CVideoPlayerVideo::OutputPicture - ttd:772ms pts:784.516 Clock:783.743 Level:12
2026-07-04 09:33:26.385 T:1305 debug : CVideoPlayer::ProcessPacket packet from enhancement layer: size:30183 dts:785.340 pts:785.340 dur:41.700ms
2026-07-04 09:33:26.385 T:1307 debug : CVideoPlayerVideo::OutputPicture - ttd:814ms pts:784.557 Clock:783.743 Level:13
2026-07-04 09:33:26.406 T:1305 debug : CVideoPlayer::ProcessPacket packet from enhancement layer: size:52250 dts:785.382 pts:785.507 dur:41.700ms
2026-07-04 09:33:26.425 T:1305 debug : CVideoPlayer::ProcessVideoData size:487867 dts:785.382 pts:785.507 dur:41.700ms, clock:783.743 level:0
2026-07-04 09:33:26.427 T:1305 debug : CVideoPlayer::ProcessPacket packet from enhancement layer: size:29185 dts:785.424 pts:785.424 dur:41.700ms
2026-07-04 09:33:26.448 T:1305 debug : CVideoPlayer::ProcessVideoData size:167836 dts:785.424 pts:785.424 dur:41.700ms, clock:783.743 level:0
2026-07-04 09:33:26.451 T:1305 debug : CVideoPlayer::ProcessVideoData size:170761 dts:785.465 pts:785.465 dur:41.700ms, clock:783.743 level:0
2026-07-04 09:33:26.516 T:1305 debug : CVideoPlayer::ProcessPacket packet from enhancement layer: size:28706 dts:785.465 pts:785.465 dur:41.700ms
2026-07-04 09:33:26.533 T:1305 debug : CVideoPlayer::ProcessPacket packet from enhancement layer: size:165233 dts:785.507 pts:785.632 dur:41.700ms
2026-07-04 09:33:26.539 T:1305 debug : CVideoPlayer::ProcessVideoData size:580843 dts:785.507 pts:785.632 dur:41.700ms, clock:783.743 level:0
2026-07-04 09:33:26.566 T:1305 debug : CVideoPlayer::ProcessPacket packet from enhancement layer: size:27591 dts:785.549 pts:785.549 dur:41.700ms
2026-07-04 09:33:26.570 T:1305 debug : CVideoPlayer::ProcessVideoData size:167320 dts:785.549 pts:785.549 dur:41.700ms, clock:783.743 level:0
2026-07-04 09:33:26.595 T:1305 debug : CVideoPlayer::ProcessVideoData size:162953 dts:785.590 pts:785.590 dur:41.700ms, clock:783.743 level:0
2026-07-04 09:33:26.611 T:1305 debug : CVideoPlayer::ProcessPacket packet from enhancement layer: size:27330 dts:785.590 pts:785.590 dur:41.700ms
2026-07-04 09:33:26.628 T:1305 debug : CVideoPlayer::ProcessPacket packet from enhancement layer: size:56201 dts:785.632 pts:785.757 dur:41.700ms
2026-07-04 09:33:26.630 T:1305 debug : CVideoPlayer::ProcessVideoData size:492159 dts:785.632 pts:785.757 dur:41.700ms, clock:783.743 level:0
2026-07-04 09:33:26.648 T:1305 debug : CVideoPlayer::ProcessPacket packet from enhancement layer: size:27397 dts:785.674 pts:785.674 dur:41.700ms
2026-07-04 09:33:26.649 T:1305 debug : CVideoPlayer::ProcessVideoData size:165816 dts:785.674 pts:785.674 dur:41.700ms, clock:783.743 level:0
2026-07-04 09:33:26.670 T:1305 debug : CVideoPlayer::ProcessVideoData size:164334 dts:785.716 pts:785.716 dur:41.700ms, clock:783.743 level:0
2026-07-04 09:33:26.713 T:1305 debug : CVideoPlayer::ProcessPacket packet from enhancement layer: size:28728 dts:785.716 pts:785.716 dur:41.700ms
2026-07-04 09:33:26.728 T:1305 debug : CVideoPlayer::ProcessPacket packet from enhancement layer: size:56380 dts:785.757 pts:785.882 dur:41.700ms
2026-07-04 09:33:26.730 T:1305 debug : CVideoPlayer::ProcessVideoData size:508423 dts:785.757 pts:785.882 dur:41.700ms, clock:783.743 level:0
2026-07-04 09:33:26.749 T:1305 debug : CVideoPlayer::ProcessPacket packet from enhancement layer: size:28951 dts:785.799 pts:785.799 dur:41.700ms
2026-07-04 09:33:26.750 T:1305 debug : CVideoPlayer::ProcessVideoData size:169449 dts:785.799 pts:785.799 dur:41.700ms, clock:783.743 level:0
2026-07-04 09:33:26.774 T:1305 debug : CVideoPlayer::ProcessVideoData size:169607 dts:785.841 pts:785.841 dur:41.700ms, clock:783.743 level:0
2026-07-04 09:33:26.795 T:1305 debug : CVideoPlayer::ProcessPacket packet from enhancement layer: size:22379 dts:785.841 pts:785.841 dur:41.700ms
2026-07-04 09:33:26.829 T:1305 debug : CVideoPlayer::ProcessPacket packet from enhancement layer: size:55496 dts:785.882 pts:786.008 dur:41.700ms
2026-07-04 09:33:26.832 T:1305 debug : CVideoPlayer::ProcessVideoData size:529295 dts:785.882 pts:786.008 dur:41.700ms, clock:783.743 level:0
2026-07-04 09:33:26.848 T:1305 debug : CVideoPlayer::ProcessPacket packet from enhancement layer: size:28652 dts:785.924 pts:785.924 dur:41.700ms
2026-07-04 09:33:26.849 T:1305 debug : CVideoPlayer::ProcessVideoData size:175263 dts:785.924 pts:785.924 dur:41.700ms, clock:783.743 level:0
2026-07-04 09:33:26.872 T:1305 debug : CVideoPlayer::ProcessVideoData size:176985 dts:785.966 pts:785.966 dur:41.700ms, clock:783.743 level:0
2026-07-04 09:33:26.888 T:1305 debug : CVideoPlayer::ProcessPacket packet from enhancement layer: size:28750 dts:785.966 pts:785.966 dur:41.700ms
2026-07-04 09:33:26.920 T:1305 debug : CVideoPlayer::ProcessPacket packet from enhancement layer: size:53307 dts:786.008 pts:786.133 dur:41.700ms
2026-07-04 09:33:26.922 T:1305 debug : CVideoPlayer::ProcessVideoData size:575136 dts:786.008 pts:786.133 dur:41.700ms, clock:783.743 level:0
2026-07-04 09:33:26.940 T:1305 debug : CVideoPlayer::ProcessPacket packet from enhancement layer: size:28704 dts:786.049 pts:786.049 dur:41.700ms
2026-07-04 09:33:26.945 T:1305 debug : CVideoPlayer::ProcessVideoData size:186961 dts:786.049 pts:786.049 dur:41.700ms, clock:783.743 level:0
2026-07-04 09:33:26.962 T:1305 debug : CVideoPlayer::ProcessVideoData size:186772 dts:786.091 pts:786.091 dur:41.700ms, clock:783.743 level:0
2026-07-04 09:33:27.001 T:1305 debug : CVideoPlayer::ProcessPacket packet from enhancement layer: size:28425 dts:786.091 pts:786.091 dur:41.700ms
2026-07-04 09:33:27.028 T:1305 debug : CVideoPlayer::ProcessPacket packet from enhancement layer: size:51951 dts:786.133 pts:786.258 dur:41.700ms
2026-07-04 09:33:27.033 T:1305 debug : CVideoPlayer::ProcessVideoData size:595628 dts:786.133 pts:786.258 dur:41.700ms, clock:783.743 level:0
2026-07-04 09:33:27.052 T:1305 debug : CVideoPlayer::ProcessPacket packet from enhancement layer: size:28344 dts:786.174 pts:786.174 dur:41.700ms
2026-07-04 09:33:27.058 T:1305 debug : CVideoPlayer::ProcessVideoData size:197200 dts:786.174 pts:786.174 dur:41.700ms, clock:783.743 level:0
2026-07-04 09:33:27.076 T:1305 debug : CVideoPlayer::ProcessVideoData size:195624 dts:786.216 pts:786.216 dur:41.700ms, clock:783.743 level:0
2026-07-04 09:33:27.124 T:1305 debug : CVideoPlayer::ProcessPacket packet from enhancement layer: size:28225 dts:786.216 pts:786.216 dur:41.700ms
2026-07-04 09:33:27.154 T:1305 debug : CVideoPlayer::ProcessVideoData size:663456 dts:786.258 pts:786.383 dur:41.700ms, clock:783.743 level:0
2026-07-04 09:33:27.155 T:1305 debug : CVideoPlayer::ProcessPacket packet from enhancement layer: size:50324 dts:786.258 pts:786.383 dur:41.700ms
2026-07-04 09:33:27.191 T:1305 debug : CVideoPlayer::ProcessVideoData size:216625 dts:786.299 pts:786.299 dur:41.700ms, clock:783.743 level:0
2026-07-04 09:33:27.192 T:1305 debug : CVideoPlayer::ProcessPacket packet from enhancement layer: size:28667 dts:786.299 pts:786.299 dur:41.700ms
2026-07-04 09:33:27.249 T:1305 debug : CVideoPlayer::ProcessVideoData size:216278 dts:786.341 pts:786.341 dur:41.700ms, clock:783.743 level:0
2026-07-04 09:33:27.367 T:1305 debug : CVideoPlayer::ProcessVideoData size:780731 dts:786.383 pts:786.508 dur:41.700ms, clock:783.743 level:0
2026-07-04 09:33:27.368 T:1305 debug : CVideoPlayer::ProcessPacket packet from enhancement layer: size:28065 dts:786.341 pts:786.341 dur:41.700ms
2026-07-04 09:33:27.369 T:1305 debug : CVideoPlayer::ProcessPacket packet from enhancement layer: size:186042 dts:786.383 pts:786.508 dur:41.700ms
2026-07-04 09:33:27.396 T:1305 debug : CVideoPlayer::ProcessVideoData size:233518 dts:786.425 pts:786.425 dur:41.700ms, clock:783.743 level:0
2026-07-04 09:33:27.396 T:1305 debug : CVideoPlayer::ProcessPacket packet from enhancement layer: size:26520 dts:786.425 pts:786.425 dur:41.700ms
2026-07-04 09:33:27.419 T:1305 debug : CVideoPlayer::ProcessVideoData size:225339 dts:786.466 pts:786.466 dur:41.700ms, clock:783.743 level:0
2026-07-04 09:33:27.459 T:1305 debug : CVideoPlayer::ProcessPacket packet from enhancement layer: size:25713 dts:786.466 pts:786.466 dur:41.700ms
2026-07-04 09:33:27.507 T:1305 debug : CVideoPlayer::ProcessVideoData size:686178 dts:786.508 pts:786.633 dur:41.700ms, clock:783.743 level:0
2026-07-04 09:33:27.508 T:1305 debug : CVideoPlayer::ProcessPacket packet from enhancement layer: size:53526 dts:786.508 pts:786.633 dur:41.700ms
2026-07-04 09:33:27.530 T:1305 debug : CVideoPlayer::ProcessVideoData size:244394 dts:786.550 pts:786.550 dur:41.700ms, clock:783.743 level:0
2026-07-04 09:33:27.530 T:1305 debug : CVideoPlayer::ProcessPacket packet from enhancement layer: size:26473 dts:786.550 pts:786.550 dur:41.700ms
2026-07-04 09:33:27.630 T:1305 debug : CVideoPlayer::ProcessVideoData size:232504 dts:786.591 pts:786.591 dur:41.700ms, clock:783.743 level:0
2026-07-04 09:33:27.683 T:1305 debug : CVideoPlayer::ProcessPacket packet from enhancement layer: size:27198 dts:786.591 pts:786.591 dur:41.700ms
2026-07-04 09:33:27.724 T:1305 debug : CVideoPlayer::ProcessVideoData size:744633 dts:786.633 pts:786.758 dur:41.700ms, clock:783.743 level:0
2026-07-04 09:33:27.725 T:1305 debug : CVideoPlayer::ProcessPacket packet from enhancement layer: size:53249 dts:786.633 pts:786.758 dur:41.700ms
2026-07-04 09:33:27.743 T:1305 debug : CVideoPlayer::ProcessVideoData size:254233 dts:786.675 pts:786.675 dur:41.700ms, clock:783.743 level:2
2026-07-04 09:33:27.743 T:1305 debug : CVideoPlayer::ProcessPacket packet from enhancement layer: size:26836 dts:786.675 pts:786.675 dur:41.700ms
2026-07-04 09:33:27.773 T:1305 debug : CVideoPlayer::ProcessVideoData size:245540 dts:786.717 pts:786.717 dur:41.700ms, clock:783.743 level:100
2026-07-04 09:33:27.844 T:1305 debug : CVideoPlayer::ProcessPacket packet from enhancement layer: size:26632 dts:786.717 pts:786.717 dur:41.700ms
2026-07-04 09:33:27.860 T:1305 debug : CVideoPlayer::ProcessVideoData size:791068 dts:786.758 pts:786.883 dur:41.700ms, clock:783.743 level:100
2026-07-04 09:33:27.870 T:1305 debug : CVideoPlayer::ProcessPacket packet from enhancement layer: size:50880 dts:786.758 pts:786.883 dur:41.700ms
2026-07-04 09:33:28.097 T:1305 debug : CVideoPlayer::ProcessVideoData size:270788 dts:786.800 pts:786.800 dur:41.700ms, clock:783.743 level:100
2026-07-04 09:33:28.098 T:1305 debug : CVideoPlayer::ProcessPacket packet from enhancement layer: size:25949 dts:786.800 pts:786.800 dur:41.700ms
2026-07-04 09:33:28.122 T:1305 debug : CVideoPlayer::ProcessVideoData size:259063 dts:786.842 pts:786.842 dur:41.700ms, clock:783.743 level:100
2026-07-04 09:33:28.157 T:1305 debug : CVideoPlayer::ProcessPacket packet from enhancement layer: size:26730 dts:786.842 pts:786.842 dur:41.700ms
2026-07-04 09:33:28.189 T:1305 debug : CVideoPlayer::ProcessVideoData size:777733 dts:786.883 pts:787.009 dur:41.700ms, clock:783.743 level:100
2026-07-04 09:33:28.213 T:1305 debug : CVideoPlayer::ProcessPacket packet from enhancement layer: size:51282 dts:786.883 pts:787.009 dur:41.700ms
2026-07-04 09:33:28.240 T:1305 debug : CVideoPlayer::ProcessVideoData size:274362 dts:786.925 pts:786.925 dur:41.700ms, clock:783.743 level:100
2026-07-04 09:33:28.241 T:1305 debug : CVideoPlayer::ProcessPacket packet from enhancement layer: size:26640 dts:786.925 pts:786.925 dur:41.700ms
2026-07-04 09:33:28.266 T:1305 debug : CVideoPlayer::ProcessVideoData size:257366 dts:786.967 pts:786.967 dur:41.700ms, clock:783.743 level:100
2026-07-04 09:33:28.328 T:1305 debug : CVideoPlayer::ProcessPacket packet from enhancement layer: size:26771 dts:786.967 pts:786.967 dur:41.700ms
2026-07-04 09:33:28.357 T:1305 debug : CVideoPlayer::ProcessVideoData size:804876 dts:787.009 pts:787.134 dur:41.700ms, clock:783.743 level:100
2026-07-04 09:33:28.357 T:1305 debug : CVideoPlayer::ProcessPacket packet from enhancement layer: size:51353 dts:787.009 pts:787.134 dur:41.700ms
2026-07-04 09:33:28.411 T:1305 debug : CVideoPlayer::ProcessVideoData size:273681 dts:787.050 pts:787.050 dur:41.700ms, clock:783.743 level:100
2026-07-04 09:33:28.412 T:1305 debug : CVideoPlayer::ProcessPacket packet from enhancement layer: size:22112 dts:787.050 pts:787.050 dur:41.700ms
2026-07-04 09:33:28.500 T:1305 debug : CVideoPlayer::ProcessVideoData size:271911 dts:787.092 pts:787.092 dur:41.700ms, clock:783.743 level:100
2026-07-04 09:33:28.561 T:1305 debug : CVideoPlayer::ProcessPacket packet from enhancement layer: size:21502 dts:787.092 pts:787.092 dur:41.700ms
2026-07-04 09:33:28.609 T:1305 debug : CVideoPlayer::ProcessVideoData size:767008 dts:787.134 pts:787.259 dur:41.700ms, clock:783.743 level:100
2026-07-04 09:33:28.640 T:1305 debug : CVideoPlayer::ProcessPacket packet from enhancement layer: size:50994 dts:787.134 pts:787.259 dur:41.700ms
2026-07-04 09:33:28.743 T:1305 debug : CVideoPlayer::ProcessVideoData size:305586 dts:787.175 pts:787.175 dur:41.700ms, clock:783.743 level:100
2026-07-04 09:33:28.826 T:1305 debug : CVideoPlayer::ProcessPacket packet from enhancement layer: size:21344 dts:787.175 pts:787.175 dur:41.700ms
2026-07-04 09:33:28.841 T:1305 debug : CVideoPlayer::ProcessVideoData size:286858 dts:787.217 pts:787.217 dur:41.700ms, clock:783.743 level:100
2026-07-04 09:33:28.928 T:1305 debug : CVideoPlayer::ProcessVideoData size:896386 dts:787.259 pts:787.384 dur:41.700ms, clock:783.743 level:100
2026-07-04 09:33:28.952 T:1305 debug : CVideoPlayer::ProcessPacket packet from enhancement layer: size:21443 dts:787.217 pts:787.217 dur:41.700ms
2026-07-04 09:33:28.953 T:1305 debug : CVideoPlayer::ProcessPacket packet from enhancement layer: size:199331 dts:787.259 pts:787.384 dur:41.700ms
2026-07-04 09:33:28.981 T:1305 debug : CVideoPlayer::ProcessVideoData size:274826 dts:787.300 pts:787.300 dur:41.700ms, clock:783.743 level:100
2026-07-04 09:33:28.982 T:1305 debug : CVideoPlayer::ProcessPacket packet from enhancement layer: size:25141 dts:787.300 pts:787.300 dur:41.700ms
2026-07-04 09:33:29.011 T:1305 debug : CVideoPlayer::ProcessVideoData size:260911 dts:787.342 pts:787.342 dur:41.700ms, clock:783.743 level:100
2026-07-04 09:33:29.041 T:1305 debug : CVideoPlayer::ProcessPacket packet from enhancement layer: size:25207 dts:787.342 pts:787.342 dur:41.700ms
2026-07-04 09:33:29.061 T:1305 debug : CVideoPlayer::ProcessVideoData size:728874 dts:787.384 pts:787.509 dur:41.700ms, clock:783.743 level:100
2026-07-04 09:33:29.081 T:1305 debug : CVideoPlayer::ProcessPacket packet from enhancement layer: size:54608 dts:787.384 pts:787.509 dur:41.700ms
2026-07-04 09:33:29.119 T:1305 debug : CVideoPlayer::ProcessVideoData size:274704 dts:787.426 pts:787.426 dur:41.700ms, clock:783.743 level:100
2026-07-04 09:33:29.120 T:1305 debug : CVideoPlayer::ProcessPacket packet from enhancement layer: size:24997 dts:787.426 pts:787.426 dur:41.700ms
2026-07-04 09:33:29.379 T:1305 debug : CVideoPlayer::ProcessVideoData size:264813 dts:787.467 pts:787.467 dur:41.700ms, clock:783.743 level:100
2026-07-04 09:33:29.725 T:1305 debug : CVideoPlayer::ProcessVideoData size:729660 dts:787.509 pts:787.634 dur:41.700ms, clock:783.743 level:100
2026-07-04 09:33:29.726 T:1305 debug : CVideoPlayer::ProcessPacket packet from enhancement layer: size:25737 dts:787.467 pts:787.467 dur:41.700ms
2026-07-04 09:33:29.727 T:1305 debug : CVideoPlayer::ProcessPacket packet from enhancement layer: size:70173 dts:787.509 pts:787.634 dur:41.700ms
2026-07-04 09:33:29.749 T:1305 debug : CVideoPlayer::ProcessVideoData size:279140 dts:787.551 pts:787.551 dur:41.700ms, clock:783.743 level:100
2026-07-04 09:33:29.777 T:1305 debug : CVideoPlayer::ProcessPacket packet from enhancement layer: size:25180 dts:787.551 pts:787.551 dur:41.700ms
2026-07-04 09:33:29.819 T:1305 debug : CVideoPlayer::ProcessVideoData size:261183 dts:787.592 pts:787.592 dur:41.700ms, clock:783.743 level:100
2026-07-04 09:33:30.010 T:1305 debug : CVideoPlayer::ProcessVideoData size:729031 dts:787.634 pts:787.759 dur:41.700ms, clock:783.743 level:100
2026-07-04 09:33:30.010 T:1305 debug : CVideoPlayer::ProcessPacket packet from enhancement layer: size:25774 dts:787.592 pts:787.592 dur:41.700ms
2026-07-04 09:33:30.047 T:1305 debug : CVideoPlayer::ProcessPacket packet from enhancement layer: size:69850 dts:787.634 pts:787.759 dur:41.700ms
2026-07-04 09:33:30.079 T:1305 debug : CVideoPlayer::ProcessVideoData size:262330 dts:787.676 pts:787.676 dur:41.700ms, clock:783.743 level:100
2026-07-04 09:33:30.080 T:1305 debug : CVideoPlayer::ProcessPacket packet from enhancement layer: size:25494 dts:787.676 pts:787.676 dur:41.700ms
2026-07-04 09:33:30.109 T:1305 debug : CVideoPlayer::ProcessVideoData size:257733 dts:787.718 pts:787.718 dur:41.700ms, clock:783.743 level:100
2026-07-04 09:33:30.212 T:1305 debug : CVideoPlayer::ProcessVideoData size:748981 dts:787.759 pts:787.884 dur:41.700ms, clock:783.743 level:100
2026-07-04 09:33:30.213 T:1305 debug : CVideoPlayer::ProcessPacket packet from enhancement layer: size:25449 dts:787.718 pts:787.718 dur:41.700ms
2026-07-04 09:33:30.214 T:1305 debug : CVideoPlayer::ProcessPacket packet from enhancement layer: size:68738 dts:787.759 pts:787.884 dur:41.700ms
2026-07-04 09:33:30.242 T:1305 debug : CVideoPlayer::ProcessVideoData size:277700 dts:787.801 pts:787.801 dur:41.700ms, clock:783.743 level:100
2026-07-04 09:33:30.244 T:1305 debug : CVideoPlayer::ProcessPacket packet from enhancement layer: size:21954 dts:787.801 pts:787.801 dur:41.700ms
2026-07-04 09:33:30.272 T:1305 debug : CVideoPlayer::ProcessVideoData size:275772 dts:787.843 pts:787.843 dur:41.700ms, clock:783.743 level:100
2026-07-04 09:33:30.628 T:1305 debug : CVideoPlayer::ProcessVideoData size:755330 dts:787.884 pts:788.010 dur:41.700ms, clock:783.743 level:100
2026-07-04 09:33:30.629 T:1305 debug : CVideoPlayer::ProcessPacket packet from enhancement layer: size:21674 dts:787.843 pts:787.843 dur:41.700ms
2026-07-04 09:33:30.630 T:1305 debug : CVideoPlayer::ProcessPacket packet from enhancement layer: size:68892 dts:787.884 pts:788.010 dur:41.700ms
2026-07-04 09:33:30.687 T:1305 debug : CVideoPlayer::ProcessVideoData size:285220 dts:787.926 pts:787.926 dur:41.700ms, clock:783.743 level:100
2026-07-04 09:33:30.688 T:1305 debug : CVideoPlayer::ProcessPacket packet from enhancement layer: size:22202 dts:787.926 pts:787.926 dur:41.700ms
2026-07-04 09:33:30.716 T:1305 debug : CVideoPlayer::ProcessVideoData size:277436 dts:787.968 pts:787.968 dur:41.700ms, clock:783.743 level:100
2026-07-04 09:33:31.141 T:1305 debug : CVideoPlayer::ProcessVideoData size:734639 dts:788.010 pts:788.135 dur:41.700ms, clock:783.743 level:100
2026-07-04 09:33:31.142 T:1305 debug : CVideoPlayer::ProcessPacket packet from enhancement layer: size:22302 dts:787.968 pts:787.968 dur:41.700ms
2026-07-04 09:33:31.143 T:1305 debug : CVideoPlayer::ProcessPacket packet from enhancement layer: size:69017 dts:788.010 pts:788.135 dur:41.700ms
2026-07-04 09:33:31.170 T:1305 debug : CVideoPlayer::ProcessVideoData size:288907 dts:788.051 pts:788.051 dur:41.700ms, clock:783.743 level:100
2026-07-04 09:33:31.171 T:1305 debug : CVideoPlayer::ProcessPacket packet from enhancement layer: size:22665 dts:788.051 pts:788.051 dur:41.700ms
2026-07-04 09:33:31.201 T:1305 debug : CVideoPlayer::ProcessVideoData size:279697 dts:788.093 pts:788.093 dur:41.700ms, clock:783.743 level:100
2026-07-04 09:33:31.312 T:1305 debug : CVideoPlayer::ProcessPacket packet from enhancement layer: size:23070 dts:788.093 pts:788.093 dur:41.700ms
2026-07-04 09:33:31.322 T:937 debug : TEMP: [framecount] video=7680 ctrls=7680 subs=2427 skip-gui=1259 skip-any=1259
2026-07-04 09:33:31.347 T:1305 debug : CVideoPlayer::ProcessVideoData size:960357 dts:788.135 pts:788.260 dur:41.700ms, clock:783.743 level:100
2026-07-04 09:33:31.398 T:1305 debug : CVideoPlayer::ProcessPacket packet from enhancement layer: size:215505 dts:788.135 pts:788.260 dur:41.700ms
2026-07-04 09:33:31.508 T:1305 debug : CVideoPlayer::ProcessVideoData size:288052 dts:788.176 pts:788.176 dur:41.700ms, clock:783.743 level:100
2026-07-04 09:33:31.509 T:1305 debug : CVideoPlayer::ProcessPacket packet from enhancement layer: size:22201 dts:788.176 pts:788.176 dur:41.700ms
2026-07-04 09:33:31.614 T:1305 debug : CVideoPlayer::ProcessVideoData size:287797 dts:788.218 pts:788.218 dur:41.700ms, clock:783.743 level:100
2026-07-04 09:33:32.041 T:1305 debug : CVideoPlayer::ProcessVideoData size:689957 dts:788.260 pts:788.385 dur:41.700ms, clock:783.743 level:100
2026-07-04 09:33:32.042 T:1305 debug : CVideoPlayer::ProcessPacket packet from enhancement layer: size:22162 dts:788.218 pts:788.218 dur:41.700ms
2026-07-04 09:33:32.042 T:1305 debug : CVideoPlayer::ProcessPacket packet from enhancement layer: size:76132 dts:788.260 pts:788.385 dur:41.700ms
2026-07-04 09:33:32.069 T:1305 debug : CVideoPlayer::ProcessVideoData size:307887 dts:788.301 pts:788.301 dur:41.700ms, clock:783.743 level:100
2026-07-04 09:33:32.099 T:1305 debug : CVideoPlayer::ProcessPacket packet from enhancement layer: size:19127 dts:788.301 pts:788.301 dur:41.700ms
2026-07-04 09:33:32.137 T:1305 debug : CVideoPlayer::ProcessVideoData size:293335 dts:788.343 pts:788.343 dur:41.700ms, clock:783.743 level:100
2026-07-04 09:33:32.418 T:1305 debug : CVideoPlayer::ProcessPacket packet from enhancement layer: size:19188 dts:788.343 pts:788.343 dur:41.700ms
2026-07-04 09:33:32.454 T:1305 debug : CVideoPlayer::ProcessVideoData size:656020 dts:788.385 pts:788.510 dur:41.700ms, clock:783.743 level:100
2026-07-04 09:33:32.455 T:1305 debug : CVideoPlayer::ProcessPacket packet from enhancement layer: size:48077 dts:788.385 pts:788.510 dur:41.700ms
2026-07-04 09:33:32.524 T:1305 debug : CVideoPlayer::ProcessVideoData size:277877 dts:788.427 pts:788.427 dur:41.700ms, clock:783.743 level:100
2026-07-04 09:33:32.593 T:1305 debug : CVideoPlayer::ProcessPacket packet from enhancement layer: size:24719 dts:788.427 pts:788.427 dur:41.700ms
2026-07-04 09:33:32.663 T:1305 debug : CVideoPlayer::ProcessVideoData size:267109 dts:788.468 pts:788.468 dur:41.700ms, clock:783.743 level:100
2026-07-04 09:33:32.775 T:1305 debug : CVideoPlayer::ProcessPacket packet from enhancement layer: size:24871 dts:788.468 pts:788.468 dur:41.700ms
2026-07-04 09:33:32.787 T:1305 debug : CVideoPlayer::ProcessVideoData size:648514 dts:788.510 pts:788.635 dur:41.700ms, clock:783.743 level:100
2026-07-04 09:33:32.788 T:1305 debug : CVideoPlayer::ProcessPacket packet from enhancement layer: size:44206 dts:788.510 pts:788.635 dur:41.700ms
2026-07-04 09:33:32.804 T:1305 debug : CVideoPlayer::ProcessVideoData size:273000 dts:788.552 pts:788.552 dur:41.700ms, clock:783.743 level:100
2026-07-04 09:33:32.828 T:1305 debug : CVideoPlayer::ProcessPacket packet from enhancement layer: size:25187 dts:788.552 pts:788.552 dur:41.700ms
2026-07-04 09:33:32.861 T:1305 debug : CVideoPlayer::ProcessVideoData size:267114 dts:788.593 pts:788.593 dur:41.700ms, clock:783.743 level:100
2026-07-04 09:33:32.925 T:1305 debug : CVideoPlayer::ProcessVideoData size:658914 dts:788.635 pts:788.760 dur:41.700ms, clock:783.743 level:100
2026-07-04 09:33:32.926 T:1305 debug : CVideoPlayer::ProcessPacket packet from enhancement layer: size:25276 dts:788.593 pts:788.593 dur:41.700ms
2026-07-04 09:33:32.926 T:1305 debug : CVideoPlayer::ProcessPacket packet from enhancement layer: size:69576 dts:788.635 pts:788.760 dur:41.700ms
2026-07-04 09:33:32.950 T:1305 debug : CVideoPlayer::ProcessVideoData size:271881 dts:788.677 pts:788.677 dur:41.700ms, clock:783.743 level:100
2026-07-04 09:33:32.971 T:1305 debug : CVideoPlayer::ProcessPacket packet from enhancement layer: size:20545 dts:788.677 pts:788.677 dur:41.700ms
2026-07-04 09:33:33.000 T:1305 debug : CVideoPlayer::ProcessVideoData size:272484 dts:788.719 pts:788.719 dur:41.700ms, clock:783.743 level:100
2026-07-04 09:33:33.365 T:1305 debug : CVideoPlayer::ProcessVideoData size:639932 dts:788.760 pts:788.885 dur:41.700ms, clock:783.743 level:100
2026-07-04 09:33:33.366 T:1305 debug : CVideoPlayer::ProcessPacket packet from enhancement layer: size:20574 dts:788.719 pts:788.719 dur:41.700ms
2026-07-04 09:33:33.366 T:1305 debug : CVideoPlayer::ProcessPacket packet from enhancement layer: size:71397 dts:788.760 pts:788.885 dur:41.700ms
2026-07-04 09:33:33.401 T:1305 debug : CVideoPlayer::ProcessVideoData size:277305 dts:788.802 pts:788.802 dur:41.700ms, clock:783.743 level:100
2026-07-04 09:33:33.428 T:1305 debug : CVideoPlayer::ProcessPacket packet from enhancement layer: size:20284 dts:788.802 pts:788.802 dur:41.700ms
2026-07-04 09:33:33.463 T:1305 debug : CVideoPlayer::ProcessVideoData size:275027 dts:788.844 pts:788.844 dur:41.700ms, clock:783.743 level:100
2026-07-04 09:33:33.867 T:1305 debug : CVideoPlayer::ProcessPacket packet from enhancement layer: size:20234 dts:788.844 pts:788.844 dur:41.700ms
2026-07-04 09:33:33.896 T:1305 debug : CVideoPlayer::ProcessVideoData size:642684 dts:788.885 pts:789.011 dur:41.700ms, clock:783.743 level:100
2026-07-04 09:33:33.897 T:1305 debug : CVideoPlayer::ProcessPacket packet from enhancement layer: size:57288 dts:788.885 pts:789.011 dur:41.700ms
2026-07-04 09:33:33.922 T:1305 debug : CVideoPlayer::ProcessVideoData size:273272 dts:788.927 pts:788.927 dur:41.700ms, clock:783.743 level:100
2026-07-04 09:33:33.954 T:1305 debug : CVideoPlayer::ProcessPacket packet from enhancement layer: size:28665 dts:788.927 pts:788.927 dur:41.700ms
2026-07-04 09:33:33.990 T:1305 debug : CVideoPlayer::ProcessVideoData size:276123 dts:788.969 pts:788.969 dur:41.700ms, clock:783.743 level:100
2026-07-04 09:33:34.370 T:1305 debug : CVideoPlayer::ProcessPacket packet from enhancement layer: size:20082 dts:788.969 pts:788.969 dur:41.700ms
2026-07-04 09:33:34.461 T:1305 debug : CVideoPlayer::ProcessVideoData size:884894 dts:789.011 pts:789.136 dur:41.700ms, clock:783.743 level:100
2026-07-04 09:33:34.462 T:1305 debug : CVideoPlayer::ProcessPacket packet from enhancement layer: size:221511 dts:789.011 pts:789.136 dur:41.700ms
2026-07-04 09:33:34.479 T:1305 debug : CVideoPlayer::ProcessVideoData size:286229 dts:789.052 pts:789.052 dur:41.700ms, clock:783.743 level:100
2026-07-04 09:33:34.480 T:1305 debug : CVideoPlayer::ProcessPacket packet from enhancement layer: size:18800 dts:789.052 pts:789.052 dur:41.700ms
2026-07-04 09:33:34.519 T:1305 debug : CVideoPlayer::ProcessVideoData size:286031 dts:789.094 pts:789.094 dur:41.700ms, clock:783.743 level:100
2026-07-04 09:33:34.558 T:1305 debug : CVideoPlayer::ProcessPacket packet from enhancement layer: size:27543 dts:789.094 pts:789.094 dur:41.700ms
2026-07-04 09:33:34.587 T:1305 debug : CVideoPlayer::ProcessVideoData size:642251 dts:789.136 pts:789.261 dur:41.700ms, clock:783.743 level:100
2026-07-04 09:33:34.588 T:1305 debug : CVideoPlayer::ProcessPacket packet from enhancement layer: size:61427 dts:789.136 pts:789.261 dur:41.700ms
2026-07-04 09:33:34.954 T:1305 debug : CVideoPlayer::ProcessVideoData size:286273 dts:789.177 pts:789.177 dur:41.700ms, clock:783.743 level:100
2026-07-04 09:33:34.981 T:1305 debug : CVideoPlayer::ProcessPacket packet from enhancement layer: size:20223 dts:789.177 pts:789.177 dur:41.700ms
2026-07-04 09:33:35.221 T:1305 debug : CVideoPlayer::ProcessVideoData size:281221 dts:789.219 pts:789.219 dur:41.700ms, clock:783.743 level:100
2026-07-04 09:33:35.262 T:1305 debug : CVideoPlayer::ProcessPacket packet from enhancement layer: size:20621 dts:789.219 pts:789.219 dur:41.700ms
2026-07-04 09:33:35.338 T:1305 debug : CVideoPlayer::ProcessVideoData size:640825 dts:789.261 pts:789.386 dur:41.700ms, clock:783.743 level:100
2026-07-04 09:33:35.339 T:1305 debug : CVideoPlayer::ProcessPacket packet from enhancement layer: size:60295 dts:789.261 pts:789.386 dur:41.700ms
2026-07-04 09:33:35.473 T:1305 debug : CVideoPlayer::ProcessVideoData size:281762 dts:789.302 pts:789.302 dur:41.700ms, clock:783.743 level:100
2026-07-04 09:33:35.562 T:1305 debug : CVideoPlayer::ProcessPacket packet from enhancement layer: size:19854 dts:789.302 pts:789.302 dur:41.700ms
2026-07-04 09:33:35.585 T:1305 debug : CVideoPlayer::ProcessVideoData size:276056 dts:789.344 pts:789.344 dur:41.700ms, clock:783.743 level:100
2026-07-04 09:33:35.623 T:1305 debug : CVideoPlayer::ProcessPacket packet from enhancement layer: size:20169 dts:789.344 pts:789.344 dur:41.700ms
2026-07-04 09:33:35.674 T:1305 debug : CVideoPlayer::ProcessVideoData size:679385 dts:789.386 pts:789.511 dur:41.700ms, clock:783.743 level:100
2026-07-04 09:33:35.675 T:1305 debug : CVideoPlayer::ProcessPacket packet from enhancement layer: size:57631 dts:789.386 pts:789.511 dur:41.700ms
2026-07-04 09:33:35.712 T:1305 debug : CVideoPlayer::ProcessVideoData size:290771 dts:789.428 pts:789.428 dur:41.700ms, clock:783.743 level:100
2026-07-04 09:33:35.739 T:1305 debug : CVideoPlayer::ProcessPacket packet from enhancement layer: size:19055 dts:789.428 pts:789.428 dur:41.700ms
2026-07-04 09:33:35.763 T:1305 debug : CVideoPlayer::ProcessVideoData size:303135 dts:789.469 pts:789.469 dur:41.700ms, clock:783.743 level:100
2026-07-04 09:33:35.871 T:1305 debug : CVideoPlayer::ProcessVideoData size:627810 dts:789.511 pts:789.636 dur:41.700ms, clock:783.743 level:100
2026-07-04 09:33:35.872 T:1305 debug : CVideoPlayer::ProcessPacket packet from enhancement layer: size:17957 dts:789.469 pts:789.469 dur:41.700ms
2026-07-04 09:33:35.872 T:1305 debug : CVideoPlayer::ProcessPacket packet from enhancement layer: size:70999 dts:789.511 pts:789.636 dur:41.700ms
2026-07-04 09:33:35.921 T:1305 debug : CVideoPlayer::ProcessVideoData size:300160 dts:789.553 pts:789.553 dur:41.700ms, clock:783.743 level:100
2026-07-04 09:33:35.923 T:1305 debug : CVideoPlayer::ProcessPacket packet from enhancement layer: size:18669 dts:789.553 pts:789.553 dur:41.700ms
2026-07-04 09:33:36.007 T:1305 debug : CVideoPlayer::ProcessVideoData size:289680 dts:789.594 pts:789.594 dur:41.700ms, clock:783.743 level:100
2026-07-04 09:33:36.065 T:1305 debug : CVideoPlayer::ProcessPacket packet from enhancement layer: size:18750 dts:789.594 pts:789.594 dur:41.700ms
2026-07-04 09:33:36.105 T:1305 debug : CVideoPlayer::ProcessVideoData size:575888 dts:789.636 pts:789.761 dur:41.700ms, clock:783.743 level:100
2026-07-04 09:33:36.106 T:1305 debug : CVideoPlayer::ProcessPacket packet from enhancement layer: size:43834 dts:789.636 pts:789.761 dur:41.700ms
2026-07-04 09:33:36.147 T:1305 debug : CVideoPlayer::ProcessVideoData size:263393 dts:789.678 pts:789.678 dur:41.700ms, clock:783.743 level:100
2026-07-04 09:33:36.176 T:1305 debug : CVideoPlayer::ProcessPacket packet from enhancement layer: size:30440 dts:789.678 pts:789.678 dur:41.700ms
2026-07-04 09:33:36.212 T:1305 debug : CVideoPlayer::ProcessVideoData size:254498 dts:789.720 pts:789.720 dur:41.700ms, clock:783.743 level:100
2026-07-04 09:33:36.234 T:1305 debug : CVideoPlayer::ProcessPacket packet from enhancement layer: size:22353 dts:789.720 pts:789.720 dur:41.700ms
2026-07-04 09:33:36.260 T:1305 debug : CVideoPlayer::ProcessVideoData size:594811 dts:789.761 pts:789.886 dur:41.700ms, clock:783.743 level:100
2026-07-04 09:33:36.303 T:1305 debug : CVideoPlayer::ProcessPacket packet from enhancement layer: size:41087 dts:789.761 pts:789.886 dur:41.700ms
2026-07-04 09:33:36.339 T:1305 debug : CVideoPlayer::ProcessVideoData size:261925 dts:789.803 pts:789.803 dur:41.700ms, clock:783.743 level:100
2026-07-04 09:33:36.340 T:1305 debug : CVideoPlayer::ProcessPacket packet from enhancement layer: size:30454 dts:789.803 pts:789.803 dur:41.700ms
2026-07-04 09:33:36.397 T:1305 debug : CVideoPlayer::ProcessVideoData size:265046 dts:789.845 pts:789.845 dur:41.700ms, clock:783.743 level:100
2026-07-04 09:33:36.522 T:1305 debug : CVideoPlayer::ProcessPacket packet from enhancement layer: size:20981 dts:789.845 pts:789.845 dur:41.700ms
2026-07-04 09:33:36.566 T:1305 debug : CVideoPlayer::ProcessVideoData size:779881 dts:789.886 pts:790.012 dur:41.700ms, clock:783.743 level:100
2026-07-04 09:33:36.602 T:1305 debug : CVideoPlayer::ProcessPacket packet from enhancement layer: size:210701 dts:789.886 pts:790.012 dur:41.700ms
2026-07-04 09:33:36.637 T:1305 debug : CVideoPlayer::ProcessVideoData size:266335 dts:789.928 pts:789.928 dur:41.700ms, clock:783.743 level:100
2026-07-04 09:33:36.639 T:1305 debug : CVideoPlayer::ProcessPacket packet from enhancement layer: size:28055 dts:789.928 pts:789.928 dur:41.700ms
2026-07-04 09:33:36.669 T:1305 debug : CVideoPlayer::ProcessVideoData size:256834 dts:789.970 pts:789.970 dur:41.700ms, clock:783.743 level:100
2026-07-04 09:33:36.744 T:1305 debug : CVideoPlayer::ProcessVideoData size:566657 dts:790.012 pts:790.137 dur:41.700ms, clock:783.743 level:100
2026-07-04 09:33:36.745 T:1305 debug : CVideoPlayer::ProcessPacket packet from enhancement layer: size:28608 dts:789.970 pts:789.970 dur:41.700ms
2026-07-04 09:33:36.745 T:1305 debug : CVideoPlayer::ProcessPacket packet from enhancement layer: size:75020 dts:790.012 pts:790.137 dur:41.700ms
2026-07-04 09:33:36.812 T:1305 debug : CVideoPlayer::ProcessVideoData size:247929 dts:790.053 pts:790.053 dur:41.700ms, clock:783.743 level:100
2026-07-04 09:33:36.813 T:1305 debug : CVideoPlayer::ProcessPacket packet from enhancement layer: size:23204 dts:790.053 pts:790.053 dur:41.700ms
2026-07-04 09:33:36.863 T:1305 debug : CVideoPlayer::ProcessVideoData size:242592 dts:790.095 pts:790.095 dur:41.700ms, clock:783.743 level:100
2026-07-04 09:33:36.919 T:1305 debug : CVideoPlayer::ProcessPacket packet from enhancement layer: size:23950 dts:790.095 pts:790.095 dur:41.700ms
2026-07-04 09:33:36.971 T:1305 debug : CVideoPlayer::ProcessVideoData size:552377 dts:790.137 pts:790.262 dur:41.700ms, clock:783.743 level:100
2026-07-04 09:33:37.001 T:1305 debug : CVideoPlayer::ProcessPacket packet from enhancement layer: size:48370 dts:790.137 pts:790.262 dur:41.700ms
2026-07-04 09:33:37.020 T:1305 debug : CVideoPlayer::ProcessVideoData size:239763 dts:790.178 pts:790.178 dur:41.700ms, clock:783.743 level:100
2026-07-04 09:33:37.020 T:1305 debug : CVideoPlayer::ProcessPacket packet from enhancement layer: size:23187 dts:790.178 pts:790.178 dur:41.700ms
2026-07-04 09:33:37.043 T:1305 debug : CVideoPlayer::ProcessVideoData size:230415 dts:790.220 pts:790.220 dur:41.700ms, clock:783.743 level:100
2026-07-04 09:33:37.308 T:1305 debug : CVideoPlayer::ProcessPacket packet from enhancement layer: size:23746 dts:790.220 pts:790.220 dur:41.700ms
2026-07-04 09:33:37.334 T:1305 debug : CVideoPlayer::ProcessVideoData size:547370 dts:790.262 pts:790.387 dur:41.700ms, clock:783.743 level:100
2026-07-04 09:33:37.335 T:1305 debug : CVideoPlayer::ProcessPacket packet from enhancement layer: size:46162 dts:790.262 pts:790.387 dur:41.700ms
2026-07-04 09:33:37.357 T:1305 debug : CVideoPlayer::ProcessVideoData size:227359 dts:790.303 pts:790.303 dur:41.700ms, clock:783.743 level:100
2026-07-04 09:33:37.357 T:1305 debug : CVideoPlayer::ProcessPacket packet from enhancement layer: size:31313 dts:790.303 pts:790.303 dur:41.700ms
2026-07-04 09:33:37.409 T:1305 debug : CVideoPlayer::ProcessVideoData size:218640 dts:790.345 pts:790.345 dur:41.700ms, clock:783.743 level:100
2026-07-04 09:33:37.453 T:1305 debug : CVideoPlayer::ProcessPacket packet from enhancement layer: size:23909 dts:790.345 pts:790.345 dur:41.700ms
2026-07-04 09:33:37.477 T:1305 debug : CVideoPlayer::ProcessVideoData size:535817 dts:790.387 pts:790.512 dur:41.700ms, clock:783.743 level:100
2026-07-04 09:33:37.477 T:1305 debug : CVideoPlayer::ProcessPacket packet from enhancement layer: size:44300 dts:790.387 pts:790.512 dur:41.700ms
2026-07-04 09:33:37.499 T:1305 debug : CVideoPlayer::ProcessVideoData size:218468 dts:790.429 pts:790.429 dur:41.700ms, clock:783.743 level:100
2026-07-04 09:33:37.500 T:1305 debug : CDVDClock::SetSpeedAdjust - adjusted:0.000000
2026-07-04 09:33:37.500 T:1308 debug : CDVDAudio::Pause - pausing audio stream
2026-07-04 09:33:37.500 T:1305 debug : CDVDClock::SetSpeedAdjust - adjusted:0.000000
2026-07-04 09:33:37.500 T:1308 debug : CDVDAudio::Resume - resume audio stream
2026-07-04 09:33:37.500 T:974 debug : ActiveAE - start sync of audio stream
2026-07-04 09:33:37.500 T:1305 debug : CVideoPlayer::ProcessPacket packet from enhancement layer: size:23790 dts:790.429 pts:790.429 dur:41.700ms
2026-07-04 09:33:37.500 T:1305 debug : CDVDClock::SetSpeedAdjust - adjusted:0.000000
2026-07-04 09:33:37.502 T:1307 debug : CAMLCodec::SetSpeed, speed(1000)
2026-07-04 09:33:37.569 T:1305 debug : CVideoPlayer::ProcessVideoData size:209943 dts:790.470 pts:790.470 dur:41.700ms, clock:783.812 level:100
2026-07-04 09:33:37.609 T:1305 debug : CVideoPlayer::ProcessPacket packet from enhancement layer: size:31797 dts:790.470 pts:790.470 dur:41.700ms
2026-07-04 09:33:37.616 T:974 debug : ActiveAE::SyncStream - average error of 156.059016, start adjusting
2026-07-04 09:33:37.618 T:974 debug : ActiveAE::SyncStream - average error 16.059016 below threshold of 30.000000
2026-07-04 09:33:37.620 T:1307 debug : CVideoPlayerVideo::OutputPicture - ttd:736ms pts:784.599 Clock:783.863 Level:13
2026-07-04 09:33:37.636 T:1305 debug : CVideoPlayer::ProcessVideoData size:555193 dts:790.512 pts:790.637 dur:41.700ms, clock:783.879 level:100
2026-07-04 09:33:37.636 T:1305 debug : CVideoPlayer::ProcessPacket packet from enhancement layer: size:44221 dts:790.512 pts:790.637 dur:41.700ms
2026-07-04 09:33:37.658 T:1305 debug : CVideoPlayer::ProcessVideoData size:214357 dts:790.554 pts:790.554 dur:41.700ms, clock:783.901 level:100
2026-07-04 09:33:37.659 T:1305 debug : CVideoPlayer::ProcessPacket packet from enhancement layer: size:24256 dts:790.554 pts:790.554 dur:41.700ms
2026-07-04 09:33:37.684 T:1305 debug : CVideoPlayer::ProcessVideoData size:211094 dts:790.595 pts:790.595 dur:41.700ms, clock:783.927 level:100
2026-07-04 09:33:37.700 T:1307 debug : CVideoPlayerVideo::OutputPicture - ttd:697ms pts:784.641 Clock:783.943 Level:12
2026-07-04 09:33:37.732 T:1305 debug : CVideoPlayer::ProcessPacket packet from enhancement layer: size:31573 dts:790.595 pts:790.595 dur:41.700ms
2026-07-04 09:33:37.747 T:1307 debug : CVideoPlayerVideo::OutputPicture - ttd:691ms pts:784.682 Clock:783.991 Level:12
2026-07-04 09:33:37.756 T:1305 debug : CVideoPlayer::ProcessVideoData size:597865 dts:790.637 pts:790.762 dur:41.700ms, clock:783.999 level:100
2026-07-04 09:33:37.757 T:1305 debug : CVideoPlayer::ProcessPacket packet from enhancement layer: size:43232 dts:790.637 pts:790.762 dur:41.700ms
2026-07-04 09:33:37.785 T:1307 debug : CVideoPlayerVideo::OutputPicture - ttd:695ms pts:784.724 Clock:784.029 Level:12
2026-07-04 09:33:37.806 T:1305 debug : CVideoPlayer::ProcessVideoData size:218890 dts:790.679 pts:790.679 dur:41.700ms, clock:784.050 level:100
2026-07-04 09:33:37.807 T:1305 debug : CVideoPlayer::ProcessPacket packet from enhancement layer: size:23896 dts:790.679 pts:790.679 dur:41.700ms
2026-07-04 09:33:37.826 T:1305 debug : CVideoPlayer::ProcessVideoData size:216629 dts:790.721 pts:790.721 dur:41.700ms, clock:784.070 level:100
2026-07-04 09:33:37.828 T:1307 debug : CVideoPlayerVideo::OutputPicture - ttd:694ms pts:784.766 Clock:784.071 Level:12
2026-07-04 09:33:37.874 T:1307 debug : CVideoPlayerVideo::OutputPicture - ttd:690ms pts:784.808 Clock:784.117 Level:12
2026-07-04 09:33:37.903 T:937 debug : ------ Window Deinit (DialogSeekBar.xml) ------
2026-07-04 09:33:37.910 T:1307 debug : CVideoPlayerVideo::OutputPicture - ttd:696ms pts:784.849 Clock:784.153 Level:12
2026-07-04 09:33:37.936 T:1305 debug : CVideoPlayer::ProcessVideoData size:807543 dts:790.762 pts:790.887 dur:41.700ms, clock:784.180 level:100
2026-07-04 09:33:37.937 T:1305 debug : CVideoPlayer::ProcessPacket packet from enhancement layer: size:31147 dts:790.721 pts:790.721 dur:41.700ms
2026-07-04 09:33:37.938 T:1305 debug : CVideoPlayer::ProcessPacket packet from enhancement layer: size:197663 dts:790.762 pts:790.887 dur:41.700ms
2026-07-04 09:33:37.954 T:1307 debug : CVideoPlayerVideo::OutputPicture - ttd:693ms pts:784.891 Clock:784.197 Level:12
2026-07-04 09:33:37.984 T:1305 debug : CVideoPlayer::ProcessVideoData size:228528 dts:790.804 pts:790.804 dur:41.700ms, clock:784.227 level:100
2026-07-04 09:33:37.996 T:1307 debug : CVideoPlayerVideo::OutputPicture - ttd:693ms pts:784.933 Clock:784.239 Level:11
2026-07-04 09:33:38.034 T:1307 debug : CVideoPlayerVideo::OutputPicture - ttd:696ms pts:784.974 Clock:784.278 Level:11
2026-07-04 09:33:38.045 T:1305 debug : CVideoPlayer::ProcessPacket packet from enhancement layer: size:29507 dts:790.804 pts:790.804 dur:41.700ms
2026-07-04 09:33:38.063 T:1305 debug : CVideoPlayer::ProcessVideoData size:223674 dts:790.846 pts:790.846 dur:41.700ms, clock:784.306 level:100
2026-07-04 09:33:38.077 T:1307 debug : CVideoPlayerVideo::OutputPicture - ttd:696ms pts:785.016 Clock:784.320 Level:11
2026-07-04 09:33:38.106 T:1305 debug : CVideoPlayer::ProcessPacket packet from enhancement layer: size:22390 dts:790.846 pts:790.846 dur:41.700ms
2026-07-04 09:33:38.124 T:1307 debug : CVideoPlayerVideo::OutputPicture - ttd:690ms pts:785.058 Clock:784.367 Level:11
2026-07-04 09:33:38.128 T:1305 debug : CVideoPlayer::ProcessVideoData size:728159 dts:790.887 pts:791.013 dur:41.700ms, clock:784.372 level:100
2026-07-04 09:33:38.129 T:1305 debug : CVideoPlayer::ProcessPacket packet from enhancement layer: size:57181 dts:790.887 pts:791.013 dur:41.700ms
2026-07-04 09:33:38.151 T:1305 debug : CVideoPlayer::ProcessVideoData size:236566 dts:790.929 pts:790.929 dur:41.700ms, clock:784.394 level:100
2026-07-04 09:33:38.161 T:1307 debug : CVideoPlayerVideo::OutputPicture - ttd:694ms pts:785.100 Clock:784.405 Level:11
2026-07-04 09:33:38.184 T:1305 debug : CVideoPlayer::ProcessPacket packet from enhancement layer: size:30735 dts:790.929 pts:790.929 dur:41.700ms
2026-07-04 09:33:38.202 T:1307 debug : CVideoPlayerVideo::OutputPicture - ttd:695ms pts:785.141 Clock:784.445 Level:11
2026-07-04 09:33:38.211 T:1305 debug : CVideoPlayer::ProcessVideoData size:244309 dts:790.971 pts:790.971 dur:41.700ms, clock:784.454 level:100
2026-07-04 09:33:38.247 T:1307 debug : CVideoPlayerVideo::OutputPicture - ttd:692ms pts:785.183 Clock:784.491 Level:11
2026-07-04 09:33:38.280 T:1305 debug : CVideoPlayer::ProcessVideoData size:773714 dts:791.013 pts:791.138 dur:41.700ms, clock:784.524 level:100
2026-07-04 09:33:38.288 T:1307 debug : CVideoPlayerVideo::OutputPicture - ttd:693ms pts:785.225 Clock:784.531 Level:11
2026-07-04 09:33:38.302 T:1305 debug : CVideoPlayer::ProcessPacket packet from enhancement layer: size:24073 dts:790.971 pts:790.971 dur:41.700ms
2026-07-04 09:33:38.303 T:1305 debug : CVideoPlayer::ProcessPacket packet from enhancement layer: size:72518 dts:791.013 pts:791.138 dur:41.700ms
2026-07-04 09:33:38.327 T:1307 debug : CVideoPlayerVideo::OutputPicture - ttd:696ms pts:785.266 Clock:784.570 Level:12
2026-07-04 09:33:38.328 T:1305 debug : CVideoPlayer::ProcessVideoData size:265789 dts:791.054 pts:791.054 dur:41.700ms, clock:784.572 level:100
2026-07-04 09:33:38.329 T:1305 debug : CVideoPlayer::ProcessPacket packet from enhancement layer: size:24198 dts:791.054 pts:791.054 dur:41.700ms
2026-07-04 09:33:38.349 T:1305 debug : CVideoPlayer::ProcessVideoData size:266300 dts:791.096 pts:791.096 dur:41.700ms, clock:784.592 level:100
2026-07-04 09:33:38.373 T:1307 debug : CVideoPlayerVideo::OutputPicture - ttd:692ms pts:785.308 Clock:784.616 Level:12
2026-07-04 09:33:38.409 T:1307 debug : CVideoPlayerVideo::OutputPicture - ttd:697ms pts:785.350 Clock:784.652 Level:12
2026-07-04 09:33:38.451 T:1307 debug : CVideoPlayerVideo::OutputPicture - ttd:696ms pts:785.392 Clock:784.695 Level:12
2026-07-04 09:33:38.498 T:1307 debug : CVideoPlayerVideo::OutputPicture - ttd:691ms pts:785.433 Clock:784.742 Level:11
2026-07-04 09:33:38.536 T:1307 debug : CVideoPlayerVideo::OutputPicture - ttd:695ms pts:785.475 Clock:784.779 Level:11
2026-07-04 09:33:38.577 T:1307 debug : CVideoPlayerVideo::OutputPicture - ttd:696ms pts:785.517 Clock:784.820 Level:11
2026-07-04 09:33:38.622 T:1307 debug : CVideoPlayerVideo::OutputPicture - ttd:693ms pts:785.558 Clock:784.865 Level:11
2026-07-04 09:33:38.640 T:1308 debug : CDVDClock::ErrorAdjust - CVideoPlayerAudio::OutputPacket - error:85767.720763, adjusted:41708.333333
2026-07-04 09:33:38.659 T:1307 debug : CVideoPlayerVideo::OutputPicture - ttd:655ms pts:785.600 Clock:784.944 Level:12
2026-07-04 09:33:38.701 T:1307 debug : CVideoPlayerVideo::OutputPicture - ttd:656ms pts:785.642 Clock:784.986 Level:12
2026-07-04 09:33:38.749 T:1307 debug : CVideoPlayerVideo::OutputPicture - ttd:649ms pts:785.683 Clock:785.034 Level:11
2026-07-04 09:33:38.786 T:1307 debug : CVideoPlayerVideo::OutputPicture - ttd:654ms pts:785.725 Clock:785.071 Level:11
2026-07-04 09:33:38.826 T:1307 debug : CVideoPlayerVideo::OutputPicture - ttd:655ms pts:785.767 Clock:785.111 Level:11
2026-07-04 09:33:38.831 T:1305 debug : CVideoPlayer::ProcessPacket packet from enhancement layer: size:24318 dts:791.096 pts:791.096 dur:41.700ms
2026-07-04 09:33:38.857 T:1305 debug : CVideoPlayer::ProcessVideoData size:818596 dts:791.138 pts:791.263 dur:41.700ms, clock:785.142 level:100
2026-07-04 09:33:38.857 T:1305 debug : CVideoPlayer::ProcessPacket packet from enhancement layer: size:44306 dts:791.138 pts:791.263 dur:41.700ms
2026-07-04 09:33:38.873 T:1307 debug : CVideoPlayerVideo::OutputPicture - ttd:650ms pts:785.809 Clock:785.159 Level:11
2026-07-04 09:33:38.881 T:1305 debug : CVideoPlayer::ProcessVideoData size:250655 dts:791.179 pts:791.179 dur:41.700ms, clock:785.166 level:100
