2026-07-04 09:33:56.710 T:1307 debug : CVideoPlayerVideo::OutputPicture - ttd:530ms pts:794.318 Clock:793.787 Level:9
2026-07-04 09:33:56.723 T:1307 debug : CVideoPlayerVideo::OutputPicture - ttd:558ms pts:794.359 Clock:793.800 Level:8
2026-07-04 09:33:56.737 T:1307 debug : CVideoPlayerVideo::OutputPicture - ttd:586ms pts:794.401 Clock:793.814 Level:9
2026-07-04 09:33:56.762 T:1307 debug : CVideoPlayerVideo::OutputPicture - ttd:602ms pts:794.443 Clock:793.840 Level:9
2026-07-04 09:33:56.777 T:1307 debug : CVideoPlayerVideo::OutputPicture - ttd:630ms pts:794.485 Clock:793.854 Level:10
2026-07-04 09:33:56.786 T:1307 debug : CVideoPlayerVideo::OutputPicture - ttd:663ms pts:794.526 Clock:793.863 Level:11
2026-07-04 09:33:56.790 T:1305 debug : CVideoPlayer::ProcessPacket packet from enhancement layer: size:16287 dts:801.231 pts:801.231 dur:41.700ms
2026-07-04 09:33:56.810 T:1307 debug : CVideoPlayerVideo::OutputPicture - ttd:680ms pts:794.568 Clock:793.888 Level:11
2026-07-04 09:33:56.841 T:1305 debug : CVideoPlayer::ProcessVideoData size:1039968 dts:801.273 pts:801.398 dur:41.700ms, clock:793.918 level:100
2026-07-04 09:33:56.844 T:1307 debug : CVideoPlayerVideo::OutputPicture - ttd:688ms pts:794.610 Clock:793.922 Level:12
2026-07-04 09:33:56.874 T:1305 debug : CVideoPlayer::ProcessPacket packet from enhancement layer: size:224302 dts:801.273 pts:801.398 dur:41.700ms
2026-07-04 09:33:56.877 T:937 debug : ------ Window Deinit (DialogSeekBar.xml) ------
2026-07-04 09:33:56.887 T:1307 debug : CVideoPlayerVideo::OutputPicture - ttd:686ms pts:794.651 Clock:793.965 Level:11
2026-07-04 09:33:56.927 T:1305 debug : CVideoPlayer::ProcessVideoData size:277810 dts:801.314 pts:801.314 dur:41.700ms, clock:794.004 level:100
2026-07-04 09:33:56.927 T:1305 debug : CVideoPlayer::ProcessPacket packet from enhancement layer: size:15712 dts:801.314 pts:801.314 dur:41.700ms
2026-07-04 09:33:56.933 T:1307 debug : CVideoPlayerVideo::OutputPicture - ttd:682ms pts:794.693 Clock:794.011 Level:11
2026-07-04 09:33:56.969 T:1307 debug : CVideoPlayerVideo::OutputPicture - ttd:688ms pts:794.735 Clock:794.046 Level:11
2026-07-04 09:33:57.010 T:1307 debug : CVideoPlayerVideo::OutputPicture - ttd:688ms pts:794.776 Clock:794.088 Level:11
2026-07-04 09:33:57.067 T:1307 debug : CVideoPlayerVideo::OutputPicture - ttd:673ms pts:794.818 Clock:794.145 Level:11
2026-07-04 09:33:57.096 T:1307 debug : CVideoPlayerVideo::OutputPicture - ttd:686ms pts:794.860 Clock:794.173 Level:11
2026-07-04 09:33:57.135 T:1307 debug : CVideoPlayerVideo::OutputPicture - ttd:688ms pts:794.902 Clock:794.213 Level:11
2026-07-04 09:33:57.185 T:1307 debug : CVideoPlayerVideo::OutputPicture - ttd:681ms pts:794.943 Clock:794.262 Level:11
2026-07-04 09:33:57.218 T:1307 debug : CVideoPlayerVideo::OutputPicture - ttd:689ms pts:794.985 Clock:794.295 Level:11
2026-07-04 09:33:57.219 T:1305 debug : CVideoPlayer::ProcessVideoData size:274919 dts:801.356 pts:801.356 dur:41.700ms, clock:794.296 level:100
2026-07-04 09:33:57.261 T:1307 debug : CVideoPlayerVideo::OutputPicture - ttd:688ms pts:795.027 Clock:794.339 Level:11
2026-07-04 09:33:57.311 T:1307 debug : CVideoPlayerVideo::OutputPicture - ttd:679ms pts:795.068 Clock:794.389 Level:11
2026-07-04 09:33:57.336 T:1305 debug : CVideoPlayer::ProcessVideoData size:549166 dts:801.398 pts:801.523 dur:41.700ms, clock:794.414 level:100
2026-07-04 09:33:57.337 T:1305 debug : CVideoPlayer::ProcessPacket packet from enhancement layer: size:16119 dts:801.356 pts:801.356 dur:41.700ms
2026-07-04 09:33:57.338 T:1305 debug : CVideoPlayer::ProcessPacket packet from enhancement layer: size:71150 dts:801.398 pts:801.523 dur:41.700ms
2026-07-04 09:33:57.346 T:1307 debug : CVideoPlayerVideo::OutputPicture - ttd:686ms pts:795.110 Clock:794.424 Level:11
2026-07-04 09:33:57.364 T:1305 debug : CVideoPlayer::ProcessVideoData size:274526 dts:801.440 pts:801.440 dur:41.700ms, clock:794.442 level:100
2026-07-04 09:33:57.386 T:1307 debug : CVideoPlayerVideo::OutputPicture - ttd:688ms pts:795.152 Clock:794.463 Level:11
2026-07-04 09:33:57.402 T:1305 debug : CVideoPlayer::ProcessPacket packet from enhancement layer: size:16428 dts:801.440 pts:801.440 dur:41.700ms
2026-07-04 09:33:57.434 T:1307 debug : CVideoPlayerVideo::OutputPicture - ttd:681ms pts:795.194 Clock:794.512 Level:11
2026-07-04 09:33:57.435 T:1305 debug : CVideoPlayer::ProcessVideoData size:271735 dts:801.481 pts:801.481 dur:41.700ms, clock:794.513 level:100
2026-07-04 09:33:57.472 T:1307 debug : CVideoPlayerVideo::OutputPicture - ttd:685ms pts:795.235 Clock:794.550 Level:11
2026-07-04 09:33:57.502 T:1305 debug : CVideoPlayer::ProcessVideoData size:528019 dts:801.523 pts:801.648 dur:41.700ms, clock:794.580 level:100
2026-07-04 09:33:57.503 T:1305 debug : CVideoPlayer::ProcessPacket packet from enhancement layer: size:17554 dts:801.481 pts:801.481 dur:41.700ms
2026-07-04 09:33:57.504 T:1305 debug : CVideoPlayer::ProcessPacket packet from enhancement layer: size:70916 dts:801.523 pts:801.648 dur:41.700ms
2026-07-04 09:33:57.511 T:1307 debug : CVideoPlayerVideo::OutputPicture - ttd:688ms pts:795.277 Clock:794.589 Level:12
2026-07-04 09:33:57.524 T:1305 debug : CVideoPlayer::ProcessVideoData size:268883 dts:801.565 pts:801.565 dur:41.700ms, clock:794.601 level:100
2026-07-04 09:33:57.524 T:1305 debug : CVideoPlayer::ProcessPacket packet from enhancement layer: size:19048 dts:801.565 pts:801.565 dur:41.700ms
2026-07-04 09:33:57.562 T:1307 debug : CVideoPlayerVideo::OutputPicture - ttd:678ms pts:795.319 Clock:794.640 Level:11
2026-07-04 09:33:57.577 T:1305 debug : CVideoPlayer::ProcessVideoData size:267256 dts:801.606 pts:801.606 dur:41.700ms, clock:794.655 level:100
2026-07-04 09:33:57.597 T:1307 debug : CVideoPlayerVideo::OutputPicture - ttd:685ms pts:795.360 Clock:794.675 Level:11
2026-07-04 09:33:57.625 T:1308 debug : CDVDClock::ErrorAdjust - CVideoPlayerAudio::OutputPacket - error:77023.797564, adjusted:41708.333333
2026-07-04 09:33:57.634 T:1307 debug : CVideoPlayerVideo::OutputPicture - ttd:648ms pts:795.402 Clock:794.753 Level:10
2026-07-04 09:33:57.668 T:1305 debug : CVideoPlayer::ProcessVideoData size:522833 dts:801.648 pts:801.773 dur:41.700ms, clock:794.787 level:100
2026-07-04 09:33:57.687 T:1307 debug : CVideoPlayerVideo::OutputPicture - ttd:637ms pts:795.444 Clock:794.806 Level:10
2026-07-04 09:33:57.697 T:1307 debug : CVideoPlayerVideo::OutputPicture - ttd:668ms pts:795.486 Clock:794.817 Level:11
2026-07-04 09:33:57.721 T:1307 debug : CVideoPlayerVideo::OutputPicture - ttd:686ms pts:795.527 Clock:794.840 Level:11
2026-07-04 09:33:57.765 T:1305 debug : CVideoPlayer::ProcessPacket packet from enhancement layer: size:18328 dts:801.606 pts:801.606 dur:41.700ms
2026-07-04 09:33:57.766 T:1305 debug : CVideoPlayer::ProcessPacket packet from enhancement layer: size:66594 dts:801.648 pts:801.773 dur:41.700ms
2026-07-04 09:33:57.767 T:1307 debug : CVideoPlayerVideo::OutputPicture - ttd:682ms pts:795.569 Clock:794.887 Level:11
2026-07-04 09:33:57.805 T:1307 debug : CVideoPlayerVideo::OutputPicture - ttd:686ms pts:795.611 Clock:794.924 Level:12
2026-07-04 09:33:57.845 T:1307 debug : CVideoPlayerVideo::OutputPicture - ttd:688ms pts:795.652 Clock:794.964 Level:11
2026-07-04 09:33:57.865 T:1305 debug : CVideoPlayer::ProcessVideoData size:265158 dts:801.690 pts:801.690 dur:41.700ms, clock:794.984 level:100
2026-07-04 09:33:57.865 T:1305 debug : CVideoPlayer::ProcessPacket packet from enhancement layer: size:18157 dts:801.690 pts:801.690 dur:41.700ms
2026-07-04 09:33:57.902 T:1307 debug : CVideoPlayerVideo::OutputPicture - ttd:672ms pts:795.694 Clock:795.021 Level:11
2026-07-04 09:33:57.927 T:1307 debug : CVideoPlayerVideo::OutputPicture - ttd:688ms pts:795.736 Clock:795.047 Level:11
2026-07-04 09:33:57.959 T:1305 debug : CVideoPlayer::ProcessVideoData size:263749 dts:801.732 pts:801.732 dur:41.700ms, clock:795.078 level:100
2026-07-04 09:33:57.970 T:1307 debug : CVideoPlayerVideo::OutputPicture - ttd:687ms pts:795.778 Clock:795.090 Level:11
2026-07-04 09:33:58.019 T:1307 debug : CVideoPlayerVideo::OutputPicture - ttd:680ms pts:795.819 Clock:795.138 Level:11
2026-07-04 09:33:58.052 T:1307 debug : CVideoPlayerVideo::OutputPicture - ttd:689ms pts:795.861 Clock:795.172 Level:11
2026-07-04 09:33:58.063 T:1305 debug : CVideoPlayer::ProcessPacket packet from enhancement layer: size:18027 dts:801.732 pts:801.732 dur:41.700ms
2026-07-04 09:33:58.094 T:1307 debug : CVideoPlayerVideo::OutputPicture - ttd:689ms pts:795.903 Clock:795.214 Level:12
2026-07-04 09:33:58.142 T:1307 debug : CVideoPlayerVideo::OutputPicture - ttd:683ms pts:795.944 Clock:795.261 Level:11
2026-07-04 09:33:58.178 T:1307 debug : CVideoPlayerVideo::OutputPicture - ttd:688ms pts:795.986 Clock:795.298 Level:11
2026-07-04 09:33:58.221 T:1307 debug : CVideoPlayerVideo::OutputPicture - ttd:687ms pts:796.028 Clock:795.340 Level:11
2026-07-04 09:33:58.261 T:1305 debug : CVideoPlayer::ProcessVideoData size:516218 dts:801.773 pts:801.898 dur:41.700ms, clock:795.381 level:100
2026-07-04 09:33:58.262 T:1305 debug : CVideoPlayer::ProcessPacket packet from enhancement layer: size:65300 dts:801.773 pts:801.898 dur:41.700ms
2026-07-04 09:33:58.268 T:1307 debug : CVideoPlayerVideo::OutputPicture - ttd:681ms pts:796.070 Clock:795.388 Level:11
2026-07-04 09:33:58.306 T:1307 debug : CVideoPlayerVideo::OutputPicture - ttd:686ms pts:796.111 Clock:795.425 Level:11
2026-07-04 09:33:58.347 T:1305 debug : CVideoPlayer::ProcessVideoData size:263741 dts:801.815 pts:801.815 dur:41.700ms, clock:795.467 level:100
2026-07-04 09:33:58.348 T:1305 debug : CVideoPlayer::ProcessPacket packet from enhancement layer: size:18075 dts:801.815 pts:801.815 dur:41.700ms
2026-07-04 09:33:58.349 T:1307 debug : CVideoPlayerVideo::OutputPicture - ttd:684ms pts:796.153 Clock:795.468 Level:11
2026-07-04 09:33:58.398 T:1307 debug : CVideoPlayerVideo::OutputPicture - ttd:677ms pts:796.195 Clock:795.517 Level:11
2026-07-04 09:33:58.428 T:1307 debug : CVideoPlayerVideo::OutputPicture - ttd:689ms pts:796.236 Clock:795.547 Level:11
2026-07-04 09:33:58.469 T:1307 debug : CVideoPlayerVideo::OutputPicture - ttd:689ms pts:796.278 Clock:795.589 Level:11
2026-07-04 09:33:58.508 T:1305 debug : CVideoPlayer::ProcessVideoData size:260778 dts:801.857 pts:801.857 dur:41.700ms, clock:795.628 level:100
2026-07-04 09:33:58.518 T:1307 debug : CVideoPlayerVideo::OutputPicture - ttd:682ms pts:796.320 Clock:795.637 Level:11
2026-07-04 09:33:58.536 T:1305 debug : CVideoPlayer::ProcessPacket packet from enhancement layer: size:17845 dts:801.857 pts:801.857 dur:41.700ms
2026-07-04 09:33:58.555 T:1307 debug : CVideoPlayerVideo::OutputPicture - ttd:686ms pts:796.362 Clock:795.675 Level:11
2026-07-04 09:33:58.578 T:1305 debug : CVideoPlayer::ProcessVideoData size:520052 dts:801.898 pts:802.024 dur:41.700ms, clock:795.698 level:100
2026-07-04 09:33:58.595 T:1307 debug : CVideoPlayerVideo::OutputPicture - ttd:688ms pts:796.403 Clock:795.715 Level:11
2026-07-04 09:33:58.606 T:1305 debug : CVideoPlayer::ProcessPacket packet from enhancement layer: size:62856 dts:801.898 pts:802.024 dur:41.700ms
2026-07-04 09:33:58.643 T:1307 debug : CVideoPlayerVideo::OutputPicture - ttd:682ms pts:796.445 Clock:795.762 Level:11
2026-07-04 09:33:58.649 T:1305 debug : CVideoPlayer::ProcessVideoData size:262388 dts:801.940 pts:801.940 dur:41.700ms, clock:795.768 level:100
2026-07-04 09:33:58.649 T:1308 debug : CDVDClock::ErrorAdjust - CVideoPlayerAudio::OutputPacket - error:55482.879704, adjusted:41708.333333
2026-07-04 09:33:58.650 T:1305 debug : CVideoPlayer::ProcessPacket packet from enhancement layer: size:17449 dts:801.940 pts:801.940 dur:41.700ms
2026-07-04 09:33:58.680 T:1307 debug : CVideoPlayerVideo::OutputPicture - ttd:645ms pts:796.487 Clock:795.841 Level:10
2026-07-04 09:33:58.686 T:1305 debug : CVideoPlayer::ProcessVideoData size:261672 dts:801.982 pts:801.982 dur:41.700ms, clock:795.848 level:100
2026-07-04 09:33:58.720 T:1307 debug : CVideoPlayerVideo::OutputPicture - ttd:646ms pts:796.528 Clock:795.882 Level:10
2026-07-04 09:33:58.744 T:1305 debug : CVideoPlayer::ProcessPacket packet from enhancement layer: size:17403 dts:801.982 pts:801.982 dur:41.700ms
2026-07-04 09:33:58.749 T:1307 debug : CVideoPlayerVideo::OutputPicture - ttd:660ms pts:796.570 Clock:795.910 Level:11
2026-07-04 09:33:58.769 T:1307 debug : CVideoPlayerVideo::OutputPicture - ttd:681ms pts:796.612 Clock:795.930 Level:11
2026-07-04 09:33:58.802 T:1305 debug : CVideoPlayer::ProcessVideoData size:528891 dts:802.024 pts:802.149 dur:41.700ms, clock:795.964 level:100
2026-07-04 09:33:58.803 T:1305 debug : CVideoPlayer::ProcessPacket packet from enhancement layer: size:62738 dts:802.024 pts:802.149 dur:41.700ms
2026-07-04 09:33:58.804 T:1307 debug : CVideoPlayerVideo::OutputPicture - ttd:687ms pts:796.653 Clock:795.966 Level:11
2026-07-04 09:33:58.850 T:1305 debug : CVideoPlayer::ProcessVideoData size:267175 dts:802.065 pts:802.065 dur:41.700ms, clock:796.011 level:100
2026-07-04 09:33:58.850 T:1305 debug : CVideoPlayer::ProcessPacket packet from enhancement layer: size:17934 dts:802.065 pts:802.065 dur:41.700ms
2026-07-04 09:33:58.853 T:1307 debug : CVideoPlayerVideo::OutputPicture - ttd:681ms pts:796.695 Clock:796.014 Level:11
2026-07-04 09:33:58.886 T:1305 debug : CVideoPlayer::ProcessVideoData size:264939 dts:802.107 pts:802.107 dur:41.700ms, clock:796.047 level:100
2026-07-04 09:33:58.887 T:1307 debug : CVideoPlayerVideo::OutputPicture - ttd:688ms pts:796.737 Clock:796.048 Level:12
2026-07-04 09:33:58.928 T:1307 debug : CVideoPlayerVideo::OutputPicture - ttd:689ms pts:796.779 Clock:796.089 Level:12
2026-07-04 09:33:58.974 T:1307 debug : CVideoPlayerVideo::OutputPicture - ttd:685ms pts:796.820 Clock:796.135 Level:11
2026-07-04 09:33:59.014 T:1307 debug : CVideoPlayerVideo::OutputPicture - ttd:686ms pts:796.862 Clock:796.175 Level:11
2026-07-04 09:33:59.054 T:1307 debug : CVideoPlayerVideo::OutputPicture - ttd:688ms pts:796.904 Clock:796.216 Level:11
2026-07-04 09:33:59.099 T:1307 debug : CVideoPlayerVideo::OutputPicture - ttd:684ms pts:796.945 Clock:796.261 Level:11
2026-07-04 09:33:59.140 T:1307 debug : CVideoPlayerVideo::OutputPicture - ttd:686ms pts:796.987 Clock:796.301 Level:11
2026-07-04 09:33:59.181 T:1307 debug : CVideoPlayerVideo::OutputPicture - ttd:686ms pts:797.029 Clock:796.342 Level:11
2026-07-04 09:33:59.227 T:1307 debug : CVideoPlayerVideo::OutputPicture - ttd:682ms pts:797.071 Clock:796.388 Level:11
2026-07-04 09:33:59.261 T:1307 debug : CVideoPlayerVideo::OutputPicture - ttd:689ms pts:797.112 Clock:796.422 Level:11
2026-07-04 09:33:59.302 T:1307 debug : CVideoPlayerVideo::OutputPicture - ttd:690ms pts:797.154 Clock:796.464 Level:11
2026-07-04 09:33:59.351 T:1307 debug : CVideoPlayerVideo::OutputPicture - ttd:682ms pts:797.196 Clock:796.513 Level:11
2026-07-04 09:33:59.387 T:1307 debug : CVideoPlayerVideo::OutputPicture - ttd:688ms pts:797.237 Clock:796.549 Level:11
2026-07-04 09:33:59.430 T:1307 debug : CVideoPlayerVideo::OutputPicture - ttd:688ms pts:797.279 Clock:796.591 Level:11
2026-07-04 09:33:59.468 T:1305 debug : CVideoPlayer::ProcessPacket packet from enhancement layer: size:17079 dts:802.107 pts:802.107 dur:41.700ms
2026-07-04 09:33:59.477 T:1307 debug : CVideoPlayerVideo::OutputPicture - ttd:682ms pts:797.321 Clock:796.638 Level:11
2026-07-04 09:33:59.496 T:1305 debug : CVideoPlayer::ProcessVideoData size:946392 dts:802.149 pts:802.274 dur:41.700ms, clock:796.658 level:100
2026-07-04 09:33:59.512 T:1307 debug : CVideoPlayerVideo::OutputPicture - ttd:689ms pts:797.363 Clock:796.673 Level:11
2026-07-04 09:33:59.523 T:1305 debug : CVideoPlayer::ProcessPacket packet from enhancement layer: size:222220 dts:802.149 pts:802.274 dur:41.700ms
2026-07-04 09:33:59.555 T:1307 debug : CVideoPlayerVideo::OutputPicture - ttd:688ms pts:797.404 Clock:796.716 Level:12
2026-07-04 09:33:59.556 T:1305 debug : CVideoPlayer::ProcessVideoData size:268653 dts:802.190 pts:802.190 dur:41.700ms, clock:796.718 level:100
2026-07-04 09:33:59.558 T:1305 debug : CVideoPlayer::ProcessPacket packet from enhancement layer: size:16042 dts:802.190 pts:802.190 dur:41.700ms
2026-07-04 09:33:59.583 T:1305 debug : CVideoPlayer::ProcessVideoData size:271426 dts:802.232 pts:802.232 dur:41.700ms, clock:796.745 level:100
2026-07-04 09:33:59.611 T:1307 debug : CVideoPlayerVideo::OutputPicture - ttd:674ms pts:797.446 Clock:796.772 Level:11
2026-07-04 09:33:59.645 T:1307 debug : CVideoPlayerVideo::OutputPicture - ttd:681ms pts:797.488 Clock:796.806 Level:11
2026-07-04 09:33:59.678 T:1307 debug : CVideoPlayerVideo::OutputPicture - ttd:690ms pts:797.529 Clock:796.839 Level:11
2026-07-04 09:33:59.726 T:1307 debug : CVideoPlayerVideo::OutputPicture - ttd:683ms pts:797.571 Clock:796.887 Level:11
2026-07-04 09:33:59.765 T:1307 debug : CVideoPlayerVideo::OutputPicture - ttd:686ms pts:797.613 Clock:796.926 Level:11
2026-07-04 09:33:59.803 T:1307 debug : CVideoPlayerVideo::OutputPicture - ttd:689ms pts:797.655 Clock:796.965 Level:11
2026-07-04 09:33:59.851 T:1307 debug : CVideoPlayerVideo::OutputPicture - ttd:683ms pts:797.696 Clock:797.013 Level:11
2026-07-04 09:33:59.888 T:1307 debug : CVideoPlayerVideo::OutputPicture - ttd:688ms pts:797.738 Clock:797.050 Level:11
2026-07-04 09:33:59.928 T:1307 debug : CVideoPlayerVideo::OutputPicture - ttd:690ms pts:797.780 Clock:797.090 Level:11
2026-07-04 09:33:59.962 T:1305 debug : CVideoPlayer::ProcessVideoData size:571554 dts:802.274 pts:802.399 dur:41.700ms, clock:797.123 level:100
2026-07-04 09:33:59.963 T:1305 debug : CVideoPlayer::ProcessPacket packet from enhancement layer: size:13852 dts:802.232 pts:802.232 dur:41.700ms
2026-07-04 09:33:59.963 T:1305 debug : CVideoPlayer::ProcessPacket packet from enhancement layer: size:67463 dts:802.274 pts:802.399 dur:41.700ms
2026-07-04 09:33:59.979 T:1307 debug : CVideoPlayerVideo::OutputPicture - ttd:681ms pts:797.821 Clock:797.140 Level:11
2026-07-04 09:33:59.988 T:1305 debug : CVideoPlayer::ProcessVideoData size:286394 dts:802.315 pts:802.315 dur:41.700ms, clock:797.150 level:100
2026-07-04 09:34:00.016 T:1307 debug : CVideoPlayerVideo::OutputPicture - ttd:685ms pts:797.863 Clock:797.178 Level:11
2026-07-04 09:34:00.056 T:1307 debug : CVideoPlayerVideo::OutputPicture - ttd:687ms pts:797.905 Clock:797.217 Level:11
2026-07-04 09:34:00.103 T:1307 debug : CVideoPlayerVideo::OutputPicture - ttd:682ms pts:797.947 Clock:797.264 Level:11
2026-07-04 09:34:00.138 T:1307 debug : CVideoPlayerVideo::OutputPicture - ttd:688ms pts:797.988 Clock:797.300 Level:11
2026-07-04 09:34:00.180 T:1307 debug : CVideoPlayerVideo::OutputPicture - ttd:688ms pts:798.030 Clock:797.341 Level:11
2026-07-04 09:34:00.228 T:1307 debug : CVideoPlayerVideo::OutputPicture - ttd:681ms pts:798.072 Clock:797.390 Level:11
2026-07-04 09:34:00.265 T:1307 debug : CVideoPlayerVideo::OutputPicture - ttd:687ms pts:798.113 Clock:797.426 Level:11
2026-07-04 09:34:00.306 T:1307 debug : CVideoPlayerVideo::OutputPicture - ttd:687ms pts:798.155 Clock:797.467 Level:11
2026-07-04 09:34:00.354 T:1307 debug : CVideoPlayerVideo::OutputPicture - ttd:681ms pts:798.197 Clock:797.515 Level:11
2026-07-04 09:34:00.389 T:1307 debug : CVideoPlayerVideo::OutputPicture - ttd:687ms pts:798.239 Clock:797.551 Level:11
2026-07-04 09:34:00.432 T:1307 debug : CVideoPlayerVideo::OutputPicture - ttd:686ms pts:798.280 Clock:797.594 Level:11
2026-07-04 09:34:00.485 T:1307 debug : CVideoPlayerVideo::OutputPicture - ttd:675ms pts:798.322 Clock:797.647 Level:11
2026-07-04 09:34:00.519 T:1307 debug : CVideoPlayerVideo::OutputPicture - ttd:683ms pts:798.364 Clock:797.680 Level:11
2026-07-04 09:34:00.554 T:1307 debug : CVideoPlayerVideo::OutputPicture - ttd:689ms pts:798.405 Clock:797.716 Level:11
2026-07-04 09:34:00.603 T:1307 debug : CVideoPlayerVideo::OutputPicture - ttd:682ms pts:798.447 Clock:797.764 Level:11
2026-07-04 09:34:00.641 T:1307 debug : CVideoPlayerVideo::OutputPicture - ttd:686ms pts:798.489 Clock:797.802 Level:11
2026-07-04 09:34:00.656 T:1305 debug : CVideoPlayer::ProcessPacket packet from enhancement layer: size:12820 dts:802.315 pts:802.315 dur:41.700ms
2026-07-04 09:34:00.682 T:1307 debug : CVideoPlayerVideo::OutputPicture - ttd:686ms pts:798.530 Clock:797.844 Level:11
2026-07-04 09:34:00.707 T:1305 debug : CVideoPlayer::ProcessVideoData size:285138 dts:802.357 pts:802.357 dur:41.700ms, clock:797.868 level:100
2026-07-04 09:34:00.724 T:1307 debug : CVideoPlayerVideo::OutputPicture - ttd:686ms pts:798.572 Clock:797.886 Level:11
2026-07-04 09:34:00.766 T:1307 debug : CVideoPlayerVideo::OutputPicture - ttd:686ms pts:798.614 Clock:797.928 Level:11
2026-07-04 09:34:00.806 T:1307 debug : CVideoPlayerVideo::OutputPicture - ttd:687ms pts:798.656 Clock:797.968 Level:11
2026-07-04 09:34:00.853 T:1307 debug : CVideoPlayerVideo::OutputPicture - ttd:683ms pts:798.697 Clock:798.014 Level:11
2026-07-04 09:34:00.893 T:1307 debug : CVideoPlayerVideo::OutputPicture - ttd:684ms pts:798.739 Clock:798.055 Level:11
2026-07-04 09:34:00.933 T:1307 debug : CVideoPlayerVideo::OutputPicture - ttd:685ms pts:798.781 Clock:798.095 Level:11
2026-07-04 09:34:00.979 T:1307 debug : CVideoPlayerVideo::OutputPicture - ttd:681ms pts:798.822 Clock:798.141 Level:11
2026-07-04 09:34:01.000 T:1305 debug : CVideoPlayer::ProcessVideoData size:631823 dts:802.399 pts:802.524 dur:41.700ms, clock:798.161 level:100
2026-07-04 09:34:01.001 T:1305 debug : CVideoPlayer::ProcessPacket packet from enhancement layer: size:13259 dts:802.357 pts:802.357 dur:41.700ms
2026-07-04 09:34:01.002 T:1305 debug : CVideoPlayer::ProcessPacket packet from enhancement layer: size:67897 dts:802.399 pts:802.524 dur:41.700ms
2026-07-04 09:34:01.015 T:1307 debug : CVideoPlayerVideo::OutputPicture - ttd:687ms pts:798.864 Clock:798.176 Level:11
2026-07-04 09:34:01.034 T:1305 debug : CVideoPlayer::ProcessVideoData size:276119 dts:802.441 pts:802.441 dur:41.700ms, clock:798.196 level:100
2026-07-04 09:34:01.057 T:1307 debug : CVideoPlayerVideo::OutputPicture - ttd:687ms pts:798.906 Clock:798.219 Level:11
2026-07-04 09:34:01.064 T:1305 debug : CVideoPlayer::ProcessPacket packet from enhancement layer: size:15407 dts:802.441 pts:802.441 dur:41.700ms
2026-07-04 09:34:01.096 T:1305 debug : CVideoPlayer::ProcessVideoData size:287183 dts:802.482 pts:802.482 dur:41.700ms, clock:798.258 level:100
2026-07-04 09:34:01.104 T:1307 debug : CVideoPlayerVideo::OutputPicture - ttd:682ms pts:798.948 Clock:798.265 Level:11
2026-07-04 09:34:01.138 T:1307 debug : CVideoPlayerVideo::OutputPicture - ttd:689ms pts:798.989 Clock:798.300 Level:11
2026-07-04 09:34:01.182 T:1307 debug : CVideoPlayerVideo::OutputPicture - ttd:687ms pts:799.031 Clock:798.343 Level:11
2026-07-04 09:34:01.210 T:1305 debug : CVideoPlayer::ProcessPacket packet from enhancement layer: size:15697 dts:802.482 pts:802.482 dur:41.700ms
2026-07-04 09:34:01.227 T:1307 debug : CVideoPlayerVideo::OutputPicture - ttd:684ms pts:799.073 Clock:798.388 Level:11
2026-07-04 09:34:01.242 T:1305 debug : CVideoPlayer::ProcessVideoData size:653806 dts:802.524 pts:802.649 dur:41.700ms, clock:798.403 level:100
2026-07-04 09:34:01.242 T:1305 debug : CVideoPlayer::ProcessPacket packet from enhancement layer: size:65255 dts:802.524 pts:802.649 dur:41.700ms
2026-07-04 09:34:01.265 T:1307 debug : CVideoPlayerVideo::OutputPicture - ttd:687ms pts:799.114 Clock:798.427 Level:11
2026-07-04 09:34:01.272 T:1305 debug : CVideoPlayer::ProcessVideoData size:275778 dts:802.566 pts:802.566 dur:41.700ms, clock:798.433 level:100
2026-07-04 09:34:01.306 T:1305 debug : CVideoPlayer::ProcessPacket packet from enhancement layer: size:14719 dts:802.566 pts:802.566 dur:41.700ms
2026-07-04 09:34:01.307 T:1307 debug : CVideoPlayerVideo::OutputPicture - ttd:687ms pts:799.156 Clock:798.469 Level:11
2026-07-04 09:34:01.333 T:1305 debug : CVideoPlayer::ProcessVideoData size:287965 dts:802.607 pts:802.607 dur:41.700ms, clock:798.494 level:100
2026-07-04 09:34:01.342 T:937 debug : TEMP: [framecount] video=8400 ctrls=8400 subs=2784 skip-gui=1348 skip-any=1348
2026-07-04 09:34:01.361 T:1307 debug : CVideoPlayerVideo::OutputPicture - ttd:674ms pts:799.198 Clock:798.523 Level:11
2026-07-04 09:34:01.392 T:1307 debug : CPtsTracker: detected pattern of length 1: 41711.00, frameduration: 41708.333333
2026-07-04 09:34:01.392 T:1307 debug : CVideoPlayerVideo::OutputPicture - ttd:686ms pts:799.240 Clock:798.553 Level:11
2026-07-04 09:34:01.432 T:1307 debug : CVideoPlayerVideo::OutputPicture - ttd:687ms pts:799.281 Clock:798.594 Level:11
2026-07-04 09:34:01.474 T:1305 debug : CVideoPlayer::ProcessVideoData size:694594 dts:802.649 pts:802.774 dur:41.700ms, clock:798.635 level:100
2026-07-04 09:34:01.475 T:1305 debug : CVideoPlayer::ProcessPacket packet from enhancement layer: size:14322 dts:802.607 pts:802.607 dur:41.700ms
2026-07-04 09:34:01.477 T:1307 debug : CVideoPlayerVideo::OutputPicture - ttd:684ms pts:799.323 Clock:798.639 Level:11
2026-07-04 09:34:01.514 T:1307 debug : CVideoPlayerVideo::OutputPicture - ttd:688ms pts:799.365 Clock:798.676 Level:11
2026-07-04 09:34:01.526 T:1305 debug : CVideoPlayer::ProcessPacket packet from enhancement layer: size:66074 dts:802.649 pts:802.774 dur:41.700ms
2026-07-04 09:34:01.557 T:1307 debug : CVideoPlayerVideo::OutputPicture - ttd:687ms pts:799.406 Clock:798.718 Level:11
2026-07-04 09:34:01.560 T:1305 debug : CVideoPlayer::ProcessVideoData size:283260 dts:802.691 pts:802.691 dur:41.700ms, clock:798.722 level:100
2026-07-04 09:34:01.561 T:1305 debug : CVideoPlayer::ProcessPacket packet from enhancement layer: size:15707 dts:802.691 pts:802.691 dur:41.700ms
2026-07-04 09:34:01.586 T:1305 debug : CVideoPlayer::ProcessVideoData size:285578 dts:802.733 pts:802.733 dur:41.700ms, clock:798.747 level:100
2026-07-04 09:34:01.602 T:1307 debug : CVideoPlayerVideo::OutputPicture - ttd:684ms pts:799.448 Clock:798.763 Level:11
2026-07-04 09:34:01.640 T:1307 debug : CVideoPlayerVideo::OutputPicture - ttd:688ms pts:799.490 Clock:798.802 Level:11
2026-07-04 09:34:01.681 T:1307 debug : CVideoPlayerVideo::OutputPicture - ttd:688ms pts:799.532 Clock:798.843 Level:11
2026-07-04 09:34:01.729 T:1307 debug : CVideoPlayerVideo::OutputPicture - ttd:682ms pts:799.573 Clock:798.891 Level:11
2026-07-04 09:34:01.755 T:1305 debug : CVideoPlayer::ProcessVideoData size:670009 dts:802.774 pts:802.899 dur:41.700ms, clock:798.917 level:100
2026-07-04 09:34:01.766 T:1307 debug : CVideoPlayerVideo::OutputPicture - ttd:687ms pts:799.615 Clock:798.928 Level:11
2026-07-04 09:34:01.781 T:1305 debug : CVideoPlayer::ProcessPacket packet from enhancement layer: size:14557 dts:802.733 pts:802.733 dur:41.700ms
2026-07-04 09:34:01.782 T:1305 debug : CVideoPlayer::ProcessPacket packet from enhancement layer: size:65714 dts:802.774 pts:802.899 dur:41.700ms
2026-07-04 09:34:01.809 T:1307 debug : CVideoPlayerVideo::OutputPicture - ttd:685ms pts:799.657 Clock:798.971 Level:11
2026-07-04 09:34:01.815 T:1305 debug : CVideoPlayer::ProcessVideoData size:294884 dts:802.816 pts:802.816 dur:41.700ms, clock:798.977 level:100
2026-07-04 09:34:01.816 T:1305 debug : CVideoPlayer::ProcessPacket packet from enhancement layer: size:14480 dts:802.816 pts:802.816 dur:41.700ms
2026-07-04 09:34:01.840 T:1305 debug : CVideoPlayer::ProcessVideoData size:291832 dts:802.858 pts:802.858 dur:41.700ms, clock:799.002 level:100
2026-07-04 09:34:01.856 T:1307 debug : CVideoPlayerVideo::OutputPicture - ttd:681ms pts:799.698 Clock:799.017 Level:11
2026-07-04 09:34:01.890 T:1307 debug : CVideoPlayerVideo::OutputPicture - ttd:688ms pts:799.740 Clock:799.051 Level:11
2026-07-04 09:34:01.930 T:1307 debug : CVideoPlayerVideo::OutputPicture - ttd:690ms pts:799.782 Clock:799.092 Level:11
2026-07-04 09:34:01.937 T:1305 debug : CVideoPlayer::ProcessVideoData size:673590 dts:802.899 pts:803.025 dur:41.700ms, clock:799.099 level:100
2026-07-04 09:34:01.939 T:1305 debug : CVideoPlayer::ProcessPacket packet from enhancement layer: size:14588 dts:802.858 pts:802.858 dur:41.700ms
2026-07-04 09:34:01.939 T:1305 debug : CVideoPlayer::ProcessPacket packet from enhancement layer: size:66595 dts:802.899 pts:803.025 dur:41.700ms
2026-07-04 09:34:01.976 T:1305 debug : CVideoPlayer::ProcessVideoData size:290418 dts:802.941 pts:802.941 dur:41.700ms, clock:799.137 level:100
2026-07-04 09:34:01.977 T:1305 debug : CVideoPlayer::ProcessPacket packet from enhancement layer: size:14359 dts:802.941 pts:802.941 dur:41.700ms
2026-07-04 09:34:01.979 T:1307 debug : CVideoPlayerVideo::OutputPicture - ttd:682ms pts:799.824 Clock:799.141 Level:11
2026-07-04 09:34:02.014 T:1307 debug : CVideoPlayerVideo::OutputPicture - ttd:689ms pts:799.865 Clock:799.175 Level:11
2026-07-04 09:34:02.033 T:1305 debug : CVideoPlayer::ProcessVideoData size:285879 dts:802.983 pts:802.983 dur:41.700ms, clock:799.195 level:100
2026-07-04 09:34:02.057 T:1307 debug : CVideoPlayerVideo::OutputPicture - ttd:688ms pts:799.907 Clock:799.219 Level:11
2026-07-04 09:34:02.105 T:1307 debug : CVideoPlayerVideo::OutputPicture - ttd:681ms pts:799.949 Clock:799.267 Level:11
2026-07-04 09:34:02.113 T:1305 debug : CVideoPlayer::ProcessPacket packet from enhancement layer: size:14885 dts:802.983 pts:802.983 dur:41.700ms
2026-07-04 09:34:02.139 T:1307 debug : CVideoPlayerVideo::OutputPicture - ttd:689ms pts:799.990 Clock:799.301 Level:11
2026-07-04 09:34:02.150 T:1305 debug : CVideoPlayer::ProcessVideoData size:1075757 dts:803.025 pts:803.150 dur:41.700ms, clock:799.311 level:100
2026-07-04 09:34:02.152 T:1305 debug : CVideoPlayer::ProcessPacket packet from enhancement layer: size:227627 dts:803.025 pts:803.150 dur:41.700ms
2026-07-04 09:34:02.181 T:1305 debug : CVideoPlayer::ProcessVideoData size:284595 dts:803.066 pts:803.066 dur:41.700ms, clock:799.342 level:100
2026-07-04 09:34:02.182 T:1307 debug : CVideoPlayerVideo::OutputPicture - ttd:688ms pts:800.032 Clock:799.344 Level:11
2026-07-04 09:34:02.206 T:1305 debug : CVideoPlayer::ProcessPacket packet from enhancement layer: size:14542 dts:803.066 pts:803.066 dur:41.700ms
2026-07-04 09:34:02.237 T:1307 debug : CVideoPlayerVideo::OutputPicture - ttd:675ms pts:800.074 Clock:799.398 Level:11
2026-07-04 09:34:02.244 T:1305 debug : CVideoPlayer::ProcessVideoData size:283273 dts:803.108 pts:803.108 dur:41.700ms, clock:799.406 level:100
2026-07-04 09:34:02.267 T:1307 debug : CVideoPlayerVideo::OutputPicture - ttd:686ms pts:800.116 Clock:799.429 Level:11
2026-07-04 09:34:02.305 T:1307 debug : CVideoPlayerVideo::OutputPicture - ttd:690ms pts:800.157 Clock:799.467 Level:12
2026-07-04 09:34:02.356 T:1307 debug : CVideoPlayerVideo::OutputPicture - ttd:681ms pts:800.199 Clock:799.518 Level:11
2026-07-04 09:34:02.391 T:1307 debug : CVideoPlayerVideo::OutputPicture - ttd:688ms pts:800.241 Clock:799.553 Level:11
2026-07-04 09:34:02.429 T:1307 debug : CVideoPlayerVideo::OutputPicture - ttd:691ms pts:800.282 Clock:799.591 Level:11
2026-07-04 09:34:02.478 T:1307 debug : CVideoPlayerVideo::OutputPicture - ttd:684ms pts:800.324 Clock:799.639 Level:11
2026-07-04 09:34:02.515 T:1307 debug : CVideoPlayerVideo::OutputPicture - ttd:689ms pts:800.366 Clock:799.677 Level:11
2026-07-04 09:34:02.532 T:1305 debug : CVideoPlayer::ProcessVideoData size:661058 dts:803.150 pts:803.275 dur:41.700ms, clock:799.694 level:100
2026-07-04 09:34:02.533 T:1305 debug : CVideoPlayer::ProcessPacket packet from enhancement layer: size:14542 dts:803.108 pts:803.108 dur:41.700ms
2026-07-04 09:34:02.534 T:1305 debug : CVideoPlayer::ProcessPacket packet from enhancement layer: size:68372 dts:803.150 pts:803.275 dur:41.700ms
2026-07-04 09:34:02.557 T:1307 debug : CVideoPlayerVideo::OutputPicture - ttd:688ms pts:800.407 Clock:799.718 Level:11
2026-07-04 09:34:02.561 T:1305 debug : CVideoPlayer::ProcessVideoData size:280750 dts:803.191 pts:803.191 dur:41.700ms, clock:799.723 level:100
2026-07-04 09:34:02.589 T:1305 debug : CVideoPlayer::ProcessPacket packet from enhancement layer: size:15326 dts:803.191 pts:803.191 dur:41.700ms
2026-07-04 09:34:02.604 T:1307 debug : CVideoPlayerVideo::OutputPicture - ttd:683ms pts:800.449 Clock:799.765 Level:11
2026-07-04 09:34:02.620 T:1305 debug : CVideoPlayer::ProcessVideoData size:278119 dts:803.233 pts:803.233 dur:41.700ms, clock:799.782 level:100
2026-07-04 09:34:02.642 T:1307 debug : CVideoPlayerVideo::OutputPicture - ttd:686ms pts:800.491 Clock:799.804 Level:11
2026-07-04 09:34:02.683 T:1307 debug : CVideoPlayerVideo::OutputPicture - ttd:688ms pts:800.533 Clock:799.844 Level:11
2026-07-04 09:34:02.730 T:1307 debug : CVideoPlayerVideo::OutputPicture - ttd:682ms pts:800.574 Clock:799.892 Level:11
2026-07-04 09:34:02.743 T:1305 debug : CVideoPlayer::ProcessVideoData size:683606 dts:803.275 pts:803.400 dur:41.700ms, clock:799.905 level:100
2026-07-04 09:34:02.761 T:1305 debug : CVideoPlayer::ProcessPacket packet from enhancement layer: size:15476 dts:803.233 pts:803.233 dur:41.700ms
2026-07-04 09:34:02.761 T:1305 debug : CVideoPlayer::ProcessPacket packet from enhancement layer: size:69610 dts:803.275 pts:803.400 dur:41.700ms
2026-07-04 09:34:02.766 T:1307 debug : CVideoPlayerVideo::OutputPicture - ttd:688ms pts:800.616 Clock:799.927 Level:11
2026-07-04 09:34:02.808 T:1307 debug : CVideoPlayerVideo::OutputPicture - ttd:687ms pts:800.658 Clock:799.970 Level:11
2026-07-04 09:34:02.819 T:1305 debug : CVideoPlayer::ProcessVideoData size:286301 dts:803.316 pts:803.316 dur:41.700ms, clock:799.981 level:100
2026-07-04 09:34:02.820 T:1305 debug : CVideoPlayer::ProcessPacket packet from enhancement layer: size:16056 dts:803.316 pts:803.316 dur:41.700ms
2026-07-04 09:34:02.855 T:1307 debug : CVideoPlayerVideo::OutputPicture - ttd:682ms pts:800.699 Clock:800.017 Level:11
2026-07-04 09:34:02.865 T:1305 debug : CVideoPlayer::ProcessVideoData size:282098 dts:803.358 pts:803.358 dur:41.700ms, clock:800.027 level:100
2026-07-04 09:34:02.891 T:1307 debug : CVideoPlayerVideo::OutputPicture - ttd:688ms pts:800.741 Clock:800.053 Level:11
2026-07-04 09:34:02.933 T:1307 debug : CVideoPlayerVideo::OutputPicture - ttd:688ms pts:800.783 Clock:800.095 Level:11
2026-07-04 09:34:02.941 T:1305 debug : CVideoPlayer::ProcessVideoData size:696337 dts:803.400 pts:803.525 dur:41.700ms, clock:800.103 level:100
2026-07-04 09:34:02.957 T:1305 debug : CVideoPlayer::ProcessPacket packet from enhancement layer: size:15362 dts:803.358 pts:803.358 dur:41.700ms
2026-07-04 09:34:02.961 T:1305 debug : CVideoPlayer::ProcessPacket packet from enhancement layer: size:66446 dts:803.400 pts:803.525 dur:41.700ms
2026-07-04 09:34:02.978 T:1307 debug : CVideoPlayerVideo::OutputPicture - ttd:685ms pts:800.825 Clock:800.140 Level:11
2026-07-04 09:34:03.016 T:1307 debug : CVideoPlayerVideo::OutputPicture - ttd:688ms pts:800.866 Clock:800.178 Level:11
2026-07-04 09:34:03.040 T:1305 debug : CVideoPlayer::ProcessVideoData size:285864 dts:803.442 pts:803.442 dur:41.700ms, clock:800.202 level:100
2026-07-04 09:34:03.045 T:1305 debug : CVideoPlayer::ProcessPacket packet from enhancement layer: size:16112 dts:803.442 pts:803.442 dur:41.700ms
2026-07-04 09:34:03.058 T:1307 debug : CVideoPlayerVideo::OutputPicture - ttd:688ms pts:800.908 Clock:800.220 Level:11
2026-07-04 09:34:03.078 T:1305 debug : CVideoPlayer::ProcessVideoData size:284095 dts:803.483 pts:803.483 dur:41.700ms, clock:800.240 level:100
2026-07-04 09:34:03.111 T:1307 debug : CVideoPlayerVideo::OutputPicture - ttd:676ms pts:800.950 Clock:800.273 Level:11
2026-07-04 09:34:03.145 T:1307 debug : CVideoPlayerVideo::OutputPicture - ttd:685ms pts:800.991 Clock:800.306 Level:11
2026-07-04 09:34:03.183 T:1307 debug : CVideoPlayerVideo::OutputPicture - ttd:688ms pts:801.033 Clock:800.345 Level:11
2026-07-04 09:34:03.205 T:1305 debug : CVideoPlayer::ProcessPacket packet from enhancement layer: size:15197 dts:803.483 pts:803.483 dur:41.700ms
2026-07-04 09:34:03.228 T:1307 debug : CVideoPlayerVideo::OutputPicture - ttd:685ms pts:801.075 Clock:800.389 Level:11
2026-07-04 09:34:03.248 T:1305 debug : CVideoPlayer::ProcessVideoData size:703239 dts:803.525 pts:803.650 dur:41.700ms, clock:800.410 level:100
2026-07-04 09:34:03.249 T:1305 debug : CVideoPlayer::ProcessPacket packet from enhancement layer: size:64987 dts:803.525 pts:803.650 dur:41.700ms
2026-07-04 09:34:03.267 T:1307 debug : CVideoPlayerVideo::OutputPicture - ttd:687ms pts:801.117 Clock:800.429 Level:11
2026-07-04 09:34:03.281 T:1305 debug : CVideoPlayer::ProcessVideoData size:288249 dts:803.567 pts:803.567 dur:41.700ms, clock:800.443 level:100
2026-07-04 09:34:03.310 T:1307 debug : CVideoPlayerVideo::OutputPicture - ttd:686ms pts:801.158 Clock:800.471 Level:11
2026-07-04 09:34:03.338 T:1305 debug : CVideoPlayer::ProcessPacket packet from enhancement layer: size:18193 dts:803.567 pts:803.567 dur:41.700ms
2026-07-04 09:34:03.350 T:1307 debug : CVideoPlayerVideo::OutputPicture - ttd:687ms pts:801.200 Clock:800.512 Level:11
2026-07-04 09:34:03.392 T:1307 debug : CVideoPlayerVideo::OutputPicture - ttd:687ms pts:801.242 Clock:800.554 Level:11
2026-07-04 09:34:03.414 T:1305 debug : CVideoPlayer::ProcessVideoData size:289097 dts:803.608 pts:803.608 dur:41.700ms, clock:800.576 level:100
2026-07-04 09:34:03.436 T:1307 debug : CVideoPlayerVideo::OutputPicture - ttd:685ms pts:801.283 Clock:800.598 Level:11
2026-07-04 09:34:03.476 T:1307 debug : CVideoPlayerVideo::OutputPicture - ttd:687ms pts:801.325 Clock:800.638 Level:11
2026-07-04 09:34:03.517 T:1307 debug : CVideoPlayerVideo::OutputPicture - ttd:687ms pts:801.367 Clock:800.679 Level:11
2026-07-04 09:34:03.559 T:1307 debug : CVideoPlayerVideo::OutputPicture - ttd:687ms pts:801.409 Clock:800.721 Level:11
2026-07-04 09:34:03.588 T:1305 debug : CVideoPlayer::ProcessPacket packet from enhancement layer: size:17640 dts:803.608 pts:803.608 dur:41.700ms
2026-07-04 09:34:03.601 T:1307 debug : CVideoPlayerVideo::OutputPicture - ttd:687ms pts:801.450 Clock:800.763 Level:11
2026-07-04 09:34:03.643 T:1307 debug : CVideoPlayerVideo::OutputPicture - ttd:686ms pts:801.492 Clock:800.805 Level:11
2026-07-04 09:34:03.683 T:1307 debug : CVideoPlayerVideo::OutputPicture - ttd:688ms pts:801.534 Clock:800.845 Level:11
2026-07-04 09:34:03.728 T:1307 debug : CVideoPlayerVideo::OutputPicture - ttd:685ms pts:801.575 Clock:800.890 Level:11
2026-07-04 09:34:03.767 T:1307 debug : CVideoPlayerVideo::OutputPicture - ttd:687ms pts:801.617 Clock:800.929 Level:11
2026-07-04 09:34:03.811 T:1307 debug : CVideoPlayerVideo::OutputPicture - ttd:686ms pts:801.659 Clock:800.973 Level:11
2026-07-04 09:34:03.853 T:1307 debug : CVideoPlayerVideo::OutputPicture - ttd:685ms pts:801.701 Clock:801.015 Level:11
2026-07-04 09:34:03.895 T:1307 debug : CVideoPlayerVideo::OutputPicture - ttd:685ms pts:801.742 Clock:801.057 Level:11
2026-07-04 09:34:03.917 T:1305 debug : CVideoPlayer::ProcessVideoData size:703078 dts:803.650 pts:803.775 dur:41.700ms, clock:801.079 level:100
2026-07-04 09:34:03.918 T:1305 debug : CVideoPlayer::ProcessPacket packet from enhancement layer: size:64861 dts:803.650 pts:803.775 dur:41.700ms
2026-07-04 09:34:03.936 T:1307 debug : CVideoPlayerVideo::OutputPicture - ttd:685ms pts:801.784 Clock:801.098 Level:11
2026-07-04 09:34:03.984 T:1307 debug : CVideoPlayerVideo::OutputPicture - ttd:679ms pts:801.826 Clock:801.146 Level:11
2026-07-04 09:34:04.021 T:1307 debug : CVideoPlayerVideo::OutputPicture - ttd:684ms pts:801.867 Clock:801.183 Level:11
2026-07-04 09:34:04.058 T:1307 debug : CVideoPlayerVideo::OutputPicture - ttd:689ms pts:801.909 Clock:801.220 Level:11
2026-07-04 09:34:04.104 T:1307 debug : CVideoPlayerVideo::OutputPicture - ttd:684ms pts:801.951 Clock:801.266 Level:11
2026-07-04 09:34:04.143 T:1307 debug : CVideoPlayerVideo::OutputPicture - ttd:687ms pts:801.992 Clock:801.305 Level:11
2026-07-04 09:34:04.183 T:1307 debug : CVideoPlayerVideo::OutputPicture - ttd:689ms pts:802.034 Clock:801.345 Level:11
2026-07-04 09:34:04.388 T:1305 debug : CVideoPlayer::ProcessVideoData size:288529 dts:803.692 pts:803.692 dur:41.700ms, clock:801.550 level:0
2026-07-04 09:34:04.388 T:1305 debug : CVideoPlayer::ProcessPacket packet from enhancement layer: size:17715 dts:803.692 pts:803.692 dur:41.700ms
2026-07-04 09:34:04.391 T:1307 debug : CVideoPlayerVideo::OutputPicture - ttd:522ms pts:802.076 Clock:801.553 Level:7
2026-07-04 09:34:04.392 T:1307 debug : CVideoPlayerVideo::OutputPicture - ttd:563ms pts:802.118 Clock:801.554 Level:8
2026-07-04 09:34:04.393 T:1307 debug : CVideoPlayerVideo::OutputPicture - ttd:604ms pts:802.159 Clock:801.555 Level:9
2026-07-04 09:34:04.394 T:1307 debug : CVideoPlayerVideo::OutputPicture - ttd:644ms pts:802.201 Clock:801.556 Level:10
2026-07-04 09:34:04.395 T:1307 debug : CVideoPlayerVideo::OutputPicture - ttd:685ms pts:802.243 Clock:801.557 Level:11
2026-07-04 09:34:04.405 T:1305 debug : CVideoPlayer::ProcessVideoData size:286111 dts:803.734 pts:803.734 dur:41.700ms, clock:801.567 level:0
2026-07-04 09:34:04.469 T:1305 debug : CVideoPlayer::ProcessPacket packet from enhancement layer: size:17694 dts:803.734 pts:803.734 dur:41.700ms
2026-07-04 09:34:04.469 T:1307 debug : CVideoPlayerVideo::OutputPicture - ttd:653ms pts:802.284 Clock:801.631 Level:11
2026-07-04 09:34:04.497 T:1305 debug : CVideoPlayer::ProcessVideoData size:711674 dts:803.775 pts:803.900 dur:41.700ms, clock:801.659 level:0
2026-07-04 09:34:04.498 T:1305 debug : CVideoPlayer::ProcessPacket packet from enhancement layer: size:63840 dts:803.775 pts:803.900 dur:41.700ms
2026-07-04 09:34:04.502 T:1307 debug : CVideoPlayerVideo::OutputPicture - ttd:662ms pts:802.326 Clock:801.664 Level:11
2026-07-04 09:34:04.520 T:1305 debug : CVideoPlayer::ProcessVideoData size:285807 dts:803.817 pts:803.817 dur:41.700ms, clock:801.682 level:0
2026-07-04 09:34:04.523 T:1307 debug : CVideoPlayerVideo::OutputPicture - ttd:682ms pts:802.368 Clock:801.685 Level:11
2026-07-04 09:34:04.532 T:1305 debug : CVideoPlayer::ProcessPacket packet from enhancement layer: size:17998 dts:803.817 pts:803.817 dur:41.700ms
2026-07-04 09:34:04.557 T:1305 debug : CVideoPlayer::ProcessVideoData size:284438 dts:803.859 pts:803.859 dur:41.700ms, clock:801.719 level:0
2026-07-04 09:34:04.560 T:1307 debug : CVideoPlayerVideo::OutputPicture - ttd:687ms pts:802.410 Clock:801.722 Level:11
2026-07-04 09:34:04.979 T:1307 debug : CVideoPlayerVideo::OutputPicture - ttd:310ms pts:802.451 Clock:802.141 Level:2
2026-07-04 09:34:04.980 T:1307 debug : CVideoPlayerVideo::OutputPicture - ttd:351ms pts:802.493 Clock:802.142 Level:3
2026-07-04 09:34:04.981 T:1307 debug : CVideoPlayerVideo::OutputPicture - ttd:391ms pts:802.535 Clock:802.143 Level:4
2026-07-04 09:34:04.982 T:1307 debug : CVideoPlayerVideo::OutputPicture - ttd:432ms pts:802.576 Clock:802.144 Level:5
2026-07-04 09:34:04.983 T:1307 debug : CVideoPlayerVideo::OutputPicture - ttd:472ms pts:802.618 Clock:802.145 Level:6
2026-07-04 09:34:04.984 T:1307 debug : CVideoPlayerVideo::OutputPicture - ttd:513ms pts:802.660 Clock:802.146 Level:7
2026-07-04 09:34:04.985 T:1307 debug : CVideoPlayerVideo::OutputPicture - ttd:554ms pts:802.702 Clock:802.147 Level:8
2026-07-04 09:34:04.986 T:1307 debug : CVideoPlayerVideo::OutputPicture - ttd:594ms pts:802.743 Clock:802.148 Level:9
2026-07-04 09:34:04.987 T:1307 debug : CVideoPlayerVideo::OutputPicture - ttd:635ms pts:802.785 Clock:802.150 Level:10
2026-07-04 09:34:04.989 T:1307 debug : CVideoPlayerVideo::OutputPicture - ttd:676ms pts:802.827 Clock:802.151 Level:11
2026-07-04 09:34:05.077 T:1305 debug : CVideoPlayer::ProcessPacket packet from enhancement layer: size:17828 dts:803.859 pts:803.859 dur:41.700ms
2026-07-04 09:34:05.077 T:1307 debug : CVideoPlayerVideo::OutputPicture - ttd:628ms pts:802.868 Clock:802.240 Level:10
2026-07-04 09:34:05.079 T:1307 debug : CVideoPlayerVideo::OutputPicture - ttd:669ms pts:802.910 Clock:802.241 Level:11
2026-07-04 09:34:05.096 T:1305 debug : CVideoPlayer::ProcessVideoData size:1149888 dts:803.900 pts:804.026 dur:41.700ms, clock:802.258 level:0
2026-07-04 09:34:05.117 T:1305 debug : CVideoPlayer::ProcessPacket packet from enhancement layer: size:227590 dts:803.900 pts:804.026 dur:41.700ms
2026-07-04 09:34:05.118 T:1307 debug : CVideoPlayerVideo::OutputPicture - ttd:672ms pts:802.952 Clock:802.280 Level:11
2026-07-04 09:34:05.155 T:1305 debug : CVideoPlayer::ProcessVideoData size:283106 dts:803.942 pts:803.942 dur:41.700ms, clock:802.317 level:0
2026-07-04 09:34:05.155 T:1305 debug : CVideoPlayer::ProcessPacket packet from enhancement layer: size:17510 dts:803.942 pts:803.942 dur:41.700ms
2026-07-04 09:34:05.159 T:1307 debug : CVideoPlayerVideo::OutputPicture - ttd:672ms pts:802.994 Clock:802.321 Level:11
2026-07-04 09:34:05.222 T:1305 debug : CVideoPlayer::ProcessVideoData size:283792 dts:803.984 pts:803.984 dur:41.700ms, clock:802.384 level:0
2026-07-04 09:34:05.226 T:1307 debug : CVideoPlayerVideo::OutputPicture - ttd:647ms pts:803.035 Clock:802.388 Level:10
2026-07-04 09:34:05.588 T:1305 debug : CVideoPlayer::ProcessVideoData size:710234 dts:804.026 pts:804.151 dur:41.700ms, clock:802.750 level:0
2026-07-04 09:34:05.588 T:1307 debug : CVideoPlayerVideo::OutputPicture - ttd:326ms pts:803.077 Clock:802.750 Level:3
2026-07-04 09:34:05.588 T:1305 debug : CVideoPlayer::ProcessPacket packet from enhancement layer: size:16874 dts:803.984 pts:803.984 dur:41.700ms
2026-07-04 09:34:05.589 T:1305 debug : CVideoPlayer::ProcessPacket packet from enhancement layer: size:69742 dts:804.026 pts:804.151 dur:41.700ms
2026-07-04 09:34:05.590 T:1307 debug : CVideoPlayerVideo::OutputPicture - ttd:366ms pts:803.119 Clock:802.752 Level:4
2026-07-04 09:34:05.591 T:1307 debug : CVideoPlayerVideo::OutputPicture - ttd:407ms pts:803.160 Clock:802.753 Level:5
2026-07-04 09:34:05.592 T:1307 debug : CVideoPlayerVideo::OutputPicture - ttd:447ms pts:803.202 Clock:802.754 Level:6
2026-07-04 09:34:05.593 T:1307 debug : CVideoPlayerVideo::OutputPicture - ttd:488ms pts:803.244 Clock:802.755 Level:7
2026-07-04 09:34:05.594 T:1307 debug : CVideoPlayerVideo::OutputPicture - ttd:528ms pts:803.286 Clock:802.757 Level:8
2026-07-04 09:34:05.596 T:1307 debug : CVideoPlayerVideo::OutputPicture - ttd:569ms pts:803.327 Clock:802.758 Level:9
2026-07-04 09:34:05.597 T:1307 debug : CVideoPlayerVideo::OutputPicture - ttd:610ms pts:803.369 Clock:802.759 Level:9
2026-07-04 09:34:05.598 T:1307 debug : CVideoPlayerVideo::OutputPicture - ttd:650ms pts:803.411 Clock:802.760 Level:10
2026-07-04 09:34:05.669 T:1305 debug : CVideoPlayer::ProcessVideoData size:282638 dts:804.067 pts:804.067 dur:41.700ms, clock:802.832 level:0
2026-07-04 09:34:05.670 T:1305 debug : CVideoPlayer::ProcessPacket packet from enhancement layer: size:17437 dts:804.067 pts:804.067 dur:41.700ms
2026-07-04 09:34:05.673 T:1307 debug : CVideoPlayerVideo::OutputPicture - ttd:616ms pts:803.452 Clock:802.836 Level:10
2026-07-04 09:34:05.675 T:1307 debug : CVideoPlayerVideo::OutputPicture - ttd:657ms pts:803.494 Clock:802.837 Level:11
2026-07-04 09:34:05.962 T:1305 debug : CVideoPlayer::ProcessVideoData size:281773 dts:804.109 pts:804.109 dur:41.700ms, clock:803.124 level:0
2026-07-04 09:34:06.017 T:1305 debug : CVideoPlayer::ProcessVideoData size:718545 dts:804.151 pts:804.276 dur:41.700ms, clock:803.179 level:0
2026-07-04 09:34:06.018 T:1305 debug : CVideoPlayer::ProcessPacket packet from enhancement layer: size:17634 dts:804.109 pts:804.109 dur:41.700ms
2026-07-04 09:34:06.018 T:1305 debug : CVideoPlayer::ProcessPacket packet from enhancement layer: size:69648 dts:804.151 pts:804.276 dur:41.700ms
2026-07-04 09:34:06.064 T:1305 debug : CVideoPlayer::ProcessVideoData size:281791 dts:804.192 pts:804.192 dur:41.700ms, clock:803.226 level:0
2026-07-04 09:34:06.133 T:1305 debug : CVideoPlayer::ProcessPacket packet from enhancement layer: size:18034 dts:804.192 pts:804.192 dur:41.700ms
2026-07-04 09:34:06.200 T:1305 debug : CVideoPlayer::ProcessVideoData size:280260 dts:804.234 pts:804.234 dur:41.700ms, clock:803.362 level:0
2026-07-04 09:34:06.474 T:1308 info : CVideoPlayerAudio::Process - stream stalled
2026-07-04 09:34:06.486 T:1305 debug : CVideoPlayer::ProcessPacket packet from enhancement layer: size:18486 dts:804.234 pts:804.234 dur:41.700ms
2026-07-04 09:34:06.486 T:1305 debug : CDVDClock::SetSpeedAdjust - adjusted:0.000000
2026-07-04 09:34:06.486 T:1308 debug : CDVDAudio::Pause - pausing audio stream
2026-07-04 09:34:06.486 T:1307 debug : CAMLCodec::SetSpeed, speed(0)
2026-07-04 09:34:06.504 T:1305 debug : CVideoPlayer::ProcessVideoData size:722046 dts:804.276 pts:804.401 dur:41.700ms, clock:803.649 level:0
2026-07-04 09:34:06.513 T:937 debug : ------ Window Init (DialogSeekBar.xml) ------
2026-07-04 09:34:06.531 T:1305 debug : CVideoPlayer::ProcessPacket packet from enhancement layer: size:62972 dts:804.276 pts:804.401 dur:41.700ms
2026-07-04 09:34:06.559 T:1305 debug : CVideoPlayer::ProcessVideoData size:281600 dts:804.317 pts:804.317 dur:41.700ms, clock:803.649 level:0
2026-07-04 09:34:06.560 T:1305 debug : CVideoPlayer::ProcessPacket packet from enhancement layer: size:18983 dts:804.317 pts:804.317 dur:41.700ms
2026-07-04 09:34:06.581 T:1305 debug : CVideoPlayer::ProcessVideoData size:282222 dts:804.359 pts:804.359 dur:41.700ms, clock:803.649 level:0
2026-07-04 09:34:06.625 T:1305 debug : CVideoPlayer::ProcessPacket packet from enhancement layer: size:19077 dts:804.359 pts:804.359 dur:41.700ms
2026-07-04 09:34:06.667 T:1305 debug : CVideoPlayer::ProcessVideoData size:707042 dts:804.401 pts:804.526 dur:41.700ms, clock:803.649 level:0
2026-07-04 09:34:06.667 T:1305 debug : CVideoPlayer::ProcessPacket packet from enhancement layer: size:62439 dts:804.401 pts:804.526 dur:41.700ms
2026-07-04 09:34:06.692 T:1305 debug : CVideoPlayer::ProcessVideoData size:274395 dts:804.443 pts:804.443 dur:41.700ms, clock:803.649 level:0
2026-07-04 09:34:06.693 T:1305 debug : CVideoPlayer::ProcessPacket packet from enhancement layer: size:19661 dts:804.443 pts:804.443 dur:41.700ms
2026-07-04 09:34:06.716 T:1305 debug : CVideoPlayer::ProcessVideoData size:272603 dts:804.484 pts:804.484 dur:41.700ms, clock:803.649 level:0
