2026-07-04 09:29:49.664 T:1307 debug : CVideoPlayerVideo::OutputPicture - ttd:143ms pts:679.863 Clock:679.720 Level:2
2026-07-04 09:29:49.666 T:1307 debug : CVideoPlayerVideo::OutputPicture - ttd:184ms pts:679.904 Clock:679.720 Level:3
2026-07-04 09:29:49.680 T:1305 debug : CVideoPlayer::ProcessVideoData size:239242 dts:680.819 pts:680.819 dur:41.700ms, clock:679.720 level:0
2026-07-04 09:29:49.684 T:1307 debug : CVideoPlayerVideo::OutputPicture - ttd:226ms pts:679.946 Clock:679.720 Level:4
2026-07-04 09:29:49.951 T:1305 debug : CVideoPlayer::ProcessPacket packet from enhancement layer: size:22898 dts:680.819 pts:680.819 dur:41.700ms
2026-07-04 09:29:49.967 T:1305 debug : CVideoPlayer::ProcessVideoData size:778441 dts:680.861 pts:680.986 dur:41.700ms, clock:679.720 level:0
2026-07-04 09:29:49.968 T:1305 debug : CVideoPlayer::ProcessPacket packet from enhancement layer: size:51628 dts:680.861 pts:680.986 dur:41.700ms
2026-07-04 09:29:49.977 T:1305 debug : CVideoPlayer::ProcessVideoData size:218765 dts:680.903 pts:680.903 dur:41.700ms, clock:679.720 level:0
2026-07-04 09:29:49.978 T:1305 debug : CVideoPlayer::ProcessPacket packet from enhancement layer: size:26418 dts:680.903 pts:680.903 dur:41.700ms
2026-07-04 09:29:49.989 T:1305 debug : CVideoPlayer::ProcessVideoData size:234424 dts:680.944 pts:680.944 dur:41.700ms, clock:679.720 level:0
2026-07-04 09:29:50.038 T:1305 debug : CVideoPlayer::ProcessPacket packet from enhancement layer: size:26982 dts:680.944 pts:680.944 dur:41.700ms
2026-07-04 09:29:50.054 T:1305 debug : CVideoPlayer::ProcessVideoData size:744505 dts:680.986 pts:681.111 dur:41.700ms, clock:679.720 level:0
2026-07-04 09:29:50.054 T:1305 debug : CVideoPlayer::ProcessPacket packet from enhancement layer: size:62060 dts:680.986 pts:681.111 dur:41.700ms
2026-07-04 09:29:50.081 T:1305 debug : CVideoPlayer::ProcessVideoData size:213434 dts:681.028 pts:681.028 dur:41.700ms, clock:679.720 level:0
2026-07-04 09:29:50.082 T:1305 debug : CVideoPlayer::ProcessPacket packet from enhancement layer: size:25867 dts:681.028 pts:681.028 dur:41.700ms
2026-07-04 09:29:50.086 T:1307 debug : CVideoPlayerVideo::OutputPicture - ttd:268ms pts:679.988 Clock:679.720 Level:0
2026-07-04 09:29:50.087 T:1307 debug : CVideoPlayerVideo::OutputPicture - ttd:309ms pts:680.030 Clock:679.720 Level:1
2026-07-04 09:29:50.113 T:1305 debug : CVideoPlayer::ProcessVideoData size:218248 dts:681.069 pts:681.069 dur:41.700ms, clock:679.720 level:0
2026-07-04 09:29:50.117 T:1307 debug : CVideoPlayerVideo::OutputPicture - ttd:351ms pts:680.071 Clock:679.720 Level:2
2026-07-04 09:29:50.173 T:1305 debug : CVideoPlayer::ProcessPacket packet from enhancement layer: size:25636 dts:681.069 pts:681.069 dur:41.700ms
2026-07-04 09:29:50.173 T:1307 debug : CVideoPlayerVideo::OutputPicture - ttd:393ms pts:680.113 Clock:679.720 Level:3
2026-07-04 09:29:50.200 T:1305 debug : CVideoPlayer::ProcessVideoData size:743166 dts:681.111 pts:681.236 dur:41.700ms, clock:679.720 level:0
2026-07-04 09:29:50.200 T:1305 debug : CVideoPlayer::ProcessPacket packet from enhancement layer: size:46892 dts:681.111 pts:681.236 dur:41.700ms
2026-07-04 09:29:50.207 T:1307 debug : CVideoPlayerVideo::OutputPicture - ttd:434ms pts:680.155 Clock:679.720 Level:4
2026-07-04 09:29:50.209 T:1307 debug : CVideoPlayerVideo::OutputPicture - ttd:476ms pts:680.196 Clock:679.720 Level:5
2026-07-04 09:29:50.214 T:1305 debug : CVideoPlayer::ProcessVideoData size:224755 dts:681.153 pts:681.153 dur:41.700ms, clock:679.720 level:0
2026-07-04 09:29:50.214 T:1305 debug : CVideoPlayer::ProcessPacket packet from enhancement layer: size:26623 dts:681.153 pts:681.153 dur:41.700ms
2026-07-04 09:29:50.218 T:1307 debug : CVideoPlayerVideo::OutputPicture - ttd:518ms pts:680.238 Clock:679.720 Level:6
2026-07-04 09:29:50.219 T:1307 debug : CVideoPlayerVideo::OutputPicture - ttd:560ms pts:680.280 Clock:679.720 Level:7
2026-07-04 09:29:50.236 T:1305 debug : CVideoPlayer::ProcessVideoData size:221856 dts:681.194 pts:681.194 dur:41.700ms, clock:679.720 level:0
2026-07-04 09:29:50.240 T:1307 debug : CVideoPlayerVideo::OutputPicture - ttd:601ms pts:680.322 Clock:679.720 Level:8
2026-07-04 09:29:50.290 T:1305 debug : CVideoPlayer::ProcessPacket packet from enhancement layer: size:26003 dts:681.194 pts:681.194 dur:41.700ms
2026-07-04 09:29:50.291 T:1307 debug : CVideoPlayerVideo::OutputPicture - ttd:643ms pts:680.363 Clock:679.720 Level:9
2026-07-04 09:29:50.306 T:1305 debug : CVideoPlayer::ProcessVideoData size:724718 dts:681.236 pts:681.361 dur:41.700ms, clock:679.720 level:0
2026-07-04 09:29:50.306 T:1305 debug : CVideoPlayer::ProcessPacket packet from enhancement layer: size:60401 dts:681.236 pts:681.361 dur:41.700ms
2026-07-04 09:29:50.314 T:1307 debug : CVideoPlayerVideo::OutputPicture - ttd:685ms pts:680.405 Clock:679.720 Level:10
2026-07-04 09:29:50.315 T:1307 debug : CVideoPlayerVideo::OutputPicture - ttd:726ms pts:680.447 Clock:679.720 Level:11
2026-07-04 09:29:50.326 T:1305 debug : CVideoPlayer::ProcessVideoData size:217861 dts:681.278 pts:681.278 dur:41.700ms, clock:679.720 level:0
2026-07-04 09:29:50.326 T:1305 debug : CVideoPlayer::ProcessPacket packet from enhancement layer: size:25695 dts:681.278 pts:681.278 dur:41.700ms
2026-07-04 09:29:50.330 T:1307 debug : CVideoPlayerVideo::OutputPicture - ttd:768ms pts:680.488 Clock:679.720 Level:12
2026-07-04 09:29:50.332 T:1307 debug : CVideoPlayerVideo::OutputPicture - ttd:810ms pts:680.530 Clock:679.720 Level:13
2026-07-04 09:29:50.349 T:1305 debug : CVideoPlayer::ProcessVideoData size:211266 dts:681.320 pts:681.320 dur:41.700ms, clock:679.720 level:0
2026-07-04 09:29:50.411 T:1305 debug : CVideoPlayer::ProcessPacket packet from enhancement layer: size:24734 dts:681.320 pts:681.320 dur:41.700ms
2026-07-04 09:29:50.427 T:1305 debug : CVideoPlayer::ProcessVideoData size:803044 dts:681.361 pts:681.486 dur:41.700ms, clock:679.720 level:0
2026-07-04 09:29:50.427 T:1305 debug : CVideoPlayer::ProcessPacket packet from enhancement layer: size:59375 dts:681.361 pts:681.486 dur:41.700ms
2026-07-04 09:29:50.447 T:1305 debug : CVideoPlayer::ProcessVideoData size:225069 dts:681.403 pts:681.403 dur:41.700ms, clock:679.720 level:0
2026-07-04 09:29:50.448 T:1305 debug : CVideoPlayer::ProcessPacket packet from enhancement layer: size:27232 dts:681.403 pts:681.403 dur:41.700ms
2026-07-04 09:29:50.466 T:1305 debug : CVideoPlayer::ProcessVideoData size:229860 dts:681.445 pts:681.445 dur:41.700ms, clock:679.720 level:0
2026-07-04 09:29:50.801 T:1305 debug : CVideoPlayer::ProcessVideoData size:1192763 dts:681.486 pts:681.612 dur:41.700ms, clock:679.720 level:0
2026-07-04 09:29:50.802 T:1305 debug : CVideoPlayer::ProcessPacket packet from enhancement layer: size:26956 dts:681.445 pts:681.445 dur:41.700ms
2026-07-04 09:29:50.802 T:1305 debug : CVideoPlayer::ProcessPacket packet from enhancement layer: size:147602 dts:681.486 pts:681.612 dur:41.700ms
2026-07-04 09:29:50.820 T:1305 debug : CVideoPlayer::ProcessVideoData size:245045 dts:681.528 pts:681.528 dur:41.700ms, clock:679.720 level:0
2026-07-04 09:29:50.839 T:1305 debug : CVideoPlayer::ProcessPacket packet from enhancement layer: size:27332 dts:681.528 pts:681.528 dur:41.700ms
2026-07-04 09:29:50.884 T:1305 debug : CVideoPlayer::ProcessVideoData size:244229 dts:681.570 pts:681.570 dur:41.700ms, clock:679.720 level:0
2026-07-04 09:29:50.898 T:1305 debug : CVideoPlayer::ProcessPacket packet from enhancement layer: size:25592 dts:681.570 pts:681.570 dur:41.700ms
2026-07-04 09:29:50.912 T:1305 debug : CVideoPlayer::ProcessVideoData size:658350 dts:681.612 pts:681.737 dur:41.700ms, clock:679.720 level:0
2026-07-04 09:29:50.912 T:1305 debug : CVideoPlayer::ProcessPacket packet from enhancement layer: size:64701 dts:681.612 pts:681.737 dur:41.700ms
2026-07-04 09:29:50.928 T:1305 debug : CVideoPlayer::ProcessVideoData size:213139 dts:681.653 pts:681.653 dur:41.700ms, clock:679.720 level:0
2026-07-04 09:29:50.928 T:1305 debug : CVideoPlayer::ProcessPacket packet from enhancement layer: size:24198 dts:681.653 pts:681.653 dur:41.700ms
2026-07-04 09:29:50.949 T:1305 debug : CVideoPlayer::ProcessVideoData size:211806 dts:681.695 pts:681.695 dur:41.700ms, clock:679.720 level:0
2026-07-04 09:29:51.023 T:1305 debug : CVideoPlayer::ProcessVideoData size:703393 dts:681.737 pts:681.862 dur:41.700ms, clock:679.720 level:0
2026-07-04 09:29:51.024 T:1305 debug : CVideoPlayer::ProcessPacket packet from enhancement layer: size:24402 dts:681.695 pts:681.695 dur:41.700ms
2026-07-04 09:29:51.024 T:1305 debug : CVideoPlayer::ProcessPacket packet from enhancement layer: size:68859 dts:681.737 pts:681.862 dur:41.700ms
2026-07-04 09:29:51.040 T:1305 debug : CVideoPlayer::ProcessVideoData size:215893 dts:681.778 pts:681.778 dur:41.700ms, clock:679.720 level:0
2026-07-04 09:29:51.040 T:1305 debug : CVideoPlayer::ProcessPacket packet from enhancement layer: size:27679 dts:681.778 pts:681.778 dur:41.700ms
2026-07-04 09:29:51.059 T:1305 debug : CVideoPlayer::ProcessVideoData size:211109 dts:681.820 pts:681.820 dur:41.700ms, clock:679.720 level:0
2026-07-04 09:29:51.116 T:1305 debug : CVideoPlayer::ProcessPacket packet from enhancement layer: size:27453 dts:681.820 pts:681.820 dur:41.700ms
2026-07-04 09:29:51.135 T:1305 debug : CVideoPlayer::ProcessVideoData size:760639 dts:681.862 pts:681.987 dur:41.700ms, clock:679.720 level:0
2026-07-04 09:29:51.135 T:1305 debug : CVideoPlayer::ProcessPacket packet from enhancement layer: size:39475 dts:681.862 pts:681.987 dur:41.700ms
2026-07-04 09:29:51.145 T:937 debug : TEMP: [framecount] video=2400 ctrls=2400 subs=227 skip-gui=216 skip-any=216
2026-07-04 09:29:51.157 T:1305 debug : CVideoPlayer::ProcessVideoData size:229934 dts:681.904 pts:681.904 dur:41.700ms, clock:679.720 level:0
2026-07-04 09:29:51.158 T:1305 debug : CVideoPlayer::ProcessPacket packet from enhancement layer: size:27826 dts:681.904 pts:681.904 dur:41.700ms
2026-07-04 09:29:51.189 T:1305 debug : CVideoPlayer::ProcessVideoData size:233579 dts:681.945 pts:681.945 dur:41.700ms, clock:679.720 level:0
2026-07-04 09:29:51.226 T:1305 debug : CVideoPlayer::ProcessPacket packet from enhancement layer: size:28034 dts:681.945 pts:681.945 dur:41.700ms
2026-07-04 09:29:51.255 T:1305 debug : CVideoPlayer::ProcessVideoData size:754824 dts:681.987 pts:682.112 dur:41.700ms, clock:679.720 level:0
2026-07-04 09:29:51.255 T:1305 debug : CVideoPlayer::ProcessPacket packet from enhancement layer: size:36853 dts:681.987 pts:682.112 dur:41.700ms
2026-07-04 09:29:51.289 T:1305 debug : CVideoPlayer::ProcessVideoData size:234581 dts:682.029 pts:682.029 dur:41.700ms, clock:679.720 level:0
2026-07-04 09:29:51.318 T:1305 debug : CVideoPlayer::ProcessPacket packet from enhancement layer: size:27288 dts:682.029 pts:682.029 dur:41.700ms
2026-07-04 09:29:51.328 T:1305 debug : CVideoPlayer::ProcessVideoData size:234381 dts:682.070 pts:682.070 dur:41.700ms, clock:679.720 level:0
2026-07-04 09:29:51.353 T:1305 debug : CVideoPlayer::ProcessPacket packet from enhancement layer: size:27871 dts:682.070 pts:682.070 dur:41.700ms
2026-07-04 09:29:51.377 T:1305 debug : CVideoPlayer::ProcessVideoData size:663528 dts:682.112 pts:682.237 dur:41.700ms, clock:679.720 level:0
2026-07-04 09:29:51.377 T:1305 debug : CVideoPlayer::ProcessPacket packet from enhancement layer: size:39767 dts:682.112 pts:682.237 dur:41.700ms
2026-07-04 09:29:51.399 T:1305 debug : CVideoPlayer::ProcessVideoData size:231958 dts:682.154 pts:682.154 dur:41.700ms, clock:679.720 level:0
2026-07-04 09:29:51.399 T:1305 debug : CVideoPlayer::ProcessPacket packet from enhancement layer: size:27620 dts:682.154 pts:682.154 dur:41.700ms
2026-07-04 09:29:51.412 T:1305 debug : CVideoPlayer::ProcessVideoData size:238972 dts:682.195 pts:682.195 dur:41.700ms, clock:679.720 level:0
2026-07-04 09:29:51.439 T:1305 debug : CVideoPlayer::ProcessPacket packet from enhancement layer: size:28514 dts:682.195 pts:682.195 dur:41.700ms
2026-07-04 09:29:51.466 T:1305 debug : CVideoPlayer::ProcessVideoData size:708656 dts:682.237 pts:682.362 dur:41.700ms, clock:679.720 level:0
2026-07-04 09:29:51.466 T:1305 debug : CVideoPlayer::ProcessPacket packet from enhancement layer: size:38020 dts:682.237 pts:682.362 dur:41.700ms
2026-07-04 09:29:51.488 T:1305 debug : CVideoPlayer::ProcessVideoData size:224490 dts:682.279 pts:682.279 dur:41.700ms, clock:679.720 level:0
2026-07-04 09:29:51.489 T:1305 debug : CVideoPlayer::ProcessPacket packet from enhancement layer: size:27218 dts:682.279 pts:682.279 dur:41.700ms
2026-07-04 09:29:51.510 T:1305 debug : CVideoPlayer::ProcessVideoData size:229152 dts:682.321 pts:682.321 dur:41.700ms, clock:679.720 level:0
2026-07-04 09:29:51.626 T:1305 debug : CVideoPlayer::ProcessPacket packet from enhancement layer: size:27623 dts:682.321 pts:682.321 dur:41.700ms
2026-07-04 09:29:51.654 T:1305 debug : CVideoPlayer::ProcessVideoData size:1336968 dts:682.362 pts:682.487 dur:41.700ms, clock:679.720 level:100
2026-07-04 09:29:51.655 T:1305 debug : CVideoPlayer::ProcessPacket packet from enhancement layer: size:237676 dts:682.362 pts:682.487 dur:41.700ms
2026-07-04 09:29:51.680 T:1305 debug : CVideoPlayer::ProcessVideoData size:225836 dts:682.404 pts:682.404 dur:41.700ms, clock:679.720 level:100
2026-07-04 09:29:51.680 T:1305 debug : CVideoPlayer::ProcessPacket packet from enhancement layer: size:26441 dts:682.404 pts:682.404 dur:41.700ms
2026-07-04 09:29:51.706 T:1305 debug : CVideoPlayer::ProcessVideoData size:227813 dts:682.446 pts:682.446 dur:41.700ms, clock:679.720 level:100
2026-07-04 09:29:51.798 T:1305 debug : CVideoPlayer::ProcessVideoData size:724852 dts:682.487 pts:682.613 dur:41.700ms, clock:679.720 level:100
2026-07-04 09:29:51.799 T:1305 debug : CVideoPlayer::ProcessPacket packet from enhancement layer: size:25676 dts:682.446 pts:682.446 dur:41.700ms
2026-07-04 09:29:51.799 T:1305 debug : CVideoPlayer::ProcessPacket packet from enhancement layer: size:69154 dts:682.487 pts:682.613 dur:41.700ms
2026-07-04 09:29:51.817 T:1305 debug : CVideoPlayer::ProcessVideoData size:230576 dts:682.529 pts:682.529 dur:41.700ms, clock:679.720 level:100
2026-07-04 09:29:51.818 T:1305 debug : CVideoPlayer::ProcessPacket packet from enhancement layer: size:28371 dts:682.529 pts:682.529 dur:41.700ms
2026-07-04 09:29:51.849 T:1305 debug : CVideoPlayer::ProcessVideoData size:236481 dts:682.571 pts:682.571 dur:41.700ms, clock:679.720 level:100
2026-07-04 09:29:51.928 T:1305 debug : CVideoPlayer::ProcessPacket packet from enhancement layer: size:28418 dts:682.571 pts:682.571 dur:41.700ms
2026-07-04 09:29:51.944 T:1305 debug : CVideoPlayer::ProcessVideoData size:712982 dts:682.613 pts:682.738 dur:41.700ms, clock:679.720 level:100
2026-07-04 09:29:51.945 T:1305 debug : CVideoPlayer::ProcessPacket packet from enhancement layer: size:41981 dts:682.613 pts:682.738 dur:41.700ms
2026-07-04 09:29:51.961 T:1305 debug : CVideoPlayer::ProcessVideoData size:235072 dts:682.654 pts:682.654 dur:41.700ms, clock:679.720 level:100
2026-07-04 09:29:51.961 T:1305 debug : CVideoPlayer::ProcessPacket packet from enhancement layer: size:29138 dts:682.654 pts:682.654 dur:41.700ms
2026-07-04 09:29:51.996 T:1305 debug : CVideoPlayer::ProcessVideoData size:219058 dts:682.696 pts:682.696 dur:41.700ms, clock:679.720 level:100
2026-07-04 09:29:52.022 T:1305 debug : CVideoPlayer::ProcessPacket packet from enhancement layer: size:28953 dts:682.696 pts:682.696 dur:41.700ms
2026-07-04 09:29:52.042 T:1305 debug : CVideoPlayer::ProcessVideoData size:720015 dts:682.738 pts:682.863 dur:41.700ms, clock:679.720 level:100
2026-07-04 09:29:52.042 T:1305 debug : CVideoPlayer::ProcessPacket packet from enhancement layer: size:37580 dts:682.738 pts:682.863 dur:41.700ms
2026-07-04 09:29:52.056 T:1305 debug : CVideoPlayer::ProcessVideoData size:215764 dts:682.779 pts:682.779 dur:41.700ms, clock:679.720 level:100
2026-07-04 09:29:52.057 T:1305 debug : CVideoPlayer::ProcessPacket packet from enhancement layer: size:28265 dts:682.779 pts:682.779 dur:41.700ms
2026-07-04 09:29:52.078 T:1305 debug : CVideoPlayer::ProcessVideoData size:219175 dts:682.821 pts:682.821 dur:41.700ms, clock:679.720 level:100
2026-07-04 09:29:52.147 T:1305 debug : CVideoPlayer::ProcessPacket packet from enhancement layer: size:27817 dts:682.821 pts:682.821 dur:41.700ms
2026-07-04 09:29:52.193 T:1305 debug : CVideoPlayer::ProcessVideoData size:732644 dts:682.863 pts:682.988 dur:41.700ms, clock:679.720 level:100
2026-07-04 09:29:52.193 T:1305 debug : CVideoPlayer::ProcessPacket packet from enhancement layer: size:36142 dts:682.863 pts:682.988 dur:41.700ms
2026-07-04 09:29:52.470 T:1305 debug : CVideoPlayer::ProcessVideoData size:222284 dts:682.905 pts:682.905 dur:41.700ms, clock:679.720 level:100
2026-07-04 09:29:52.470 T:1305 debug : CVideoPlayer::ProcessPacket packet from enhancement layer: size:27988 dts:682.905 pts:682.905 dur:41.700ms
2026-07-04 09:29:52.517 T:1305 debug : CVideoPlayer::ProcessVideoData size:215966 dts:682.946 pts:682.946 dur:41.700ms, clock:679.720 level:100
2026-07-04 09:29:52.560 T:1305 debug : CVideoPlayer::ProcessPacket packet from enhancement layer: size:27442 dts:682.946 pts:682.946 dur:41.700ms
2026-07-04 09:29:52.576 T:1305 debug : CVideoPlayer::ProcessVideoData size:731691 dts:682.988 pts:683.113 dur:41.700ms, clock:679.720 level:100
2026-07-04 09:29:52.577 T:1305 debug : CVideoPlayer::ProcessPacket packet from enhancement layer: size:35087 dts:682.988 pts:683.113 dur:41.700ms
2026-07-04 09:29:52.594 T:1305 debug : CVideoPlayer::ProcessVideoData size:221037 dts:683.030 pts:683.030 dur:41.700ms, clock:679.720 level:100
2026-07-04 09:29:52.594 T:1305 debug : CVideoPlayer::ProcessPacket packet from enhancement layer: size:28279 dts:683.030 pts:683.030 dur:41.700ms
2026-07-04 09:29:52.618 T:1305 debug : CVideoPlayer::ProcessVideoData size:219647 dts:683.071 pts:683.071 dur:41.700ms, clock:679.720 level:100
2026-07-04 09:29:52.662 T:1305 debug : CVideoPlayer::ProcessPacket packet from enhancement layer: size:27664 dts:683.071 pts:683.071 dur:41.700ms
2026-07-04 09:29:52.696 T:1305 debug : CVideoPlayer::ProcessVideoData size:725989 dts:683.113 pts:683.238 dur:41.700ms, clock:679.720 level:100
2026-07-04 09:29:52.696 T:1305 debug : CVideoPlayer::ProcessPacket packet from enhancement layer: size:33620 dts:683.113 pts:683.238 dur:41.700ms
2026-07-04 09:29:52.713 T:1305 debug : CVideoPlayer::ProcessVideoData size:215556 dts:683.155 pts:683.155 dur:41.700ms, clock:679.720 level:100
2026-07-04 09:29:52.713 T:1305 debug : CVideoPlayer::ProcessPacket packet from enhancement layer: size:27276 dts:683.155 pts:683.155 dur:41.700ms
2026-07-04 09:29:52.731 T:1305 debug : CVideoPlayer::ProcessVideoData size:220830 dts:683.196 pts:683.196 dur:41.700ms, clock:679.720 level:100
2026-07-04 09:29:52.849 T:1305 debug : CVideoPlayer::ProcessVideoData size:1161145 dts:683.238 pts:683.363 dur:41.700ms, clock:679.720 level:100
2026-07-04 09:29:52.876 T:1305 debug : CVideoPlayer::ProcessPacket packet from enhancement layer: size:28270 dts:683.196 pts:683.196 dur:41.700ms
2026-07-04 09:29:52.876 T:1305 debug : CVideoPlayer::ProcessPacket packet from enhancement layer: size:128300 dts:683.238 pts:683.363 dur:41.700ms
2026-07-04 09:29:52.894 T:1305 debug : CVideoPlayer::ProcessVideoData size:216988 dts:683.280 pts:683.280 dur:41.700ms, clock:679.720 level:100
2026-07-04 09:29:52.894 T:1305 debug : CVideoPlayer::ProcessPacket packet from enhancement layer: size:24783 dts:683.280 pts:683.280 dur:41.700ms
2026-07-04 09:29:52.912 T:1305 debug : CVideoPlayer::ProcessVideoData size:213903 dts:683.322 pts:683.322 dur:41.700ms, clock:679.720 level:100
2026-07-04 09:29:52.950 T:1305 debug : CVideoPlayer::ProcessPacket packet from enhancement layer: size:24326 dts:683.322 pts:683.322 dur:41.700ms
2026-07-04 09:29:52.988 T:1305 debug : CVideoPlayer::ProcessVideoData size:646647 dts:683.363 pts:683.488 dur:41.700ms, clock:679.720 level:100
2026-07-04 09:29:52.989 T:1305 debug : CVideoPlayer::ProcessPacket packet from enhancement layer: size:51489 dts:683.363 pts:683.488 dur:41.700ms
2026-07-04 09:29:53.011 T:1305 debug : CVideoPlayer::ProcessVideoData size:213184 dts:683.405 pts:683.405 dur:41.700ms, clock:679.720 level:100
2026-07-04 09:29:53.011 T:1305 debug : CVideoPlayer::ProcessPacket packet from enhancement layer: size:25997 dts:683.405 pts:683.405 dur:41.700ms
2026-07-04 09:29:53.038 T:1305 debug : CVideoPlayer::ProcessVideoData size:211098 dts:683.447 pts:683.447 dur:41.700ms, clock:679.720 level:100
2026-07-04 09:29:53.089 T:1305 debug : CVideoPlayer::ProcessPacket packet from enhancement layer: size:26503 dts:683.447 pts:683.447 dur:41.700ms
2026-07-04 09:29:53.109 T:1305 debug : CVideoPlayer::ProcessVideoData size:567292 dts:683.488 pts:683.614 dur:41.700ms, clock:679.720 level:100
2026-07-04 09:29:53.109 T:1305 debug : CVideoPlayer::ProcessPacket packet from enhancement layer: size:45093 dts:683.488 pts:683.614 dur:41.700ms
2026-07-04 09:29:53.130 T:1305 debug : CVideoPlayer::ProcessPacket packet from enhancement layer: size:26834 dts:683.530 pts:683.530 dur:41.700ms
2026-07-04 09:29:53.148 T:1305 debug : CVideoPlayer::ProcessVideoData size:211350 dts:683.530 pts:683.530 dur:41.700ms, clock:679.720 level:100
2026-07-04 09:29:53.149 T:1305 debug : CVideoPlayer::ProcessVideoData size:202425 dts:683.572 pts:683.572 dur:41.700ms, clock:679.720 level:100
2026-07-04 09:29:53.183 T:1305 debug : CVideoPlayer::ProcessPacket packet from enhancement layer: size:25683 dts:683.572 pts:683.572 dur:41.700ms
2026-07-04 09:29:53.204 T:1305 debug : CVideoPlayer::ProcessVideoData size:623933 dts:683.614 pts:683.739 dur:41.700ms, clock:679.720 level:100
2026-07-04 09:29:53.219 T:1305 debug : CVideoPlayer::ProcessPacket packet from enhancement layer: size:40497 dts:683.614 pts:683.739 dur:41.700ms
2026-07-04 09:29:53.243 T:1305 debug : CVideoPlayer::ProcessVideoData size:210412 dts:683.655 pts:683.655 dur:41.700ms, clock:679.720 level:100
2026-07-04 09:29:53.243 T:1305 debug : CVideoPlayer::ProcessPacket packet from enhancement layer: size:25130 dts:683.655 pts:683.655 dur:41.700ms
2026-07-04 09:29:53.266 T:1305 debug : CVideoPlayer::ProcessVideoData size:205589 dts:683.697 pts:683.697 dur:41.700ms, clock:679.720 level:100
2026-07-04 09:29:53.327 T:1305 debug : CVideoPlayer::ProcessPacket packet from enhancement layer: size:25322 dts:683.697 pts:683.697 dur:41.700ms
2026-07-04 09:29:53.352 T:1305 debug : CVideoPlayer::ProcessVideoData size:692798 dts:683.739 pts:683.864 dur:41.700ms, clock:679.720 level:100
2026-07-04 09:29:53.353 T:1305 debug : CVideoPlayer::ProcessPacket packet from enhancement layer: size:34574 dts:683.739 pts:683.864 dur:41.700ms
2026-07-04 09:29:53.370 T:1305 debug : CVideoPlayer::ProcessVideoData size:235478 dts:683.780 pts:683.780 dur:41.700ms, clock:679.720 level:100
2026-07-04 09:29:53.385 T:1305 debug : CVideoPlayer::ProcessPacket packet from enhancement layer: size:28723 dts:683.780 pts:683.780 dur:41.700ms
2026-07-04 09:29:53.400 T:1305 debug : CVideoPlayer::ProcessVideoData size:212664 dts:683.822 pts:683.822 dur:41.700ms, clock:679.720 level:100
2026-07-04 09:29:53.433 T:1305 debug : CVideoPlayer::ProcessPacket packet from enhancement layer: size:32593 dts:683.822 pts:683.822 dur:41.700ms
2026-07-04 09:29:53.457 T:1305 debug : CVideoPlayer::ProcessVideoData size:657099 dts:683.864 pts:683.989 dur:41.700ms, clock:679.720 level:100
2026-07-04 09:29:53.457 T:1305 debug : CVideoPlayer::ProcessPacket packet from enhancement layer: size:31532 dts:683.864 pts:683.989 dur:41.700ms
2026-07-04 09:29:53.473 T:1305 debug : CVideoPlayer::ProcessVideoData size:229099 dts:683.906 pts:683.906 dur:41.700ms, clock:679.720 level:100
2026-07-04 09:29:53.474 T:1305 debug : CVideoPlayer::ProcessPacket packet from enhancement layer: size:26845 dts:683.906 pts:683.906 dur:41.700ms
2026-07-04 09:29:53.516 T:1305 debug : CVideoPlayer::ProcessVideoData size:227882 dts:683.947 pts:683.947 dur:41.700ms, clock:679.720 level:100
2026-07-04 09:29:53.565 T:1305 debug : CVideoPlayer::ProcessPacket packet from enhancement layer: size:26455 dts:683.947 pts:683.947 dur:41.700ms
2026-07-04 09:29:53.587 T:1305 debug : CVideoPlayer::ProcessVideoData size:655808 dts:683.989 pts:684.114 dur:41.700ms, clock:679.720 level:100
2026-07-04 09:29:53.587 T:1305 debug : CVideoPlayer::ProcessPacket packet from enhancement layer: size:40092 dts:683.989 pts:684.114 dur:41.700ms
2026-07-04 09:29:53.615 T:1305 debug : CVideoPlayer::ProcessVideoData size:233467 dts:684.031 pts:684.031 dur:41.700ms, clock:679.720 level:100
2026-07-04 09:29:53.615 T:1305 debug : CVideoPlayer::ProcessPacket packet from enhancement layer: size:26016 dts:684.031 pts:684.031 dur:41.700ms
2026-07-04 09:29:53.655 T:1305 debug : CVideoPlayer::ProcessVideoData size:229870 dts:684.072 pts:684.072 dur:41.700ms, clock:679.720 level:100
2026-07-04 09:29:53.945 T:1305 debug : CVideoPlayer::ProcessVideoData size:978543 dts:684.114 pts:684.239 dur:41.700ms, clock:679.720 level:100
2026-07-04 09:29:53.946 T:1305 debug : CVideoPlayer::ProcessPacket packet from enhancement layer: size:25860 dts:684.072 pts:684.072 dur:41.700ms
2026-07-04 09:29:53.946 T:1305 debug : CVideoPlayer::ProcessPacket packet from enhancement layer: size:125682 dts:684.114 pts:684.239 dur:41.700ms
2026-07-04 09:29:53.965 T:1305 debug : CVideoPlayer::ProcessVideoData size:237706 dts:684.156 pts:684.156 dur:41.700ms, clock:679.720 level:100
2026-07-04 09:29:53.998 T:1305 debug : CVideoPlayer::ProcessPacket packet from enhancement layer: size:24802 dts:684.156 pts:684.156 dur:41.700ms
2026-07-04 09:29:54.047 T:1305 debug : CVideoPlayer::ProcessVideoData size:240350 dts:684.197 pts:684.197 dur:41.700ms, clock:679.720 level:100
2026-07-04 09:29:54.079 T:1305 debug : CVideoPlayer::ProcessPacket packet from enhancement layer: size:24143 dts:684.197 pts:684.197 dur:41.700ms
2026-07-04 09:29:54.108 T:1305 debug : CVideoPlayer::ProcessVideoData size:597647 dts:684.239 pts:684.364 dur:41.700ms, clock:679.720 level:100
2026-07-04 09:29:54.109 T:1305 debug : CVideoPlayer::ProcessPacket packet from enhancement layer: size:46560 dts:684.239 pts:684.364 dur:41.700ms
2026-07-04 09:29:54.167 T:1305 debug : CVideoPlayer::ProcessVideoData size:226382 dts:684.281 pts:684.281 dur:41.700ms, clock:679.720 level:100
2026-07-04 09:29:54.167 T:1305 debug : CVideoPlayer::ProcessPacket packet from enhancement layer: size:24411 dts:684.281 pts:684.281 dur:41.700ms
2026-07-04 09:29:54.185 T:1305 debug : CVideoPlayer::ProcessVideoData size:227587 dts:684.323 pts:684.323 dur:41.700ms, clock:679.720 level:100
2026-07-04 09:29:54.222 T:1305 debug : CVideoPlayer::ProcessPacket packet from enhancement layer: size:24937 dts:684.323 pts:684.323 dur:41.700ms
2026-07-04 09:29:54.246 T:1305 debug : CVideoPlayer::ProcessVideoData size:597786 dts:684.364 pts:684.489 dur:41.700ms, clock:679.720 level:100
2026-07-04 09:29:54.269 T:1305 debug : CVideoPlayer::ProcessPacket packet from enhancement layer: size:46351 dts:684.364 pts:684.489 dur:41.700ms
2026-07-04 09:29:54.287 T:1305 debug : CVideoPlayer::ProcessVideoData size:225624 dts:684.406 pts:684.406 dur:41.700ms, clock:679.720 level:100
2026-07-04 09:29:54.287 T:1305 debug : CVideoPlayer::ProcessPacket packet from enhancement layer: size:25550 dts:684.406 pts:684.406 dur:41.700ms
2026-07-04 09:29:54.307 T:1305 debug : CVideoPlayer::ProcessVideoData size:223735 dts:684.448 pts:684.448 dur:41.700ms, clock:679.720 level:100
2026-07-04 09:29:54.333 T:1305 debug : CVideoPlayer::ProcessPacket packet from enhancement layer: size:25244 dts:684.448 pts:684.448 dur:41.700ms
2026-07-04 09:29:54.347 T:1305 debug : CVideoPlayer::ProcessVideoData size:586016 dts:684.489 pts:684.615 dur:41.700ms, clock:679.720 level:100
2026-07-04 09:29:54.348 T:1305 debug : CVideoPlayer::ProcessPacket packet from enhancement layer: size:45108 dts:684.489 pts:684.615 dur:41.700ms
2026-07-04 09:29:54.370 T:1305 debug : CVideoPlayer::ProcessVideoData size:218962 dts:684.531 pts:684.531 dur:41.700ms, clock:679.720 level:100
2026-07-04 09:29:54.370 T:1305 debug : CVideoPlayer::ProcessPacket packet from enhancement layer: size:24954 dts:684.531 pts:684.531 dur:41.700ms
2026-07-04 09:29:54.392 T:1305 debug : CVideoPlayer::ProcessVideoData size:217908 dts:684.573 pts:684.573 dur:41.700ms, clock:679.720 level:100
2026-07-04 09:29:54.435 T:1305 debug : CVideoPlayer::ProcessPacket packet from enhancement layer: size:25014 dts:684.573 pts:684.573 dur:41.700ms
2026-07-04 09:29:54.543 T:1305 debug : CVideoPlayer::ProcessVideoData size:561023 dts:684.615 pts:684.740 dur:41.700ms, clock:679.720 level:100
2026-07-04 09:29:54.544 T:1305 debug : CVideoPlayer::ProcessPacket packet from enhancement layer: size:43720 dts:684.615 pts:684.740 dur:41.700ms
2026-07-04 09:29:54.628 T:1305 debug : CVideoPlayer::ProcessVideoData size:219497 dts:684.656 pts:684.656 dur:41.700ms, clock:679.720 level:100
2026-07-04 09:29:54.628 T:1305 debug : CVideoPlayer::ProcessPacket packet from enhancement layer: size:25504 dts:684.656 pts:684.656 dur:41.700ms
2026-07-04 09:29:54.780 T:1305 debug : CVideoPlayer::ProcessVideoData size:213335 dts:684.698 pts:684.698 dur:41.700ms, clock:679.720 level:100
2026-07-04 09:29:54.840 T:1305 debug : CVideoPlayer::ProcessPacket packet from enhancement layer: size:25002 dts:684.698 pts:684.698 dur:41.700ms
2026-07-04 09:29:54.864 T:1305 debug : CVideoPlayer::ProcessVideoData size:543548 dts:684.740 pts:684.865 dur:41.700ms, clock:679.720 level:100
2026-07-04 09:29:54.864 T:1305 debug : CVideoPlayer::ProcessPacket packet from enhancement layer: size:42685 dts:684.740 pts:684.865 dur:41.700ms
2026-07-04 09:29:54.891 T:1305 debug : CVideoPlayer::ProcessVideoData size:215522 dts:684.781 pts:684.781 dur:41.700ms, clock:679.720 level:100
2026-07-04 09:29:54.891 T:1305 debug : CVideoPlayer::ProcessPacket packet from enhancement layer: size:25753 dts:684.781 pts:684.781 dur:41.700ms
2026-07-04 09:29:54.917 T:1305 debug : CVideoPlayer::ProcessVideoData size:205959 dts:684.823 pts:684.823 dur:41.700ms, clock:679.720 level:100
2026-07-04 09:29:54.961 T:1305 debug : CVideoPlayer::ProcessPacket packet from enhancement layer: size:25156 dts:684.823 pts:684.823 dur:41.700ms
2026-07-04 09:29:54.980 T:1305 debug : CVideoPlayer::ProcessPacket packet from enhancement layer: size:42328 dts:684.865 pts:684.990 dur:41.700ms
2026-07-04 09:29:54.986 T:1305 debug : CVideoPlayer::ProcessVideoData size:521726 dts:684.865 pts:684.990 dur:41.700ms, clock:679.720 level:100
2026-07-04 09:29:55.014 T:1305 debug : CVideoPlayer::ProcessVideoData size:199693 dts:684.907 pts:684.907 dur:41.700ms, clock:679.720 level:100
2026-07-04 09:29:55.015 T:1305 debug : CVideoPlayer::ProcessPacket packet from enhancement layer: size:24434 dts:684.907 pts:684.907 dur:41.700ms
2026-07-04 09:29:55.039 T:1305 debug : CVideoPlayer::ProcessVideoData size:217816 dts:684.948 pts:684.948 dur:41.700ms, clock:679.720 level:100
2026-07-04 09:29:55.163 T:1305 debug : CVideoPlayer::ProcessVideoData size:904147 dts:684.990 pts:685.115 dur:41.700ms, clock:679.720 level:100
2026-07-04 09:29:55.164 T:1305 debug : CVideoPlayer::ProcessPacket packet from enhancement layer: size:20848 dts:684.948 pts:684.948 dur:41.700ms
2026-07-04 09:29:55.165 T:1305 debug : CVideoPlayer::ProcessPacket packet from enhancement layer: size:117803 dts:684.990 pts:685.115 dur:41.700ms
2026-07-04 09:29:55.203 T:1305 debug : CVideoPlayer::ProcessVideoData size:216227 dts:685.032 pts:685.032 dur:41.700ms, clock:679.720 level:100
2026-07-04 09:29:55.203 T:1305 debug : CVideoPlayer::ProcessPacket packet from enhancement layer: size:20201 dts:685.032 pts:685.032 dur:41.700ms
2026-07-04 09:29:55.238 T:1305 debug : CVideoPlayer::ProcessVideoData size:218147 dts:685.073 pts:685.073 dur:41.700ms, clock:679.720 level:100
2026-07-04 09:29:55.289 T:1305 debug : CVideoPlayer::ProcessPacket packet from enhancement layer: size:19662 dts:685.073 pts:685.073 dur:41.700ms
2026-07-04 09:29:55.312 T:1305 debug : CVideoPlayer::ProcessVideoData size:579067 dts:685.115 pts:685.240 dur:41.700ms, clock:679.720 level:100
2026-07-04 09:29:55.313 T:1305 debug : CVideoPlayer::ProcessPacket packet from enhancement layer: size:42609 dts:685.115 pts:685.240 dur:41.700ms
2026-07-04 09:29:55.335 T:1305 debug : CVideoPlayer::ProcessVideoData size:214853 dts:685.157 pts:685.157 dur:41.700ms, clock:679.720 level:100
2026-07-04 09:29:55.336 T:1305 debug : CVideoPlayer::ProcessPacket packet from enhancement layer: size:21248 dts:685.157 pts:685.157 dur:41.700ms
2026-07-04 09:29:55.360 T:1305 debug : CVideoPlayer::ProcessVideoData size:214735 dts:685.198 pts:685.198 dur:41.700ms, clock:679.720 level:100
2026-07-04 09:29:55.626 T:1305 debug : CVideoPlayer::ProcessPacket packet from enhancement layer: size:21155 dts:685.198 pts:685.198 dur:41.700ms
2026-07-04 09:29:55.650 T:1305 debug : CVideoPlayer::ProcessVideoData size:595915 dts:685.240 pts:685.365 dur:41.700ms, clock:679.720 level:100
2026-07-04 09:29:55.650 T:1305 debug : CVideoPlayer::ProcessPacket packet from enhancement layer: size:46534 dts:685.240 pts:685.365 dur:41.700ms
2026-07-04 09:29:55.672 T:1305 debug : CVideoPlayer::ProcessVideoData size:231421 dts:685.282 pts:685.282 dur:41.700ms, clock:679.720 level:100
2026-07-04 09:29:55.673 T:1305 debug : CVideoPlayer::ProcessPacket packet from enhancement layer: size:21635 dts:685.282 pts:685.282 dur:41.700ms
2026-07-04 09:29:55.729 T:1305 debug : CVideoPlayer::ProcessVideoData size:230536 dts:685.324 pts:685.324 dur:41.700ms, clock:679.720 level:100
2026-07-04 09:29:55.740 T:1305 debug : CVideoPlayer::ProcessPacket packet from enhancement layer: size:21459 dts:685.324 pts:685.324 dur:41.700ms
2026-07-04 09:29:55.752 T:1305 debug : CVideoPlayer::ProcessVideoData size:584017 dts:685.365 pts:685.490 dur:41.700ms, clock:679.720 level:100
2026-07-04 09:29:55.760 T:1305 debug : CVideoPlayer::ProcessPacket packet from enhancement layer: size:43832 dts:685.365 pts:685.490 dur:41.700ms
2026-07-04 09:29:55.786 T:1305 debug : CVideoPlayer::ProcessVideoData size:236903 dts:685.407 pts:685.407 dur:41.700ms, clock:679.720 level:100
2026-07-04 09:29:55.787 T:1305 debug : CVideoPlayer::ProcessPacket packet from enhancement layer: size:20690 dts:685.407 pts:685.407 dur:41.700ms
2026-07-04 09:29:55.828 T:1305 debug : CVideoPlayer::ProcessVideoData size:237239 dts:685.449 pts:685.449 dur:41.700ms, clock:679.720 level:100
2026-07-04 09:29:55.883 T:1305 debug : CVideoPlayer::ProcessPacket packet from enhancement layer: size:27765 dts:685.449 pts:685.449 dur:41.700ms
2026-07-04 09:29:55.920 T:1305 debug : CVideoPlayer::ProcessVideoData size:575278 dts:685.490 pts:685.616 dur:41.700ms, clock:679.720 level:100
2026-07-04 09:29:55.920 T:1305 debug : CVideoPlayer::ProcessPacket packet from enhancement layer: size:41917 dts:685.490 pts:685.616 dur:41.700ms
2026-07-04 09:29:55.966 T:1305 debug : CVideoPlayer::ProcessVideoData size:245743 dts:685.532 pts:685.532 dur:41.700ms, clock:679.720 level:100
2026-07-04 09:29:55.967 T:1305 debug : CVideoPlayer::ProcessPacket packet from enhancement layer: size:21004 dts:685.532 pts:685.532 dur:41.700ms
2026-07-04 09:29:56.011 T:1305 debug : CVideoPlayer::ProcessVideoData size:243765 dts:685.574 pts:685.574 dur:41.700ms, clock:679.720 level:100
2026-07-04 09:29:56.041 T:1305 debug : CVideoPlayer::ProcessPacket packet from enhancement layer: size:25468 dts:685.574 pts:685.574 dur:41.700ms
2026-07-04 09:29:56.071 T:1305 debug : CVideoPlayer::ProcessVideoData size:570616 dts:685.616 pts:685.741 dur:41.700ms, clock:679.720 level:100
2026-07-04 09:29:56.078 T:1305 debug : CVideoPlayer::ProcessPacket packet from enhancement layer: size:63328 dts:685.616 pts:685.741 dur:41.700ms
2026-07-04 09:29:56.095 T:1305 debug : CVideoPlayer::ProcessVideoData size:242064 dts:685.657 pts:685.657 dur:41.700ms, clock:679.720 level:100
2026-07-04 09:29:56.096 T:1305 debug : CVideoPlayer::ProcessPacket packet from enhancement layer: size:20747 dts:685.657 pts:685.657 dur:41.700ms
2026-07-04 09:29:56.117 T:1305 debug : CVideoPlayer::ProcessVideoData size:251656 dts:685.699 pts:685.699 dur:41.700ms, clock:679.720 level:100
2026-07-04 09:29:56.192 T:1305 debug : CVideoPlayer::ProcessVideoData size:602276 dts:685.741 pts:685.866 dur:41.700ms, clock:679.720 level:100
2026-07-04 09:29:56.193 T:1305 debug : CVideoPlayer::ProcessPacket packet from enhancement layer: size:21293 dts:685.699 pts:685.699 dur:41.700ms
2026-07-04 09:29:56.194 T:1305 debug : CVideoPlayer::ProcessPacket packet from enhancement layer: size:65848 dts:685.741 pts:685.866 dur:41.700ms
2026-07-04 09:29:56.226 T:1305 debug : CVideoPlayer::ProcessVideoData size:245914 dts:685.782 pts:685.782 dur:41.700ms, clock:679.720 level:100
2026-07-04 09:29:56.265 T:1305 debug : CVideoPlayer::ProcessPacket packet from enhancement layer: size:21048 dts:685.782 pts:685.782 dur:41.700ms
2026-07-04 09:29:56.330 T:1305 debug : CVideoPlayer::ProcessVideoData size:250858 dts:685.824 pts:685.824 dur:41.700ms, clock:679.720 level:100
2026-07-04 09:29:56.623 T:1305 debug : CVideoPlayer::ProcessVideoData size:932978 dts:685.866 pts:685.991 dur:41.700ms, clock:679.720 level:100
2026-07-04 09:29:56.892 T:1305 debug : CVideoPlayer::ProcessPacket packet from enhancement layer: size:21104 dts:685.824 pts:685.824 dur:41.700ms
2026-07-04 09:29:56.894 T:1305 debug : CVideoPlayer::ProcessPacket packet from enhancement layer: size:118655 dts:685.866 pts:685.991 dur:41.700ms
2026-07-04 09:29:56.914 T:1305 debug : CVideoPlayer::ProcessVideoData size:250672 dts:685.908 pts:685.908 dur:41.700ms, clock:679.720 level:100
2026-07-04 09:29:56.914 T:1305 debug : CVideoPlayer::ProcessPacket packet from enhancement layer: size:24872 dts:685.908 pts:685.908 dur:41.700ms
2026-07-04 09:29:56.932 T:1305 debug : CVideoPlayer::ProcessVideoData size:242971 dts:685.949 pts:685.949 dur:41.700ms, clock:679.720 level:100
2026-07-04 09:29:56.986 T:1305 debug : CVideoPlayer::ProcessVideoData size:608006 dts:685.991 pts:686.116 dur:41.700ms, clock:679.720 level:100
2026-07-04 09:29:56.986 T:1305 debug : CVideoPlayer::ProcessPacket packet from enhancement layer: size:20169 dts:685.949 pts:685.949 dur:41.700ms
2026-07-04 09:29:56.987 T:1305 debug : CVideoPlayer::ProcessPacket packet from enhancement layer: size:67302 dts:685.991 pts:686.116 dur:41.700ms
2026-07-04 09:29:57.009 T:1305 debug : CVideoPlayer::ProcessVideoData size:243356 dts:686.033 pts:686.033 dur:41.700ms, clock:679.720 level:100
2026-07-04 09:29:57.031 T:1305 debug : CVideoPlayer::ProcessPacket packet from enhancement layer: size:21599 dts:686.033 pts:686.033 dur:41.700ms
2026-07-04 09:29:57.050 T:1305 debug : CVideoPlayer::ProcessVideoData size:244195 dts:686.074 pts:686.074 dur:41.700ms, clock:679.720 level:100
2026-07-04 09:29:57.070 T:1305 debug : CVideoPlayer::ProcessPacket packet from enhancement layer: size:21672 dts:686.074 pts:686.074 dur:41.700ms
2026-07-04 09:29:57.118 T:1305 debug : CVideoPlayer::ProcessVideoData size:630835 dts:686.116 pts:686.241 dur:41.700ms, clock:679.720 level:100
2026-07-04 09:29:57.119 T:1305 debug : CVideoPlayer::ProcessPacket packet from enhancement layer: size:48479 dts:686.116 pts:686.241 dur:41.700ms
2026-07-04 09:29:57.147 T:1305 debug : CVideoPlayer::ProcessVideoData size:239100 dts:686.158 pts:686.158 dur:41.700ms, clock:679.720 level:100
2026-07-04 09:29:57.147 T:1305 debug : CVideoPlayer::ProcessPacket packet from enhancement layer: size:26245 dts:686.158 pts:686.158 dur:41.700ms
2026-07-04 09:29:57.158 T:1305 debug : CVideoPlayer::ProcessVideoData size:238163 dts:686.199 pts:686.199 dur:41.700ms, clock:679.720 level:100
2026-07-04 09:29:57.187 T:1305 debug : CVideoPlayer::ProcessPacket packet from enhancement layer: size:23150 dts:686.199 pts:686.199 dur:41.700ms
2026-07-04 09:29:57.208 T:1305 debug : CVideoPlayer::ProcessVideoData size:602525 dts:686.241 pts:686.366 dur:41.700ms, clock:679.720 level:100
2026-07-04 09:29:57.209 T:1305 debug : CVideoPlayer::ProcessPacket packet from enhancement layer: size:46780 dts:686.241 pts:686.366 dur:41.700ms
2026-07-04 09:29:57.244 T:1305 debug : CVideoPlayer::ProcessVideoData size:246987 dts:686.283 pts:686.283 dur:41.700ms, clock:679.720 level:100
2026-07-04 09:29:57.245 T:1305 debug : CVideoPlayer::ProcessPacket packet from enhancement layer: size:22289 dts:686.283 pts:686.283 dur:41.700ms
2026-07-04 09:29:57.266 T:1305 debug : CVideoPlayer::ProcessVideoData size:244985 dts:686.325 pts:686.325 dur:41.700ms, clock:679.720 level:100
2026-07-04 09:29:57.301 T:1305 debug : CVideoPlayer::ProcessPacket packet from enhancement layer: size:21714 dts:686.325 pts:686.325 dur:41.700ms
2026-07-04 09:29:57.328 T:1305 debug : CVideoPlayer::ProcessVideoData size:623071 dts:686.366 pts:686.491 dur:41.700ms, clock:679.720 level:100
2026-07-04 09:29:57.329 T:1305 debug : CVideoPlayer::ProcessPacket packet from enhancement layer: size:42223 dts:686.366 pts:686.491 dur:41.700ms
2026-07-04 09:29:57.447 T:1305 debug : CVideoPlayer::ProcessVideoData size:244121 dts:686.408 pts:686.408 dur:41.700ms, clock:679.720 level:100
2026-07-04 09:29:57.447 T:1305 debug : CVideoPlayer::ProcessPacket packet from enhancement layer: size:25436 dts:686.408 pts:686.408 dur:41.700ms
2026-07-04 09:29:57.481 T:1305 debug : CVideoPlayer::ProcessVideoData size:246689 dts:686.450 pts:686.450 dur:41.700ms, clock:679.720 level:100
2026-07-04 09:29:57.510 T:1305 debug : CVideoPlayer::ProcessPacket packet from enhancement layer: size:26067 dts:686.450 pts:686.450 dur:41.700ms
2026-07-04 09:29:57.510 T:1305 debug : CDVDClock::SetSpeedAdjust - adjusted:0.000000
2026-07-04 09:29:57.510 T:1307 debug : Skipped 1 duplicate messages..
2026-07-04 09:29:57.510 T:1307 debug : CAMLCodec::SetSpeed, speed(1000)
2026-07-04 09:29:57.510 T:1308 debug : CDVDAudio::Pause - pausing audio stream
2026-07-04 09:29:57.510 T:1308 debug : CDVDAudio::Resume - resume audio stream
2026-07-04 09:29:57.510 T:974 debug : ActiveAE - start sync of audio stream
2026-07-04 09:29:57.520 T:1305 debug : CDVDClock::SetSpeedAdjust - adjusted:0.000000
2026-07-04 09:29:57.556 T:1305 debug : CVideoPlayer::ProcessVideoData size:593212 dts:686.491 pts:686.617 dur:41.700ms, clock:679.766 level:100
2026-07-04 09:29:57.629 T:974 debug : ActiveAE::SyncStream - average error of 188.716762, start adjusting
2026-07-04 09:29:57.630 T:974 debug : ActiveAE::SyncStream - average error 28.716762 below threshold of 30.000000
2026-07-04 09:29:57.655 T:1307 debug : CVideoPlayerVideo::OutputPicture - ttd:707ms pts:680.572 Clock:679.865 Level:12
2026-07-04 09:29:57.696 T:1305 debug : CVideoPlayer::ProcessPacket packet from enhancement layer: size:64089 dts:686.491 pts:686.617 dur:41.700ms
2026-07-04 09:29:57.713 T:1305 debug : CVideoPlayer::ProcessVideoData size:269879 dts:686.533 pts:686.533 dur:41.700ms, clock:679.922 level:100
2026-07-04 09:29:57.714 T:1305 debug : CVideoPlayer::ProcessPacket packet from enhancement layer: size:20696 dts:686.533 pts:686.533 dur:41.700ms
2026-07-04 09:29:57.745 T:1307 debug : CVideoPlayerVideo::OutputPicture - ttd:659ms pts:680.613 Clock:679.954 Level:11
2026-07-04 09:29:57.759 T:1305 debug : CVideoPlayer::ProcessVideoData size:264111 dts:686.575 pts:686.575 dur:41.700ms, clock:679.968 level:100
2026-07-04 09:29:57.790 T:1307 debug : CVideoPlayerVideo::OutputPicture - ttd:655ms pts:680.655 Clock:680.000 Level:11
2026-07-04 09:29:57.796 T:1305 debug : CVideoPlayer::ProcessPacket packet from enhancement layer: size:20960 dts:686.575 pts:686.575 dur:41.700ms
2026-07-04 09:29:57.827 T:1307 debug : CVideoPlayerVideo::OutputPicture - ttd:660ms pts:680.697 Clock:680.036 Level:12
2026-07-04 09:29:57.851 T:1305 debug : CVideoPlayer::ProcessVideoData size:627829 dts:686.617 pts:686.742 dur:41.700ms, clock:680.061 level:100
2026-07-04 09:29:57.853 T:1305 debug : CVideoPlayer::ProcessPacket packet from enhancement layer: size:61903 dts:686.617 pts:686.742 dur:41.700ms
2026-07-04 09:29:57.870 T:1307 debug : CVideoPlayerVideo::OutputPicture - ttd:658ms pts:680.739 Clock:680.080 Level:11
2026-07-04 09:29:57.886 T:1305 debug : CVideoPlayer::ProcessVideoData size:261639 dts:686.658 pts:686.658 dur:41.700ms, clock:680.095 level:100
2026-07-04 09:29:57.886 T:1305 debug : CVideoPlayer::ProcessPacket packet from enhancement layer: size:20630 dts:686.658 pts:686.658 dur:41.700ms
2026-07-04 09:29:57.910 T:1305 debug : CVideoPlayer::ProcessVideoData size:256289 dts:686.700 pts:686.700 dur:41.700ms, clock:680.119 level:100
2026-07-04 09:29:57.913 T:1307 debug : CVideoPlayerVideo::OutputPicture - ttd:657ms pts:680.780 Clock:680.123 Level:11
2026-07-04 09:29:57.942 T:937 debug : ------ Window Deinit (DialogSeekBar.xml) ------
2026-07-04 09:29:57.951 T:1307 debug : CVideoPlayerVideo::OutputPicture - ttd:661ms pts:680.822 Clock:680.161 Level:11
2026-07-04 09:29:57.992 T:1307 debug : CVideoPlayerVideo::OutputPicture - ttd:661ms pts:680.864 Clock:680.202 Level:11
2026-07-04 09:29:58.038 T:1307 debug : CVideoPlayerVideo::OutputPicture - ttd:657ms pts:680.905 Clock:680.248 Level:11
2026-07-04 09:29:58.075 T:1307 debug : CVideoPlayerVideo::OutputPicture - ttd:662ms pts:680.947 Clock:680.285 Level:11
2026-07-04 09:29:58.118 T:1307 debug : CVideoPlayerVideo::OutputPicture - ttd:660ms pts:680.989 Clock:680.328 Level:11
2026-07-04 09:29:58.131 T:1305 debug : CVideoPlayer::ProcessVideoData size:900645 dts:686.742 pts:686.867 dur:41.700ms, clock:680.340 level:100
2026-07-04 09:29:58.131 T:1305 debug : CVideoPlayer::ProcessPacket packet from enhancement layer: size:26001 dts:686.700 pts:686.700 dur:41.700ms
2026-07-04 09:29:58.132 T:1305 debug : CVideoPlayer::ProcessPacket packet from enhancement layer: size:118210 dts:686.742 pts:686.867 dur:41.700ms
2026-07-04 09:29:58.164 T:1307 debug : CVideoPlayerVideo::OutputPicture - ttd:656ms pts:681.031 Clock:680.374 Level:11
2026-07-04 09:29:58.168 T:1305 debug : CVideoPlayer::ProcessVideoData size:251238 dts:686.783 pts:686.783 dur:41.700ms, clock:680.378 level:100
2026-07-04 09:29:58.168 T:1305 debug : CVideoPlayer::ProcessPacket packet from enhancement layer: size:25591 dts:686.783 pts:686.783 dur:41.700ms
2026-07-04 09:29:58.193 T:1305 debug : CVideoPlayer::ProcessVideoData size:246537 dts:686.825 pts:686.825 dur:41.700ms, clock:680.403 level:100
2026-07-04 09:29:58.201 T:1307 debug : CVideoPlayerVideo::OutputPicture - ttd:661ms pts:681.072 Clock:680.411 Level:11
2026-07-04 09:29:58.241 T:1307 debug : CVideoPlayerVideo::OutputPicture - ttd:663ms pts:681.114 Clock:680.451 Level:11
2026-07-04 09:29:58.273 T:1305 debug : CVideoPlayer::ProcessPacket packet from enhancement layer: size:19250 dts:686.825 pts:686.825 dur:41.700ms
2026-07-04 09:29:58.295 T:1307 debug : CVideoPlayerVideo::OutputPicture - ttd:650ms pts:681.156 Clock:680.505 Level:11
2026-07-04 09:29:58.323 T:1307 debug : CVideoPlayerVideo::OutputPicture - ttd:664ms pts:681.197 Clock:680.533 Level:11
2026-07-04 09:29:58.366 T:1307 debug : CVideoPlayerVideo::OutputPicture - ttd:663ms pts:681.239 Clock:680.576 Level:11
2026-07-04 09:29:58.373 T:1305 debug : CVideoPlayer::ProcessVideoData size:620484 dts:686.867 pts:686.992 dur:41.700ms, clock:680.583 level:100
2026-07-04 09:29:58.413 T:1307 debug : CVideoPlayerVideo::OutputPicture - ttd:658ms pts:681.281 Clock:680.623 Level:11
2026-07-04 09:29:58.448 T:1307 debug : CVideoPlayerVideo::OutputPicture - ttd:664ms pts:681.323 Clock:680.658 Level:11
2026-07-04 09:29:58.491 T:1307 debug : CVideoPlayerVideo::OutputPicture - ttd:663ms pts:681.364 Clock:680.701 Level:11
2026-07-04 09:29:58.512 T:1305 debug : CVideoPlayer::ProcessPacket packet from enhancement layer: size:63878 dts:686.867 pts:686.992 dur:41.700ms
2026-07-04 09:29:58.532 T:1305 debug : CVideoPlayer::ProcessVideoData size:243905 dts:686.909 pts:686.909 dur:41.700ms, clock:680.742 level:100
2026-07-04 09:29:58.533 T:1305 debug : CVideoPlayer::ProcessPacket packet from enhancement layer: size:25950 dts:686.909 pts:686.909 dur:41.700ms
2026-07-04 09:29:58.538 T:1307 debug : CVideoPlayerVideo::OutputPicture - ttd:657ms pts:681.406 Clock:680.748 Level:11
2026-07-04 09:29:58.573 T:1307 debug : CVideoPlayerVideo::OutputPicture - ttd:664ms pts:681.448 Clock:680.783 Level:11
2026-07-04 09:29:58.583 T:1305 debug : CVideoPlayer::ProcessVideoData size:237730 dts:686.950 pts:686.950 dur:41.700ms, clock:680.793 level:100
2026-07-04 09:29:58.618 T:1307 debug : CVideoPlayerVideo::OutputPicture - ttd:661ms pts:681.489 Clock:680.828 Level:11
2026-07-04 09:29:58.619 T:1305 debug : CVideoPlayer::ProcessPacket packet from enhancement layer: size:20804 dts:686.950 pts:686.950 dur:41.700ms
2026-07-04 09:29:58.654 T:974 debug : ActiveAE::SyncStream - average error 110.448667 above threshold of 100.000000
2026-07-04 09:29:58.655 T:974 debug : ActiveAE::SyncStream - average error 10.448667 below threshold of 30.000000
2026-07-04 09:29:58.666 T:1307 debug : CVideoPlayerVideo::OutputPicture - ttd:655ms pts:681.531 Clock:680.876 Level:11
2026-07-04 09:29:58.703 T:1307 debug : CVideoPlayerVideo::OutputPicture - ttd:659ms pts:681.573 Clock:680.913 Level:11
2026-07-04 09:29:58.742 T:1307 debug : CVideoPlayerVideo::OutputPicture - ttd:662ms pts:681.615 Clock:680.952 Level:11
2026-07-04 09:29:58.788 T:1307 debug : CVideoPlayerVideo::OutputPicture - ttd:658ms pts:681.656 Clock:680.998 Level:11
2026-07-04 09:29:58.824 T:1307 debug : CVideoPlayerVideo::OutputPicture - ttd:664ms pts:681.698 Clock:681.034 Level:11
2026-07-04 09:29:58.865 T:1307 debug : CVideoPlayerVideo::OutputPicture - ttd:664ms pts:681.740 Clock:681.075 Level:11
2026-07-04 09:29:58.896 T:1305 debug : CVideoPlayer::ProcessVideoData size:642957 dts:686.992 pts:687.117 dur:41.700ms, clock:681.106 level:100
2026-07-04 09:29:58.912 T:1307 debug : CVideoPlayerVideo::OutputPicture - ttd:659ms pts:681.781 Clock:681.122 Level:11
2026-07-04 09:29:58.921 T:1305 debug : CVideoPlayer::ProcessPacket packet from enhancement layer: size:44417 dts:686.992 pts:687.117 dur:41.700ms
