2026-07-04 09:31:55.816 T:1305 debug : CVideoPlayer::ProcessVideoData size:250854 dts:741.338 pts:741.338 dur:41.700ms, clock:734.323 level:100
2026-07-04 09:31:55.845 T:1305 debug : CVideoPlayer::ProcessPacket packet from enhancement layer: size:20076 dts:741.338 pts:741.338 dur:41.700ms
2026-07-04 09:31:55.872 T:1305 debug : CVideoPlayer::ProcessVideoData size:246552 dts:741.380 pts:741.380 dur:41.700ms, clock:734.323 level:100
2026-07-04 09:31:55.931 T:1305 debug : CVideoPlayer::ProcessPacket packet from enhancement layer: size:19617 dts:741.380 pts:741.380 dur:41.700ms
2026-07-04 09:31:55.973 T:1305 debug : CVideoPlayer::ProcessVideoData size:700509 dts:741.421 pts:741.546 dur:41.700ms, clock:734.323 level:100
2026-07-04 09:31:55.974 T:1305 debug : CVideoPlayer::ProcessPacket packet from enhancement layer: size:62136 dts:741.421 pts:741.546 dur:41.700ms
2026-07-04 09:31:56.009 T:1305 debug : CVideoPlayer::ProcessVideoData size:255678 dts:741.463 pts:741.463 dur:41.700ms, clock:734.323 level:100
2026-07-04 09:31:56.040 T:1305 debug : CVideoPlayer::ProcessPacket packet from enhancement layer: size:19830 dts:741.463 pts:741.463 dur:41.700ms
2026-07-04 09:31:56.076 T:1305 debug : CVideoPlayer::ProcessVideoData size:253574 dts:741.505 pts:741.505 dur:41.700ms, clock:734.323 level:100
2026-07-04 09:31:56.376 T:1305 debug : CVideoPlayer::ProcessPacket packet from enhancement layer: size:19830 dts:741.505 pts:741.505 dur:41.700ms
2026-07-04 09:31:56.419 T:1305 debug : CVideoPlayer::ProcessVideoData size:711731 dts:741.546 pts:741.672 dur:41.700ms, clock:734.323 level:100
2026-07-04 09:31:56.421 T:1305 debug : CVideoPlayer::ProcessPacket packet from enhancement layer: size:62810 dts:741.546 pts:741.672 dur:41.700ms
2026-07-04 09:31:56.451 T:1305 debug : CVideoPlayer::ProcessVideoData size:248475 dts:741.588 pts:741.588 dur:41.700ms, clock:734.323 level:100
2026-07-04 09:31:56.490 T:1305 debug : CVideoPlayer::ProcessPacket packet from enhancement layer: size:20149 dts:741.588 pts:741.588 dur:41.700ms
2026-07-04 09:31:56.519 T:1305 debug : CVideoPlayer::ProcessVideoData size:246252 dts:741.630 pts:741.630 dur:41.700ms, clock:734.323 level:100
2026-07-04 09:31:56.563 T:1305 debug : CVideoPlayer::ProcessPacket packet from enhancement layer: size:19629 dts:741.630 pts:741.630 dur:41.700ms
2026-07-04 09:31:56.595 T:1305 debug : CVideoPlayer::ProcessVideoData size:710207 dts:741.672 pts:741.797 dur:41.700ms, clock:734.323 level:100
2026-07-04 09:31:56.663 T:1305 debug : CVideoPlayer::ProcessPacket packet from enhancement layer: size:62038 dts:741.672 pts:741.797 dur:41.700ms
2026-07-04 09:31:56.689 T:1305 debug : CVideoPlayer::ProcessVideoData size:257997 dts:741.713 pts:741.713 dur:41.700ms, clock:734.323 level:100
2026-07-04 09:31:56.690 T:1305 debug : CDVDClock::SetSpeedAdjust - adjusted:0.000000
2026-07-04 09:31:56.690 T:1308 debug : Skipped 1 duplicate messages..
2026-07-04 09:31:56.690 T:1308 debug : CDVDAudio::Pause - pausing audio stream
2026-07-04 09:31:56.690 T:1308 debug : CDVDAudio::Resume - resume audio stream
2026-07-04 09:31:56.690 T:974 debug : ActiveAE - start sync of audio stream
2026-07-04 09:31:56.690 T:1307 debug : CAMLCodec::SetSpeed, speed(1000)
2026-07-04 09:31:56.700 T:1305 debug : CDVDClock::SetSpeedAdjust - adjusted:0.000000
2026-07-04 09:31:56.810 T:974 debug : ActiveAE::SyncStream - average error of 174.898187, start adjusting
2026-07-04 09:31:56.811 T:974 debug : ActiveAE::SyncStream - average error 14.898187 below threshold of 30.000000
2026-07-04 09:31:56.827 T:1307 debug : CVideoPlayerVideo::OutputPicture - ttd:711ms pts:735.171 Clock:734.460 Level:12
2026-07-04 09:31:56.917 T:1305 debug : CVideoPlayer::ProcessPacket packet from enhancement layer: size:20853 dts:741.713 pts:741.713 dur:41.700ms
2026-07-04 09:31:56.918 T:1307 debug : CVideoPlayerVideo::OutputPicture - ttd:662ms pts:735.213 Clock:734.551 Level:11
2026-07-04 09:31:56.938 T:1305 debug : CVideoPlayer::ProcessVideoData size:267130 dts:741.755 pts:741.755 dur:41.700ms, clock:734.571 level:100
2026-07-04 09:31:56.952 T:1307 debug : CVideoPlayerVideo::OutputPicture - ttd:669ms pts:735.255 Clock:734.586 Level:12
2026-07-04 09:31:56.995 T:1307 debug : CVideoPlayerVideo::OutputPicture - ttd:668ms pts:735.297 Clock:734.628 Level:12
2026-07-04 09:31:57.006 T:1305 debug : CVideoPlayer::ProcessPacket packet from enhancement layer: size:20834 dts:741.755 pts:741.755 dur:41.700ms
2026-07-04 09:31:57.042 T:1307 debug : CVideoPlayerVideo::OutputPicture - ttd:663ms pts:735.338 Clock:734.675 Level:11
2026-07-04 09:31:57.079 T:1307 debug : CVideoPlayerVideo::OutputPicture - ttd:668ms pts:735.380 Clock:734.712 Level:11
2026-07-04 09:31:57.119 T:1307 debug : CVideoPlayerVideo::OutputPicture - ttd:669ms pts:735.422 Clock:734.752 Level:11
2026-07-04 09:31:57.150 T:937 debug : ------ Window Deinit (DialogSeekBar.xml) ------
2026-07-04 09:31:57.171 T:1307 debug : CVideoPlayerVideo::OutputPicture - ttd:659ms pts:735.463 Clock:734.804 Level:11
2026-07-04 09:31:57.208 T:1307 debug : CVideoPlayerVideo::OutputPicture - ttd:663ms pts:735.505 Clock:734.841 Level:11
2026-07-04 09:31:57.244 T:1307 debug : CVideoPlayerVideo::OutputPicture - ttd:669ms pts:735.547 Clock:734.878 Level:11
2026-07-04 09:31:57.293 T:1307 debug : CVideoPlayerVideo::OutputPicture - ttd:662ms pts:735.589 Clock:734.926 Level:11
2026-07-04 09:31:57.296 T:1305 debug : CVideoPlayer::ProcessVideoData size:695408 dts:741.797 pts:741.922 dur:41.700ms, clock:734.929 level:100
2026-07-04 09:31:57.297 T:1305 debug : CVideoPlayer::ProcessPacket packet from enhancement layer: size:37316 dts:741.797 pts:741.922 dur:41.700ms
2026-07-04 09:31:57.326 T:1307 debug : CVideoPlayerVideo::OutputPicture - ttd:671ms pts:735.630 Clock:734.959 Level:11
2026-07-04 09:31:57.368 T:1307 debug : CVideoPlayerVideo::OutputPicture - ttd:670ms pts:735.672 Clock:735.001 Level:11
2026-07-04 09:31:57.417 T:1307 debug : CVideoPlayerVideo::OutputPicture - ttd:663ms pts:735.714 Clock:735.051 Level:11
2026-07-04 09:31:57.454 T:1307 debug : CVideoPlayerVideo::OutputPicture - ttd:667ms pts:735.755 Clock:735.088 Level:11
2026-07-04 09:31:57.496 T:1307 debug : CVideoPlayerVideo::OutputPicture - ttd:668ms pts:735.797 Clock:735.129 Level:11
2026-07-04 09:31:57.511 T:1305 debug : CVideoPlayer::ProcessVideoData size:250670 dts:741.838 pts:741.838 dur:41.700ms, clock:735.144 level:100
2026-07-04 09:31:57.542 T:1307 debug : CVideoPlayerVideo::OutputPicture - ttd:663ms pts:735.839 Clock:735.176 Level:11
2026-07-04 09:31:57.579 T:1307 debug : CVideoPlayerVideo::OutputPicture - ttd:668ms pts:735.881 Clock:735.212 Level:11
2026-07-04 09:31:57.622 T:1307 debug : CVideoPlayerVideo::OutputPicture - ttd:667ms pts:735.922 Clock:735.255 Level:11
2026-07-04 09:31:57.665 T:1307 debug : CVideoPlayerVideo::OutputPicture - ttd:665ms pts:735.964 Clock:735.298 Level:11
2026-07-04 09:31:57.678 T:1305 debug : CVideoPlayer::ProcessPacket packet from enhancement layer: size:19737 dts:741.838 pts:741.838 dur:41.700ms
2026-07-04 09:31:57.702 T:1307 debug : CVideoPlayerVideo::OutputPicture - ttd:670ms pts:736.006 Clock:735.336 Level:11
2026-07-04 09:31:57.745 T:1307 debug : CVideoPlayerVideo::OutputPicture - ttd:669ms pts:736.047 Clock:735.378 Level:11
2026-07-04 09:31:57.791 T:1307 debug : CVideoPlayerVideo::OutputPicture - ttd:664ms pts:736.089 Clock:735.425 Level:11
2026-07-04 09:31:57.830 T:1307 debug : CVideoPlayerVideo::OutputPicture - ttd:667ms pts:736.131 Clock:735.463 Level:11
2026-07-04 09:31:57.835 T:1308 debug : CDVDClock::ErrorAdjust - CVideoPlayerAudio::OutputPacket - error:96112.919459, adjusted:41708.333333
2026-07-04 09:31:57.871 T:1307 debug : CVideoPlayerVideo::OutputPicture - ttd:626ms pts:736.173 Clock:735.546 Level:11
2026-07-04 09:31:57.877 T:1308 debug : CDVDClock::ErrorAdjust - CVideoPlayerAudio::OutputPacket - error:54404.586125, adjusted:41708.333333
2026-07-04 09:31:57.916 T:1307 debug : CVideoPlayerVideo::OutputPicture - ttd:581ms pts:736.214 Clock:735.633 Level:10
2026-07-04 09:31:57.952 T:1307 debug : CVideoPlayerVideo::OutputPicture - ttd:587ms pts:736.256 Clock:735.669 Level:10
2026-07-04 09:31:57.967 T:1307 debug : CVideoPlayerVideo::OutputPicture - ttd:614ms pts:736.298 Clock:735.684 Level:11
2026-07-04 09:31:57.980 T:1305 debug : CVideoPlayer::ProcessVideoData size:245705 dts:741.880 pts:741.880 dur:41.700ms, clock:735.697 level:100
2026-07-04 09:31:58.006 T:1307 debug : CVideoPlayerVideo::OutputPicture - ttd:616ms pts:736.339 Clock:735.723 Level:11
2026-07-04 09:31:58.040 T:1307 debug : CVideoPlayerVideo::OutputPicture - ttd:624ms pts:736.381 Clock:735.756 Level:11
2026-07-04 09:31:58.078 T:1307 debug : CVideoPlayerVideo::OutputPicture - ttd:627ms pts:736.423 Clock:735.795 Level:11
2026-07-04 09:31:58.126 T:1307 debug : CVideoPlayerVideo::OutputPicture - ttd:621ms pts:736.465 Clock:735.843 Level:10
2026-07-04 09:31:58.161 T:1307 debug : CVideoPlayerVideo::OutputPicture - ttd:628ms pts:736.506 Clock:735.878 Level:10
2026-07-04 09:31:58.164 T:1305 debug : CVideoPlayer::ProcessPacket packet from enhancement layer: size:19320 dts:741.880 pts:741.880 dur:41.700ms
2026-07-04 09:31:58.176 T:1307 debug : CVideoPlayerVideo::OutputPicture - ttd:654ms pts:736.548 Clock:735.893 Level:11
2026-07-04 09:31:58.208 T:1307 debug : CVideoPlayerVideo::OutputPicture - ttd:664ms pts:736.590 Clock:735.925 Level:11
2026-07-04 09:31:58.210 T:1305 debug : CVideoPlayer::ProcessVideoData size:1154992 dts:741.922 pts:742.047 dur:41.700ms, clock:735.927 level:100
2026-07-04 09:31:58.211 T:1305 debug : CVideoPlayer::ProcessPacket packet from enhancement layer: size:225423 dts:741.922 pts:742.047 dur:41.700ms
2026-07-04 09:31:58.232 T:1305 debug : CVideoPlayer::ProcessVideoData size:257233 dts:741.964 pts:741.964 dur:41.700ms, clock:735.949 level:100
2026-07-04 09:31:58.233 T:1305 debug : CVideoPlayer::ProcessPacket packet from enhancement layer: size:19062 dts:741.964 pts:741.964 dur:41.700ms
2026-07-04 09:31:58.244 T:1307 debug : CVideoPlayerVideo::OutputPicture - ttd:670ms pts:736.631 Clock:735.961 Level:11
2026-07-04 09:31:58.288 T:1307 debug : CVideoPlayerVideo::OutputPicture - ttd:667ms pts:736.673 Clock:736.005 Level:11
2026-07-04 09:31:58.334 T:1307 debug : CVideoPlayerVideo::OutputPicture - ttd:663ms pts:736.715 Clock:736.051 Level:11
2026-07-04 09:31:58.375 T:1307 debug : CVideoPlayerVideo::OutputPicture - ttd:664ms pts:736.756 Clock:736.092 Level:11
2026-07-04 09:31:58.413 T:1307 debug : CVideoPlayerVideo::OutputPicture - ttd:668ms pts:736.798 Clock:736.130 Level:11
2026-07-04 09:31:58.459 T:1307 debug : CVideoPlayerVideo::OutputPicture - ttd:664ms pts:736.840 Clock:736.176 Level:11
2026-07-04 09:31:58.495 T:1307 debug : CVideoPlayerVideo::OutputPicture - ttd:669ms pts:736.882 Clock:736.212 Level:11
2026-07-04 09:31:58.538 T:1307 debug : CVideoPlayerVideo::OutputPicture - ttd:668ms pts:736.923 Clock:736.255 Level:11
2026-07-04 09:31:58.584 T:1307 debug : CVideoPlayerVideo::OutputPicture - ttd:664ms pts:736.965 Clock:736.301 Level:11
2026-07-04 09:31:58.621 T:1307 debug : CVideoPlayerVideo::OutputPicture - ttd:668ms pts:737.007 Clock:736.338 Level:11
2026-07-04 09:31:58.664 T:1307 debug : CVideoPlayerVideo::OutputPicture - ttd:667ms pts:737.048 Clock:736.381 Level:11
2026-07-04 09:31:58.689 T:1305 debug : CVideoPlayer::ProcessVideoData size:276769 dts:742.005 pts:742.005 dur:41.700ms, clock:736.406 level:100
2026-07-04 09:31:58.707 T:1307 debug : CVideoPlayerVideo::OutputPicture - ttd:666ms pts:737.090 Clock:736.424 Level:11
2026-07-04 09:31:58.746 T:1307 debug : CVideoPlayerVideo::OutputPicture - ttd:669ms pts:737.132 Clock:736.463 Level:11
2026-07-04 09:31:58.788 T:1307 debug : CVideoPlayerVideo::OutputPicture - ttd:668ms pts:737.174 Clock:736.505 Level:11
2026-07-04 09:31:58.837 T:1305 debug : CVideoPlayer::ProcessVideoData size:697220 dts:742.047 pts:742.172 dur:41.700ms, clock:736.554 level:100
2026-07-04 09:31:58.838 T:1305 debug : CVideoPlayer::ProcessPacket packet from enhancement layer: size:18540 dts:742.005 pts:742.005 dur:41.700ms
2026-07-04 09:31:58.838 T:1305 debug : CVideoPlayer::ProcessPacket packet from enhancement layer: size:68092 dts:742.047 pts:742.172 dur:41.700ms
2026-07-04 09:31:58.841 T:1307 debug : CVideoPlayerVideo::OutputPicture - ttd:657ms pts:737.215 Clock:736.558 Level:11
2026-07-04 09:31:58.860 T:1308 debug : CDVDClock::ErrorAdjust - CVideoPlayerAudio::OutputPacket - error:65424.433209, adjusted:41708.333333
2026-07-04 09:31:58.869 T:1305 debug : CVideoPlayer::ProcessVideoData size:249997 dts:742.089 pts:742.089 dur:41.700ms, clock:736.628 level:100
2026-07-04 09:31:58.874 T:1307 debug : CVideoPlayerVideo::OutputPicture - ttd:624ms pts:737.257 Clock:736.633 Level:10
2026-07-04 09:31:58.899 T:1305 debug : CVideoPlayer::ProcessPacket packet from enhancement layer: size:19470 dts:742.089 pts:742.089 dur:41.700ms
2026-07-04 09:31:58.912 T:1307 debug : CVideoPlayerVideo::OutputPicture - ttd:627ms pts:737.299 Clock:736.671 Level:10
2026-07-04 09:31:58.930 T:1307 debug : CVideoPlayerVideo::OutputPicture - ttd:651ms pts:737.340 Clock:736.689 Level:11
2026-07-04 09:31:58.954 T:1307 debug : CVideoPlayerVideo::OutputPicture - ttd:669ms pts:737.382 Clock:736.713 Level:11
2026-07-04 09:31:58.996 T:1307 debug : CVideoPlayerVideo::OutputPicture - ttd:669ms pts:737.424 Clock:736.755 Level:11
2026-07-04 09:31:58.999 T:1305 debug : CVideoPlayer::ProcessVideoData size:244730 dts:742.130 pts:742.130 dur:41.700ms, clock:736.758 level:100
2026-07-04 09:31:59.042 T:1307 debug : CVideoPlayerVideo::OutputPicture - ttd:665ms pts:737.466 Clock:736.800 Level:11
2026-07-04 09:31:59.078 T:1307 debug : CVideoPlayerVideo::OutputPicture - ttd:670ms pts:737.507 Clock:736.837 Level:11
2026-07-04 09:31:59.118 T:1307 debug : CVideoPlayerVideo::OutputPicture - ttd:671ms pts:737.549 Clock:736.877 Level:11
2026-07-04 09:31:59.169 T:1307 debug : CVideoPlayerVideo::OutputPicture - ttd:662ms pts:737.591 Clock:736.928 Level:11
2026-07-04 09:31:59.207 T:1307 debug : CVideoPlayerVideo::OutputPicture - ttd:666ms pts:737.632 Clock:736.966 Level:11
2026-07-04 09:31:59.245 T:1307 debug : CVideoPlayerVideo::OutputPicture - ttd:670ms pts:737.674 Clock:737.004 Level:11
2026-07-04 09:31:59.295 T:1307 debug : CVideoPlayerVideo::OutputPicture - ttd:662ms pts:737.716 Clock:737.053 Level:11
2026-07-04 09:31:59.300 T:1305 debug : CVideoPlayer::ProcessVideoData size:722866 dts:742.172 pts:742.297 dur:41.700ms, clock:737.059 level:100
2026-07-04 09:31:59.301 T:1305 debug : CVideoPlayer::ProcessPacket packet from enhancement layer: size:19525 dts:742.130 pts:742.130 dur:41.700ms
2026-07-04 09:31:59.302 T:1305 debug : CVideoPlayer::ProcessPacket packet from enhancement layer: size:68627 dts:742.172 pts:742.297 dur:41.700ms
2026-07-04 09:31:59.330 T:1307 debug : CVideoPlayerVideo::OutputPicture - ttd:669ms pts:737.758 Clock:737.089 Level:11
2026-07-04 09:31:59.334 T:1305 debug : CVideoPlayer::ProcessVideoData size:251708 dts:742.214 pts:742.214 dur:41.700ms, clock:737.093 level:100
2026-07-04 09:31:59.371 T:1307 debug : CVideoPlayerVideo::OutputPicture - ttd:669ms pts:737.799 Clock:737.130 Level:11
2026-07-04 09:31:59.384 T:1305 debug : CVideoPlayer::ProcessPacket packet from enhancement layer: size:19371 dts:742.214 pts:742.214 dur:41.700ms
2026-07-04 09:31:59.418 T:1307 debug : CVideoPlayerVideo::OutputPicture - ttd:664ms pts:737.841 Clock:737.177 Level:11
2026-07-04 09:31:59.418 T:1305 debug : CVideoPlayer::ProcessVideoData size:260016 dts:742.255 pts:742.255 dur:41.700ms, clock:737.177 level:100
2026-07-04 09:31:59.456 T:1307 debug : CVideoPlayerVideo::OutputPicture - ttd:667ms pts:737.883 Clock:737.215 Level:11
2026-07-04 09:31:59.494 T:1307 debug : CVideoPlayerVideo::OutputPicture - ttd:671ms pts:737.924 Clock:737.253 Level:11
2026-07-04 09:31:59.504 T:1305 debug : CVideoPlayer::ProcessVideoData size:681899 dts:742.297 pts:742.422 dur:41.700ms, clock:737.263 level:100
2026-07-04 09:31:59.505 T:1305 debug : CVideoPlayer::ProcessPacket packet from enhancement layer: size:18794 dts:742.255 pts:742.255 dur:41.700ms
2026-07-04 09:31:59.505 T:1305 debug : CVideoPlayer::ProcessPacket packet from enhancement layer: size:66789 dts:742.297 pts:742.422 dur:41.700ms
2026-07-04 09:31:59.541 T:1307 debug : CVideoPlayerVideo::OutputPicture - ttd:665ms pts:737.966 Clock:737.300 Level:11
2026-07-04 09:31:59.578 T:1307 debug : CVideoPlayerVideo::OutputPicture - ttd:670ms pts:738.008 Clock:737.337 Level:12
2026-07-04 09:31:59.619 T:1307 debug : CVideoPlayerVideo::OutputPicture - ttd:671ms pts:738.050 Clock:737.378 Level:11
2026-07-04 09:31:59.676 T:1307 debug : CVideoPlayerVideo::OutputPicture - ttd:656ms pts:738.091 Clock:737.434 Level:11
2026-07-04 09:31:59.706 T:1307 debug : CVideoPlayerVideo::OutputPicture - ttd:667ms pts:738.133 Clock:737.465 Level:11
2026-07-04 09:31:59.746 T:1307 debug : CVideoPlayerVideo::OutputPicture - ttd:669ms pts:738.175 Clock:737.505 Level:11
2026-07-04 09:31:59.777 T:1305 debug : CVideoPlayer::ProcessVideoData size:257226 dts:742.339 pts:742.339 dur:41.700ms, clock:737.536 level:100
2026-07-04 09:31:59.777 T:1305 debug : CVideoPlayer::ProcessPacket packet from enhancement layer: size:19029 dts:742.339 pts:742.339 dur:41.700ms
2026-07-04 09:31:59.792 T:1307 debug : CVideoPlayerVideo::OutputPicture - ttd:665ms pts:738.216 Clock:737.551 Level:11
2026-07-04 09:31:59.806 T:1305 debug : CVideoPlayer::ProcessVideoData size:250340 dts:742.381 pts:742.381 dur:41.700ms, clock:737.565 level:100
2026-07-04 09:31:59.829 T:1307 debug : CVideoPlayerVideo::OutputPicture - ttd:670ms pts:738.258 Clock:737.588 Level:11
2026-07-04 09:31:59.841 T:1305 debug : CVideoPlayer::ProcessPacket packet from enhancement layer: size:18844 dts:742.381 pts:742.381 dur:41.700ms
2026-07-04 09:31:59.860 T:1305 debug : CVideoPlayer::ProcessVideoData size:687856 dts:742.422 pts:742.547 dur:41.700ms, clock:737.619 level:100
2026-07-04 09:31:59.872 T:1307 debug : CVideoPlayerVideo::OutputPicture - ttd:669ms pts:738.300 Clock:737.631 Level:11
2026-07-04 09:31:59.917 T:1307 debug : CVideoPlayerVideo::OutputPicture - ttd:665ms pts:738.342 Clock:737.676 Level:11
2026-07-04 09:31:59.954 T:1307 debug : CVideoPlayerVideo::OutputPicture - ttd:670ms pts:738.383 Clock:737.713 Level:11
2026-07-04 09:31:59.999 T:1307 debug : CVideoPlayerVideo::OutputPicture - ttd:667ms pts:738.425 Clock:737.758 Level:11
2026-07-04 09:32:00.046 T:1307 debug : CVideoPlayerVideo::OutputPicture - ttd:661ms pts:738.467 Clock:737.805 Level:11
2026-07-04 09:32:00.084 T:1307 debug : CVideoPlayerVideo::OutputPicture - ttd:665ms pts:738.508 Clock:737.843 Level:11
2026-07-04 09:32:00.095 T:1305 debug : CVideoPlayer::ProcessPacket packet from enhancement layer: size:65111 dts:742.422 pts:742.547 dur:41.700ms
2026-07-04 09:32:00.124 T:1307 debug : CVideoPlayerVideo::OutputPicture - ttd:666ms pts:738.550 Clock:737.883 Level:11
2026-07-04 09:32:00.140 T:1305 debug : CVideoPlayer::ProcessVideoData size:255790 dts:742.464 pts:742.464 dur:41.700ms, clock:737.899 level:100
2026-07-04 09:32:00.141 T:1305 debug : CVideoPlayer::ProcessPacket packet from enhancement layer: size:19433 dts:742.464 pts:742.464 dur:41.700ms
2026-07-04 09:32:00.167 T:1307 debug : CVideoPlayerVideo::OutputPicture - ttd:665ms pts:738.592 Clock:737.926 Level:11
2026-07-04 09:32:00.202 T:1307 debug : CVideoPlayerVideo::OutputPicture - ttd:672ms pts:738.633 Clock:737.961 Level:11
2026-07-04 09:32:00.218 T:1305 debug : CVideoPlayer::ProcessVideoData size:260680 dts:742.506 pts:742.506 dur:41.700ms, clock:737.977 level:100
2026-07-04 09:32:00.249 T:1307 debug : CVideoPlayerVideo::OutputPicture - ttd:667ms pts:738.675 Clock:738.008 Level:11
2026-07-04 09:32:00.293 T:1307 debug : CVideoPlayerVideo::OutputPicture - ttd:665ms pts:738.717 Clock:738.052 Level:11
2026-07-04 09:32:00.331 T:1307 debug : CVideoPlayerVideo::OutputPicture - ttd:668ms pts:738.759 Clock:738.090 Level:11
2026-07-04 09:32:00.372 T:1307 debug : CVideoPlayerVideo::OutputPicture - ttd:669ms pts:738.800 Clock:738.131 Level:12
2026-07-04 09:32:00.418 T:1307 debug : CVideoPlayerVideo::OutputPicture - ttd:664ms pts:738.842 Clock:738.177 Level:11
2026-07-04 09:32:00.423 T:1305 debug : CVideoPlayer::ProcessPacket packet from enhancement layer: size:18882 dts:742.506 pts:742.506 dur:41.700ms
2026-07-04 09:32:00.452 T:1305 debug : CVideoPlayer::ProcessVideoData size:666765 dts:742.547 pts:742.673 dur:41.700ms, clock:738.211 level:100
2026-07-04 09:32:00.453 T:1305 debug : CVideoPlayer::ProcessPacket packet from enhancement layer: size:64614 dts:742.547 pts:742.673 dur:41.700ms
2026-07-04 09:32:00.456 T:1307 debug : CVideoPlayerVideo::OutputPicture - ttd:668ms pts:738.884 Clock:738.215 Level:11
2026-07-04 09:32:00.498 T:1307 debug : CVideoPlayerVideo::OutputPicture - ttd:668ms pts:738.925 Clock:738.257 Level:11
2026-07-04 09:32:00.548 T:1307 debug : CVideoPlayerVideo::OutputPicture - ttd:659ms pts:738.967 Clock:738.308 Level:11
2026-07-04 09:32:00.581 T:1307 debug : CVideoPlayerVideo::OutputPicture - ttd:668ms pts:739.009 Clock:738.340 Level:11
2026-07-04 09:32:00.623 T:1307 debug : CVideoPlayerVideo::OutputPicture - ttd:668ms pts:739.051 Clock:738.382 Level:11
2026-07-04 09:32:00.668 T:1307 debug : CVideoPlayerVideo::OutputPicture - ttd:664ms pts:739.092 Clock:738.427 Level:11
2026-07-04 09:32:00.706 T:1307 debug : CVideoPlayerVideo::OutputPicture - ttd:668ms pts:739.134 Clock:738.465 Level:11
2026-07-04 09:32:00.737 T:1305 debug : CVideoPlayer::ProcessVideoData size:258878 dts:742.589 pts:742.589 dur:41.700ms, clock:738.496 level:100
2026-07-04 09:32:00.738 T:1305 debug : CVideoPlayer::ProcessPacket packet from enhancement layer: size:18937 dts:742.589 pts:742.589 dur:41.700ms
2026-07-04 09:32:00.747 T:1307 debug : CVideoPlayerVideo::OutputPicture - ttd:669ms pts:739.176 Clock:738.506 Level:11
2026-07-04 09:32:00.778 T:1305 debug : CVideoPlayer::ProcessVideoData size:247774 dts:742.631 pts:742.631 dur:41.700ms, clock:738.537 level:100
2026-07-04 09:32:00.794 T:1307 debug : CVideoPlayerVideo::OutputPicture - ttd:664ms pts:739.217 Clock:738.553 Level:11
2026-07-04 09:32:00.829 T:1307 debug : CVideoPlayerVideo::OutputPicture - ttd:670ms pts:739.259 Clock:738.588 Level:11
2026-07-04 09:32:00.837 T:1305 debug : CVideoPlayer::ProcessPacket packet from enhancement layer: size:19064 dts:742.631 pts:742.631 dur:41.700ms
2026-07-04 09:32:00.859 T:1305 debug : CVideoPlayer::ProcessVideoData size:679220 dts:742.673 pts:742.798 dur:41.700ms, clock:738.615 level:100
2026-07-04 09:32:00.860 T:1305 debug : CVideoPlayer::ProcessPacket packet from enhancement layer: size:63693 dts:742.673 pts:742.798 dur:41.700ms
2026-07-04 09:32:00.873 T:1307 debug : CVideoPlayerVideo::OutputPicture - ttd:668ms pts:739.301 Clock:738.632 Level:11
2026-07-04 09:32:00.890 T:1305 debug : CVideoPlayer::ProcessVideoData size:252482 dts:742.714 pts:742.714 dur:41.700ms, clock:738.649 level:100
2026-07-04 09:32:00.915 T:1305 debug : CVideoPlayer::ProcessPacket packet from enhancement layer: size:19638 dts:742.714 pts:742.714 dur:41.700ms
2026-07-04 09:32:00.920 T:1307 debug : CVideoPlayerVideo::OutputPicture - ttd:663ms pts:739.343 Clock:738.679 Level:11
2026-07-04 09:32:00.954 T:1307 debug : CVideoPlayerVideo::OutputPicture - ttd:671ms pts:739.384 Clock:738.713 Level:11
2026-07-04 09:32:00.966 T:1305 debug : CVideoPlayer::ProcessVideoData size:258714 dts:742.756 pts:742.756 dur:41.700ms, clock:738.725 level:100
2026-07-04 09:32:01.000 T:1307 debug : CVideoPlayerVideo::OutputPicture - ttd:666ms pts:739.426 Clock:738.759 Level:11
2026-07-04 09:32:01.044 T:1307 debug : CVideoPlayerVideo::OutputPicture - ttd:664ms pts:739.468 Clock:738.803 Level:11
2026-07-04 09:32:01.081 T:1307 debug : CVideoPlayerVideo::OutputPicture - ttd:669ms pts:739.509 Clock:738.840 Level:11
2026-07-04 09:32:01.122 T:1307 debug : CVideoPlayerVideo::OutputPicture - ttd:669ms pts:739.551 Clock:738.881 Level:11
2026-07-04 09:32:01.168 T:1307 debug : CVideoPlayerVideo::OutputPicture - ttd:665ms pts:739.593 Clock:738.927 Level:11
2026-07-04 09:32:01.206 T:1307 debug : CVideoPlayerVideo::OutputPicture - ttd:669ms pts:739.635 Clock:738.965 Level:11
2026-07-04 09:32:01.234 T:937 debug : TEMP: [framecount] video=5520 ctrls=5520 subs=1647 skip-gui=855 skip-any=855
2026-07-04 09:32:01.245 T:1307 debug : CVideoPlayerVideo::OutputPicture - ttd:672ms pts:739.676 Clock:739.004 Level:11
2026-07-04 09:32:01.295 T:1307 debug : CVideoPlayerVideo::OutputPicture - ttd:663ms pts:739.718 Clock:739.054 Level:11
2026-07-04 09:32:01.331 T:1307 debug : CVideoPlayerVideo::OutputPicture - ttd:669ms pts:739.760 Clock:739.091 Level:11
2026-07-04 09:32:01.371 T:1307 debug : CVideoPlayerVideo::OutputPicture - ttd:670ms pts:739.801 Clock:739.131 Level:11
2026-07-04 09:32:01.425 T:1307 debug : CVideoPlayerVideo::OutputPicture - ttd:658ms pts:739.843 Clock:739.184 Level:11
2026-07-04 09:32:01.459 T:1307 debug : CVideoPlayerVideo::OutputPicture - ttd:666ms pts:739.885 Clock:739.219 Level:11
2026-07-04 09:32:01.500 T:1307 debug : CVideoPlayerVideo::OutputPicture - ttd:667ms pts:739.927 Clock:739.259 Level:11
2026-07-04 09:32:01.547 T:1307 debug : CVideoPlayerVideo::OutputPicture - ttd:662ms pts:739.968 Clock:739.306 Level:11
2026-07-04 09:32:01.581 T:1307 debug : CVideoPlayerVideo::OutputPicture - ttd:669ms pts:740.010 Clock:739.340 Level:11
2026-07-04 09:32:01.622 T:1307 debug : CVideoPlayerVideo::OutputPicture - ttd:670ms pts:740.052 Clock:739.381 Level:11
2026-07-04 09:32:01.671 T:1307 debug : CVideoPlayerVideo::OutputPicture - ttd:662ms pts:740.093 Clock:739.431 Level:11
2026-07-04 09:32:01.679 T:1305 debug : CVideoPlayer::ProcessPacket packet from enhancement layer: size:19022 dts:742.756 pts:742.756 dur:41.700ms
2026-07-04 09:32:01.706 T:1307 debug : CVideoPlayerVideo::OutputPicture - ttd:669ms pts:740.135 Clock:739.466 Level:11
2026-07-04 09:32:01.748 T:1307 debug : CVideoPlayerVideo::OutputPicture - ttd:669ms pts:740.177 Clock:739.507 Level:11
2026-07-04 09:32:01.793 T:1307 debug : CVideoPlayerVideo::OutputPicture - ttd:665ms pts:740.219 Clock:739.553 Level:11
2026-07-04 09:32:01.833 T:1307 debug : CVideoPlayerVideo::OutputPicture - ttd:667ms pts:740.260 Clock:739.592 Level:11
2026-07-04 09:32:01.874 T:1307 debug : CVideoPlayerVideo::OutputPicture - ttd:668ms pts:740.302 Clock:739.634 Level:11
2026-07-04 09:32:01.922 T:1307 debug : CVideoPlayerVideo::OutputPicture - ttd:662ms pts:740.344 Clock:739.681 Level:11
2026-07-04 09:32:01.954 T:1307 debug : CVideoPlayerVideo::OutputPicture - ttd:672ms pts:740.385 Clock:739.713 Level:11
2026-07-04 09:32:01.976 T:1305 debug : CVideoPlayer::ProcessVideoData size:1075660 dts:742.798 pts:742.923 dur:41.700ms, clock:739.735 level:100
2026-07-04 09:32:02.000 T:1305 debug : CVideoPlayer::ProcessPacket packet from enhancement layer: size:225244 dts:742.798 pts:742.923 dur:41.700ms
2026-07-04 09:32:02.001 T:1307 debug : CVideoPlayerVideo::OutputPicture - ttd:666ms pts:740.427 Clock:739.761 Level:11
2026-07-04 09:32:02.033 T:1305 debug : CVideoPlayer::ProcessVideoData size:260157 dts:742.839 pts:742.839 dur:41.700ms, clock:739.792 level:100
2026-07-04 09:32:02.034 T:1305 debug : CVideoPlayer::ProcessPacket packet from enhancement layer: size:18511 dts:742.839 pts:742.839 dur:41.700ms
2026-07-04 09:32:02.048 T:1307 debug : CVideoPlayerVideo::OutputPicture - ttd:661ms pts:740.469 Clock:739.807 Level:11
2026-07-04 09:32:02.062 T:1305 debug : CVideoPlayer::ProcessVideoData size:260084 dts:742.881 pts:742.881 dur:41.700ms, clock:739.821 level:100
2026-07-04 09:32:02.082 T:1307 debug : CVideoPlayerVideo::OutputPicture - ttd:669ms pts:740.510 Clock:739.841 Level:11
2026-07-04 09:32:02.126 T:1307 debug : CVideoPlayerVideo::OutputPicture - ttd:667ms pts:740.552 Clock:739.885 Level:11
2026-07-04 09:32:02.145 T:1305 debug : CVideoPlayer::ProcessVideoData size:688860 dts:742.923 pts:743.048 dur:41.700ms, clock:739.904 level:100
2026-07-04 09:32:02.169 T:1305 debug : CVideoPlayer::ProcessPacket packet from enhancement layer: size:18287 dts:742.881 pts:742.881 dur:41.700ms
2026-07-04 09:32:02.169 T:1305 debug : CVideoPlayer::ProcessPacket packet from enhancement layer: size:68469 dts:742.923 pts:743.048 dur:41.700ms
2026-07-04 09:32:02.171 T:1307 debug : CVideoPlayerVideo::OutputPicture - ttd:663ms pts:740.594 Clock:739.930 Level:11
2026-07-04 09:32:02.194 T:1305 debug : CVideoPlayer::ProcessVideoData size:259757 dts:742.965 pts:742.965 dur:41.700ms, clock:739.953 level:100
2026-07-04 09:32:02.195 T:1305 debug : CVideoPlayer::ProcessPacket packet from enhancement layer: size:19035 dts:742.965 pts:742.965 dur:41.700ms
2026-07-04 09:32:02.207 T:1307 debug : CVideoPlayerVideo::OutputPicture - ttd:669ms pts:740.636 Clock:739.966 Level:11
2026-07-04 09:32:02.249 T:1307 debug : CVideoPlayerVideo::OutputPicture - ttd:669ms pts:740.677 Clock:740.008 Level:11
2026-07-04 09:32:02.302 T:1307 debug : CVideoPlayerVideo::OutputPicture - ttd:657ms pts:740.719 Clock:740.061 Level:11
2026-07-04 09:32:02.335 T:1307 debug : CVideoPlayerVideo::OutputPicture - ttd:665ms pts:740.761 Clock:740.095 Level:11
2026-07-04 09:32:02.337 T:1305 debug : CVideoPlayer::ProcessVideoData size:259470 dts:743.006 pts:743.006 dur:41.700ms, clock:740.096 level:100
2026-07-04 09:32:02.372 T:1307 debug : CVideoPlayerVideo::OutputPicture - ttd:670ms pts:740.802 Clock:740.132 Level:11
2026-07-04 09:32:02.421 T:1307 debug : CVideoPlayerVideo::OutputPicture - ttd:663ms pts:740.844 Clock:740.180 Level:11
2026-07-04 09:32:02.459 T:1307 debug : CVideoPlayerVideo::OutputPicture - ttd:667ms pts:740.886 Clock:740.219 Level:11
2026-07-04 09:32:02.497 T:1307 debug : CVideoPlayerVideo::OutputPicture - ttd:671ms pts:740.928 Clock:740.256 Level:11
2026-07-04 09:32:02.543 T:1307 debug : CVideoPlayerVideo::OutputPicture - ttd:667ms pts:740.969 Clock:740.302 Level:11
2026-07-04 09:32:02.583 T:1307 debug : CVideoPlayerVideo::OutputPicture - ttd:668ms pts:741.011 Clock:740.342 Level:11
2026-07-04 09:32:02.622 T:1307 debug : CVideoPlayerVideo::OutputPicture - ttd:671ms pts:741.053 Clock:740.381 Level:11
2026-07-04 09:32:02.624 T:1305 debug : CVideoPlayer::ProcessPacket packet from enhancement layer: size:19454 dts:743.006 pts:743.006 dur:41.700ms
2026-07-04 09:32:02.651 T:1305 debug : CVideoPlayer::ProcessVideoData size:672030 dts:743.048 pts:743.173 dur:41.700ms, clock:740.411 level:100
2026-07-04 09:32:02.668 T:1307 debug : CVideoPlayerVideo::OutputPicture - ttd:666ms pts:741.094 Clock:740.428 Level:11
2026-07-04 09:32:02.678 T:1305 debug : CVideoPlayer::ProcessPacket packet from enhancement layer: size:47766 dts:743.048 pts:743.173 dur:41.700ms
2026-07-04 09:32:02.709 T:1307 debug : CVideoPlayerVideo::OutputPicture - ttd:668ms pts:741.136 Clock:740.468 Level:11
2026-07-04 09:32:02.749 T:1307 debug : CVideoPlayerVideo::OutputPicture - ttd:669ms pts:741.178 Clock:740.509 Level:11
2026-07-04 09:32:02.795 T:1307 debug : CVideoPlayerVideo::OutputPicture - ttd:665ms pts:741.220 Clock:740.554 Level:11
2026-07-04 09:32:02.833 T:1307 debug : CVideoPlayerVideo::OutputPicture - ttd:668ms pts:741.261 Clock:740.592 Level:11
2026-07-04 09:32:02.876 T:1307 debug : CVideoPlayerVideo::OutputPicture - ttd:667ms pts:741.303 Clock:740.635 Level:11
2026-07-04 09:32:02.922 T:1307 debug : CVideoPlayerVideo::OutputPicture - ttd:663ms pts:741.345 Clock:740.681 Level:11
2026-07-04 09:32:02.922 T:1305 debug : CVideoPlayer::ProcessVideoData size:275761 dts:743.090 pts:743.090 dur:41.700ms, clock:740.682 level:100
2026-07-04 09:32:02.922 T:1305 debug : CVideoPlayer::ProcessPacket packet from enhancement layer: size:19669 dts:743.090 pts:743.090 dur:41.700ms
2026-07-04 09:32:02.957 T:1307 debug : CVideoPlayerVideo::OutputPicture - ttd:670ms pts:741.386 Clock:740.716 Level:11
2026-07-04 09:32:03.000 T:1307 debug : CVideoPlayerVideo::OutputPicture - ttd:668ms pts:741.428 Clock:740.759 Level:11
2026-07-04 09:32:03.200 T:1305 debug : CVideoPlayer::ProcessVideoData size:257677 dts:743.131 pts:743.131 dur:41.700ms, clock:740.960 level:0
2026-07-04 09:32:03.204 T:1307 debug : CVideoPlayerVideo::OutputPicture - ttd:506ms pts:741.470 Clock:740.963 Level:7
2026-07-04 09:32:03.205 T:1307 debug : CVideoPlayerVideo::OutputPicture - ttd:547ms pts:741.512 Clock:740.964 Level:8
2026-07-04 09:32:03.206 T:1307 debug : CVideoPlayerVideo::OutputPicture - ttd:587ms pts:741.553 Clock:740.965 Level:9
2026-07-04 09:32:03.207 T:1307 debug : CVideoPlayerVideo::OutputPicture - ttd:628ms pts:741.595 Clock:740.967 Level:10
2026-07-04 09:32:03.208 T:1307 debug : CVideoPlayerVideo::OutputPicture - ttd:669ms pts:741.637 Clock:740.968 Level:11
2026-07-04 09:32:03.254 T:1305 debug : CVideoPlayer::ProcessVideoData size:678455 dts:743.173 pts:743.298 dur:41.700ms, clock:741.014 level:0
2026-07-04 09:32:03.255 T:1307 debug : CVideoPlayerVideo::OutputPicture - ttd:664ms pts:741.678 Clock:741.014 Level:11
2026-07-04 09:32:03.269 T:1305 debug : CVideoPlayer::ProcessPacket packet from enhancement layer: size:19550 dts:743.131 pts:743.131 dur:41.700ms
2026-07-04 09:32:03.270 T:1305 debug : CVideoPlayer::ProcessPacket packet from enhancement layer: size:65705 dts:743.173 pts:743.298 dur:41.700ms
2026-07-04 09:32:03.291 T:1305 debug : CVideoPlayer::ProcessVideoData size:255625 dts:743.215 pts:743.215 dur:41.700ms, clock:741.050 level:0
2026-07-04 09:32:03.292 T:1305 debug : CVideoPlayer::ProcessPacket packet from enhancement layer: size:19711 dts:743.215 pts:743.215 dur:41.700ms
2026-07-04 09:32:03.295 T:1307 debug : CVideoPlayerVideo::OutputPicture - ttd:665ms pts:741.720 Clock:741.055 Level:11
2026-07-04 09:32:03.313 T:1305 debug : CVideoPlayer::ProcessVideoData size:250132 dts:743.256 pts:743.256 dur:41.700ms, clock:741.072 level:0
2026-07-04 09:32:03.354 T:1305 debug : CVideoPlayer::ProcessPacket packet from enhancement layer: size:19951 dts:743.256 pts:743.256 dur:41.700ms
2026-07-04 09:32:03.355 T:1307 debug : CVideoPlayerVideo::OutputPicture - ttd:647ms pts:741.762 Clock:741.114 Level:11
2026-07-04 09:32:03.397 T:1305 debug : CVideoPlayer::ProcessVideoData size:688671 dts:743.298 pts:743.423 dur:41.700ms, clock:741.156 level:0
2026-07-04 09:32:03.397 T:1305 debug : CVideoPlayer::ProcessPacket packet from enhancement layer: size:40283 dts:743.298 pts:743.423 dur:41.700ms
2026-07-04 09:32:03.401 T:1307 debug : CVideoPlayerVideo::OutputPicture - ttd:642ms pts:741.804 Clock:741.161 Level:11
2026-07-04 09:32:03.440 T:1305 debug : CVideoPlayer::ProcessVideoData size:269067 dts:743.340 pts:743.340 dur:41.700ms, clock:741.200 level:0
2026-07-04 09:32:03.441 T:1305 debug : CVideoPlayer::ProcessPacket packet from enhancement layer: size:19195 dts:743.340 pts:743.340 dur:41.700ms
2026-07-04 09:32:03.444 T:1307 debug : CVideoPlayerVideo::OutputPicture - ttd:641ms pts:741.845 Clock:741.203 Level:11
2026-07-04 09:32:03.465 T:1305 debug : CVideoPlayer::ProcessVideoData size:266248 dts:743.382 pts:743.382 dur:41.700ms, clock:741.225 level:0
2026-07-04 09:32:03.468 T:1307 debug : CVideoPlayerVideo::OutputPicture - ttd:658ms pts:741.887 Clock:741.228 Level:11
2026-07-04 09:32:03.507 T:1305 debug : CVideoPlayer::ProcessPacket packet from enhancement layer: size:19630 dts:743.382 pts:743.382 dur:41.700ms
2026-07-04 09:32:03.507 T:1307 debug : CVideoPlayerVideo::OutputPicture - ttd:661ms pts:741.929 Clock:741.267 Level:11
2026-07-04 09:32:03.794 T:1305 debug : CVideoPlayer::ProcessVideoData size:690268 dts:743.423 pts:743.548 dur:41.700ms, clock:741.554 level:0
2026-07-04 09:32:03.799 T:1307 debug : CVideoPlayerVideo::OutputPicture - ttd:412ms pts:741.970 Clock:741.558 Level:5
2026-07-04 09:32:03.800 T:1307 debug : CVideoPlayerVideo::OutputPicture - ttd:452ms pts:742.012 Clock:741.559 Level:6
2026-07-04 09:32:03.801 T:1307 debug : CVideoPlayerVideo::OutputPicture - ttd:493ms pts:742.054 Clock:741.561 Level:7
2026-07-04 09:32:03.802 T:1307 debug : CVideoPlayerVideo::OutputPicture - ttd:533ms pts:742.096 Clock:741.562 Level:8
2026-07-04 09:32:03.803 T:1307 debug : CVideoPlayerVideo::OutputPicture - ttd:574ms pts:742.137 Clock:741.563 Level:9
2026-07-04 09:32:03.804 T:1307 debug : CVideoPlayerVideo::OutputPicture - ttd:615ms pts:742.179 Clock:741.564 Level:10
2026-07-04 09:32:03.805 T:1307 debug : CVideoPlayerVideo::OutputPicture - ttd:655ms pts:742.221 Clock:741.565 Level:11
2026-07-04 09:32:03.834 T:1305 debug : CVideoPlayer::ProcessPacket packet from enhancement layer: size:61298 dts:743.423 pts:743.548 dur:41.700ms
2026-07-04 09:32:03.834 T:1307 debug : CVideoPlayerVideo::OutputPicture - ttd:668ms pts:742.262 Clock:741.594 Level:11
2026-07-04 09:32:03.858 T:1305 debug : CVideoPlayer::ProcessVideoData size:259880 dts:743.465 pts:743.465 dur:41.700ms, clock:741.618 level:0
2026-07-04 09:32:03.862 T:1305 debug : CVideoPlayer::ProcessPacket packet from enhancement layer: size:19396 dts:743.465 pts:743.465 dur:41.700ms
2026-07-04 09:32:03.902 T:1305 debug : CVideoPlayer::ProcessVideoData size:258462 dts:743.507 pts:743.507 dur:41.700ms, clock:741.662 level:0
2026-07-04 09:32:03.906 T:1307 debug : CVideoPlayerVideo::OutputPicture - ttd:638ms pts:742.304 Clock:741.665 Level:11
2026-07-04 09:32:04.063 T:1305 debug : CVideoPlayer::ProcessPacket packet from enhancement layer: size:19231 dts:743.507 pts:743.507 dur:41.700ms
2026-07-04 09:32:04.063 T:1307 debug : CVideoPlayerVideo::OutputPicture - ttd:522ms pts:742.346 Clock:741.823 Level:8
2026-07-04 09:32:04.064 T:1307 debug : CVideoPlayerVideo::OutputPicture - ttd:563ms pts:742.387 Clock:741.824 Level:9
2026-07-04 09:32:04.066 T:1307 debug : CVideoPlayerVideo::OutputPicture - ttd:603ms pts:742.429 Clock:741.825 Level:10
2026-07-04 09:32:04.067 T:1307 debug : CVideoPlayerVideo::OutputPicture - ttd:644ms pts:742.471 Clock:741.827 Level:11
2026-07-04 09:32:04.099 T:1305 debug : CVideoPlayer::ProcessVideoData size:688124 dts:743.548 pts:743.674 dur:41.700ms, clock:741.859 level:0
2026-07-04 09:32:04.104 T:1307 debug : CVideoPlayerVideo::OutputPicture - ttd:649ms pts:742.513 Clock:741.863 Level:11
2026-07-04 09:32:04.336 T:1305 debug : CVideoPlayer::ProcessPacket packet from enhancement layer: size:62433 dts:743.548 pts:743.674 dur:41.700ms
2026-07-04 09:32:04.337 T:1307 debug : CVideoPlayerVideo::OutputPicture - ttd:457ms pts:742.554 Clock:742.096 Level:6
2026-07-04 09:32:04.338 T:1307 debug : CVideoPlayerVideo::OutputPicture - ttd:498ms pts:742.596 Clock:742.098 Level:7
2026-07-04 09:32:04.339 T:1307 debug : CVideoPlayerVideo::OutputPicture - ttd:539ms pts:742.638 Clock:742.099 Level:8
2026-07-04 09:32:04.340 T:1307 debug : CVideoPlayerVideo::OutputPicture - ttd:579ms pts:742.679 Clock:742.100 Level:9
2026-07-04 09:32:04.341 T:1307 debug : CVideoPlayerVideo::OutputPicture - ttd:620ms pts:742.721 Clock:742.101 Level:10
2026-07-04 09:32:04.342 T:1307 debug : CVideoPlayerVideo::OutputPicture - ttd:660ms pts:742.763 Clock:742.102 Level:11
2026-07-04 09:32:04.352 T:1305 debug : CVideoPlayer::ProcessVideoData size:292746 dts:743.590 pts:743.590 dur:41.700ms, clock:742.112 level:0
2026-07-04 09:32:04.352 T:1305 debug : CVideoPlayer::ProcessPacket packet from enhancement layer: size:19919 dts:743.590 pts:743.590 dur:41.700ms
2026-07-04 09:32:04.377 T:1305 debug : CVideoPlayer::ProcessVideoData size:266832 dts:743.632 pts:743.632 dur:41.700ms, clock:742.137 level:0
2026-07-04 09:32:04.380 T:1307 debug : CVideoPlayerVideo::OutputPicture - ttd:664ms pts:742.805 Clock:742.140 Level:11
2026-07-04 09:32:04.482 T:1305 debug : CVideoPlayer::ProcessPacket packet from enhancement layer: size:19341 dts:743.632 pts:743.632 dur:41.700ms
2026-07-04 09:32:04.482 T:1307 debug : CVideoPlayerVideo::OutputPicture - ttd:604ms pts:742.846 Clock:742.242 Level:10
2026-07-04 09:32:04.483 T:1307 debug : CVideoPlayerVideo::OutputPicture - ttd:644ms pts:742.888 Clock:742.243 Level:11
2026-07-04 09:32:04.508 T:1305 debug : CVideoPlayer::ProcessVideoData size:1073899 dts:743.674 pts:743.799 dur:41.700ms, clock:742.268 level:0
2026-07-04 09:32:04.509 T:1305 debug : CVideoPlayer::ProcessPacket packet from enhancement layer: size:224006 dts:743.674 pts:743.799 dur:41.700ms
2026-07-04 09:32:04.514 T:1307 debug : CVideoPlayerVideo::OutputPicture - ttd:655ms pts:742.930 Clock:742.274 Level:11
2026-07-04 09:32:04.539 T:1305 debug : CVideoPlayer::ProcessVideoData size:252416 dts:743.715 pts:743.715 dur:41.700ms, clock:742.299 level:0
2026-07-04 09:32:04.540 T:1305 debug : CVideoPlayer::ProcessPacket packet from enhancement layer: size:18287 dts:743.715 pts:743.715 dur:41.700ms
2026-07-04 09:32:04.563 T:1305 debug : CVideoPlayer::ProcessVideoData size:252367 dts:743.757 pts:743.757 dur:41.700ms, clock:742.323 level:0
2026-07-04 09:32:04.566 T:1307 debug : CVideoPlayerVideo::OutputPicture - ttd:645ms pts:742.971 Clock:742.326 Level:11
2026-07-04 09:32:04.652 T:1305 debug : CVideoPlayer::ProcessVideoData size:689129 dts:743.799 pts:743.924 dur:41.700ms, clock:742.412 level:0
2026-07-04 09:32:04.653 T:1307 debug : CVideoPlayerVideo::OutputPicture - ttd:600ms pts:743.013 Clock:742.413 Level:10
2026-07-04 09:32:04.653 T:1305 debug : CVideoPlayer::ProcessPacket packet from enhancement layer: size:18065 dts:743.757 pts:743.757 dur:41.700ms
2026-07-04 09:32:04.653 T:1305 debug : CVideoPlayer::ProcessPacket packet from enhancement layer: size:68661 dts:743.799 pts:743.924 dur:41.700ms
2026-07-04 09:32:04.654 T:1307 debug : CVideoPlayerVideo::OutputPicture - ttd:640ms pts:743.055 Clock:742.414 Level:11
2026-07-04 09:32:04.676 T:1305 debug : CVideoPlayer::ProcessVideoData size:259386 dts:743.840 pts:743.840 dur:41.700ms, clock:742.436 level:0
2026-07-04 09:32:04.677 T:1305 debug : CVideoPlayer::ProcessPacket packet from enhancement layer: size:18884 dts:743.840 pts:743.840 dur:41.700ms
2026-07-04 09:32:04.680 T:1307 debug : CVideoPlayerVideo::OutputPicture - ttd:657ms pts:743.097 Clock:742.440 Level:11
2026-07-04 09:32:04.701 T:1305 debug : CVideoPlayer::ProcessVideoData size:269168 dts:743.882 pts:743.882 dur:41.700ms, clock:742.461 level:0
2026-07-04 09:32:04.880 T:1305 debug : CVideoPlayer::ProcessVideoData size:681904 dts:743.924 pts:744.049 dur:41.700ms, clock:742.640 level:0
2026-07-04 09:32:04.880 T:1307 debug : CVideoPlayerVideo::OutputPicture - ttd:498ms pts:743.138 Clock:742.640 Level:7
2026-07-04 09:32:04.880 T:1305 debug : CVideoPlayer::ProcessPacket packet from enhancement layer: size:19108 dts:743.882 pts:743.882 dur:41.700ms
2026-07-04 09:32:04.881 T:1305 debug : CVideoPlayer::ProcessPacket packet from enhancement layer: size:68626 dts:743.924 pts:744.049 dur:41.700ms
2026-07-04 09:32:04.882 T:1307 debug : CVideoPlayerVideo::OutputPicture - ttd:538ms pts:743.180 Clock:742.642 Level:8
2026-07-04 09:32:04.883 T:1307 debug : CVideoPlayerVideo::OutputPicture - ttd:578ms pts:743.222 Clock:742.643 Level:9
2026-07-04 09:32:04.884 T:1307 debug : CVideoPlayerVideo::OutputPicture - ttd:619ms pts:743.263 Clock:742.644 Level:10
2026-07-04 09:32:04.885 T:1307 debug : CVideoPlayerVideo::OutputPicture - ttd:660ms pts:743.305 Clock:742.645 Level:11
2026-07-04 09:32:05.143 T:1305 debug : CVideoPlayer::ProcessVideoData size:256778 dts:743.966 pts:743.966 dur:41.700ms, clock:742.903 level:0
2026-07-04 09:32:05.144 T:1305 debug : CVideoPlayer::ProcessPacket packet from enhancement layer: size:19436 dts:743.966 pts:743.966 dur:41.700ms
2026-07-04 09:32:05.162 T:1305 debug : CVideoPlayer::ProcessVideoData size:252764 dts:744.007 pts:744.007 dur:41.700ms, clock:742.922 level:0
2026-07-04 09:32:05.230 T:1305 debug : CVideoPlayer::ProcessPacket packet from enhancement layer: size:19215 dts:744.007 pts:744.007 dur:41.700ms
2026-07-04 09:32:05.277 T:1305 debug : CVideoPlayer::ProcessVideoData size:678169 dts:744.049 pts:744.174 dur:41.700ms, clock:743.037 level:0
2026-07-04 09:32:05.279 T:1305 debug : CVideoPlayer::ProcessPacket packet from enhancement layer: size:41960 dts:744.049 pts:744.174 dur:41.700ms
2026-07-04 09:32:05.307 T:1305 debug : CVideoPlayer::ProcessVideoData size:271465 dts:744.091 pts:744.091 dur:41.700ms, clock:743.067 level:0
2026-07-04 09:32:05.309 T:1305 debug : CVideoPlayer::ProcessPacket packet from enhancement layer: size:18827 dts:744.091 pts:744.091 dur:41.700ms
2026-07-04 09:32:05.336 T:1305 debug : CVideoPlayer::ProcessVideoData size:269144 dts:744.132 pts:744.132 dur:41.700ms, clock:743.096 level:0
2026-07-04 09:32:05.389 T:1305 debug : CVideoPlayer::ProcessPacket packet from enhancement layer: size:18946 dts:744.132 pts:744.132 dur:41.700ms
2026-07-04 09:32:05.420 T:1305 debug : CVideoPlayer::ProcessVideoData size:661937 dts:744.174 pts:744.299 dur:41.700ms, clock:743.180 level:0
2026-07-04 09:32:05.421 T:1305 debug : CVideoPlayer::ProcessPacket packet from enhancement layer: size:63157 dts:744.174 pts:744.299 dur:41.700ms
2026-07-04 09:32:05.442 T:1305 debug : CVideoPlayer::ProcessVideoData size:247012 dts:744.216 pts:744.216 dur:41.700ms, clock:743.202 level:0
2026-07-04 09:32:05.444 T:1305 debug : CVideoPlayer::ProcessPacket packet from enhancement layer: size:19194 dts:744.216 pts:744.216 dur:41.700ms
2026-07-04 09:32:05.476 T:1305 debug : CVideoPlayer::ProcessVideoData size:243800 dts:744.257 pts:744.257 dur:41.700ms, clock:743.236 level:0
2026-07-04 09:32:05.527 T:1305 debug : CVideoPlayer::ProcessPacket packet from enhancement layer: size:19327 dts:744.257 pts:744.257 dur:41.700ms
2026-07-04 09:32:05.549 T:1305 debug : CVideoPlayer::ProcessVideoData size:676852 dts:744.299 pts:744.424 dur:41.700ms, clock:743.310 level:0
2026-07-04 09:32:05.569 T:1305 debug : CVideoPlayer::ProcessPacket packet from enhancement layer: size:64529 dts:744.299 pts:744.424 dur:41.700ms
2026-07-04 09:32:05.600 T:1305 debug : CVideoPlayer::ProcessVideoData size:251396 dts:744.341 pts:744.341 dur:41.700ms, clock:743.360 level:0
2026-07-04 09:32:05.602 T:1305 debug : CVideoPlayer::ProcessPacket packet from enhancement layer: size:20040 dts:744.341 pts:744.341 dur:41.700ms
2026-07-04 09:32:05.623 T:1305 debug : CVideoPlayer::ProcessVideoData size:271316 dts:744.383 pts:744.383 dur:41.700ms, clock:743.383 level:0
2026-07-04 09:32:05.655 T:1305 debug : CVideoPlayer::ProcessPacket packet from enhancement layer: size:20719 dts:744.383 pts:744.383 dur:41.700ms
2026-07-04 09:32:05.684 T:1305 debug : CVideoPlayer::ProcessVideoData size:664525 dts:744.424 pts:744.549 dur:41.700ms, clock:743.444 level:0
2026-07-04 09:32:05.688 T:1307 debug : CVideoPlayerVideo::OutputPicture - ttd:-101ms pts:743.347 Clock:743.448 Level:0
2026-07-04 09:32:05.689 T:1307 debug : CVideoPlayerVideo::OutputPicture - ttd:-60ms pts:743.389 Clock:743.449 Level:1
2026-07-04 09:32:05.690 T:1307 debug : CVideoPlayerVideo::OutputPicture - ttd:-20ms pts:743.430 Clock:743.451 Level:2
2026-07-04 09:32:05.692 T:1307 debug : CVideoPlayerVideo::OutputPicture - ttd:20ms pts:743.472 Clock:743.452 Level:3
2026-07-04 09:32:05.693 T:1307 debug : CVideoPlayerVideo::OutputPicture - ttd:60ms pts:743.514 Clock:743.453 Level:4
2026-07-04 09:32:05.694 T:1307 debug : CVideoPlayerVideo::OutputPicture - ttd:101ms pts:743.555 Clock:743.454 Level:5
2026-07-04 09:32:05.695 T:1307 debug : CVideoPlayerVideo::OutputPicture - ttd:142ms pts:743.597 Clock:743.455 Level:6
2026-07-04 09:32:05.696 T:1307 debug : CVideoPlayerVideo::OutputPicture - ttd:182ms pts:743.639 Clock:743.456 Level:7
2026-07-04 09:32:05.697 T:1307 debug : CVideoPlayerVideo::OutputPicture - ttd:223ms pts:743.681 Clock:743.457 Level:8
2026-07-04 09:32:05.698 T:1307 debug : CVideoPlayerVideo::OutputPicture - ttd:263ms pts:743.722 Clock:743.458 Level:9
2026-07-04 09:32:05.699 T:1307 debug : CVideoPlayerVideo::OutputPicture - ttd:304ms pts:743.764 Clock:743.459 Level:10
2026-07-04 09:32:05.700 T:1307 debug : CVideoPlayerVideo::OutputPicture - ttd:345ms pts:743.806 Clock:743.460 Level:11
2026-07-04 09:32:05.702 T:1307 debug : CVideoPlayerVideo::OutputPicture - ttd:385ms pts:743.847 Clock:743.462 Level:12
2026-07-04 09:32:05.703 T:1307 debug : CVideoPlayerVideo::OutputPicture - ttd:426ms pts:743.889 Clock:743.463 Level:5
2026-07-04 09:32:05.710 T:1305 debug : CVideoPlayer::ProcessPacket packet from enhancement layer: size:63299 dts:744.424 pts:744.549 dur:41.700ms
2026-07-04 09:32:05.735 T:1305 debug : CVideoPlayer::ProcessVideoData size:250943 dts:744.466 pts:744.466 dur:41.700ms, clock:743.495 level:0
2026-07-04 09:32:05.740 T:1305 debug : CVideoPlayer::ProcessPacket packet from enhancement layer: size:19319 dts:744.466 pts:744.466 dur:41.700ms
2026-07-04 09:32:05.770 T:1305 debug : CVideoPlayer::ProcessVideoData size:248748 dts:744.508 pts:744.508 dur:41.700ms, clock:743.530 level:0
2026-07-04 09:32:05.773 T:1307 debug : CVideoPlayerVideo::OutputPicture - ttd:397ms pts:743.931 Clock:743.533 Level:5
2026-07-04 09:32:05.774 T:1307 debug : CVideoPlayerVideo::OutputPicture - ttd:437ms pts:743.972 Clock:743.535 Level:6
2026-07-04 09:32:05.861 T:1305 debug : CVideoPlayer::ProcessPacket packet from enhancement layer: size:19094 dts:744.508 pts:744.508 dur:41.700ms
2026-07-04 09:32:05.892 T:1305 debug : CVideoPlayer::ProcessVideoData size:1142713 dts:744.549 pts:744.675 dur:41.700ms, clock:743.652 level:0
2026-07-04 09:32:05.892 T:1305 debug : CVideoPlayer::ProcessPacket packet from enhancement layer: size:225040 dts:744.549 pts:744.675 dur:41.700ms
2026-07-04 09:32:05.937 T:1305 debug : CVideoPlayer::ProcessVideoData size:268822 dts:744.591 pts:744.591 dur:41.700ms, clock:743.697 level:0
2026-07-04 09:32:05.938 T:1305 debug : CVideoPlayer::ProcessPacket packet from enhancement layer: size:17620 dts:744.591 pts:744.591 dur:41.700ms
2026-07-04 09:32:05.993 T:1305 debug : CVideoPlayer::ProcessVideoData size:276763 dts:744.633 pts:744.633 dur:41.700ms, clock:743.753 level:0
2026-07-04 09:32:06.129 T:1305 debug : CVideoPlayer::ProcessVideoData size:702219 dts:744.675 pts:744.800 dur:41.700ms, clock:743.889 level:0
2026-07-04 09:32:06.130 T:1305 debug : CVideoPlayer::ProcessPacket packet from enhancement layer: size:17788 dts:744.633 pts:744.633 dur:41.700ms
