2026-07-04 09:31:18.097 T:1305 debug : CVideoPlayer::ProcessVideoData size:740640 dts:725.906 pts:726.031 dur:41.700ms, clock:720.189 level:100
2026-07-04 09:31:18.098 T:1305 debug : CVideoPlayer::ProcessPacket packet from enhancement layer: size:45105 dts:725.906 pts:726.031 dur:41.700ms
2026-07-04 09:31:18.164 T:1305 debug : CVideoPlayer::ProcessVideoData size:263179 dts:725.948 pts:725.948 dur:41.700ms, clock:720.189 level:100
2026-07-04 09:31:18.165 T:1305 debug : CVideoPlayer::ProcessPacket packet from enhancement layer: size:21199 dts:725.948 pts:725.948 dur:41.700ms
2026-07-04 09:31:18.225 T:1305 debug : CVideoPlayer::ProcessVideoData size:265458 dts:725.989 pts:725.989 dur:41.700ms, clock:720.189 level:100
2026-07-04 09:31:18.289 T:1305 debug : CVideoPlayer::ProcessPacket packet from enhancement layer: size:20604 dts:725.989 pts:725.989 dur:41.700ms
2026-07-04 09:31:18.352 T:1305 debug : CVideoPlayer::ProcessVideoData size:668512 dts:726.031 pts:726.156 dur:41.700ms, clock:720.189 level:100
2026-07-04 09:31:18.353 T:1305 debug : CVideoPlayer::ProcessPacket packet from enhancement layer: size:60941 dts:726.031 pts:726.156 dur:41.700ms
2026-07-04 09:31:18.454 T:1305 debug : CVideoPlayer::ProcessVideoData size:243146 dts:726.073 pts:726.073 dur:41.700ms, clock:720.189 level:100
2026-07-04 09:31:18.455 T:1305 debug : CVideoPlayer::ProcessPacket packet from enhancement layer: size:21209 dts:726.073 pts:726.073 dur:41.700ms
2026-07-04 09:31:18.496 T:1305 debug : CVideoPlayer::ProcessVideoData size:253198 dts:726.114 pts:726.114 dur:41.700ms, clock:720.189 level:100
2026-07-04 09:31:18.656 T:1305 debug : CVideoPlayer::ProcessPacket packet from enhancement layer: size:20956 dts:726.114 pts:726.114 dur:41.700ms
2026-07-04 09:31:18.723 T:1305 debug : CVideoPlayer::ProcessVideoData size:1009062 dts:726.156 pts:726.281 dur:41.700ms, clock:720.189 level:100
2026-07-04 09:31:18.724 T:1305 debug : CVideoPlayer::ProcessPacket packet from enhancement layer: size:220897 dts:726.156 pts:726.281 dur:41.700ms
2026-07-04 09:31:18.799 T:1305 debug : CVideoPlayer::ProcessVideoData size:272599 dts:726.198 pts:726.198 dur:41.700ms, clock:720.189 level:100
2026-07-04 09:31:18.800 T:1305 debug : CVideoPlayer::ProcessPacket packet from enhancement layer: size:20870 dts:726.198 pts:726.198 dur:41.700ms
2026-07-04 09:31:18.828 T:1305 debug : CVideoPlayer::ProcessVideoData size:241619 dts:726.239 pts:726.239 dur:41.700ms, clock:720.189 level:100
2026-07-04 09:31:18.926 T:1305 debug : CVideoPlayer::ProcessPacket packet from enhancement layer: size:20931 dts:726.239 pts:726.239 dur:41.700ms
2026-07-04 09:31:18.991 T:1305 debug : CVideoPlayer::ProcessVideoData size:725895 dts:726.281 pts:726.406 dur:41.700ms, clock:720.189 level:100
2026-07-04 09:31:18.992 T:1305 debug : CVideoPlayer::ProcessPacket packet from enhancement layer: size:47939 dts:726.281 pts:726.406 dur:41.700ms
2026-07-04 09:31:19.033 T:1305 debug : CVideoPlayer::ProcessVideoData size:245362 dts:726.323 pts:726.323 dur:41.700ms, clock:720.189 level:100
2026-07-04 09:31:19.034 T:1305 debug : CVideoPlayer::ProcessPacket packet from enhancement layer: size:22171 dts:726.323 pts:726.323 dur:41.700ms
2026-07-04 09:31:19.068 T:1305 debug : CVideoPlayer::ProcessVideoData size:244686 dts:726.365 pts:726.365 dur:41.700ms, clock:720.189 level:100
2026-07-04 09:31:19.122 T:1305 debug : CVideoPlayer::ProcessPacket packet from enhancement layer: size:22162 dts:726.365 pts:726.365 dur:41.700ms
2026-07-04 09:31:19.154 T:1305 debug : CVideoPlayer::ProcessVideoData size:650522 dts:726.406 pts:726.531 dur:41.700ms, clock:720.189 level:100
2026-07-04 09:31:19.242 T:1305 debug : CVideoPlayer::ProcessPacket packet from enhancement layer: size:64769 dts:726.406 pts:726.531 dur:41.700ms
2026-07-04 09:31:19.276 T:1305 debug : CVideoPlayer::ProcessVideoData size:279707 dts:726.448 pts:726.448 dur:41.700ms, clock:720.189 level:100
2026-07-04 09:31:19.277 T:1305 debug : CVideoPlayer::ProcessPacket packet from enhancement layer: size:21247 dts:726.448 pts:726.448 dur:41.700ms
2026-07-04 09:31:19.309 T:1305 debug : CVideoPlayer::ProcessVideoData size:251597 dts:726.490 pts:726.490 dur:41.700ms, clock:720.189 level:100
2026-07-04 09:31:19.381 T:1305 debug : CVideoPlayer::ProcessPacket packet from enhancement layer: size:22001 dts:726.490 pts:726.490 dur:41.700ms
2026-07-04 09:31:19.468 T:1305 debug : CVideoPlayer::ProcessVideoData size:643208 dts:726.531 pts:726.657 dur:41.700ms, clock:720.189 level:100
2026-07-04 09:31:19.469 T:1305 debug : CVideoPlayer::ProcessPacket packet from enhancement layer: size:65200 dts:726.531 pts:726.657 dur:41.700ms
2026-07-04 09:31:19.846 T:1305 debug : CVideoPlayer::ProcessVideoData size:248615 dts:726.573 pts:726.573 dur:41.700ms, clock:720.189 level:100
2026-07-04 09:31:19.847 T:1305 debug : CVideoPlayer::ProcessPacket packet from enhancement layer: size:22134 dts:726.573 pts:726.573 dur:41.700ms
2026-07-04 09:31:19.871 T:1305 debug : CVideoPlayer::ProcessVideoData size:245960 dts:726.615 pts:726.615 dur:41.700ms, clock:720.189 level:100
2026-07-04 09:31:19.955 T:1305 debug : CVideoPlayer::ProcessPacket packet from enhancement layer: size:22191 dts:726.615 pts:726.615 dur:41.700ms
2026-07-04 09:31:20.001 T:1305 debug : CVideoPlayer::ProcessVideoData size:757028 dts:726.657 pts:726.782 dur:41.700ms, clock:720.189 level:100
2026-07-04 09:31:20.029 T:1305 debug : CVideoPlayer::ProcessPacket packet from enhancement layer: size:45461 dts:726.657 pts:726.782 dur:41.700ms
2026-07-04 09:31:20.070 T:1305 debug : CVideoPlayer::ProcessVideoData size:235494 dts:726.698 pts:726.698 dur:41.700ms, clock:720.189 level:100
2026-07-04 09:31:20.071 T:1305 debug : CVideoPlayer::ProcessPacket packet from enhancement layer: size:21319 dts:726.698 pts:726.698 dur:41.700ms
2026-07-04 09:31:20.110 T:1305 debug : CVideoPlayer::ProcessVideoData size:245775 dts:726.740 pts:726.740 dur:41.700ms, clock:720.189 level:100
2026-07-04 09:31:20.165 T:1305 debug : CVideoPlayer::ProcessPacket packet from enhancement layer: size:21601 dts:726.740 pts:726.740 dur:41.700ms
2026-07-04 09:31:20.194 T:1305 debug : CVideoPlayer::ProcessVideoData size:667488 dts:726.782 pts:726.907 dur:41.700ms, clock:720.189 level:100
2026-07-04 09:31:20.195 T:1305 debug : CVideoPlayer::ProcessPacket packet from enhancement layer: size:60581 dts:726.782 pts:726.907 dur:41.700ms
2026-07-04 09:31:20.246 T:1305 debug : CVideoPlayer::ProcessVideoData size:260353 dts:726.823 pts:726.823 dur:41.700ms, clock:720.189 level:100
2026-07-04 09:31:20.246 T:1305 debug : CVideoPlayer::ProcessPacket packet from enhancement layer: size:20943 dts:726.823 pts:726.823 dur:41.700ms
2026-07-04 09:31:20.494 T:1305 debug : CVideoPlayer::ProcessVideoData size:242791 dts:726.865 pts:726.865 dur:41.700ms, clock:720.189 level:100
2026-07-04 09:31:20.537 T:1305 debug : CVideoPlayer::ProcessPacket packet from enhancement layer: size:21554 dts:726.865 pts:726.865 dur:41.700ms
2026-07-04 09:31:20.561 T:1305 debug : CVideoPlayer::ProcessVideoData size:712315 dts:726.907 pts:727.032 dur:41.700ms, clock:720.189 level:100
2026-07-04 09:31:20.561 T:1305 debug : CVideoPlayer::ProcessPacket packet from enhancement layer: size:44474 dts:726.907 pts:727.032 dur:41.700ms
2026-07-04 09:31:20.718 T:1305 debug : CVideoPlayer::ProcessVideoData size:258921 dts:726.949 pts:726.949 dur:41.700ms, clock:720.189 level:100
2026-07-04 09:31:20.719 T:1305 debug : CVideoPlayer::ProcessPacket packet from enhancement layer: size:21224 dts:726.949 pts:726.949 dur:41.700ms
2026-07-04 09:31:20.744 T:1305 debug : CVideoPlayer::ProcessVideoData size:228556 dts:726.990 pts:726.990 dur:41.700ms, clock:720.189 level:100
2026-07-04 09:31:20.863 T:1305 debug : CVideoPlayer::ProcessPacket packet from enhancement layer: size:21662 dts:726.990 pts:726.990 dur:41.700ms
2026-07-04 09:31:20.909 T:1305 debug : CVideoPlayer::ProcessVideoData size:1023823 dts:727.032 pts:727.157 dur:41.700ms, clock:720.189 level:100
2026-07-04 09:31:20.910 T:1305 debug : CVideoPlayer::ProcessPacket packet from enhancement layer: size:220094 dts:727.032 pts:727.157 dur:41.700ms
2026-07-04 09:31:21.068 T:1305 debug : CVideoPlayer::ProcessVideoData size:243722 dts:727.074 pts:727.074 dur:41.700ms, clock:720.189 level:100
2026-07-04 09:31:21.151 T:1305 debug : CVideoPlayer::ProcessPacket packet from enhancement layer: size:21230 dts:727.074 pts:727.074 dur:41.700ms
2026-07-04 09:31:21.209 T:937 debug : TEMP: [framecount] video=4560 ctrls=4560 subs=1098 skip-gui=646 skip-any=646
2026-07-04 09:31:21.222 T:1305 debug : CVideoPlayer::ProcessVideoData size:249693 dts:727.115 pts:727.115 dur:41.700ms, clock:720.189 level:100
2026-07-04 09:31:21.278 T:1305 debug : CVideoPlayer::ProcessPacket packet from enhancement layer: size:21153 dts:727.115 pts:727.115 dur:41.700ms
2026-07-04 09:31:21.317 T:1305 debug : CVideoPlayer::ProcessVideoData size:695536 dts:727.157 pts:727.282 dur:41.700ms, clock:720.189 level:100
2026-07-04 09:31:21.318 T:1305 debug : CVideoPlayer::ProcessPacket packet from enhancement layer: size:49827 dts:727.157 pts:727.282 dur:41.700ms
2026-07-04 09:31:21.398 T:1305 debug : CVideoPlayer::ProcessVideoData size:252446 dts:727.199 pts:727.199 dur:41.700ms, clock:720.189 level:100
2026-07-04 09:31:21.399 T:1305 debug : CVideoPlayer::ProcessPacket packet from enhancement layer: size:21723 dts:727.199 pts:727.199 dur:41.700ms
2026-07-04 09:31:21.743 T:1305 debug : CVideoPlayer::ProcessVideoData size:246217 dts:727.240 pts:727.240 dur:41.700ms, clock:720.189 level:100
2026-07-04 09:31:21.793 T:1305 debug : CVideoPlayer::ProcessPacket packet from enhancement layer: size:22800 dts:727.240 pts:727.240 dur:41.700ms
2026-07-04 09:31:21.841 T:1305 debug : CVideoPlayer::ProcessVideoData size:699700 dts:727.282 pts:727.407 dur:41.700ms, clock:720.189 level:100
2026-07-04 09:31:21.842 T:1305 debug : CVideoPlayer::ProcessPacket packet from enhancement layer: size:50101 dts:727.282 pts:727.407 dur:41.700ms
2026-07-04 09:31:21.866 T:1305 debug : CVideoPlayer::ProcessVideoData size:254094 dts:727.324 pts:727.324 dur:41.700ms, clock:720.189 level:100
2026-07-04 09:31:21.893 T:1305 debug : CVideoPlayer::ProcessPacket packet from enhancement layer: size:22829 dts:727.324 pts:727.324 dur:41.700ms
2026-07-04 09:31:22.648 T:1305 debug : CVideoPlayer::ProcessVideoData size:256339 dts:727.366 pts:727.366 dur:41.700ms, clock:720.189 level:100
2026-07-04 09:31:22.679 T:1305 debug : CVideoPlayer::ProcessPacket packet from enhancement layer: size:22630 dts:727.366 pts:727.366 dur:41.700ms
2026-07-04 09:31:22.709 T:1305 debug : CVideoPlayer::ProcessVideoData size:688803 dts:727.407 pts:727.532 dur:41.700ms, clock:720.189 level:100
2026-07-04 09:31:22.710 T:1305 debug : CVideoPlayer::ProcessPacket packet from enhancement layer: size:47001 dts:727.407 pts:727.532 dur:41.700ms
2026-07-04 09:31:22.744 T:1305 debug : CVideoPlayer::ProcessVideoData size:242467 dts:727.449 pts:727.449 dur:41.700ms, clock:720.189 level:100
2026-07-04 09:31:22.746 T:1305 debug : CVideoPlayer::ProcessPacket packet from enhancement layer: size:23005 dts:727.449 pts:727.449 dur:41.700ms
2026-07-04 09:31:22.796 T:1305 debug : CVideoPlayer::ProcessVideoData size:242712 dts:727.491 pts:727.491 dur:41.700ms, clock:720.189 level:100
2026-07-04 09:31:22.857 T:1305 debug : CVideoPlayer::ProcessPacket packet from enhancement layer: size:22392 dts:727.491 pts:727.491 dur:41.700ms
2026-07-04 09:31:22.996 T:1305 debug : CVideoPlayer::ProcessVideoData size:687069 dts:727.532 pts:727.658 dur:41.700ms, clock:720.189 level:100
2026-07-04 09:31:22.997 T:1305 debug : CVideoPlayer::ProcessPacket packet from enhancement layer: size:45491 dts:727.532 pts:727.658 dur:41.700ms
2026-07-04 09:31:23.045 T:1305 debug : CVideoPlayer::ProcessVideoData size:248306 dts:727.574 pts:727.574 dur:41.700ms, clock:720.189 level:100
2026-07-04 09:31:23.046 T:1305 debug : CVideoPlayer::ProcessPacket packet from enhancement layer: size:22570 dts:727.574 pts:727.574 dur:41.700ms
2026-07-04 09:31:23.080 T:1305 debug : CVideoPlayer::ProcessVideoData size:258245 dts:727.616 pts:727.616 dur:41.700ms, clock:720.189 level:100
2026-07-04 09:31:23.125 T:1305 debug : CVideoPlayer::ProcessPacket packet from enhancement layer: size:22317 dts:727.616 pts:727.616 dur:41.700ms
2026-07-04 09:31:23.392 T:1305 debug : CVideoPlayer::ProcessVideoData size:707464 dts:727.658 pts:727.783 dur:41.700ms, clock:720.189 level:100
2026-07-04 09:31:23.393 T:1305 debug : CVideoPlayer::ProcessPacket packet from enhancement layer: size:44600 dts:727.658 pts:727.783 dur:41.700ms
2026-07-04 09:31:23.426 T:1305 debug : CVideoPlayer::ProcessVideoData size:245480 dts:727.699 pts:727.699 dur:41.700ms, clock:720.189 level:100
2026-07-04 09:31:23.427 T:1305 debug : CVideoPlayer::ProcessPacket packet from enhancement layer: size:22904 dts:727.699 pts:727.699 dur:41.700ms
2026-07-04 09:31:23.491 T:1305 debug : CVideoPlayer::ProcessVideoData size:248019 dts:727.741 pts:727.741 dur:41.700ms, clock:720.189 level:100
2026-07-04 09:31:23.845 T:1305 debug : CVideoPlayer::ProcessPacket packet from enhancement layer: size:22619 dts:727.741 pts:727.741 dur:41.700ms
2026-07-04 09:31:23.900 T:1305 debug : CVideoPlayer::ProcessVideoData size:689184 dts:727.783 pts:727.908 dur:41.700ms, clock:720.189 level:100
2026-07-04 09:31:23.901 T:1305 debug : CVideoPlayer::ProcessPacket packet from enhancement layer: size:44261 dts:727.783 pts:727.908 dur:41.700ms
2026-07-04 09:31:23.926 T:1305 debug : CVideoPlayer::ProcessVideoData size:258325 dts:727.824 pts:727.824 dur:41.700ms, clock:720.189 level:100
2026-07-04 09:31:23.927 T:1305 debug : CVideoPlayer::ProcessPacket packet from enhancement layer: size:21646 dts:727.824 pts:727.824 dur:41.700ms
2026-07-04 09:31:23.976 T:1305 debug : CVideoPlayer::ProcessVideoData size:247259 dts:727.866 pts:727.866 dur:41.700ms, clock:720.189 level:100
2026-07-04 09:31:24.264 T:1305 debug : CVideoPlayer::ProcessPacket packet from enhancement layer: size:22043 dts:727.866 pts:727.866 dur:41.700ms
2026-07-04 09:31:24.976 T:1305 debug : CVideoPlayer::ProcessVideoData size:1006622 dts:727.908 pts:728.033 dur:41.700ms, clock:720.189 level:100
2026-07-04 09:31:25.021 T:1305 debug : CVideoPlayer::ProcessPacket packet from enhancement layer: size:221341 dts:727.908 pts:728.033 dur:41.700ms
2026-07-04 09:31:25.197 T:1305 debug : CVideoPlayer::ProcessVideoData size:253504 dts:727.950 pts:727.950 dur:41.700ms, clock:720.189 level:100
2026-07-04 09:31:25.198 T:1305 debug : CVideoPlayer::ProcessPacket packet from enhancement layer: size:21722 dts:727.950 pts:727.950 dur:41.700ms
2026-07-04 09:31:25.293 T:1305 debug : CVideoPlayer::ProcessVideoData size:254653 dts:727.991 pts:727.991 dur:41.700ms, clock:720.189 level:100
2026-07-04 09:31:25.693 T:1305 debug : CVideoPlayer::ProcessPacket packet from enhancement layer: size:21358 dts:727.991 pts:727.991 dur:41.700ms
2026-07-04 09:31:25.728 T:1305 debug : CVideoPlayer::ProcessVideoData size:687354 dts:728.033 pts:728.158 dur:41.700ms, clock:720.189 level:100
2026-07-04 09:31:25.729 T:1305 debug : CVideoPlayer::ProcessPacket packet from enhancement layer: size:47486 dts:728.033 pts:728.158 dur:41.700ms
2026-07-04 09:31:25.785 T:1305 debug : CVideoPlayer::ProcessVideoData size:257802 dts:728.075 pts:728.075 dur:41.700ms, clock:720.189 level:100
2026-07-04 09:31:25.786 T:1305 debug : CVideoPlayer::ProcessPacket packet from enhancement layer: size:22423 dts:728.075 pts:728.075 dur:41.700ms
2026-07-04 09:31:25.820 T:1305 debug : CVideoPlayer::ProcessVideoData size:249060 dts:728.116 pts:728.116 dur:41.700ms, clock:720.189 level:100
2026-07-04 09:31:25.881 T:1305 debug : CVideoPlayer::ProcessPacket packet from enhancement layer: size:22123 dts:728.116 pts:728.116 dur:41.700ms
2026-07-04 09:31:25.914 T:1305 debug : CVideoPlayer::ProcessVideoData size:743939 dts:728.158 pts:728.283 dur:41.700ms, clock:720.189 level:100
2026-07-04 09:31:25.936 T:1305 debug : CVideoPlayer::ProcessPacket packet from enhancement layer: size:50390 dts:728.158 pts:728.283 dur:41.700ms
2026-07-04 09:31:25.969 T:1305 debug : CVideoPlayer::ProcessVideoData size:251695 dts:728.200 pts:728.200 dur:41.700ms, clock:720.189 level:100
2026-07-04 09:31:25.970 T:1305 debug : CVideoPlayer::ProcessPacket packet from enhancement layer: size:21708 dts:728.200 pts:728.200 dur:41.700ms
2026-07-04 09:31:26.004 T:1305 debug : CVideoPlayer::ProcessVideoData size:252600 dts:728.241 pts:728.241 dur:41.700ms, clock:720.189 level:100
2026-07-04 09:31:26.075 T:1305 debug : CVideoPlayer::ProcessPacket packet from enhancement layer: size:21574 dts:728.241 pts:728.241 dur:41.700ms
2026-07-04 09:31:26.118 T:1305 debug : CVideoPlayer::ProcessVideoData size:768824 dts:728.283 pts:728.408 dur:41.700ms, clock:720.189 level:100
2026-07-04 09:31:26.119 T:1308 debug : CDVDAudio::Pause - pausing audio stream
2026-07-04 09:31:26.119 T:1305 debug : CDVDClock::SetSpeedAdjust - adjusted:0.000000
2026-07-04 09:31:26.119 T:1308 debug : Skipped 1 duplicate messages..
2026-07-04 09:31:26.119 T:1308 debug : CDVDAudio::Resume - resume audio stream
2026-07-04 09:31:26.119 T:974 debug : ActiveAE - start sync of audio stream
2026-07-04 09:31:26.120 T:1305 debug : CVideoPlayer::ProcessPacket packet from enhancement layer: size:48313 dts:728.283 pts:728.408 dur:41.700ms
2026-07-04 09:31:26.120 T:1305 debug : CDVDClock::SetSpeedAdjust - adjusted:0.000000
2026-07-04 09:31:26.123 T:1307 debug : CAMLCodec::SetSpeed, speed(1000)
2026-07-04 09:31:26.224 T:1305 debug : CVideoPlayer::ProcessVideoData size:250253 dts:728.325 pts:728.325 dur:41.700ms, clock:720.294 level:100
2026-07-04 09:31:26.224 T:1305 debug : CVideoPlayer::ProcessPacket packet from enhancement layer: size:20976 dts:728.325 pts:728.325 dur:41.700ms
2026-07-04 09:31:26.224 T:974 debug : ActiveAE::SyncStream - average error of 230.415973, start adjusting
2026-07-04 09:31:26.225 T:974 debug : ActiveAE::SyncStream - average error 10.415973, last average error: 230.415973
2026-07-04 09:31:26.252 T:1305 debug : CVideoPlayer::ProcessVideoData size:246174 dts:728.367 pts:728.367 dur:41.700ms, clock:720.323 level:100
2026-07-04 09:31:26.264 T:1307 debug : CVideoPlayerVideo::OutputPicture - ttd:697ms pts:721.031 Clock:720.334 Level:12
2026-07-04 09:31:26.340 T:1305 debug : CVideoPlayer::ProcessVideoData size:640661 dts:728.408 pts:728.533 dur:41.700ms, clock:720.410 level:100
2026-07-04 09:31:26.350 T:1307 debug : CVideoPlayerVideo::OutputPicture - ttd:652ms pts:721.073 Clock:720.421 Level:11
2026-07-04 09:31:26.352 T:974 debug : ActiveAE::SyncStream - average error of 123.920523, start adjusting
2026-07-04 09:31:26.353 T:974 debug : ActiveAE::SyncStream - average error 23.920523 below threshold of 30.000000
2026-07-04 09:31:26.359 T:1305 debug : CVideoPlayer::ProcessPacket packet from enhancement layer: size:20170 dts:728.367 pts:728.367 dur:41.700ms
2026-07-04 09:31:26.359 T:1305 debug : CVideoPlayer::ProcessPacket packet from enhancement layer: size:65610 dts:728.408 pts:728.533 dur:41.700ms
2026-07-04 09:31:26.376 T:1305 debug : CVideoPlayer::ProcessVideoData size:270381 dts:728.450 pts:728.450 dur:41.700ms, clock:720.446 level:100
2026-07-04 09:31:26.376 T:1305 debug : CVideoPlayer::ProcessPacket packet from enhancement layer: size:19057 dts:728.450 pts:728.450 dur:41.700ms
2026-07-04 09:31:26.388 T:1307 debug : CVideoPlayerVideo::OutputPicture - ttd:656ms pts:721.115 Clock:720.458 Level:11
2026-07-04 09:31:26.404 T:1305 debug : CVideoPlayer::ProcessVideoData size:271196 dts:728.492 pts:728.492 dur:41.700ms, clock:720.474 level:100
2026-07-04 09:31:26.429 T:1307 debug : CVideoPlayerVideo::OutputPicture - ttd:657ms pts:721.157 Clock:720.499 Level:12
2026-07-04 09:31:26.475 T:1307 debug : CVideoPlayerVideo::OutputPicture - ttd:652ms pts:721.198 Clock:720.546 Level:11
2026-07-04 09:31:26.477 T:1305 debug : CVideoPlayer::ProcessPacket packet from enhancement layer: size:19659 dts:728.492 pts:728.492 dur:41.700ms
2026-07-04 09:31:26.503 T:937 debug : ------ Window Deinit (DialogSeekBar.xml) ------
2026-07-04 09:31:26.506 T:1305 debug : CVideoPlayer::ProcessVideoData size:710235 dts:728.533 pts:728.659 dur:41.700ms, clock:720.577 level:100
2026-07-04 09:31:26.508 T:1305 debug : CVideoPlayer::ProcessPacket packet from enhancement layer: size:49604 dts:728.533 pts:728.659 dur:41.700ms
2026-07-04 09:31:26.514 T:1307 debug : CVideoPlayerVideo::OutputPicture - ttd:655ms pts:721.240 Clock:720.585 Level:11
2026-07-04 09:31:26.524 T:1305 debug : CVideoPlayer::ProcessVideoData size:265142 dts:728.575 pts:728.575 dur:41.700ms, clock:720.595 level:100
2026-07-04 09:31:26.526 T:1305 debug : CVideoPlayer::ProcessPacket packet from enhancement layer: size:21386 dts:728.575 pts:728.575 dur:41.700ms
2026-07-04 09:31:26.544 T:1305 debug : CVideoPlayer::ProcessVideoData size:264766 dts:728.617 pts:728.617 dur:41.700ms, clock:720.615 level:100
2026-07-04 09:31:26.556 T:1307 debug : CVideoPlayerVideo::OutputPicture - ttd:655ms pts:721.282 Clock:720.627 Level:11
2026-07-04 09:31:26.603 T:1307 debug : CVideoPlayerVideo::OutputPicture - ttd:649ms pts:721.323 Clock:720.674 Level:11
2026-07-04 09:31:26.619 T:1305 debug : CVideoPlayer::ProcessPacket packet from enhancement layer: size:21699 dts:728.617 pts:728.617 dur:41.700ms
2026-07-04 09:31:26.639 T:1307 debug : CVideoPlayerVideo::OutputPicture - ttd:655ms pts:721.365 Clock:720.710 Level:11
2026-07-04 09:31:26.681 T:1307 debug : CVideoPlayerVideo::OutputPicture - ttd:655ms pts:721.407 Clock:720.751 Level:11
2026-07-04 09:31:26.731 T:1307 debug : CVideoPlayerVideo::OutputPicture - ttd:647ms pts:721.449 Clock:720.801 Level:11
2026-07-04 09:31:26.765 T:1307 debug : CVideoPlayerVideo::OutputPicture - ttd:655ms pts:721.490 Clock:720.835 Level:11
2026-07-04 09:31:26.804 T:1307 debug : CVideoPlayerVideo::OutputPicture - ttd:657ms pts:721.532 Clock:720.874 Level:11
2026-07-04 09:31:26.851 T:1307 debug : CVideoPlayerVideo::OutputPicture - ttd:652ms pts:721.574 Clock:720.921 Level:11
2026-07-04 09:31:26.862 T:1305 debug : CVideoPlayer::ProcessVideoData size:718521 dts:728.659 pts:728.784 dur:41.700ms, clock:720.932 level:100
2026-07-04 09:31:26.862 T:1305 debug : CVideoPlayer::ProcessPacket packet from enhancement layer: size:61095 dts:728.659 pts:728.784 dur:41.700ms
2026-07-04 09:31:26.887 T:1307 debug : CVideoPlayerVideo::OutputPicture - ttd:657ms pts:721.615 Clock:720.958 Level:11
2026-07-04 09:31:26.928 T:1307 debug : CVideoPlayerVideo::OutputPicture - ttd:658ms pts:721.657 Clock:720.999 Level:11
2026-07-04 09:31:26.938 T:1305 debug : CVideoPlayer::ProcessVideoData size:278904 dts:728.700 pts:728.700 dur:41.700ms, clock:721.009 level:100
2026-07-04 09:31:26.967 T:1305 debug : CVideoPlayer::ProcessPacket packet from enhancement layer: size:20916 dts:728.700 pts:728.700 dur:41.700ms
2026-07-04 09:31:26.977 T:1307 debug : CVideoPlayerVideo::OutputPicture - ttd:650ms pts:721.699 Clock:721.048 Level:11
2026-07-04 09:31:26.993 T:1305 debug : CVideoPlayer::ProcessVideoData size:264201 dts:728.742 pts:728.742 dur:41.700ms, clock:721.064 level:100
2026-07-04 09:31:27.014 T:1307 debug : CVideoPlayerVideo::OutputPicture - ttd:656ms pts:721.741 Clock:721.084 Level:11
2026-07-04 09:31:27.053 T:1307 debug : CVideoPlayerVideo::OutputPicture - ttd:659ms pts:721.782 Clock:721.123 Level:11
2026-07-04 09:31:27.098 T:1307 debug : CVideoPlayerVideo::OutputPicture - ttd:654ms pts:721.824 Clock:721.169 Level:11
2026-07-04 09:31:27.109 T:1305 debug : CVideoPlayer::ProcessPacket packet from enhancement layer: size:22672 dts:728.742 pts:728.742 dur:41.700ms
2026-07-04 09:31:27.128 T:1305 debug : CVideoPlayer::ProcessVideoData size:1036053 dts:728.784 pts:728.909 dur:41.700ms, clock:721.198 level:100
2026-07-04 09:31:27.129 T:1305 debug : CVideoPlayer::ProcessPacket packet from enhancement layer: size:225557 dts:728.784 pts:728.909 dur:41.700ms
2026-07-04 09:31:27.141 T:1307 debug : CVideoPlayerVideo::OutputPicture - ttd:653ms pts:721.866 Clock:721.212 Level:11
2026-07-04 09:31:27.180 T:1305 debug : CVideoPlayer::ProcessVideoData size:243585 dts:728.825 pts:728.825 dur:41.700ms, clock:721.251 level:100
2026-07-04 09:31:27.180 T:1307 debug : CVideoPlayerVideo::OutputPicture - ttd:656ms pts:721.907 Clock:721.251 Level:11
2026-07-04 09:31:27.181 T:1305 debug : CVideoPlayer::ProcessPacket packet from enhancement layer: size:22733 dts:728.825 pts:728.825 dur:41.700ms
2026-07-04 09:31:27.222 T:1305 debug : CVideoPlayer::ProcessVideoData size:246318 dts:728.867 pts:728.867 dur:41.700ms, clock:721.293 level:100
2026-07-04 09:31:27.228 T:1307 debug : CVideoPlayerVideo::OutputPicture - ttd:650ms pts:721.949 Clock:721.299 Level:11
2026-07-04 09:31:27.265 T:1307 debug : CVideoPlayerVideo::OutputPicture - ttd:655ms pts:721.991 Clock:721.336 Level:11
2026-07-04 09:31:27.305 T:1307 debug : CVideoPlayerVideo::OutputPicture - ttd:657ms pts:722.033 Clock:721.375 Level:11
2026-07-04 09:31:27.306 T:1305 debug : CVideoPlayer::ProcessVideoData size:646586 dts:728.909 pts:729.034 dur:41.700ms, clock:721.376 level:100
2026-07-04 09:31:27.306 T:1305 debug : CVideoPlayer::ProcessPacket packet from enhancement layer: size:21662 dts:728.867 pts:728.867 dur:41.700ms
2026-07-04 09:31:27.306 T:1305 debug : CVideoPlayer::ProcessPacket packet from enhancement layer: size:67481 dts:728.909 pts:729.034 dur:41.700ms
2026-07-04 09:31:27.345 T:1305 debug : CVideoPlayer::ProcessVideoData size:274607 dts:728.951 pts:728.951 dur:41.700ms, clock:721.416 level:100
2026-07-04 09:31:27.353 T:1307 debug : CVideoPlayerVideo::OutputPicture - ttd:650ms pts:722.074 Clock:721.423 Level:11
2026-07-04 09:31:27.378 T:1308 debug : CDVDClock::ErrorAdjust - CVideoPlayerAudio::OutputPacket - error:78601.829304, adjusted:41708.333333
2026-07-04 09:31:27.387 T:1307 debug : CVideoPlayerVideo::OutputPicture - ttd:616ms pts:722.116 Clock:721.500 Level:12
2026-07-04 09:31:27.400 T:1305 debug : CVideoPlayer::ProcessPacket packet from enhancement layer: size:20867 dts:728.951 pts:728.951 dur:41.700ms
2026-07-04 09:31:27.429 T:1307 debug : CVideoPlayerVideo::OutputPicture - ttd:616ms pts:722.158 Clock:721.541 Level:11
2026-07-04 09:31:27.439 T:1305 debug : CVideoPlayer::ProcessVideoData size:252319 dts:728.992 pts:728.992 dur:41.700ms, clock:721.551 level:100
2026-07-04 09:31:27.477 T:1307 debug : CVideoPlayerVideo::OutputPicture - ttd:609ms pts:722.199 Clock:721.590 Level:11
2026-07-04 09:31:27.487 T:1305 debug : CVideoPlayer::ProcessPacket packet from enhancement layer: size:22633 dts:728.992 pts:728.992 dur:41.700ms
2026-07-04 09:31:27.513 T:1307 debug : CVideoPlayerVideo::OutputPicture - ttd:615ms pts:722.241 Clock:721.625 Level:11
2026-07-04 09:31:27.556 T:1307 debug : CVideoPlayerVideo::OutputPicture - ttd:614ms pts:722.283 Clock:721.668 Level:11
2026-07-04 09:31:27.608 T:1307 debug : CVideoPlayerVideo::OutputPicture - ttd:603ms pts:722.324 Clock:721.721 Level:11
2026-07-04 09:31:27.619 T:1305 debug : CVideoPlayer::ProcessVideoData size:767102 dts:729.034 pts:729.159 dur:41.700ms, clock:721.731 level:100
2026-07-04 09:31:27.642 T:1307 debug : CVideoPlayerVideo::OutputPicture - ttd:612ms pts:722.366 Clock:721.754 Level:11
2026-07-04 09:31:27.670 T:1305 debug : CVideoPlayer::ProcessPacket packet from enhancement layer: size:61573 dts:729.034 pts:729.159 dur:41.700ms
2026-07-04 09:31:27.679 T:1307 debug : CVideoPlayerVideo::OutputPicture - ttd:616ms pts:722.408 Clock:721.792 Level:10
2026-07-04 09:31:27.729 T:1307 debug : CVideoPlayerVideo::OutputPicture - ttd:608ms pts:722.450 Clock:721.841 Level:10
2026-07-04 09:31:27.740 T:1307 debug : CVideoPlayerVideo::OutputPicture - ttd:638ms pts:722.491 Clock:721.853 Level:11
2026-07-04 09:31:27.763 T:1307 debug : CVideoPlayerVideo::OutputPicture - ttd:657ms pts:722.533 Clock:721.875 Level:11
2026-07-04 09:31:27.808 T:1307 debug : CVideoPlayerVideo::OutputPicture - ttd:654ms pts:722.575 Clock:721.920 Level:11
2026-07-04 09:31:27.846 T:1307 debug : CVideoPlayerVideo::OutputPicture - ttd:658ms pts:722.616 Clock:721.958 Level:11
2026-07-04 09:31:27.887 T:1307 debug : CVideoPlayerVideo::OutputPicture - ttd:658ms pts:722.658 Clock:721.999 Level:11
2026-07-04 09:31:27.934 T:1307 debug : CVideoPlayerVideo::OutputPicture - ttd:653ms pts:722.700 Clock:722.046 Level:11
2026-07-04 09:31:27.946 T:1305 debug : CVideoPlayer::ProcessVideoData size:249492 dts:729.076 pts:729.076 dur:41.700ms, clock:722.058 level:100
2026-07-04 09:31:27.948 T:1305 debug : CVideoPlayer::ProcessPacket packet from enhancement layer: size:22485 dts:729.076 pts:729.076 dur:41.700ms
2026-07-04 09:31:27.973 T:1307 debug : CVideoPlayerVideo::OutputPicture - ttd:656ms pts:722.742 Clock:722.085 Level:11
2026-07-04 09:31:27.988 T:1305 debug : CVideoPlayer::ProcessVideoData size:257898 dts:729.117 pts:729.117 dur:41.700ms, clock:722.100 level:100
2026-07-04 09:31:28.014 T:1307 debug : CVideoPlayerVideo::OutputPicture - ttd:656ms pts:722.783 Clock:722.126 Level:11
2026-07-04 09:31:28.041 T:1305 debug : CVideoPlayer::ProcessPacket packet from enhancement layer: size:22191 dts:729.117 pts:729.117 dur:41.700ms
2026-07-04 09:31:28.059 T:1307 debug : CVideoPlayerVideo::OutputPicture - ttd:653ms pts:722.825 Clock:722.172 Level:11
2026-07-04 09:31:28.069 T:1305 debug : CVideoPlayer::ProcessVideoData size:638208 dts:729.159 pts:729.284 dur:41.700ms, clock:722.181 level:100
2026-07-04 09:31:28.084 T:1305 debug : CVideoPlayer::ProcessPacket packet from enhancement layer: size:62953 dts:729.159 pts:729.284 dur:41.700ms
2026-07-04 09:31:28.097 T:1307 debug : CVideoPlayerVideo::OutputPicture - ttd:656ms pts:722.867 Clock:722.210 Level:11
2026-07-04 09:31:28.139 T:1307 debug : CVideoPlayerVideo::OutputPicture - ttd:657ms pts:722.908 Clock:722.251 Level:11
2026-07-04 09:31:28.185 T:1307 debug : CVideoPlayerVideo::OutputPicture - ttd:652ms pts:722.950 Clock:722.298 Level:11
2026-07-04 09:31:28.222 T:1307 debug : CVideoPlayerVideo::OutputPicture - ttd:657ms pts:722.992 Clock:722.334 Level:11
2026-07-04 09:31:28.234 T:1305 debug : CVideoPlayer::ProcessVideoData size:281833 dts:729.201 pts:729.201 dur:41.700ms, clock:722.347 level:100
2026-07-04 09:31:28.235 T:1305 debug : CVideoPlayer::ProcessPacket packet from enhancement layer: size:20359 dts:729.201 pts:729.201 dur:41.700ms
2026-07-04 09:31:28.263 T:1305 debug : CVideoPlayer::ProcessVideoData size:251208 dts:729.242 pts:729.242 dur:41.700ms, clock:722.375 level:100
2026-07-04 09:31:28.264 T:1307 debug : CVideoPlayerVideo::OutputPicture - ttd:657ms pts:723.034 Clock:722.376 Level:11
2026-07-04 09:31:28.311 T:1307 debug : CVideoPlayerVideo::OutputPicture - ttd:652ms pts:723.075 Clock:722.423 Level:11
2026-07-04 09:31:28.315 T:1305 debug : CVideoPlayer::ProcessPacket packet from enhancement layer: size:21773 dts:729.242 pts:729.242 dur:41.700ms
2026-07-04 09:31:28.346 T:1307 debug : CVideoPlayerVideo::OutputPicture - ttd:657ms pts:723.117 Clock:722.459 Level:11
2026-07-04 09:31:28.348 T:1305 debug : CVideoPlayer::ProcessVideoData size:629861 dts:729.284 pts:729.409 dur:41.700ms, clock:722.460 level:100
2026-07-04 09:31:28.348 T:1305 debug : CVideoPlayer::ProcessPacket packet from enhancement layer: size:63310 dts:729.284 pts:729.409 dur:41.700ms
2026-07-04 09:31:28.390 T:1307 debug : CVideoPlayerVideo::OutputPicture - ttd:656ms pts:723.159 Clock:722.502 Level:11
2026-07-04 09:31:28.401 T:1308 debug : CDVDClock::ErrorAdjust - CVideoPlayerAudio::OutputPacket - error:66115.770891, adjusted:41708.333333
2026-07-04 09:31:28.423 T:1305 debug : CVideoPlayer::ProcessVideoData size:254016 dts:729.326 pts:729.326 dur:41.700ms, clock:722.577 level:100
2026-07-04 09:31:28.441 T:1307 debug : CVideoPlayerVideo::OutputPicture - ttd:605ms pts:723.200 Clock:722.595 Level:10
2026-07-04 09:31:28.477 T:1307 debug : CVideoPlayerVideo::OutputPicture - ttd:610ms pts:723.242 Clock:722.631 Level:10
2026-07-04 09:31:28.489 T:1307 debug : CVideoPlayerVideo::OutputPicture - ttd:640ms pts:723.284 Clock:722.643 Level:11
2026-07-04 09:31:28.504 T:1305 debug : CVideoPlayer::ProcessPacket packet from enhancement layer: size:21426 dts:729.326 pts:729.326 dur:41.700ms
2026-07-04 09:31:28.520 T:1307 debug : CVideoPlayerVideo::OutputPicture - ttd:651ms pts:723.326 Clock:722.674 Level:11
2026-07-04 09:31:28.555 T:1307 debug : CVideoPlayerVideo::OutputPicture - ttd:657ms pts:723.367 Clock:722.709 Level:11
2026-07-04 09:31:28.595 T:1307 debug : CVideoPlayerVideo::OutputPicture - ttd:659ms pts:723.409 Clock:722.750 Level:11
2026-07-04 09:31:28.609 T:1305 debug : CVideoPlayer::ProcessVideoData size:256943 dts:729.368 pts:729.368 dur:41.700ms, clock:722.764 level:100
2026-07-04 09:31:28.641 T:1307 debug : CVideoPlayerVideo::OutputPicture - ttd:655ms pts:723.451 Clock:722.795 Level:11
2026-07-04 09:31:28.681 T:1307 debug : CVideoPlayerVideo::OutputPicture - ttd:657ms pts:723.492 Clock:722.835 Level:11
2026-07-04 09:31:28.720 T:1307 debug : CVideoPlayerVideo::OutputPicture - ttd:659ms pts:723.534 Clock:722.875 Level:12
2026-07-04 09:31:28.771 T:1307 debug : CVideoPlayerVideo::OutputPicture - ttd:650ms pts:723.576 Clock:722.925 Level:11
2026-07-04 09:31:28.807 T:1307 debug : CVideoPlayerVideo::OutputPicture - ttd:655ms pts:723.618 Clock:722.962 Level:11
2026-07-04 09:31:28.847 T:1307 debug : CVideoPlayerVideo::OutputPicture - ttd:657ms pts:723.659 Clock:723.002 Level:11
2026-07-04 09:31:28.886 T:1305 debug : CVideoPlayer::ProcessPacket packet from enhancement layer: size:21234 dts:729.368 pts:729.368 dur:41.700ms
2026-07-04 09:31:28.894 T:1307 debug : CVideoPlayerVideo::OutputPicture - ttd:652ms pts:723.701 Clock:723.049 Level:11
2026-07-04 09:31:28.909 T:1305 debug : CVideoPlayer::ProcessVideoData size:698938 dts:729.409 pts:729.534 dur:41.700ms, clock:723.064 level:100
2026-07-04 09:31:28.910 T:1305 debug : CVideoPlayer::ProcessPacket packet from enhancement layer: size:58209 dts:729.409 pts:729.534 dur:41.700ms
2026-07-04 09:31:28.930 T:1307 debug : CVideoPlayerVideo::OutputPicture - ttd:657ms pts:723.743 Clock:723.085 Level:11
2026-07-04 09:31:28.973 T:1307 debug : CVideoPlayerVideo::OutputPicture - ttd:657ms pts:723.784 Clock:723.127 Level:11
2026-07-04 09:31:29.019 T:1307 debug : CVideoPlayerVideo::OutputPicture - ttd:652ms pts:723.826 Clock:723.173 Level:11
2026-07-04 09:31:29.056 T:1307 debug : CVideoPlayerVideo::OutputPicture - ttd:657ms pts:723.868 Clock:723.210 Level:11
2026-07-04 09:31:29.098 T:1307 debug : CVideoPlayerVideo::OutputPicture - ttd:657ms pts:723.910 Clock:723.252 Level:11
2026-07-04 09:31:29.142 T:1307 debug : CVideoPlayerVideo::OutputPicture - ttd:654ms pts:723.951 Clock:723.297 Level:11
2026-07-04 09:31:29.175 T:1305 debug : CVideoPlayer::ProcessVideoData size:271659 dts:729.451 pts:729.451 dur:41.700ms, clock:723.329 level:100
2026-07-04 09:31:29.176 T:1305 debug : CVideoPlayer::ProcessPacket packet from enhancement layer: size:19686 dts:729.451 pts:729.451 dur:41.700ms
2026-07-04 09:31:29.180 T:1307 debug : CVideoPlayerVideo::OutputPicture - ttd:658ms pts:723.993 Clock:723.335 Level:11
2026-07-04 09:31:29.196 T:1305 debug : CVideoPlayer::ProcessVideoData size:261402 dts:729.493 pts:729.493 dur:41.700ms, clock:723.350 level:100
2026-07-04 09:31:29.222 T:1307 debug : CVideoPlayerVideo::OutputPicture - ttd:657ms pts:724.035 Clock:723.377 Level:11
2026-07-04 09:31:29.238 T:1305 debug : CVideoPlayer::ProcessPacket packet from enhancement layer: size:20594 dts:729.493 pts:729.493 dur:41.700ms
2026-07-04 09:31:29.262 T:1305 debug : CVideoPlayer::ProcessVideoData size:708777 dts:729.534 pts:729.660 dur:41.700ms, clock:723.416 level:100
2026-07-04 09:31:29.262 T:1305 debug : CVideoPlayer::ProcessPacket packet from enhancement layer: size:41758 dts:729.534 pts:729.660 dur:41.700ms
2026-07-04 09:31:29.275 T:1307 debug : CVideoPlayerVideo::OutputPicture - ttd:646ms pts:724.076 Clock:723.430 Level:11
2026-07-04 09:31:29.310 T:1307 debug : CVideoPlayerVideo::OutputPicture - ttd:653ms pts:724.118 Clock:723.464 Level:11
2026-07-04 09:31:29.316 T:1305 debug : CVideoPlayer::ProcessVideoData size:257951 dts:729.576 pts:729.576 dur:41.700ms, clock:723.471 level:100
2026-07-04 09:31:29.317 T:1305 debug : CVideoPlayer::ProcessPacket packet from enhancement layer: size:19591 dts:729.576 pts:729.576 dur:41.700ms
2026-07-04 09:31:29.336 T:1305 debug : CVideoPlayer::ProcessVideoData size:261035 dts:729.618 pts:729.618 dur:41.700ms, clock:723.491 level:100
2026-07-04 09:31:29.348 T:1307 debug : CVideoPlayerVideo::OutputPicture - ttd:657ms pts:724.160 Clock:723.503 Level:11
2026-07-04 09:31:29.394 T:1307 debug : CVideoPlayerVideo::OutputPicture - ttd:653ms pts:724.201 Clock:723.548 Level:11
2026-07-04 09:31:29.429 T:1307 debug : CVideoPlayerVideo::OutputPicture - ttd:659ms pts:724.243 Clock:723.584 Level:12
2026-07-04 09:31:29.434 T:1305 debug : CVideoPlayer::ProcessPacket packet from enhancement layer: size:20259 dts:729.618 pts:729.618 dur:41.700ms
2026-07-04 09:31:29.472 T:1307 debug : CVideoPlayerVideo::OutputPicture - ttd:658ms pts:724.285 Clock:723.626 Level:12
2026-07-04 09:31:29.520 T:1307 debug : CVideoPlayerVideo::OutputPicture - ttd:652ms pts:724.327 Clock:723.674 Level:11
2026-07-04 09:31:29.554 T:1307 debug : CVideoPlayerVideo::OutputPicture - ttd:659ms pts:724.368 Clock:723.709 Level:12
2026-07-04 09:31:29.599 T:1307 debug : CVideoPlayerVideo::OutputPicture - ttd:656ms pts:724.410 Clock:723.753 Level:11
2026-07-04 09:31:29.646 T:1307 debug : CVideoPlayerVideo::OutputPicture - ttd:651ms pts:724.452 Clock:723.800 Level:11
2026-07-04 09:31:29.681 T:1307 debug : CVideoPlayerVideo::OutputPicture - ttd:657ms pts:724.493 Clock:723.836 Level:12
2026-07-04 09:31:29.723 T:1307 debug : CVideoPlayerVideo::OutputPicture - ttd:657ms pts:724.535 Clock:723.878 Level:12
2026-07-04 09:31:29.771 T:1307 debug : CVideoPlayerVideo::OutputPicture - ttd:650ms pts:724.577 Clock:723.926 Level:11
2026-07-04 09:31:29.807 T:1307 debug : CVideoPlayerVideo::OutputPicture - ttd:656ms pts:724.619 Clock:723.962 Level:12
2026-07-04 09:31:29.850 T:1307 debug : CVideoPlayerVideo::OutputPicture - ttd:655ms pts:724.660 Clock:724.005 Level:12
2026-07-04 09:31:29.896 T:1307 debug : CVideoPlayerVideo::OutputPicture - ttd:651ms pts:724.702 Clock:724.050 Level:11
2026-07-04 09:31:29.932 T:1307 debug : CVideoPlayerVideo::OutputPicture - ttd:656ms pts:724.744 Clock:724.087 Level:12
2026-07-04 09:31:29.974 T:1307 debug : CVideoPlayerVideo::OutputPicture - ttd:657ms pts:724.785 Clock:724.128 Level:12
2026-07-04 09:31:30.021 T:1307 debug : CVideoPlayerVideo::OutputPicture - ttd:651ms pts:724.827 Clock:724.176 Level:11
2026-07-04 09:31:30.057 T:1307 debug : CVideoPlayerVideo::OutputPicture - ttd:657ms pts:724.869 Clock:724.212 Level:12
2026-07-04 09:31:30.093 T:1305 debug : CVideoPlayer::ProcessVideoData size:1018307 dts:729.660 pts:729.785 dur:41.700ms, clock:724.248 level:100
2026-07-04 09:31:30.094 T:1305 debug : CVideoPlayer::ProcessPacket packet from enhancement layer: size:224594 dts:729.660 pts:729.785 dur:41.700ms
2026-07-04 09:31:30.097 T:1307 debug : CVideoPlayerVideo::OutputPicture - ttd:659ms pts:724.911 Clock:724.252 Level:11
2026-07-04 09:31:30.150 T:1307 debug : CVideoPlayerVideo::OutputPicture - ttd:647ms pts:724.952 Clock:724.305 Level:11
2026-07-04 09:31:30.169 T:1305 debug : CVideoPlayer::ProcessVideoData size:261820 dts:729.701 pts:729.701 dur:41.700ms, clock:724.324 level:100
2026-07-04 09:31:30.170 T:1305 debug : CVideoPlayer::ProcessPacket packet from enhancement layer: size:19075 dts:729.701 pts:729.701 dur:41.700ms
2026-07-04 09:31:30.187 T:1307 debug : CVideoPlayerVideo::OutputPicture - ttd:652ms pts:724.994 Clock:724.342 Level:11
2026-07-04 09:31:30.194 T:1305 debug : CVideoPlayer::ProcessVideoData size:256220 dts:729.743 pts:729.743 dur:41.700ms, clock:724.348 level:100
2026-07-04 09:31:30.223 T:1307 debug : CVideoPlayerVideo::OutputPicture - ttd:658ms pts:725.036 Clock:724.378 Level:12
2026-07-04 09:31:30.225 T:1305 debug : CVideoPlayer::ProcessPacket packet from enhancement layer: size:18913 dts:729.743 pts:729.743 dur:41.700ms
2026-07-04 09:31:30.250 T:1305 debug : CVideoPlayer::ProcessVideoData size:713409 dts:729.785 pts:729.910 dur:41.700ms, clock:724.404 level:100
2026-07-04 09:31:30.250 T:1305 debug : CVideoPlayer::ProcessPacket packet from enhancement layer: size:47962 dts:729.785 pts:729.910 dur:41.700ms
2026-07-04 09:31:30.271 T:1307 debug : CVideoPlayerVideo::OutputPicture - ttd:651ms pts:725.077 Clock:724.426 Level:11
2026-07-04 09:31:30.285 T:1305 debug : CVideoPlayer::ProcessVideoData size:260380 dts:729.826 pts:729.826 dur:41.700ms, clock:724.439 level:100
2026-07-04 09:31:30.304 T:1307 debug : CVideoPlayerVideo::OutputPicture - ttd:660ms pts:725.119 Clock:724.459 Level:12
2026-07-04 09:31:30.334 T:1305 debug : CVideoPlayer::ProcessPacket packet from enhancement layer: size:20144 dts:729.826 pts:729.826 dur:41.700ms
2026-07-04 09:31:30.349 T:1307 debug : CVideoPlayerVideo::OutputPicture - ttd:657ms pts:725.161 Clock:724.504 Level:12
2026-07-04 09:31:30.389 T:1305 debug : CVideoPlayer::ProcessVideoData size:262204 dts:729.868 pts:729.868 dur:41.700ms, clock:724.544 level:100
2026-07-04 09:31:30.395 T:1307 debug : CVideoPlayerVideo::OutputPicture - ttd:652ms pts:725.203 Clock:724.550 Level:11
2026-07-04 09:31:30.430 T:1307 debug : CVideoPlayerVideo::OutputPicture - ttd:659ms pts:725.244 Clock:724.585 Level:12
2026-07-04 09:31:30.453 T:1305 debug : CVideoPlayer::ProcessPacket packet from enhancement layer: size:20384 dts:729.868 pts:729.868 dur:41.700ms
2026-07-04 09:31:30.474 T:1307 debug : CVideoPlayerVideo::OutputPicture - ttd:656ms pts:725.286 Clock:724.629 Level:12
2026-07-04 09:31:30.504 T:1305 debug : CVideoPlayer::ProcessVideoData size:632579 dts:729.910 pts:730.035 dur:41.700ms, clock:724.659 level:100
2026-07-04 09:31:30.505 T:1305 debug : CVideoPlayer::ProcessPacket packet from enhancement layer: size:65225 dts:729.910 pts:730.035 dur:41.700ms
2026-07-04 09:31:30.520 T:1307 debug : CVideoPlayerVideo::OutputPicture - ttd:652ms pts:725.328 Clock:724.675 Level:12
2026-07-04 09:31:30.535 T:1305 debug : CVideoPlayer::ProcessVideoData size:274344 dts:729.952 pts:729.952 dur:41.700ms, clock:724.690 level:100
2026-07-04 09:31:30.557 T:1307 debug : CVideoPlayerVideo::OutputPicture - ttd:657ms pts:725.369 Clock:724.712 Level:12
2026-07-04 09:31:30.559 T:1305 debug : CVideoPlayer::ProcessPacket packet from enhancement layer: size:20090 dts:729.952 pts:729.952 dur:41.700ms
2026-07-04 09:31:30.581 T:1305 debug : CVideoPlayer::ProcessVideoData size:269203 dts:729.993 pts:729.993 dur:41.700ms, clock:724.736 level:100
2026-07-04 09:31:30.599 T:1307 debug : CVideoPlayerVideo::OutputPicture - ttd:656ms pts:725.411 Clock:724.754 Level:12
2026-07-04 09:31:30.646 T:1307 debug : CVideoPlayerVideo::OutputPicture - ttd:652ms pts:725.453 Clock:724.801 Level:11
2026-07-04 09:31:30.685 T:1307 debug : CVideoPlayerVideo::OutputPicture - ttd:655ms pts:725.495 Clock:724.839 Level:12
2026-07-04 09:31:30.717 T:1305 debug : CVideoPlayer::ProcessPacket packet from enhancement layer: size:19892 dts:729.993 pts:729.993 dur:41.700ms
2026-07-04 09:31:30.722 T:1307 debug : CVideoPlayerVideo::OutputPicture - ttd:659ms pts:725.536 Clock:724.877 Level:11
2026-07-04 09:31:30.745 T:1305 debug : CVideoPlayer::ProcessVideoData size:713294 dts:730.035 pts:730.160 dur:41.700ms, clock:724.900 level:100
2026-07-04 09:31:30.746 T:1305 debug : CVideoPlayer::ProcessPacket packet from enhancement layer: size:59069 dts:730.035 pts:730.160 dur:41.700ms
2026-07-04 09:31:30.773 T:1307 debug : CVideoPlayerVideo::OutputPicture - ttd:650ms pts:725.578 Clock:724.927 Level:11
2026-07-04 09:31:30.793 T:1305 debug : CVideoPlayer::ProcessVideoData size:251417 dts:730.077 pts:730.077 dur:41.700ms, clock:724.948 level:100
2026-07-04 09:31:30.794 T:1305 debug : CVideoPlayer::ProcessPacket packet from enhancement layer: size:21012 dts:730.077 pts:730.077 dur:41.700ms
2026-07-04 09:31:30.807 T:1307 debug : CVideoPlayerVideo::OutputPicture - ttd:657ms pts:725.620 Clock:724.962 Level:11
2026-07-04 09:31:30.819 T:1305 debug : CVideoPlayer::ProcessVideoData size:277233 dts:730.118 pts:730.118 dur:41.700ms, clock:724.974 level:100
2026-07-04 09:31:30.849 T:1307 debug : CVideoPlayerVideo::OutputPicture - ttd:657ms pts:725.661 Clock:725.004 Level:11
2026-07-04 09:31:30.864 T:1305 debug : CVideoPlayer::ProcessPacket packet from enhancement layer: size:19968 dts:730.118 pts:730.118 dur:41.700ms
2026-07-04 09:31:30.884 T:1305 debug : CVideoPlayer::ProcessVideoData size:622606 dts:730.160 pts:730.285 dur:41.700ms, clock:725.039 level:100
2026-07-04 09:31:30.885 T:1305 debug : CVideoPlayer::ProcessPacket packet from enhancement layer: size:60988 dts:730.160 pts:730.285 dur:41.700ms
2026-07-04 09:31:30.895 T:1307 debug : CVideoPlayerVideo::OutputPicture - ttd:652ms pts:725.703 Clock:725.050 Level:11
2026-07-04 09:31:30.916 T:1305 debug : CVideoPlayer::ProcessVideoData size:268538 dts:730.202 pts:730.202 dur:41.700ms, clock:725.070 level:100
2026-07-04 09:31:30.933 T:1307 debug : CVideoPlayerVideo::OutputPicture - ttd:656ms pts:725.745 Clock:725.088 Level:12
2026-07-04 09:31:30.969 T:1305 debug : CVideoPlayer::ProcessPacket packet from enhancement layer: size:20836 dts:730.202 pts:730.202 dur:41.700ms
2026-07-04 09:31:30.973 T:1307 debug : CVideoPlayerVideo::OutputPicture - ttd:658ms pts:725.787 Clock:725.128 Level:12
2026-07-04 09:31:31.004 T:1305 debug : CVideoPlayer::ProcessVideoData size:264338 dts:730.243 pts:730.243 dur:41.700ms, clock:725.159 level:100
2026-07-04 09:31:31.027 T:1307 debug : CVideoPlayerVideo::OutputPicture - ttd:646ms pts:725.828 Clock:725.182 Level:11
2026-07-04 09:31:31.047 T:1305 debug : CVideoPlayer::ProcessPacket packet from enhancement layer: size:20922 dts:730.243 pts:730.243 dur:41.700ms
2026-07-04 09:31:31.061 T:1307 debug : CVideoPlayerVideo::OutputPicture - ttd:654ms pts:725.870 Clock:725.216 Level:12
2026-07-04 09:31:31.071 T:1305 debug : CVideoPlayer::ProcessVideoData size:685343 dts:730.285 pts:730.410 dur:41.700ms, clock:725.226 level:100
2026-07-04 09:31:31.072 T:1305 debug : CVideoPlayer::ProcessPacket packet from enhancement layer: size:57293 dts:730.285 pts:730.410 dur:41.700ms
2026-07-04 09:31:31.100 T:1307 debug : CVideoPlayerVideo::OutputPicture - ttd:656ms pts:725.912 Clock:725.255 Level:12
2026-07-04 09:31:31.103 T:1305 debug : CVideoPlayer::ProcessVideoData size:264401 dts:730.327 pts:730.327 dur:41.700ms, clock:725.257 level:100
2026-07-04 09:31:31.140 T:1305 debug : CVideoPlayer::ProcessPacket packet from enhancement layer: size:21934 dts:730.327 pts:730.327 dur:41.700ms
2026-07-04 09:31:31.146 T:1307 debug : CVideoPlayerVideo::OutputPicture - ttd:652ms pts:725.953 Clock:725.301 Level:11
2026-07-04 09:31:31.165 T:1305 debug : CVideoPlayer::ProcessVideoData size:265616 dts:730.369 pts:730.369 dur:41.700ms, clock:725.320 level:100
2026-07-04 09:31:31.181 T:1307 debug : CVideoPlayerVideo::OutputPicture - ttd:659ms pts:725.995 Clock:725.336 Level:12
2026-07-04 09:31:31.223 T:1305 debug : CVideoPlayer::ProcessPacket packet from enhancement layer: size:21204 dts:730.369 pts:730.369 dur:41.700ms
2026-07-04 09:31:31.224 T:1307 debug : CVideoPlayerVideo::OutputPicture - ttd:657ms pts:726.037 Clock:725.379 Level:12
2026-07-04 09:31:31.224 T:937 debug : TEMP: [framecount] video=4800 ctrls=4800 subs=1098 skip-gui=713 skip-any=713
2026-07-04 09:31:31.250 T:1305 debug : CVideoPlayer::ProcessVideoData size:689380 dts:730.410 pts:730.535 dur:41.700ms, clock:725.405 level:100
2026-07-04 09:31:31.251 T:1305 debug : CVideoPlayer::ProcessPacket packet from enhancement layer: size:55904 dts:730.410 pts:730.535 dur:41.700ms
2026-07-04 09:31:31.272 T:1307 debug : CVideoPlayerVideo::OutputPicture - ttd:651ms pts:726.078 Clock:725.427 Level:11
2026-07-04 09:31:31.308 T:1307 debug : CVideoPlayerVideo::OutputPicture - ttd:656ms pts:726.120 Clock:725.463 Level:11
2026-07-04 09:31:31.352 T:1307 debug : CVideoPlayerVideo::OutputPicture - ttd:654ms pts:726.162 Clock:725.507 Level:11
2026-07-04 09:31:31.359 T:1305 debug : CVideoPlayer::ProcessVideoData size:264998 dts:730.452 pts:730.452 dur:41.700ms, clock:725.514 level:100
2026-07-04 09:31:31.396 T:1307 debug : CVideoPlayerVideo::OutputPicture - ttd:652ms pts:726.204 Clock:725.551 Level:11
2026-07-04 09:31:31.433 T:1307 debug : CVideoPlayerVideo::OutputPicture - ttd:657ms pts:726.245 Clock:725.588 Level:12
2026-07-04 09:31:31.454 T:1305 debug : CVideoPlayer::ProcessPacket packet from enhancement layer: size:20299 dts:730.452 pts:730.452 dur:41.700ms
2026-07-04 09:31:31.474 T:1307 debug : CVideoPlayerVideo::OutputPicture - ttd:657ms pts:726.287 Clock:725.629 Level:12
2026-07-04 09:31:31.522 T:1307 debug : CVideoPlayerVideo::OutputPicture - ttd:651ms pts:726.329 Clock:725.677 Level:11
2026-07-04 09:31:31.557 T:1307 debug : CVideoPlayerVideo::OutputPicture - ttd:658ms pts:726.370 Clock:725.712 Level:12
2026-07-04 09:31:31.598 T:1307 debug : CVideoPlayerVideo::OutputPicture - ttd:658ms pts:726.412 Clock:725.753 Level:12
2026-07-04 09:31:31.646 T:1307 debug : CVideoPlayerVideo::OutputPicture - ttd:653ms pts:726.454 Clock:725.801 Level:11
2026-07-04 09:31:31.682 T:1307 debug : CVideoPlayerVideo::OutputPicture - ttd:658ms pts:726.496 Clock:725.838 Level:12
2026-07-04 09:31:31.724 T:1307 debug : CVideoPlayerVideo::OutputPicture - ttd:658ms pts:726.537 Clock:725.879 Level:12
2026-07-04 09:31:31.773 T:1305 debug : CVideoPlayer::ProcessVideoData size:264731 dts:730.494 pts:730.494 dur:41.700ms, clock:725.928 level:100
2026-07-04 09:31:31.774 T:1307 debug : CVideoPlayerVideo::OutputPicture - ttd:650ms pts:726.579 Clock:725.929 Level:11
2026-07-04 09:31:31.808 T:1307 debug : CVideoPlayerVideo::OutputPicture - ttd:658ms pts:726.621 Clock:725.963 Level:11
2026-07-04 09:31:31.852 T:1307 debug : CVideoPlayerVideo::OutputPicture - ttd:655ms pts:726.662 Clock:726.007 Level:12
2026-07-04 09:31:31.903 T:1307 debug : CVideoPlayerVideo::OutputPicture - ttd:645ms pts:726.704 Clock:726.058 Level:11
