2026-07-04 09:32:20.491 T:1305 debug : CVideoPlayer::ProcessVideoData size:589721 dts:751.431 pts:751.556 dur:41.700ms, clock:744.119 level:100
2026-07-04 09:32:20.492 T:1305 debug : CVideoPlayer::ProcessPacket packet from enhancement layer: size:62212 dts:751.431 pts:751.556 dur:41.700ms
2026-07-04 09:32:20.522 T:1305 debug : CVideoPlayer::ProcessVideoData size:254186 dts:751.473 pts:751.473 dur:41.700ms, clock:744.119 level:100
2026-07-04 09:32:20.523 T:1305 debug : CVideoPlayer::ProcessPacket packet from enhancement layer: size:20551 dts:751.473 pts:751.473 dur:41.700ms
2026-07-04 09:32:20.760 T:1305 debug : CVideoPlayer::ProcessVideoData size:250543 dts:751.515 pts:751.515 dur:41.700ms, clock:744.119 level:100
2026-07-04 09:32:20.840 T:1305 debug : CVideoPlayer::ProcessPacket packet from enhancement layer: size:24651 dts:751.515 pts:751.515 dur:41.700ms
2026-07-04 09:32:20.900 T:1305 debug : CVideoPlayer::ProcessVideoData size:934100 dts:751.556 pts:751.682 dur:41.700ms, clock:744.119 level:100
2026-07-04 09:32:20.900 T:1305 debug : CDVDClock::SetSpeedAdjust - adjusted:0.000000
2026-07-04 09:32:20.900 T:1308 debug : CDVDAudio::Pause - pausing audio stream
2026-07-04 09:32:20.900 T:1305 debug : CDVDClock::SetSpeedAdjust - adjusted:0.000000
2026-07-04 09:32:20.901 T:1308 debug : CDVDAudio::Resume - resume audio stream
2026-07-04 09:32:20.901 T:974 debug : ActiveAE - start sync of audio stream
2026-07-04 09:32:20.902 T:1307 debug : CAMLCodec::SetSpeed, speed(1000)
2026-07-04 09:32:20.911 T:1305 debug : CDVDClock::SetSpeedAdjust - adjusted:0.000000
2026-07-04 09:32:21.015 T:1305 debug : CVideoPlayer::ProcessPacket packet from enhancement layer: size:220044 dts:751.556 pts:751.682 dur:41.700ms
2026-07-04 09:32:21.020 T:1307 debug : CVideoPlayerVideo::OutputPicture - ttd:735ms pts:744.974 Clock:744.238 Level:12
2026-07-04 09:32:21.042 T:1305 debug : CVideoPlayer::ProcessVideoData size:248401 dts:751.598 pts:751.598 dur:41.700ms, clock:744.257 level:100
2026-07-04 09:32:21.042 T:974 debug : ActiveAE::SyncStream - average error of 189.561960, start adjusting
2026-07-04 09:32:21.043 T:974 debug : ActiveAE::SyncStream - average error 29.561960 below threshold of 30.000000
2026-07-04 09:32:21.066 T:1305 debug : CVideoPlayer::ProcessPacket packet from enhancement layer: size:24917 dts:751.598 pts:751.598 dur:41.700ms
2026-07-04 09:32:21.097 T:1305 debug : CVideoPlayer::ProcessVideoData size:261012 dts:751.640 pts:751.640 dur:41.700ms, clock:744.315 level:100
2026-07-04 09:32:21.098 T:1307 debug : CVideoPlayerVideo::OutputPicture - ttd:699ms pts:745.015 Clock:744.316 Level:12
2026-07-04 09:32:21.137 T:1307 debug : CVideoPlayerVideo::OutputPicture - ttd:702ms pts:745.057 Clock:744.355 Level:12
2026-07-04 09:32:21.151 T:1305 debug : CVideoPlayer::ProcessPacket packet from enhancement layer: size:17881 dts:751.640 pts:751.640 dur:41.700ms
2026-07-04 09:32:21.172 T:1305 debug : CVideoPlayer::ProcessVideoData size:666967 dts:751.682 pts:751.807 dur:41.700ms, clock:744.390 level:100
2026-07-04 09:32:21.172 T:1305 debug : CVideoPlayer::ProcessPacket packet from enhancement layer: size:46337 dts:751.682 pts:751.807 dur:41.700ms
2026-07-04 09:32:21.192 T:1307 debug : CVideoPlayerVideo::OutputPicture - ttd:688ms pts:745.099 Clock:744.410 Level:11
2026-07-04 09:32:21.209 T:1305 debug : CVideoPlayer::ProcessVideoData size:260164 dts:751.723 pts:751.723 dur:41.700ms, clock:744.427 level:100
2026-07-04 09:32:21.226 T:1307 debug : CVideoPlayerVideo::OutputPicture - ttd:696ms pts:745.140 Clock:744.444 Level:12
2026-07-04 09:32:21.237 T:1305 debug : CVideoPlayer::ProcessPacket packet from enhancement layer: size:25327 dts:751.723 pts:751.723 dur:41.700ms
2026-07-04 09:32:21.260 T:1305 debug : CVideoPlayer::ProcessVideoData size:276042 dts:751.765 pts:751.765 dur:41.700ms, clock:744.478 level:100
2026-07-04 09:32:21.266 T:1307 debug : CVideoPlayerVideo::OutputPicture - ttd:698ms pts:745.182 Clock:744.484 Level:12
2026-07-04 09:32:21.270 T:937 debug : TEMP: [framecount] video=6000 ctrls=6000 subs=1707 skip-gui=961 skip-any=961
2026-07-04 09:32:21.311 T:1307 debug : CVideoPlayerVideo::OutputPicture - ttd:694ms pts:745.224 Clock:744.530 Level:12
2026-07-04 09:32:21.342 T:937 debug : ------ Window Deinit (DialogSeekBar.xml) ------
2026-07-04 09:32:21.347 T:1307 debug : CVideoPlayerVideo::OutputPicture - ttd:699ms pts:745.266 Clock:744.566 Level:12
2026-07-04 09:32:21.391 T:1307 debug : CVideoPlayerVideo::OutputPicture - ttd:697ms pts:745.307 Clock:744.610 Level:12
2026-07-04 09:32:21.435 T:1307 debug : CVideoPlayerVideo::OutputPicture - ttd:695ms pts:745.349 Clock:744.654 Level:11
2026-07-04 09:32:21.473 T:1307 debug : CVideoPlayerVideo::OutputPicture - ttd:699ms pts:745.391 Clock:744.692 Level:12
2026-07-04 09:32:21.513 T:1307 debug : CVideoPlayerVideo::OutputPicture - ttd:701ms pts:745.432 Clock:744.731 Level:12
2026-07-04 09:32:21.562 T:1307 debug : CVideoPlayerVideo::OutputPicture - ttd:694ms pts:745.474 Clock:744.780 Level:11
2026-07-04 09:32:21.599 T:1307 debug : CVideoPlayerVideo::OutputPicture - ttd:698ms pts:745.516 Clock:744.817 Level:11
2026-07-04 09:32:21.639 T:1307 debug : CVideoPlayerVideo::OutputPicture - ttd:699ms pts:745.558 Clock:744.858 Level:12
2026-07-04 09:32:21.685 T:1307 debug : CVideoPlayerVideo::OutputPicture - ttd:695ms pts:745.599 Clock:744.903 Level:11
2026-07-04 09:32:21.724 T:1307 debug : CVideoPlayerVideo::OutputPicture - ttd:699ms pts:745.641 Clock:744.942 Level:12
2026-07-04 09:32:21.764 T:1307 debug : CVideoPlayerVideo::OutputPicture - ttd:699ms pts:745.683 Clock:744.983 Level:11
2026-07-04 09:32:21.811 T:1307 debug : CVideoPlayerVideo::OutputPicture - ttd:694ms pts:745.724 Clock:745.030 Level:12
2026-07-04 09:32:21.846 T:1307 debug : CVideoPlayerVideo::OutputPicture - ttd:701ms pts:745.766 Clock:745.064 Level:12
2026-07-04 09:32:21.931 T:1307 debug : CVideoPlayerVideo::OutputPicture - ttd:658ms pts:745.808 Clock:745.149 Level:11
2026-07-04 09:32:21.960 T:1305 debug : CVideoPlayer::ProcessPacket packet from enhancement layer: size:25282 dts:751.765 pts:751.765 dur:41.700ms
2026-07-04 09:32:21.978 T:1307 debug : CVideoPlayerVideo::OutputPicture - ttd:652ms pts:745.849 Clock:745.197 Level:11
2026-07-04 09:32:21.984 T:1305 debug : CVideoPlayer::ProcessVideoData size:597095 dts:751.807 pts:751.932 dur:41.700ms, clock:745.202 level:100
2026-07-04 09:32:21.985 T:1305 debug : CVideoPlayer::ProcessPacket packet from enhancement layer: size:62949 dts:751.807 pts:751.932 dur:41.700ms
2026-07-04 09:32:22.010 T:1305 debug : CVideoPlayer::ProcessVideoData size:265470 dts:751.848 pts:751.848 dur:41.700ms, clock:745.228 level:100
2026-07-04 09:32:22.011 T:1305 debug : CVideoPlayer::ProcessPacket packet from enhancement layer: size:26277 dts:751.848 pts:751.848 dur:41.700ms
2026-07-04 09:32:22.013 T:1307 debug : CVideoPlayerVideo::OutputPicture - ttd:659ms pts:745.891 Clock:745.232 Level:11
2026-07-04 09:32:22.053 T:1305 debug : CVideoPlayer::ProcessVideoData size:261486 dts:751.890 pts:751.890 dur:41.700ms, clock:745.272 level:100
2026-07-04 09:32:22.056 T:1307 debug : CVideoPlayerVideo::OutputPicture - ttd:658ms pts:745.933 Clock:745.274 Level:11
2026-07-04 09:32:22.064 T:974 debug : ActiveAE::SyncStream - average error 110.617424 above threshold of 100.000000
2026-07-04 09:32:22.065 T:974 debug : ActiveAE::SyncStream - average error 10.617424 below threshold of 30.000000
2026-07-04 09:32:22.111 T:1307 debug : CVideoPlayerVideo::OutputPicture - ttd:645ms pts:745.975 Clock:745.329 Level:11
2026-07-04 09:32:22.137 T:1305 debug : CVideoPlayer::ProcessPacket packet from enhancement layer: size:19508 dts:751.890 pts:751.890 dur:41.700ms
2026-07-04 09:32:22.142 T:1307 debug : CVideoPlayerVideo::OutputPicture - ttd:655ms pts:746.016 Clock:745.360 Level:11
2026-07-04 09:32:22.163 T:1305 debug : CVideoPlayer::ProcessVideoData size:659968 dts:751.932 pts:752.057 dur:41.700ms, clock:745.382 level:100
2026-07-04 09:32:22.164 T:1305 debug : CVideoPlayer::ProcessPacket packet from enhancement layer: size:44497 dts:751.932 pts:752.057 dur:41.700ms
2026-07-04 09:32:22.181 T:1307 debug : CVideoPlayerVideo::OutputPicture - ttd:658ms pts:746.058 Clock:745.399 Level:11
2026-07-04 09:32:22.227 T:1307 debug : CVideoPlayerVideo::OutputPicture - ttd:654ms pts:746.100 Clock:745.445 Level:11
2026-07-04 09:32:22.264 T:1307 debug : CVideoPlayerVideo::OutputPicture - ttd:658ms pts:746.141 Clock:745.483 Level:10
2026-07-04 09:32:22.307 T:1307 debug : CVideoPlayerVideo::OutputPicture - ttd:657ms pts:746.183 Clock:745.526 Level:10
2026-07-04 09:32:22.324 T:1307 debug : CVideoPlayerVideo::OutputPicture - ttd:682ms pts:746.225 Clock:745.543 Level:11
2026-07-04 09:32:22.350 T:1307 debug : CVideoPlayerVideo::OutputPicture - ttd:698ms pts:746.267 Clock:745.568 Level:11
2026-07-04 09:32:22.390 T:1307 debug : CVideoPlayerVideo::OutputPicture - ttd:699ms pts:746.308 Clock:745.609 Level:11
2026-07-04 09:32:22.437 T:1307 debug : CVideoPlayerVideo::OutputPicture - ttd:694ms pts:746.350 Clock:745.656 Level:11
2026-07-04 09:32:22.475 T:1307 debug : CVideoPlayerVideo::OutputPicture - ttd:698ms pts:746.392 Clock:745.693 Level:11
2026-07-04 09:32:22.486 T:1305 debug : CVideoPlayer::ProcessVideoData size:263224 dts:751.974 pts:751.974 dur:41.700ms, clock:745.705 level:100
2026-07-04 09:32:22.488 T:1305 debug : CVideoPlayer::ProcessPacket packet from enhancement layer: size:26260 dts:751.974 pts:751.974 dur:41.700ms
2026-07-04 09:32:22.517 T:1307 debug : CVideoPlayerVideo::OutputPicture - ttd:697ms pts:746.433 Clock:745.736 Level:11
2026-07-04 09:32:22.564 T:1307 debug : CVideoPlayerVideo::OutputPicture - ttd:692ms pts:746.475 Clock:745.782 Level:11
2026-07-04 09:32:22.599 T:1307 debug : CVideoPlayerVideo::OutputPicture - ttd:699ms pts:746.517 Clock:745.817 Level:11
2026-07-04 09:32:22.604 T:1305 debug : CVideoPlayer::ProcessVideoData size:260319 dts:752.015 pts:752.015 dur:41.700ms, clock:745.823 level:100
2026-07-04 09:32:22.641 T:1307 debug : CVideoPlayerVideo::OutputPicture - ttd:698ms pts:746.559 Clock:745.860 Level:11
2026-07-04 09:32:22.687 T:1307 debug : CVideoPlayerVideo::OutputPicture - ttd:694ms pts:746.600 Clock:745.906 Level:11
2026-07-04 09:32:22.722 T:1307 debug : CVideoPlayerVideo::OutputPicture - ttd:700ms pts:746.642 Clock:745.941 Level:11
2026-07-04 09:32:22.733 T:1305 debug : CVideoPlayer::ProcessPacket packet from enhancement layer: size:25621 dts:752.015 pts:752.015 dur:41.700ms
2026-07-04 09:32:22.764 T:1307 debug : CVideoPlayerVideo::OutputPicture - ttd:700ms pts:746.684 Clock:745.983 Level:11
2026-07-04 09:32:22.769 T:1305 debug : CVideoPlayer::ProcessVideoData size:658512 dts:752.057 pts:752.182 dur:41.700ms, clock:745.988 level:100
2026-07-04 09:32:22.770 T:1305 debug : CVideoPlayer::ProcessPacket packet from enhancement layer: size:57811 dts:752.057 pts:752.182 dur:41.700ms
2026-07-04 09:32:22.792 T:1305 debug : CVideoPlayer::ProcessVideoData size:262743 dts:752.099 pts:752.099 dur:41.700ms, clock:746.011 level:100
2026-07-04 09:32:22.793 T:1305 debug : CVideoPlayer::ProcessPacket packet from enhancement layer: size:23964 dts:752.099 pts:752.099 dur:41.700ms
2026-07-04 09:32:22.815 T:1307 debug : CVideoPlayerVideo::OutputPicture - ttd:692ms pts:746.725 Clock:746.033 Level:11
2026-07-04 09:32:22.825 T:1305 debug : CVideoPlayer::ProcessVideoData size:259932 dts:752.140 pts:752.140 dur:41.700ms, clock:746.044 level:100
2026-07-04 09:32:22.846 T:1307 debug : CVideoPlayerVideo::OutputPicture - ttd:702ms pts:746.767 Clock:746.065 Level:12
2026-07-04 09:32:22.891 T:1307 debug : CVideoPlayerVideo::OutputPicture - ttd:699ms pts:746.809 Clock:746.109 Level:12
2026-07-04 09:32:22.945 T:1307 debug : CVideoPlayerVideo::OutputPicture - ttd:687ms pts:746.851 Clock:746.163 Level:11
2026-07-04 09:32:22.978 T:1307 debug : CVideoPlayerVideo::OutputPicture - ttd:695ms pts:746.892 Clock:746.197 Level:11
2026-07-04 09:32:23.015 T:1307 debug : CVideoPlayerVideo::OutputPicture - ttd:700ms pts:746.934 Clock:746.234 Level:11
2026-07-04 09:32:23.063 T:1307 debug : CVideoPlayerVideo::OutputPicture - ttd:693ms pts:746.976 Clock:746.282 Level:11
2026-07-04 09:32:23.071 T:1305 debug : CVideoPlayer::ProcessPacket packet from enhancement layer: size:23637 dts:752.140 pts:752.140 dur:41.700ms
2026-07-04 09:32:23.089 T:1308 debug : CDVDClock::ErrorAdjust - CVideoPlayerAudio::OutputPacket - error:64714.780178, adjusted:41708.333333
2026-07-04 09:32:23.095 T:1305 debug : CVideoPlayer::ProcessVideoData size:654704 dts:752.182 pts:752.307 dur:41.700ms, clock:746.356 level:100
2026-07-04 09:32:23.096 T:1305 debug : CVideoPlayer::ProcessPacket packet from enhancement layer: size:57864 dts:752.182 pts:752.307 dur:41.700ms
2026-07-04 09:32:23.100 T:1307 debug : CVideoPlayerVideo::OutputPicture - ttd:656ms pts:747.017 Clock:746.361 Level:11
2026-07-04 09:32:23.127 T:1305 debug : CVideoPlayer::ProcessVideoData size:265917 dts:752.224 pts:752.224 dur:41.700ms, clock:746.388 level:100
2026-07-04 09:32:23.129 T:1305 debug : CVideoPlayer::ProcessPacket packet from enhancement layer: size:19314 dts:752.224 pts:752.224 dur:41.700ms
2026-07-04 09:32:23.140 T:1307 debug : CVideoPlayerVideo::OutputPicture - ttd:658ms pts:747.059 Clock:746.400 Level:12
2026-07-04 09:32:23.168 T:1305 debug : CVideoPlayer::ProcessVideoData size:262787 dts:752.265 pts:752.265 dur:41.700ms, clock:746.428 level:100
2026-07-04 09:32:23.185 T:1307 debug : CVideoPlayerVideo::OutputPicture - ttd:655ms pts:747.101 Clock:746.446 Level:11
2026-07-04 09:32:23.195 T:1305 debug : CVideoPlayer::ProcessPacket packet from enhancement layer: size:23547 dts:752.265 pts:752.265 dur:41.700ms
2026-07-04 09:32:23.224 T:1305 debug : CVideoPlayer::ProcessVideoData size:644443 dts:752.307 pts:752.432 dur:41.700ms, clock:746.484 level:100
2026-07-04 09:32:23.225 T:1307 debug : CVideoPlayerVideo::OutputPicture - ttd:657ms pts:747.143 Clock:746.485 Level:11
2026-07-04 09:32:23.264 T:1307 debug : CVideoPlayerVideo::OutputPicture - ttd:659ms pts:747.184 Clock:746.524 Level:11
2026-07-04 09:32:23.309 T:1305 debug : CVideoPlayer::ProcessPacket packet from enhancement layer: size:33960 dts:752.307 pts:752.432 dur:41.700ms
2026-07-04 09:32:23.313 T:1307 debug : CVideoPlayerVideo::OutputPicture - ttd:652ms pts:747.226 Clock:746.574 Level:11
2026-07-04 09:32:23.341 T:1305 debug : CVideoPlayer::ProcessVideoData size:261447 dts:752.349 pts:752.349 dur:41.700ms, clock:746.601 level:100
2026-07-04 09:32:23.342 T:1305 debug : CVideoPlayer::ProcessPacket packet from enhancement layer: size:23851 dts:752.349 pts:752.349 dur:41.700ms
2026-07-04 09:32:23.351 T:1307 debug : CVideoPlayerVideo::OutputPicture - ttd:656ms pts:747.268 Clock:746.611 Level:11
2026-07-04 09:32:23.391 T:1307 debug : CVideoPlayerVideo::OutputPicture - ttd:657ms pts:747.309 Clock:746.651 Level:12
2026-07-04 09:32:23.395 T:1305 debug : CVideoPlayer::ProcessVideoData size:257283 dts:752.391 pts:752.391 dur:41.700ms, clock:746.656 level:100
2026-07-04 09:32:23.437 T:1307 debug : CVideoPlayerVideo::OutputPicture - ttd:653ms pts:747.351 Clock:746.697 Level:11
2026-07-04 09:32:23.474 T:1307 debug : CVideoPlayerVideo::OutputPicture - ttd:658ms pts:747.393 Clock:746.735 Level:12
2026-07-04 09:32:23.492 T:1305 debug : CVideoPlayer::ProcessPacket packet from enhancement layer: size:23275 dts:752.391 pts:752.391 dur:41.700ms
2026-07-04 09:32:23.518 T:1307 debug : CVideoPlayerVideo::OutputPicture - ttd:656ms pts:747.435 Clock:746.778 Level:11
2026-07-04 09:32:23.527 T:1305 debug : CVideoPlayer::ProcessVideoData size:998925 dts:752.432 pts:752.557 dur:41.700ms, clock:746.787 level:100
2026-07-04 09:32:23.528 T:1305 debug : CVideoPlayer::ProcessPacket packet from enhancement layer: size:225670 dts:752.432 pts:752.557 dur:41.700ms
2026-07-04 09:32:23.560 T:1305 debug : CVideoPlayer::ProcessVideoData size:266588 dts:752.474 pts:752.474 dur:41.700ms, clock:746.821 level:100
2026-07-04 09:32:23.561 T:1305 debug : CVideoPlayer::ProcessPacket packet from enhancement layer: size:22684 dts:752.474 pts:752.474 dur:41.700ms
2026-07-04 09:32:23.563 T:1307 debug : CVideoPlayerVideo::OutputPicture - ttd:652ms pts:747.476 Clock:746.824 Level:11
2026-07-04 09:32:23.599 T:1307 debug : CVideoPlayerVideo::OutputPicture - ttd:658ms pts:747.518 Clock:746.859 Level:11
2026-07-04 09:32:23.601 T:1305 debug : CVideoPlayer::ProcessVideoData size:266396 dts:752.516 pts:752.516 dur:41.700ms, clock:746.861 level:100
2026-07-04 09:32:23.642 T:1307 debug : CVideoPlayerVideo::OutputPicture - ttd:657ms pts:747.560 Clock:746.902 Level:11
2026-07-04 09:32:23.688 T:1307 debug : CVideoPlayerVideo::OutputPicture - ttd:652ms pts:747.601 Clock:746.948 Level:11
2026-07-04 09:32:23.722 T:1307 debug : CVideoPlayerVideo::OutputPicture - ttd:660ms pts:747.643 Clock:746.982 Level:11
2026-07-04 09:32:23.740 T:1305 debug : CVideoPlayer::ProcessVideoData size:671357 dts:752.557 pts:752.683 dur:41.700ms, clock:747.000 level:100
2026-07-04 09:32:23.741 T:1305 debug : CVideoPlayer::ProcessPacket packet from enhancement layer: size:18340 dts:752.516 pts:752.516 dur:41.700ms
2026-07-04 09:32:23.741 T:1305 debug : CVideoPlayer::ProcessPacket packet from enhancement layer: size:65789 dts:752.557 pts:752.683 dur:41.700ms
2026-07-04 09:32:23.767 T:1307 debug : CVideoPlayerVideo::OutputPicture - ttd:656ms pts:747.685 Clock:747.028 Level:11
2026-07-04 09:32:23.793 T:1305 debug : CVideoPlayer::ProcessVideoData size:266333 dts:752.599 pts:752.599 dur:41.700ms, clock:747.053 level:100
2026-07-04 09:32:23.793 T:1305 debug : CVideoPlayer::ProcessPacket packet from enhancement layer: size:19676 dts:752.599 pts:752.599 dur:41.700ms
2026-07-04 09:32:23.818 T:1307 debug : CVideoPlayerVideo::OutputPicture - ttd:648ms pts:747.726 Clock:747.078 Level:11
2026-07-04 09:32:23.851 T:1307 debug : CVideoPlayerVideo::OutputPicture - ttd:656ms pts:747.768 Clock:747.112 Level:11
2026-07-04 09:32:23.861 T:1305 debug : CVideoPlayer::ProcessVideoData size:221882 dts:752.641 pts:752.641 dur:41.700ms, clock:747.122 level:100
2026-07-04 09:32:23.889 T:1307 debug : CVideoPlayerVideo::OutputPicture - ttd:660ms pts:747.810 Clock:747.150 Level:11
2026-07-04 09:32:23.939 T:1307 debug : CVideoPlayerVideo::OutputPicture - ttd:651ms pts:747.852 Clock:747.200 Level:11
2026-07-04 09:32:23.972 T:1307 debug : CVideoPlayerVideo::OutputPicture - ttd:660ms pts:747.893 Clock:747.233 Level:11
2026-07-04 09:32:24.013 T:1307 debug : CVideoPlayerVideo::OutputPicture - ttd:661ms pts:747.935 Clock:747.274 Level:11
2026-07-04 09:32:24.015 T:1305 debug : CVideoPlayer::ProcessPacket packet from enhancement layer: size:22462 dts:752.641 pts:752.641 dur:41.700ms
2026-07-04 09:32:24.061 T:1307 debug : CVideoPlayerVideo::OutputPicture - ttd:655ms pts:747.977 Clock:747.322 Level:11
2026-07-04 09:32:24.098 T:1307 debug : CVideoPlayerVideo::OutputPicture - ttd:660ms pts:748.018 Clock:747.358 Level:12
2026-07-04 09:32:24.143 T:1307 debug : CVideoPlayerVideo::OutputPicture - ttd:656ms pts:748.060 Clock:747.404 Level:10
2026-07-04 09:32:24.161 T:1307 debug : CVideoPlayerVideo::OutputPicture - ttd:680ms pts:748.102 Clock:747.421 Level:11
2026-07-04 09:32:24.182 T:1307 debug : CVideoPlayerVideo::OutputPicture - ttd:700ms pts:748.144 Clock:747.443 Level:11
2026-07-04 09:32:24.186 T:1305 debug : CVideoPlayer::ProcessVideoData size:674723 dts:752.683 pts:752.808 dur:41.700ms, clock:747.446 level:100
2026-07-04 09:32:24.186 T:1305 debug : CVideoPlayer::ProcessPacket packet from enhancement layer: size:42848 dts:752.683 pts:752.808 dur:41.700ms
2026-07-04 09:32:24.224 T:1307 debug : CVideoPlayerVideo::OutputPicture - ttd:700ms pts:748.185 Clock:747.485 Level:11
2026-07-04 09:32:24.271 T:1307 debug : CVideoPlayerVideo::OutputPicture - ttd:695ms pts:748.227 Clock:747.532 Level:12
2026-07-04 09:32:24.271 T:1305 debug : CVideoPlayer::ProcessVideoData size:277814 dts:752.724 pts:752.724 dur:41.700ms, clock:747.532 level:100
2026-07-04 09:32:24.272 T:1305 debug : CVideoPlayer::ProcessPacket packet from enhancement layer: size:19149 dts:752.724 pts:752.724 dur:41.700ms
2026-07-04 09:32:24.306 T:1307 debug : CVideoPlayerVideo::OutputPicture - ttd:702ms pts:748.269 Clock:747.567 Level:12
2026-07-04 09:32:24.371 T:1305 debug : CVideoPlayer::ProcessVideoData size:268814 dts:752.766 pts:752.766 dur:41.700ms, clock:747.632 level:100
2026-07-04 09:32:24.390 T:1307 debug : CVideoPlayerVideo::OutputPicture - ttd:660ms pts:748.310 Clock:747.650 Level:11
2026-07-04 09:32:24.439 T:1307 debug : CVideoPlayerVideo::OutputPicture - ttd:652ms pts:748.352 Clock:747.700 Level:11
2026-07-04 09:32:24.474 T:1307 debug : CVideoPlayerVideo::OutputPicture - ttd:659ms pts:748.394 Clock:747.734 Level:11
2026-07-04 09:32:24.512 T:1305 debug : CVideoPlayer::ProcessPacket packet from enhancement layer: size:19329 dts:752.766 pts:752.766 dur:41.700ms
2026-07-04 09:32:24.515 T:1307 debug : CVideoPlayerVideo::OutputPicture - ttd:660ms pts:748.436 Clock:747.775 Level:11
2026-07-04 09:32:24.539 T:1305 debug : CVideoPlayer::ProcessVideoData size:694952 dts:752.808 pts:752.933 dur:41.700ms, clock:747.800 level:100
2026-07-04 09:32:24.540 T:1305 debug : CVideoPlayer::ProcessPacket packet from enhancement layer: size:36022 dts:752.808 pts:752.933 dur:41.700ms
2026-07-04 09:32:24.560 T:1305 debug : CVideoPlayer::ProcessVideoData size:281677 dts:752.849 pts:752.849 dur:41.700ms, clock:747.821 level:100
2026-07-04 09:32:24.561 T:1305 debug : CVideoPlayer::ProcessPacket packet from enhancement layer: size:18083 dts:752.849 pts:752.849 dur:41.700ms
2026-07-04 09:32:24.564 T:1307 debug : CVideoPlayerVideo::OutputPicture - ttd:652ms pts:748.477 Clock:747.825 Level:11
2026-07-04 09:32:24.591 T:1305 debug : CVideoPlayer::ProcessVideoData size:288882 dts:752.891 pts:752.891 dur:41.700ms, clock:747.851 level:100
2026-07-04 09:32:24.599 T:1307 debug : CVideoPlayerVideo::OutputPicture - ttd:658ms pts:748.519 Clock:747.860 Level:11
2026-07-04 09:32:24.641 T:1307 debug : CVideoPlayerVideo::OutputPicture - ttd:659ms pts:748.561 Clock:747.902 Level:11
2026-07-04 09:32:24.695 T:1307 debug : CVideoPlayerVideo::OutputPicture - ttd:646ms pts:748.602 Clock:747.956 Level:11
2026-07-04 09:32:24.698 T:1305 debug : CVideoPlayer::ProcessVideoData size:735353 dts:752.933 pts:752.975 dur:41.700ms, clock:747.959 level:100
2026-07-04 09:32:24.699 T:1305 debug : CVideoPlayer::ProcessPacket packet from enhancement layer: size:17294 dts:752.891 pts:752.891 dur:41.700ms
2026-07-04 09:32:24.721 T:1305 debug : CVideoPlayer::ProcessPacket packet from enhancement layer: size:135083 dts:752.933 pts:752.975 dur:41.700ms
2026-07-04 09:32:24.727 T:1307 debug : CVideoPlayerVideo::OutputPicture - ttd:656ms pts:748.644 Clock:747.988 Level:11
2026-07-04 09:32:24.742 T:1305 debug : CVideoPlayer::ProcessVideoData size:253579 dts:752.975 pts:753.016 dur:41.700ms, clock:748.002 level:100
2026-07-04 09:32:24.742 T:1305 debug : CVideoPlayer::ProcessPacket packet from enhancement layer: size:29027 dts:752.975 pts:753.016 dur:41.700ms
2026-07-04 09:32:24.766 T:1307 debug : CVideoPlayerVideo::OutputPicture - ttd:659ms pts:748.686 Clock:748.026 Level:12
2026-07-04 09:32:24.805 T:1305 debug : CVideoPlayer::ProcessVideoData size:241533 dts:753.016 pts:753.058 dur:41.700ms, clock:748.066 level:100
2026-07-04 09:32:24.812 T:1307 debug : CVideoPlayerVideo::OutputPicture - ttd:655ms pts:748.728 Clock:748.072 Level:12
2026-07-04 09:32:24.850 T:1307 debug : CVideoPlayerVideo::OutputPicture - ttd:659ms pts:748.769 Clock:748.110 Level:12
2026-07-04 09:32:24.891 T:1307 debug : CVideoPlayerVideo::OutputPicture - ttd:659ms pts:748.811 Clock:748.151 Level:12
2026-07-04 09:32:24.917 T:1305 debug : CVideoPlayer::ProcessVideoData size:631028 dts:753.058 pts:753.100 dur:41.700ms, clock:748.177 level:100
2026-07-04 09:32:24.939 T:1307 debug : CVideoPlayerVideo::OutputPicture - ttd:653ms pts:748.853 Clock:748.199 Level:11
2026-07-04 09:32:24.976 T:1307 debug : CVideoPlayerVideo::OutputPicture - ttd:657ms pts:748.894 Clock:748.237 Level:12
2026-07-04 09:32:25.016 T:1307 debug : CVideoPlayerVideo::OutputPicture - ttd:659ms pts:748.936 Clock:748.276 Level:12
2026-07-04 09:32:25.063 T:1307 debug : CVideoPlayerVideo::OutputPicture - ttd:654ms pts:748.978 Clock:748.323 Level:11
2026-07-04 09:32:25.100 T:1307 debug : CVideoPlayerVideo::OutputPicture - ttd:659ms pts:749.020 Clock:748.361 Level:11
2026-07-04 09:32:25.137 T:1308 debug : CDVDClock::ErrorAdjust - CVideoPlayerAudio::OutputPacket - error:53529.546738, adjusted:41708.333333
2026-07-04 09:32:25.143 T:1307 debug : CVideoPlayerVideo::OutputPicture - ttd:616ms pts:749.061 Clock:748.445 Level:11
2026-07-04 09:32:25.147 T:1305 debug : CVideoPlayer::ProcessPacket packet from enhancement layer: size:37541 dts:753.016 pts:753.058 dur:41.700ms
2026-07-04 09:32:25.148 T:1305 debug : CVideoPlayer::ProcessPacket packet from enhancement layer: size:134180 dts:753.058 pts:753.100 dur:41.700ms
2026-07-04 09:32:25.188 T:1307 debug : CVideoPlayerVideo::OutputPicture - ttd:612ms pts:749.103 Clock:748.491 Level:11
2026-07-04 09:32:25.220 T:1305 debug : CVideoPlayer::ProcessPacket packet from enhancement layer: size:41498 dts:753.100 pts:753.225 dur:41.700ms
2026-07-04 09:32:25.224 T:1305 debug : CVideoPlayer::ProcessVideoData size:292355 dts:753.100 pts:753.225 dur:41.700ms, clock:748.526 level:100
2026-07-04 09:32:25.224 T:1307 debug : CVideoPlayerVideo::OutputPicture - ttd:617ms pts:749.145 Clock:748.527 Level:11
2026-07-04 09:32:25.266 T:1307 debug : CVideoPlayerVideo::OutputPicture - ttd:618ms pts:749.186 Clock:748.568 Level:11
2026-07-04 09:32:25.273 T:1305 debug : CVideoPlayer::ProcessPacket packet from enhancement layer: size:21963 dts:753.141 pts:753.141 dur:41.700ms
2026-07-04 09:32:25.275 T:1305 debug : CVideoPlayer::ProcessVideoData size:161695 dts:753.141 pts:753.141 dur:41.700ms, clock:748.578 level:100
2026-07-04 09:32:25.311 T:1307 debug : CVideoPlayerVideo::OutputPicture - ttd:614ms pts:749.228 Clock:748.614 Level:11
2026-07-04 09:32:25.341 T:1305 debug : CVideoPlayer::ProcessVideoData size:185693 dts:753.183 pts:753.183 dur:41.700ms, clock:748.643 level:100
2026-07-04 09:32:25.341 T:1305 debug : CVideoPlayer::ProcessPacket packet from enhancement layer: size:19378 dts:753.183 pts:753.183 dur:41.700ms
2026-07-04 09:32:25.350 T:1307 debug : CVideoPlayerVideo::OutputPicture - ttd:617ms pts:749.270 Clock:748.653 Level:11
2026-07-04 09:32:25.391 T:1307 debug : CVideoPlayerVideo::OutputPicture - ttd:618ms pts:749.312 Clock:748.693 Level:11
2026-07-04 09:32:25.438 T:1307 debug : CVideoPlayerVideo::OutputPicture - ttd:613ms pts:749.353 Clock:748.740 Level:10
2026-07-04 09:32:25.444 T:1305 debug : CVideoPlayer::ProcessVideoData size:267672 dts:753.225 pts:753.266 dur:41.700ms, clock:748.746 level:100
2026-07-04 09:32:25.475 T:1307 debug : CVideoPlayerVideo::OutputPicture - ttd:617ms pts:749.395 Clock:748.778 Level:10
2026-07-04 09:32:25.488 T:1307 debug : CVideoPlayerVideo::OutputPicture - ttd:646ms pts:749.437 Clock:748.790 Level:11
2026-07-04 09:32:25.520 T:1305 debug : CVideoPlayer::ProcessPacket packet from enhancement layer: size:25652 dts:753.225 pts:753.266 dur:41.700ms
2026-07-04 09:32:25.529 T:1307 debug : CVideoPlayerVideo::OutputPicture - ttd:647ms pts:749.478 Clock:748.831 Level:11
2026-07-04 09:32:25.562 T:1307 debug : CVideoPlayerVideo::OutputPicture - ttd:655ms pts:749.520 Clock:748.865 Level:11
2026-07-04 09:32:25.602 T:1305 debug : CVideoPlayer::ProcessVideoData size:277740 dts:753.266 pts:753.308 dur:41.700ms, clock:748.904 level:100
2026-07-04 09:32:25.603 T:1307 debug : CVideoPlayerVideo::OutputPicture - ttd:656ms pts:749.562 Clock:748.906 Level:11
2026-07-04 09:32:25.648 T:1307 debug : CVideoPlayerVideo::OutputPicture - ttd:653ms pts:749.603 Clock:748.950 Level:11
2026-07-04 09:32:25.683 T:1307 debug : CVideoPlayerVideo::OutputPicture - ttd:659ms pts:749.645 Clock:748.986 Level:11
2026-07-04 09:32:25.687 T:1305 debug : CVideoPlayer::ProcessVideoData size:752087 dts:753.308 pts:753.350 dur:41.700ms, clock:748.990 level:100
2026-07-04 09:32:25.688 T:1305 debug : CVideoPlayer::ProcessPacket packet from enhancement layer: size:26181 dts:753.266 pts:753.308 dur:41.700ms
2026-07-04 09:32:25.688 T:1305 debug : CVideoPlayer::ProcessPacket packet from enhancement layer: size:90218 dts:753.308 pts:753.350 dur:41.700ms
2026-07-04 09:32:25.718 T:1305 debug : CVideoPlayer::ProcessVideoData size:338380 dts:753.350 pts:753.475 dur:41.700ms, clock:749.020 level:100
2026-07-04 09:32:25.718 T:1305 debug : CVideoPlayer::ProcessPacket packet from enhancement layer: size:22201 dts:753.350 pts:753.475 dur:41.700ms
2026-07-04 09:32:25.725 T:1307 debug : CVideoPlayerVideo::OutputPicture - ttd:659ms pts:749.687 Clock:749.028 Level:12
2026-07-04 09:32:25.746 T:1305 debug : CVideoPlayer::ProcessVideoData size:211889 dts:753.392 pts:753.392 dur:41.700ms, clock:749.048 level:100
2026-07-04 09:32:25.746 T:1305 debug : CVideoPlayer::ProcessPacket packet from enhancement layer: size:9360 dts:753.392 pts:753.392 dur:41.700ms
2026-07-04 09:32:25.770 T:1307 debug : CVideoPlayerVideo::OutputPicture - ttd:655ms pts:749.729 Clock:749.073 Level:11
2026-07-04 09:32:25.788 T:1305 debug : CVideoPlayer::ProcessVideoData size:208844 dts:753.433 pts:753.433 dur:41.700ms, clock:749.091 level:100
2026-07-04 09:32:25.789 T:1305 debug : CVideoPlayer::ProcessPacket packet from enhancement layer: size:9442 dts:753.433 pts:753.433 dur:41.700ms
2026-07-04 09:32:25.812 T:1307 debug : CVideoPlayerVideo::OutputPicture - ttd:656ms pts:749.770 Clock:749.114 Level:11
2026-07-04 09:32:25.823 T:1305 debug : CVideoPlayer::ProcessVideoData size:284880 dts:753.475 pts:753.517 dur:41.700ms, clock:749.126 level:100
2026-07-04 09:32:25.824 T:1305 debug : CVideoPlayer::ProcessPacket packet from enhancement layer: size:20334 dts:753.475 pts:753.517 dur:41.700ms
2026-07-04 09:32:25.852 T:1307 debug : CVideoPlayerVideo::OutputPicture - ttd:657ms pts:749.812 Clock:749.155 Level:12
2026-07-04 09:32:25.856 T:1305 debug : CVideoPlayer::ProcessVideoData size:317879 dts:753.517 pts:753.558 dur:41.700ms, clock:749.159 level:100
2026-07-04 09:32:25.896 T:1307 debug : CVideoPlayerVideo::OutputPicture - ttd:654ms pts:749.854 Clock:749.199 Level:11
2026-07-04 09:32:25.935 T:1307 debug : CVideoPlayerVideo::OutputPicture - ttd:657ms pts:749.895 Clock:749.238 Level:11
2026-07-04 09:32:25.938 T:1305 debug : CVideoPlayer::ProcessVideoData size:727342 dts:753.558 pts:753.600 dur:41.700ms, clock:749.240 level:100
2026-07-04 09:32:25.975 T:1307 debug : CVideoPlayerVideo::OutputPicture - ttd:659ms pts:749.937 Clock:749.278 Level:11
2026-07-04 09:32:25.979 T:1305 debug : CVideoPlayer::ProcessPacket packet from enhancement layer: size:21263 dts:753.517 pts:753.558 dur:41.700ms
2026-07-04 09:32:26.002 T:1305 debug : CVideoPlayer::ProcessVideoData size:684678 dts:753.600 pts:753.642 dur:41.700ms, clock:749.304 level:100
2026-07-04 09:32:26.021 T:1307 debug : CVideoPlayerVideo::OutputPicture - ttd:655ms pts:749.979 Clock:749.323 Level:11
2026-07-04 09:32:26.036 T:1305 debug : CVideoPlayer::ProcessPacket packet from enhancement layer: size:79188 dts:753.558 pts:753.600 dur:41.700ms
2026-07-04 09:32:26.037 T:1305 debug : CVideoPlayer::ProcessPacket packet from enhancement layer: size:79417 dts:753.600 pts:753.642 dur:41.700ms
2026-07-04 09:32:26.057 T:1307 debug : CVideoPlayerVideo::OutputPicture - ttd:661ms pts:750.021 Clock:749.359 Level:11
2026-07-04 09:32:26.064 T:1305 debug : CVideoPlayer::ProcessVideoData size:246206 dts:753.642 pts:753.684 dur:41.700ms, clock:749.367 level:100
2026-07-04 09:32:26.102 T:1307 debug : CVideoPlayerVideo::OutputPicture - ttd:658ms pts:750.062 Clock:749.404 Level:11
2026-07-04 09:32:26.147 T:1307 debug : CVideoPlayerVideo::OutputPicture - ttd:654ms pts:750.104 Clock:749.449 Level:11
2026-07-04 09:32:26.163 T:1305 debug : CVideoPlayer::ProcessVideoData size:571915 dts:753.684 pts:753.725 dur:41.700ms, clock:749.465 level:100
2026-07-04 09:32:26.163 T:1305 debug : CVideoPlayer::ProcessPacket packet from enhancement layer: size:13405 dts:753.642 pts:753.684 dur:41.700ms
2026-07-04 09:32:26.164 T:1305 debug : CVideoPlayer::ProcessPacket packet from enhancement layer: size:79703 dts:753.684 pts:753.725 dur:41.700ms
2026-07-04 09:32:26.184 T:1307 debug : CVideoPlayerVideo::OutputPicture - ttd:659ms pts:750.146 Clock:749.486 Level:11
2026-07-04 09:32:26.197 T:1305 debug : CVideoPlayer::ProcessPacket packet from enhancement layer: size:24683 dts:753.725 pts:753.850 dur:41.700ms
2026-07-04 09:32:26.226 T:1307 debug : CVideoPlayerVideo::OutputPicture - ttd:658ms pts:750.187 Clock:749.529 Level:11
2026-07-04 09:32:26.261 T:1305 debug : CVideoPlayer::ProcessVideoData size:349242 dts:753.725 pts:753.850 dur:41.700ms, clock:749.564 level:100
2026-07-04 09:32:26.262 T:1305 debug : CVideoPlayer::ProcessPacket packet from enhancement layer: size:13274 dts:753.767 pts:753.767 dur:41.700ms
2026-07-04 09:32:26.271 T:1307 debug : CVideoPlayerVideo::OutputPicture - ttd:655ms pts:750.229 Clock:749.573 Level:11
2026-07-04 09:32:26.307 T:1307 debug : CVideoPlayerVideo::OutputPicture - ttd:660ms pts:750.271 Clock:749.610 Level:11
2026-07-04 09:32:26.339 T:1305 debug : CVideoPlayer::ProcessVideoData size:166782 dts:753.767 pts:753.767 dur:41.700ms, clock:749.642 level:100
2026-07-04 09:32:26.341 T:1305 debug : CVideoPlayer::ProcessVideoData size:183899 dts:753.809 pts:753.809 dur:41.700ms, clock:749.644 level:100
2026-07-04 09:32:26.352 T:1307 debug : CVideoPlayerVideo::OutputPicture - ttd:657ms pts:750.313 Clock:749.655 Level:11
2026-07-04 09:32:26.403 T:1307 debug : CVideoPlayerVideo::OutputPicture - ttd:648ms pts:750.354 Clock:749.705 Level:11
2026-07-04 09:32:26.438 T:1307 debug : CVideoPlayerVideo::OutputPicture - ttd:655ms pts:750.396 Clock:749.740 Level:11
2026-07-04 09:32:26.476 T:1307 debug : CVideoPlayerVideo::OutputPicture - ttd:658ms pts:750.438 Clock:749.779 Level:11
2026-07-04 09:32:26.521 T:1307 debug : CVideoPlayerVideo::OutputPicture - ttd:655ms pts:750.479 Clock:749.824 Level:11
2026-07-04 09:32:26.559 T:1307 debug : CVideoPlayerVideo::OutputPicture - ttd:658ms pts:750.521 Clock:749.862 Level:11
2026-07-04 09:32:26.600 T:1307 debug : CVideoPlayerVideo::OutputPicture - ttd:659ms pts:750.563 Clock:749.903 Level:11
2026-07-04 09:32:26.647 T:1307 debug : CVideoPlayerVideo::OutputPicture - ttd:654ms pts:750.605 Clock:749.950 Level:11
2026-07-04 09:32:26.684 T:1307 debug : CVideoPlayerVideo::OutputPicture - ttd:659ms pts:750.646 Clock:749.986 Level:11
2026-07-04 09:32:26.728 T:1307 debug : CVideoPlayerVideo::OutputPicture - ttd:657ms pts:750.688 Clock:750.031 Level:11
2026-07-04 09:32:26.761 T:1305 debug : CVideoPlayer::ProcessVideoData size:803982 dts:753.850 pts:753.892 dur:41.700ms, clock:750.063 level:100
2026-07-04 09:32:26.774 T:1307 debug : CVideoPlayerVideo::OutputPicture - ttd:652ms pts:750.730 Clock:750.077 Level:11
2026-07-04 09:32:26.808 T:1307 debug : CVideoPlayerVideo::OutputPicture - ttd:660ms pts:750.771 Clock:750.111 Level:11
2026-07-04 09:32:26.850 T:1307 debug : CVideoPlayerVideo::OutputPicture - ttd:660ms pts:750.813 Clock:750.153 Level:11
2026-07-04 09:32:26.856 T:1305 debug : CVideoPlayer::ProcessPacket packet from enhancement layer: size:12874 dts:753.809 pts:753.809 dur:41.700ms
2026-07-04 09:32:26.879 T:1305 debug : CVideoPlayer::ProcessVideoData size:806716 dts:753.892 pts:753.934 dur:41.700ms, clock:750.182 level:100
2026-07-04 09:32:26.898 T:1307 debug : CVideoPlayerVideo::OutputPicture - ttd:653ms pts:750.855 Clock:750.201 Level:11
2026-07-04 09:32:26.935 T:1307 debug : CVideoPlayerVideo::OutputPicture - ttd:658ms pts:750.897 Clock:750.238 Level:11
2026-07-04 09:32:26.955 T:1305 debug : CVideoPlayer::ProcessPacket packet from enhancement layer: size:87732 dts:753.850 pts:753.892 dur:41.700ms
2026-07-04 09:32:26.977 T:1307 debug : CVideoPlayerVideo::OutputPicture - ttd:658ms pts:750.938 Clock:750.280 Level:11
2026-07-04 09:32:27.020 T:1307 debug : CVideoPlayerVideo::OutputPicture - ttd:656ms pts:750.980 Clock:750.323 Level:11
2026-07-04 09:32:27.059 T:1307 debug : CVideoPlayerVideo::OutputPicture - ttd:659ms pts:751.022 Clock:750.362 Level:12
2026-07-04 09:32:27.103 T:1307 debug : CVideoPlayerVideo::OutputPicture - ttd:658ms pts:751.063 Clock:750.405 Level:11
2026-07-04 09:32:27.148 T:1307 debug : CVideoPlayerVideo::OutputPicture - ttd:654ms pts:751.105 Clock:750.451 Level:11
2026-07-04 09:32:27.186 T:1307 debug : CVideoPlayerVideo::OutputPicture - ttd:657ms pts:751.147 Clock:750.489 Level:11
2026-07-04 09:32:27.197 T:1305 debug : CVideoPlayer::ProcessVideoData size:836887 dts:753.934 pts:753.976 dur:41.700ms, clock:750.500 level:100
2026-07-04 09:32:27.227 T:1307 debug : CVideoPlayerVideo::OutputPicture - ttd:658ms pts:751.188 Clock:750.530 Level:11
2026-07-04 09:32:27.279 T:1307 debug : CVideoPlayerVideo::OutputPicture - ttd:648ms pts:751.230 Clock:750.582 Level:11
2026-07-04 09:32:27.314 T:1307 debug : CVideoPlayerVideo::OutputPicture - ttd:655ms pts:751.272 Clock:750.617 Level:11
2026-07-04 09:32:27.352 T:1305 debug : CVideoPlayer::ProcessPacket packet from enhancement layer: size:84343 dts:753.892 pts:753.934 dur:41.700ms
2026-07-04 09:32:27.353 T:1307 debug : CVideoPlayerVideo::OutputPicture - ttd:657ms pts:751.314 Clock:750.656 Level:11
2026-07-04 09:32:27.399 T:1307 debug : CVideoPlayerVideo::OutputPicture - ttd:653ms pts:751.355 Clock:750.702 Level:11
2026-07-04 09:32:27.434 T:1307 debug : CVideoPlayerVideo::OutputPicture - ttd:660ms pts:751.397 Clock:750.737 Level:11
2026-07-04 09:32:27.475 T:1307 debug : CVideoPlayerVideo::OutputPicture - ttd:660ms pts:751.439 Clock:750.778 Level:11
2026-07-04 09:32:27.523 T:1307 debug : CVideoPlayerVideo::OutputPicture - ttd:655ms pts:751.480 Clock:750.825 Level:11
2026-07-04 09:32:27.562 T:1307 debug : CVideoPlayerVideo::OutputPicture - ttd:657ms pts:751.522 Clock:750.865 Level:11
2026-07-04 09:32:27.604 T:1307 debug : CVideoPlayerVideo::OutputPicture - ttd:657ms pts:751.564 Clock:750.907 Level:11
2026-07-04 09:32:27.625 T:1305 debug : CVideoPlayer::ProcessVideoData size:822765 dts:753.976 pts:754.017 dur:41.700ms, clock:750.928 level:100
2026-07-04 09:32:27.648 T:1307 debug : CVideoPlayerVideo::OutputPicture - ttd:654ms pts:751.606 Clock:750.951 Level:11
2026-07-04 09:32:27.679 T:1305 debug : CVideoPlayer::ProcessPacket packet from enhancement layer: size:103581 dts:753.934 pts:753.976 dur:41.700ms
2026-07-04 09:32:27.684 T:1307 debug : CVideoPlayerVideo::OutputPicture - ttd:660ms pts:751.647 Clock:750.986 Level:11
2026-07-04 09:32:27.727 T:1307 debug : CVideoPlayerVideo::OutputPicture - ttd:658ms pts:751.689 Clock:751.030 Level:11
2026-07-04 09:32:27.730 T:1305 debug : CVideoPlayer::ProcessVideoData size:798718 dts:754.017 pts:754.059 dur:41.700ms, clock:751.033 level:100
2026-07-04 09:32:27.775 T:1307 debug : CVideoPlayerVideo::OutputPicture - ttd:652ms pts:751.731 Clock:751.078 Level:11
2026-07-04 09:32:27.810 T:1307 debug : CVideoPlayerVideo::OutputPicture - ttd:659ms pts:751.772 Clock:751.113 Level:11
2026-07-04 09:32:27.853 T:1307 debug : CVideoPlayerVideo::OutputPicture - ttd:658ms pts:751.814 Clock:751.156 Level:11
2026-07-04 09:32:27.900 T:1307 debug : CVideoPlayerVideo::OutputPicture - ttd:653ms pts:751.856 Clock:751.203 Level:11
2026-07-04 09:32:27.937 T:1307 debug : CVideoPlayerVideo::OutputPicture - ttd:658ms pts:751.898 Clock:751.240 Level:11
2026-07-04 09:32:27.977 T:1307 debug : CVideoPlayerVideo::OutputPicture - ttd:659ms pts:751.939 Clock:751.280 Level:11
2026-07-04 09:32:28.016 T:1305 debug : CVideoPlayer::ProcessPacket packet from enhancement layer: size:107861 dts:753.976 pts:754.017 dur:41.700ms
2026-07-04 09:32:28.024 T:1307 debug : CVideoPlayerVideo::OutputPicture - ttd:653ms pts:751.981 Clock:751.327 Level:11
2026-07-04 09:32:28.059 T:1307 debug : CVideoPlayerVideo::OutputPicture - ttd:660ms pts:752.023 Clock:751.362 Level:11
2026-07-04 09:32:28.091 T:1305 debug : CVideoPlayer::ProcessVideoData size:930509 dts:754.059 pts:754.101 dur:41.700ms, clock:751.393 level:100
2026-07-04 09:32:28.105 T:1307 debug : CVideoPlayerVideo::OutputPicture - ttd:656ms pts:752.064 Clock:751.408 Level:11
2026-07-04 09:32:28.120 T:1305 debug : CVideoPlayer::ProcessPacket packet from enhancement layer: size:115357 dts:754.017 pts:754.059 dur:41.700ms
2026-07-04 09:32:28.122 T:1305 debug : CVideoPlayer::ProcessPacket packet from enhancement layer: size:132265 dts:754.059 pts:754.101 dur:41.700ms
2026-07-04 09:32:28.153 T:1307 debug : CVideoPlayerVideo::OutputPicture - ttd:650ms pts:752.106 Clock:751.456 Level:11
2026-07-04 09:32:28.161 T:1305 debug : CVideoPlayer::ProcessVideoData size:492281 dts:754.101 pts:754.226 dur:41.700ms, clock:751.464 level:100
2026-07-04 09:32:28.161 T:1305 debug : CVideoPlayer::ProcessPacket packet from enhancement layer: size:58786 dts:754.101 pts:754.226 dur:41.700ms
2026-07-04 09:32:28.192 T:1307 debug : CVideoPlayerVideo::OutputPicture - ttd:652ms pts:752.148 Clock:751.495 Level:11
2026-07-04 09:32:28.228 T:1307 debug : CVideoPlayerVideo::OutputPicture - ttd:658ms pts:752.190 Clock:751.531 Level:11
2026-07-04 09:32:28.273 T:1307 debug : CVideoPlayerVideo::OutputPicture - ttd:655ms pts:752.231 Clock:751.576 Level:11
2026-07-04 09:32:28.281 T:1305 debug : CVideoPlayer::ProcessVideoData size:243611 dts:754.142 pts:754.142 dur:41.700ms, clock:751.584 level:100
2026-07-04 09:32:28.282 T:1305 debug : CVideoPlayer::ProcessPacket packet from enhancement layer: size:25555 dts:754.142 pts:754.142 dur:41.700ms
2026-07-04 09:32:28.314 T:1307 debug : CVideoPlayerVideo::OutputPicture - ttd:655ms pts:752.273 Clock:751.617 Level:11
2026-07-04 09:32:28.353 T:1307 debug : CVideoPlayerVideo::OutputPicture - ttd:658ms pts:752.315 Clock:751.656 Level:11
2026-07-04 09:32:28.371 T:1305 debug : CVideoPlayer::ProcessVideoData size:239569 dts:754.184 pts:754.184 dur:41.700ms, clock:751.674 level:100
2026-07-04 09:32:28.400 T:1307 debug : CVideoPlayerVideo::OutputPicture - ttd:653ms pts:752.356 Clock:751.703 Level:11
2026-07-04 09:32:28.431 T:1305 debug : CVideoPlayer::ProcessPacket packet from enhancement layer: size:20065 dts:754.184 pts:754.184 dur:41.700ms
2026-07-04 09:32:28.439 T:1307 debug : CVideoPlayerVideo::OutputPicture - ttd:655ms pts:752.398 Clock:751.742 Level:11
2026-07-04 09:32:28.459 T:1305 debug : CVideoPlayer::ProcessVideoData size:505891 dts:754.226 pts:754.351 dur:41.700ms, clock:751.762 level:100
2026-07-04 09:32:28.460 T:1305 debug : CVideoPlayer::ProcessPacket packet from enhancement layer: size:43163 dts:754.226 pts:754.351 dur:41.700ms
2026-07-04 09:32:28.480 T:1307 debug : CVideoPlayerVideo::OutputPicture - ttd:657ms pts:752.440 Clock:751.783 Level:11
2026-07-04 09:32:28.495 T:1305 debug : CVideoPlayer::ProcessVideoData size:242688 dts:754.267 pts:754.267 dur:41.700ms, clock:751.798 level:100
2026-07-04 09:32:28.517 T:1305 debug : CVideoPlayer::ProcessPacket packet from enhancement layer: size:20872 dts:754.267 pts:754.267 dur:41.700ms
2026-07-04 09:32:28.524 T:1307 debug : CVideoPlayerVideo::OutputPicture - ttd:654ms pts:752.482 Clock:751.827 Level:11
2026-07-04 09:32:28.549 T:1305 debug : CVideoPlayer::ProcessVideoData size:243169 dts:754.309 pts:754.309 dur:41.700ms, clock:751.852 level:100
2026-07-04 09:32:28.562 T:1307 debug : CVideoPlayerVideo::OutputPicture - ttd:658ms pts:752.523 Clock:751.865 Level:11
2026-07-04 09:32:28.574 T:1305 debug : CVideoPlayer::ProcessPacket packet from enhancement layer: size:14567 dts:754.309 pts:754.309 dur:41.700ms
2026-07-04 09:32:28.604 T:1307 debug : CVideoPlayerVideo::OutputPicture - ttd:658ms pts:752.565 Clock:751.907 Level:11
2026-07-04 09:32:28.605 T:1307 debug : CVideoPlayerVideo::OutputPicture - ttd:698ms pts:752.607 Clock:751.908 Level:12
2026-07-04 09:32:28.610 T:1305 debug : CVideoPlayer::ProcessVideoData size:501191 dts:754.351 pts:754.476 dur:41.700ms, clock:751.913 level:100
2026-07-04 09:32:28.611 T:1305 debug : CVideoPlayer::ProcessPacket packet from enhancement layer: size:29207 dts:754.351 pts:754.476 dur:41.700ms
2026-07-04 09:32:28.641 T:1305 debug : CVideoPlayer::ProcessVideoData size:247570 dts:754.393 pts:754.393 dur:41.700ms, clock:751.945 level:100
2026-07-04 09:32:28.687 T:1307 debug : CVideoPlayerVideo::OutputPicture - ttd:658ms pts:752.648 Clock:751.990 Level:11
2026-07-04 09:32:28.693 T:1305 debug : CVideoPlayer::ProcessPacket packet from enhancement layer: size:13542 dts:754.393 pts:754.393 dur:41.700ms
2026-07-04 09:32:28.722 T:1305 debug : CVideoPlayer::ProcessVideoData size:252928 dts:754.434 pts:754.434 dur:41.700ms, clock:752.025 level:100
2026-07-04 09:32:28.727 T:1307 debug : CVideoPlayerVideo::OutputPicture - ttd:660ms pts:752.690 Clock:752.030 Level:11
2026-07-04 09:32:28.728 T:1307 debug : CVideoPlayerVideo::OutputPicture - ttd:700ms pts:752.732 Clock:752.031 Level:12
2026-07-04 09:32:28.736 T:1305 debug : CVideoPlayer::ProcessPacket packet from enhancement layer: size:12780 dts:754.434 pts:754.434 dur:41.700ms
2026-07-04 09:32:28.766 T:1305 debug : CVideoPlayer::ProcessVideoData size:514516 dts:754.476 pts:754.601 dur:41.700ms, clock:752.069 level:100
2026-07-04 09:32:28.767 T:1305 debug : CVideoPlayer::ProcessPacket packet from enhancement layer: size:25655 dts:754.476 pts:754.601 dur:41.700ms
2026-07-04 09:32:28.790 T:1305 debug : CVideoPlayer::ProcessVideoData size:245936 dts:754.518 pts:754.518 dur:41.700ms, clock:752.093 level:100
2026-07-04 09:32:28.813 T:1307 debug : CVideoPlayerVideo::OutputPicture - ttd:657ms pts:752.774 Clock:752.116 Level:11
2026-07-04 09:32:28.830 T:1305 debug : CVideoPlayer::ProcessPacket packet from enhancement layer: size:12524 dts:754.518 pts:754.518 dur:41.700ms
2026-07-04 09:32:28.850 T:1307 debug : CVideoPlayerVideo::OutputPicture - ttd:661ms pts:752.815 Clock:752.154 Level:12
2026-07-04 09:32:28.856 T:1305 debug : CVideoPlayer::ProcessVideoData size:248823 dts:754.559 pts:754.559 dur:41.700ms, clock:752.159 level:100
2026-07-04 09:32:28.892 T:1307 debug : CVideoPlayerVideo::OutputPicture - ttd:662ms pts:752.857 Clock:752.195 Level:11
2026-07-04 09:32:28.908 T:1305 debug : CVideoPlayer::ProcessPacket packet from enhancement layer: size:12509 dts:754.559 pts:754.559 dur:41.700ms
2026-07-04 09:32:28.936 T:1307 debug : CVideoPlayerVideo::OutputPicture - ttd:659ms pts:752.899 Clock:752.239 Level:11
2026-07-04 09:32:28.954 T:1305 debug : CVideoPlayer::ProcessVideoData size:449594 dts:754.601 pts:754.726 dur:41.700ms, clock:752.258 level:100
2026-07-04 09:32:28.955 T:1305 debug : CVideoPlayer::ProcessPacket packet from enhancement layer: size:26203 dts:754.601 pts:754.726 dur:41.700ms
2026-07-04 09:32:28.977 T:1307 debug : CVideoPlayerVideo::OutputPicture - ttd:660ms pts:752.940 Clock:752.280 Level:11
2026-07-04 09:32:28.978 T:1307 debug : CVideoPlayerVideo::OutputPicture - ttd:701ms pts:752.982 Clock:752.281 Level:12
2026-07-04 09:32:29.059 T:1305 debug : CVideoPlayer::ProcessVideoData size:250915 dts:754.643 pts:754.643 dur:41.700ms, clock:752.362 level:0
2026-07-04 09:32:29.061 T:1307 debug : CVideoPlayerVideo::OutputPicture - ttd:659ms pts:753.024 Clock:752.364 Level:11
2026-07-04 09:32:29.517 T:1307 debug : CVideoPlayerVideo::OutputPicture - ttd:245ms pts:753.065 Clock:752.820 Level:1
2026-07-04 09:32:29.518 T:1307 debug : CVideoPlayerVideo::OutputPicture - ttd:285ms pts:753.107 Clock:752.822 Level:2
2026-07-04 09:32:29.519 T:1307 debug : CVideoPlayerVideo::OutputPicture - ttd:326ms pts:753.149 Clock:752.823 Level:3
2026-07-04 09:32:29.520 T:1307 debug : CVideoPlayerVideo::OutputPicture - ttd:366ms pts:753.191 Clock:752.824 Level:4
2026-07-04 09:32:29.522 T:1307 debug : CVideoPlayerVideo::OutputPicture - ttd:407ms pts:753.232 Clock:752.825 Level:5
2026-07-04 09:32:29.523 T:1307 debug : CVideoPlayerVideo::OutputPicture - ttd:448ms pts:753.274 Clock:752.826 Level:6
2026-07-04 09:32:29.524 T:1307 debug : CVideoPlayerVideo::OutputPicture - ttd:488ms pts:753.316 Clock:752.827 Level:7
2026-07-04 09:32:29.525 T:1307 debug : CVideoPlayerVideo::OutputPicture - ttd:529ms pts:753.357 Clock:752.828 Level:8
2026-07-04 09:32:29.526 T:1307 debug : CVideoPlayerVideo::OutputPicture - ttd:570ms pts:753.399 Clock:752.829 Level:9
2026-07-04 09:32:29.527 T:1307 debug : CVideoPlayerVideo::OutputPicture - ttd:610ms pts:753.441 Clock:752.830 Level:10
2026-07-04 09:32:29.528 T:1307 debug : CVideoPlayerVideo::OutputPicture - ttd:651ms pts:753.483 Clock:752.831 Level:11
2026-07-04 09:32:29.529 T:1307 debug : CVideoPlayerVideo::OutputPicture - ttd:691ms pts:753.524 Clock:752.832 Level:12
2026-07-04 09:32:29.766 T:1305 debug : CVideoPlayer::ProcessPacket packet from enhancement layer: size:13142 dts:754.643 pts:754.643 dur:41.700ms
2026-07-04 09:32:29.767 T:1307 debug : CVideoPlayerVideo::OutputPicture - ttd:496ms pts:753.566 Clock:753.070 Level:7
2026-07-04 09:32:29.768 T:1307 debug : CVideoPlayerVideo::OutputPicture - ttd:536ms pts:753.608 Clock:753.071 Level:8
2026-07-04 09:32:29.769 T:1307 debug : CVideoPlayerVideo::OutputPicture - ttd:577ms pts:753.649 Clock:753.072 Level:9
2026-07-04 09:32:29.770 T:1307 debug : CVideoPlayerVideo::OutputPicture - ttd:617ms pts:753.691 Clock:753.073 Level:10
2026-07-04 09:32:29.771 T:1307 debug : CVideoPlayerVideo::OutputPicture - ttd:658ms pts:753.733 Clock:753.074 Level:11
2026-07-04 09:32:29.790 T:1305 debug : CVideoPlayer::ProcessVideoData size:250204 dts:754.685 pts:754.685 dur:41.700ms, clock:753.093 level:0
2026-07-04 09:32:29.811 T:1305 debug : CVideoPlayer::ProcessPacket packet from enhancement layer: size:12908 dts:754.685 pts:754.685 dur:41.700ms
2026-07-04 09:32:29.831 T:1305 debug : CVideoPlayer::ProcessVideoData size:515370 dts:754.726 pts:754.851 dur:41.700ms, clock:753.134 level:0
2026-07-04 09:32:29.831 T:1305 debug : CVideoPlayer::ProcessPacket packet from enhancement layer: size:33839 dts:754.726 pts:754.851 dur:41.700ms
2026-07-04 09:32:29.834 T:1307 debug : CVideoPlayerVideo::OutputPicture - ttd:636ms pts:753.775 Clock:753.138 Level:11
