2026-07-04 09:30:19.318 T:1305 debug : CVideoPlayer::ProcessPacket packet from enhancement layer: size:48072 dts:696.752 pts:696.877 dur:41.700ms
2026-07-04 09:30:19.338 T:1305 debug : CVideoPlayer::ProcessVideoData size:243490 dts:696.793 pts:696.793 dur:41.700ms, clock:690.343 level:100
2026-07-04 09:30:19.348 T:1305 debug : CVideoPlayer::ProcessPacket packet from enhancement layer: size:23273 dts:696.793 pts:696.793 dur:41.700ms
2026-07-04 09:30:19.364 T:1307 debug : CVideoPlayerVideo::OutputPicture - ttd:447ms pts:690.791 Clock:690.343 Level:-1
2026-07-04 09:30:19.364 T:1307 debug : CVideoPlayerVideo - OUTPUT_AGAIN - vfmt, interlace should be checked.
2026-07-04 09:30:19.369 T:1305 debug : CVideoPlayer::ProcessVideoData size:242817 dts:696.835 pts:696.835 dur:41.700ms, clock:690.343 level:100
2026-07-04 09:30:19.389 T:1305 debug : CVideoPlayer::ProcessPacket packet from enhancement layer: size:23288 dts:696.835 pts:696.835 dur:41.700ms
2026-07-04 09:30:19.436 T:1305 debug : CVideoPlayer::ProcessVideoData size:623932 dts:696.877 pts:697.002 dur:41.700ms, clock:690.343 level:100
2026-07-04 09:30:19.437 T:1305 debug : CVideoPlayer::ProcessPacket packet from enhancement layer: size:64013 dts:696.877 pts:697.002 dur:41.700ms
2026-07-04 09:30:19.465 T:1305 debug : CVideoPlayer::ProcessVideoData size:241208 dts:696.919 pts:696.919 dur:41.700ms, clock:690.343 level:100
2026-07-04 09:30:19.465 T:1305 debug : CVideoPlayer::ProcessPacket packet from enhancement layer: size:24166 dts:696.919 pts:696.919 dur:41.700ms
2026-07-04 09:30:19.487 T:1305 debug : CVideoPlayer::ProcessVideoData size:240245 dts:696.960 pts:696.960 dur:41.700ms, clock:690.343 level:100
2026-07-04 09:30:19.526 T:1305 debug : CVideoPlayer::ProcessPacket packet from enhancement layer: size:24161 dts:696.960 pts:696.960 dur:41.700ms
2026-07-04 09:30:19.563 T:1305 debug : CVideoPlayer::ProcessVideoData size:672104 dts:697.002 pts:697.127 dur:41.700ms, clock:690.343 level:100
2026-07-04 09:30:19.594 T:1305 debug : CVideoPlayer::ProcessPacket packet from enhancement layer: size:47003 dts:697.002 pts:697.127 dur:41.700ms
2026-07-04 09:30:19.638 T:1305 debug : CVideoPlayer::ProcessVideoData size:237920 dts:697.044 pts:697.044 dur:41.700ms, clock:690.343 level:100
2026-07-04 09:30:19.639 T:1305 debug : CVideoPlayer::ProcessPacket packet from enhancement layer: size:24771 dts:697.044 pts:697.044 dur:41.700ms
2026-07-04 09:30:19.654 T:1305 debug : CVideoPlayer::ProcessVideoData size:240053 dts:697.085 pts:697.085 dur:41.700ms, clock:690.343 level:100
2026-07-04 09:30:19.688 T:1305 debug : CVideoPlayer::ProcessPacket packet from enhancement layer: size:24286 dts:697.085 pts:697.085 dur:41.700ms
2026-07-04 09:30:19.713 T:1305 debug : CVideoPlayer::ProcessVideoData size:660857 dts:697.127 pts:697.252 dur:41.700ms, clock:690.343 level:100
2026-07-04 09:30:19.714 T:1305 debug : CVideoPlayer::ProcessPacket packet from enhancement layer: size:44589 dts:697.127 pts:697.252 dur:41.700ms
2026-07-04 09:30:19.734 T:1305 debug : CVideoPlayer::ProcessVideoData size:234529 dts:697.169 pts:697.169 dur:41.700ms, clock:690.343 level:100
2026-07-04 09:30:19.744 T:1305 debug : CVideoPlayer::ProcessPacket packet from enhancement layer: size:24579 dts:697.169 pts:697.169 dur:41.700ms
2026-07-04 09:30:19.768 T:1305 debug : CVideoPlayer::ProcessVideoData size:231361 dts:697.210 pts:697.210 dur:41.700ms, clock:690.343 level:100
2026-07-04 09:30:19.850 T:1305 debug : CVideoPlayer::ProcessPacket packet from enhancement layer: size:24303 dts:697.210 pts:697.210 dur:41.700ms
2026-07-04 09:30:19.906 T:1307 debug : CVideoPlayerVideo::OutputPicture - ttd:447ms pts:690.791 Clock:690.343 Level:-1
2026-07-04 09:30:19.906 T:1307 debug : CVideoPlayerVideo - OUTPUT_AGAIN - vfmt, interlace should be checked.
2026-07-04 09:30:19.926 T:1305 debug : CVideoPlayer::ProcessVideoData size:908727 dts:697.252 pts:697.377 dur:41.700ms, clock:690.343 level:100
2026-07-04 09:30:19.927 T:1305 debug : CVideoPlayer::ProcessPacket packet from enhancement layer: size:213686 dts:697.252 pts:697.377 dur:41.700ms
2026-07-04 09:30:19.943 T:1305 debug : CVideoPlayer::ProcessVideoData size:226641 dts:697.294 pts:697.294 dur:41.700ms, clock:690.343 level:100
2026-07-04 09:30:19.943 T:1305 debug : CVideoPlayer::ProcessPacket packet from enhancement layer: size:24061 dts:697.294 pts:697.294 dur:41.700ms
2026-07-04 09:30:19.964 T:1305 debug : CVideoPlayer::ProcessVideoData size:223279 dts:697.336 pts:697.336 dur:41.700ms, clock:690.343 level:100
2026-07-04 09:30:19.994 T:1305 debug : CVideoPlayer::ProcessPacket packet from enhancement layer: size:24225 dts:697.336 pts:697.336 dur:41.700ms
2026-07-04 09:30:20.017 T:1305 debug : CVideoPlayer::ProcessVideoData size:668397 dts:697.377 pts:697.502 dur:41.700ms, clock:690.343 level:100
2026-07-04 09:30:20.017 T:1305 debug : CVideoPlayer::ProcessPacket packet from enhancement layer: size:49974 dts:697.377 pts:697.502 dur:41.700ms
2026-07-04 09:30:20.041 T:1305 debug : CVideoPlayer::ProcessVideoData size:230840 dts:697.419 pts:697.419 dur:41.700ms, clock:690.343 level:100
2026-07-04 09:30:20.056 T:1305 debug : CVideoPlayer::ProcessPacket packet from enhancement layer: size:25088 dts:697.419 pts:697.419 dur:41.700ms
2026-07-04 09:30:20.084 T:1305 debug : CVideoPlayer::ProcessVideoData size:227632 dts:697.461 pts:697.461 dur:41.700ms, clock:690.343 level:100
2026-07-04 09:30:20.333 T:1305 debug : CVideoPlayer::ProcessPacket packet from enhancement layer: size:25519 dts:697.461 pts:697.461 dur:41.700ms
2026-07-04 09:30:20.371 T:1305 debug : CVideoPlayer::ProcessVideoData size:711100 dts:697.502 pts:697.628 dur:41.700ms, clock:690.343 level:100
2026-07-04 09:30:20.372 T:1305 debug : CVideoPlayer::ProcessPacket packet from enhancement layer: size:49545 dts:697.502 pts:697.628 dur:41.700ms
2026-07-04 09:30:20.391 T:1305 debug : CVideoPlayer::ProcessVideoData size:236999 dts:697.544 pts:697.544 dur:41.700ms, clock:690.343 level:100
2026-07-04 09:30:20.407 T:1305 debug : CVideoPlayer::ProcessPacket packet from enhancement layer: size:24641 dts:697.544 pts:697.544 dur:41.700ms
2026-07-04 09:30:20.429 T:1305 debug : CVideoPlayer::ProcessVideoData size:236071 dts:697.586 pts:697.586 dur:41.700ms, clock:690.343 level:100
2026-07-04 09:30:20.448 T:1307 debug : CVideoPlayerVideo::OutputPicture - ttd:447ms pts:690.791 Clock:690.343 Level:-1
2026-07-04 09:30:20.449 T:1307 debug : CVideoPlayerVideo - OUTPUT_AGAIN - vfmt, interlace should be checked.
2026-07-04 09:30:20.464 T:1305 debug : CVideoPlayer::ProcessPacket packet from enhancement layer: size:25407 dts:697.586 pts:697.586 dur:41.700ms
2026-07-04 09:30:20.492 T:1305 debug : CVideoPlayer::ProcessVideoData size:704200 dts:697.628 pts:697.753 dur:41.700ms, clock:690.343 level:100
2026-07-04 09:30:20.493 T:1305 debug : CVideoPlayer::ProcessPacket packet from enhancement layer: size:48475 dts:697.628 pts:697.753 dur:41.700ms
2026-07-04 09:30:20.517 T:1305 debug : CVideoPlayer::ProcessVideoData size:248416 dts:697.669 pts:697.669 dur:41.700ms, clock:690.343 level:100
2026-07-04 09:30:20.529 T:1305 debug : CVideoPlayer::ProcessPacket packet from enhancement layer: size:25422 dts:697.669 pts:697.669 dur:41.700ms
2026-07-04 09:30:20.550 T:1305 debug : CVideoPlayer::ProcessVideoData size:247875 dts:697.711 pts:697.711 dur:41.700ms, clock:690.343 level:100
2026-07-04 09:30:20.592 T:1305 debug : CVideoPlayer::ProcessPacket packet from enhancement layer: size:24768 dts:697.711 pts:697.711 dur:41.700ms
2026-07-04 09:30:20.618 T:1305 debug : CVideoPlayer::ProcessVideoData size:702557 dts:697.753 pts:697.878 dur:41.700ms, clock:690.343 level:100
2026-07-04 09:30:20.619 T:1305 debug : CVideoPlayer::ProcessPacket packet from enhancement layer: size:47998 dts:697.753 pts:697.878 dur:41.700ms
2026-07-04 09:30:20.660 T:1305 debug : CVideoPlayer::ProcessVideoData size:255267 dts:697.794 pts:697.794 dur:41.700ms, clock:690.343 level:100
2026-07-04 09:30:20.660 T:1305 debug : CVideoPlayer::ProcessPacket packet from enhancement layer: size:24828 dts:697.794 pts:697.794 dur:41.700ms
2026-07-04 09:30:20.718 T:1305 debug : CVideoPlayer::ProcessVideoData size:249248 dts:697.836 pts:697.836 dur:41.700ms, clock:690.343 level:100
2026-07-04 09:30:20.757 T:1305 debug : CVideoPlayer::ProcessPacket packet from enhancement layer: size:24600 dts:697.836 pts:697.836 dur:41.700ms
2026-07-04 09:30:20.779 T:1305 debug : CVideoPlayer::ProcessVideoData size:681675 dts:697.878 pts:698.003 dur:41.700ms, clock:690.343 level:100
2026-07-04 09:30:20.780 T:1305 debug : CVideoPlayer::ProcessPacket packet from enhancement layer: size:46565 dts:697.878 pts:698.003 dur:41.700ms
2026-07-04 09:30:20.800 T:1305 debug : CVideoPlayer::ProcessVideoData size:242550 dts:697.920 pts:697.920 dur:41.700ms, clock:690.343 level:100
2026-07-04 09:30:20.823 T:1305 debug : CVideoPlayer::ProcessPacket packet from enhancement layer: size:24940 dts:697.920 pts:697.920 dur:41.700ms
2026-07-04 09:30:20.848 T:1305 debug : CVideoPlayer::ProcessVideoData size:237534 dts:697.961 pts:697.961 dur:41.700ms, clock:690.343 level:100
2026-07-04 09:30:20.941 T:1305 debug : CVideoPlayer::ProcessPacket packet from enhancement layer: size:25132 dts:697.961 pts:697.961 dur:41.700ms
2026-07-04 09:30:20.990 T:1307 debug : CVideoPlayerVideo::OutputPicture - ttd:447ms pts:690.791 Clock:690.343 Level:-1
2026-07-04 09:30:20.991 T:1307 debug : CVideoPlayerVideo - OUTPUT_AGAIN - vfmt, interlace should be checked.
2026-07-04 09:30:21.016 T:1305 debug : CVideoPlayer::ProcessVideoData size:661495 dts:698.003 pts:698.128 dur:41.700ms, clock:690.343 level:100
2026-07-04 09:30:21.017 T:1305 debug : CVideoPlayer::ProcessPacket packet from enhancement layer: size:45784 dts:698.003 pts:698.128 dur:41.700ms
2026-07-04 09:30:21.107 T:1305 debug : CVideoPlayer::ProcessVideoData size:248792 dts:698.045 pts:698.045 dur:41.700ms, clock:690.343 level:100
2026-07-04 09:30:21.107 T:1305 debug : CVideoPlayer::ProcessPacket packet from enhancement layer: size:25346 dts:698.045 pts:698.045 dur:41.700ms
2026-07-04 09:30:21.164 T:937 debug : TEMP: [framecount] video=3120 ctrls=3120 subs=947 skip-gui=321 skip-any=321
2026-07-04 09:30:21.377 T:1305 debug : CVideoPlayer::ProcessVideoData size:246961 dts:698.086 pts:698.086 dur:41.700ms, clock:690.343 level:100
2026-07-04 09:30:21.440 T:1305 debug : CVideoPlayer::ProcessPacket packet from enhancement layer: size:24570 dts:698.086 pts:698.086 dur:41.700ms
2026-07-04 09:30:21.462 T:1305 debug : CVideoPlayer::ProcessVideoData size:903442 dts:698.128 pts:698.253 dur:41.700ms, clock:690.343 level:100
2026-07-04 09:30:21.464 T:1305 debug : CVideoPlayer::ProcessPacket packet from enhancement layer: size:208777 dts:698.128 pts:698.253 dur:41.700ms
2026-07-04 09:30:21.489 T:1305 debug : CVideoPlayer::ProcessVideoData size:232647 dts:698.170 pts:698.170 dur:41.700ms, clock:690.343 level:100
2026-07-04 09:30:21.516 T:1305 debug : CVideoPlayer::ProcessPacket packet from enhancement layer: size:24185 dts:698.170 pts:698.170 dur:41.700ms
2026-07-04 09:30:21.532 T:1307 debug : CVideoPlayerVideo::OutputPicture - ttd:447ms pts:690.791 Clock:690.343 Level:-1
2026-07-04 09:30:21.533 T:1307 debug : CVideoPlayerVideo - OUTPUT_AGAIN - vfmt, interlace should be checked.
2026-07-04 09:30:21.538 T:1305 debug : CVideoPlayer::ProcessVideoData size:231459 dts:698.211 pts:698.211 dur:41.700ms, clock:690.343 level:100
2026-07-04 09:30:21.570 T:1305 debug : CVideoPlayer::ProcessPacket packet from enhancement layer: size:27514 dts:698.211 pts:698.211 dur:41.700ms
2026-07-04 09:30:21.604 T:1305 debug : CVideoPlayer::ProcessVideoData size:643383 dts:698.253 pts:698.378 dur:41.700ms, clock:690.343 level:100
2026-07-04 09:30:21.605 T:1305 debug : CVideoPlayer::ProcessPacket packet from enhancement layer: size:48712 dts:698.253 pts:698.378 dur:41.700ms
2026-07-04 09:30:21.628 T:1305 debug : CVideoPlayer::ProcessVideoData size:226224 dts:698.295 pts:698.295 dur:41.700ms, clock:690.343 level:100
2026-07-04 09:30:21.629 T:1305 debug : CVideoPlayer::ProcessPacket packet from enhancement layer: size:25210 dts:698.295 pts:698.295 dur:41.700ms
2026-07-04 09:30:21.642 T:1305 debug : CVideoPlayer::ProcessVideoData size:224442 dts:698.337 pts:698.337 dur:41.700ms, clock:690.343 level:100
2026-07-04 09:30:21.677 T:1305 debug : CVideoPlayer::ProcessPacket packet from enhancement layer: size:25388 dts:698.337 pts:698.337 dur:41.700ms
2026-07-04 09:30:21.724 T:1305 debug : CVideoPlayer::ProcessVideoData size:680787 dts:698.378 pts:698.503 dur:41.700ms, clock:690.343 level:100
2026-07-04 09:30:21.724 T:1305 debug : CVideoPlayer::ProcessPacket packet from enhancement layer: size:50791 dts:698.378 pts:698.503 dur:41.700ms
2026-07-04 09:30:21.800 T:1305 debug : CVideoPlayer::ProcessVideoData size:225036 dts:698.420 pts:698.420 dur:41.700ms, clock:690.343 level:100
2026-07-04 09:30:21.800 T:1305 debug : CDVDClock::SetSpeedAdjust - adjusted:0.000000
2026-07-04 09:30:21.800 T:1308 debug : CDVDAudio::Pause - pausing audio stream
2026-07-04 09:30:21.800 T:1305 debug : CDVDClock::SetSpeedAdjust - adjusted:0.000000
2026-07-04 09:30:21.800 T:1308 debug : CDVDAudio::Resume - resume audio stream
2026-07-04 09:30:21.801 T:974 debug : ActiveAE - start sync of audio stream
2026-07-04 09:30:21.811 T:1305 debug : CDVDClock::SetSpeedAdjust - adjusted:0.000000
2026-07-04 09:30:21.882 T:1305 debug : CVideoPlayer::ProcessPacket packet from enhancement layer: size:25150 dts:698.420 pts:698.420 dur:41.700ms
2026-07-04 09:30:21.906 T:1305 debug : CVideoPlayer::ProcessVideoData size:229352 dts:698.462 pts:698.462 dur:41.700ms, clock:690.449 level:100
2026-07-04 09:30:21.908 T:1307 debug : CVideoPlayerVideo::OutputPicture - ttd:447ms pts:690.791 Clock:690.343 Level:14
2026-07-04 09:30:21.908 T:1307 debug : CVideoPlayerVideo - OUTPUT_AGAIN - vfmt, interlace should be checked.
2026-07-04 09:30:21.908 T:1307 debug : CAMLCodec::SetSpeed, speed(1000)
2026-07-04 09:30:21.908 T:1307 debug : CVideoPlayerVideo - CDVDMsg::DEMUXER_PACKET - checking interlace vfmt: null
2026-07-04 09:30:21.933 T:1307 debug : Skipped 2 duplicate messages..
2026-07-04 09:30:21.933 T:1307 debug : CVideoPlayerVideo::OutputPicture - ttd:356ms pts:690.833 Clock:690.476 Level:14
2026-07-04 09:30:21.942 T:974 debug : ActiveAE::SyncStream - average error of 206.775622, start adjusting
2026-07-04 09:30:21.943 T:974 debug : ActiveAE::SyncStream - average error 26.775622, last average error: 206.775622
2026-07-04 09:30:21.962 T:1307 debug : CVideoPlayerVideo::OutputPicture - ttd:396ms pts:690.874 Clock:690.478 Level:14
2026-07-04 09:30:21.969 T:1307 debug : CVideoPlayerVideo - CDVDMsg::DEMUXER_PACKET - checking interlace vfmt: null
2026-07-04 09:30:22.070 T:974 debug : ActiveAE::SyncStream - average error of 118.905542, start adjusting
2026-07-04 09:30:22.071 T:974 debug : ActiveAE::SyncStream - average error 18.905542 below threshold of 30.000000
2026-07-04 09:30:22.157 T:1305 debug : CVideoPlayer::ProcessPacket packet from enhancement layer: size:25121 dts:698.462 pts:698.462 dur:41.700ms
2026-07-04 09:30:22.158 T:1307 debug : CVideoPlayerVideo::OutputPicture - ttd:398ms pts:690.916 Clock:690.518 Level:14
2026-07-04 09:30:22.168 T:1307 debug : CVideoPlayerVideo::OutputPicture - ttd:248ms pts:690.958 Clock:690.709 Level:14
2026-07-04 09:30:22.202 T:937 debug : ------ Window Deinit (DialogSeekBar.xml) ------
2026-07-04 09:30:22.208 T:1307 debug : CVideoPlayerVideo::OutputPicture - ttd:287ms pts:691.000 Clock:690.712 Level:14
2026-07-04 09:30:22.249 T:1307 debug : CVideoPlayerVideo::OutputPicture - ttd:288ms pts:691.041 Clock:690.753 Level:14
2026-07-04 09:30:22.290 T:1307 debug : CVideoPlayerVideo::OutputPicture - ttd:289ms pts:691.083 Clock:690.793 Level:14
2026-07-04 09:30:22.326 T:1307 debug : CVideoPlayerVideo::OutputPicture - ttd:289ms pts:691.125 Clock:690.835 Level:14
2026-07-04 09:30:22.368 T:1307 debug : CVideoPlayerVideo::OutputPicture - ttd:296ms pts:691.166 Clock:690.870 Level:14
2026-07-04 09:30:22.389 T:1305 debug : CVideoPlayer::ProcessVideoData size:722367 dts:698.503 pts:698.629 dur:41.700ms, clock:690.933 level:100
2026-07-04 09:30:22.407 T:1305 debug : CVideoPlayer::ProcessPacket packet from enhancement layer: size:48532 dts:698.503 pts:698.629 dur:41.700ms
2026-07-04 09:30:22.410 T:1307 debug : CVideoPlayerVideo::OutputPicture - ttd:296ms pts:691.208 Clock:690.912 Level:14
2026-07-04 09:30:22.428 T:1305 debug : CVideoPlayer::ProcessVideoData size:237135 dts:698.545 pts:698.545 dur:41.700ms, clock:690.971 level:100
2026-07-04 09:30:22.429 T:1305 debug : CVideoPlayer::ProcessPacket packet from enhancement layer: size:24356 dts:698.545 pts:698.545 dur:41.700ms
2026-07-04 09:30:22.449 T:1305 debug : CVideoPlayer::ProcessVideoData size:234972 dts:698.587 pts:698.587 dur:41.700ms, clock:690.992 level:100
2026-07-04 09:30:22.458 T:1307 debug : CVideoPlayerVideo::OutputPicture - ttd:295ms pts:691.250 Clock:690.954 Level:14
2026-07-04 09:30:22.492 T:1305 debug : CVideoPlayer::ProcessPacket packet from enhancement layer: size:24298 dts:698.587 pts:698.587 dur:41.700ms
2026-07-04 09:30:22.500 T:1307 debug : CVideoPlayerVideo::OutputPicture - ttd:288ms pts:691.292 Clock:691.003 Level:14
2026-07-04 09:30:22.527 T:1305 debug : CVideoPlayer::ProcessVideoData size:729123 dts:698.629 pts:698.754 dur:41.700ms, clock:691.070 level:100
2026-07-04 09:30:22.549 T:1305 debug : CVideoPlayer::ProcessPacket packet from enhancement layer: size:46266 dts:698.629 pts:698.754 dur:41.700ms
2026-07-04 09:30:22.575 T:1305 debug : CVideoPlayer::ProcessVideoData size:234920 dts:698.670 pts:698.670 dur:41.700ms, clock:691.118 level:100
2026-07-04 09:30:22.576 T:1305 debug : CVideoPlayer::ProcessPacket packet from enhancement layer: size:24355 dts:698.670 pts:698.670 dur:41.700ms
2026-07-04 09:30:22.606 T:1305 debug : CVideoPlayer::ProcessVideoData size:239427 dts:698.712 pts:698.712 dur:41.700ms, clock:691.149 level:100
2026-07-04 09:30:22.632 T:1307 debug : CVideoPlayerVideo::OutputPicture - ttd:158ms pts:691.333 Clock:691.175 Level:0
2026-07-04 09:30:22.647 T:1307 debug : CVideoPlayerVideo::OutputPicture - ttd:185ms pts:691.375 Clock:691.190 Level:0
2026-07-04 09:30:22.665 T:1305 debug : CVideoPlayer::ProcessPacket packet from enhancement layer: size:23843 dts:698.712 pts:698.712 dur:41.700ms
2026-07-04 09:30:22.666 T:1307 debug : CVideoPlayerVideo::OutputPicture - ttd:206ms pts:691.417 Clock:691.210 Level:1
2026-07-04 09:30:22.680 T:1307 debug : CVideoPlayerVideo::OutputPicture - ttd:235ms pts:691.458 Clock:691.223 Level:0
2026-07-04 09:30:22.692 T:1307 debug : CVideoPlayerVideo::OutputPicture - ttd:265ms pts:691.500 Clock:691.235 Level:1
2026-07-04 09:30:22.699 T:1305 debug : CVideoPlayer::ProcessVideoData size:739847 dts:698.754 pts:698.879 dur:41.700ms, clock:691.242 level:100
2026-07-04 09:30:22.714 T:1307 debug : CVideoPlayerVideo::OutputPicture - ttd:284ms pts:691.542 Clock:691.258 Level:2
2026-07-04 09:30:22.724 T:1307 debug : CVideoPlayerVideo::OutputPicture - ttd:315ms pts:691.583 Clock:691.268 Level:2
2026-07-04 09:30:22.730 T:1305 debug : CVideoPlayer::ProcessPacket packet from enhancement layer: size:46352 dts:698.754 pts:698.879 dur:41.700ms
2026-07-04 09:30:22.738 T:1307 debug : CVideoPlayerVideo::OutputPicture - ttd:344ms pts:691.625 Clock:691.281 Level:3
2026-07-04 09:30:22.763 T:1307 debug : CVideoPlayerVideo::OutputPicture - ttd:360ms pts:691.667 Clock:691.307 Level:3
2026-07-04 09:30:22.769 T:1305 debug : CVideoPlayer::ProcessVideoData size:237475 dts:698.795 pts:698.795 dur:41.700ms, clock:691.313 level:100
2026-07-04 09:30:22.770 T:1305 debug : CVideoPlayer::ProcessPacket packet from enhancement layer: size:25637 dts:698.795 pts:698.795 dur:41.700ms
2026-07-04 09:30:22.776 T:1307 debug : CVideoPlayerVideo::OutputPicture - ttd:389ms pts:691.709 Clock:691.319 Level:4
2026-07-04 09:30:22.792 T:1307 debug : CVideoPlayerVideo::OutputPicture - ttd:415ms pts:691.750 Clock:691.335 Level:5
2026-07-04 09:30:22.806 T:1305 debug : CVideoPlayer::ProcessVideoData size:237938 dts:698.837 pts:698.837 dur:41.700ms, clock:691.349 level:100
2026-07-04 09:30:22.812 T:1307 debug : CVideoPlayerVideo::OutputPicture - ttd:436ms pts:691.792 Clock:691.355 Level:5
2026-07-04 09:30:22.826 T:1307 debug : CVideoPlayerVideo::OutputPicture - ttd:464ms pts:691.834 Clock:691.369 Level:6
2026-07-04 09:30:22.839 T:1307 debug : CVideoPlayerVideo::OutputPicture - ttd:493ms pts:691.875 Clock:691.382 Level:7
2026-07-04 09:30:22.858 T:1307 debug : CVideoPlayerVideo::OutputPicture - ttd:515ms pts:691.917 Clock:691.401 Level:7
2026-07-04 09:30:22.870 T:1307 debug : CVideoPlayerVideo::OutputPicture - ttd:545ms pts:691.959 Clock:691.414 Level:8
2026-07-04 09:30:22.883 T:1307 debug : CVideoPlayerVideo::OutputPicture - ttd:574ms pts:692.001 Clock:691.426 Level:8
2026-07-04 09:30:22.904 T:1307 debug : CVideoPlayerVideo::OutputPicture - ttd:595ms pts:692.042 Clock:691.447 Level:9
2026-07-04 09:30:22.917 T:1307 debug : CVideoPlayerVideo::OutputPicture - ttd:623ms pts:692.084 Clock:691.461 Level:10
2026-07-04 09:30:22.927 T:1307 debug : CVideoPlayerVideo::OutputPicture - ttd:655ms pts:692.126 Clock:691.470 Level:10
2026-07-04 09:30:22.948 T:1307 debug : CVideoPlayerVideo::OutputPicture - ttd:675ms pts:692.167 Clock:691.492 Level:11
2026-07-04 09:30:22.968 T:1307 debug : CVideoPlayerVideo::OutputPicture - ttd:697ms pts:692.209 Clock:691.511 Level:11
2026-07-04 09:30:23.008 T:1307 debug : CVideoPlayerVideo::OutputPicture - ttd:699ms pts:692.251 Clock:691.551 Level:11
2026-07-04 09:30:23.057 T:1307 debug : CVideoPlayerVideo::OutputPicture - ttd:691ms pts:692.293 Clock:691.601 Level:11
2026-07-04 09:30:23.091 T:1307 debug : CVideoPlayerVideo::OutputPicture - ttd:699ms pts:692.334 Clock:691.635 Level:11
2026-07-04 09:30:23.095 T:1308 debug : CDVDClock::ErrorAdjust - CVideoPlayerAudio::OutputPacket - error:74178.893602, adjusted:41708.333333
2026-07-04 09:30:23.132 T:1307 debug : CVideoPlayerVideo::OutputPicture - ttd:659ms pts:692.376 Clock:691.717 Level:10
2026-07-04 09:30:23.182 T:1307 debug : CVideoPlayerVideo::OutputPicture - ttd:650ms pts:692.418 Clock:691.767 Level:10
2026-07-04 09:30:23.192 T:1307 debug : CVideoPlayerVideo::OutputPicture - ttd:682ms pts:692.459 Clock:691.777 Level:11
2026-07-04 09:30:23.215 T:1307 debug : CVideoPlayerVideo::OutputPicture - ttd:701ms pts:692.501 Clock:691.800 Level:11
2026-07-04 09:30:23.267 T:1307 debug : CVideoPlayerVideo::OutputPicture - ttd:690ms pts:692.543 Clock:691.852 Level:11
2026-07-04 09:30:23.301 T:1307 debug : CVideoPlayerVideo::OutputPicture - ttd:698ms pts:692.585 Clock:691.886 Level:11
2026-07-04 09:30:23.341 T:1307 debug : CVideoPlayerVideo::OutputPicture - ttd:699ms pts:692.626 Clock:691.926 Level:11
2026-07-04 09:30:23.388 T:1307 debug : CVideoPlayerVideo::OutputPicture - ttd:694ms pts:692.668 Clock:691.973 Level:11
2026-07-04 09:30:23.425 T:1307 debug : CVideoPlayerVideo::OutputPicture - ttd:699ms pts:692.710 Clock:692.010 Level:11
2026-07-04 09:30:23.466 T:1307 debug : CVideoPlayerVideo::OutputPicture - ttd:700ms pts:692.751 Clock:692.051 Level:11
2026-07-04 09:30:23.514 T:1307 debug : CVideoPlayerVideo::OutputPicture - ttd:694ms pts:692.793 Clock:692.099 Level:11
2026-07-04 09:30:23.550 T:1307 debug : CVideoPlayerVideo::OutputPicture - ttd:699ms pts:692.835 Clock:692.135 Level:11
2026-07-04 09:30:23.592 T:1307 debug : CVideoPlayerVideo::OutputPicture - ttd:699ms pts:692.877 Clock:692.177 Level:11
2026-07-04 09:30:23.638 T:1307 debug : CVideoPlayerVideo::OutputPicture - ttd:694ms pts:692.918 Clock:692.223 Level:11
2026-07-04 09:30:23.677 T:1307 debug : CVideoPlayerVideo::OutputPicture - ttd:697ms pts:692.960 Clock:692.262 Level:11
2026-07-04 09:30:23.715 T:1307 debug : CVideoPlayerVideo::OutputPicture - ttd:701ms pts:693.002 Clock:692.300 Level:12
2026-07-04 09:30:23.766 T:1307 debug : CVideoPlayerVideo::OutputPicture - ttd:691ms pts:693.043 Clock:692.352 Level:11
2026-07-04 09:30:23.800 T:1307 debug : CVideoPlayerVideo::OutputPicture - ttd:699ms pts:693.085 Clock:692.385 Level:12
2026-07-04 09:30:23.840 T:1307 debug : CVideoPlayerVideo::OutputPicture - ttd:701ms pts:693.127 Clock:692.425 Level:11
2026-07-04 09:30:23.890 T:1307 debug : CVideoPlayerVideo::OutputPicture - ttd:693ms pts:693.168 Clock:692.475 Level:11
2026-07-04 09:30:23.924 T:1307 debug : CVideoPlayerVideo::OutputPicture - ttd:701ms pts:693.210 Clock:692.509 Level:11
2026-07-04 09:30:23.968 T:1307 debug : CVideoPlayerVideo::OutputPicture - ttd:698ms pts:693.252 Clock:692.553 Level:11
2026-07-04 09:30:24.016 T:1307 debug : CVideoPlayerVideo::OutputPicture - ttd:692ms pts:693.294 Clock:692.601 Level:11
2026-07-04 09:30:24.050 T:1305 debug : CVideoPlayer::ProcessVideoData size:720349 dts:698.879 pts:699.004 dur:41.700ms, clock:692.635 level:100
2026-07-04 09:30:24.051 T:1307 debug : CVideoPlayerVideo::OutputPicture - ttd:699ms pts:693.335 Clock:692.636 Level:11
2026-07-04 09:30:24.070 T:1305 debug : CVideoPlayer::ProcessPacket packet from enhancement layer: size:23452 dts:698.837 pts:698.837 dur:41.700ms
2026-07-04 09:30:24.070 T:1305 debug : CVideoPlayer::ProcessPacket packet from enhancement layer: size:73995 dts:698.879 pts:699.004 dur:41.700ms
2026-07-04 09:30:24.094 T:1307 debug : CVideoPlayerVideo::OutputPicture - ttd:697ms pts:693.377 Clock:692.680 Level:11
2026-07-04 09:30:24.108 T:1305 debug : CVideoPlayer::ProcessVideoData size:246477 dts:698.921 pts:698.921 dur:41.700ms, clock:692.694 level:100
2026-07-04 09:30:24.109 T:1305 debug : CVideoPlayer::ProcessPacket packet from enhancement layer: size:23679 dts:698.921 pts:698.921 dur:41.700ms
2026-07-04 09:30:24.119 T:1308 debug : CDVDClock::ErrorAdjust - CVideoPlayerAudio::OutputPacket - error:57176.581662, adjusted:41708.333333
2026-07-04 09:30:24.131 T:1305 debug : CVideoPlayer::ProcessVideoData size:241505 dts:698.962 pts:698.962 dur:41.700ms, clock:692.758 level:100
2026-07-04 09:30:24.147 T:1307 debug : CVideoPlayerVideo::OutputPicture - ttd:644ms pts:693.419 Clock:692.774 Level:10
2026-07-04 09:30:24.178 T:1307 debug : CVideoPlayerVideo::OutputPicture - ttd:655ms pts:693.460 Clock:692.805 Level:10
2026-07-04 09:30:24.191 T:1307 debug : CVideoPlayerVideo::OutputPicture - ttd:684ms pts:693.502 Clock:692.818 Level:11
2026-07-04 09:30:24.223 T:1307 debug : CVideoPlayerVideo::OutputPicture - ttd:693ms pts:693.544 Clock:692.850 Level:11
2026-07-04 09:30:24.258 T:1307 debug : CVideoPlayerVideo::OutputPicture - ttd:700ms pts:693.586 Clock:692.885 Level:11
2026-07-04 09:30:24.299 T:1307 debug : CVideoPlayerVideo::OutputPicture - ttd:700ms pts:693.627 Clock:692.927 Level:12
2026-07-04 09:30:24.319 T:1305 debug : CVideoPlayer::ProcessPacket packet from enhancement layer: size:23609 dts:698.962 pts:698.962 dur:41.700ms
2026-07-04 09:30:24.347 T:1307 debug : CVideoPlayerVideo::OutputPicture - ttd:694ms pts:693.669 Clock:692.975 Level:11
2026-07-04 09:30:24.357 T:1305 debug : CVideoPlayer::ProcessVideoData size:982853 dts:699.004 pts:699.129 dur:41.700ms, clock:692.984 level:100
2026-07-04 09:30:24.358 T:1305 debug : CVideoPlayer::ProcessPacket packet from enhancement layer: size:212504 dts:699.004 pts:699.129 dur:41.700ms
2026-07-04 09:30:24.385 T:1307 debug : CVideoPlayerVideo::OutputPicture - ttd:698ms pts:693.711 Clock:693.013 Level:11
2026-07-04 09:30:24.401 T:1305 debug : CVideoPlayer::ProcessVideoData size:250500 dts:699.046 pts:699.046 dur:41.700ms, clock:693.028 level:100
2026-07-04 09:30:24.402 T:1305 debug : CVideoPlayer::ProcessPacket packet from enhancement layer: size:23330 dts:699.046 pts:699.046 dur:41.700ms
2026-07-04 09:30:24.427 T:1307 debug : CVideoPlayerVideo::OutputPicture - ttd:697ms pts:693.752 Clock:693.055 Level:11
2026-07-04 09:30:24.439 T:1305 debug : CVideoPlayer::ProcessVideoData size:252941 dts:699.087 pts:699.087 dur:41.700ms, clock:693.066 level:100
2026-07-04 09:30:24.474 T:1307 debug : CVideoPlayerVideo::OutputPicture - ttd:693ms pts:693.794 Clock:693.101 Level:11
2026-07-04 09:30:24.489 T:1305 debug : CVideoPlayer::ProcessPacket packet from enhancement layer: size:23187 dts:699.087 pts:699.087 dur:41.700ms
2026-07-04 09:30:24.509 T:1307 debug : CVideoPlayerVideo::OutputPicture - ttd:699ms pts:693.836 Clock:693.136 Level:12
2026-07-04 09:30:24.511 T:1305 debug : CVideoPlayer::ProcessVideoData size:689868 dts:699.129 pts:699.254 dur:41.700ms, clock:693.139 level:100
2026-07-04 09:30:24.512 T:1305 debug : CVideoPlayer::ProcessPacket packet from enhancement layer: size:49254 dts:699.129 pts:699.254 dur:41.700ms
2026-07-04 09:30:24.535 T:1305 debug : CVideoPlayer::ProcessVideoData size:234323 dts:699.171 pts:699.171 dur:41.700ms, clock:693.162 level:100
2026-07-04 09:30:24.552 T:1307 debug : CVideoPlayerVideo::OutputPicture - ttd:698ms pts:693.878 Clock:693.179 Level:11
2026-07-04 09:30:24.598 T:1307 debug : CVideoPlayerVideo::OutputPicture - ttd:694ms pts:693.919 Clock:693.225 Level:11
2026-07-04 09:30:24.609 T:1305 debug : CVideoPlayer::ProcessPacket packet from enhancement layer: size:23981 dts:699.171 pts:699.171 dur:41.700ms
2026-07-04 09:30:24.634 T:1307 debug : CVideoPlayerVideo::OutputPicture - ttd:700ms pts:693.961 Clock:693.261 Level:11
2026-07-04 09:30:24.639 T:1305 debug : CVideoPlayer::ProcessVideoData size:233561 dts:699.212 pts:699.212 dur:41.700ms, clock:693.266 level:100
2026-07-04 09:30:24.675 T:1307 debug : CVideoPlayerVideo::OutputPicture - ttd:700ms pts:694.003 Clock:693.303 Level:11
2026-07-04 09:30:24.724 T:1307 debug : CVideoPlayerVideo::OutputPicture - ttd:693ms pts:694.044 Clock:693.351 Level:11
2026-07-04 09:30:24.759 T:1307 debug : CVideoPlayerVideo::OutputPicture - ttd:700ms pts:694.086 Clock:693.386 Level:11
2026-07-04 09:30:24.799 T:1307 debug : CVideoPlayerVideo::OutputPicture - ttd:701ms pts:694.128 Clock:693.426 Level:12
2026-07-04 09:30:24.850 T:1307 debug : CVideoPlayerVideo::OutputPicture - ttd:692ms pts:694.170 Clock:693.477 Level:11
2026-07-04 09:30:24.884 T:1307 debug : CVideoPlayerVideo::OutputPicture - ttd:699ms pts:694.211 Clock:693.511 Level:11
2026-07-04 09:30:24.925 T:1307 debug : CVideoPlayerVideo::OutputPicture - ttd:700ms pts:694.253 Clock:693.553 Level:11
2026-07-04 09:30:24.978 T:1307 debug : CVideoPlayerVideo::OutputPicture - ttd:689ms pts:694.295 Clock:693.605 Level:11
2026-07-04 09:30:25.008 T:1305 debug : CVideoPlayer::ProcessPacket packet from enhancement layer: size:24248 dts:699.212 pts:699.212 dur:41.700ms
2026-07-04 09:30:25.011 T:1307 debug : CVideoPlayerVideo::OutputPicture - ttd:698ms pts:694.336 Clock:693.638 Level:11
2026-07-04 09:30:25.052 T:1307 debug : CVideoPlayerVideo::OutputPicture - ttd:699ms pts:694.378 Clock:693.679 Level:11
2026-07-04 09:30:25.100 T:1307 debug : CVideoPlayerVideo::OutputPicture - ttd:692ms pts:694.420 Clock:693.727 Level:11
2026-07-04 09:30:25.133 T:1307 debug : CVideoPlayerVideo::OutputPicture - ttd:701ms pts:694.462 Clock:693.760 Level:11
2026-07-04 09:30:25.156 T:1305 debug : CVideoPlayer::ProcessVideoData size:685418 dts:699.254 pts:699.379 dur:41.700ms, clock:693.784 level:100
2026-07-04 09:30:25.157 T:1305 debug : CVideoPlayer::ProcessPacket packet from enhancement layer: size:47957 dts:699.254 pts:699.379 dur:41.700ms
2026-07-04 09:30:25.173 T:1307 debug : CVideoPlayerVideo::OutputPicture - ttd:702ms pts:694.503 Clock:693.801 Level:11
2026-07-04 09:30:25.208 T:1305 debug : CVideoPlayer::ProcessVideoData size:235584 dts:699.296 pts:699.296 dur:41.700ms, clock:693.835 level:100
2026-07-04 09:30:25.208 T:1305 debug : CVideoPlayer::ProcessPacket packet from enhancement layer: size:24205 dts:699.296 pts:699.296 dur:41.700ms
2026-07-04 09:30:25.225 T:1307 debug : CVideoPlayerVideo::OutputPicture - ttd:692ms pts:694.545 Clock:693.852 Level:11
2026-07-04 09:30:25.258 T:1307 debug : CVideoPlayerVideo::OutputPicture - ttd:701ms pts:694.587 Clock:693.885 Level:11
2026-07-04 09:30:25.297 T:1305 debug : CVideoPlayer::ProcessVideoData size:237856 dts:699.338 pts:699.338 dur:41.700ms, clock:693.924 level:100
2026-07-04 09:30:25.298 T:1307 debug : CVideoPlayerVideo::OutputPicture - ttd:702ms pts:694.628 Clock:693.926 Level:12
2026-07-04 09:30:25.350 T:1307 debug : CVideoPlayerVideo::OutputPicture - ttd:692ms pts:694.670 Clock:693.977 Level:11
2026-07-04 09:30:25.365 T:1305 debug : CVideoPlayer::ProcessPacket packet from enhancement layer: size:24358 dts:699.338 pts:699.338 dur:41.700ms
2026-07-04 09:30:25.385 T:1307 debug : CVideoPlayerVideo::OutputPicture - ttd:698ms pts:694.712 Clock:694.013 Level:11
2026-07-04 09:30:25.419 T:1305 debug : CVideoPlayer::ProcessVideoData size:672508 dts:699.379 pts:699.504 dur:41.700ms, clock:694.047 level:100
2026-07-04 09:30:25.420 T:1305 debug : CVideoPlayer::ProcessPacket packet from enhancement layer: size:46312 dts:699.379 pts:699.504 dur:41.700ms
2026-07-04 09:30:25.427 T:1307 debug : CVideoPlayerVideo::OutputPicture - ttd:699ms pts:694.754 Clock:694.054 Level:11
2026-07-04 09:30:25.474 T:1307 debug : CVideoPlayerVideo::OutputPicture - ttd:693ms pts:694.795 Clock:694.101 Level:11
2026-07-04 09:30:25.507 T:1305 debug : CVideoPlayer::ProcessVideoData size:236647 dts:699.421 pts:699.421 dur:41.700ms, clock:694.134 level:100
2026-07-04 09:30:25.507 T:1305 debug : CVideoPlayer::ProcessPacket packet from enhancement layer: size:23946 dts:699.421 pts:699.421 dur:41.700ms
2026-07-04 09:30:25.511 T:1307 debug : CVideoPlayerVideo::OutputPicture - ttd:698ms pts:694.837 Clock:694.139 Level:11
2026-07-04 09:30:25.552 T:1307 debug : CVideoPlayerVideo::OutputPicture - ttd:699ms pts:694.879 Clock:694.179 Level:11
2026-07-04 09:30:25.558 T:1305 debug : CVideoPlayer::ProcessVideoData size:236186 dts:699.463 pts:699.463 dur:41.700ms, clock:694.186 level:100
2026-07-04 09:30:25.600 T:1307 debug : CVideoPlayerVideo::OutputPicture - ttd:693ms pts:694.920 Clock:694.227 Level:11
2026-07-04 09:30:25.603 T:1305 debug : CVideoPlayer::ProcessPacket packet from enhancement layer: size:23927 dts:699.463 pts:699.463 dur:41.700ms
2026-07-04 09:30:25.626 T:1305 debug : CVideoPlayer::ProcessVideoData size:685589 dts:699.504 pts:699.630 dur:41.700ms, clock:694.253 level:100
2026-07-04 09:30:25.635 T:1307 debug : CVideoPlayerVideo::OutputPicture - ttd:699ms pts:694.962 Clock:694.262 Level:11
2026-07-04 09:30:25.661 T:1305 debug : CVideoPlayer::ProcessPacket packet from enhancement layer: size:46085 dts:699.504 pts:699.630 dur:41.700ms
2026-07-04 09:30:25.679 T:1307 debug : CVideoPlayerVideo::OutputPicture - ttd:697ms pts:695.004 Clock:694.306 Level:11
2026-07-04 09:30:25.709 T:1305 debug : CVideoPlayer::ProcessVideoData size:250684 dts:699.546 pts:699.546 dur:41.700ms, clock:694.336 level:100
2026-07-04 09:30:25.709 T:1305 debug : CVideoPlayer::ProcessPacket packet from enhancement layer: size:24729 dts:699.546 pts:699.546 dur:41.700ms
2026-07-04 09:30:25.725 T:1307 debug : CVideoPlayerVideo::OutputPicture - ttd:693ms pts:695.045 Clock:694.352 Level:11
2026-07-04 09:30:25.749 T:1305 debug : CVideoPlayer::ProcessVideoData size:244013 dts:699.588 pts:699.588 dur:41.700ms, clock:694.377 level:100
2026-07-04 09:30:25.758 T:1307 debug : CVideoPlayerVideo::OutputPicture - ttd:701ms pts:695.087 Clock:694.386 Level:11
2026-07-04 09:30:25.802 T:1307 debug : CVideoPlayerVideo::OutputPicture - ttd:699ms pts:695.129 Clock:694.429 Level:11
2026-07-04 09:30:25.808 T:1305 debug : CVideoPlayer::ProcessPacket packet from enhancement layer: size:24469 dts:699.588 pts:699.588 dur:41.700ms
2026-07-04 09:30:25.821 T:1305 debug : CVideoPlayer::ProcessVideoData size:694114 dts:699.630 pts:699.755 dur:41.700ms, clock:694.449 level:100
2026-07-04 09:30:25.833 T:1305 debug : CVideoPlayer::ProcessPacket packet from enhancement layer: size:45750 dts:699.630 pts:699.755 dur:41.700ms
2026-07-04 09:30:25.851 T:1305 debug : CVideoPlayer::ProcessVideoData size:247158 dts:699.671 pts:699.671 dur:41.700ms, clock:694.478 level:100
2026-07-04 09:30:25.851 T:1305 debug : CVideoPlayer::ProcessPacket packet from enhancement layer: size:27481 dts:699.671 pts:699.671 dur:41.700ms
2026-07-04 09:30:25.856 T:1307 debug : CVideoPlayerVideo::OutputPicture - ttd:687ms pts:695.171 Clock:694.483 Level:11
2026-07-04 09:30:25.870 T:1305 debug : CVideoPlayer::ProcessVideoData size:251490 dts:699.713 pts:699.713 dur:41.700ms, clock:694.497 level:100
2026-07-04 09:30:25.888 T:1307 debug : CVideoPlayerVideo::OutputPicture - ttd:696ms pts:695.212 Clock:694.515 Level:11
2026-07-04 09:30:25.926 T:1307 debug : CVideoPlayerVideo::OutputPicture - ttd:700ms pts:695.254 Clock:694.554 Level:11
2026-07-04 09:30:25.933 T:1305 debug : CVideoPlayer::ProcessVideoData size:674163 dts:699.755 pts:699.880 dur:41.700ms, clock:694.560 level:100
2026-07-04 09:30:25.951 T:1305 debug : CVideoPlayer::ProcessPacket packet from enhancement layer: size:24068 dts:699.713 pts:699.713 dur:41.700ms
2026-07-04 09:30:25.951 T:1305 debug : CVideoPlayer::ProcessPacket packet from enhancement layer: size:73036 dts:699.755 pts:699.880 dur:41.700ms
2026-07-04 09:30:25.973 T:1307 debug : CVideoPlayerVideo::OutputPicture - ttd:695ms pts:695.296 Clock:694.600 Level:11
2026-07-04 09:30:25.976 T:1305 debug : CVideoPlayer::ProcessVideoData size:242007 dts:699.796 pts:699.796 dur:41.700ms, clock:694.604 level:100
2026-07-04 09:30:25.977 T:1305 debug : CVideoPlayer::ProcessPacket packet from enhancement layer: size:24727 dts:699.796 pts:699.796 dur:41.700ms
2026-07-04 09:30:25.988 T:1305 debug : CVideoPlayer::ProcessVideoData size:240984 dts:699.838 pts:699.838 dur:41.700ms, clock:694.616 level:100
2026-07-04 09:30:26.009 T:1307 debug : CVideoPlayerVideo::OutputPicture - ttd:700ms pts:695.337 Clock:694.637 Level:11
2026-07-04 09:30:26.051 T:1307 debug : CVideoPlayerVideo::OutputPicture - ttd:700ms pts:695.379 Clock:694.679 Level:11
2026-07-04 09:30:26.097 T:1307 debug : CVideoPlayerVideo::OutputPicture - ttd:696ms pts:695.421 Clock:694.724 Level:11
2026-07-04 09:30:26.134 T:1307 debug : CVideoPlayerVideo::OutputPicture - ttd:700ms pts:695.463 Clock:694.762 Level:11
2026-07-04 09:30:26.175 T:1307 debug : CVideoPlayerVideo::OutputPicture - ttd:701ms pts:695.504 Clock:694.803 Level:11
2026-07-04 09:30:26.223 T:1307 debug : CVideoPlayerVideo::OutputPicture - ttd:695ms pts:695.546 Clock:694.850 Level:11
2026-07-04 09:30:26.259 T:1307 debug : CVideoPlayerVideo::OutputPicture - ttd:700ms pts:695.588 Clock:694.887 Level:11
2026-07-04 09:30:26.302 T:1307 debug : CVideoPlayerVideo::OutputPicture - ttd:699ms pts:695.629 Clock:694.930 Level:11
2026-07-04 09:30:26.349 T:1307 debug : CVideoPlayerVideo::OutputPicture - ttd:694ms pts:695.671 Clock:694.977 Level:11
2026-07-04 09:30:26.384 T:1307 debug : CVideoPlayerVideo::OutputPicture - ttd:700ms pts:695.713 Clock:695.012 Level:11
2026-07-04 09:30:26.388 T:1305 debug : CVideoPlayer::ProcessPacket packet from enhancement layer: size:25151 dts:699.838 pts:699.838 dur:41.700ms
2026-07-04 09:30:26.418 T:1305 debug : CVideoPlayer::ProcessVideoData size:887633 dts:699.880 pts:700.005 dur:41.700ms, clock:695.045 level:100
2026-07-04 09:30:26.418 T:1305 debug : CVideoPlayer::ProcessPacket packet from enhancement layer: size:210296 dts:699.880 pts:700.005 dur:41.700ms
2026-07-04 09:30:26.428 T:1307 debug : CVideoPlayerVideo::OutputPicture - ttd:699ms pts:695.755 Clock:695.055 Level:11
2026-07-04 09:30:26.462 T:1305 debug : CVideoPlayer::ProcessVideoData size:227869 dts:699.922 pts:699.922 dur:41.700ms, clock:695.090 level:100
2026-07-04 09:30:26.463 T:1305 debug : CVideoPlayer::ProcessPacket packet from enhancement layer: size:24911 dts:699.922 pts:699.922 dur:41.700ms
2026-07-04 09:30:26.474 T:1307 debug : CVideoPlayerVideo::OutputPicture - ttd:694ms pts:695.796 Clock:695.102 Level:11
2026-07-04 09:30:26.499 T:1305 debug : CVideoPlayer::ProcessVideoData size:226508 dts:699.963 pts:699.963 dur:41.700ms, clock:695.127 level:100
2026-07-04 09:30:26.509 T:1307 debug : CPtsTracker: detected pattern of length 1: 41711.00, frameduration: 41708.333333
2026-07-04 09:30:26.509 T:1307 debug : CVideoPlayerVideo::OutputPicture - ttd:701ms pts:695.838 Clock:695.137 Level:11
2026-07-04 09:30:26.530 T:1305 debug : CVideoPlayer::ProcessPacket packet from enhancement layer: size:23676 dts:699.963 pts:699.963 dur:41.700ms
2026-07-04 09:30:26.549 T:1307 debug : CVideoPlayerVideo::OutputPicture - ttd:702ms pts:695.880 Clock:695.177 Level:11
2026-07-04 09:30:26.557 T:1305 debug : CVideoPlayer::ProcessVideoData size:625529 dts:700.005 pts:700.130 dur:41.700ms, clock:695.185 level:100
2026-07-04 09:30:26.558 T:1305 debug : CVideoPlayer::ProcessPacket packet from enhancement layer: size:50666 dts:700.005 pts:700.130 dur:41.700ms
2026-07-04 09:30:26.598 T:1307 debug : CVideoPlayerVideo::OutputPicture - ttd:695ms pts:695.921 Clock:695.226 Level:11
2026-07-04 09:30:26.633 T:1307 debug : CVideoPlayerVideo::OutputPicture - ttd:702ms pts:695.963 Clock:695.261 Level:11
2026-07-04 09:30:26.648 T:1305 debug : CVideoPlayer::ProcessVideoData size:223760 dts:700.047 pts:700.047 dur:41.700ms, clock:695.276 level:100
2026-07-04 09:30:26.673 T:1305 debug : CVideoPlayer::ProcessPacket packet from enhancement layer: size:25824 dts:700.047 pts:700.047 dur:41.700ms
2026-07-04 09:30:26.678 T:1307 debug : CVideoPlayerVideo::OutputPicture - ttd:699ms pts:696.005 Clock:695.306 Level:11
2026-07-04 09:30:26.694 T:1305 debug : CVideoPlayer::ProcessVideoData size:224208 dts:700.088 pts:700.088 dur:41.700ms, clock:695.322 level:100
2026-07-04 09:30:26.727 T:1307 debug : CVideoPlayerVideo::OutputPicture - ttd:691ms pts:696.047 Clock:695.355 Level:11
2026-07-04 09:30:26.763 T:1307 debug : CVideoPlayerVideo::OutputPicture - ttd:697ms pts:696.088 Clock:695.391 Level:11
2026-07-04 09:30:26.802 T:1307 debug : CVideoPlayerVideo::OutputPicture - ttd:700ms pts:696.130 Clock:695.430 Level:11
2026-07-04 09:30:26.850 T:1307 debug : CVideoPlayerVideo::OutputPicture - ttd:693ms pts:696.172 Clock:695.478 Level:11
2026-07-04 09:30:26.885 T:1307 debug : CVideoPlayerVideo::OutputPicture - ttd:700ms pts:696.213 Clock:695.512 Level:11
2026-07-04 09:30:26.927 T:1307 debug : CVideoPlayerVideo::OutputPicture - ttd:700ms pts:696.255 Clock:695.555 Level:12
2026-07-04 09:30:26.950 T:1305 debug : CVideoPlayer::ProcessPacket packet from enhancement layer: size:25816 dts:700.088 pts:700.088 dur:41.700ms
2026-07-04 09:30:26.973 T:1307 debug : CVideoPlayerVideo::OutputPicture - ttd:695ms pts:696.297 Clock:695.601 Level:11
2026-07-04 09:30:27.012 T:1307 debug : CVideoPlayerVideo::OutputPicture - ttd:698ms pts:696.339 Clock:695.640 Level:11
2026-07-04 09:30:27.052 T:1307 debug : CVideoPlayerVideo::OutputPicture - ttd:700ms pts:696.380 Clock:695.680 Level:11
2026-07-04 09:30:27.098 T:1307 debug : CVideoPlayerVideo::OutputPicture - ttd:695ms pts:696.422 Clock:695.726 Level:11
2026-07-04 09:30:27.134 T:1307 debug : CVideoPlayerVideo::OutputPicture - ttd:701ms pts:696.464 Clock:695.762 Level:11
2026-07-04 09:30:27.175 T:1307 debug : CVideoPlayerVideo::OutputPicture - ttd:701ms pts:696.505 Clock:695.803 Level:12
2026-07-04 09:30:27.225 T:1307 debug : CVideoPlayerVideo::OutputPicture - ttd:694ms pts:696.547 Clock:695.853 Level:11
2026-07-04 09:30:27.261 T:1307 debug : CVideoPlayerVideo::OutputPicture - ttd:699ms pts:696.589 Clock:695.889 Level:11
2026-07-04 09:30:27.303 T:1307 debug : CVideoPlayerVideo::OutputPicture - ttd:699ms pts:696.631 Clock:695.931 Level:11
2026-07-04 09:30:27.349 T:1307 debug : CVideoPlayerVideo::OutputPicture - ttd:695ms pts:696.672 Clock:695.977 Level:11
2026-07-04 09:30:27.385 T:1307 debug : CVideoPlayerVideo::OutputPicture - ttd:700ms pts:696.714 Clock:696.013 Level:11
2026-07-04 09:30:27.427 T:1305 debug : CVideoPlayer::ProcessVideoData size:641636 dts:700.130 pts:700.255 dur:41.700ms, clock:696.055 level:100
2026-07-04 09:30:27.428 T:1305 debug : CVideoPlayer::ProcessPacket packet from enhancement layer: size:48917 dts:700.130 pts:700.255 dur:41.700ms
2026-07-04 09:30:27.429 T:1307 debug : CVideoPlayerVideo::OutputPicture - ttd:698ms pts:696.756 Clock:696.057 Level:11
2026-07-04 09:30:27.476 T:1307 debug : CVideoPlayerVideo::OutputPicture - ttd:692ms pts:696.797 Clock:696.105 Level:11
2026-07-04 09:30:27.479 T:1305 debug : CVideoPlayer::ProcessVideoData size:236246 dts:700.172 pts:700.172 dur:41.700ms, clock:696.107 level:100
2026-07-04 09:30:27.480 T:1305 debug : CVideoPlayer::ProcessPacket packet from enhancement layer: size:25545 dts:700.172 pts:700.172 dur:41.700ms
2026-07-04 09:30:27.510 T:1305 debug : CVideoPlayer::ProcessVideoData size:228121 dts:700.213 pts:700.213 dur:41.700ms, clock:696.138 level:100
2026-07-04 09:30:27.511 T:1307 debug : CVideoPlayerVideo::OutputPicture - ttd:699ms pts:696.839 Clock:696.140 Level:11
2026-07-04 09:30:27.553 T:1307 debug : CVideoPlayerVideo::OutputPicture - ttd:699ms pts:696.881 Clock:696.181 Level:12
2026-07-04 09:30:27.562 T:1305 debug : CVideoPlayer::ProcessPacket packet from enhancement layer: size:25467 dts:700.213 pts:700.213 dur:41.700ms
2026-07-04 09:30:27.584 T:1305 debug : CVideoPlayer::ProcessVideoData size:653186 dts:700.255 pts:700.380 dur:41.700ms, clock:696.212 level:100
2026-07-04 09:30:27.603 T:1307 debug : CVideoPlayerVideo::OutputPicture - ttd:691ms pts:696.922 Clock:696.231 Level:11
2026-07-04 09:30:27.606 T:1305 debug : CVideoPlayer::ProcessPacket packet from enhancement layer: size:45911 dts:700.255 pts:700.380 dur:41.700ms
2026-07-04 09:30:27.620 T:1305 debug : CVideoPlayer::ProcessVideoData size:240262 dts:700.297 pts:700.297 dur:41.700ms, clock:696.248 level:100
2026-07-04 09:30:27.621 T:1305 debug : CVideoPlayer::ProcessPacket packet from enhancement layer: size:25322 dts:700.297 pts:700.297 dur:41.700ms
2026-07-04 09:30:27.639 T:1307 debug : CVideoPlayerVideo::OutputPicture - ttd:697ms pts:696.964 Clock:696.267 Level:11
2026-07-04 09:30:27.639 T:1305 debug : CVideoPlayer::ProcessVideoData size:238819 dts:700.339 pts:700.339 dur:41.700ms, clock:696.268 level:100
2026-07-04 09:30:27.678 T:1307 debug : CVideoPlayerVideo::OutputPicture - ttd:699ms pts:697.006 Clock:696.307 Level:11
2026-07-04 09:30:27.688 T:1305 debug : CVideoPlayer::ProcessPacket packet from enhancement layer: size:24881 dts:700.339 pts:700.339 dur:41.700ms
2026-07-04 09:30:27.713 T:1305 debug : CVideoPlayer::ProcessVideoData size:649319 dts:700.380 pts:700.505 dur:41.700ms, clock:696.341 level:100
2026-07-04 09:30:27.714 T:1305 debug : CVideoPlayer::ProcessPacket packet from enhancement layer: size:44903 dts:700.380 pts:700.505 dur:41.700ms
2026-07-04 09:30:27.723 T:1307 debug : CVideoPlayerVideo::OutputPicture - ttd:696ms pts:697.048 Clock:696.351 Level:11
2026-07-04 09:30:27.746 T:1305 debug : CVideoPlayer::ProcessVideoData size:237608 dts:700.422 pts:700.422 dur:41.700ms, clock:696.374 level:100
2026-07-04 09:30:27.761 T:1307 debug : CVideoPlayerVideo::OutputPicture - ttd:699ms pts:697.089 Clock:696.390 Level:12
2026-07-04 09:30:27.768 T:1305 debug : CVideoPlayer::ProcessPacket packet from enhancement layer: size:24755 dts:700.422 pts:700.422 dur:41.700ms
2026-07-04 09:30:27.784 T:1305 debug : CVideoPlayer::ProcessVideoData size:232444 dts:700.464 pts:700.464 dur:41.700ms, clock:696.412 level:100
2026-07-04 09:30:27.803 T:1307 debug : CVideoPlayerVideo::OutputPicture - ttd:699ms pts:697.131 Clock:696.431 Level:11
2026-07-04 09:30:27.843 T:1305 debug : CVideoPlayer::ProcessPacket packet from enhancement layer: size:24744 dts:700.464 pts:700.464 dur:41.700ms
2026-07-04 09:30:27.848 T:1307 debug : CVideoPlayerVideo::OutputPicture - ttd:696ms pts:697.173 Clock:696.477 Level:11
2026-07-04 09:30:27.865 T:1305 debug : CVideoPlayer::ProcessVideoData size:675540 dts:700.505 pts:700.631 dur:41.700ms, clock:696.493 level:100
2026-07-04 09:30:27.865 T:1305 debug : CVideoPlayer::ProcessPacket packet from enhancement layer: size:43366 dts:700.505 pts:700.631 dur:41.700ms
2026-07-04 09:30:27.887 T:1307 debug : CVideoPlayerVideo::OutputPicture - ttd:699ms pts:697.214 Clock:696.515 Level:11
2026-07-04 09:30:27.890 T:1305 debug : CVideoPlayer::ProcessVideoData size:244158 dts:700.547 pts:700.547 dur:41.700ms, clock:696.518 level:100
2026-07-04 09:30:27.890 T:1305 debug : CVideoPlayer::ProcessPacket packet from enhancement layer: size:24064 dts:700.547 pts:700.547 dur:41.700ms
2026-07-04 09:30:27.928 T:1307 debug : CVideoPlayerVideo::OutputPicture - ttd:700ms pts:697.256 Clock:696.556 Level:11
2026-07-04 09:30:27.975 T:1307 debug : CVideoPlayerVideo::OutputPicture - ttd:694ms pts:697.298 Clock:696.604 Level:11
2026-07-04 09:30:28.011 T:1307 debug : CVideoPlayerVideo::OutputPicture - ttd:700ms pts:697.340 Clock:696.639 Level:11
2026-07-04 09:30:28.053 T:1307 debug : CVideoPlayerVideo::OutputPicture - ttd:700ms pts:697.381 Clock:696.681 Level:11
2026-07-04 09:30:28.100 T:1307 debug : CVideoPlayerVideo::OutputPicture - ttd:694ms pts:697.423 Clock:696.728 Level:11
2026-07-04 09:30:28.126 T:1305 debug : CVideoPlayer::ProcessVideoData size:242389 dts:700.589 pts:700.589 dur:41.700ms, clock:696.754 level:100
2026-07-04 09:30:28.134 T:1307 debug : CVideoPlayerVideo::OutputPicture - ttd:702ms pts:697.465 Clock:696.762 Level:11
2026-07-04 09:30:28.178 T:1307 debug : CVideoPlayerVideo::OutputPicture - ttd:700ms pts:697.506 Clock:696.806 Level:11
2026-07-04 09:30:28.220 T:1305 debug : CVideoPlayer::ProcessVideoData size:680021 dts:700.631 pts:700.756 dur:41.700ms, clock:696.848 level:100
2026-07-04 09:30:28.221 T:1305 debug : CVideoPlayer::ProcessPacket packet from enhancement layer: size:23585 dts:700.589 pts:700.589 dur:41.700ms
2026-07-04 09:30:28.222 T:1305 debug : CVideoPlayer::ProcessPacket packet from enhancement layer: size:71130 dts:700.631 pts:700.756 dur:41.700ms
2026-07-04 09:30:28.224 T:1307 debug : CVideoPlayerVideo::OutputPicture - ttd:695ms pts:697.548 Clock:696.853 Level:11
2026-07-04 09:30:28.253 T:1305 debug : CVideoPlayer::ProcessVideoData size:245406 dts:700.672 pts:700.672 dur:41.700ms, clock:696.882 level:100
2026-07-04 09:30:28.254 T:1305 debug : CVideoPlayer::ProcessPacket packet from enhancement layer: size:24130 dts:700.672 pts:700.672 dur:41.700ms
