2026-07-04 09:32:29.875 T:1305 debug : CVideoPlayer::ProcessVideoData size:251925 dts:754.768 pts:754.768 dur:41.700ms, clock:753.179 level:0
2026-07-04 09:32:29.876 T:1305 debug : CVideoPlayer::ProcessPacket packet from enhancement layer: size:13066 dts:754.768 pts:754.768 dur:41.700ms
2026-07-04 09:32:29.879 T:1307 debug : CVideoPlayerVideo::OutputPicture - ttd:634ms pts:753.816 Clock:753.182 Level:11
2026-07-04 09:32:29.901 T:1305 debug : CVideoPlayer::ProcessVideoData size:247621 dts:754.810 pts:754.810 dur:41.700ms, clock:753.205 level:0
2026-07-04 09:32:29.904 T:1307 debug : CVideoPlayerVideo::OutputPicture - ttd:650ms pts:753.858 Clock:753.208 Level:11
2026-07-04 09:32:29.998 T:1305 debug : CVideoPlayer::ProcessVideoData size:969802 dts:754.851 pts:754.977 dur:41.700ms, clock:753.301 level:0
2026-07-04 09:32:29.998 T:1307 debug : CVideoPlayerVideo::OutputPicture - ttd:598ms pts:753.900 Clock:753.301 Level:10
2026-07-04 09:32:29.999 T:1307 debug : CVideoPlayerVideo::OutputPicture - ttd:638ms pts:753.941 Clock:753.303 Level:11
2026-07-04 09:32:30.011 T:1305 debug : CVideoPlayer::ProcessPacket packet from enhancement layer: size:19101 dts:754.810 pts:754.810 dur:41.700ms
2026-07-04 09:32:30.012 T:1305 debug : CVideoPlayer::ProcessPacket packet from enhancement layer: size:96158 dts:754.851 pts:754.977 dur:41.700ms
2026-07-04 09:32:30.027 T:1305 debug : CVideoPlayer::ProcessVideoData size:242628 dts:754.893 pts:754.893 dur:41.700ms, clock:753.331 level:0
2026-07-04 09:32:30.028 T:1305 debug : CVideoPlayer::ProcessPacket packet from enhancement layer: size:19340 dts:754.893 pts:754.893 dur:41.700ms
2026-07-04 09:32:30.031 T:1307 debug : CVideoPlayerVideo::OutputPicture - ttd:648ms pts:753.983 Clock:753.334 Level:11
2026-07-04 09:32:30.042 T:1305 debug : CVideoPlayer::ProcessVideoData size:232366 dts:754.935 pts:754.935 dur:41.700ms, clock:753.346 level:0
2026-07-04 09:32:30.194 T:1305 debug : CVideoPlayer::ProcessPacket packet from enhancement layer: size:19970 dts:754.935 pts:754.935 dur:41.700ms
2026-07-04 09:32:30.194 T:1307 debug : CVideoPlayerVideo::OutputPicture - ttd:527ms pts:754.025 Clock:753.497 Level:8
2026-07-04 09:32:30.195 T:1307 debug : CVideoPlayerVideo::OutputPicture - ttd:567ms pts:754.067 Clock:753.499 Level:9
2026-07-04 09:32:30.196 T:1307 debug : CVideoPlayerVideo::OutputPicture - ttd:608ms pts:754.108 Clock:753.500 Level:10
2026-07-04 09:32:30.198 T:1307 debug : CVideoPlayerVideo::OutputPicture - ttd:649ms pts:754.150 Clock:753.501 Level:11
2026-07-04 09:32:30.535 T:1305 debug : CVideoPlayer::ProcessVideoData size:523709 dts:754.977 pts:755.102 dur:41.700ms, clock:753.838 level:0
2026-07-04 09:32:30.536 T:1305 debug : CVideoPlayer::ProcessPacket packet from enhancement layer: size:37912 dts:754.977 pts:755.102 dur:41.700ms
2026-07-04 09:32:30.539 T:1307 debug : CVideoPlayerVideo::OutputPicture - ttd:349ms pts:754.192 Clock:753.842 Level:4
2026-07-04 09:32:30.540 T:1307 debug : CVideoPlayerVideo::OutputPicture - ttd:389ms pts:754.233 Clock:753.844 Level:5
2026-07-04 09:32:30.541 T:1307 debug : CVideoPlayerVideo::OutputPicture - ttd:430ms pts:754.275 Clock:753.845 Level:6
2026-07-04 09:32:30.542 T:1307 debug : CVideoPlayerVideo::OutputPicture - ttd:470ms pts:754.317 Clock:753.846 Level:7
2026-07-04 09:32:30.544 T:1307 debug : CVideoPlayerVideo::OutputPicture - ttd:511ms pts:754.359 Clock:753.847 Level:8
2026-07-04 09:32:30.545 T:1307 debug : CVideoPlayerVideo::OutputPicture - ttd:552ms pts:754.400 Clock:753.848 Level:9
2026-07-04 09:32:30.546 T:1307 debug : CVideoPlayerVideo::OutputPicture - ttd:592ms pts:754.442 Clock:753.849 Level:10
2026-07-04 09:32:30.547 T:1307 debug : CVideoPlayerVideo::OutputPicture - ttd:633ms pts:754.484 Clock:753.850 Level:11
2026-07-04 09:32:30.588 T:1305 debug : CVideoPlayer::ProcessVideoData size:232084 dts:755.018 pts:755.018 dur:41.700ms, clock:753.891 level:0
2026-07-04 09:32:30.589 T:1305 debug : CVideoPlayer::ProcessPacket packet from enhancement layer: size:14608 dts:755.018 pts:755.018 dur:41.700ms
2026-07-04 09:32:30.602 T:1305 debug : CVideoPlayer::ProcessVideoData size:225457 dts:755.060 pts:755.060 dur:41.700ms, clock:753.906 level:0
2026-07-04 09:32:30.637 T:1305 debug : CVideoPlayer::ProcessPacket packet from enhancement layer: size:15022 dts:755.060 pts:755.060 dur:41.700ms
2026-07-04 09:32:30.667 T:1305 debug : CVideoPlayer::ProcessVideoData size:506490 dts:755.102 pts:755.227 dur:41.700ms, clock:753.970 level:0
2026-07-04 09:32:30.668 T:1305 debug : CVideoPlayer::ProcessPacket packet from enhancement layer: size:33602 dts:755.102 pts:755.227 dur:41.700ms
2026-07-04 09:32:30.707 T:1305 debug : CVideoPlayer::ProcessVideoData size:224504 dts:755.143 pts:755.143 dur:41.700ms, clock:754.010 level:0
2026-07-04 09:32:30.708 T:1305 debug : CVideoPlayer::ProcessPacket packet from enhancement layer: size:22494 dts:755.143 pts:755.143 dur:41.700ms
2026-07-04 09:32:30.746 T:1305 debug : CVideoPlayer::ProcessVideoData size:219731 dts:755.185 pts:755.185 dur:41.700ms, clock:754.050 level:0
2026-07-04 09:32:30.813 T:1305 debug : CVideoPlayer::ProcessPacket packet from enhancement layer: size:15308 dts:755.185 pts:755.185 dur:41.700ms
2026-07-04 09:32:30.839 T:1305 debug : CVideoPlayer::ProcessVideoData size:500131 dts:755.227 pts:755.352 dur:41.700ms, clock:754.142 level:0
2026-07-04 09:32:30.839 T:1305 debug : CVideoPlayer::ProcessPacket packet from enhancement layer: size:31121 dts:755.227 pts:755.352 dur:41.700ms
2026-07-04 09:32:30.888 T:1305 debug : CVideoPlayer::ProcessVideoData size:225381 dts:755.268 pts:755.268 dur:41.700ms, clock:754.192 level:0
2026-07-04 09:32:30.889 T:1305 debug : CVideoPlayer::ProcessPacket packet from enhancement layer: size:20538 dts:755.268 pts:755.268 dur:41.700ms
2026-07-04 09:32:30.962 T:1305 debug : CVideoPlayer::ProcessVideoData size:223658 dts:755.310 pts:755.310 dur:41.700ms, clock:754.266 level:0
2026-07-04 09:32:31.224 T:1305 debug : CVideoPlayer::ProcessPacket packet from enhancement layer: size:14719 dts:755.310 pts:755.310 dur:41.700ms
2026-07-04 09:32:31.232 T:1305 debug : CVideoPlayer::ProcessVideoData size:501497 dts:755.352 pts:755.477 dur:41.700ms, clock:754.535 level:0
2026-07-04 09:32:31.232 T:1305 debug : CVideoPlayer::ProcessPacket packet from enhancement layer: size:36717 dts:755.352 pts:755.477 dur:41.700ms
2026-07-04 09:32:31.244 T:1305 debug : CVideoPlayer::ProcessVideoData size:235791 dts:755.394 pts:755.394 dur:41.700ms, clock:754.548 level:0
2026-07-04 09:32:31.244 T:1305 debug : CVideoPlayer::ProcessPacket packet from enhancement layer: size:20091 dts:755.394 pts:755.394 dur:41.700ms
2026-07-04 09:32:31.256 T:937 debug : TEMP: [framecount] video=6240 ctrls=6240 subs=1856 skip-gui=1015 skip-any=1015
2026-07-04 09:32:31.269 T:1305 debug : CVideoPlayer::ProcessVideoData size:226680 dts:755.435 pts:755.435 dur:41.700ms, clock:754.573 level:0
2026-07-04 09:32:31.283 T:1305 debug : CVideoPlayer::ProcessPacket packet from enhancement layer: size:20481 dts:755.435 pts:755.435 dur:41.700ms
2026-07-04 09:32:31.319 T:1305 debug : CVideoPlayer::ProcessVideoData size:483260 dts:755.477 pts:755.602 dur:41.700ms, clock:754.623 level:0
2026-07-04 09:32:31.320 T:1305 debug : CVideoPlayer::ProcessPacket packet from enhancement layer: size:35352 dts:755.477 pts:755.602 dur:41.700ms
2026-07-04 09:32:31.343 T:1305 debug : CVideoPlayer::ProcessVideoData size:229012 dts:755.519 pts:755.519 dur:41.700ms, clock:754.646 level:0
2026-07-04 09:32:31.343 T:1305 debug : CVideoPlayer::ProcessPacket packet from enhancement layer: size:20371 dts:755.519 pts:755.519 dur:41.700ms
2026-07-04 09:32:31.374 T:1305 debug : CVideoPlayer::ProcessVideoData size:219132 dts:755.560 pts:755.560 dur:41.700ms, clock:754.678 level:0
2026-07-04 09:32:31.395 T:1305 debug : CVideoPlayer::ProcessPacket packet from enhancement layer: size:20550 dts:755.560 pts:755.560 dur:41.700ms
2026-07-04 09:32:31.414 T:1305 debug : CVideoPlayer::ProcessVideoData size:450722 dts:755.602 pts:755.727 dur:41.700ms, clock:754.718 level:0
2026-07-04 09:32:31.415 T:1305 debug : CVideoPlayer::ProcessPacket packet from enhancement layer: size:34662 dts:755.602 pts:755.727 dur:41.700ms
2026-07-04 09:32:31.418 T:1307 debug : CVideoPlayerVideo::OutputPicture - ttd:-196ms pts:754.525 Clock:754.721 Level:0
2026-07-04 09:32:31.419 T:1307 debug : CVideoPlayerVideo::OutputPicture - ttd:-155ms pts:754.567 Clock:754.723 Level:1
2026-07-04 09:32:31.420 T:1307 debug : CVideoPlayerVideo::OutputPicture - ttd:-114ms pts:754.609 Clock:754.724 Level:2
2026-07-04 09:32:31.421 T:1307 debug : CVideoPlayerVideo::OutputPicture - ttd:-74ms pts:754.651 Clock:754.725 Level:3
2026-07-04 09:32:31.422 T:1307 debug : CVideoPlayerVideo::OutputPicture - ttd:-33ms pts:754.692 Clock:754.726 Level:4
2026-07-04 09:32:31.423 T:1307 debug : CVideoPlayerVideo::OutputPicture - ttd:6ms pts:754.734 Clock:754.727 Level:5
2026-07-04 09:32:31.425 T:1307 debug : CVideoPlayerVideo::OutputPicture - ttd:47ms pts:754.776 Clock:754.728 Level:6
2026-07-04 09:32:31.426 T:1307 debug : CVideoPlayerVideo::OutputPicture - ttd:88ms pts:754.817 Clock:754.729 Level:7
2026-07-04 09:32:31.427 T:1307 debug : CVideoPlayerVideo::OutputPicture - ttd:128ms pts:754.859 Clock:754.730 Level:8
2026-07-04 09:32:31.428 T:1307 debug : CVideoPlayerVideo::OutputPicture - ttd:169ms pts:754.901 Clock:754.732 Level:9
2026-07-04 09:32:31.429 T:1307 debug : CVideoPlayerVideo::OutputPicture - ttd:209ms pts:754.942 Clock:754.733 Level:10
2026-07-04 09:32:31.430 T:1307 debug : CVideoPlayerVideo::OutputPicture - ttd:250ms pts:754.984 Clock:754.734 Level:11
2026-07-04 09:32:31.431 T:1307 debug : CVideoPlayerVideo::OutputPicture - ttd:291ms pts:755.026 Clock:754.735 Level:2
2026-07-04 09:32:31.432 T:1307 debug : CVideoPlayerVideo::OutputPicture - ttd:331ms pts:755.068 Clock:754.736 Level:3
2026-07-04 09:32:31.449 T:1305 debug : CVideoPlayer::ProcessVideoData size:221440 dts:755.644 pts:755.644 dur:41.700ms, clock:754.753 level:0
2026-07-04 09:32:31.471 T:1305 debug : CVideoPlayer::ProcessPacket packet from enhancement layer: size:20813 dts:755.644 pts:755.644 dur:41.700ms
2026-07-04 09:32:31.492 T:1305 debug : CVideoPlayer::ProcessVideoData size:213348 dts:755.686 pts:755.686 dur:41.700ms, clock:754.796 level:0
2026-07-04 09:32:31.582 T:1305 debug : CVideoPlayer::ProcessVideoData size:846758 dts:755.727 pts:755.852 dur:41.700ms, clock:754.886 level:0
2026-07-04 09:32:31.583 T:1305 debug : CVideoPlayer::ProcessPacket packet from enhancement layer: size:20549 dts:755.686 pts:755.686 dur:41.700ms
2026-07-04 09:32:31.583 T:1305 debug : CVideoPlayer::ProcessPacket packet from enhancement layer: size:109355 dts:755.727 pts:755.852 dur:41.700ms
2026-07-04 09:32:31.601 T:1305 debug : CVideoPlayer::ProcessVideoData size:208234 dts:755.769 pts:755.769 dur:41.700ms, clock:754.904 level:0
2026-07-04 09:32:31.601 T:1305 debug : CVideoPlayer::ProcessPacket packet from enhancement layer: size:20158 dts:755.769 pts:755.769 dur:41.700ms
2026-07-04 09:32:31.617 T:1305 debug : CVideoPlayer::ProcessVideoData size:225397 dts:755.811 pts:755.811 dur:41.700ms, clock:754.920 level:0
2026-07-04 09:32:31.649 T:1305 debug : CVideoPlayer::ProcessPacket packet from enhancement layer: size:15813 dts:755.811 pts:755.811 dur:41.700ms
2026-07-04 09:32:31.874 T:1305 debug : CVideoPlayer::ProcessVideoData size:529123 dts:755.852 pts:755.978 dur:41.700ms, clock:755.178 level:0
2026-07-04 09:32:31.875 T:1305 debug : CVideoPlayer::ProcessPacket packet from enhancement layer: size:35548 dts:755.852 pts:755.978 dur:41.700ms
2026-07-04 09:32:31.896 T:1305 debug : CVideoPlayer::ProcessVideoData size:233341 dts:755.894 pts:755.894 dur:41.700ms, clock:755.200 level:0
2026-07-04 09:32:31.897 T:1305 debug : CVideoPlayer::ProcessPacket packet from enhancement layer: size:16415 dts:755.894 pts:755.894 dur:41.700ms
2026-07-04 09:32:31.919 T:1305 debug : CVideoPlayer::ProcessVideoData size:237251 dts:755.936 pts:755.936 dur:41.700ms, clock:755.223 level:0
2026-07-04 09:32:31.965 T:1305 debug : CVideoPlayer::ProcessPacket packet from enhancement layer: size:16653 dts:755.936 pts:755.936 dur:41.700ms
2026-07-04 09:32:32.002 T:1305 debug : CVideoPlayer::ProcessVideoData size:533459 dts:755.978 pts:756.103 dur:41.700ms, clock:755.306 level:0
2026-07-04 09:32:32.003 T:1305 debug : CVideoPlayer::ProcessPacket packet from enhancement layer: size:39087 dts:755.978 pts:756.103 dur:41.700ms
2026-07-04 09:32:32.030 T:1305 debug : CVideoPlayer::ProcessVideoData size:229244 dts:756.019 pts:756.019 dur:41.700ms, clock:755.334 level:0
2026-07-04 09:32:32.031 T:1305 debug : CVideoPlayer::ProcessPacket packet from enhancement layer: size:17250 dts:756.019 pts:756.019 dur:41.700ms
2026-07-04 09:32:32.046 T:1305 debug : CVideoPlayer::ProcessVideoData size:225162 dts:756.061 pts:756.061 dur:41.700ms, clock:755.350 level:0
2026-07-04 09:32:32.079 T:1305 debug : CVideoPlayer::ProcessPacket packet from enhancement layer: size:17780 dts:756.061 pts:756.061 dur:41.700ms
2026-07-04 09:32:32.095 T:1305 debug : CVideoPlayer::ProcessVideoData size:511766 dts:756.103 pts:756.228 dur:41.700ms, clock:755.399 level:0
2026-07-04 09:32:32.096 T:1305 debug : CVideoPlayer::ProcessPacket packet from enhancement layer: size:37432 dts:756.103 pts:756.228 dur:41.700ms
2026-07-04 09:32:32.117 T:1305 debug : CVideoPlayer::ProcessVideoData size:243832 dts:756.144 pts:756.144 dur:41.700ms, clock:755.420 level:0
2026-07-04 09:32:32.117 T:1305 debug : CVideoPlayer::ProcessPacket packet from enhancement layer: size:17933 dts:756.144 pts:756.144 dur:41.700ms
2026-07-04 09:32:32.137 T:1305 debug : CVideoPlayer::ProcessVideoData size:221238 dts:756.186 pts:756.186 dur:41.700ms, clock:755.440 level:0
2026-07-04 09:32:32.189 T:1305 debug : CVideoPlayer::ProcessPacket packet from enhancement layer: size:17674 dts:756.186 pts:756.186 dur:41.700ms
2026-07-04 09:32:32.204 T:1305 debug : CVideoPlayer::ProcessVideoData size:508398 dts:756.228 pts:756.353 dur:41.700ms, clock:755.508 level:0
2026-07-04 09:32:32.205 T:1305 debug : CVideoPlayer::ProcessPacket packet from enhancement layer: size:37966 dts:756.228 pts:756.353 dur:41.700ms
2026-07-04 09:32:32.208 T:1307 debug : CVideoPlayerVideo::OutputPicture - ttd:-402ms pts:755.109 Clock:755.512 Level:0
2026-07-04 09:32:32.209 T:1307 debug : CVideoPlayerVideo::OutputPicture - ttd:-362ms pts:755.151 Clock:755.513 Level:1
2026-07-04 09:32:32.211 T:1307 debug : CVideoPlayerVideo::OutputPicture - ttd:-321ms pts:755.193 Clock:755.514 Level:2
2026-07-04 09:32:32.212 T:1307 debug : CVideoPlayerVideo::OutputPicture - ttd:-281ms pts:755.234 Clock:755.515 Level:3
2026-07-04 09:32:32.213 T:1307 debug : CVideoPlayerVideo::OutputPicture - ttd:-240ms pts:755.276 Clock:755.517 Level:4
2026-07-04 09:32:32.214 T:1307 debug : CVideoPlayerVideo::OutputPicture - ttd:-199ms pts:755.318 Clock:755.518 Level:5
2026-07-04 09:32:32.215 T:1307 debug : CVideoPlayerVideo::OutputPicture - ttd:-159ms pts:755.360 Clock:755.519 Level:6
2026-07-04 09:32:32.216 T:1307 debug : CVideoPlayerVideo::OutputPicture - ttd:-118ms pts:755.401 Clock:755.520 Level:7
2026-07-04 09:32:32.217 T:1307 debug : CVideoPlayerVideo::OutputPicture - ttd:-78ms pts:755.443 Clock:755.521 Level:8
2026-07-04 09:32:32.218 T:1307 debug : CVideoPlayerVideo::OutputPicture - ttd:-37ms pts:755.485 Clock:755.522 Level:9
2026-07-04 09:32:32.220 T:1307 debug : CVideoPlayerVideo::OutputPicture - ttd:3ms pts:755.526 Clock:755.523 Level:10
2026-07-04 09:32:32.220 T:1305 debug : CVideoPlayer::ProcessVideoData size:215187 dts:756.269 pts:756.269 dur:41.700ms, clock:755.524 level:0
2026-07-04 09:32:32.220 T:1305 debug : CVideoPlayer::ProcessPacket packet from enhancement layer: size:17032 dts:756.269 pts:756.269 dur:41.700ms
2026-07-04 09:32:32.221 T:1307 debug : CVideoPlayerVideo::OutputPicture - ttd:43ms pts:755.568 Clock:755.525 Level:11
2026-07-04 09:32:32.223 T:1307 debug : CVideoPlayerVideo::OutputPicture - ttd:83ms pts:755.610 Clock:755.526 Level:12
2026-07-04 09:32:32.224 T:1307 debug : CVideoPlayerVideo::OutputPicture - ttd:124ms pts:755.652 Clock:755.528 Level:0
2026-07-04 09:32:32.236 T:1305 debug : CVideoPlayer::ProcessVideoData size:213815 dts:756.311 pts:756.311 dur:41.700ms, clock:755.540 level:0
2026-07-04 09:32:32.250 T:1305 debug : CVideoPlayer::ProcessPacket packet from enhancement layer: size:17116 dts:756.311 pts:756.311 dur:41.700ms
2026-07-04 09:32:32.273 T:1305 debug : CVideoPlayer::ProcessVideoData size:504495 dts:756.353 pts:756.478 dur:41.700ms, clock:755.576 level:0
2026-07-04 09:32:32.277 T:1307 debug : CVideoPlayerVideo::OutputPicture - ttd:112ms pts:755.693 Clock:755.581 Level:0
2026-07-04 09:32:32.450 T:1308 info : CVideoPlayerAudio::Process - stream stalled
2026-07-04 09:32:32.552 T:1305 debug : CVideoPlayer::ProcessPacket packet from enhancement layer: size:35147 dts:756.353 pts:756.478 dur:41.700ms
2026-07-04 09:32:32.552 T:1305 debug : CDVDClock::SetSpeedAdjust - adjusted:0.000000
2026-07-04 09:32:32.552 T:1307 debug : CAMLCodec::SetSpeed, speed(0)
2026-07-04 09:32:32.552 T:1308 debug : CDVDAudio::Pause - pausing audio stream
2026-07-04 09:32:32.570 T:1305 debug : CVideoPlayer::ProcessVideoData size:229382 dts:756.395 pts:756.395 dur:41.700ms, clock:755.856 level:0
2026-07-04 09:32:32.571 T:1305 debug : CVideoPlayer::ProcessPacket packet from enhancement layer: size:17617 dts:756.395 pts:756.395 dur:41.700ms
2026-07-04 09:32:32.587 T:1305 debug : CVideoPlayer::ProcessVideoData size:224132 dts:756.436 pts:756.436 dur:41.700ms, clock:755.856 level:0
2026-07-04 09:32:32.600 T:937 debug : ------ Window Init (DialogSeekBar.xml) ------
2026-07-04 09:32:32.605 T:1305 debug : CVideoPlayer::ProcessPacket packet from enhancement layer: size:17478 dts:756.436 pts:756.436 dur:41.700ms
2026-07-04 09:32:32.636 T:1305 debug : CVideoPlayer::ProcessVideoData size:520152 dts:756.478 pts:756.603 dur:41.700ms, clock:755.856 level:0
2026-07-04 09:32:32.675 T:1305 debug : CVideoPlayer::ProcessPacket packet from enhancement layer: size:33824 dts:756.478 pts:756.603 dur:41.700ms
2026-07-04 09:32:32.688 T:1305 debug : CVideoPlayer::ProcessVideoData size:227167 dts:756.520 pts:756.520 dur:41.700ms, clock:755.856 level:0
2026-07-04 09:32:32.689 T:1305 debug : CVideoPlayer::ProcessPacket packet from enhancement layer: size:17540 dts:756.520 pts:756.520 dur:41.700ms
2026-07-04 09:32:32.706 T:1305 debug : CVideoPlayer::ProcessVideoData size:236871 dts:756.561 pts:756.561 dur:41.700ms, clock:755.856 level:0
2026-07-04 09:32:32.778 T:1305 debug : CVideoPlayer::ProcessVideoData size:906349 dts:756.603 pts:756.728 dur:41.700ms, clock:755.856 level:0
2026-07-04 09:32:32.778 T:1305 debug : CVideoPlayer::ProcessPacket packet from enhancement layer: size:18292 dts:756.561 pts:756.561 dur:41.700ms
2026-07-04 09:32:32.779 T:1305 debug : CVideoPlayer::ProcessPacket packet from enhancement layer: size:116340 dts:756.603 pts:756.728 dur:41.700ms
2026-07-04 09:32:32.813 T:1305 debug : CVideoPlayer::ProcessVideoData size:216068 dts:756.645 pts:756.645 dur:41.700ms, clock:755.856 level:0
2026-07-04 09:32:32.813 T:1305 debug : CVideoPlayer::ProcessPacket packet from enhancement layer: size:22747 dts:756.645 pts:756.645 dur:41.700ms
2026-07-04 09:32:32.828 T:1305 debug : CVideoPlayer::ProcessVideoData size:214036 dts:756.687 pts:756.687 dur:41.700ms, clock:755.856 level:0
2026-07-04 09:32:32.844 T:1305 debug : CVideoPlayer::ProcessPacket packet from enhancement layer: size:22386 dts:756.687 pts:756.687 dur:41.700ms
2026-07-04 09:32:32.862 T:1305 debug : CVideoPlayer::ProcessVideoData size:543375 dts:756.728 pts:756.853 dur:41.700ms, clock:755.856 level:0
2026-07-04 09:32:32.875 T:1305 debug : CVideoPlayer::ProcessPacket packet from enhancement layer: size:46074 dts:756.728 pts:756.853 dur:41.700ms
2026-07-04 09:32:32.888 T:1305 debug : CVideoPlayer::ProcessVideoData size:221883 dts:756.770 pts:756.770 dur:41.700ms, clock:755.856 level:0
2026-07-04 09:32:32.888 T:1305 debug : CVideoPlayer::ProcessPacket packet from enhancement layer: size:22377 dts:756.770 pts:756.770 dur:41.700ms
2026-07-04 09:32:32.905 T:1305 debug : CVideoPlayer::ProcessVideoData size:218896 dts:756.812 pts:756.812 dur:41.700ms, clock:755.856 level:0
2026-07-04 09:32:32.908 T:1307 debug : CVideoPlayerVideo::OutputPicture - ttd:-120ms pts:755.735 Clock:755.856 Level:0
2026-07-04 09:32:32.920 T:1305 debug : CVideoPlayer::ProcessPacket packet from enhancement layer: size:23407 dts:756.812 pts:756.812 dur:41.700ms
2026-07-04 09:32:32.921 T:1307 debug : CVideoPlayerVideo::OutputPicture - ttd:-78ms pts:755.777 Clock:755.856 Level:1
2026-07-04 09:32:32.953 T:1305 debug : CVideoPlayer::ProcessVideoData size:548782 dts:756.853 pts:756.979 dur:41.700ms, clock:755.856 level:0
2026-07-04 09:32:32.953 T:1305 debug : CVideoPlayer::ProcessPacket packet from enhancement layer: size:50195 dts:756.853 pts:756.979 dur:41.700ms
2026-07-04 09:32:32.957 T:1307 debug : CVideoPlayerVideo::OutputPicture - ttd:-37ms pts:755.818 Clock:755.856 Level:0
2026-07-04 09:32:32.958 T:1307 debug : CVideoPlayerVideo::OutputPicture - ttd:4ms pts:755.860 Clock:755.856 Level:1
2026-07-04 09:32:32.969 T:1305 debug : CVideoPlayer::ProcessVideoData size:219592 dts:756.895 pts:756.895 dur:41.700ms, clock:755.856 level:0
2026-07-04 09:32:32.970 T:1305 debug : CVideoPlayer::ProcessPacket packet from enhancement layer: size:18808 dts:756.895 pts:756.895 dur:41.700ms
2026-07-04 09:32:32.973 T:1307 debug : CVideoPlayerVideo::OutputPicture - ttd:46ms pts:755.902 Clock:755.856 Level:2
2026-07-04 09:32:32.974 T:1307 debug : CVideoPlayerVideo::OutputPicture - ttd:87ms pts:755.944 Clock:755.856 Level:3
2026-07-04 09:32:33.000 T:1305 debug : CVideoPlayer::ProcessVideoData size:241716 dts:756.937 pts:756.937 dur:41.700ms, clock:755.856 level:0
2026-07-04 09:32:33.003 T:1307 debug : CVideoPlayerVideo::OutputPicture - ttd:129ms pts:755.985 Clock:755.856 Level:0
2026-07-04 09:32:33.042 T:1305 debug : CVideoPlayer::ProcessPacket packet from enhancement layer: size:21994 dts:756.937 pts:756.937 dur:41.700ms
2026-07-04 09:32:33.042 T:1307 debug : CVideoPlayerVideo::OutputPicture - ttd:171ms pts:756.027 Clock:755.856 Level:0
2026-07-04 09:32:33.059 T:1305 debug : CVideoPlayer::ProcessVideoData size:630679 dts:756.979 pts:757.104 dur:41.700ms, clock:755.856 level:0
2026-07-04 09:32:33.059 T:1305 debug : CVideoPlayer::ProcessPacket packet from enhancement layer: size:46083 dts:756.979 pts:757.104 dur:41.700ms
2026-07-04 09:32:33.080 T:1305 debug : CVideoPlayer::ProcessVideoData size:256617 dts:757.020 pts:757.020 dur:41.700ms, clock:755.856 level:0
2026-07-04 09:32:33.126 T:1305 debug : CVideoPlayer::ProcessPacket packet from enhancement layer: size:21674 dts:757.020 pts:757.020 dur:41.700ms
2026-07-04 09:32:33.399 T:1305 debug : CVideoPlayer::ProcessVideoData size:228195 dts:757.062 pts:757.062 dur:41.700ms, clock:755.856 level:0
2026-07-04 09:32:33.431 T:1305 debug : CVideoPlayer::ProcessPacket packet from enhancement layer: size:26666 dts:757.062 pts:757.062 dur:41.700ms
2026-07-04 09:32:33.448 T:1305 debug : CVideoPlayer::ProcessVideoData size:656714 dts:757.104 pts:757.229 dur:41.700ms, clock:755.856 level:0
2026-07-04 09:32:33.449 T:1305 debug : CVideoPlayer::ProcessPacket packet from enhancement layer: size:33757 dts:757.104 pts:757.229 dur:41.700ms
2026-07-04 09:32:33.453 T:1307 debug : CVideoPlayerVideo::OutputPicture - ttd:213ms pts:756.069 Clock:755.856 Level:0
2026-07-04 09:32:33.454 T:1307 debug : CVideoPlayerVideo::OutputPicture - ttd:254ms pts:756.110 Clock:755.856 Level:1
2026-07-04 09:32:33.466 T:1305 debug : CVideoPlayer::ProcessVideoData size:226025 dts:757.145 pts:757.145 dur:41.700ms, clock:755.856 level:0
2026-07-04 09:32:33.467 T:1305 debug : CVideoPlayer::ProcessPacket packet from enhancement layer: size:26172 dts:757.145 pts:757.145 dur:41.700ms
2026-07-04 09:32:33.470 T:1307 debug : CVideoPlayerVideo::OutputPicture - ttd:296ms pts:756.152 Clock:755.856 Level:2
2026-07-04 09:32:33.471 T:1307 debug : CVideoPlayerVideo::OutputPicture - ttd:338ms pts:756.194 Clock:755.856 Level:3
2026-07-04 09:32:33.483 T:1305 debug : CVideoPlayer::ProcessVideoData size:251876 dts:757.187 pts:757.187 dur:41.700ms, clock:755.856 level:0
2026-07-04 09:32:33.487 T:1307 debug : CVideoPlayerVideo::OutputPicture - ttd:379ms pts:756.236 Clock:755.856 Level:3
2026-07-04 09:32:33.508 T:1305 debug : CVideoPlayer::ProcessPacket packet from enhancement layer: size:16983 dts:757.187 pts:757.187 dur:41.700ms
2026-07-04 09:32:33.508 T:1307 debug : CVideoPlayerVideo::OutputPicture - ttd:421ms pts:756.277 Clock:755.856 Level:4
2026-07-04 09:32:33.528 T:1305 debug : CVideoPlayer::ProcessVideoData size:640486 dts:757.229 pts:757.354 dur:41.700ms, clock:755.856 level:0
2026-07-04 09:32:33.533 T:1307 debug : CVideoPlayerVideo::OutputPicture - ttd:463ms pts:756.319 Clock:755.856 Level:5
2026-07-04 09:32:33.546 T:1305 debug : CVideoPlayer::ProcessPacket packet from enhancement layer: size:40664 dts:757.229 pts:757.354 dur:41.700ms
2026-07-04 09:32:33.546 T:1307 debug : CVideoPlayerVideo::OutputPicture - ttd:505ms pts:756.361 Clock:755.856 Level:6
2026-07-04 09:32:33.567 T:1305 debug : CVideoPlayer::ProcessVideoData size:253423 dts:757.270 pts:757.270 dur:41.700ms, clock:755.856 level:0
2026-07-04 09:32:33.568 T:1305 debug : CVideoPlayer::ProcessPacket packet from enhancement layer: size:23193 dts:757.270 pts:757.270 dur:41.700ms
2026-07-04 09:32:33.571 T:1307 debug : CVideoPlayerVideo::OutputPicture - ttd:546ms pts:756.402 Clock:755.856 Level:7
2026-07-04 09:32:33.572 T:1307 debug : CVideoPlayerVideo::OutputPicture - ttd:588ms pts:756.444 Clock:755.856 Level:8
2026-07-04 09:32:33.580 T:1305 debug : CVideoPlayer::ProcessVideoData size:250645 dts:757.312 pts:757.312 dur:41.700ms, clock:755.856 level:0
2026-07-04 09:32:33.583 T:1307 debug : CVideoPlayerVideo::OutputPicture - ttd:630ms pts:756.486 Clock:755.856 Level:9
2026-07-04 09:32:33.605 T:1305 debug : CVideoPlayer::ProcessPacket packet from enhancement layer: size:22776 dts:757.312 pts:757.312 dur:41.700ms
2026-07-04 09:32:33.605 T:1307 debug : CVideoPlayerVideo::OutputPicture - ttd:671ms pts:756.528 Clock:755.856 Level:10
2026-07-04 09:32:33.619 T:1305 debug : CVideoPlayer::ProcessVideoData size:664202 dts:757.354 pts:757.479 dur:41.700ms, clock:755.856 level:0
2026-07-04 09:32:33.620 T:1305 debug : CVideoPlayer::ProcessPacket packet from enhancement layer: size:41469 dts:757.354 pts:757.479 dur:41.700ms
2026-07-04 09:32:33.624 T:1307 debug : CVideoPlayerVideo::OutputPicture - ttd:713ms pts:756.569 Clock:755.856 Level:11
2026-07-04 09:32:33.625 T:1307 debug : CVideoPlayerVideo::OutputPicture - ttd:755ms pts:756.611 Clock:755.856 Level:12
2026-07-04 09:32:33.649 T:1305 debug : CVideoPlayer::ProcessVideoData size:251152 dts:757.396 pts:757.396 dur:41.700ms, clock:755.856 level:0
2026-07-04 09:32:33.649 T:1305 debug : CVideoPlayer::ProcessPacket packet from enhancement layer: size:22903 dts:757.396 pts:757.396 dur:41.700ms
2026-07-04 09:32:33.652 T:1307 debug : CVideoPlayerVideo::OutputPicture - ttd:797ms pts:756.653 Clock:755.856 Level:13
2026-07-04 09:32:33.668 T:1305 debug : CVideoPlayer::ProcessVideoData size:256398 dts:757.437 pts:757.437 dur:41.700ms, clock:755.856 level:0
2026-07-04 09:32:33.766 T:1305 debug : CVideoPlayer::ProcessVideoData size:1044934 dts:757.479 pts:757.604 dur:41.700ms, clock:755.856 level:0
2026-07-04 09:32:33.767 T:1305 debug : CVideoPlayer::ProcessPacket packet from enhancement layer: size:22747 dts:757.437 pts:757.437 dur:41.700ms
2026-07-04 09:32:33.767 T:1305 debug : CVideoPlayer::ProcessPacket packet from enhancement layer: size:118280 dts:757.479 pts:757.604 dur:41.700ms
2026-07-04 09:32:33.789 T:1305 debug : CVideoPlayer::ProcessVideoData size:269193 dts:757.521 pts:757.521 dur:41.700ms, clock:755.856 level:0
2026-07-04 09:32:33.790 T:1305 debug : CVideoPlayer::ProcessPacket packet from enhancement layer: size:22568 dts:757.521 pts:757.521 dur:41.700ms
2026-07-04 09:32:33.839 T:1305 debug : CVideoPlayer::ProcessVideoData size:232825 dts:757.562 pts:757.562 dur:41.700ms, clock:755.856 level:0
2026-07-04 09:32:33.937 T:1305 debug : CVideoPlayer::ProcessPacket packet from enhancement layer: size:26621 dts:757.562 pts:757.562 dur:41.700ms
2026-07-04 09:32:33.957 T:1305 debug : CVideoPlayer::ProcessVideoData size:688884 dts:757.604 pts:757.729 dur:41.700ms, clock:755.856 level:0
2026-07-04 09:32:33.957 T:1305 debug : CVideoPlayer::ProcessPacket packet from enhancement layer: size:43745 dts:757.604 pts:757.729 dur:41.700ms
2026-07-04 09:32:33.983 T:1305 debug : CVideoPlayer::ProcessVideoData size:254828 dts:757.646 pts:757.646 dur:41.700ms, clock:755.856 level:0
2026-07-04 09:32:33.983 T:1305 debug : CVideoPlayer::ProcessPacket packet from enhancement layer: size:22595 dts:757.646 pts:757.646 dur:41.700ms
2026-07-04 09:32:34.008 T:1305 debug : CVideoPlayer::ProcessVideoData size:255321 dts:757.688 pts:757.688 dur:41.700ms, clock:755.856 level:0
2026-07-04 09:32:34.038 T:1305 debug : CVideoPlayer::ProcessPacket packet from enhancement layer: size:23205 dts:757.688 pts:757.688 dur:41.700ms
2026-07-04 09:32:34.050 T:1305 debug : CVideoPlayer::ProcessVideoData size:615120 dts:757.729 pts:757.854 dur:41.700ms, clock:755.856 level:0
2026-07-04 09:32:34.064 T:1305 debug : CVideoPlayer::ProcessPacket packet from enhancement layer: size:53035 dts:757.729 pts:757.854 dur:41.700ms
2026-07-04 09:32:34.082 T:1305 debug : CVideoPlayer::ProcessVideoData size:260290 dts:757.771 pts:757.771 dur:41.700ms, clock:755.856 level:0
2026-07-04 09:32:34.082 T:1305 debug : CVideoPlayer::ProcessPacket packet from enhancement layer: size:24695 dts:757.771 pts:757.771 dur:41.700ms
2026-07-04 09:32:34.106 T:1305 debug : CVideoPlayer::ProcessVideoData size:259496 dts:757.813 pts:757.813 dur:41.700ms, clock:755.856 level:0
2026-07-04 09:32:34.146 T:1305 debug : CVideoPlayer::ProcessPacket packet from enhancement layer: size:24388 dts:757.813 pts:757.813 dur:41.700ms
2026-07-04 09:32:34.161 T:1305 debug : CVideoPlayer::ProcessVideoData size:693812 dts:757.854 pts:757.980 dur:41.700ms, clock:755.856 level:0
2026-07-04 09:32:34.173 T:1305 debug : CVideoPlayer::ProcessPacket packet from enhancement layer: size:47095 dts:757.854 pts:757.980 dur:41.700ms
2026-07-04 09:32:34.192 T:1305 debug : CVideoPlayer::ProcessVideoData size:233474 dts:757.896 pts:757.896 dur:41.700ms, clock:755.856 level:0
2026-07-04 09:32:34.193 T:1305 debug : CVideoPlayer::ProcessPacket packet from enhancement layer: size:27563 dts:757.896 pts:757.896 dur:41.700ms
2026-07-04 09:32:34.214 T:1305 debug : CVideoPlayer::ProcessVideoData size:260099 dts:757.938 pts:757.938 dur:41.700ms, clock:755.856 level:0
2026-07-04 09:32:34.236 T:1305 debug : CVideoPlayer::ProcessPacket packet from enhancement layer: size:24100 dts:757.938 pts:757.938 dur:41.700ms
2026-07-04 09:32:34.253 T:1305 debug : CVideoPlayer::ProcessVideoData size:665334 dts:757.980 pts:758.105 dur:41.700ms, clock:755.856 level:0
2026-07-04 09:32:34.265 T:1305 debug : CVideoPlayer::ProcessPacket packet from enhancement layer: size:43590 dts:757.980 pts:758.105 dur:41.700ms
2026-07-04 09:32:34.292 T:1305 debug : CVideoPlayer::ProcessVideoData size:261936 dts:758.021 pts:758.021 dur:41.700ms, clock:755.856 level:0
2026-07-04 09:32:34.293 T:1305 debug : CVideoPlayer::ProcessPacket packet from enhancement layer: size:22947 dts:758.021 pts:758.021 dur:41.700ms
2026-07-04 09:32:34.373 T:1305 debug : CVideoPlayer::ProcessVideoData size:258394 dts:758.063 pts:758.063 dur:41.700ms, clock:755.856 level:0
2026-07-04 09:32:34.400 T:1305 debug : CVideoPlayer::ProcessPacket packet from enhancement layer: size:22121 dts:758.063 pts:758.063 dur:41.700ms
2026-07-04 09:32:34.414 T:1305 debug : CVideoPlayer::ProcessVideoData size:679684 dts:758.105 pts:758.230 dur:41.700ms, clock:755.856 level:0
2026-07-04 09:32:34.414 T:1305 debug : CVideoPlayer::ProcessPacket packet from enhancement layer: size:42293 dts:758.105 pts:758.230 dur:41.700ms
2026-07-04 09:32:34.428 T:1305 debug : CVideoPlayer::ProcessVideoData size:258873 dts:758.146 pts:758.146 dur:41.700ms, clock:755.856 level:0
2026-07-04 09:32:34.442 T:1305 debug : CVideoPlayer::ProcessPacket packet from enhancement layer: size:22368 dts:758.146 pts:758.146 dur:41.700ms
2026-07-04 09:32:34.457 T:1305 debug : CVideoPlayer::ProcessVideoData size:256995 dts:758.188 pts:758.188 dur:41.700ms, clock:755.856 level:0
2026-07-04 09:32:34.484 T:1305 debug : CVideoPlayer::ProcessPacket packet from enhancement layer: size:22120 dts:758.188 pts:758.188 dur:41.700ms
2026-07-04 09:32:34.498 T:1305 debug : CVideoPlayer::ProcessVideoData size:662074 dts:758.230 pts:758.355 dur:41.700ms, clock:755.856 level:0
2026-07-04 09:32:34.499 T:1305 debug : CVideoPlayer::ProcessPacket packet from enhancement layer: size:41177 dts:758.230 pts:758.355 dur:41.700ms
2026-07-04 09:32:34.518 T:1305 debug : CVideoPlayer::ProcessVideoData size:256205 dts:758.271 pts:758.271 dur:41.700ms, clock:755.856 level:0
2026-07-04 09:32:34.540 T:1305 debug : CVideoPlayer::ProcessPacket packet from enhancement layer: size:22369 dts:758.271 pts:758.271 dur:41.700ms
2026-07-04 09:32:34.560 T:1305 debug : CVideoPlayer::ProcessVideoData size:253110 dts:758.313 pts:758.313 dur:41.700ms, clock:755.856 level:0
2026-07-04 09:32:34.625 T:1305 debug : CVideoPlayer::ProcessVideoData size:1003465 dts:758.355 pts:758.480 dur:41.700ms, clock:755.856 level:0
2026-07-04 09:32:34.639 T:1305 debug : CVideoPlayer::ProcessPacket packet from enhancement layer: size:22165 dts:758.313 pts:758.313 dur:41.700ms
2026-07-04 09:32:34.639 T:1305 debug : CVideoPlayer::ProcessPacket packet from enhancement layer: size:117591 dts:758.355 pts:758.480 dur:41.700ms
2026-07-04 09:32:34.658 T:1305 debug : CVideoPlayer::ProcessVideoData size:252380 dts:758.397 pts:758.397 dur:41.700ms, clock:755.856 level:0
2026-07-04 09:32:34.659 T:1305 debug : CVideoPlayer::ProcessPacket packet from enhancement layer: size:21471 dts:758.397 pts:758.397 dur:41.700ms
2026-07-04 09:32:34.681 T:1305 debug : CVideoPlayer::ProcessVideoData size:253562 dts:758.438 pts:758.438 dur:41.700ms, clock:755.856 level:0
2026-07-04 09:32:34.703 T:1305 debug : CVideoPlayer::ProcessPacket packet from enhancement layer: size:21326 dts:758.438 pts:758.438 dur:41.700ms
2026-07-04 09:32:34.720 T:1305 debug : CVideoPlayer::ProcessVideoData size:654465 dts:758.480 pts:758.605 dur:41.700ms, clock:755.856 level:100
2026-07-04 09:32:34.745 T:1305 debug : CVideoPlayer::ProcessPacket packet from enhancement layer: size:42762 dts:758.480 pts:758.605 dur:41.700ms
2026-07-04 09:32:34.774 T:1305 debug : CVideoPlayer::ProcessVideoData size:261505 dts:758.522 pts:758.522 dur:41.700ms, clock:755.856 level:100
2026-07-04 09:32:34.774 T:1305 debug : CVideoPlayer::ProcessPacket packet from enhancement layer: size:22514 dts:758.522 pts:758.522 dur:41.700ms
2026-07-04 09:32:34.789 T:1305 debug : CVideoPlayer::ProcessVideoData size:256709 dts:758.563 pts:758.563 dur:41.700ms, clock:755.856 level:100
2026-07-04 09:32:34.835 T:1305 debug : CVideoPlayer::ProcessPacket packet from enhancement layer: size:22177 dts:758.563 pts:758.563 dur:41.700ms
2026-07-04 09:32:34.865 T:1305 debug : CVideoPlayer::ProcessVideoData size:656213 dts:758.605 pts:758.730 dur:41.700ms, clock:755.856 level:100
2026-07-04 09:32:34.865 T:1305 debug : CVideoPlayer::ProcessPacket packet from enhancement layer: size:47248 dts:758.605 pts:758.730 dur:41.700ms
2026-07-04 09:32:34.900 T:1305 debug : CVideoPlayer::ProcessVideoData size:245482 dts:758.647 pts:758.647 dur:41.700ms, clock:755.856 level:100
2026-07-04 09:32:34.949 T:1305 debug : CVideoPlayer::ProcessPacket packet from enhancement layer: size:22219 dts:758.647 pts:758.647 dur:41.700ms
2026-07-04 09:32:34.997 T:1305 debug : CVideoPlayer::ProcessVideoData size:244596 dts:758.689 pts:758.689 dur:41.700ms, clock:755.856 level:100
2026-07-04 09:32:35.035 T:1305 debug : CVideoPlayer::ProcessPacket packet from enhancement layer: size:22393 dts:758.689 pts:758.689 dur:41.700ms
2026-07-04 09:32:35.061 T:1305 debug : CVideoPlayer::ProcessVideoData size:672222 dts:758.730 pts:758.855 dur:41.700ms, clock:755.856 level:100
2026-07-04 09:32:35.062 T:1305 debug : CVideoPlayer::ProcessPacket packet from enhancement layer: size:45113 dts:758.730 pts:758.855 dur:41.700ms
2026-07-04 09:32:35.090 T:1305 debug : CVideoPlayer::ProcessVideoData size:253060 dts:758.772 pts:758.772 dur:41.700ms, clock:755.856 level:100
2026-07-04 09:32:35.112 T:1305 debug : CVideoPlayer::ProcessPacket packet from enhancement layer: size:22568 dts:758.772 pts:758.772 dur:41.700ms
2026-07-04 09:32:35.135 T:1305 debug : CVideoPlayer::ProcessVideoData size:261127 dts:758.814 pts:758.814 dur:41.700ms, clock:755.856 level:100
2026-07-04 09:32:35.182 T:1305 debug : CVideoPlayer::ProcessPacket packet from enhancement layer: size:22275 dts:758.814 pts:758.814 dur:41.700ms
2026-07-04 09:32:35.203 T:1305 debug : CVideoPlayer::ProcessVideoData size:659211 dts:758.855 pts:758.981 dur:41.700ms, clock:755.856 level:100
2026-07-04 09:32:35.204 T:1305 debug : CVideoPlayer::ProcessPacket packet from enhancement layer: size:42297 dts:758.855 pts:758.981 dur:41.700ms
2026-07-04 09:32:35.231 T:1305 debug : CVideoPlayer::ProcessVideoData size:251762 dts:758.897 pts:758.897 dur:41.700ms, clock:755.856 level:100
2026-07-04 09:32:35.231 T:1305 debug : CVideoPlayer::ProcessPacket packet from enhancement layer: size:21935 dts:758.897 pts:758.897 dur:41.700ms
2026-07-04 09:32:35.260 T:1305 debug : CVideoPlayer::ProcessVideoData size:253837 dts:758.939 pts:758.939 dur:41.700ms, clock:755.856 level:100
2026-07-04 09:32:35.315 T:1305 debug : CVideoPlayer::ProcessPacket packet from enhancement layer: size:21229 dts:758.939 pts:758.939 dur:41.700ms
2026-07-04 09:32:35.334 T:1305 debug : CVideoPlayer::ProcessVideoData size:693255 dts:758.981 pts:759.106 dur:41.700ms, clock:755.856 level:100
2026-07-04 09:32:35.335 T:1305 debug : CVideoPlayer::ProcessPacket packet from enhancement layer: size:41385 dts:758.981 pts:759.106 dur:41.700ms
2026-07-04 09:32:35.356 T:1305 debug : CVideoPlayer::ProcessVideoData size:266227 dts:759.022 pts:759.022 dur:41.700ms, clock:755.856 level:100
2026-07-04 09:32:35.357 T:1305 debug : CVideoPlayer::ProcessPacket packet from enhancement layer: size:22167 dts:759.022 pts:759.022 dur:41.700ms
2026-07-04 09:32:35.412 T:1305 debug : CVideoPlayer::ProcessVideoData size:271129 dts:759.064 pts:759.064 dur:41.700ms, clock:755.856 level:100
2026-07-04 09:32:35.490 T:1305 debug : CVideoPlayer::ProcessPacket packet from enhancement layer: size:22205 dts:759.064 pts:759.064 dur:41.700ms
2026-07-04 09:32:35.509 T:1305 debug : CVideoPlayer::ProcessVideoData size:674419 dts:759.106 pts:759.231 dur:41.700ms, clock:755.856 level:100
2026-07-04 09:32:35.510 T:1305 debug : CVideoPlayer::ProcessPacket packet from enhancement layer: size:40309 dts:759.106 pts:759.231 dur:41.700ms
2026-07-04 09:32:35.541 T:1305 debug : CVideoPlayer::ProcessVideoData size:266408 dts:759.147 pts:759.147 dur:41.700ms, clock:755.856 level:100
2026-07-04 09:32:35.542 T:1305 debug : CVideoPlayer::ProcessPacket packet from enhancement layer: size:22080 dts:759.147 pts:759.147 dur:41.700ms
2026-07-04 09:32:35.571 T:1305 debug : CVideoPlayer::ProcessVideoData size:266846 dts:759.189 pts:759.189 dur:41.700ms, clock:755.856 level:100
2026-07-04 09:32:35.711 T:1305 debug : CVideoPlayer::ProcessVideoData size:1015561 dts:759.231 pts:759.356 dur:41.700ms, clock:755.856 level:100
2026-07-04 09:32:35.825 T:1305 debug : CVideoPlayer::ProcessPacket packet from enhancement layer: size:22301 dts:759.189 pts:759.189 dur:41.700ms
2026-07-04 09:32:35.826 T:1305 debug : CVideoPlayer::ProcessPacket packet from enhancement layer: size:117497 dts:759.231 pts:759.356 dur:41.700ms
2026-07-04 09:32:35.903 T:1305 debug : CVideoPlayer::ProcessVideoData size:264327 dts:759.272 pts:759.272 dur:41.700ms, clock:755.856 level:100
2026-07-04 09:32:35.904 T:1305 debug : CVideoPlayer::ProcessPacket packet from enhancement layer: size:23456 dts:759.272 pts:759.272 dur:41.700ms
2026-07-04 09:32:35.940 T:1305 debug : CVideoPlayer::ProcessVideoData size:264874 dts:759.314 pts:759.314 dur:41.700ms, clock:755.856 level:100
2026-07-04 09:32:35.993 T:1305 debug : CVideoPlayer::ProcessVideoData size:628973 dts:759.356 pts:759.481 dur:41.700ms, clock:755.856 level:100
2026-07-04 09:32:35.994 T:1305 debug : CVideoPlayer::ProcessPacket packet from enhancement layer: size:20775 dts:759.314 pts:759.314 dur:41.700ms
2026-07-04 09:32:36.019 T:1305 debug : CVideoPlayer::ProcessPacket packet from enhancement layer: size:67899 dts:759.356 pts:759.481 dur:41.700ms
2026-07-04 09:32:36.054 T:1305 debug : CVideoPlayer::ProcessVideoData size:271372 dts:759.398 pts:759.398 dur:41.700ms, clock:755.856 level:100
2026-07-04 09:32:36.055 T:1305 debug : CVideoPlayer::ProcessPacket packet from enhancement layer: size:22069 dts:759.398 pts:759.398 dur:41.700ms
2026-07-04 09:32:36.086 T:1305 debug : CVideoPlayer::ProcessVideoData size:259269 dts:759.439 pts:759.439 dur:41.700ms, clock:755.856 level:100
2026-07-04 09:32:36.128 T:1305 debug : CVideoPlayer::ProcessPacket packet from enhancement layer: size:22571 dts:759.439 pts:759.439 dur:41.700ms
2026-07-04 09:32:36.150 T:1305 debug : CVideoPlayer::ProcessVideoData size:643433 dts:759.481 pts:759.606 dur:41.700ms, clock:755.856 level:100
2026-07-04 09:32:36.151 T:1305 debug : CVideoPlayer::ProcessPacket packet from enhancement layer: size:46130 dts:759.481 pts:759.606 dur:41.700ms
2026-07-04 09:32:36.168 T:1305 debug : CVideoPlayer::ProcessVideoData size:260297 dts:759.523 pts:759.523 dur:41.700ms, clock:755.856 level:100
2026-07-04 09:32:36.179 T:1305 debug : CVideoPlayer::ProcessPacket packet from enhancement layer: size:21628 dts:759.523 pts:759.523 dur:41.700ms
2026-07-04 09:32:36.201 T:1305 debug : CVideoPlayer::ProcessVideoData size:260240 dts:759.564 pts:759.564 dur:41.700ms, clock:755.856 level:100
2026-07-04 09:32:36.239 T:1305 debug : CVideoPlayer::ProcessPacket packet from enhancement layer: size:21775 dts:759.564 pts:759.564 dur:41.700ms
2026-07-04 09:32:36.262 T:1305 debug : CVideoPlayer::ProcessVideoData size:615663 dts:759.606 pts:759.731 dur:41.700ms, clock:755.856 level:100
2026-07-04 09:32:36.263 T:1305 debug : CVideoPlayer::ProcessPacket packet from enhancement layer: size:41329 dts:759.606 pts:759.731 dur:41.700ms
2026-07-04 09:32:36.275 T:1305 debug : CVideoPlayer::ProcessVideoData size:259012 dts:759.648 pts:759.648 dur:41.700ms, clock:755.856 level:100
2026-07-04 09:32:36.276 T:1305 debug : CVideoPlayer::ProcessPacket packet from enhancement layer: size:21416 dts:759.648 pts:759.648 dur:41.700ms
2026-07-04 09:32:36.294 T:1305 debug : CVideoPlayer::ProcessVideoData size:252588 dts:759.690 pts:759.690 dur:41.700ms, clock:755.856 level:100
2026-07-04 09:32:36.519 T:1305 debug : CVideoPlayer::ProcessPacket packet from enhancement layer: size:28222 dts:759.690 pts:759.690 dur:41.700ms
2026-07-04 09:32:36.544 T:1305 debug : CVideoPlayer::ProcessVideoData size:592311 dts:759.731 pts:759.856 dur:41.700ms, clock:755.856 level:100
2026-07-04 09:32:36.567 T:1305 debug : CVideoPlayer::ProcessPacket packet from enhancement layer: size:38794 dts:759.731 pts:759.856 dur:41.700ms
2026-07-04 09:32:36.595 T:1305 debug : CVideoPlayer::ProcessVideoData size:257066 dts:759.773 pts:759.773 dur:41.700ms, clock:755.856 level:100
2026-07-04 09:32:36.596 T:1305 debug : CVideoPlayer::ProcessPacket packet from enhancement layer: size:20529 dts:759.773 pts:759.773 dur:41.700ms
2026-07-04 09:32:36.621 T:1305 debug : CVideoPlayer::ProcessVideoData size:252976 dts:759.815 pts:759.815 dur:41.700ms, clock:755.856 level:100
2026-07-04 09:32:36.671 T:1305 debug : CVideoPlayer::ProcessPacket packet from enhancement layer: size:26830 dts:759.815 pts:759.815 dur:41.700ms
2026-07-04 09:32:36.754 T:1305 debug : CVideoPlayer::ProcessVideoData size:588399 dts:759.856 pts:759.982 dur:41.700ms, clock:755.856 level:100
2026-07-04 09:32:36.755 T:1305 debug : CVideoPlayer::ProcessPacket packet from enhancement layer: size:47444 dts:759.856 pts:759.982 dur:41.700ms
2026-07-04 09:32:36.782 T:1305 debug : CVideoPlayer::ProcessVideoData size:245569 dts:759.898 pts:759.898 dur:41.700ms, clock:755.856 level:100
2026-07-04 09:32:36.783 T:1305 debug : CVideoPlayer::ProcessPacket packet from enhancement layer: size:26990 dts:759.898 pts:759.898 dur:41.700ms
2026-07-04 09:32:36.792 T:1305 debug : CVideoPlayer::ProcessVideoData size:246671 dts:759.940 pts:759.940 dur:41.700ms, clock:755.856 level:100
2026-07-04 09:32:36.810 T:1305 debug : CVideoPlayer::ProcessPacket packet from enhancement layer: size:26686 dts:759.940 pts:759.940 dur:41.700ms
2026-07-04 09:32:36.834 T:1305 debug : CVideoPlayer::ProcessVideoData size:579572 dts:759.982 pts:760.107 dur:41.700ms, clock:755.856 level:100
2026-07-04 09:32:36.847 T:1305 debug : CVideoPlayer::ProcessPacket packet from enhancement layer: size:49140 dts:759.982 pts:760.107 dur:41.700ms
2026-07-04 09:32:36.864 T:1305 debug : CVideoPlayer::ProcessVideoData size:244314 dts:760.023 pts:760.023 dur:41.700ms, clock:755.856 level:100
2026-07-04 09:32:36.865 T:1305 debug : CVideoPlayer::ProcessPacket packet from enhancement layer: size:20721 dts:760.023 pts:760.023 dur:41.700ms
2026-07-04 09:32:36.885 T:1305 debug : CVideoPlayer::ProcessVideoData size:242271 dts:760.065 pts:760.065 dur:41.700ms, clock:755.856 level:100
2026-07-04 09:32:36.974 T:1305 debug : CVideoPlayer::ProcessPacket packet from enhancement layer: size:26743 dts:760.065 pts:760.065 dur:41.700ms
2026-07-04 09:32:37.036 T:1305 debug : CVideoPlayer::ProcessVideoData size:892790 dts:760.107 pts:760.232 dur:41.700ms, clock:755.856 level:100
2026-07-04 09:32:37.037 T:1305 debug : CVideoPlayer::ProcessPacket packet from enhancement layer: size:204877 dts:760.107 pts:760.232 dur:41.700ms
2026-07-04 09:32:37.079 T:1305 debug : CVideoPlayer::ProcessVideoData size:237718 dts:760.148 pts:760.148 dur:41.700ms, clock:755.856 level:100
2026-07-04 09:32:37.080 T:1305 debug : CVideoPlayer::ProcessPacket packet from enhancement layer: size:25961 dts:760.148 pts:760.148 dur:41.700ms
2026-07-04 09:32:37.103 T:1305 debug : CVideoPlayer::ProcessVideoData size:239350 dts:760.190 pts:760.190 dur:41.700ms, clock:755.856 level:100
2026-07-04 09:32:37.134 T:1305 debug : CVideoPlayer::ProcessPacket packet from enhancement layer: size:25518 dts:760.190 pts:760.190 dur:41.700ms
2026-07-04 09:32:37.159 T:1305 debug : CVideoPlayer::ProcessVideoData size:570639 dts:760.232 pts:760.357 dur:41.700ms, clock:755.856 level:100
2026-07-04 09:32:37.160 T:1305 debug : CVideoPlayer::ProcessPacket packet from enhancement layer: size:52187 dts:760.232 pts:760.357 dur:41.700ms
2026-07-04 09:32:37.178 T:1305 debug : CVideoPlayer::ProcessVideoData size:231904 dts:760.273 pts:760.273 dur:41.700ms, clock:755.856 level:100
2026-07-04 09:32:37.197 T:1305 debug : CVideoPlayer::ProcessPacket packet from enhancement layer: size:25226 dts:760.273 pts:760.273 dur:41.700ms
2026-07-04 09:32:37.218 T:1305 debug : CVideoPlayer::ProcessVideoData size:229122 dts:760.315 pts:760.315 dur:41.700ms, clock:755.856 level:100
2026-07-04 09:32:37.249 T:1305 debug : CVideoPlayer::ProcessPacket packet from enhancement layer: size:27190 dts:760.315 pts:760.315 dur:41.700ms
2026-07-04 09:32:37.411 T:1305 debug : CVideoPlayer::ProcessVideoData size:598521 dts:760.357 pts:760.482 dur:41.700ms, clock:755.856 level:100
2026-07-04 09:32:37.412 T:1305 debug : CVideoPlayer::ProcessPacket packet from enhancement layer: size:56981 dts:760.357 pts:760.482 dur:41.700ms
2026-07-04 09:32:37.425 T:1305 debug : CVideoPlayer::ProcessVideoData size:224802 dts:760.399 pts:760.399 dur:41.700ms, clock:755.856 level:100
2026-07-04 09:32:37.425 T:1305 debug : CVideoPlayer::ProcessPacket packet from enhancement layer: size:21333 dts:760.399 pts:760.399 dur:41.700ms
2026-07-04 09:32:37.439 T:1305 debug : CVideoPlayer::ProcessVideoData size:225723 dts:760.440 pts:760.440 dur:41.700ms, clock:755.856 level:100
2026-07-04 09:32:37.480 T:1305 debug : CVideoPlayer::ProcessPacket packet from enhancement layer: size:28120 dts:760.440 pts:760.440 dur:41.700ms
2026-07-04 09:32:37.504 T:1305 debug : CVideoPlayer::ProcessVideoData size:616723 dts:760.482 pts:760.607 dur:41.700ms, clock:755.856 level:100
2026-07-04 09:32:37.504 T:1305 debug : CVideoPlayer::ProcessPacket packet from enhancement layer: size:44019 dts:760.482 pts:760.607 dur:41.700ms
2026-07-04 09:32:37.526 T:1305 debug : CVideoPlayer::ProcessVideoData size:228877 dts:760.524 pts:760.524 dur:41.700ms, clock:755.856 level:100
2026-07-04 09:32:37.526 T:1305 debug : CVideoPlayer::ProcessPacket packet from enhancement layer: size:26700 dts:760.524 pts:760.524 dur:41.700ms
2026-07-04 09:32:37.565 T:1305 debug : CVideoPlayer::ProcessVideoData size:229266 dts:760.565 pts:760.565 dur:41.700ms, clock:755.856 level:100
2026-07-04 09:32:37.582 T:1305 debug : CVideoPlayer::ProcessPacket packet from enhancement layer: size:27053 dts:760.565 pts:760.565 dur:41.700ms
2026-07-04 09:32:37.605 T:1305 debug : CVideoPlayer::ProcessVideoData size:627339 dts:760.607 pts:760.732 dur:41.700ms, clock:755.856 level:100
2026-07-04 09:32:37.620 T:1305 debug : CVideoPlayer::ProcessPacket packet from enhancement layer: size:40545 dts:760.607 pts:760.732 dur:41.700ms
2026-07-04 09:32:37.639 T:1305 debug : CVideoPlayer::ProcessVideoData size:225317 dts:760.649 pts:760.649 dur:41.700ms, clock:755.856 level:100
2026-07-04 09:32:37.640 T:1305 debug : CVideoPlayer::ProcessPacket packet from enhancement layer: size:26554 dts:760.649 pts:760.649 dur:41.700ms
2026-07-04 09:32:37.659 T:1305 debug : CVideoPlayer::ProcessVideoData size:225155 dts:760.691 pts:760.691 dur:41.700ms, clock:755.856 level:100
2026-07-04 09:32:37.698 T:1305 debug : CVideoPlayer::ProcessPacket packet from enhancement layer: size:26762 dts:760.691 pts:760.691 dur:41.700ms
