2026-07-04 09:28:31.993 T:1307 debug : CVideoPlayerVideo::OutputPicture - ttd:3048ms pts:635.399 Clock:632.350 Level:12
2026-07-04 09:28:31.994 T:1307 debug : CVideoPlayerVideo - CDVDMsg::DEMUXER_PACKET - checking interlace vfmt: null
2026-07-04 09:28:31.994 T:1305 debug : CVideoPlayer::ProcessPacket packet from enhancement layer: size:20073 dts:636.984 pts:636.984 dur:41.700ms
2026-07-04 09:28:31.996 T:1307 debug : CVideoPlayerVideo::OutputPicture - ttd:3088ms pts:635.440 Clock:632.352 Level:13
2026-07-04 09:28:32.012 T:1305 debug : CVideoPlayer::ProcessVideoData size:275371 dts:637.025 pts:637.025 dur:41.700ms, clock:632.368 level:0
2026-07-04 09:28:32.065 T:1305 debug : CVideoPlayer::ProcessPacket packet from enhancement layer: size:20244 dts:637.025 pts:637.025 dur:41.700ms
2026-07-04 09:28:32.082 T:1305 debug : CVideoPlayer::ProcessVideoData size:809731 dts:637.067 pts:637.192 dur:41.700ms, clock:632.438 level:100
2026-07-04 09:28:32.099 T:1305 debug : CVideoPlayer::ProcessPacket packet from enhancement layer: size:49170 dts:637.067 pts:637.192 dur:41.700ms
2026-07-04 09:28:32.105 T:974 debug : ActiveAE::SyncStream - average error of -0.638876, start adjusting
2026-07-04 09:28:32.105 T:974 debug : ActiveAE::SyncStream - average error -0.638876 below threshold of 30.000000
2026-07-04 09:28:32.122 T:1305 debug : CVideoPlayer::ProcessVideoData size:259278 dts:637.109 pts:637.109 dur:41.700ms, clock:632.478 level:100
2026-07-04 09:28:32.122 T:1305 debug : CVideoPlayer::ProcessPacket packet from enhancement layer: size:27272 dts:637.109 pts:637.109 dur:41.700ms
2026-07-04 09:28:32.151 T:1305 debug : CVideoPlayer::ProcessVideoData size:258596 dts:637.150 pts:637.150 dur:41.700ms, clock:632.508 level:100
2026-07-04 09:28:32.227 T:1305 debug : CVideoPlayer::ProcessPacket packet from enhancement layer: size:28150 dts:637.150 pts:637.150 dur:41.700ms
2026-07-04 09:28:32.245 T:1305 debug : CVideoPlayer::ProcessVideoData size:817388 dts:637.192 pts:637.317 dur:41.700ms, clock:632.602 level:100
2026-07-04 09:28:32.246 T:1305 debug : CVideoPlayer::ProcessPacket packet from enhancement layer: size:47337 dts:637.192 pts:637.317 dur:41.700ms
2026-07-04 09:28:32.267 T:1305 debug : CVideoPlayer::ProcessVideoData size:264891 dts:637.234 pts:637.234 dur:41.700ms, clock:632.623 level:100
2026-07-04 09:28:32.287 T:1305 debug : CVideoPlayer::ProcessPacket packet from enhancement layer: size:27614 dts:637.234 pts:637.234 dur:41.700ms
2026-07-04 09:28:32.315 T:1305 debug : CVideoPlayer::ProcessVideoData size:271379 dts:637.276 pts:637.276 dur:41.700ms, clock:632.672 level:100
2026-07-04 09:28:32.342 T:937 debug : CAMLCodec::SetVideoRect:display(0,0,3840,2160)
2026-07-04 09:28:32.342 T:937 debug : CAMLCodec::SetVideoRect:gui(0,0,1920,1080)
2026-07-04 09:28:32.342 T:937 debug : CAMLCodec::SetVideoRect:m_dst_rect(0,0,1920,1080)
2026-07-04 09:28:32.342 T:937 debug : CAMLCodec::SetVideoRect:dst_rect(0,0,3840,2160)
2026-07-04 09:28:32.342 T:937 debug : CAMLCodec::SetVideoRect:m_guiStereoMode(0)
2026-07-04 09:28:32.342 T:937 debug : CAMLCodec::SetVideoRect:m_guiStereoView(0)
2026-07-04 09:28:32.353 T:937 debug : Activating window ID: 12005
2026-07-04 09:28:32.354 T:937 debug : ------ Window Deinit (MyVideoNav.xml) ------
2026-07-04 09:28:32.354 T:937 debug : FreeVisualisation() done
2026-07-04 09:28:32.362 T:1305 debug : CVideoPlayer::ProcessPacket packet from enhancement layer: size:20885 dts:637.276 pts:637.276 dur:41.700ms
2026-07-04 09:28:32.372 T:937 debug : ------ Window Init (VideoFullScreen.xml) ------
2026-07-04 09:28:32.383 T:937 debug : ------ Window Deinit (DialogBusy.xml) ------
2026-07-04 09:28:32.387 T:937 info : [WHITELIST] Searching the whitelist for: width: 3840, height: 2160, fps: 23.976, 3D: false:(0x4), stereo mode: 0
2026-07-04 09:28:32.387 T:937 debug : [WHITELIST] Using the default whitelist because the user whitelist is empty
2026-07-04 09:28:32.387 T:937 debug : [WHITELIST] Searching for an exact resolution with an exact refresh rate
2026-07-04 09:28:32.387 T:937 debug : [WHITELIST] Matched an exact resolution with an exact refresh rate 3840x2160 @ 23.98 - Full Screen, 0x4 (25)
2026-07-04 09:28:32.387 T:937 debug : [WHITELIST] Searching for an exact resolution with double the refresh rate
2026-07-04 09:28:32.387 T:937 info : Display resolution ADJUST : 3840x2160 @ 23.98 - Full Screen (25) (weight: 0.000)
2026-07-04 09:28:32.388 T:937 debug : CAMLDRMUtils::aml_get_drmDevice_mode - current mode: 2160p60hz
2026-07-04 09:28:32.388 T:937 debug : CWinSystemAmlogicGLESContext::CreateNewWindow: m_bWindowCreated: true, frac rate 1(0), hdrType: dolbyvision(none), force mode switch: by DV
2026-07-04 09:28:32.388 T:937 debug : CWinSystemAmlogicGLESContext::CreateNewWindow: cur: iWidth: 1920, iHeight: 1080, iScreenWidth: 3840, iScreenHeight: 2160, fRefreshRate: 60.00, dwFlags: 04, nativeGUI: false
2026-07-04 09:28:32.388 T:937 debug : CWinSystemAmlogicGLESContext::CreateNewWindow: res: iWidth: 1920, iHeight: 1080, iScreenWidth: 3840, iScreenHeight: 2160, fRefreshRate: 23.98, dwFlags: 04, nativeGUI: false
2026-07-04 09:28:32.388 T:937 debug : CAMLDRMUtils::FbDestroyCallback - removing framebuffer: 150
2026-07-04 09:28:32.394 T:1305 debug : CVideoPlayer::ProcessVideoData size:823253 dts:637.317 pts:637.442 dur:41.700ms, clock:632.751 level:100
2026-07-04 09:28:32.416 T:1305 debug : CVideoPlayer::ProcessPacket packet from enhancement layer: size:44999 dts:637.317 pts:637.442 dur:41.700ms
2026-07-04 09:28:32.420 T:1003 debug : script.tinyppi --> sender=xbmc method=Player.OnAVChange type='movie'
2026-07-04 09:28:32.420 T:1003 debug : script.tinyppi --> sender=xbmc method=Player.OnAVStart type='movie'
2026-07-04 09:28:32.457 T:1305 debug : CVideoPlayer::ProcessVideoData size:251008 dts:637.359 pts:637.359 dur:41.700ms, clock:632.814 level:100
2026-07-04 09:28:32.458 T:1305 debug : CVideoPlayer::ProcessPacket packet from enhancement layer: size:24383 dts:637.359 pts:637.359 dur:41.700ms
2026-07-04 09:28:32.475 T:1305 debug : CVideoPlayer::ProcessVideoData size:244423 dts:637.401 pts:637.401 dur:41.700ms, clock:632.832 level:100
2026-07-04 09:28:32.578 T:937 info : VideoPlayer: OnLostDisplay received
2026-07-04 09:28:32.578 T:937 debug : CAMLDisplay::set_display_resolution: try to set mode: 2160p24hz
2026-07-04 09:28:32.578 T:1307 debug : CVideoPlayerVideo - CDVDMsg::GENERAL_PAUSE: true
2026-07-04 09:28:32.672 T:937 debug : CAMLDisplay::aml_set_drmDevice_mode: try to set mode: 2160p24hz
2026-07-04 09:28:32.672 T:937 debug : CAMLDRMUtils::aml_get_drmDevice_mode - current mode: 2160p60hz
2026-07-04 09:28:32.672 T:937 debug : CAMLDRMUtils::aml_set_drmDevice_active - use mode[10]: 2160p24hz
2026-07-04 09:28:32.703 T:1305 debug : CVideoPlayer::ProcessPacket packet from enhancement layer: size:23256 dts:637.401 pts:637.401 dur:41.700ms
2026-07-04 09:28:32.799 T:937 debug : CAMLDRMUtils::aml_set_drmDevice_mode - finished set drmDevice mode
2026-07-04 09:28:32.800 T:937 debug : CAMLGBMUtils::CreateSurface - created surface with size 1920x1080
2026-07-04 09:28:32.800 T:937 info : VideoPlayer: OnResetDisplay received
2026-07-04 09:28:32.800 T:937 info : GLES: Maximum texture width: 16383
2026-07-04 09:28:32.800 T:1307 debug : CVideoPlayerVideo - CDVDMsg::GENERAL_PAUSE: false
2026-07-04 09:28:32.800 T:974 debug : CActiveAE - display reset event
2026-07-04 09:28:32.800 T:1307 info : CVideoPlayerVideo: display reset occurred, clear skipped frames
2026-07-04 09:28:32.801 T:975 info : CActiveAESink::OpenSink - initialize sink
2026-07-04 09:28:32.801 T:975 debug : CActiveAESink::OpenSink - trying to open device ALSA:hdmi:CARD=AMLAUGESOUND,DEV=0
2026-07-04 09:28:32.801 T:975 info : CAESinkALSA::Initialize - Configure simple control for "AUGESOUND"
2026-07-04 09:28:32.801 T:975 info : CAESinkALSA - Use card "hw:0" and set codec format "TrueHD"
2026-07-04 09:28:32.805 T:937 debug : CRenderManager::UpdateLatencyTweak - got latency tweak of 0.0ms with a refresh rate of 23.976Hz and resolution of 2160, HDR used: true
2026-07-04 09:28:32.806 T:1005 debug : [service.skiptro] Checking for skiptro data: nfs://192.168.121.210/fs/1000/nfs/Movie2/1917-ISO.2019/00040.skiptro.json
2026-07-04 09:28:32.811 T:1005 debug : [service.skiptro] No skiptro file found
2026-07-04 09:28:32.813 T:1305 debug : CVideoPlayer::ProcessVideoData size:691019 dts:637.442 pts:637.568 dur:41.700ms, clock:632.947 level:100
2026-07-04 09:28:32.813 T:1290 debug : virtual void CApplicationPlayerCallback::OnAVChange(): call
2026-07-04 09:28:32.817 T:937 debug : CAMLDRMUtils::FbDestroyCallback - removing framebuffer: 147
2026-07-04 09:28:32.818 T:1305 debug : CVideoPlayer::ProcessPacket packet from enhancement layer: size:47154 dts:637.442 pts:637.568 dur:41.700ms
2026-07-04 09:28:32.830 T:1305 debug : CVideoPlayer::ProcessVideoData size:285218 dts:637.484 pts:637.484 dur:41.700ms, clock:632.964 level:100
2026-07-04 09:28:32.830 T:975 info : CAESinkALSA - Set Spdif to HDMITX to "Spdif_b"
2026-07-04 09:28:32.830 T:975 info : CAESinkALSA - Set codec for "Audio spdif_b format"
2026-07-04 09:28:32.830 T:975 info : CAESinkALSA - Set codec for "Audio I2S to HDMITX Format"
2026-07-04 09:28:32.830 T:975 info : CAESinkALSA - Set codec for "Audio spdif format"
2026-07-04 09:28:32.830 T:975 info : CAESinkALSA::Initialize - Attempting to open device "hdmi:CARD=AMLAUGESOUND,DEV=0"
2026-07-04 09:28:32.831 T:1305 debug : CVideoPlayer::ProcessPacket packet from enhancement layer: size:20673 dts:637.484 pts:637.484 dur:41.700ms
2026-07-04 09:28:32.833 T:975 info : CAESinkALSA::Initialize - Opened device "hdmi:CARD=AMLAUGESOUND,DEV=0,AES0=0x06,AES1=0x82,AES2=0x00,AES3=0x09"
2026-07-04 09:28:32.833 T:975 debug : CAESinkALSA::InitializeHW - Request: periodSize 8192, bufferSize 32768
2026-07-04 09:28:32.837 T:975 debug : CAESinkALSA::InitializeHW - Got: periodSize 8192, bufferSize 32768
2026-07-04 09:28:32.837 T:975 debug : CAESinkALSA::InitializeHW - Setting timeout to 171 ms
2026-07-04 09:28:32.840 T:975 debug : CAESinkALSA::GetChannelLayout - Input Channel Count: 8 Output Channel Count: 8
2026-07-04 09:28:32.840 T:975 debug : CAESinkALSA::GetChannelLayout - Requested Layout: FL, FR, FC, LFE, BL, BR, SL, SR
2026-07-04 09:28:32.840 T:975 debug : CAESinkALSA::GetChannelLayout - Got Layout: FL, FR, FC, LFE, BL, BR, SL, SR (ALSA: none)
2026-07-04 09:28:32.840 T:975 debug : CActiveAESink::OpenSink - ALSA Initialized:
2026-07-04 09:28:32.840 T:975 debug : Output Device : AML-AUGESOUND
2026-07-04 09:28:32.840 T:975 debug : Sample Rate : 192000
2026-07-04 09:28:32.840 T:975 debug : Sample Format : AE_FMT_S16NE
2026-07-04 09:28:32.840 T:975 debug : Channel Count : 8
2026-07-04 09:28:32.840 T:975 debug : Channel Layout: FL, FR, FC, LFE, BL, BR, SL, SR
2026-07-04 09:28:32.840 T:975 debug : Frames : 8192
2026-07-04 09:28:32.840 T:975 debug : Frame Size : 16
2026-07-04 09:28:32.847 T:1305 debug : CVideoPlayer::ProcessVideoData size:242566 dts:637.526 pts:637.526 dur:41.700ms, clock:632.981 level:100
2026-07-04 09:28:32.850 T:974 debug : void ActiveAE::CActiveAE::ConfigureLowLatency(): Low latency mode: true - Initial buffer level: 20ms (resample: false)
2026-07-04 09:28:32.850 T:974 debug : CActiveAE::ClearDiscardedBuffers - buffer pool deleted
2026-07-04 09:28:32.851 T:1308 debug : Skipped 2 duplicate messages..
2026-07-04 09:28:32.851 T:1308 debug : CVideoPlayerAudio - CDVDMsg::GENERAL_PAUSE: true
2026-07-04 09:28:32.852 T:1308 debug : CVideoPlayerAudio - CDVDMsg::GENERAL_PAUSE: false
2026-07-04 09:28:32.852 T:1308 info : CVideoPlayerAudio: display reset occurred, checking for passthrough
2026-07-04 09:28:32.852 T:1308 debug : virtual bool CDVDAudioCodecPassthrough::Open(CDVDStreamInfo&, CDVDCodecOptions&): passthrough output device is IEC
2026-07-04 09:28:32.898 T:1305 debug : CVideoPlayer::ProcessPacket packet from enhancement layer: size:24205 dts:637.526 pts:637.526 dur:41.700ms
2026-07-04 09:28:32.906 T:1003 debug : script.tinyppi --> sender=xbmc method=Player.OnAVChange type='movie'
2026-07-04 09:28:32.913 T:1305 debug : CVideoPlayer::ProcessVideoData size:715260 dts:637.568 pts:637.693 dur:41.700ms, clock:633.047 level:100
2026-07-04 09:28:32.920 T:1305 debug : CVideoPlayer::ProcessPacket packet from enhancement layer: size:47694 dts:637.568 pts:637.693 dur:41.700ms
2026-07-04 09:28:32.937 T:1305 debug : CVideoPlayer::ProcessVideoData size:274980 dts:637.609 pts:637.609 dur:41.700ms, clock:633.071 level:100
2026-07-04 09:28:32.938 T:1305 debug : CVideoPlayer::ProcessPacket packet from enhancement layer: size:27885 dts:637.609 pts:637.609 dur:41.700ms
2026-07-04 09:28:32.957 T:1305 debug : CVideoPlayer::ProcessVideoData size:246184 dts:637.651 pts:637.651 dur:41.700ms, clock:633.091 level:100
2026-07-04 09:28:33.094 T:1305 debug : CVideoPlayer::ProcessVideoData size:1161258 dts:637.693 pts:637.818 dur:41.700ms, clock:633.228 level:100
2026-07-04 09:28:33.095 T:1305 debug : CVideoPlayer::ProcessPacket packet from enhancement layer: size:24859 dts:637.651 pts:637.651 dur:41.700ms
2026-07-04 09:28:33.097 T:1305 debug : CVideoPlayer::ProcessPacket packet from enhancement layer: size:145621 dts:637.693 pts:637.818 dur:41.700ms
2026-07-04 09:28:33.125 T:1305 debug : CVideoPlayer::ProcessVideoData size:247706 dts:637.734 pts:637.734 dur:41.700ms, clock:633.260 level:100
2026-07-04 09:28:33.152 T:1305 debug : CVideoPlayer::ProcessPacket packet from enhancement layer: size:31293 dts:637.734 pts:637.734 dur:41.700ms
2026-07-04 09:28:33.164 T:1305 debug : CVideoPlayer::ProcessVideoData size:250878 dts:637.776 pts:637.776 dur:41.700ms, clock:633.298 level:100
2026-07-04 09:28:33.196 T:1305 debug : CVideoPlayer::ProcessPacket packet from enhancement layer: size:23171 dts:637.776 pts:637.776 dur:41.700ms
2026-07-04 09:28:33.230 T:1305 debug : CVideoPlayer::ProcessVideoData size:690107 dts:637.818 pts:637.943 dur:41.700ms, clock:633.364 level:100
2026-07-04 09:28:33.231 T:1305 debug : CVideoPlayer::ProcessPacket packet from enhancement layer: size:51012 dts:637.818 pts:637.943 dur:41.700ms
2026-07-04 09:28:33.260 T:1305 debug : CVideoPlayer::ProcessVideoData size:248221 dts:637.860 pts:637.860 dur:41.700ms, clock:633.394 level:100
2026-07-04 09:28:33.261 T:1305 debug : CVideoPlayer::ProcessPacket packet from enhancement layer: size:24370 dts:637.860 pts:637.860 dur:41.700ms
2026-07-04 09:28:33.304 T:1305 debug : CVideoPlayer::ProcessVideoData size:239567 dts:637.901 pts:637.901 dur:41.700ms, clock:633.438 level:100
2026-07-04 09:28:33.347 T:1305 debug : CVideoPlayer::ProcessPacket packet from enhancement layer: size:24743 dts:637.901 pts:637.901 dur:41.700ms
2026-07-04 09:28:33.371 T:1305 debug : CVideoPlayer::ProcessVideoData size:677062 dts:637.943 pts:638.068 dur:41.700ms, clock:633.505 level:100
2026-07-04 09:28:33.372 T:1305 debug : CVideoPlayer::ProcessPacket packet from enhancement layer: size:52561 dts:637.943 pts:638.068 dur:41.700ms
2026-07-04 09:28:33.383 T:1305 debug : CVideoPlayer::ProcessVideoData size:243459 dts:637.985 pts:637.985 dur:41.700ms, clock:633.517 level:100
2026-07-04 09:28:33.384 T:1305 debug : CVideoPlayer::ProcessPacket packet from enhancement layer: size:25007 dts:637.985 pts:637.985 dur:41.700ms
2026-07-04 09:28:33.402 T:1305 debug : CVideoPlayer::ProcessVideoData size:230450 dts:638.026 pts:638.026 dur:41.700ms, clock:633.536 level:100
2026-07-04 09:28:33.479 T:1305 debug : CVideoPlayer::ProcessPacket packet from enhancement layer: size:24804 dts:638.026 pts:638.026 dur:41.700ms
2026-07-04 09:28:33.528 T:1305 debug : CVideoPlayer::ProcessVideoData size:787707 dts:638.068 pts:638.193 dur:41.700ms, clock:633.663 level:100
2026-07-04 09:28:33.529 T:1305 debug : CVideoPlayer::ProcessPacket packet from enhancement layer: size:43481 dts:638.068 pts:638.193 dur:41.700ms
2026-07-04 09:28:33.559 T:1305 debug : CVideoPlayer::ProcessVideoData size:235822 dts:638.110 pts:638.110 dur:41.700ms, clock:633.693 level:100
2026-07-04 09:28:33.560 T:1305 debug : CVideoPlayer::ProcessPacket packet from enhancement layer: size:24188 dts:638.110 pts:638.110 dur:41.700ms
2026-07-04 09:28:33.615 T:1305 debug : CVideoPlayer::ProcessVideoData size:235055 dts:638.151 pts:638.151 dur:41.700ms, clock:633.749 level:100
2026-07-04 09:28:33.629 T:1305 debug : CVideoPlayer::ProcessPacket packet from enhancement layer: size:23179 dts:638.151 pts:638.151 dur:41.700ms
2026-07-04 09:28:33.650 T:1305 debug : CVideoPlayer::ProcessVideoData size:686215 dts:638.193 pts:638.318 dur:41.700ms, clock:633.785 level:100
2026-07-04 09:28:33.651 T:1305 debug : CVideoPlayer::ProcessPacket packet from enhancement layer: size:44218 dts:638.193 pts:638.318 dur:41.700ms
2026-07-04 09:28:33.677 T:1305 debug : CVideoPlayer::ProcessVideoData size:234585 dts:638.235 pts:638.235 dur:41.700ms, clock:633.812 level:100
2026-07-04 09:28:33.678 T:1305 debug : CVideoPlayer::ProcessPacket packet from enhancement layer: size:22206 dts:638.235 pts:638.235 dur:41.700ms
2026-07-04 09:28:33.710 T:1305 debug : CVideoPlayer::ProcessVideoData size:240855 dts:638.277 pts:638.277 dur:41.700ms, clock:633.845 level:100
2026-07-04 09:28:33.739 T:1305 debug : CVideoPlayer::ProcessPacket packet from enhancement layer: size:22433 dts:638.277 pts:638.277 dur:41.700ms
2026-07-04 09:28:33.784 T:1305 debug : CVideoPlayer::ProcessVideoData size:664719 dts:638.318 pts:638.443 dur:41.700ms, clock:633.918 level:100
2026-07-04 09:28:33.785 T:1305 debug : CVideoPlayer::ProcessPacket packet from enhancement layer: size:44297 dts:638.318 pts:638.443 dur:41.700ms
2026-07-04 09:28:33.805 T:1305 debug : CVideoPlayer::ProcessVideoData size:261636 dts:638.360 pts:638.360 dur:41.700ms, clock:633.939 level:100
2026-07-04 09:28:33.806 T:1305 debug : CVideoPlayer::ProcessPacket packet from enhancement layer: size:25066 dts:638.360 pts:638.360 dur:41.700ms
2026-07-04 09:28:33.823 T:1305 debug : CVideoPlayer::ProcessVideoData size:239089 dts:638.402 pts:638.402 dur:41.700ms, clock:633.957 level:100
2026-07-04 09:28:33.863 T:1305 debug : CVideoPlayer::ProcessPacket packet from enhancement layer: size:29390 dts:638.402 pts:638.402 dur:41.700ms
2026-07-04 09:28:33.886 T:1305 debug : CVideoPlayer::ProcessVideoData size:767066 dts:638.443 pts:638.569 dur:41.700ms, clock:634.021 level:100
2026-07-04 09:28:33.887 T:1305 debug : CVideoPlayer::ProcessPacket packet from enhancement layer: size:39861 dts:638.443 pts:638.569 dur:41.700ms
2026-07-04 09:28:33.908 T:1305 debug : CVideoPlayer::ProcessVideoData size:229662 dts:638.485 pts:638.485 dur:41.700ms, clock:634.042 level:100
2026-07-04 09:28:33.908 T:1305 debug : CVideoPlayer::ProcessPacket packet from enhancement layer: size:28136 dts:638.485 pts:638.485 dur:41.700ms
2026-07-04 09:28:33.931 T:1305 debug : CVideoPlayer::ProcessVideoData size:229558 dts:638.527 pts:638.527 dur:41.700ms, clock:634.066 level:100
2026-07-04 09:28:34.265 T:1305 debug : CVideoPlayer::ProcessVideoData size:1087593 dts:638.569 pts:638.694 dur:41.700ms, clock:634.400 level:100
2026-07-04 09:28:34.271 T:1305 debug : CVideoPlayer::ProcessPacket packet from enhancement layer: size:27805 dts:638.527 pts:638.527 dur:41.700ms
2026-07-04 09:28:34.273 T:1305 debug : CVideoPlayer::ProcessPacket packet from enhancement layer: size:141523 dts:638.569 pts:638.694 dur:41.700ms
2026-07-04 09:28:34.296 T:1305 debug : CVideoPlayer::ProcessVideoData size:238092 dts:638.610 pts:638.610 dur:41.700ms, clock:634.431 level:100
2026-07-04 09:28:34.297 T:1305 debug : CVideoPlayer::ProcessPacket packet from enhancement layer: size:28559 dts:638.610 pts:638.610 dur:41.700ms
2026-07-04 09:28:34.320 T:1305 debug : CVideoPlayer::ProcessVideoData size:239477 dts:638.652 pts:638.652 dur:41.700ms, clock:634.455 level:100
2026-07-04 09:28:34.338 T:1305 debug : CVideoPlayer::ProcessPacket packet from enhancement layer: size:28277 dts:638.652 pts:638.652 dur:41.700ms
2026-07-04 09:28:34.355 T:1305 debug : CVideoPlayer::ProcessVideoData size:647532 dts:638.694 pts:638.819 dur:41.700ms, clock:634.490 level:100
2026-07-04 09:28:34.364 T:1305 debug : CVideoPlayer::ProcessPacket packet from enhancement layer: size:48054 dts:638.694 pts:638.819 dur:41.700ms
2026-07-04 09:28:34.383 T:1305 debug : CVideoPlayer::ProcessVideoData size:271763 dts:638.735 pts:638.735 dur:41.700ms, clock:634.517 level:100
2026-07-04 09:28:34.384 T:1305 debug : CVideoPlayer::ProcessPacket packet from enhancement layer: size:24693 dts:638.735 pts:638.735 dur:41.700ms
2026-07-04 09:28:34.408 T:1305 debug : CVideoPlayer::ProcessVideoData size:236921 dts:638.777 pts:638.777 dur:41.700ms, clock:634.543 level:100
2026-07-04 09:28:34.437 T:1305 debug : CVideoPlayer::ProcessPacket packet from enhancement layer: size:29757 dts:638.777 pts:638.777 dur:41.700ms
2026-07-04 09:28:34.454 T:1305 debug : CVideoPlayer::ProcessVideoData size:703049 dts:638.819 pts:638.944 dur:41.700ms, clock:634.589 level:100
2026-07-04 09:28:34.455 T:1305 debug : CVideoPlayer::ProcessPacket packet from enhancement layer: size:49040 dts:638.819 pts:638.944 dur:41.700ms
2026-07-04 09:28:34.488 T:1305 debug : CVideoPlayer::ProcessVideoData size:230125 dts:638.861 pts:638.861 dur:41.700ms, clock:634.623 level:100
2026-07-04 09:28:34.489 T:1305 debug : CVideoPlayer::ProcessPacket packet from enhancement layer: size:29142 dts:638.861 pts:638.861 dur:41.700ms
2026-07-04 09:28:34.516 T:1305 debug : CVideoPlayer::ProcessVideoData size:230313 dts:638.902 pts:638.902 dur:41.700ms, clock:634.650 level:100
2026-07-04 09:28:34.554 T:937 debug : CAMLCodec::SetVideoRect:display(0,0,3840,2160)
2026-07-04 09:28:34.555 T:937 debug : CAMLCodec::SetVideoRect:gui(0,0,1920,1080)
2026-07-04 09:28:34.555 T:937 debug : CAMLCodec::SetVideoRect:m_dst_rect(0,0,1920,1080)
2026-07-04 09:28:34.555 T:937 debug : CAMLCodec::SetVideoRect:dst_rect(0,0,3840,2160)
2026-07-04 09:28:34.555 T:937 debug : CAMLCodec::SetVideoRect:m_guiStereoMode(0)
2026-07-04 09:28:34.555 T:937 debug : CAMLCodec::SetVideoRect:m_guiStereoView(0)
2026-07-04 09:28:34.560 T:1305 debug : CVideoPlayer::ProcessPacket packet from enhancement layer: size:30146 dts:638.902 pts:638.902 dur:41.700ms
2026-07-04 09:28:34.587 T:1305 debug : CVideoPlayer::ProcessVideoData size:732813 dts:638.944 pts:639.069 dur:41.700ms, clock:634.722 level:100
2026-07-04 09:28:34.588 T:1305 debug : CVideoPlayer::ProcessPacket packet from enhancement layer: size:44625 dts:638.944 pts:639.069 dur:41.700ms
2026-07-04 09:28:34.636 T:1305 debug : CVideoPlayer::ProcessVideoData size:225366 dts:638.986 pts:638.986 dur:41.700ms, clock:634.771 level:100
2026-07-04 09:28:34.637 T:1305 debug : CVideoPlayer::ProcessPacket packet from enhancement layer: size:30146 dts:638.986 pts:638.986 dur:41.700ms
2026-07-04 09:28:34.654 T:1307 debug : CVideoPlayerVideo::OutputPicture - ttd:693ms pts:635.482 Clock:634.789 Level:12
2026-07-04 09:28:34.656 T:1305 debug : CVideoPlayer::ProcessVideoData size:231129 dts:639.027 pts:639.027 dur:41.700ms, clock:634.790 level:100
2026-07-04 09:28:34.673 T:1305 debug : CVideoPlayer::ProcessPacket packet from enhancement layer: size:31089 dts:639.027 pts:639.027 dur:41.700ms
2026-07-04 09:28:34.701 T:1305 debug : CVideoPlayer::ProcessVideoData size:687400 dts:639.069 pts:639.194 dur:41.700ms, clock:634.835 level:100
2026-07-04 09:28:34.702 T:1305 debug : CVideoPlayer::ProcessPacket packet from enhancement layer: size:45368 dts:639.069 pts:639.194 dur:41.700ms
2026-07-04 09:28:34.726 T:1305 debug : CVideoPlayer::ProcessVideoData size:233752 dts:639.111 pts:639.111 dur:41.700ms, clock:634.861 level:100
2026-07-04 09:28:34.735 T:1307 debug : CVideoPlayerVideo::OutputPicture - ttd:654ms pts:635.524 Clock:634.870 Level:11
2026-07-04 09:28:34.740 T:1305 debug : CVideoPlayer::ProcessPacket packet from enhancement layer: size:31418 dts:639.111 pts:639.111 dur:41.700ms
2026-07-04 09:28:34.761 T:1305 debug : CVideoPlayer::ProcessVideoData size:231758 dts:639.152 pts:639.152 dur:41.700ms, clock:634.896 level:100
2026-07-04 09:28:34.775 T:1307 debug : CVideoPlayerVideo - CDVDMsg::DEMUXER_PACKET - checking interlace vfmt: null
2026-07-04 09:28:34.775 T:1307 debug : CVideoPlayerVideo::OutputPicture - ttd:655ms pts:635.566 Clock:634.910 Level:11
2026-07-04 09:28:34.799 T:1305 debug : CVideoPlayer::ProcessPacket packet from enhancement layer: size:31050 dts:639.152 pts:639.152 dur:41.700ms
2026-07-04 09:28:34.827 T:1305 debug : CVideoPlayer::ProcessVideoData size:718108 dts:639.194 pts:639.319 dur:41.700ms, clock:634.962 level:100
2026-07-04 09:28:34.828 T:1305 debug : CVideoPlayer::ProcessPacket packet from enhancement layer: size:45996 dts:639.194 pts:639.319 dur:41.700ms
2026-07-04 09:28:34.829 T:1307 debug : CVideoPlayerVideo::OutputPicture - ttd:643ms pts:635.607 Clock:634.964 Level:11
2026-07-04 09:28:34.830 T:1307 debug : CVideoPlayerVideo - CDVDMsg::DEMUXER_PACKET - checking interlace vfmt: null
2026-07-04 09:28:34.850 T:1305 debug : CVideoPlayer::ProcessVideoData size:239056 dts:639.236 pts:639.236 dur:41.700ms, clock:634.985 level:100
2026-07-04 09:28:34.860 T:1307 debug : CVideoPlayerVideo::OutputPicture - ttd:653ms pts:635.649 Clock:634.995 Level:11
2026-07-04 09:28:34.875 T:1305 debug : CVideoPlayer::ProcessPacket packet from enhancement layer: size:25304 dts:639.236 pts:639.236 dur:41.700ms
2026-07-04 09:28:34.897 T:1307 debug : CVideoPlayerVideo - CDVDMsg::DEMUXER_PACKET - checking interlace vfmt: null
2026-07-04 09:28:34.901 T:1307 debug : CVideoPlayerVideo::OutputPicture - ttd:654ms pts:635.691 Clock:635.036 Level:11
2026-07-04 09:28:34.914 T:1305 debug : CVideoPlayer::ProcessVideoData size:235681 dts:639.278 pts:639.278 dur:41.700ms, clock:635.049 level:100
2026-07-04 09:28:34.948 T:1307 debug : CVideoPlayerVideo::OutputPicture - ttd:649ms pts:635.732 Clock:635.083 Level:11
2026-07-04 09:28:34.986 T:1307 debug : CVideoPlayerVideo::OutputPicture - ttd:653ms pts:635.774 Clock:635.121 Level:11
2026-07-04 09:28:35.006 T:1305 debug : CVideoPlayer::ProcessPacket packet from enhancement layer: size:25047 dts:639.278 pts:639.278 dur:41.700ms
2026-07-04 09:28:35.023 T:1307 debug : CVideoPlayerVideo::OutputPicture - ttd:658ms pts:635.816 Clock:635.158 Level:11
2026-07-04 09:28:35.073 T:1307 debug : CVideoPlayerVideo::OutputPicture - ttd:649ms pts:635.858 Clock:635.208 Level:11
2026-07-04 09:28:35.100 T:1305 debug : CVideoPlayer::ProcessVideoData size:712169 dts:639.319 pts:639.444 dur:41.700ms, clock:635.235 level:100
2026-07-04 09:28:35.101 T:1305 debug : CVideoPlayer::ProcessPacket packet from enhancement layer: size:46540 dts:639.319 pts:639.444 dur:41.700ms
2026-07-04 09:28:35.107 T:1307 debug : CVideoPlayerVideo::OutputPicture - ttd:657ms pts:635.899 Clock:635.242 Level:11
2026-07-04 09:28:35.151 T:1307 debug : CVideoPlayerVideo::OutputPicture - ttd:654ms pts:635.941 Clock:635.286 Level:11
2026-07-04 09:28:35.172 T:1305 debug : CVideoPlayer::ProcessVideoData size:232204 dts:639.361 pts:639.361 dur:41.700ms, clock:635.307 level:100
2026-07-04 09:28:35.173 T:1305 debug : CVideoPlayer::ProcessPacket packet from enhancement layer: size:24626 dts:639.361 pts:639.361 dur:41.700ms
2026-07-04 09:28:35.197 T:1307 debug : CVideoPlayerVideo::OutputPicture - ttd:650ms pts:635.983 Clock:635.332 Level:11
2026-07-04 09:28:35.206 T:1305 debug : CVideoPlayer::ProcessVideoData size:234881 dts:639.403 pts:639.403 dur:41.700ms, clock:635.341 level:100
2026-07-04 09:28:35.234 T:1307 debug : CVideoPlayerVideo::OutputPicture - ttd:655ms pts:636.024 Clock:635.369 Level:11
2026-07-04 09:28:35.278 T:1307 debug : CVideoPlayerVideo::OutputPicture - ttd:652ms pts:636.066 Clock:635.413 Level:11
2026-07-04 09:28:35.324 T:1307 debug : CVideoPlayerVideo::OutputPicture - ttd:648ms pts:636.108 Clock:635.459 Level:11
2026-07-04 09:28:35.348 T:1305 debug : CVideoPlayer::ProcessVideoData size:1128240 dts:639.444 pts:639.570 dur:41.700ms, clock:635.483 level:100
2026-07-04 09:28:35.349 T:1305 debug : CVideoPlayer::ProcessPacket packet from enhancement layer: size:24649 dts:639.403 pts:639.403 dur:41.700ms
2026-07-04 09:28:35.350 T:1305 debug : CVideoPlayer::ProcessPacket packet from enhancement layer: size:151760 dts:639.444 pts:639.570 dur:41.700ms
2026-07-04 09:28:35.361 T:1307 debug : CVideoPlayerVideo::OutputPicture - ttd:653ms pts:636.150 Clock:635.496 Level:11
2026-07-04 09:28:35.374 T:1305 debug : CVideoPlayer::ProcessVideoData size:231724 dts:639.486 pts:639.486 dur:41.700ms, clock:635.509 level:100
2026-07-04 09:28:35.374 T:1305 debug : CVideoPlayer::ProcessPacket packet from enhancement layer: size:24790 dts:639.486 pts:639.486 dur:41.700ms
2026-07-04 09:28:35.399 T:1307 debug : CVideoPlayerVideo::OutputPicture - ttd:656ms pts:636.191 Clock:635.535 Level:11
2026-07-04 09:28:35.413 T:1305 debug : CVideoPlayer::ProcessVideoData size:224943 dts:639.528 pts:639.528 dur:41.700ms, clock:635.548 level:100
2026-07-04 09:28:35.449 T:1307 debug : CVideoPlayerVideo::OutputPicture - ttd:649ms pts:636.233 Clock:635.584 Level:11
2026-07-04 09:28:35.484 T:1307 debug : CVideoPlayerVideo::OutputPicture - ttd:655ms pts:636.275 Clock:635.619 Level:11
2026-07-04 09:28:35.522 T:1305 debug : CVideoPlayer::ProcessPacket packet from enhancement layer: size:23084 dts:639.528 pts:639.528 dur:41.700ms
2026-07-04 09:28:35.526 T:1307 debug : CVideoPlayerVideo::OutputPicture - ttd:655ms pts:636.316 Clock:635.661 Level:11
2026-07-04 09:28:35.574 T:1307 debug : CVideoPlayerVideo::OutputPicture - ttd:648ms pts:636.358 Clock:635.709 Level:11
2026-07-04 09:28:35.589 T:1305 debug : CVideoPlayer::ProcessVideoData size:659388 dts:639.570 pts:639.695 dur:41.700ms, clock:635.725 level:100
2026-07-04 09:28:35.590 T:1305 debug : CVideoPlayer::ProcessPacket packet from enhancement layer: size:52229 dts:639.570 pts:639.695 dur:41.700ms
2026-07-04 09:28:35.607 T:1307 debug : CVideoPlayerVideo::OutputPicture - ttd:657ms pts:636.400 Clock:635.743 Level:11
2026-07-04 09:28:35.652 T:1307 debug : CVideoPlayerVideo::OutputPicture - ttd:653ms pts:636.442 Clock:635.788 Level:11
2026-07-04 09:28:35.655 T:1305 debug : CVideoPlayer::ProcessVideoData size:224597 dts:639.611 pts:639.611 dur:41.700ms, clock:635.790 level:100
2026-07-04 09:28:35.655 T:1305 debug : CVideoPlayer::ProcessPacket packet from enhancement layer: size:24546 dts:639.611 pts:639.611 dur:41.700ms
2026-07-04 09:28:35.706 T:1307 debug : CVideoPlayerVideo::OutputPicture - ttd:642ms pts:636.483 Clock:635.841 Level:11
2026-07-04 09:28:35.722 T:1305 debug : CVideoPlayer::ProcessVideoData size:217391 dts:639.653 pts:639.653 dur:41.700ms, clock:635.857 level:100
2026-07-04 09:28:35.736 T:1307 debug : CVideoPlayerVideo::OutputPicture - ttd:653ms pts:636.525 Clock:635.872 Level:11
2026-07-04 09:28:35.773 T:1305 debug : CVideoPlayer::ProcessPacket packet from enhancement layer: size:24982 dts:639.653 pts:639.653 dur:41.700ms
2026-07-04 09:28:35.775 T:1307 debug : CVideoPlayerVideo::OutputPicture - ttd:656ms pts:636.567 Clock:635.911 Level:11
2026-07-04 09:28:35.796 T:1305 debug : CVideoPlayer::ProcessVideoData size:699336 dts:639.695 pts:639.820 dur:41.700ms, clock:635.932 level:100
2026-07-04 09:28:35.811 T:1305 debug : CVideoPlayer::ProcessPacket packet from enhancement layer: size:50804 dts:639.695 pts:639.820 dur:41.700ms
2026-07-04 09:28:35.822 T:1307 debug : CVideoPlayerVideo::OutputPicture - ttd:651ms pts:636.608 Clock:635.957 Level:11
2026-07-04 09:28:35.829 T:1305 debug : CVideoPlayer::ProcessVideoData size:219553 dts:639.736 pts:639.736 dur:41.700ms, clock:635.965 level:100
2026-07-04 09:28:35.829 T:1305 debug : CVideoPlayer::ProcessPacket packet from enhancement layer: size:25858 dts:639.736 pts:639.736 dur:41.700ms
2026-07-04 09:28:35.850 T:1305 debug : CVideoPlayer::ProcessVideoData size:217177 dts:639.778 pts:639.778 dur:41.700ms, clock:635.985 level:100
2026-07-04 09:28:35.861 T:1307 debug : CVideoPlayerVideo::OutputPicture - ttd:653ms pts:636.650 Clock:635.996 Level:11
2026-07-04 09:28:35.897 T:1305 debug : CVideoPlayer::ProcessPacket packet from enhancement layer: size:26453 dts:639.778 pts:639.778 dur:41.700ms
2026-07-04 09:28:35.898 T:1307 debug : CVideoPlayerVideo::OutputPicture - ttd:657ms pts:636.692 Clock:636.034 Level:11
2026-07-04 09:28:35.924 T:1305 debug : CVideoPlayer::ProcessVideoData size:695065 dts:639.820 pts:639.945 dur:41.700ms, clock:636.059 level:100
2026-07-04 09:28:35.924 T:1305 debug : CVideoPlayer::ProcessPacket packet from enhancement layer: size:47728 dts:639.820 pts:639.945 dur:41.700ms
2026-07-04 09:28:35.942 T:1305 debug : CVideoPlayer::ProcessVideoData size:213056 dts:639.862 pts:639.862 dur:41.700ms, clock:636.078 level:100
2026-07-04 09:28:35.950 T:1307 debug : CVideoPlayerVideo::OutputPicture - ttd:648ms pts:636.734 Clock:636.085 Level:11
2026-07-04 09:28:35.957 T:1305 debug : CVideoPlayer::ProcessPacket packet from enhancement layer: size:25905 dts:639.862 pts:639.862 dur:41.700ms
2026-07-04 09:28:35.974 T:1305 debug : CVideoPlayer::ProcessVideoData size:229096 dts:639.903 pts:639.903 dur:41.700ms, clock:636.109 level:100
2026-07-04 09:28:35.984 T:1307 debug : CVideoPlayerVideo::OutputPicture - ttd:655ms pts:636.775 Clock:636.119 Level:11
2026-07-04 09:28:36.006 T:1305 debug : CVideoPlayer::ProcessPacket packet from enhancement layer: size:26858 dts:639.903 pts:639.903 dur:41.700ms
2026-07-04 09:28:36.024 T:1307 debug : CVideoPlayerVideo::OutputPicture - ttd:657ms pts:636.817 Clock:636.160 Level:11
2026-07-04 09:28:36.030 T:1305 debug : CVideoPlayer::ProcessVideoData size:696257 dts:639.945 pts:640.070 dur:41.700ms, clock:636.166 level:100
2026-07-04 09:28:36.031 T:1305 debug : CVideoPlayer::ProcessPacket packet from enhancement layer: size:46103 dts:639.945 pts:640.070 dur:41.700ms
2026-07-04 09:28:36.047 T:1305 debug : CVideoPlayer::ProcessVideoData size:221006 dts:639.987 pts:639.987 dur:41.700ms, clock:636.183 level:100
2026-07-04 09:28:36.048 T:1305 debug : CVideoPlayer::ProcessPacket packet from enhancement layer: size:26220 dts:639.987 pts:639.987 dur:41.700ms
2026-07-04 09:28:36.070 T:1305 debug : CVideoPlayer::ProcessVideoData size:234944 dts:640.028 pts:640.028 dur:41.700ms, clock:636.205 level:100
2026-07-04 09:28:36.072 T:1307 debug : CVideoPlayerVideo::OutputPicture - ttd:650ms pts:636.859 Clock:636.208 Level:11
2026-07-04 09:28:36.110 T:1307 debug : CVideoPlayerVideo::OutputPicture - ttd:655ms pts:636.900 Clock:636.245 Level:11
2026-07-04 09:28:36.145 T:1305 debug : CVideoPlayer::ProcessPacket packet from enhancement layer: size:27268 dts:640.028 pts:640.028 dur:41.700ms
2026-07-04 09:28:36.153 T:1307 debug : CVideoPlayerVideo::OutputPicture - ttd:653ms pts:636.942 Clock:636.288 Level:11
2026-07-04 09:28:36.186 T:1305 debug : CVideoPlayer::ProcessVideoData size:692718 dts:640.070 pts:640.195 dur:41.700ms, clock:636.321 level:100
2026-07-04 09:28:36.186 T:1305 debug : CVideoPlayer::ProcessPacket packet from enhancement layer: size:43701 dts:640.070 pts:640.195 dur:41.700ms
2026-07-04 09:28:36.200 T:1307 debug : CVideoPlayerVideo::OutputPicture - ttd:648ms pts:636.984 Clock:636.335 Level:11
2026-07-04 09:28:36.206 T:1305 debug : CVideoPlayer::ProcessVideoData size:210106 dts:640.112 pts:640.112 dur:41.700ms, clock:636.342 level:100
2026-07-04 09:28:36.207 T:1305 debug : CVideoPlayer::ProcessPacket packet from enhancement layer: size:26041 dts:640.112 pts:640.112 dur:41.700ms
2026-07-04 09:28:36.227 T:1305 debug : CVideoPlayer::ProcessVideoData size:220212 dts:640.153 pts:640.153 dur:41.700ms, clock:636.362 level:100
2026-07-04 09:28:36.235 T:1307 debug : CVideoPlayerVideo::OutputPicture - ttd:654ms pts:637.025 Clock:636.371 Level:11
2026-07-04 09:28:36.265 T:1305 debug : CVideoPlayer::ProcessPacket packet from enhancement layer: size:26261 dts:640.153 pts:640.153 dur:41.700ms
2026-07-04 09:28:36.274 T:1307 debug : CVideoPlayerVideo::OutputPicture - ttd:657ms pts:637.067 Clock:636.410 Level:11
2026-07-04 09:28:36.287 T:1305 debug : CVideoPlayer::ProcessVideoData size:707207 dts:640.195 pts:640.320 dur:41.700ms, clock:636.422 level:100
2026-07-04 09:28:36.298 T:1305 debug : CVideoPlayer::ProcessPacket packet from enhancement layer: size:43174 dts:640.195 pts:640.320 dur:41.700ms
2026-07-04 09:28:36.320 T:1305 debug : CVideoPlayer::ProcessVideoData size:229073 dts:640.237 pts:640.237 dur:41.700ms, clock:636.455 level:100
2026-07-04 09:28:36.321 T:1305 debug : CVideoPlayer::ProcessPacket packet from enhancement layer: size:26316 dts:640.237 pts:640.237 dur:41.700ms
2026-07-04 09:28:36.323 T:1307 debug : CVideoPlayerVideo::OutputPicture - ttd:650ms pts:637.109 Clock:636.459 Level:11
2026-07-04 09:28:36.348 T:1305 debug : CVideoPlayer::ProcessVideoData size:219005 dts:640.279 pts:640.279 dur:41.700ms, clock:636.484 level:100
2026-07-04 09:28:36.359 T:1307 debug : CVideoPlayerVideo::OutputPicture - ttd:656ms pts:637.151 Clock:636.494 Level:11
2026-07-04 09:28:36.398 T:1307 debug : CVideoPlayerVideo::OutputPicture - ttd:658ms pts:637.192 Clock:636.534 Level:11
2026-07-04 09:28:36.448 T:1307 debug : CVideoPlayerVideo::OutputPicture - ttd:650ms pts:637.234 Clock:636.584 Level:11
2026-07-04 09:28:36.450 T:1305 debug : CVideoPlayer::ProcessVideoData size:1132275 dts:640.320 pts:640.445 dur:41.700ms, clock:636.586 level:100
2026-07-04 09:28:36.451 T:1305 debug : CVideoPlayer::ProcessPacket packet from enhancement layer: size:26287 dts:640.279 pts:640.279 dur:41.700ms
2026-07-04 09:28:36.461 T:1305 debug : CVideoPlayer::ProcessPacket packet from enhancement layer: size:148304 dts:640.320 pts:640.445 dur:41.700ms
2026-07-04 09:28:36.479 T:1305 debug : CVideoPlayer::ProcessVideoData size:229266 dts:640.362 pts:640.362 dur:41.700ms, clock:636.615 level:100
2026-07-04 09:28:36.480 T:1305 debug : CVideoPlayer::ProcessPacket packet from enhancement layer: size:26273 dts:640.362 pts:640.362 dur:41.700ms
2026-07-04 09:28:36.485 T:1307 debug : CVideoPlayerVideo::OutputPicture - ttd:654ms pts:637.276 Clock:636.621 Level:11
2026-07-04 09:28:36.498 T:1305 debug : CVideoPlayer::ProcessVideoData size:222290 dts:640.404 pts:640.404 dur:41.700ms, clock:636.634 level:100
2026-07-04 09:28:36.525 T:1307 debug : CVideoPlayerVideo::OutputPicture - ttd:656ms pts:637.317 Clock:636.661 Level:11
2026-07-04 09:28:36.539 T:1305 debug : CVideoPlayer::ProcessPacket packet from enhancement layer: size:25082 dts:640.404 pts:640.404 dur:41.700ms
2026-07-04 09:28:36.578 T:1305 debug : CVideoPlayer::ProcessVideoData size:658154 dts:640.445 pts:640.571 dur:41.700ms, clock:636.714 level:100
2026-07-04 09:28:36.579 T:1305 debug : CVideoPlayer::ProcessPacket packet from enhancement layer: size:50541 dts:640.445 pts:640.571 dur:41.700ms
2026-07-04 09:28:36.581 T:1307 debug : CVideoPlayerVideo::OutputPicture - ttd:642ms pts:637.359 Clock:636.717 Level:11
2026-07-04 09:28:36.603 T:1305 debug : CVideoPlayer::ProcessVideoData size:244343 dts:640.487 pts:640.487 dur:41.700ms, clock:636.738 level:100
2026-07-04 09:28:36.609 T:1307 debug : CVideoPlayerVideo::OutputPicture - ttd:655ms pts:637.401 Clock:636.745 Level:11
2026-07-04 09:28:36.618 T:1305 debug : CVideoPlayer::ProcessPacket packet from enhancement layer: size:22077 dts:640.487 pts:640.487 dur:41.700ms
2026-07-04 09:28:36.640 T:1305 debug : CVideoPlayer::ProcessVideoData size:244094 dts:640.529 pts:640.529 dur:41.700ms, clock:636.776 level:100
2026-07-04 09:28:36.653 T:1307 debug : CVideoPlayerVideo::OutputPicture - ttd:653ms pts:637.443 Clock:636.789 Level:11
2026-07-04 09:28:36.680 T:1305 debug : CVideoPlayer::ProcessPacket packet from enhancement layer: size:28817 dts:640.529 pts:640.529 dur:41.700ms
2026-07-04 09:28:36.698 T:1307 debug : CVideoPlayerVideo::OutputPicture - ttd:650ms pts:637.484 Clock:636.834 Level:11
2026-07-04 09:28:36.708 T:1305 debug : CVideoPlayer::ProcessVideoData size:748617 dts:640.571 pts:640.696 dur:41.700ms, clock:636.844 level:100
2026-07-04 09:28:36.708 T:1305 debug : CVideoPlayer::ProcessPacket packet from enhancement layer: size:49676 dts:640.571 pts:640.696 dur:41.700ms
2026-07-04 09:28:36.735 T:1307 debug : CVideoPlayerVideo::OutputPicture - ttd:655ms pts:637.526 Clock:636.871 Level:11
2026-07-04 09:28:36.742 T:1305 debug : CVideoPlayer::ProcessVideoData size:224828 dts:640.612 pts:640.612 dur:41.700ms, clock:636.878 level:100
2026-07-04 09:28:36.764 T:1305 debug : CVideoPlayer::ProcessPacket packet from enhancement layer: size:24529 dts:640.612 pts:640.612 dur:41.700ms
2026-07-04 09:28:36.775 T:1307 debug : CVideoPlayerVideo::OutputPicture - ttd:657ms pts:637.568 Clock:636.910 Level:11
2026-07-04 09:28:36.784 T:1305 debug : CVideoPlayer::ProcessVideoData size:247762 dts:640.654 pts:640.654 dur:41.700ms, clock:636.919 level:100
2026-07-04 09:28:36.817 T:1305 debug : CVideoPlayer::ProcessPacket packet from enhancement layer: size:27758 dts:640.654 pts:640.654 dur:41.700ms
2026-07-04 09:28:36.824 T:1307 debug : CVideoPlayerVideo::OutputPicture - ttd:649ms pts:637.609 Clock:636.960 Level:11
2026-07-04 09:28:36.839 T:1305 debug : CVideoPlayer::ProcessVideoData size:738720 dts:640.696 pts:640.821 dur:41.700ms, clock:636.975 level:100
2026-07-04 09:28:36.840 T:1305 debug : CVideoPlayer::ProcessPacket packet from enhancement layer: size:41881 dts:640.696 pts:640.821 dur:41.700ms
2026-07-04 09:28:36.861 T:1307 debug : CVideoPlayerVideo::OutputPicture - ttd:654ms pts:637.651 Clock:636.997 Level:11
2026-07-04 09:28:36.884 T:1305 debug : CVideoPlayer::ProcessVideoData size:221730 dts:640.737 pts:640.737 dur:41.700ms, clock:637.020 level:100
2026-07-04 09:28:36.900 T:1307 debug : CVideoPlayerVideo::OutputPicture - ttd:657ms pts:637.693 Clock:637.036 Level:11
2026-07-04 09:28:36.950 T:1307 debug : CVideoPlayerVideo::OutputPicture - ttd:649ms pts:637.735 Clock:637.086 Level:11
2026-07-04 09:28:36.959 T:1305 debug : CVideoPlayer::ProcessPacket packet from enhancement layer: size:22814 dts:640.737 pts:640.737 dur:41.700ms
2026-07-04 09:28:36.982 T:1307 debug : CVideoPlayerVideo::OutputPicture - ttd:658ms pts:637.776 Clock:637.118 Level:11
2026-07-04 09:28:36.989 T:1305 debug : CVideoPlayer::ProcessVideoData size:250568 dts:640.779 pts:640.779 dur:41.700ms, clock:637.125 level:100
2026-07-04 09:28:37.013 T:1305 debug : CVideoPlayer::ProcessPacket packet from enhancement layer: size:26506 dts:640.779 pts:640.779 dur:41.700ms
2026-07-04 09:28:37.024 T:1307 debug : CVideoPlayerVideo::OutputPicture - ttd:658ms pts:637.818 Clock:637.160 Level:11
2026-07-04 09:28:37.038 T:1305 debug : CVideoPlayer::ProcessVideoData size:744867 dts:640.821 pts:640.946 dur:41.700ms, clock:637.174 level:100
2026-07-04 09:28:37.039 T:1305 debug : CVideoPlayer::ProcessPacket packet from enhancement layer: size:40658 dts:640.821 pts:640.946 dur:41.700ms
2026-07-04 09:28:37.073 T:1307 debug : CVideoPlayerVideo::OutputPicture - ttd:651ms pts:637.860 Clock:637.209 Level:11
2026-07-04 09:28:37.084 T:1305 debug : CVideoPlayer::ProcessVideoData size:249240 dts:640.863 pts:640.863 dur:41.700ms, clock:637.220 level:100
2026-07-04 09:28:37.085 T:1305 debug : CVideoPlayer::ProcessPacket packet from enhancement layer: size:26002 dts:640.863 pts:640.863 dur:41.700ms
2026-07-04 09:28:37.108 T:1307 debug : CVideoPlayerVideo::OutputPicture - ttd:657ms pts:637.901 Clock:637.244 Level:11
2026-07-04 09:28:37.112 T:1305 debug : CVideoPlayer::ProcessVideoData size:255843 dts:640.904 pts:640.904 dur:41.700ms, clock:637.248 level:100
2026-07-04 09:28:37.150 T:1307 debug : CVideoPlayerVideo::OutputPicture - ttd:657ms pts:637.943 Clock:637.286 Level:11
2026-07-04 09:28:37.167 T:1305 debug : CVideoPlayer::ProcessPacket packet from enhancement layer: size:26828 dts:640.904 pts:640.904 dur:41.700ms
2026-07-04 09:28:37.190 T:1305 debug : CVideoPlayer::ProcessVideoData size:742792 dts:640.946 pts:641.071 dur:41.700ms, clock:637.326 level:100
2026-07-04 09:28:37.200 T:1307 debug : CVideoPlayerVideo::OutputPicture - ttd:649ms pts:637.985 Clock:637.336 Level:11
2026-07-04 09:28:37.205 T:1305 debug : CVideoPlayer::ProcessPacket packet from enhancement layer: size:39935 dts:640.946 pts:641.071 dur:41.700ms
2026-07-04 09:28:37.222 T:1305 debug : CVideoPlayer::ProcessVideoData size:222451 dts:640.988 pts:640.988 dur:41.700ms, clock:637.358 level:100
2026-07-04 09:28:37.223 T:1305 debug : CVideoPlayer::ProcessPacket packet from enhancement layer: size:23012 dts:640.988 pts:640.988 dur:41.700ms
2026-07-04 09:28:37.234 T:1307 debug : CVideoPlayerVideo::OutputPicture - ttd:656ms pts:638.027 Clock:637.370 Level:11
2026-07-04 09:28:37.243 T:1305 debug : CVideoPlayer::ProcessVideoData size:258058 dts:641.029 pts:641.029 dur:41.700ms, clock:637.379 level:100
2026-07-04 09:28:37.274 T:1307 debug : CVideoPlayerVideo::OutputPicture - ttd:658ms pts:638.068 Clock:637.410 Level:11
2026-07-04 09:28:37.286 T:1305 debug : CVideoPlayer::ProcessPacket packet from enhancement layer: size:26662 dts:641.029 pts:641.029 dur:41.700ms
2026-07-04 09:28:37.314 T:1305 debug : CVideoPlayer::ProcessVideoData size:730869 dts:641.071 pts:641.196 dur:41.700ms, clock:637.450 level:100
2026-07-04 09:28:37.326 T:1307 debug : CVideoPlayerVideo::OutputPicture - ttd:647ms pts:638.110 Clock:637.462 Level:11
2026-07-04 09:28:37.334 T:1305 debug : CVideoPlayer::ProcessPacket packet from enhancement layer: size:39988 dts:641.071 pts:641.196 dur:41.700ms
2026-07-04 09:28:37.354 T:1305 debug : CVideoPlayer::ProcessVideoData size:243014 dts:641.113 pts:641.113 dur:41.700ms, clock:637.490 level:100
2026-07-04 09:28:37.355 T:1305 debug : CVideoPlayer::ProcessPacket packet from enhancement layer: size:26204 dts:641.113 pts:641.113 dur:41.700ms
2026-07-04 09:28:37.358 T:1307 debug : CVideoPlayerVideo::OutputPicture - ttd:657ms pts:638.152 Clock:637.494 Level:11
2026-07-04 09:28:37.375 T:1305 debug : CVideoPlayer::ProcessVideoData size:257822 dts:641.154 pts:641.154 dur:41.700ms, clock:637.512 level:100
2026-07-04 09:28:37.402 T:1307 debug : CVideoPlayerVideo::OutputPicture - ttd:655ms pts:638.193 Clock:637.538 Level:11
2026-07-04 09:28:37.452 T:1307 debug : CVideoPlayerVideo::OutputPicture - ttd:646ms pts:638.235 Clock:637.589 Level:11
2026-07-04 09:28:37.484 T:1307 debug : CVideoPlayerVideo::OutputPicture - ttd:656ms pts:638.277 Clock:637.621 Level:11
2026-07-04 09:28:37.497 T:1305 debug : CVideoPlayer::ProcessVideoData size:1135411 dts:641.196 pts:641.321 dur:41.700ms, clock:637.633 level:100
2026-07-04 09:28:37.521 T:1305 debug : CVideoPlayer::ProcessPacket packet from enhancement layer: size:26489 dts:641.154 pts:641.154 dur:41.700ms
2026-07-04 09:28:37.521 T:1305 debug : CVideoPlayer::ProcessPacket packet from enhancement layer: size:128387 dts:641.196 pts:641.321 dur:41.700ms
2026-07-04 09:28:37.526 T:1307 debug : CVideoPlayerVideo::OutputPicture - ttd:656ms pts:638.319 Clock:637.662 Level:11
2026-07-04 09:28:37.554 T:1305 debug : CVideoPlayer::ProcessVideoData size:248695 dts:641.238 pts:641.238 dur:41.700ms, clock:637.690 level:100
2026-07-04 09:28:37.554 T:1305 debug : CVideoPlayer::ProcessPacket packet from enhancement layer: size:24933 dts:641.238 pts:641.238 dur:41.700ms
2026-07-04 09:28:37.571 T:1307 debug : CVideoPlayerVideo::OutputPicture - ttd:653ms pts:638.360 Clock:637.707 Level:11
2026-07-04 09:28:37.572 T:1305 debug : CVideoPlayer::ProcessVideoData size:224363 dts:641.280 pts:641.280 dur:41.700ms, clock:637.709 level:100
2026-07-04 09:28:37.609 T:1307 debug : CVideoPlayerVideo::OutputPicture - ttd:656ms pts:638.402 Clock:637.746 Level:11
2026-07-04 09:28:37.618 T:1305 debug : CVideoPlayer::ProcessPacket packet from enhancement layer: size:22436 dts:641.280 pts:641.280 dur:41.700ms
2026-07-04 09:28:37.644 T:1305 debug : CVideoPlayer::ProcessVideoData size:711754 dts:641.321 pts:641.446 dur:41.700ms, clock:637.780 level:100
2026-07-04 09:28:37.654 T:1307 debug : CVideoPlayerVideo::OutputPicture - ttd:653ms pts:638.444 Clock:637.790 Level:11
2026-07-04 09:28:37.661 T:1305 debug : CVideoPlayer::ProcessPacket packet from enhancement layer: size:46159 dts:641.321 pts:641.446 dur:41.700ms
2026-07-04 09:28:37.688 T:1305 debug : CVideoPlayer::ProcessVideoData size:244818 dts:641.363 pts:641.363 dur:41.700ms, clock:637.824 level:100
2026-07-04 09:28:37.689 T:1305 debug : CVideoPlayer::ProcessPacket packet from enhancement layer: size:25930 dts:641.363 pts:641.363 dur:41.700ms
2026-07-04 09:28:37.698 T:1307 debug : CVideoPlayerVideo::OutputPicture - ttd:650ms pts:638.485 Clock:637.835 Level:11
2026-07-04 09:28:37.715 T:1305 debug : CVideoPlayer::ProcessVideoData size:244351 dts:641.405 pts:641.405 dur:41.700ms, clock:637.851 level:100
2026-07-04 09:28:37.735 T:1307 debug : CVideoPlayerVideo::OutputPicture - ttd:655ms pts:638.527 Clock:637.872 Level:11
2026-07-04 09:28:37.753 T:1305 debug : CVideoPlayer::ProcessPacket packet from enhancement layer: size:26915 dts:641.405 pts:641.405 dur:41.700ms
2026-07-04 09:28:37.779 T:1307 debug : CVideoPlayerVideo::OutputPicture - ttd:653ms pts:638.569 Clock:637.916 Level:11
2026-07-04 09:28:37.809 T:1305 debug : CVideoPlayer::ProcessVideoData size:724397 dts:641.446 pts:641.572 dur:41.700ms, clock:637.946 level:100
2026-07-04 09:28:37.811 T:1305 debug : CVideoPlayer::ProcessPacket packet from enhancement layer: size:50167 dts:641.446 pts:641.572 dur:41.700ms
2026-07-04 09:28:37.825 T:1307 debug : CVideoPlayerVideo::OutputPicture - ttd:648ms pts:638.611 Clock:637.962 Level:11
2026-07-04 09:28:37.848 T:1305 debug : CVideoPlayer::ProcessVideoData size:211516 dts:641.488 pts:641.488 dur:41.700ms, clock:637.984 level:100
2026-07-04 09:28:37.849 T:1305 debug : CVideoPlayer::ProcessPacket packet from enhancement layer: size:31485 dts:641.488 pts:641.488 dur:41.700ms
2026-07-04 09:28:37.858 T:1307 debug : CVideoPlayerVideo::OutputPicture - ttd:657ms pts:638.652 Clock:637.994 Level:11
2026-07-04 09:28:37.872 T:1305 debug : CVideoPlayer::ProcessVideoData size:249393 dts:641.530 pts:641.530 dur:41.700ms, clock:638.008 level:100
2026-07-04 09:28:37.902 T:1307 debug : CVideoPlayerVideo::OutputPicture - ttd:655ms pts:638.694 Clock:638.038 Level:11
2026-07-04 09:28:37.934 T:1305 debug : CVideoPlayer::ProcessPacket packet from enhancement layer: size:28345 dts:641.530 pts:641.530 dur:41.700ms
