2026-07-04 09:33:19.070 T:1305 debug : CVideoPlayer::ProcessPacket packet from enhancement layer: size:23224 dts:779.793 pts:779.793 dur:41.700ms
2026-07-04 09:33:19.070 T:1307 debug : CVideoPlayerVideo::OutputPicture - ttd:673ms pts:779.051 Clock:778.377 Level:11
2026-07-04 09:33:19.093 T:1305 debug : CVideoPlayer::ProcessVideoData size:281928 dts:779.835 pts:779.835 dur:41.700ms, clock:778.401 level:0
2026-07-04 09:33:19.133 T:1305 debug : CVideoPlayer::ProcessPacket packet from enhancement layer: size:22835 dts:779.835 pts:779.835 dur:41.700ms
2026-07-04 09:33:19.133 T:1307 debug : CVideoPlayerVideo::OutputPicture - ttd:652ms pts:779.093 Clock:778.441 Level:11
2026-07-04 09:33:19.159 T:1305 debug : CVideoPlayer::ProcessVideoData size:632835 dts:779.876 pts:780.002 dur:41.700ms, clock:778.467 level:0
2026-07-04 09:33:19.160 T:1305 debug : CVideoPlayer::ProcessPacket packet from enhancement layer: size:44225 dts:779.876 pts:780.002 dur:41.700ms
2026-07-04 09:33:19.165 T:1307 debug : CVideoPlayerVideo::OutputPicture - ttd:662ms pts:779.135 Clock:778.473 Level:11
2026-07-04 09:33:19.183 T:1305 debug : CVideoPlayer::ProcessVideoData size:279555 dts:779.918 pts:779.918 dur:41.700ms, clock:778.491 level:0
2026-07-04 09:33:19.205 T:1305 debug : CVideoPlayer::ProcessPacket packet from enhancement layer: size:24492 dts:779.918 pts:779.918 dur:41.700ms
2026-07-04 09:33:19.205 T:1307 debug : CVideoPlayerVideo::OutputPicture - ttd:664ms pts:779.177 Clock:778.512 Level:11
2026-07-04 09:33:19.227 T:1305 debug : CVideoPlayer::ProcessVideoData size:274120 dts:779.960 pts:779.960 dur:41.700ms, clock:778.534 level:0
2026-07-04 09:33:19.231 T:1307 debug : CVideoPlayerVideo::OutputPicture - ttd:679ms pts:779.218 Clock:778.539 Level:11
2026-07-04 09:33:19.278 T:1305 debug : CVideoPlayer::ProcessVideoData size:562021 dts:780.002 pts:780.127 dur:41.700ms, clock:778.585 level:0
2026-07-04 09:33:19.278 T:1307 debug : CVideoPlayerVideo::OutputPicture - ttd:674ms pts:779.260 Clock:778.586 Level:11
2026-07-04 09:33:19.278 T:1305 debug : CVideoPlayer::ProcessPacket packet from enhancement layer: size:21509 dts:779.960 pts:779.960 dur:41.700ms
2026-07-04 09:33:19.279 T:1305 debug : CVideoPlayer::ProcessPacket packet from enhancement layer: size:70518 dts:780.002 pts:780.127 dur:41.700ms
2026-07-04 09:33:19.291 T:1305 debug : CVideoPlayer::ProcessVideoData size:264305 dts:780.043 pts:780.043 dur:41.700ms, clock:778.598 level:0
2026-07-04 09:33:19.291 T:1305 debug : CVideoPlayer::ProcessPacket packet from enhancement layer: size:22637 dts:780.043 pts:780.043 dur:41.700ms
2026-07-04 09:33:19.312 T:1305 debug : CVideoPlayer::ProcessVideoData size:254804 dts:780.085 pts:780.085 dur:41.700ms, clock:778.619 level:0
2026-07-04 09:33:19.316 T:1307 debug : CVideoPlayerVideo::OutputPicture - ttd:678ms pts:779.302 Clock:778.623 Level:11
2026-07-04 09:33:19.355 T:1305 debug : CVideoPlayer::ProcessPacket packet from enhancement layer: size:22354 dts:780.085 pts:780.085 dur:41.700ms
2026-07-04 09:33:19.355 T:1307 debug : CVideoPlayerVideo::OutputPicture - ttd:680ms pts:779.343 Clock:778.663 Level:11
2026-07-04 09:33:19.373 T:1305 debug : CVideoPlayer::ProcessVideoData size:494953 dts:780.127 pts:780.252 dur:41.700ms, clock:778.680 level:0
2026-07-04 09:33:19.373 T:1305 debug : CVideoPlayer::ProcessPacket packet from enhancement layer: size:47004 dts:780.127 pts:780.252 dur:41.700ms
2026-07-04 09:33:19.394 T:1305 debug : CVideoPlayer::ProcessVideoData size:227865 dts:780.168 pts:780.168 dur:41.700ms, clock:778.701 level:0
2026-07-04 09:33:19.394 T:1305 debug : CVideoPlayer::ProcessPacket packet from enhancement layer: size:30157 dts:780.168 pts:780.168 dur:41.700ms
2026-07-04 09:33:19.398 T:1307 debug : CVideoPlayerVideo::OutputPicture - ttd:679ms pts:779.385 Clock:778.705 Level:11
2026-07-04 09:33:19.413 T:1305 debug : CVideoPlayer::ProcessVideoData size:213434 dts:780.210 pts:780.210 dur:41.700ms, clock:778.721 level:0
2026-07-04 09:33:19.498 T:1305 debug : CVideoPlayer::ProcessPacket packet from enhancement layer: size:23740 dts:780.210 pts:780.210 dur:41.700ms
2026-07-04 09:33:19.498 T:1307 debug : CVideoPlayerVideo::OutputPicture - ttd:621ms pts:779.427 Clock:778.806 Level:10
2026-07-04 09:33:19.498 T:1305 debug : CVideoPlayer::ProcessPacket packet from enhancement layer: size:134638 dts:780.252 pts:780.377 dur:41.700ms
2026-07-04 09:33:19.500 T:1307 debug : CVideoPlayerVideo::OutputPicture - ttd:661ms pts:779.469 Clock:778.807 Level:11
2026-07-04 09:33:19.501 T:1305 debug : CVideoPlayer::ProcessVideoData size:710955 dts:780.252 pts:780.377 dur:41.700ms, clock:778.809 level:0
2026-07-04 09:33:19.513 T:1305 debug : CVideoPlayer::ProcessVideoData size:202354 dts:780.293 pts:780.293 dur:41.700ms, clock:778.821 level:0
2026-07-04 09:33:19.514 T:1305 debug : CVideoPlayer::ProcessPacket packet from enhancement layer: size:28878 dts:780.293 pts:780.293 dur:41.700ms
2026-07-04 09:33:19.519 T:1307 debug : CVideoPlayerVideo::OutputPicture - ttd:683ms pts:779.510 Clock:778.826 Level:11
2026-07-04 09:33:19.529 T:1305 debug : CVideoPlayer::ProcessVideoData size:205605 dts:780.335 pts:780.335 dur:41.700ms, clock:778.836 level:0
2026-07-04 09:33:19.563 T:1305 debug : CVideoPlayer::ProcessPacket packet from enhancement layer: size:22412 dts:780.335 pts:780.335 dur:41.700ms
2026-07-04 09:33:19.582 T:1305 debug : CVideoPlayer::ProcessPacket packet from enhancement layer: size:59363 dts:780.377 pts:780.502 dur:41.700ms
2026-07-04 09:33:19.583 T:1307 debug : CVideoPlayerVideo::OutputPicture - ttd:661ms pts:779.552 Clock:778.890 Level:11
2026-07-04 09:33:19.584 T:1305 debug : CVideoPlayer::ProcessVideoData size:512518 dts:780.377 pts:780.502 dur:41.700ms, clock:778.892 level:0
2026-07-04 09:33:19.606 T:1305 debug : CVideoPlayer::ProcessPacket packet from enhancement layer: size:30255 dts:780.419 pts:780.419 dur:41.700ms
2026-07-04 09:33:19.606 T:1307 debug : CVideoPlayerVideo::OutputPicture - ttd:679ms pts:779.594 Clock:778.914 Level:11
2026-07-04 09:33:19.608 T:1305 debug : CVideoPlayer::ProcessVideoData size:202726 dts:780.419 pts:780.419 dur:41.700ms, clock:778.916 level:0
2026-07-04 09:33:19.625 T:1305 debug : CVideoPlayer::ProcessVideoData size:199951 dts:780.460 pts:780.460 dur:41.700ms, clock:778.932 level:0
2026-07-04 09:33:19.658 T:1305 debug : CVideoPlayer::ProcessPacket packet from enhancement layer: size:24720 dts:780.460 pts:780.460 dur:41.700ms
2026-07-04 09:33:19.659 T:1307 debug : CVideoPlayerVideo::OutputPicture - ttd:669ms pts:779.635 Clock:778.966 Level:11
2026-07-04 09:33:19.671 T:1305 debug : CVideoPlayer::ProcessPacket packet from enhancement layer: size:53166 dts:780.502 pts:780.627 dur:41.700ms
2026-07-04 09:33:19.674 T:1305 debug : CVideoPlayer::ProcessVideoData size:514322 dts:780.502 pts:780.627 dur:41.700ms, clock:778.981 level:0
2026-07-04 09:33:19.693 T:1305 debug : CVideoPlayer::ProcessPacket packet from enhancement layer: size:32670 dts:780.544 pts:780.544 dur:41.700ms
2026-07-04 09:33:19.693 T:1307 debug : CVideoPlayerVideo::OutputPicture - ttd:676ms pts:779.677 Clock:779.001 Level:11
2026-07-04 09:33:19.695 T:1305 debug : CVideoPlayer::ProcessVideoData size:201351 dts:780.544 pts:780.544 dur:41.700ms, clock:779.003 level:0
2026-07-04 09:33:19.723 T:1305 debug : CVideoPlayer::ProcessVideoData size:201149 dts:780.585 pts:780.585 dur:41.700ms, clock:779.031 level:0
2026-07-04 09:33:19.727 T:1307 debug : CVideoPlayerVideo::OutputPicture - ttd:684ms pts:779.719 Clock:779.034 Level:11
2026-07-04 09:33:19.757 T:1305 debug : CVideoPlayer::ProcessPacket packet from enhancement layer: size:26032 dts:780.585 pts:780.585 dur:41.700ms
2026-07-04 09:33:19.778 T:1305 debug : CVideoPlayer::ProcessVideoData size:566751 dts:780.627 pts:780.752 dur:41.700ms, clock:779.086 level:0
2026-07-04 09:33:19.779 T:1305 debug : CVideoPlayer::ProcessPacket packet from enhancement layer: size:47134 dts:780.627 pts:780.752 dur:41.700ms
2026-07-04 09:33:19.784 T:1307 debug : CVideoPlayerVideo::OutputPicture - ttd:669ms pts:779.761 Clock:779.091 Level:11
2026-07-04 09:33:19.792 T:1305 debug : CVideoPlayer::ProcessVideoData size:215848 dts:780.669 pts:780.669 dur:41.700ms, clock:779.100 level:0
2026-07-04 09:33:19.793 T:1305 debug : CVideoPlayer::ProcessPacket packet from enhancement layer: size:24092 dts:780.669 pts:780.669 dur:41.700ms
2026-07-04 09:33:19.808 T:1305 debug : CVideoPlayer::ProcessVideoData size:214025 dts:780.711 pts:780.711 dur:41.700ms, clock:779.115 level:0
2026-07-04 09:33:19.852 T:1305 debug : CVideoPlayer::ProcessPacket packet from enhancement layer: size:30842 dts:780.711 pts:780.711 dur:41.700ms
2026-07-04 09:33:19.853 T:1307 debug : CVideoPlayerVideo::OutputPicture - ttd:642ms pts:779.802 Clock:779.160 Level:10
2026-07-04 09:33:19.854 T:1307 debug : CVideoPlayerVideo::OutputPicture - ttd:682ms pts:779.844 Clock:779.161 Level:11
2026-07-04 09:33:19.869 T:1305 debug : CVideoPlayer::ProcessVideoData size:599531 dts:780.752 pts:780.877 dur:41.700ms, clock:779.177 level:0
2026-07-04 09:33:19.870 T:1305 debug : CVideoPlayer::ProcessPacket packet from enhancement layer: size:43749 dts:780.752 pts:780.877 dur:41.700ms
2026-07-04 09:33:19.891 T:1305 debug : CVideoPlayer::ProcessVideoData size:213353 dts:780.794 pts:780.794 dur:41.700ms, clock:779.199 level:0
2026-07-04 09:33:19.896 T:1307 debug : CVideoPlayerVideo::OutputPicture - ttd:682ms pts:779.886 Clock:779.203 Level:11
2026-07-04 09:33:19.916 T:1305 debug : CVideoPlayer::ProcessPacket packet from enhancement layer: size:32151 dts:780.794 pts:780.794 dur:41.700ms
2026-07-04 09:33:19.943 T:1305 debug : CVideoPlayer::ProcessVideoData size:217272 dts:780.836 pts:780.836 dur:41.700ms, clock:779.251 level:0
2026-07-04 09:33:19.947 T:1307 debug : CVideoPlayerVideo::OutputPicture - ttd:672ms pts:779.927 Clock:779.255 Level:11
2026-07-04 09:33:19.962 T:1305 debug : CVideoPlayer::ProcessPacket packet from enhancement layer: size:24317 dts:780.836 pts:780.836 dur:41.700ms
2026-07-04 09:33:20.072 T:1305 debug : CVideoPlayer::ProcessVideoData size:616010 dts:780.877 pts:781.003 dur:41.700ms, clock:779.380 level:0
2026-07-04 09:33:20.073 T:1305 debug : CVideoPlayer::ProcessPacket packet from enhancement layer: size:52111 dts:780.877 pts:781.003 dur:41.700ms
2026-07-04 09:33:20.078 T:1307 debug : CVideoPlayerVideo::OutputPicture - ttd:583ms pts:779.969 Clock:779.385 Level:9
2026-07-04 09:33:20.079 T:1307 debug : CVideoPlayerVideo::OutputPicture - ttd:623ms pts:780.011 Clock:779.387 Level:10
2026-07-04 09:33:20.081 T:1307 debug : CVideoPlayerVideo::OutputPicture - ttd:664ms pts:780.053 Clock:779.388 Level:11
2026-07-04 09:33:20.084 T:1305 debug : CVideoPlayer::ProcessVideoData size:216375 dts:780.919 pts:780.919 dur:41.700ms, clock:779.391 level:0
2026-07-04 09:33:20.084 T:1305 debug : CVideoPlayer::ProcessPacket packet from enhancement layer: size:30655 dts:780.919 pts:780.919 dur:41.700ms
2026-07-04 09:33:20.102 T:1305 debug : CVideoPlayer::ProcessVideoData size:219492 dts:780.961 pts:780.961 dur:41.700ms, clock:779.410 level:0
2026-07-04 09:33:20.105 T:1307 debug : CVideoPlayerVideo::OutputPicture - ttd:681ms pts:780.094 Clock:779.413 Level:11
2026-07-04 09:33:20.137 T:1305 debug : CVideoPlayer::ProcessPacket packet from enhancement layer: size:30689 dts:780.961 pts:780.961 dur:41.700ms
2026-07-04 09:33:20.158 T:1305 debug : CVideoPlayer::ProcessVideoData size:618275 dts:781.003 pts:781.128 dur:41.700ms, clock:779.466 level:0
2026-07-04 09:33:20.159 T:1305 debug : CVideoPlayer::ProcessPacket packet from enhancement layer: size:41024 dts:781.003 pts:781.128 dur:41.700ms
2026-07-04 09:33:20.162 T:1307 debug : CVideoPlayerVideo::OutputPicture - ttd:666ms pts:780.136 Clock:779.470 Level:11
2026-07-04 09:33:20.202 T:1305 debug : CVideoPlayer::ProcessVideoData size:219017 dts:781.044 pts:781.044 dur:41.700ms, clock:779.510 level:0
2026-07-04 09:33:20.202 T:1305 debug : CVideoPlayer::ProcessPacket packet from enhancement layer: size:29741 dts:781.044 pts:781.044 dur:41.700ms
2026-07-04 09:33:20.205 T:1307 debug : CVideoPlayerVideo::OutputPicture - ttd:664ms pts:780.178 Clock:779.513 Level:11
2026-07-04 09:33:20.220 T:1305 debug : CVideoPlayer::ProcessVideoData size:216384 dts:781.086 pts:781.086 dur:41.700ms, clock:779.527 level:0
2026-07-04 09:33:20.285 T:1305 debug : CVideoPlayer::ProcessVideoData size:809808 dts:781.128 pts:781.253 dur:41.700ms, clock:779.592 level:0
2026-07-04 09:33:20.285 T:1307 debug : CVideoPlayerVideo::OutputPicture - ttd:626ms pts:780.219 Clock:779.593 Level:10
2026-07-04 09:33:20.285 T:1305 debug : CVideoPlayer::ProcessPacket packet from enhancement layer: size:29856 dts:781.086 pts:781.086 dur:41.700ms
2026-07-04 09:33:20.286 T:1305 debug : CVideoPlayer::ProcessPacket packet from enhancement layer: size:190321 dts:781.128 pts:781.253 dur:41.700ms
2026-07-04 09:33:20.287 T:1307 debug : CVideoPlayerVideo::OutputPicture - ttd:666ms pts:780.261 Clock:779.595 Level:11
2026-07-04 09:33:20.301 T:1305 debug : CVideoPlayer::ProcessVideoData size:216488 dts:781.169 pts:781.169 dur:41.700ms, clock:779.608 level:0
2026-07-04 09:33:20.314 T:1305 debug : CVideoPlayer::ProcessPacket packet from enhancement layer: size:28130 dts:781.169 pts:781.169 dur:41.700ms
2026-07-04 09:33:20.328 T:1305 debug : CVideoPlayer::ProcessVideoData size:217930 dts:781.211 pts:781.211 dur:41.700ms, clock:779.635 level:0
2026-07-04 09:33:20.331 T:1307 debug : CVideoPlayerVideo::OutputPicture - ttd:664ms pts:780.303 Clock:779.638 Level:11
2026-07-04 09:33:20.356 T:1305 debug : CVideoPlayer::ProcessPacket packet from enhancement layer: size:27618 dts:781.211 pts:781.211 dur:41.700ms
2026-07-04 09:33:20.357 T:1307 debug : CVideoPlayerVideo::OutputPicture - ttd:680ms pts:780.344 Clock:779.664 Level:11
2026-07-04 09:33:20.376 T:1305 debug : CVideoPlayer::ProcessVideoData size:634865 dts:781.253 pts:781.378 dur:41.700ms, clock:779.684 level:0
2026-07-04 09:33:20.377 T:1305 debug : CVideoPlayer::ProcessPacket packet from enhancement layer: size:56433 dts:781.253 pts:781.378 dur:41.700ms
2026-07-04 09:33:20.408 T:1305 debug : CVideoPlayer::ProcessVideoData size:224717 dts:781.294 pts:781.294 dur:41.700ms, clock:779.715 level:0
2026-07-04 09:33:20.408 T:1305 debug : CVideoPlayer::ProcessPacket packet from enhancement layer: size:28359 dts:781.294 pts:781.294 dur:41.700ms
2026-07-04 09:33:20.411 T:1307 debug : CVideoPlayerVideo::OutputPicture - ttd:667ms pts:780.386 Clock:779.719 Level:11
2026-07-04 09:33:20.454 T:1305 debug : CVideoPlayer::ProcessVideoData size:225917 dts:781.336 pts:781.336 dur:41.700ms, clock:779.761 level:0
2026-07-04 09:33:20.457 T:1307 debug : CVideoPlayerVideo::OutputPicture - ttd:663ms pts:780.428 Clock:779.765 Level:11
2026-07-04 09:33:20.483 T:1305 debug : CVideoPlayer::ProcessPacket packet from enhancement layer: size:28907 dts:781.336 pts:781.336 dur:41.700ms
2026-07-04 09:33:20.483 T:1307 debug : CVideoPlayerVideo::OutputPicture - ttd:679ms pts:780.470 Clock:779.790 Level:11
2026-07-04 09:33:20.495 T:1305 debug : CVideoPlayer::ProcessVideoData size:661147 dts:781.378 pts:781.503 dur:41.700ms, clock:779.802 level:0
2026-07-04 09:33:20.495 T:1305 debug : CVideoPlayer::ProcessPacket packet from enhancement layer: size:56250 dts:781.378 pts:781.503 dur:41.700ms
2026-07-04 09:33:20.526 T:1305 debug : CVideoPlayer::ProcessVideoData size:233653 dts:781.420 pts:781.420 dur:41.700ms, clock:779.833 level:0
2026-07-04 09:33:20.526 T:1305 debug : CVideoPlayer::ProcessPacket packet from enhancement layer: size:22534 dts:781.420 pts:781.420 dur:41.700ms
2026-07-04 09:33:20.529 T:1307 debug : CVideoPlayerVideo::OutputPicture - ttd:674ms pts:780.511 Clock:779.837 Level:11
2026-07-04 09:33:20.541 T:1305 debug : CVideoPlayer::ProcessVideoData size:233347 dts:781.461 pts:781.461 dur:41.700ms, clock:779.849 level:0
2026-07-04 09:33:20.607 T:1305 debug : CVideoPlayer::ProcessVideoData size:687291 dts:781.503 pts:781.628 dur:41.700ms, clock:779.915 level:0
2026-07-04 09:33:20.607 T:1307 debug : CVideoPlayerVideo::OutputPicture - ttd:638ms pts:780.553 Clock:779.915 Level:10
2026-07-04 09:33:20.608 T:1305 debug : CVideoPlayer::ProcessPacket packet from enhancement layer: size:28811 dts:781.461 pts:781.461 dur:41.700ms
2026-07-04 09:33:20.608 T:1305 debug : CVideoPlayer::ProcessPacket packet from enhancement layer: size:69599 dts:781.503 pts:781.628 dur:41.700ms
2026-07-04 09:33:20.609 T:1307 debug : CVideoPlayerVideo::OutputPicture - ttd:678ms pts:780.595 Clock:779.917 Level:11
2026-07-04 09:33:20.621 T:1305 debug : CVideoPlayer::ProcessVideoData size:243373 dts:781.545 pts:781.545 dur:41.700ms, clock:779.929 level:0
2026-07-04 09:33:20.621 T:1305 debug : CVideoPlayer::ProcessPacket packet from enhancement layer: size:21920 dts:781.545 pts:781.545 dur:41.700ms
2026-07-04 09:33:20.659 T:1305 debug : CVideoPlayer::ProcessVideoData size:243106 dts:781.586 pts:781.586 dur:41.700ms, clock:779.966 level:0
2026-07-04 09:33:20.662 T:1307 debug : CVideoPlayerVideo::OutputPicture - ttd:666ms pts:780.636 Clock:779.970 Level:11
2026-07-04 09:33:20.763 T:1305 debug : CVideoPlayer::ProcessVideoData size:694457 dts:781.628 pts:781.753 dur:41.700ms, clock:780.071 level:0
2026-07-04 09:33:20.764 T:1307 debug : CVideoPlayerVideo::OutputPicture - ttd:606ms pts:780.678 Clock:780.071 Level:10
2026-07-04 09:33:20.764 T:1305 debug : CVideoPlayer::ProcessPacket packet from enhancement layer: size:21705 dts:781.586 pts:781.586 dur:41.700ms
2026-07-04 09:33:20.764 T:1305 debug : CVideoPlayer::ProcessPacket packet from enhancement layer: size:68418 dts:781.628 pts:781.753 dur:41.700ms
2026-07-04 09:33:20.765 T:1307 debug : CVideoPlayerVideo::OutputPicture - ttd:646ms pts:780.720 Clock:780.073 Level:11
2026-07-04 09:33:20.772 T:1307 debug : CVideoPlayerVideo::OutputPicture - ttd:682ms pts:780.762 Clock:780.079 Level:11
2026-07-04 09:33:20.783 T:1305 debug : CVideoPlayer::ProcessVideoData size:260254 dts:781.670 pts:781.670 dur:41.700ms, clock:780.090 level:0
2026-07-04 09:33:20.783 T:1305 debug : CVideoPlayer::ProcessPacket packet from enhancement layer: size:21517 dts:781.670 pts:781.670 dur:41.700ms
2026-07-04 09:33:20.800 T:1305 debug : CVideoPlayer::ProcessVideoData size:253458 dts:781.712 pts:781.712 dur:41.700ms, clock:780.108 level:0
2026-07-04 09:33:20.863 T:1305 debug : CVideoPlayer::ProcessPacket packet from enhancement layer: size:21770 dts:781.712 pts:781.712 dur:41.700ms
2026-07-04 09:33:20.863 T:1307 debug : CVideoPlayerVideo::OutputPicture - ttd:632ms pts:780.803 Clock:780.171 Level:10
2026-07-04 09:33:20.864 T:1307 debug : CVideoPlayerVideo::OutputPicture - ttd:672ms pts:780.845 Clock:780.172 Level:11
2026-07-04 09:33:20.883 T:1305 debug : CVideoPlayer::ProcessVideoData size:693311 dts:781.753 pts:781.878 dur:41.700ms, clock:780.190 level:0
2026-07-04 09:33:20.884 T:1305 debug : CVideoPlayer::ProcessPacket packet from enhancement layer: size:53042 dts:781.753 pts:781.878 dur:41.700ms
2026-07-04 09:33:20.910 T:1305 debug : CVideoPlayer::ProcessVideoData size:250450 dts:781.795 pts:781.795 dur:41.700ms, clock:780.217 level:0
2026-07-04 09:33:20.910 T:1305 debug : CVideoPlayer::ProcessPacket packet from enhancement layer: size:28082 dts:781.795 pts:781.795 dur:41.700ms
2026-07-04 09:33:20.913 T:1307 debug : CVideoPlayerVideo::OutputPicture - ttd:665ms pts:780.887 Clock:780.221 Level:11
2026-07-04 09:33:20.924 T:1305 debug : CVideoPlayer::ProcessVideoData size:246193 dts:781.837 pts:781.837 dur:41.700ms, clock:780.232 level:0
2026-07-04 09:33:20.970 T:1305 debug : CVideoPlayer::ProcessPacket packet from enhancement layer: size:21563 dts:781.837 pts:781.837 dur:41.700ms
2026-07-04 09:33:20.970 T:1307 debug : CVideoPlayerVideo::OutputPicture - ttd:650ms pts:780.928 Clock:780.278 Level:11
2026-07-04 09:33:20.992 T:1305 debug : CVideoPlayer::ProcessVideoData size:705381 dts:781.878 pts:782.004 dur:41.700ms, clock:780.300 level:0
2026-07-04 09:33:20.993 T:1305 debug : CVideoPlayer::ProcessPacket packet from enhancement layer: size:51222 dts:781.878 pts:782.004 dur:41.700ms
2026-07-04 09:33:20.997 T:1307 debug : CVideoPlayerVideo::OutputPicture - ttd:665ms pts:780.970 Clock:780.304 Level:11
2026-07-04 09:33:21.009 T:1305 debug : CVideoPlayer::ProcessVideoData size:249989 dts:781.920 pts:781.920 dur:41.700ms, clock:780.317 level:0
2026-07-04 09:33:21.010 T:1305 debug : CVideoPlayer::ProcessPacket packet from enhancement layer: size:27940 dts:781.920 pts:781.920 dur:41.700ms
2026-07-04 09:33:21.031 T:1305 debug : CVideoPlayer::ProcessVideoData size:246439 dts:781.962 pts:781.962 dur:41.700ms, clock:780.339 level:0
2026-07-04 09:33:21.035 T:1307 debug : CVideoPlayerVideo::OutputPicture - ttd:669ms pts:781.012 Clock:780.342 Level:11
2026-07-04 09:33:21.121 T:1305 debug : CVideoPlayer::ProcessVideoData size:936014 dts:782.004 pts:782.129 dur:41.700ms, clock:780.429 level:0
2026-07-04 09:33:21.122 T:1307 debug : CVideoPlayerVideo::OutputPicture - ttd:624ms pts:781.054 Clock:780.429 Level:10
2026-07-04 09:33:21.122 T:1305 debug : CVideoPlayer::ProcessPacket packet from enhancement layer: size:28135 dts:781.962 pts:781.962 dur:41.700ms
2026-07-04 09:33:21.123 T:1305 debug : CVideoPlayer::ProcessPacket packet from enhancement layer: size:195433 dts:782.004 pts:782.129 dur:41.700ms
2026-07-04 09:33:21.124 T:1307 debug : CVideoPlayerVideo::OutputPicture - ttd:663ms pts:781.095 Clock:780.431 Level:11
2026-07-04 09:33:21.147 T:1305 debug : CVideoPlayer::ProcessVideoData size:251269 dts:782.045 pts:782.045 dur:41.700ms, clock:780.455 level:0
2026-07-04 09:33:21.151 T:1307 debug : CVideoPlayerVideo::OutputPicture - ttd:678ms pts:781.137 Clock:780.458 Level:11
2026-07-04 09:33:21.165 T:1305 debug : CVideoPlayer::ProcessPacket packet from enhancement layer: size:26760 dts:782.045 pts:782.045 dur:41.700ms
2026-07-04 09:33:21.182 T:1305 debug : CVideoPlayer::ProcessVideoData size:249049 dts:782.087 pts:782.087 dur:41.700ms, clock:780.490 level:0
2026-07-04 09:33:21.305 T:937 debug : TEMP: [framecount] video=7440 ctrls=7440 subs=2361 skip-gui=1217 skip-any=1217
2026-07-04 09:33:21.510 T:1305 debug : CVideoPlayer::ProcessPacket packet from enhancement layer: size:26662 dts:782.087 pts:782.087 dur:41.700ms
2026-07-04 09:33:21.510 T:1307 debug : CVideoPlayerVideo::OutputPicture - ttd:360ms pts:781.179 Clock:780.818 Level:4
2026-07-04 09:33:21.511 T:1307 debug : CVideoPlayerVideo::OutputPicture - ttd:401ms pts:781.220 Clock:780.819 Level:5
2026-07-04 09:33:21.513 T:1307 debug : CVideoPlayerVideo::OutputPicture - ttd:441ms pts:781.262 Clock:780.820 Level:6
2026-07-04 09:33:21.514 T:1307 debug : CVideoPlayerVideo::OutputPicture - ttd:482ms pts:781.304 Clock:780.822 Level:7
2026-07-04 09:33:21.515 T:1307 debug : CVideoPlayerVideo::OutputPicture - ttd:522ms pts:781.346 Clock:780.823 Level:8
2026-07-04 09:33:21.516 T:1307 debug : CVideoPlayerVideo::OutputPicture - ttd:563ms pts:781.387 Clock:780.824 Level:9
2026-07-04 09:33:21.517 T:1307 debug : CVideoPlayerVideo::OutputPicture - ttd:603ms pts:781.429 Clock:780.825 Level:9
2026-07-04 09:33:21.518 T:1307 debug : CVideoPlayerVideo::OutputPicture - ttd:644ms pts:781.471 Clock:780.826 Level:10
2026-07-04 09:33:21.519 T:1307 debug : CVideoPlayerVideo::OutputPicture - ttd:685ms pts:781.512 Clock:780.827 Level:11
2026-07-04 09:33:21.533 T:1305 debug : CVideoPlayer::ProcessVideoData size:754908 dts:782.129 pts:782.254 dur:41.700ms, clock:780.840 level:0
2026-07-04 09:33:21.550 T:1305 debug : CVideoPlayer::ProcessPacket packet from enhancement layer: size:54940 dts:782.129 pts:782.254 dur:41.700ms
2026-07-04 09:33:21.572 T:1305 debug : CVideoPlayer::ProcessVideoData size:244845 dts:782.170 pts:782.170 dur:41.700ms, clock:780.880 level:0
2026-07-04 09:33:21.573 T:1305 debug : CVideoPlayer::ProcessPacket packet from enhancement layer: size:26929 dts:782.170 pts:782.170 dur:41.700ms
2026-07-04 09:33:21.576 T:1307 debug : CVideoPlayerVideo::OutputPicture - ttd:670ms pts:781.554 Clock:780.884 Level:11
2026-07-04 09:33:21.594 T:1305 debug : CVideoPlayer::ProcessVideoData size:244367 dts:782.212 pts:782.212 dur:41.700ms, clock:780.902 level:0
2026-07-04 09:33:21.660 T:1305 debug : CVideoPlayer::ProcessPacket packet from enhancement layer: size:28306 dts:782.212 pts:782.212 dur:41.700ms
2026-07-04 09:33:21.660 T:1307 debug : CVideoPlayerVideo::OutputPicture - ttd:627ms pts:781.596 Clock:780.968 Level:10
2026-07-04 09:33:21.662 T:1307 debug : CVideoPlayerVideo::OutputPicture - ttd:668ms pts:781.638 Clock:780.969 Level:11
2026-07-04 09:33:21.675 T:1305 debug : CVideoPlayer::ProcessVideoData size:775514 dts:782.254 pts:782.379 dur:41.700ms, clock:780.983 level:0
2026-07-04 09:33:21.676 T:1305 debug : CVideoPlayer::ProcessPacket packet from enhancement layer: size:46454 dts:782.254 pts:782.379 dur:41.700ms
2026-07-04 09:33:21.703 T:1305 debug : CVideoPlayer::ProcessVideoData size:239797 dts:782.295 pts:782.295 dur:41.700ms, clock:781.011 level:0
2026-07-04 09:33:21.704 T:1305 debug : CVideoPlayer::ProcessPacket packet from enhancement layer: size:28777 dts:782.295 pts:782.295 dur:41.700ms
2026-07-04 09:33:21.707 T:1307 debug : CVideoPlayerVideo::OutputPicture - ttd:664ms pts:781.679 Clock:781.015 Level:11
2026-07-04 09:33:21.732 T:1305 debug : CVideoPlayer::ProcessVideoData size:242424 dts:782.337 pts:782.337 dur:41.700ms, clock:781.040 level:0
2026-07-04 09:33:21.736 T:1307 debug : CVideoPlayerVideo::OutputPicture - ttd:677ms pts:781.721 Clock:781.043 Level:11
2026-07-04 09:33:21.792 T:1305 debug : CVideoPlayer::ProcessPacket packet from enhancement layer: size:28637 dts:782.337 pts:782.337 dur:41.700ms
2026-07-04 09:33:21.792 T:1307 debug : CVideoPlayerVideo::OutputPicture - ttd:662ms pts:781.763 Clock:781.100 Level:11
2026-07-04 09:33:21.820 T:1305 debug : CVideoPlayer::ProcessVideoData size:769036 dts:782.379 pts:782.504 dur:41.700ms, clock:781.128 level:0
2026-07-04 09:33:21.821 T:1305 debug : CVideoPlayer::ProcessPacket packet from enhancement layer: size:41094 dts:782.379 pts:782.504 dur:41.700ms
2026-07-04 09:33:21.825 T:1307 debug : CVideoPlayerVideo::OutputPicture - ttd:671ms pts:781.804 Clock:781.133 Level:11
2026-07-04 09:33:21.839 T:1305 debug : CVideoPlayer::ProcessVideoData size:245202 dts:782.421 pts:782.421 dur:41.700ms, clock:781.147 level:0
2026-07-04 09:33:21.840 T:1305 debug : CVideoPlayer::ProcessPacket packet from enhancement layer: size:28229 dts:782.421 pts:782.421 dur:41.700ms
2026-07-04 09:33:21.878 T:1305 debug : CVideoPlayer::ProcessVideoData size:249455 dts:782.462 pts:782.462 dur:41.700ms, clock:781.186 level:0
2026-07-04 09:33:21.882 T:1307 debug : CVideoPlayerVideo::OutputPicture - ttd:656ms pts:781.846 Clock:781.190 Level:11
2026-07-04 09:33:21.915 T:1305 debug : CVideoPlayer::ProcessPacket packet from enhancement layer: size:27938 dts:782.462 pts:782.462 dur:41.700ms
2026-07-04 09:33:21.915 T:1307 debug : CVideoPlayerVideo::OutputPicture - ttd:664ms pts:781.888 Clock:781.223 Level:11
2026-07-04 09:33:21.934 T:1305 debug : CVideoPlayer::ProcessVideoData size:787782 dts:782.504 pts:782.629 dur:41.700ms, clock:781.242 level:0
2026-07-04 09:33:21.961 T:1305 debug : CVideoPlayer::ProcessPacket packet from enhancement layer: size:49133 dts:782.504 pts:782.629 dur:41.700ms
2026-07-04 09:33:21.961 T:1307 debug : CVideoPlayerVideo::OutputPicture - ttd:660ms pts:781.930 Clock:781.269 Level:11
2026-07-04 09:33:21.985 T:1305 debug : CVideoPlayer::ProcessVideoData size:255886 dts:782.546 pts:782.546 dur:41.700ms, clock:781.293 level:0
2026-07-04 09:33:21.986 T:1305 debug : CVideoPlayer::ProcessPacket packet from enhancement layer: size:27800 dts:782.546 pts:782.546 dur:41.700ms
2026-07-04 09:33:21.989 T:1307 debug : CVideoPlayerVideo::OutputPicture - ttd:674ms pts:781.971 Clock:781.297 Level:11
2026-07-04 09:33:22.005 T:1305 debug : CVideoPlayer::ProcessVideoData size:241052 dts:782.587 pts:782.587 dur:41.700ms, clock:781.313 level:0
2026-07-04 09:33:22.056 T:1305 debug : CVideoPlayer::ProcessVideoData size:709792 dts:782.629 pts:782.754 dur:41.700ms, clock:781.364 level:0
2026-07-04 09:33:22.057 T:1307 debug : CVideoPlayerVideo::OutputPicture - ttd:648ms pts:782.013 Clock:781.364 Level:11
2026-07-04 09:33:22.072 T:1305 debug : CVideoPlayer::ProcessPacket packet from enhancement layer: size:24338 dts:782.587 pts:782.587 dur:41.700ms
2026-07-04 09:33:22.072 T:1305 debug : CVideoPlayer::ProcessPacket packet from enhancement layer: size:68879 dts:782.629 pts:782.754 dur:41.700ms
2026-07-04 09:33:22.076 T:1307 debug : CVideoPlayerVideo::OutputPicture - ttd:670ms pts:782.055 Clock:781.384 Level:11
2026-07-04 09:33:22.088 T:1305 debug : CVideoPlayer::ProcessVideoData size:267716 dts:782.671 pts:782.671 dur:41.700ms, clock:781.396 level:0
2026-07-04 09:33:22.088 T:1305 debug : CVideoPlayer::ProcessPacket packet from enhancement layer: size:21831 dts:782.671 pts:782.671 dur:41.700ms
2026-07-04 09:33:22.108 T:1305 debug : CVideoPlayer::ProcessVideoData size:243142 dts:782.713 pts:782.713 dur:41.700ms, clock:781.416 level:0
2026-07-04 09:33:22.111 T:1307 debug : CVideoPlayerVideo::OutputPicture - ttd:677ms pts:782.096 Clock:781.419 Level:11
2026-07-04 09:33:22.213 T:1305 debug : CVideoPlayer::ProcessVideoData size:717358 dts:782.754 pts:782.879 dur:41.700ms, clock:781.521 level:0
2026-07-04 09:33:22.214 T:1307 debug : CVideoPlayerVideo::OutputPicture - ttd:616ms pts:782.138 Clock:781.522 Level:10
2026-07-04 09:33:22.215 T:1307 debug : CVideoPlayerVideo::OutputPicture - ttd:656ms pts:782.180 Clock:781.523 Level:11
2026-07-04 09:33:22.232 T:1305 debug : CVideoPlayer::ProcessPacket packet from enhancement layer: size:24520 dts:782.713 pts:782.713 dur:41.700ms
2026-07-04 09:33:22.232 T:1305 debug : CVideoPlayer::ProcessPacket packet from enhancement layer: size:70201 dts:782.754 pts:782.879 dur:41.700ms
2026-07-04 09:33:22.236 T:1307 debug : CVideoPlayerVideo::OutputPicture - ttd:677ms pts:782.221 Clock:781.544 Level:11
2026-07-04 09:33:22.253 T:1305 debug : CVideoPlayer::ProcessVideoData size:237970 dts:782.796 pts:782.796 dur:41.700ms, clock:781.561 level:0
2026-07-04 09:33:22.254 T:1305 debug : CVideoPlayer::ProcessPacket packet from enhancement layer: size:24806 dts:782.796 pts:782.796 dur:41.700ms
2026-07-04 09:33:22.272 T:1305 debug : CVideoPlayer::ProcessVideoData size:235730 dts:782.838 pts:782.838 dur:41.700ms, clock:781.580 level:0
2026-07-04 09:33:22.275 T:1307 debug : CVideoPlayerVideo::OutputPicture - ttd:679ms pts:782.263 Clock:781.583 Level:11
2026-07-04 09:33:22.437 T:1305 debug : CVideoPlayer::ProcessVideoData size:1040475 dts:782.879 pts:783.005 dur:41.700ms, clock:781.745 level:0
2026-07-04 09:33:22.438 T:1305 debug : CVideoPlayer::ProcessPacket packet from enhancement layer: size:24661 dts:782.838 pts:782.838 dur:41.700ms
2026-07-04 09:33:22.439 T:1305 debug : CVideoPlayer::ProcessPacket packet from enhancement layer: size:142969 dts:782.879 pts:783.005 dur:41.700ms
2026-07-04 09:33:22.515 T:1305 debug : CVideoPlayer::ProcessVideoData size:238457 dts:782.921 pts:782.921 dur:41.700ms, clock:781.823 level:0
2026-07-04 09:33:22.813 T:1305 debug : CVideoPlayer::ProcessPacket packet from enhancement layer: size:29393 dts:782.921 pts:782.921 dur:41.700ms
2026-07-04 09:33:22.826 T:1305 debug : CVideoPlayer::ProcessVideoData size:237261 dts:782.963 pts:782.963 dur:41.700ms, clock:782.134 level:0
2026-07-04 09:33:22.857 T:1305 debug : CVideoPlayer::ProcessPacket packet from enhancement layer: size:22379 dts:782.963 pts:782.963 dur:41.700ms
2026-07-04 09:33:22.880 T:1305 debug : CVideoPlayer::ProcessVideoData size:748393 dts:783.005 pts:783.130 dur:41.700ms, clock:782.188 level:0
2026-07-04 09:33:22.881 T:1305 debug : CVideoPlayer::ProcessPacket packet from enhancement layer: size:46755 dts:783.005 pts:783.130 dur:41.700ms
2026-07-04 09:33:22.925 T:1305 debug : CVideoPlayer::ProcessVideoData size:238910 dts:783.046 pts:783.046 dur:41.700ms, clock:782.233 level:0
2026-07-04 09:33:22.926 T:1305 debug : CVideoPlayer::ProcessPacket packet from enhancement layer: size:21380 dts:783.046 pts:783.046 dur:41.700ms
2026-07-04 09:33:22.951 T:1305 debug : CVideoPlayer::ProcessVideoData size:237161 dts:783.088 pts:783.088 dur:41.700ms, clock:782.259 level:0
2026-07-04 09:33:23.008 T:1305 debug : CVideoPlayer::ProcessPacket packet from enhancement layer: size:23110 dts:783.088 pts:783.088 dur:41.700ms
2026-07-04 09:33:23.035 T:1305 debug : CVideoPlayer::ProcessVideoData size:737708 dts:783.130 pts:783.255 dur:41.700ms, clock:782.343 level:0
2026-07-04 09:33:23.036 T:1305 debug : CVideoPlayer::ProcessPacket packet from enhancement layer: size:58462 dts:783.130 pts:783.255 dur:41.700ms
2026-07-04 09:33:23.056 T:1305 debug : CVideoPlayer::ProcessVideoData size:230998 dts:783.171 pts:783.171 dur:41.700ms, clock:782.364 level:0
2026-07-04 09:33:23.073 T:1305 debug : CVideoPlayer::ProcessPacket packet from enhancement layer: size:23673 dts:783.171 pts:783.171 dur:41.700ms
2026-07-04 09:33:23.095 T:1305 debug : CVideoPlayer::ProcessVideoData size:234094 dts:783.213 pts:783.213 dur:41.700ms, clock:782.403 level:0
2026-07-04 09:33:23.129 T:1305 debug : CVideoPlayer::ProcessPacket packet from enhancement layer: size:24324 dts:783.213 pts:783.213 dur:41.700ms
2026-07-04 09:33:23.147 T:1305 debug : CVideoPlayer::ProcessVideoData size:741891 dts:783.255 pts:783.380 dur:41.700ms, clock:782.455 level:0
2026-07-04 09:33:23.148 T:1305 debug : CVideoPlayer::ProcessPacket packet from enhancement layer: size:45535 dts:783.255 pts:783.380 dur:41.700ms
2026-07-04 09:33:23.190 T:1305 debug : CVideoPlayer::ProcessVideoData size:233322 dts:783.296 pts:783.296 dur:41.700ms, clock:782.498 level:0
2026-07-04 09:33:23.190 T:1305 debug : CVideoPlayer::ProcessPacket packet from enhancement layer: size:24351 dts:783.296 pts:783.296 dur:41.700ms
2026-07-04 09:33:23.212 T:1305 debug : CVideoPlayer::ProcessVideoData size:233134 dts:783.338 pts:783.338 dur:41.700ms, clock:782.520 level:0
2026-07-04 09:33:23.244 T:1305 debug : CVideoPlayer::ProcessPacket packet from enhancement layer: size:24168 dts:783.338 pts:783.338 dur:41.700ms
2026-07-04 09:33:23.262 T:1305 debug : CVideoPlayer::ProcessVideoData size:744573 dts:783.380 pts:783.505 dur:41.700ms, clock:782.570 level:0
2026-07-04 09:33:23.267 T:1307 debug : CVideoPlayerVideo::OutputPicture - ttd:-270ms pts:782.305 Clock:782.575 Level:0
2026-07-04 09:33:23.268 T:1307 debug : CVideoPlayerVideo::OutputPicture - ttd:-229ms pts:782.347 Clock:782.576 Level:1
2026-07-04 09:33:23.269 T:1307 debug : CVideoPlayerVideo::OutputPicture - ttd:-188ms pts:782.388 Clock:782.577 Level:2
2026-07-04 09:33:23.270 T:1307 debug : CVideoPlayerVideo::OutputPicture - ttd:-148ms pts:782.430 Clock:782.578 Level:3
2026-07-04 09:33:23.271 T:1307 debug : CVideoPlayerVideo::OutputPicture - ttd:-107ms pts:782.472 Clock:782.579 Level:4
2026-07-04 09:33:23.273 T:1307 debug : CVideoPlayerVideo::OutputPicture - ttd:-67ms pts:782.513 Clock:782.581 Level:5
2026-07-04 09:33:23.274 T:1307 debug : CVideoPlayerVideo::OutputPicture - ttd:-26ms pts:782.555 Clock:782.582 Level:6
2026-07-04 09:33:23.275 T:1307 debug : CVideoPlayerVideo::OutputPicture - ttd:14ms pts:782.597 Clock:782.583 Level:7
2026-07-04 09:33:23.276 T:1307 debug : CVideoPlayerVideo::OutputPicture - ttd:54ms pts:782.639 Clock:782.584 Level:8
2026-07-04 09:33:23.277 T:1307 debug : CVideoPlayerVideo::OutputPicture - ttd:95ms pts:782.680 Clock:782.585 Level:9
2026-07-04 09:33:23.278 T:1307 debug : CVideoPlayerVideo::OutputPicture - ttd:135ms pts:782.722 Clock:782.586 Level:10
2026-07-04 09:33:23.279 T:1307 debug : CVideoPlayerVideo::OutputPicture - ttd:176ms pts:782.764 Clock:782.587 Level:11
2026-07-04 09:33:23.280 T:1307 debug : CVideoPlayerVideo::OutputPicture - ttd:217ms pts:782.805 Clock:782.588 Level:12
2026-07-04 09:33:23.281 T:1305 debug : CVideoPlayer::ProcessPacket packet from enhancement layer: size:53813 dts:783.380 pts:783.505 dur:41.700ms
2026-07-04 09:33:23.282 T:1307 debug : CVideoPlayerVideo::OutputPicture - ttd:257ms pts:782.847 Clock:782.590 Level:13
2026-07-04 09:33:23.310 T:1305 debug : CVideoPlayer::ProcessVideoData size:235266 dts:783.422 pts:783.422 dur:41.700ms, clock:782.618 level:0
2026-07-04 09:33:23.310 T:1305 debug : CVideoPlayer::ProcessPacket packet from enhancement layer: size:25287 dts:783.422 pts:783.422 dur:41.700ms
2026-07-04 09:33:23.338 T:1305 debug : CVideoPlayer::ProcessVideoData size:225996 dts:783.463 pts:783.463 dur:41.700ms, clock:782.646 level:0
2026-07-04 09:33:23.378 T:1305 debug : CVideoPlayer::ProcessPacket packet from enhancement layer: size:24671 dts:783.463 pts:783.463 dur:41.700ms
2026-07-04 09:33:23.379 T:1307 debug : CVideoPlayerVideo::OutputPicture - ttd:202ms pts:782.889 Clock:782.687 Level:0
2026-07-04 09:33:23.380 T:1307 debug : CVideoPlayerVideo::OutputPicture - ttd:242ms pts:782.931 Clock:782.688 Level:1
2026-07-04 09:33:23.405 T:1305 debug : CVideoPlayer::ProcessVideoData size:710589 dts:783.505 pts:783.630 dur:41.700ms, clock:782.713 level:0
2026-07-04 09:33:23.405 T:1305 debug : CVideoPlayer::ProcessPacket packet from enhancement layer: size:55020 dts:783.505 pts:783.630 dur:41.700ms
2026-07-04 09:33:23.410 T:1307 debug : CVideoPlayerVideo::OutputPicture - ttd:254ms pts:782.972 Clock:782.718 Level:1
2026-07-04 09:33:23.411 T:1307 debug : CVideoPlayerVideo::OutputPicture - ttd:295ms pts:783.014 Clock:782.719 Level:2
2026-07-04 09:33:23.424 T:1305 debug : CVideoPlayer::ProcessVideoData size:224461 dts:783.547 pts:783.547 dur:41.700ms, clock:782.732 level:0
2026-07-04 09:33:23.443 T:1305 debug : CVideoPlayer::ProcessPacket packet from enhancement layer: size:23678 dts:783.547 pts:783.547 dur:41.700ms
2026-07-04 09:33:23.455 T:1305 debug : CVideoPlayer::ProcessVideoData size:229829 dts:783.588 pts:783.588 dur:41.700ms, clock:782.763 level:0
2026-07-04 09:33:23.511 T:1305 debug : CVideoPlayer::ProcessPacket packet from enhancement layer: size:23608 dts:783.588 pts:783.588 dur:41.700ms
2026-07-04 09:33:23.531 T:1305 debug : CVideoPlayer::ProcessVideoData size:679600 dts:783.630 pts:783.755 dur:41.700ms, clock:782.839 level:0
2026-07-04 09:33:23.532 T:1305 debug : CVideoPlayer::ProcessPacket packet from enhancement layer: size:54169 dts:783.630 pts:783.755 dur:41.700ms
2026-07-04 09:33:23.549 T:1305 debug : CVideoPlayer::ProcessVideoData size:230143 dts:783.672 pts:783.672 dur:41.700ms, clock:782.857 level:0
2026-07-04 09:33:23.549 T:1305 debug : CVideoPlayer::ProcessPacket packet from enhancement layer: size:30555 dts:783.672 pts:783.672 dur:41.700ms
2026-07-04 09:33:23.593 T:1305 debug : CVideoPlayer::ProcessVideoData size:228306 dts:783.714 pts:783.714 dur:41.700ms, clock:782.901 level:0
2026-07-04 09:33:23.714 T:1305 debug : CVideoPlayer::ProcessVideoData size:899410 dts:783.755 pts:783.880 dur:41.700ms, clock:783.022 level:0
2026-07-04 09:33:23.714 T:1305 debug : CVideoPlayer::ProcessPacket packet from enhancement layer: size:23337 dts:783.714 pts:783.714 dur:41.700ms
2026-07-04 09:33:23.715 T:1305 debug : CVideoPlayer::ProcessPacket packet from enhancement layer: size:191568 dts:783.755 pts:783.880 dur:41.700ms
2026-07-04 09:33:23.749 T:1305 debug : CVideoPlayer::ProcessVideoData size:237985 dts:783.797 pts:783.797 dur:41.700ms, clock:783.057 level:0
2026-07-04 09:33:23.749 T:1305 debug : CVideoPlayer::ProcessPacket packet from enhancement layer: size:29547 dts:783.797 pts:783.797 dur:41.700ms
2026-07-04 09:33:23.770 T:1305 debug : CVideoPlayer::ProcessVideoData size:232573 dts:783.839 pts:783.839 dur:41.700ms, clock:783.078 level:0
2026-07-04 09:33:23.811 T:1305 debug : CVideoPlayer::ProcessPacket packet from enhancement layer: size:22645 dts:783.839 pts:783.839 dur:41.700ms
2026-07-04 09:33:23.833 T:1305 debug : CVideoPlayer::ProcessVideoData size:624545 dts:783.880 pts:784.006 dur:41.700ms, clock:783.141 level:0
2026-07-04 09:33:23.834 T:1305 debug : CVideoPlayer::ProcessPacket packet from enhancement layer: size:59540 dts:783.880 pts:784.006 dur:41.700ms
2026-07-04 09:33:23.858 T:1305 debug : CVideoPlayer::ProcessVideoData size:245257 dts:783.922 pts:783.922 dur:41.700ms, clock:783.166 level:0
2026-07-04 09:33:23.858 T:1305 debug : CVideoPlayer::ProcessPacket packet from enhancement layer: size:20291 dts:783.922 pts:783.922 dur:41.700ms
2026-07-04 09:33:23.888 T:1305 debug : CVideoPlayer::ProcessVideoData size:241359 dts:783.964 pts:783.964 dur:41.700ms, clock:783.196 level:0
2026-07-04 09:33:23.953 T:1305 debug : CVideoPlayer::ProcessPacket packet from enhancement layer: size:27828 dts:783.964 pts:783.964 dur:41.700ms
2026-07-04 09:33:23.970 T:1305 debug : CVideoPlayer::ProcessVideoData size:684028 dts:784.006 pts:784.131 dur:41.700ms, clock:783.278 level:0
2026-07-04 09:33:23.971 T:1305 debug : CVideoPlayer::ProcessPacket packet from enhancement layer: size:46896 dts:784.006 pts:784.131 dur:41.700ms
2026-07-04 09:33:23.986 T:1305 debug : CVideoPlayer::ProcessVideoData size:232879 dts:784.047 pts:784.047 dur:41.700ms, clock:783.294 level:0
2026-07-04 09:33:23.986 T:1305 debug : CVideoPlayer::ProcessPacket packet from enhancement layer: size:28317 dts:784.047 pts:784.047 dur:41.700ms
2026-07-04 09:33:24.001 T:1305 debug : CVideoPlayer::ProcessVideoData size:237039 dts:784.089 pts:784.089 dur:41.700ms, clock:783.309 level:0
2026-07-04 09:33:24.031 T:1305 debug : CVideoPlayer::ProcessPacket packet from enhancement layer: size:22842 dts:784.089 pts:784.089 dur:41.700ms
2026-07-04 09:33:24.052 T:1305 debug : CVideoPlayer::ProcessVideoData size:662288 dts:784.131 pts:784.256 dur:41.700ms, clock:783.360 level:0
2026-07-04 09:33:24.056 T:1307 debug : CVideoPlayerVideo::OutputPicture - ttd:-308ms pts:783.056 Clock:783.364 Level:0
2026-07-04 09:33:24.057 T:1307 debug : CVideoPlayerVideo::OutputPicture - ttd:-267ms pts:783.097 Clock:783.365 Level:1
2026-07-04 09:33:24.058 T:1307 debug : CVideoPlayerVideo::OutputPicture - ttd:-227ms pts:783.139 Clock:783.366 Level:2
2026-07-04 09:33:24.059 T:1307 debug : CVideoPlayerVideo::OutputPicture - ttd:-186ms pts:783.181 Clock:783.367 Level:3
2026-07-04 09:33:24.060 T:1307 debug : CVideoPlayerVideo::OutputPicture - ttd:-145ms pts:783.223 Clock:783.369 Level:4
2026-07-04 09:33:24.061 T:1307 debug : CVideoPlayerVideo::OutputPicture - ttd:-105ms pts:783.264 Clock:783.370 Level:5
2026-07-04 09:33:24.063 T:1307 debug : CVideoPlayerVideo::OutputPicture - ttd:-64ms pts:783.306 Clock:783.371 Level:6
2026-07-04 09:33:24.064 T:1307 debug : CVideoPlayerVideo::OutputPicture - ttd:-24ms pts:783.348 Clock:783.372 Level:7
2026-07-04 09:33:24.065 T:1307 debug : CVideoPlayerVideo::OutputPicture - ttd:16ms pts:783.389 Clock:783.373 Level:0
2026-07-04 09:33:24.066 T:1307 debug : CVideoPlayerVideo::OutputPicture - ttd:57ms pts:783.431 Clock:783.374 Level:1
2026-07-04 09:33:24.067 T:1307 debug : CVideoPlayerVideo::OutputPicture - ttd:97ms pts:783.473 Clock:783.375 Level:2
2026-07-04 09:33:24.068 T:1307 debug : CVideoPlayerVideo::OutputPicture - ttd:138ms pts:783.515 Clock:783.376 Level:3
2026-07-04 09:33:24.069 T:1307 debug : CVideoPlayerVideo::OutputPicture - ttd:178ms pts:783.556 Clock:783.377 Level:4
2026-07-04 09:33:24.070 T:1307 debug : CVideoPlayerVideo::OutputPicture - ttd:219ms pts:783.598 Clock:783.378 Level:5
2026-07-04 09:33:24.081 T:1305 debug : CVideoPlayer::ProcessPacket packet from enhancement layer: size:53741 dts:784.131 pts:784.256 dur:41.700ms
2026-07-04 09:33:24.113 T:1305 debug : CVideoPlayer::ProcessVideoData size:228990 dts:784.172 pts:784.172 dur:41.700ms, clock:783.421 level:0
2026-07-04 09:33:24.114 T:1305 debug : CVideoPlayer::ProcessPacket packet from enhancement layer: size:28702 dts:784.172 pts:784.172 dur:41.700ms
2026-07-04 09:33:24.117 T:1307 debug : CVideoPlayerVideo::OutputPicture - ttd:214ms pts:783.640 Clock:783.425 Level:0
2026-07-04 09:33:24.145 T:1305 debug : CVideoPlayer::ProcessVideoData size:225534 dts:784.214 pts:784.214 dur:41.700ms, clock:783.453 level:0
2026-07-04 09:33:24.195 T:1305 debug : CVideoPlayer::ProcessPacket packet from enhancement layer: size:22136 dts:784.214 pts:784.214 dur:41.700ms
2026-07-04 09:33:24.306 T:1308 info : CVideoPlayerAudio::Process - stream stalled
2026-07-04 09:33:24.434 T:1305 debug : CVideoPlayer::ProcessVideoData size:648062 dts:784.256 pts:784.381 dur:41.700ms, clock:783.743 level:0
2026-07-04 09:33:24.434 T:1305 debug : CDVDClock::SetSpeedAdjust - adjusted:0.000000
2026-07-04 09:33:24.435 T:1307 debug : CAMLCodec::SetSpeed, speed(0)
2026-07-04 09:33:24.435 T:1305 debug : CVideoPlayer::ProcessPacket packet from enhancement layer: size:52927 dts:784.256 pts:784.381 dur:41.700ms
2026-07-04 09:33:24.437 T:1308 debug : CDVDAudio::Pause - pausing audio stream
2026-07-04 09:33:24.479 T:937 debug : ------ Window Init (DialogSeekBar.xml) ------
2026-07-04 09:33:24.506 T:1305 debug : CVideoPlayer::ProcessVideoData size:229468 dts:784.297 pts:784.297 dur:41.700ms, clock:783.743 level:0
2026-07-04 09:33:24.780 T:1305 debug : CVideoPlayer::ProcessPacket packet from enhancement layer: size:27931 dts:784.297 pts:784.297 dur:41.700ms
2026-07-04 09:33:24.797 T:1305 debug : CVideoPlayer::ProcessVideoData size:227651 dts:784.339 pts:784.339 dur:41.700ms, clock:783.743 level:0
2026-07-04 09:33:24.839 T:1305 debug : CVideoPlayer::ProcessPacket packet from enhancement layer: size:28519 dts:784.339 pts:784.339 dur:41.700ms
2026-07-04 09:33:24.860 T:1305 debug : CVideoPlayer::ProcessVideoData size:642520 dts:784.381 pts:784.506 dur:41.700ms, clock:783.743 level:0
2026-07-04 09:33:24.861 T:1305 debug : CVideoPlayer::ProcessPacket packet from enhancement layer: size:42391 dts:784.381 pts:784.506 dur:41.700ms
2026-07-04 09:33:24.883 T:1305 debug : CVideoPlayer::ProcessVideoData size:237848 dts:784.423 pts:784.423 dur:41.700ms, clock:783.743 level:0
2026-07-04 09:33:24.883 T:1305 debug : CVideoPlayer::ProcessPacket packet from enhancement layer: size:27987 dts:784.423 pts:784.423 dur:41.700ms
2026-07-04 09:33:24.915 T:1305 debug : CVideoPlayer::ProcessVideoData size:244814 dts:784.464 pts:784.464 dur:41.700ms, clock:783.743 level:0
2026-07-04 09:33:24.946 T:1305 debug : CVideoPlayer::ProcessPacket packet from enhancement layer: size:28403 dts:784.464 pts:784.464 dur:41.700ms
2026-07-04 09:33:24.964 T:1305 debug : CVideoPlayer::ProcessVideoData size:626299 dts:784.506 pts:784.631 dur:41.700ms, clock:783.743 level:0
2026-07-04 09:33:25.196 T:1305 debug : CVideoPlayer::ProcessPacket packet from enhancement layer: size:51868 dts:784.506 pts:784.631 dur:41.700ms
2026-07-04 09:33:25.211 T:1305 debug : CVideoPlayer::ProcessVideoData size:230813 dts:784.548 pts:784.548 dur:41.700ms, clock:783.743 level:0
2026-07-04 09:33:25.211 T:1305 debug : CVideoPlayer::ProcessPacket packet from enhancement layer: size:28695 dts:784.548 pts:784.548 dur:41.700ms
2026-07-04 09:33:25.234 T:1305 debug : CVideoPlayer::ProcessVideoData size:228938 dts:784.589 pts:784.589 dur:41.700ms, clock:783.743 level:0
2026-07-04 09:33:25.589 T:1305 debug : CVideoPlayer::ProcessVideoData size:772929 dts:784.631 pts:784.756 dur:41.700ms, clock:783.743 level:0
2026-07-04 09:33:25.590 T:1305 debug : CVideoPlayer::ProcessPacket packet from enhancement layer: size:28659 dts:784.589 pts:784.589 dur:41.700ms
2026-07-04 09:33:25.591 T:1305 debug : CVideoPlayer::ProcessPacket packet from enhancement layer: size:134808 dts:784.631 pts:784.756 dur:41.700ms
2026-07-04 09:33:25.612 T:1305 debug : CVideoPlayer::ProcessVideoData size:230570 dts:784.673 pts:784.673 dur:41.700ms, clock:783.743 level:0
2026-07-04 09:33:25.613 T:1305 debug : CVideoPlayer::ProcessPacket packet from enhancement layer: size:27289 dts:784.673 pts:784.673 dur:41.700ms
2026-07-04 09:33:25.639 T:1305 debug : CVideoPlayer::ProcessVideoData size:225503 dts:784.715 pts:784.715 dur:41.700ms, clock:783.743 level:0
2026-07-04 09:33:25.643 T:1307 debug : CVideoPlayerVideo::OutputPicture - ttd:-61ms pts:783.681 Clock:783.743 Level:0
2026-07-04 09:33:25.675 T:1305 debug : CVideoPlayer::ProcessPacket packet from enhancement layer: size:25714 dts:784.715 pts:784.715 dur:41.700ms
2026-07-04 09:33:25.675 T:1307 debug : CVideoPlayerVideo::OutputPicture - ttd:-19ms pts:783.723 Clock:783.743 Level:0
2026-07-04 09:33:25.699 T:1305 debug : CVideoPlayer::ProcessVideoData size:543545 dts:784.756 pts:784.881 dur:41.700ms, clock:783.743 level:0
2026-07-04 09:33:25.699 T:1305 debug : CVideoPlayer::ProcessPacket packet from enhancement layer: size:56533 dts:784.756 pts:784.881 dur:41.700ms
2026-07-04 09:33:25.703 T:1307 debug : CVideoPlayerVideo::OutputPicture - ttd:22ms pts:783.765 Clock:783.743 Level:0
2026-07-04 09:33:25.704 T:1307 debug : CVideoPlayerVideo::OutputPicture - ttd:63ms pts:783.807 Clock:783.743 Level:1
2026-07-04 09:33:25.716 T:1305 debug : CVideoPlayer::ProcessVideoData size:222601 dts:784.798 pts:784.798 dur:41.700ms, clock:783.743 level:0
2026-07-04 09:33:25.717 T:1305 debug : CVideoPlayer::ProcessPacket packet from enhancement layer: size:26778 dts:784.798 pts:784.798 dur:41.700ms
2026-07-04 09:33:25.720 T:1307 debug : CVideoPlayerVideo::OutputPicture - ttd:105ms pts:783.848 Clock:783.743 Level:2
2026-07-04 09:33:25.721 T:1307 debug : CVideoPlayerVideo::OutputPicture - ttd:147ms pts:783.890 Clock:783.743 Level:3
2026-07-04 09:33:25.778 T:1305 debug : CVideoPlayer::ProcessVideoData size:207742 dts:784.840 pts:784.840 dur:41.700ms, clock:783.743 level:0
2026-07-04 09:33:25.782 T:1307 debug : CVideoPlayerVideo::OutputPicture - ttd:188ms pts:783.932 Clock:783.743 Level:0
2026-07-04 09:33:25.800 T:1305 debug : CVideoPlayer::ProcessPacket packet from enhancement layer: size:28294 dts:784.840 pts:784.840 dur:41.700ms
2026-07-04 09:33:25.820 T:1305 debug : CVideoPlayer::ProcessPacket packet from enhancement layer: size:60145 dts:784.881 pts:785.007 dur:41.700ms
2026-07-04 09:33:25.822 T:1305 debug : CVideoPlayer::ProcessVideoData size:507438 dts:784.881 pts:785.007 dur:41.700ms, clock:783.743 level:0
2026-07-04 09:33:25.840 T:1305 debug : CVideoPlayer::ProcessPacket packet from enhancement layer: size:29118 dts:784.923 pts:784.923 dur:41.700ms
