2026-07-04 09:27:57.979 T:937 debug : CAMLDRMUtils::aml_get_drmDevice_mode - current mode: 2160p24hz
2026-07-04 09:27:57.979 T:937 debug : CAMLDRMUtils::aml_set_drmDevice_active - use mode[6]: 2160p60hz
2026-07-04 09:27:58.073 T:937 debug : CAMLDRMUtils::aml_set_drmDevice_mode - finished set drmDevice mode
2026-07-04 09:27:58.073 T:937 debug : CAMLGBMUtils::CreateSurface - created surface with size 1920x1080
2026-07-04 09:27:58.074 T:937 info : GLES: Maximum texture width: 16383
2026-07-04 09:27:58.077 T:937 debug : CGUIWindowManager::PreviousWindow: Activate new
2026-07-04 09:27:58.080 T:937 debug : ------ Window Init (MyVideoNav.xml) ------
2026-07-04 09:27:58.082 T:937 debug : CGUIMediaWindow::GetDirectory (videodb://movies/titles/?xsp=%7b%22order%22%3a%7b%22direction%22%3a%22ascending%22%2c%22ignorefolders%22%3a0%2c%22method%22%3a%22sorttitle%22%7d%2c%22type%22%3a%22movies%22%7d)
2026-07-04 09:27:58.082 T:937 debug : ParentPath = [videodb://movies/]
2026-07-04 09:27:58.174 T:1288 debug : Thread BackgroundLoader start, auto delete: false
2026-07-04 09:27:58.174 T:937 debug : [threads] name: 'BackgroundLoader' priority: '1'
2026-07-04 09:27:58.195 T:1289 debug : Thread Timer start, auto delete: false
2026-07-04 09:27:58.201 T:937 debug : started alarm with name: refocus_window
2026-07-04 09:27:58.212 T:1290 debug : Thread JobWorker start, auto delete: true
2026-07-04 09:27:58.212 T:1290 debug : [threads] name: 'JobWorker' priority: '1'
2026-07-04 09:27:58.290 T:1291 debug : Thread JobWorker start, auto delete: true
2026-07-04 09:27:58.290 T:1291 debug : [threads] name: 'JobWorker' priority: '1'
2026-07-04 09:27:58.307 T:937 debug : ------ Window Deinit (DialogSeekBar.xml) ------
2026-07-04 09:27:58.307 T:1281 debug : [plugin.video.themoviedb.helper] CACHE: Initialized: database_07_ItemDetails.db_databaserowfactory_6.15.8 - Thread Safety Level: 3 - SQLite v3.53.3
2026-07-04 09:27:58.331 T:1290 error : DoWork - Direct texture file loading failed for resource://resource.images.studios.coloured/Torridon Films / Alcon Entertainment / Black Label Media / Jerry Bruckheimer Films / 16:14 Entertainment.png
2026-07-04 09:27:58.332 T:1290 debug : GetImageHash - unable to stat url resource://resource.images.studios.coloured/Torridon Films / Alcon Entertainment / Black Label Media / Jerry Bruckheimer Films / 16:14 Entertainment.png
2026-07-04 09:27:58.423 T:1288 debug : Thread BackgroundLoader 543313358240 terminating
2026-07-04 09:27:58.680 T:937 debug : CAMLDRMUtils::FbDestroyCallback - removing framebuffer: 147
2026-07-04 09:27:58.697 T:1289 debug : Thread Timer 546266148256 terminating
2026-07-04 09:27:58.700 T:1281 debug : CPythonInvoker(15, /storage/.kodi/addons/plugin.video.themoviedb.helper/resources/plugin.py): script successfully run
2026-07-04 09:27:58.700 T:1281 debug : onExecutionDone(15, /storage/.kodi/addons/plugin.video.themoviedb.helper/resources/plugin.py)
2026-07-04 09:27:58.754 T:937 debug : CAMLDRMUtils::aml_get_drmDevice_mode - current mode: 2160p60hz
2026-07-04 09:27:58.755 T:937 debug : CWinSystemAmlogicGLESContext::CreateNewWindow: m_bWindowCreated: true, frac rate 0(0), hdrType: none(none), force mode switch: no
2026-07-04 09:27:58.755 T:937 debug : CWinSystemAmlogicGLESContext::CreateNewWindow: cur: iWidth: 1920, iHeight: 1080, iScreenWidth: 3840, iScreenHeight: 2160, fRefreshRate: 60.00, dwFlags: 04, nativeGUI: false
2026-07-04 09:27:58.755 T:937 debug : CWinSystemAmlogicGLESContext::CreateNewWindow: res: iWidth: 1920, iHeight: 1080, iScreenWidth: 3840, iScreenHeight: 2160, fRefreshRate: 60.00, dwFlags: 04, nativeGUI: false
2026-07-04 09:27:58.755 T:937 debug : CWinSystemAmlogicGLESContext::CreateNewWindow: No need to create a new window
2026-07-04 09:27:58.755 T:937 info : GLES: Maximum texture width: 16383
2026-07-04 09:27:58.759 T:1281 warning : CPythonInvoker(15, /storage/.kodi/addons/plugin.video.themoviedb.helper/resources/plugin.py): the python script "/storage/.kodi/addons/plugin.video.themoviedb.helper/resources/plugin.py" has left several classes in memory that we couldn't clean up. The classes include: N9XBMCAddon9xbmcaddon5AddonE,N9XBMCAddon9xbmcaddon5AddonE,N9XBMCAddon9xbmcaddon5AddonE
2026-07-04 09:27:58.760 T:937 debug : CAMLDRMUtils::aml_get_drmDevice_mode - current mode: 2160p60hz
2026-07-04 09:27:58.760 T:937 debug : CWinSystemAmlogicGLESContext::CreateNewWindow: m_bWindowCreated: true, frac rate 0(0), hdrType: none(none), force mode switch: no
2026-07-04 09:27:58.760 T:937 debug : CWinSystemAmlogicGLESContext::CreateNewWindow: cur: iWidth: 1920, iHeight: 1080, iScreenWidth: 3840, iScreenHeight: 2160, fRefreshRate: 60.00, dwFlags: 04, nativeGUI: false
2026-07-04 09:27:58.760 T:937 debug : CWinSystemAmlogicGLESContext::CreateNewWindow: res: iWidth: 1920, iHeight: 1080, iScreenWidth: 3840, iScreenHeight: 2160, fRefreshRate: 60.00, dwFlags: 04, nativeGUI: false
2026-07-04 09:27:58.760 T:937 debug : CWinSystemAmlogicGLESContext::CreateNewWindow: No need to create a new window
2026-07-04 09:27:58.760 T:937 info : GLES: Maximum texture width: 16383
2026-07-04 09:27:58.842 T:1006 debug : trying to load setting definitions from old format...
2026-07-04 09:27:58.846 T:1281 debug : Skipped 5 duplicate messages..
2026-07-04 09:27:58.846 T:1281 debug : .
2026-07-04 09:27:58.987 T:1281 debug : Python interpreter stopped
2026-07-04 09:27:58.987 T:1281 debug : Thread LanguageInvoker 543733427616 terminating
2026-07-04 09:27:58.988 T:1005 debug : [service.skiptro] Playback ended, resetting state
2026-07-04 09:27:58.988 T:1003 debug : script.tinyppi --> Dolby Vision playback cache cleared
2026-07-04 09:27:58.988 T:1003 debug : script.tinyppi --> sender=xbmc method=Player.OnStop type='movie'
2026-07-04 09:28:01.237 T:957 debug : void CLibInputKeyboard::ProcessKey(libinput_event_keyboard*): libinput key: 0x6a, xkb keysym: 0xff53 (Right)
2026-07-04 09:28:01.237 T:957 debug : CLibInputKeyboard::ProcessKey - using delay: 500ms repeat: 33ms
2026-07-04 09:28:01.237 T:1292 debug : Thread Timer start, auto delete: false
2026-07-04 09:28:01.239 T:937 debug : Keyboard: scancode: 0x6a, sym: 0x113 (right), unicode: 0x00, modifier: 0x0
2026-07-04 09:28:01.239 T:937 debug : bool CInputManager::HandleKey(const CKey&): right (0xf083) pressed, window 10025, action is Right
2026-07-04 09:28:01.246 T:1290 error : DoWork - Direct texture file loading failed for resource://resource.images.studios.coloured/Pathé / Chapter 2 / M6 Films / Logical Content Ventures / uMedia.png
2026-07-04 09:28:01.247 T:1290 debug : GetImageHash - unable to stat url resource://resource.images.studios.coloured/Pathé / Chapter 2 / M6 Films / Logical Content Ventures / uMedia.png
2026-07-04 09:28:01.346 T:957 debug : void CLibInputKeyboard::ProcessKey(libinput_event_keyboard*): libinput key: 0x6a, xkb keysym: 0xff53 (Right)
2026-07-04 09:28:01.347 T:1292 debug : Thread Timer 543437090208 terminating
2026-07-04 09:28:01.355 T:937 debug : Keyboard: scancode: 0x6a, sym: 0x113 (right), unicode: 0x00, modifier: 0x0
2026-07-04 09:28:01.456 T:957 debug : void CLibInputKeyboard::ProcessKey(libinput_event_keyboard*): libinput key: 0x6a, xkb keysym: 0xff53 (Right)
2026-07-04 09:28:01.457 T:957 debug : CLibInputKeyboard::ProcessKey - using delay: 500ms repeat: 33ms
2026-07-04 09:28:01.457 T:1293 debug : Thread Timer start, auto delete: false
2026-07-04 09:28:01.472 T:937 debug : Keyboard: scancode: 0x6a, sym: 0x113 (right), unicode: 0x00, modifier: 0x0
2026-07-04 09:28:01.472 T:937 debug : bool CInputManager::HandleKey(const CKey&): right (0xf083) pressed, window 10025, action is Right
2026-07-04 09:28:01.546 T:957 debug : void CLibInputKeyboard::ProcessKey(libinput_event_keyboard*): libinput key: 0x6a, xkb keysym: 0xff53 (Right)
2026-07-04 09:28:01.546 T:1293 debug : Thread Timer 543437090208 terminating
2026-07-04 09:28:01.586 T:937 debug : Keyboard: scancode: 0x6a, sym: 0x113 (right), unicode: 0x00, modifier: 0x0
2026-07-04 09:28:01.646 T:957 debug : void CLibInputKeyboard::ProcessKey(libinput_event_keyboard*): libinput key: 0x6a, xkb keysym: 0xff53 (Right)
2026-07-04 09:28:01.646 T:957 debug : CLibInputKeyboard::ProcessKey - using delay: 500ms repeat: 33ms
2026-07-04 09:28:01.647 T:1296 debug : Thread Timer start, auto delete: false
2026-07-04 09:28:01.656 T:937 debug : Keyboard: scancode: 0x6a, sym: 0x113 (right), unicode: 0x00, modifier: 0x0
2026-07-04 09:28:01.656 T:937 debug : bool CInputManager::HandleKey(const CKey&): right (0xf083) pressed, window 10025, action is Right
2026-07-04 09:28:01.665 T:1286 error : DoWork - Direct texture file loading failed for resource://resource.images.studios.coloured/WOWING Entertainment Group.png
2026-07-04 09:28:01.665 T:1286 debug : GetImageHash - unable to stat url resource://resource.images.studios.coloured/WOWING Entertainment Group.png
2026-07-04 09:28:01.696 T:957 debug : void CLibInputKeyboard::ProcessKey(libinput_event_keyboard*): libinput key: 0x6a, xkb keysym: 0xff53 (Right)
2026-07-04 09:28:01.696 T:1296 debug : Thread Timer 543437090208 terminating
2026-07-04 09:28:01.705 T:937 debug : Keyboard: scancode: 0x6a, sym: 0x113 (right), unicode: 0x00, modifier: 0x0
2026-07-04 09:28:02.264 T:1298 debug : [plugin.video.themoviedb.helper] CACHE: Initialized: database_07_ItemDetails.db_databaserowfactory_6.15.8 - Thread Safety Level: 3 - SQLite v3.53.3
2026-07-04 09:28:02.906 T:957 debug : void CLibInputKeyboard::ProcessKey(libinput_event_keyboard*): libinput key: 0x6a, xkb keysym: 0xff53 (Right)
2026-07-04 09:28:02.906 T:957 debug : CLibInputKeyboard::ProcessKey - using delay: 500ms repeat: 33ms
2026-07-04 09:28:02.906 T:1299 debug : Thread Timer start, auto delete: false
2026-07-04 09:28:02.921 T:937 debug : Keyboard: scancode: 0x6a, sym: 0x113 (right), unicode: 0x00, modifier: 0x0
2026-07-04 09:28:02.921 T:937 debug : bool CInputManager::HandleKey(const CKey&): right (0xf083) pressed, window 10025, action is Right
2026-07-04 09:28:03.055 T:957 debug : void CLibInputKeyboard::ProcessKey(libinput_event_keyboard*): libinput key: 0x6a, xkb keysym: 0xff53 (Right)
2026-07-04 09:28:03.056 T:1299 debug : Thread Timer 543437090208 terminating
2026-07-04 09:28:03.071 T:937 debug : Keyboard: scancode: 0x6a, sym: 0x113 (right), unicode: 0x00, modifier: 0x0
2026-07-04 09:28:03.206 T:957 debug : void CLibInputKeyboard::ProcessKey(libinput_event_keyboard*): libinput key: 0x6a, xkb keysym: 0xff53 (Right)
2026-07-04 09:28:03.206 T:957 debug : CLibInputKeyboard::ProcessKey - using delay: 500ms repeat: 33ms
2026-07-04 09:28:03.206 T:1302 debug : Thread Timer start, auto delete: false
2026-07-04 09:28:03.221 T:937 debug : Keyboard: scancode: 0x6a, sym: 0x113 (right), unicode: 0x00, modifier: 0x0
2026-07-04 09:28:03.221 T:937 debug : bool CInputManager::HandleKey(const CKey&): right (0xf083) pressed, window 10025, action is Right
2026-07-04 09:28:03.229 T:1290 error : DoWork - Direct texture file loading failed for resource://resource.images.studios.coloured/DreamWorks Pictures / Reliance Entertainment / New Republic Pictures / Neal Street Productions / Mogambo Films.png
2026-07-04 09:28:03.229 T:1290 debug : GetImageHash - unable to stat url resource://resource.images.studios.coloured/DreamWorks Pictures / Reliance Entertainment / New Republic Pictures / Neal Street Productions / Mogambo Films.png
2026-07-04 09:28:03.296 T:957 debug : void CLibInputKeyboard::ProcessKey(libinput_event_keyboard*): libinput key: 0x6a, xkb keysym: 0xff53 (Right)
2026-07-04 09:28:03.296 T:1302 debug : Thread Timer 543437090208 terminating
2026-07-04 09:28:03.304 T:937 debug : Keyboard: scancode: 0x6a, sym: 0x113 (right), unicode: 0x00, modifier: 0x0
2026-07-04 09:28:03.585 T:957 debug : void CLibInputKeyboard::ProcessKey(libinput_event_keyboard*): libinput key: 0x161, xkb keysym: 0x1008ffa0 (XF86Select)
2026-07-04 09:28:03.585 T:957 debug : CLibInputKeyboard::ProcessKey - using delay: 500ms repeat: 33ms
2026-07-04 09:28:03.585 T:1303 debug : Thread Timer start, auto delete: false
2026-07-04 09:28:03.587 T:937 debug : Keyboard: scancode: 0x161, sym: 0x1f9 (), unicode: 0x00, modifier: 0x0
2026-07-04 09:28:03.695 T:957 debug : void CLibInputKeyboard::ProcessKey(libinput_event_keyboard*): libinput key: 0x161, xkb keysym: 0x1008ffa0 (XF86Select)
2026-07-04 09:28:03.696 T:1303 debug : Thread Timer 543437090208 terminating
2026-07-04 09:28:03.698 T:937 debug : Keyboard: scancode: 0x161, sym: 0x1f9 (), unicode: 0x00, modifier: 0x0
2026-07-04 09:28:03.698 T:937 debug : bool CInputManager::HandleKey(const CKey&): select (0xf0f2) pressed, window 10025, action is Select
2026-07-04 09:28:03.699 T:937 debug : ------ Window Init (DialogContextMenu.xml) ------
2026-07-04 09:28:03.699 T:937 debug : started alarm with name: refocus
2026-07-04 09:28:03.920 T:1291 debug : CNFSFile::Open - opened fs/1000/nfs/Movie2/1917-ISO.2019/1917.2019.2160p.TrueHD-Atmos.7.1.HDR10+.h265.10bit.iso
2026-07-04 09:28:03.922 T:1291 debug : CNFSFile::Close closing file fs/1000/nfs/Movie2/1917-ISO.2019/1917.2019.2160p.TrueHD-Atmos.7.1.HDR10+.h265.10bit.iso
2026-07-04 09:28:04.875 T:957 debug : void CLibInputKeyboard::ProcessKey(libinput_event_keyboard*): libinput key: 0x161, xkb keysym: 0x1008ffa0 (XF86Select)
2026-07-04 09:28:04.875 T:957 debug : CLibInputKeyboard::ProcessKey - using delay: 500ms repeat: 33ms
2026-07-04 09:28:04.875 T:1304 debug : Thread Timer start, auto delete: false
2026-07-04 09:28:04.887 T:937 debug : Keyboard: scancode: 0x161, sym: 0x1f9 (), unicode: 0x00, modifier: 0x0
2026-07-04 09:28:05.024 T:957 debug : void CLibInputKeyboard::ProcessKey(libinput_event_keyboard*): libinput key: 0x161, xkb keysym: 0x1008ffa0 (XF86Select)
2026-07-04 09:28:05.025 T:1304 debug : Thread Timer 543437090208 terminating
2026-07-04 09:28:05.037 T:937 debug : Keyboard: scancode: 0x161, sym: 0x1f9 (), unicode: 0x00, modifier: 0x0
2026-07-04 09:28:05.037 T:937 debug : bool CInputManager::HandleKey(const CKey&): select (0xf0f2) pressed, window 10106, action is Select
2026-07-04 09:28:05.343 T:937 debug : ------ Window Deinit (DialogContextMenu.xml) ------
2026-07-04 09:28:05.355 T:937 debug : CNFSFile::Open - opened fs/1000/nfs/Movie2/1917-ISO.2019/1917.2019.2160p.TrueHD-Atmos.7.1.HDR10+.h265.10bit.iso
2026-07-04 09:28:05.394 T:937 debug : CNFSFile::Close closing file fs/1000/nfs/Movie2/1917-ISO.2019/1917.2019.2160p.TrueHD-Atmos.7.1.HDR10+.h265.10bit.iso
2026-07-04 09:28:05.395 T:937 debug : OnPlayMedia bluray://udf%3a%2f%2fnfs%253a%252f%252f192.168.121.210%252ffs%252f1000%252fnfs%252fMovie2%252f1917-ISO.2019%252f1917.2019.2160p.TrueHD-Atmos.7.1.HDR10%252b.h265.10bit.iso%2f/BDMV/PLAYLIST/00040.mpls
2026-07-04 09:28:05.403 T:937 debug : CPlayerCoreFactory::GetPlayers(bluray://udf%3a%2f%2fnfs%253a%252f%252f192.168.121.210%252ffs%252f1000%252fnfs%252fMovie2%252f1917-ISO.2019%252f1917.2019.2160p.TrueHD-Atmos.7.1.HDR10%252b.h265.10bit.iso%2f/BDMV/PLAYLIST/00040.mpls)
2026-07-04 09:28:05.403 T:937 debug : CPlayerSelectionRule::GetPlayers: considering rule: system rules
2026-07-04 09:28:05.403 T:937 debug : CPlayerSelectionRule::GetPlayers: matches rule: system rules
2026-07-04 09:28:05.403 T:937 debug : CPlayerSelectionRule::GetPlayers: considering rule: mms/udp
2026-07-04 09:28:05.403 T:937 debug : CPlayerSelectionRule::GetPlayers: considering rule: lastfm/shout
2026-07-04 09:28:05.403 T:937 debug : CPlayerSelectionRule::GetPlayers: considering rule: rtmp
2026-07-04 09:28:05.403 T:937 debug : CPlayerSelectionRule::GetPlayers: considering rule: rtsp
2026-07-04 09:28:05.403 T:937 debug : CPlayerSelectionRule::GetPlayers: considering rule: streams
2026-07-04 09:28:05.403 T:937 debug : CPlayerSelectionRule::GetPlayers: considering rule: dvd
2026-07-04 09:28:05.403 T:937 debug : CPlayerSelectionRule::GetPlayers: considering rule: discimage
2026-07-04 09:28:05.403 T:937 debug : CPlayerSelectionRule::GetPlayers: considering rule: sdp/asf
2026-07-04 09:28:05.403 T:937 debug : CPlayerSelectionRule::GetPlayers: considering rule: nsv
2026-07-04 09:28:05.403 T:937 debug : CPlayerSelectionRule::GetPlayers: considering rule: radio
2026-07-04 09:28:05.403 T:937 debug : CPlayerCoreFactory::GetPlayers: matched 0 rules with players
2026-07-04 09:28:05.403 T:937 debug : CPlayerCoreFactory::GetPlayers: adding videodefaultplayer (VideoPlayer)
2026-07-04 09:28:05.403 T:937 debug : CPlayerCoreFactory::GetPlayers: for video=true, audio=false
2026-07-04 09:28:05.403 T:937 debug : CPlayerCoreFactory::GetPlayers: for video=true, audio=true
2026-07-04 09:28:05.403 T:937 debug : CPlayerCoreFactory::GetPlayers: added 1 players
2026-07-04 09:28:05.403 T:937 debug : CPlayerCoreFactory::GetPlayers(bluray://udf%3a%2f%2fnfs%253a%252f%252f192.168.121.210%252ffs%252f1000%252fnfs%252fMovie2%252f1917-ISO.2019%252f1917.2019.2160p.TrueHD-Atmos.7.1.HDR10%252b.h265.10bit.iso%2f/BDMV/PLAYLIST/00040.mpls)
2026-07-04 09:28:05.403 T:937 debug : CPlayerSelectionRule::GetPlayers: considering rule: system rules
2026-07-04 09:28:05.403 T:937 debug : CPlayerSelectionRule::GetPlayers: matches rule: system rules
2026-07-04 09:28:05.403 T:937 debug : CPlayerSelectionRule::GetPlayers: considering rule: mms/udp
2026-07-04 09:28:05.403 T:937 debug : CPlayerSelectionRule::GetPlayers: considering rule: lastfm/shout
2026-07-04 09:28:05.403 T:937 debug : CPlayerSelectionRule::GetPlayers: considering rule: rtmp
2026-07-04 09:28:05.403 T:937 debug : CPlayerSelectionRule::GetPlayers: considering rule: rtsp
2026-07-04 09:28:05.403 T:937 debug : CPlayerSelectionRule::GetPlayers: considering rule: streams
2026-07-04 09:28:05.403 T:937 debug : CPlayerSelectionRule::GetPlayers: considering rule: dvd
2026-07-04 09:28:05.403 T:937 debug : CPlayerSelectionRule::GetPlayers: considering rule: discimage
2026-07-04 09:28:05.403 T:937 debug : CPlayerSelectionRule::GetPlayers: considering rule: sdp/asf
2026-07-04 09:28:05.403 T:937 debug : CPlayerSelectionRule::GetPlayers: considering rule: nsv
2026-07-04 09:28:05.403 T:937 debug : CPlayerSelectionRule::GetPlayers: considering rule: radio
2026-07-04 09:28:05.403 T:937 debug : CPlayerCoreFactory::GetPlayers: matched 0 rules with players
2026-07-04 09:28:05.403 T:937 debug : CPlayerCoreFactory::GetPlayers: adding videodefaultplayer (VideoPlayer)
2026-07-04 09:28:05.403 T:937 debug : CPlayerCoreFactory::GetPlayers: for video=true, audio=false
2026-07-04 09:28:05.403 T:937 debug : CPlayerCoreFactory::GetPlayers: for video=true, audio=true
2026-07-04 09:28:05.403 T:937 debug : CPlayerCoreFactory::GetPlayers: added 1 players
2026-07-04 09:28:05.403 T:937 debug : requested setting (videoplayer.queuetimesize) was not found.
2026-07-04 09:28:05.406 T:937 debug : Radio UECP (RDS) Processor - new CDVDRadioRDSData
2026-07-04 09:28:05.406 T:937 debug : Audio ID3 tag processor - new CVideoPlayerAudioID3
2026-07-04 09:28:05.406 T:937 info : VideoPlayer::OpenFile: bluray://udf%3a%2f%2fnfs%253a%252f%252f192.168.121.210%252ffs%252f1000%252fnfs%252fMovie2%252f1917-ISO.2019%252f1917.2019.2160p.TrueHD-Atmos.7.1.HDR10%252b.h265.10bit.iso%2f/BDMV/PLAYLIST/00040.mpls
2026-07-04 09:28:05.406 T:937 debug : GLES: HQ scaler precision=16, intermediate format=0x881a
2026-07-04 09:28:05.406 T:937 info : CDVDSubtitlesLibass: Using libass version 1705000
2026-07-04 09:28:05.406 T:937 info : CDVDSubtitlesLibass: Creating ASS library structure
2026-07-04 09:28:05.406 T:937 info : CDVDSubtitlesLibass: Initializing ASS Renderer
2026-07-04 09:28:05.406 T:937 debug : CDVDSubtitlesLibass: [ass] libass API version: 0x1705000
2026-07-04 09:28:05.406 T:937 debug : CDVDSubtitlesLibass: [ass] libass source: tarball: 0.17.5
2026-07-04 09:28:05.407 T:937 debug : CDVDSubtitlesLibass: [ass] Shaper: FriBidi 1.0.16 (SIMPLE) HarfBuzz-ng 14.2.1 (COMPLEX)
2026-07-04 09:28:05.407 T:937 info : CDVDSubtitlesLibass: Initializing ASS library font settings
2026-07-04 09:28:05.418 T:1003 debug : script.tinyppi --> sender=xbmc method=Playlist.OnClear type=''
2026-07-04 09:28:05.419 T:1003 debug : script.tinyppi --> sender=xbmc method=Playlist.OnAdd type='movie'
2026-07-04 09:28:05.425 T:937 debug : CDVDSubtitlesLibass: [ass] Using font provider fontconfig
2026-07-04 09:28:05.425 T:937 info : CDVDSubtitlesLibass: Creating new ASS track
2026-07-04 09:28:05.425 T:937 debug : CRenderManager::UpdateLatencyTweak - got latency tweak of 0.0ms with a refresh rate of 60.000Hz and resolution of 2160, HDR used: false
2026-07-04 09:28:05.426 T:1305 debug : Thread VideoPlayer start, auto delete: false
2026-07-04 09:28:05.426 T:937 debug : virtual void CApplicationPlayerCallback::OnPlayBackStarted(const CFileItem&): call
2026-07-04 09:28:05.426 T:1305 info : Creating InputStream
2026-07-04 09:28:05.426 T:1306 debug : Thread BackgroundLoader start, auto delete: false
2026-07-04 09:28:05.426 T:937 debug : [threads] name: 'BackgroundLoader' priority: '1'
2026-07-04 09:28:05.432 T:1290 debug : Loading settings for bluray://udf%3a%2f%2fnfs%253a%252f%252f192.168.121.210%252ffs%252f1000%252fnfs%252fMovie2%252f1917-ISO.2019%252f1917.2019.2160p.TrueHD-Atmos.7.1.HDR10%252b.h265.10bit.iso%2f/BDMV/PLAYLIST/00040.mpls
2026-07-04 09:28:05.446 T:937 debug : CVideoGUIInfo::InitCurrentItem(bluray://udf%3a%2f%2fnfs%253a%252f%252f192.168.121.210%252ffs%252f1000%252fnfs%252fMovie2%252f1917-ISO.2019%252f1917.2019.2160p.TrueHD-Atmos.7.1.HDR10%252b.h265.10bit.iso%2f/BDMV/PLAYLIST/00040.mpls)
2026-07-04 09:28:05.446 T:937 debug : CPlayerGUIInfo::InitCurrentItem(bluray://udf%3a%2f%2fnfs%253a%252f%252f192.168.121.210%252ffs%252f1000%252fnfs%252fMovie2%252f1917-ISO.2019%252f1917.2019.2160p.TrueHD-Atmos.7.1.HDR10%252b.h265.10bit.iso%2f/BDMV/PLAYLIST/00040.mpls)
2026-07-04 09:28:05.451 T:1305 debug : CNFSFile::Open - opened fs/1000/nfs/Movie2/1917-ISO.2019/1917.2019.2160p.TrueHD-Atmos.7.1.HDR10+.h265.10bit.iso
2026-07-04 09:28:05.464 T:1305 debug : CNFSFile::Close closing file fs/1000/nfs/Movie2/1917-ISO.2019/1917.2019.2160p.TrueHD-Atmos.7.1.HDR10+.h265.10bit.iso
2026-07-04 09:28:05.465 T:1305 debug : CBlurayCallback::Logger - bluray.c:1464: libbluray version 1.4.0
2026-07-04 09:28:05.465 T:1305 debug : CBlurayCallback::Logger - bluray.c:1489: BLURAY initialized!
2026-07-04 09:28:05.465 T:1305 debug : CBlurayCallback::Logger - register.c:420: bd_psr_write(): PSR20 (REGION) 0x2 -> 0x1
2026-07-04 09:28:05.465 T:1305 debug : CBlurayCallback::Logger - register.c:420: bd_psr_write(): PSR13 (PARENTAL) 0xff -> 0x63
2026-07-04 09:28:05.465 T:1305 debug : CBlurayCallback::Logger - register.c:420: bd_psr_write(): PSR24 (3D_CAP) 0x0 -> 0xffffffff
2026-07-04 09:28:05.465 T:1305 debug : CBlurayCallback::Logger - register.c:422: bd_psr_write(): PSR31 0x30200 -> 0x310
2026-07-04 09:28:05.465 T:1305 debug : CBlurayCallback::Logger - register.c:422: bd_psr_write(): PSR25 0x0 -> 0xffffffff
2026-07-04 09:28:05.465 T:1305 debug : CBlurayCallback::Logger - register.c:422: bd_psr_write(): PSR26 0x0 -> 0xffffffff
2026-07-04 09:28:05.465 T:1305 debug : CBlurayCallback::Logger - register.c:422: bd_psr_write(): PSR27 0x0 -> 0xffffffff
2026-07-04 09:28:05.465 T:1305 debug : CBlurayCallback::Logger - register.c:420: bd_psr_write(): PSR16 (AUDIO_LANG) 0xffffff -> 0x7a686f
2026-07-04 09:28:05.465 T:1305 debug : CBlurayCallback::Logger - register.c:420: bd_psr_write(): PSR17 (PG_AND_SUB_LANG) 0xffffff -> 0x7a686f
2026-07-04 09:28:05.465 T:1305 debug : CBlurayCallback::Logger - register.c:420: bd_psr_write(): PSR18 (MENU_LANG) 0xffffff -> 0x7a686f
2026-07-04 09:28:05.465 T:1305 debug : bool KODI::UTILS::I18N::CBcp47::IsValidLanguage() const: cn is not a valid language subtag.
2026-07-04 09:28:05.465 T:1305 debug : CBlurayCallback::Logger - register.c:420: bd_psr_write(): PSR19 (COUNTRY) 0xffff -> 0x434e
2026-07-04 09:28:05.465 T:1305 debug : CDVDInputStreamBluray::Open - opening udf://nfs%3a%2f%2f192.168.121.210%2ffs%2f1000%2fnfs%2fMovie2%2f1917-ISO.2019%2f1917.2019.2160p.TrueHD-Atmos.7.1.HDR10%2b.h265.10bit.iso/
2026-07-04 09:28:05.466 T:1305 debug : CBlurayCallback::Logger - disc.c:333: failed opening UDF image (null)
2026-07-04 09:28:05.468 T:1305 debug : CNFSFile::Open - opened fs/1000/nfs/Movie2/1917-ISO.2019/1917.2019.2160p.TrueHD-Atmos.7.1.HDR10+.h265.10bit.iso
2026-07-04 09:28:05.480 T:1305 debug : CNFSFile::Close closing file fs/1000/nfs/Movie2/1917-ISO.2019/1917.2019.2160p.TrueHD-Atmos.7.1.HDR10+.h265.10bit.iso
2026-07-04 09:28:05.481 T:1305 debug : CBlurayCallback - Error opening file! (udf://nfs%3a%2f%2f192.168.121.210%2ffs%2f1000%2fnfs%2fMovie2%2f1917-ISO.2019%2f1917.2019.2160p.TrueHD-Atmos.7.1.HDR10%2b.h265.10bit.iso/AACS/Unit_Key_RO.inf)
2026-07-04 09:28:05.481 T:1305 debug : CBlurayCallback::Logger - aacs.c:83: AACS/Unit_Key_RO.inf not found. No AACS protection.
2026-07-04 09:28:05.483 T:1305 debug : CNFSFile::Open - opened fs/1000/nfs/Movie2/1917-ISO.2019/1917.2019.2160p.TrueHD-Atmos.7.1.HDR10+.h265.10bit.iso
2026-07-04 09:28:05.497 T:1305 debug : CBlurayCallback::Logger - index_parse.c:221: UHD disc type: 5, 4k: 1, HDR: 3, HDR10+: 1, Dolby Vision: 1
2026-07-04 09:28:05.497 T:1305 debug : CNFSFile::Close closing file fs/1000/nfs/Movie2/1917-ISO.2019/1917.2019.2160p.TrueHD-Atmos.7.1.HDR10+.h265.10bit.iso
2026-07-04 09:28:05.519 T:1003 debug : script.tinyppi --> sender=xbmc method=Info.OnChanged type=''
2026-07-04 09:28:05.523 T:1306 debug : Thread BackgroundLoader 543313358240 terminating
2026-07-04 09:28:05.546 T:937 debug : ------ Window Init (DialogBusy.xml) ------
2026-07-04 09:28:05.561 T:1305 debug : CBlurayCallback::Logger - bluray.c:1137: Detected 4K UltraHD (profile 6) disc
2026-07-04 09:28:05.561 T:1305 debug : CBlurayCallback::Logger - register.c:418: bd_psr_write(25, -1): no change in value
2026-07-04 09:28:05.561 T:1305 debug : CBlurayCallback::Logger - register.c:418: bd_psr_write(26, -1): no change in value
2026-07-04 09:28:05.561 T:1305 debug : CBlurayCallback::Logger - register.c:418: bd_psr_write(27, -1): no change in value
2026-07-04 09:28:05.561 T:1305 debug : CBlurayCallback::Logger - register.c:418: bd_psr_write(28, 0): no change in value
2026-07-04 09:28:05.561 T:1305 debug : CBlurayCallback::Logger - register.c:418: bd_psr_write(31, 784): no change in value
2026-07-04 09:28:05.561 T:1305 debug : CBlurayCallback - Opening dir udf://nfs%3a%2f%2f192.168.121.210%2ffs%2f1000%2fnfs%2fMovie2%2f1917-ISO.2019%2f1917.2019.2160p.TrueHD-Atmos.7.1.HDR10%2b.h265.10bit.iso/BDMV/META/DL
2026-07-04 09:28:05.564 T:1305 debug : CNFSFile::Open - opened fs/1000/nfs/Movie2/1917-ISO.2019/1917.2019.2160p.TrueHD-Atmos.7.1.HDR10+.h265.10bit.iso
2026-07-04 09:28:05.603 T:1305 debug : CNFSFile::Close closing file fs/1000/nfs/Movie2/1917-ISO.2019/1917.2019.2160p.TrueHD-Atmos.7.1.HDR10+.h265.10bit.iso
2026-07-04 09:28:05.604 T:1305 debug : CBlurayCallback - Closed dir (0x7ed806ce30)
2026-07-04 09:28:05.604 T:1305 debug : CBlurayCallback - Opening dir udf://nfs%3a%2f%2f192.168.121.210%2ffs%2f1000%2fnfs%2fMovie2%2f1917-ISO.2019%2f1917.2019.2160p.TrueHD-Atmos.7.1.HDR10%2b.h265.10bit.iso/BDMV/META/TN
2026-07-04 09:28:05.606 T:1305 debug : CNFSFile::Open - opened fs/1000/nfs/Movie2/1917-ISO.2019/1917.2019.2160p.TrueHD-Atmos.7.1.HDR10+.h265.10bit.iso
2026-07-04 09:28:05.619 T:1003 debug : script.tinyppi --> sender=xbmc method=Player.OnPlay type='movie'
2026-07-04 09:28:05.628 T:1305 debug : CNFSFile::Close closing file fs/1000/nfs/Movie2/1917-ISO.2019/1917.2019.2160p.TrueHD-Atmos.7.1.HDR10+.h265.10bit.iso
2026-07-04 09:28:05.629 T:1305 error : GetDirectory - Error getting udf://nfs%3a%2f%2f192.168.121.210%2ffs%2f1000%2fnfs%2fMovie2%2f1917-ISO.2019%2f1917.2019.2160p.TrueHD-Atmos.7.1.HDR10%2b.h265.10bit.iso/BDMV/META/TN
2026-07-04 09:28:05.631 T:1305 debug : CNFSFile::Open - opened fs/1000/nfs/Movie2/1917-ISO.2019/1917.2019.2160p.TrueHD-Atmos.7.1.HDR10+.h265.10bit.iso
2026-07-04 09:28:05.653 T:1305 debug : CNFSFile::Close closing file fs/1000/nfs/Movie2/1917-ISO.2019/1917.2019.2160p.TrueHD-Atmos.7.1.HDR10+.h265.10bit.iso
2026-07-04 09:28:05.654 T:1305 debug : CBlurayCallback - Error opening dir! (udf://nfs%3a%2f%2f192.168.121.210%2ffs%2f1000%2fnfs%2fMovie2%2f1917-ISO.2019%2f1917.2019.2160p.TrueHD-Atmos.7.1.HDR10%2b.h265.10bit.iso/BDMV/META/TN)
2026-07-04 09:28:05.656 T:1305 debug : CNFSFile::Open - opened fs/1000/nfs/Movie2/1917-ISO.2019/1917.2019.2160p.TrueHD-Atmos.7.1.HDR10+.h265.10bit.iso
2026-07-04 09:28:05.681 T:1305 debug : CNFSFile::Close closing file fs/1000/nfs/Movie2/1917-ISO.2019/1917.2019.2160p.TrueHD-Atmos.7.1.HDR10+.h265.10bit.iso
2026-07-04 09:28:05.685 T:1305 debug : CNFSFile::Open - opened fs/1000/nfs/Movie2/1917-ISO.2019/1917.2019.2160p.TrueHD-Atmos.7.1.HDR10+.h265.10bit.iso
2026-07-04 09:28:05.706 T:1305 debug : CNFSFile::Close closing file fs/1000/nfs/Movie2/1917-ISO.2019/1917.2019.2160p.TrueHD-Atmos.7.1.HDR10+.h265.10bit.iso
2026-07-04 09:28:05.707 T:1305 debug : CBlurayCallback::Logger - bluray.c:3183: PSR change: psr3 = 1
2026-07-04 09:28:05.707 T:1305 debug : CBlurayCallback::Logger - bluray.c:3183: PSR change: psr4 = 65535
2026-07-04 09:28:05.707 T:1305 debug : CBlurayCallback::Logger - bluray.c:3183: PSR change: psr0 = 1
2026-07-04 09:28:05.707 T:1305 debug : CBlurayCallback::Logger - bluray.c:3183: PSR change: psr1 = 255
2026-07-04 09:28:05.707 T:1305 debug : CBlurayCallback::Logger - bluray.c:3183: PSR change: psr2 = 268374015
2026-07-04 09:28:05.707 T:1305 debug : CBlurayCallback::Logger - bluray.c:3183: PSR change: psr14 = 65535
2026-07-04 09:28:05.707 T:1305 debug : CDVDInputStreamBluray::Open - Disc name : 1917
2026-07-04 09:28:05.707 T:1305 debug : CDVDInputStreamBluray::Open - First Play supported: 1
2026-07-04 09:28:05.707 T:1305 debug : CDVDInputStreamBluray::Open - Top menu supported : 1
2026-07-04 09:28:05.707 T:1305 debug : CDVDInputStreamBluray::Open - HDMV titles : 34
2026-07-04 09:28:05.707 T:1305 debug : CDVDInputStreamBluray::Open - BD-J titles : 56
2026-07-04 09:28:05.707 T:1305 debug : CDVDInputStreamBluray::Open - BD-J handled : 1
2026-07-04 09:28:05.707 T:1305 debug : CDVDInputStreamBluray::Open - UNSUPPORTED titles : 0
2026-07-04 09:28:05.707 T:1305 debug : CDVDInputStreamBluray::Open - AACS detected : 0
2026-07-04 09:28:05.707 T:1305 debug : CDVDInputStreamBluray::Open - libaacs detected : 0
2026-07-04 09:28:05.707 T:1305 debug : CDVDInputStreamBluray::Open - AACS handled : 0
2026-07-04 09:28:05.707 T:1305 debug : CDVDInputStreamBluray::Open - BD+ detected : 0
2026-07-04 09:28:05.707 T:1305 debug : CDVDInputStreamBluray::Open - libbdplus detected : 0
2026-07-04 09:28:05.707 T:1305 debug : CDVDInputStreamBluray::Open - BD+ handled : 0
2026-07-04 09:28:05.707 T:1305 debug : CDVDInputStreamBluray::Open - no menus (libmmbd, or profile 6 bdj) : 0
2026-07-04 09:28:05.707 T:1305 debug : CDVDInputStreamBluray::Open - 3D content exist : 0
2026-07-04 09:28:05.707 T:1305 debug : CBlurayCallback - Opening dir udf://nfs%3a%2f%2f192.168.121.210%2ffs%2f1000%2fnfs%2fMovie2%2f1917-ISO.2019%2f1917.2019.2160p.TrueHD-Atmos.7.1.HDR10%2b.h265.10bit.iso/BDMV/PLAYLIST
2026-07-04 09:28:05.710 T:1305 debug : CNFSFile::Open - opened fs/1000/nfs/Movie2/1917-ISO.2019/1917.2019.2160p.TrueHD-Atmos.7.1.HDR10+.h265.10bit.iso
2026-07-04 09:28:05.965 T:1305 debug : CNFSFile::Close closing file fs/1000/nfs/Movie2/1917-ISO.2019/1917.2019.2160p.TrueHD-Atmos.7.1.HDR10+.h265.10bit.iso
2026-07-04 09:28:05.980 T:1305 debug : CNFSFile::Open - opened fs/1000/nfs/Movie2/1917-ISO.2019/1917.2019.2160p.TrueHD-Atmos.7.1.HDR10+.h265.10bit.iso
2026-07-04 09:28:06.849 T:1305 debug : CNFSFile::Close closing file fs/1000/nfs/Movie2/1917-ISO.2019/1917.2019.2160p.TrueHD-Atmos.7.1.HDR10+.h265.10bit.iso
2026-07-04 09:28:06.853 T:1305 debug : CNFSFile::Open - opened fs/1000/nfs/Movie2/1917-ISO.2019/1917.2019.2160p.TrueHD-Atmos.7.1.HDR10+.h265.10bit.iso
2026-07-04 09:28:06.890 T:1305 debug : CNFSFile::Close closing file fs/1000/nfs/Movie2/1917-ISO.2019/1917.2019.2160p.TrueHD-Atmos.7.1.HDR10+.h265.10bit.iso
2026-07-04 09:28:06.893 T:1305 debug : CNFSFile::Open - opened fs/1000/nfs/Movie2/1917-ISO.2019/1917.2019.2160p.TrueHD-Atmos.7.1.HDR10+.h265.10bit.iso
2026-07-04 09:28:06.930 T:1305 debug : CNFSFile::Close closing file fs/1000/nfs/Movie2/1917-ISO.2019/1917.2019.2160p.TrueHD-Atmos.7.1.HDR10+.h265.10bit.iso
2026-07-04 09:28:06.933 T:1305 debug : CNFSFile::Open - opened fs/1000/nfs/Movie2/1917-ISO.2019/1917.2019.2160p.TrueHD-Atmos.7.1.HDR10+.h265.10bit.iso
2026-07-04 09:28:06.958 T:1305 debug : CNFSFile::Close closing file fs/1000/nfs/Movie2/1917-ISO.2019/1917.2019.2160p.TrueHD-Atmos.7.1.HDR10+.h265.10bit.iso
2026-07-04 09:28:06.962 T:1305 debug : CNFSFile::Open - opened fs/1000/nfs/Movie2/1917-ISO.2019/1917.2019.2160p.TrueHD-Atmos.7.1.HDR10+.h265.10bit.iso
2026-07-04 09:28:06.980 T:1305 debug : CNFSFile::Close closing file fs/1000/nfs/Movie2/1917-ISO.2019/1917.2019.2160p.TrueHD-Atmos.7.1.HDR10+.h265.10bit.iso
2026-07-04 09:28:06.983 T:1305 debug : CNFSFile::Open - opened fs/1000/nfs/Movie2/1917-ISO.2019/1917.2019.2160p.TrueHD-Atmos.7.1.HDR10+.h265.10bit.iso
2026-07-04 09:28:07.002 T:1305 debug : CNFSFile::Close closing file fs/1000/nfs/Movie2/1917-ISO.2019/1917.2019.2160p.TrueHD-Atmos.7.1.HDR10+.h265.10bit.iso
2026-07-04 09:28:07.005 T:1305 debug : CNFSFile::Open - opened fs/1000/nfs/Movie2/1917-ISO.2019/1917.2019.2160p.TrueHD-Atmos.7.1.HDR10+.h265.10bit.iso
2026-07-04 09:28:07.027 T:1305 debug : CNFSFile::Close closing file fs/1000/nfs/Movie2/1917-ISO.2019/1917.2019.2160p.TrueHD-Atmos.7.1.HDR10+.h265.10bit.iso
2026-07-04 09:28:07.236 T:1305 debug : CNFSFile::Open - opened fs/1000/nfs/Movie2/1917-ISO.2019/1917.2019.2160p.TrueHD-Atmos.7.1.HDR10+.h265.10bit.iso
2026-07-04 09:28:07.261 T:1305 debug : CNFSFile::Close closing file fs/1000/nfs/Movie2/1917-ISO.2019/1917.2019.2160p.TrueHD-Atmos.7.1.HDR10+.h265.10bit.iso
2026-07-04 09:28:07.263 T:1305 debug : CNFSFile::Open - opened fs/1000/nfs/Movie2/1917-ISO.2019/1917.2019.2160p.TrueHD-Atmos.7.1.HDR10+.h265.10bit.iso
2026-07-04 09:28:07.284 T:1305 debug : CNFSFile::Close closing file fs/1000/nfs/Movie2/1917-ISO.2019/1917.2019.2160p.TrueHD-Atmos.7.1.HDR10+.h265.10bit.iso
2026-07-04 09:28:07.286 T:1305 debug : CNFSFile::Open - opened fs/1000/nfs/Movie2/1917-ISO.2019/1917.2019.2160p.TrueHD-Atmos.7.1.HDR10+.h265.10bit.iso
2026-07-04 09:28:07.306 T:1305 debug : CNFSFile::Close closing file fs/1000/nfs/Movie2/1917-ISO.2019/1917.2019.2160p.TrueHD-Atmos.7.1.HDR10+.h265.10bit.iso
2026-07-04 09:28:07.309 T:1305 debug : CNFSFile::Open - opened fs/1000/nfs/Movie2/1917-ISO.2019/1917.2019.2160p.TrueHD-Atmos.7.1.HDR10+.h265.10bit.iso
2026-07-04 09:28:07.340 T:1305 debug : CNFSFile::Close closing file fs/1000/nfs/Movie2/1917-ISO.2019/1917.2019.2160p.TrueHD-Atmos.7.1.HDR10+.h265.10bit.iso
2026-07-04 09:28:07.343 T:1305 debug : CNFSFile::Open - opened fs/1000/nfs/Movie2/1917-ISO.2019/1917.2019.2160p.TrueHD-Atmos.7.1.HDR10+.h265.10bit.iso
2026-07-04 09:28:07.361 T:1305 debug : CNFSFile::Close closing file fs/1000/nfs/Movie2/1917-ISO.2019/1917.2019.2160p.TrueHD-Atmos.7.1.HDR10+.h265.10bit.iso
2026-07-04 09:28:07.364 T:1305 debug : CNFSFile::Open - opened fs/1000/nfs/Movie2/1917-ISO.2019/1917.2019.2160p.TrueHD-Atmos.7.1.HDR10+.h265.10bit.iso
2026-07-04 09:28:07.383 T:1305 debug : CNFSFile::Close closing file fs/1000/nfs/Movie2/1917-ISO.2019/1917.2019.2160p.TrueHD-Atmos.7.1.HDR10+.h265.10bit.iso
2026-07-04 09:28:07.385 T:1305 debug : CNFSFile::Open - opened fs/1000/nfs/Movie2/1917-ISO.2019/1917.2019.2160p.TrueHD-Atmos.7.1.HDR10+.h265.10bit.iso
2026-07-04 09:28:07.405 T:1305 debug : CNFSFile::Close closing file fs/1000/nfs/Movie2/1917-ISO.2019/1917.2019.2160p.TrueHD-Atmos.7.1.HDR10+.h265.10bit.iso
2026-07-04 09:28:07.408 T:1305 debug : CNFSFile::Open - opened fs/1000/nfs/Movie2/1917-ISO.2019/1917.2019.2160p.TrueHD-Atmos.7.1.HDR10+.h265.10bit.iso
2026-07-04 09:28:07.427 T:1305 debug : CNFSFile::Close closing file fs/1000/nfs/Movie2/1917-ISO.2019/1917.2019.2160p.TrueHD-Atmos.7.1.HDR10+.h265.10bit.iso
2026-07-04 09:28:07.430 T:1305 debug : CNFSFile::Open - opened fs/1000/nfs/Movie2/1917-ISO.2019/1917.2019.2160p.TrueHD-Atmos.7.1.HDR10+.h265.10bit.iso
2026-07-04 09:28:07.448 T:1305 debug : CNFSFile::Close closing file fs/1000/nfs/Movie2/1917-ISO.2019/1917.2019.2160p.TrueHD-Atmos.7.1.HDR10+.h265.10bit.iso
2026-07-04 09:28:07.451 T:1305 debug : CNFSFile::Open - opened fs/1000/nfs/Movie2/1917-ISO.2019/1917.2019.2160p.TrueHD-Atmos.7.1.HDR10+.h265.10bit.iso
2026-07-04 09:28:07.470 T:1305 debug : CNFSFile::Close closing file fs/1000/nfs/Movie2/1917-ISO.2019/1917.2019.2160p.TrueHD-Atmos.7.1.HDR10+.h265.10bit.iso
2026-07-04 09:28:07.473 T:1305 debug : CNFSFile::Open - opened fs/1000/nfs/Movie2/1917-ISO.2019/1917.2019.2160p.TrueHD-Atmos.7.1.HDR10+.h265.10bit.iso
2026-07-04 09:28:07.490 T:1305 debug : CNFSFile::Close closing file fs/1000/nfs/Movie2/1917-ISO.2019/1917.2019.2160p.TrueHD-Atmos.7.1.HDR10+.h265.10bit.iso
2026-07-04 09:28:07.492 T:1305 debug : CNFSFile::Open - opened fs/1000/nfs/Movie2/1917-ISO.2019/1917.2019.2160p.TrueHD-Atmos.7.1.HDR10+.h265.10bit.iso
2026-07-04 09:28:07.509 T:1305 debug : CNFSFile::Close closing file fs/1000/nfs/Movie2/1917-ISO.2019/1917.2019.2160p.TrueHD-Atmos.7.1.HDR10+.h265.10bit.iso
2026-07-04 09:28:07.512 T:1305 debug : CNFSFile::Open - opened fs/1000/nfs/Movie2/1917-ISO.2019/1917.2019.2160p.TrueHD-Atmos.7.1.HDR10+.h265.10bit.iso
2026-07-04 09:28:07.530 T:1305 debug : CNFSFile::Close closing file fs/1000/nfs/Movie2/1917-ISO.2019/1917.2019.2160p.TrueHD-Atmos.7.1.HDR10+.h265.10bit.iso
2026-07-04 09:28:07.532 T:1305 debug : CNFSFile::Open - opened fs/1000/nfs/Movie2/1917-ISO.2019/1917.2019.2160p.TrueHD-Atmos.7.1.HDR10+.h265.10bit.iso
2026-07-04 09:28:07.763 T:1305 debug : CNFSFile::Close closing file fs/1000/nfs/Movie2/1917-ISO.2019/1917.2019.2160p.TrueHD-Atmos.7.1.HDR10+.h265.10bit.iso
2026-07-04 09:28:07.766 T:1305 debug : CNFSFile::Open - opened fs/1000/nfs/Movie2/1917-ISO.2019/1917.2019.2160p.TrueHD-Atmos.7.1.HDR10+.h265.10bit.iso
2026-07-04 09:28:07.796 T:1305 debug : CNFSFile::Close closing file fs/1000/nfs/Movie2/1917-ISO.2019/1917.2019.2160p.TrueHD-Atmos.7.1.HDR10+.h265.10bit.iso
2026-07-04 09:28:07.798 T:1305 debug : CNFSFile::Open - opened fs/1000/nfs/Movie2/1917-ISO.2019/1917.2019.2160p.TrueHD-Atmos.7.1.HDR10+.h265.10bit.iso
2026-07-04 09:28:07.818 T:1305 debug : CNFSFile::Close closing file fs/1000/nfs/Movie2/1917-ISO.2019/1917.2019.2160p.TrueHD-Atmos.7.1.HDR10+.h265.10bit.iso
2026-07-04 09:28:07.820 T:1305 debug : CNFSFile::Open - opened fs/1000/nfs/Movie2/1917-ISO.2019/1917.2019.2160p.TrueHD-Atmos.7.1.HDR10+.h265.10bit.iso
2026-07-04 09:28:07.844 T:1305 debug : CNFSFile::Close closing file fs/1000/nfs/Movie2/1917-ISO.2019/1917.2019.2160p.TrueHD-Atmos.7.1.HDR10+.h265.10bit.iso
2026-07-04 09:28:07.847 T:1305 debug : CNFSFile::Open - opened fs/1000/nfs/Movie2/1917-ISO.2019/1917.2019.2160p.TrueHD-Atmos.7.1.HDR10+.h265.10bit.iso
2026-07-04 09:28:08.092 T:1305 debug : CNFSFile::Close closing file fs/1000/nfs/Movie2/1917-ISO.2019/1917.2019.2160p.TrueHD-Atmos.7.1.HDR10+.h265.10bit.iso
2026-07-04 09:28:08.095 T:1305 debug : CNFSFile::Open - opened fs/1000/nfs/Movie2/1917-ISO.2019/1917.2019.2160p.TrueHD-Atmos.7.1.HDR10+.h265.10bit.iso
2026-07-04 09:28:08.367 T:1305 debug : CNFSFile::Close closing file fs/1000/nfs/Movie2/1917-ISO.2019/1917.2019.2160p.TrueHD-Atmos.7.1.HDR10+.h265.10bit.iso
2026-07-04 09:28:08.369 T:1305 debug : CNFSFile::Open - opened fs/1000/nfs/Movie2/1917-ISO.2019/1917.2019.2160p.TrueHD-Atmos.7.1.HDR10+.h265.10bit.iso
2026-07-04 09:28:08.422 T:1305 debug : CNFSFile::Close closing file fs/1000/nfs/Movie2/1917-ISO.2019/1917.2019.2160p.TrueHD-Atmos.7.1.HDR10+.h265.10bit.iso
2026-07-04 09:28:08.424 T:1305 debug : CNFSFile::Open - opened fs/1000/nfs/Movie2/1917-ISO.2019/1917.2019.2160p.TrueHD-Atmos.7.1.HDR10+.h265.10bit.iso
2026-07-04 09:28:08.517 T:1305 debug : CNFSFile::Close closing file fs/1000/nfs/Movie2/1917-ISO.2019/1917.2019.2160p.TrueHD-Atmos.7.1.HDR10+.h265.10bit.iso
2026-07-04 09:28:08.520 T:1305 debug : CNFSFile::Open - opened fs/1000/nfs/Movie2/1917-ISO.2019/1917.2019.2160p.TrueHD-Atmos.7.1.HDR10+.h265.10bit.iso
2026-07-04 09:28:08.581 T:1305 debug : CNFSFile::Close closing file fs/1000/nfs/Movie2/1917-ISO.2019/1917.2019.2160p.TrueHD-Atmos.7.1.HDR10+.h265.10bit.iso
2026-07-04 09:28:08.584 T:1305 debug : CNFSFile::Open - opened fs/1000/nfs/Movie2/1917-ISO.2019/1917.2019.2160p.TrueHD-Atmos.7.1.HDR10+.h265.10bit.iso
2026-07-04 09:28:08.630 T:1305 debug : CNFSFile::Close closing file fs/1000/nfs/Movie2/1917-ISO.2019/1917.2019.2160p.TrueHD-Atmos.7.1.HDR10+.h265.10bit.iso
2026-07-04 09:28:08.633 T:1305 debug : CNFSFile::Open - opened fs/1000/nfs/Movie2/1917-ISO.2019/1917.2019.2160p.TrueHD-Atmos.7.1.HDR10+.h265.10bit.iso
2026-07-04 09:28:08.651 T:1305 debug : CNFSFile::Close closing file fs/1000/nfs/Movie2/1917-ISO.2019/1917.2019.2160p.TrueHD-Atmos.7.1.HDR10+.h265.10bit.iso
2026-07-04 09:28:08.653 T:1305 debug : CNFSFile::Open - opened fs/1000/nfs/Movie2/1917-ISO.2019/1917.2019.2160p.TrueHD-Atmos.7.1.HDR10+.h265.10bit.iso
2026-07-04 09:28:08.672 T:1305 debug : CNFSFile::Close closing file fs/1000/nfs/Movie2/1917-ISO.2019/1917.2019.2160p.TrueHD-Atmos.7.1.HDR10+.h265.10bit.iso
2026-07-04 09:28:08.674 T:1305 debug : CNFSFile::Open - opened fs/1000/nfs/Movie2/1917-ISO.2019/1917.2019.2160p.TrueHD-Atmos.7.1.HDR10+.h265.10bit.iso
2026-07-04 09:28:08.694 T:1305 debug : CNFSFile::Close closing file fs/1000/nfs/Movie2/1917-ISO.2019/1917.2019.2160p.TrueHD-Atmos.7.1.HDR10+.h265.10bit.iso
2026-07-04 09:28:08.697 T:1305 debug : CNFSFile::Open - opened fs/1000/nfs/Movie2/1917-ISO.2019/1917.2019.2160p.TrueHD-Atmos.7.1.HDR10+.h265.10bit.iso
2026-07-04 09:28:08.723 T:1305 debug : CNFSFile::Close closing file fs/1000/nfs/Movie2/1917-ISO.2019/1917.2019.2160p.TrueHD-Atmos.7.1.HDR10+.h265.10bit.iso
2026-07-04 09:28:08.726 T:1305 debug : CNFSFile::Open - opened fs/1000/nfs/Movie2/1917-ISO.2019/1917.2019.2160p.TrueHD-Atmos.7.1.HDR10+.h265.10bit.iso
2026-07-04 09:28:08.745 T:1305 debug : CNFSFile::Close closing file fs/1000/nfs/Movie2/1917-ISO.2019/1917.2019.2160p.TrueHD-Atmos.7.1.HDR10+.h265.10bit.iso
2026-07-04 09:28:08.749 T:1305 debug : CNFSFile::Open - opened fs/1000/nfs/Movie2/1917-ISO.2019/1917.2019.2160p.TrueHD-Atmos.7.1.HDR10+.h265.10bit.iso
2026-07-04 09:28:08.766 T:1305 debug : CNFSFile::Close closing file fs/1000/nfs/Movie2/1917-ISO.2019/1917.2019.2160p.TrueHD-Atmos.7.1.HDR10+.h265.10bit.iso
2026-07-04 09:28:08.769 T:1305 debug : CNFSFile::Open - opened fs/1000/nfs/Movie2/1917-ISO.2019/1917.2019.2160p.TrueHD-Atmos.7.1.HDR10+.h265.10bit.iso
2026-07-04 09:28:08.788 T:1305 debug : CNFSFile::Close closing file fs/1000/nfs/Movie2/1917-ISO.2019/1917.2019.2160p.TrueHD-Atmos.7.1.HDR10+.h265.10bit.iso
2026-07-04 09:28:08.792 T:1305 debug : CNFSFile::Open - opened fs/1000/nfs/Movie2/1917-ISO.2019/1917.2019.2160p.TrueHD-Atmos.7.1.HDR10+.h265.10bit.iso
2026-07-04 09:28:08.811 T:1305 debug : CNFSFile::Close closing file fs/1000/nfs/Movie2/1917-ISO.2019/1917.2019.2160p.TrueHD-Atmos.7.1.HDR10+.h265.10bit.iso
2026-07-04 09:28:08.814 T:1305 debug : CNFSFile::Open - opened fs/1000/nfs/Movie2/1917-ISO.2019/1917.2019.2160p.TrueHD-Atmos.7.1.HDR10+.h265.10bit.iso
2026-07-04 09:28:08.851 T:1305 debug : CNFSFile::Close closing file fs/1000/nfs/Movie2/1917-ISO.2019/1917.2019.2160p.TrueHD-Atmos.7.1.HDR10+.h265.10bit.iso
2026-07-04 09:28:08.855 T:1305 debug : CNFSFile::Open - opened fs/1000/nfs/Movie2/1917-ISO.2019/1917.2019.2160p.TrueHD-Atmos.7.1.HDR10+.h265.10bit.iso
2026-07-04 09:28:08.896 T:1305 debug : CNFSFile::Close closing file fs/1000/nfs/Movie2/1917-ISO.2019/1917.2019.2160p.TrueHD-Atmos.7.1.HDR10+.h265.10bit.iso
2026-07-04 09:28:08.899 T:1305 debug : CNFSFile::Open - opened fs/1000/nfs/Movie2/1917-ISO.2019/1917.2019.2160p.TrueHD-Atmos.7.1.HDR10+.h265.10bit.iso
2026-07-04 09:28:08.926 T:1305 debug : CNFSFile::Close closing file fs/1000/nfs/Movie2/1917-ISO.2019/1917.2019.2160p.TrueHD-Atmos.7.1.HDR10+.h265.10bit.iso
2026-07-04 09:28:09.135 T:1305 debug : CNFSFile::Open - opened fs/1000/nfs/Movie2/1917-ISO.2019/1917.2019.2160p.TrueHD-Atmos.7.1.HDR10+.h265.10bit.iso
2026-07-04 09:28:09.169 T:1305 debug : CNFSFile::Close closing file fs/1000/nfs/Movie2/1917-ISO.2019/1917.2019.2160p.TrueHD-Atmos.7.1.HDR10+.h265.10bit.iso
2026-07-04 09:28:09.171 T:1305 debug : CNFSFile::Open - opened fs/1000/nfs/Movie2/1917-ISO.2019/1917.2019.2160p.TrueHD-Atmos.7.1.HDR10+.h265.10bit.iso
2026-07-04 09:28:09.218 T:1305 debug : CNFSFile::Close closing file fs/1000/nfs/Movie2/1917-ISO.2019/1917.2019.2160p.TrueHD-Atmos.7.1.HDR10+.h265.10bit.iso
2026-07-04 09:28:09.221 T:1305 debug : CNFSFile::Open - opened fs/1000/nfs/Movie2/1917-ISO.2019/1917.2019.2160p.TrueHD-Atmos.7.1.HDR10+.h265.10bit.iso
2026-07-04 09:28:09.242 T:1305 debug : CNFSFile::Close closing file fs/1000/nfs/Movie2/1917-ISO.2019/1917.2019.2160p.TrueHD-Atmos.7.1.HDR10+.h265.10bit.iso
2026-07-04 09:28:09.246 T:1305 debug : CNFSFile::Open - opened fs/1000/nfs/Movie2/1917-ISO.2019/1917.2019.2160p.TrueHD-Atmos.7.1.HDR10+.h265.10bit.iso
2026-07-04 09:28:09.277 T:1305 debug : CNFSFile::Close closing file fs/1000/nfs/Movie2/1917-ISO.2019/1917.2019.2160p.TrueHD-Atmos.7.1.HDR10+.h265.10bit.iso
2026-07-04 09:28:09.280 T:1305 debug : CNFSFile::Open - opened fs/1000/nfs/Movie2/1917-ISO.2019/1917.2019.2160p.TrueHD-Atmos.7.1.HDR10+.h265.10bit.iso
2026-07-04 09:28:09.307 T:1305 debug : CNFSFile::Close closing file fs/1000/nfs/Movie2/1917-ISO.2019/1917.2019.2160p.TrueHD-Atmos.7.1.HDR10+.h265.10bit.iso
2026-07-04 09:28:09.310 T:1305 debug : CNFSFile::Open - opened fs/1000/nfs/Movie2/1917-ISO.2019/1917.2019.2160p.TrueHD-Atmos.7.1.HDR10+.h265.10bit.iso
2026-07-04 09:28:09.534 T:1305 debug : CNFSFile::Close closing file fs/1000/nfs/Movie2/1917-ISO.2019/1917.2019.2160p.TrueHD-Atmos.7.1.HDR10+.h265.10bit.iso
2026-07-04 09:28:09.537 T:1305 debug : CNFSFile::Open - opened fs/1000/nfs/Movie2/1917-ISO.2019/1917.2019.2160p.TrueHD-Atmos.7.1.HDR10+.h265.10bit.iso
2026-07-04 09:28:09.558 T:1305 debug : CNFSFile::Close closing file fs/1000/nfs/Movie2/1917-ISO.2019/1917.2019.2160p.TrueHD-Atmos.7.1.HDR10+.h265.10bit.iso
2026-07-04 09:28:09.561 T:1305 debug : CNFSFile::Open - opened fs/1000/nfs/Movie2/1917-ISO.2019/1917.2019.2160p.TrueHD-Atmos.7.1.HDR10+.h265.10bit.iso
2026-07-04 09:28:09.787 T:1305 debug : CNFSFile::Close closing file fs/1000/nfs/Movie2/1917-ISO.2019/1917.2019.2160p.TrueHD-Atmos.7.1.HDR10+.h265.10bit.iso
2026-07-04 09:28:09.789 T:1305 debug : CNFSFile::Open - opened fs/1000/nfs/Movie2/1917-ISO.2019/1917.2019.2160p.TrueHD-Atmos.7.1.HDR10+.h265.10bit.iso
2026-07-04 09:28:09.829 T:1305 debug : CNFSFile::Close closing file fs/1000/nfs/Movie2/1917-ISO.2019/1917.2019.2160p.TrueHD-Atmos.7.1.HDR10+.h265.10bit.iso
2026-07-04 09:28:09.832 T:1305 debug : CNFSFile::Open - opened fs/1000/nfs/Movie2/1917-ISO.2019/1917.2019.2160p.TrueHD-Atmos.7.1.HDR10+.h265.10bit.iso
2026-07-04 09:28:09.897 T:1305 debug : CNFSFile::Close closing file fs/1000/nfs/Movie2/1917-ISO.2019/1917.2019.2160p.TrueHD-Atmos.7.1.HDR10+.h265.10bit.iso
2026-07-04 09:28:09.900 T:1305 debug : CNFSFile::Open - opened fs/1000/nfs/Movie2/1917-ISO.2019/1917.2019.2160p.TrueHD-Atmos.7.1.HDR10+.h265.10bit.iso
2026-07-04 09:28:09.945 T:1305 debug : CNFSFile::Close closing file fs/1000/nfs/Movie2/1917-ISO.2019/1917.2019.2160p.TrueHD-Atmos.7.1.HDR10+.h265.10bit.iso
2026-07-04 09:28:09.947 T:1305 debug : CNFSFile::Open - opened fs/1000/nfs/Movie2/1917-ISO.2019/1917.2019.2160p.TrueHD-Atmos.7.1.HDR10+.h265.10bit.iso
2026-07-04 09:28:09.974 T:1305 debug : CNFSFile::Close closing file fs/1000/nfs/Movie2/1917-ISO.2019/1917.2019.2160p.TrueHD-Atmos.7.1.HDR10+.h265.10bit.iso
2026-07-04 09:28:09.977 T:1305 debug : CNFSFile::Open - opened fs/1000/nfs/Movie2/1917-ISO.2019/1917.2019.2160p.TrueHD-Atmos.7.1.HDR10+.h265.10bit.iso
2026-07-04 09:28:10.006 T:1305 debug : CNFSFile::Close closing file fs/1000/nfs/Movie2/1917-ISO.2019/1917.2019.2160p.TrueHD-Atmos.7.1.HDR10+.h265.10bit.iso
2026-07-04 09:28:10.009 T:1305 debug : CNFSFile::Open - opened fs/1000/nfs/Movie2/1917-ISO.2019/1917.2019.2160p.TrueHD-Atmos.7.1.HDR10+.h265.10bit.iso
2026-07-04 09:28:10.240 T:1305 debug : CNFSFile::Close closing file fs/1000/nfs/Movie2/1917-ISO.2019/1917.2019.2160p.TrueHD-Atmos.7.1.HDR10+.h265.10bit.iso
2026-07-04 09:28:10.244 T:1305 debug : CNFSFile::Open - opened fs/1000/nfs/Movie2/1917-ISO.2019/1917.2019.2160p.TrueHD-Atmos.7.1.HDR10+.h265.10bit.iso
2026-07-04 09:28:10.267 T:1305 debug : CNFSFile::Close closing file fs/1000/nfs/Movie2/1917-ISO.2019/1917.2019.2160p.TrueHD-Atmos.7.1.HDR10+.h265.10bit.iso
2026-07-04 09:28:10.270 T:1305 debug : CNFSFile::Open - opened fs/1000/nfs/Movie2/1917-ISO.2019/1917.2019.2160p.TrueHD-Atmos.7.1.HDR10+.h265.10bit.iso
2026-07-04 09:28:10.289 T:1305 debug : CNFSFile::Close closing file fs/1000/nfs/Movie2/1917-ISO.2019/1917.2019.2160p.TrueHD-Atmos.7.1.HDR10+.h265.10bit.iso
2026-07-04 09:28:10.293 T:1305 debug : CNFSFile::Open - opened fs/1000/nfs/Movie2/1917-ISO.2019/1917.2019.2160p.TrueHD-Atmos.7.1.HDR10+.h265.10bit.iso
2026-07-04 09:28:10.312 T:1305 debug : CNFSFile::Close closing file fs/1000/nfs/Movie2/1917-ISO.2019/1917.2019.2160p.TrueHD-Atmos.7.1.HDR10+.h265.10bit.iso
2026-07-04 09:28:10.315 T:1305 debug : CNFSFile::Open - opened fs/1000/nfs/Movie2/1917-ISO.2019/1917.2019.2160p.TrueHD-Atmos.7.1.HDR10+.h265.10bit.iso
2026-07-04 09:28:10.333 T:1305 debug : CNFSFile::Close closing file fs/1000/nfs/Movie2/1917-ISO.2019/1917.2019.2160p.TrueHD-Atmos.7.1.HDR10+.h265.10bit.iso
2026-07-04 09:28:10.337 T:1305 debug : CNFSFile::Open - opened fs/1000/nfs/Movie2/1917-ISO.2019/1917.2019.2160p.TrueHD-Atmos.7.1.HDR10+.h265.10bit.iso
2026-07-04 09:28:10.363 T:1305 debug : CNFSFile::Close closing file fs/1000/nfs/Movie2/1917-ISO.2019/1917.2019.2160p.TrueHD-Atmos.7.1.HDR10+.h265.10bit.iso
2026-07-04 09:28:10.367 T:1305 debug : CNFSFile::Open - opened fs/1000/nfs/Movie2/1917-ISO.2019/1917.2019.2160p.TrueHD-Atmos.7.1.HDR10+.h265.10bit.iso
2026-07-04 09:28:10.401 T:1305 debug : CNFSFile::Close closing file fs/1000/nfs/Movie2/1917-ISO.2019/1917.2019.2160p.TrueHD-Atmos.7.1.HDR10+.h265.10bit.iso
