2026-07-04 09:25:30.102 T:1169 warning : CPythonInvoker(10, /storage/.kodi/addons/plugin.video.themoviedb.helper/resources/script.py): the python script "/storage/.kodi/addons/plugin.video.themoviedb.helper/resources/script.py" has left several classes in memory that we couldn't clean up. The classes include: N9XBMCAddon9xbmcaddon5AddonE
2026-07-04 09:25:32.372 T:1172 info : CPythonInvoker(11, /storage/.kodi/addons/plugin.video.themoviedb.helper/resources/script.py): waiting on thread 543292386720
2026-07-04 09:25:32.487 T:1172 warning : CPythonInvoker(11, /storage/.kodi/addons/plugin.video.themoviedb.helper/resources/script.py): the python script "/storage/.kodi/addons/plugin.video.themoviedb.helper/resources/script.py" has left several classes in memory that we couldn't clean up. The classes include: N9XBMCAddon9xbmcaddon5AddonE
2026-07-04 09:25:33.351 T:1176 info : CPythonInvoker(12, /storage/.kodi/addons/plugin.video.themoviedb.helper/resources/script.py): waiting on thread 543292386720
2026-07-04 09:25:33.466 T:1176 warning : CPythonInvoker(12, /storage/.kodi/addons/plugin.video.themoviedb.helper/resources/script.py): the python script "/storage/.kodi/addons/plugin.video.themoviedb.helper/resources/script.py" has left several classes in memory that we couldn't clean up. The classes include: N9XBMCAddon9xbmcaddon5AddonE
2026-07-04 09:25:35.215 T:1136 info : [plugin.video.themoviedb.helper] ConnectionTimeOut: HTTPSConnectionPool(host='www.omdbapi.com', port=443): Read timed out. (read timeout=15)
2026-07-04 09:25:36.962 T:937 info : Log level changed to "trace"
2026-07-04 09:25:36.962 T:937 info : Enabled debug logging due to GUI setting. Level 2.
2026-07-04 09:25:36.963 T:937 debug : ------ Window Init () ------
2026-07-04 09:25:44.463 T:957 debug : void CLibInputKeyboard::ProcessKey(libinput_event_keyboard*): libinput key: 0x6c, xkb keysym: 0xff54 (Down)
2026-07-04 09:25:44.463 T:957 debug : CLibInputKeyboard::ProcessKey - using delay: 500ms repeat: 33ms
2026-07-04 09:25:44.463 T:1183 debug : Thread Timer start, auto delete: false
2026-07-04 09:25:44.471 T:937 debug : Keyboard: scancode: 0x6c, sym: 0x112 (down), unicode: 0x00, modifier: 0x0
2026-07-04 09:25:44.471 T:937 debug : bool CInputManager::HandleKey(const CKey&): down (0xf081) pressed, window 10016, action is Down
2026-07-04 09:25:44.563 T:957 debug : void CLibInputKeyboard::ProcessKey(libinput_event_keyboard*): libinput key: 0x6c, xkb keysym: 0xff54 (Down)
2026-07-04 09:25:44.563 T:1183 debug : Thread Timer 543437090208 terminating
2026-07-04 09:25:44.571 T:937 debug : Keyboard: scancode: 0x6c, sym: 0x112 (down), unicode: 0x00, modifier: 0x0
2026-07-04 09:25:44.663 T:957 debug : void CLibInputKeyboard::ProcessKey(libinput_event_keyboard*): libinput key: 0x6c, xkb keysym: 0xff54 (Down)
2026-07-04 09:25:44.663 T:957 debug : CLibInputKeyboard::ProcessKey - using delay: 500ms repeat: 33ms
2026-07-04 09:25:44.664 T:1184 debug : Thread Timer start, auto delete: false
2026-07-04 09:25:44.671 T:937 debug : Keyboard: scancode: 0x6c, sym: 0x112 (down), unicode: 0x00, modifier: 0x0
2026-07-04 09:25:44.671 T:937 debug : bool CInputManager::HandleKey(const CKey&): down (0xf081) pressed, window 10016, action is Down
2026-07-04 09:25:44.753 T:957 debug : void CLibInputKeyboard::ProcessKey(libinput_event_keyboard*): libinput key: 0x6c, xkb keysym: 0xff54 (Down)
2026-07-04 09:25:44.753 T:1184 debug : Thread Timer 543437090208 terminating
2026-07-04 09:25:44.754 T:937 debug : Keyboard: scancode: 0x6c, sym: 0x112 (down), unicode: 0x00, modifier: 0x0
2026-07-04 09:25:44.843 T:957 debug : void CLibInputKeyboard::ProcessKey(libinput_event_keyboard*): libinput key: 0x6c, xkb keysym: 0xff54 (Down)
2026-07-04 09:25:44.843 T:957 debug : CLibInputKeyboard::ProcessKey - using delay: 500ms repeat: 33ms
2026-07-04 09:25:44.843 T:1185 debug : Thread Timer start, auto delete: false
2026-07-04 09:25:44.854 T:937 debug : Keyboard: scancode: 0x6c, sym: 0x112 (down), unicode: 0x00, modifier: 0x0
2026-07-04 09:25:44.854 T:937 debug : bool CInputManager::HandleKey(const CKey&): down (0xf081) pressed, window 10016, action is Down
2026-07-04 09:25:44.913 T:957 debug : void CLibInputKeyboard::ProcessKey(libinput_event_keyboard*): libinput key: 0x6c, xkb keysym: 0xff54 (Down)
2026-07-04 09:25:44.913 T:1185 debug : Thread Timer 543437090208 terminating
2026-07-04 09:25:44.921 T:937 debug : Keyboard: scancode: 0x6c, sym: 0x112 (down), unicode: 0x00, modifier: 0x0
2026-07-04 09:25:44.983 T:957 debug : void CLibInputKeyboard::ProcessKey(libinput_event_keyboard*): libinput key: 0x6c, xkb keysym: 0xff54 (Down)
2026-07-04 09:25:44.983 T:957 debug : CLibInputKeyboard::ProcessKey - using delay: 500ms repeat: 33ms
2026-07-04 09:25:44.983 T:1186 debug : Thread Timer start, auto delete: false
2026-07-04 09:25:44.987 T:937 debug : Keyboard: scancode: 0x6c, sym: 0x112 (down), unicode: 0x00, modifier: 0x0
2026-07-04 09:25:44.988 T:937 debug : bool CInputManager::HandleKey(const CKey&): down (0xf081) pressed, window 10016, action is Down
2026-07-04 09:25:45.063 T:957 debug : void CLibInputKeyboard::ProcessKey(libinput_event_keyboard*): libinput key: 0x6c, xkb keysym: 0xff54 (Down)
2026-07-04 09:25:45.063 T:1186 debug : Thread Timer 543437090208 terminating
2026-07-04 09:25:45.071 T:937 debug : Keyboard: scancode: 0x6c, sym: 0x112 (down), unicode: 0x00, modifier: 0x0
2026-07-04 09:25:45.123 T:957 debug : void CLibInputKeyboard::ProcessKey(libinput_event_keyboard*): libinput key: 0x6c, xkb keysym: 0xff54 (Down)
2026-07-04 09:25:45.123 T:957 debug : CLibInputKeyboard::ProcessKey - using delay: 500ms repeat: 33ms
2026-07-04 09:25:45.123 T:1187 debug : Thread Timer start, auto delete: false
2026-07-04 09:25:45.137 T:937 debug : Keyboard: scancode: 0x6c, sym: 0x112 (down), unicode: 0x00, modifier: 0x0
2026-07-04 09:25:45.137 T:937 debug : bool CInputManager::HandleKey(const CKey&): down (0xf081) pressed, window 10016, action is Down
2026-07-04 09:25:45.193 T:957 debug : void CLibInputKeyboard::ProcessKey(libinput_event_keyboard*): libinput key: 0x6c, xkb keysym: 0xff54 (Down)
2026-07-04 09:25:45.193 T:1187 debug : Thread Timer 543437090208 terminating
2026-07-04 09:25:45.204 T:937 debug : Keyboard: scancode: 0x6c, sym: 0x112 (down), unicode: 0x00, modifier: 0x0
2026-07-04 09:25:45.273 T:957 debug : void CLibInputKeyboard::ProcessKey(libinput_event_keyboard*): libinput key: 0x6c, xkb keysym: 0xff54 (Down)
2026-07-04 09:25:45.273 T:957 debug : CLibInputKeyboard::ProcessKey - using delay: 500ms repeat: 33ms
2026-07-04 09:25:45.273 T:1188 debug : Thread Timer start, auto delete: false
2026-07-04 09:25:45.287 T:937 debug : Keyboard: scancode: 0x6c, sym: 0x112 (down), unicode: 0x00, modifier: 0x0
2026-07-04 09:25:45.287 T:937 debug : bool CInputManager::HandleKey(const CKey&): down (0xf081) pressed, window 10016, action is Down
2026-07-04 09:25:45.343 T:957 debug : void CLibInputKeyboard::ProcessKey(libinput_event_keyboard*): libinput key: 0x6c, xkb keysym: 0xff54 (Down)
2026-07-04 09:25:45.343 T:1188 debug : Thread Timer 543437090208 terminating
2026-07-04 09:25:45.354 T:937 debug : Keyboard: scancode: 0x6c, sym: 0x112 (down), unicode: 0x00, modifier: 0x0
2026-07-04 09:25:45.552 T:957 debug : void CLibInputKeyboard::ProcessKey(libinput_event_keyboard*): libinput key: 0x6c, xkb keysym: 0xff54 (Down)
2026-07-04 09:25:45.552 T:957 debug : CLibInputKeyboard::ProcessKey - using delay: 500ms repeat: 33ms
2026-07-04 09:25:45.552 T:1189 debug : Thread Timer start, auto delete: false
2026-07-04 09:25:45.554 T:937 debug : Keyboard: scancode: 0x6c, sym: 0x112 (down), unicode: 0x00, modifier: 0x0
2026-07-04 09:25:45.554 T:937 debug : bool CInputManager::HandleKey(const CKey&): down (0xf081) pressed, window 10016, action is Down
2026-07-04 09:25:45.642 T:957 debug : void CLibInputKeyboard::ProcessKey(libinput_event_keyboard*): libinput key: 0x6c, xkb keysym: 0xff54 (Down)
2026-07-04 09:25:45.642 T:1189 debug : Thread Timer 543437090208 terminating
2026-07-04 09:25:45.653 T:937 debug : Keyboard: scancode: 0x6c, sym: 0x112 (down), unicode: 0x00, modifier: 0x0
2026-07-04 09:25:45.752 T:957 debug : void CLibInputKeyboard::ProcessKey(libinput_event_keyboard*): libinput key: 0x6c, xkb keysym: 0xff54 (Down)
2026-07-04 09:25:45.752 T:957 debug : CLibInputKeyboard::ProcessKey - using delay: 500ms repeat: 33ms
2026-07-04 09:25:45.752 T:1190 debug : Thread Timer start, auto delete: false
2026-07-04 09:25:45.753 T:937 debug : Keyboard: scancode: 0x6c, sym: 0x112 (down), unicode: 0x00, modifier: 0x0
2026-07-04 09:25:45.754 T:937 debug : bool CInputManager::HandleKey(const CKey&): down (0xf081) pressed, window 10016, action is Down
2026-07-04 09:25:45.842 T:957 debug : void CLibInputKeyboard::ProcessKey(libinput_event_keyboard*): libinput key: 0x6c, xkb keysym: 0xff54 (Down)
2026-07-04 09:25:45.842 T:1190 debug : Thread Timer 543437090208 terminating
2026-07-04 09:25:45.853 T:937 debug : Keyboard: scancode: 0x6c, sym: 0x112 (down), unicode: 0x00, modifier: 0x0
2026-07-04 09:25:48.459 T:957 debug : void CLibInputKeyboard::ProcessKey(libinput_event_keyboard*): libinput key: 0x6c, xkb keysym: 0xff54 (Down)
2026-07-04 09:25:48.460 T:957 debug : CLibInputKeyboard::ProcessKey - using delay: 500ms repeat: 33ms
2026-07-04 09:25:48.460 T:1191 debug : Thread Timer start, auto delete: false
2026-07-04 09:25:48.468 T:937 debug : Keyboard: scancode: 0x6c, sym: 0x112 (down), unicode: 0x00, modifier: 0x0
2026-07-04 09:25:48.468 T:937 debug : bool CInputManager::HandleKey(const CKey&): down (0xf081) pressed, window 10016, action is Down
2026-07-04 09:25:48.599 T:957 debug : void CLibInputKeyboard::ProcessKey(libinput_event_keyboard*): libinput key: 0x6c, xkb keysym: 0xff54 (Down)
2026-07-04 09:25:48.599 T:1191 debug : Thread Timer 543437090208 terminating
2026-07-04 09:25:48.601 T:937 debug : Keyboard: scancode: 0x6c, sym: 0x112 (down), unicode: 0x00, modifier: 0x0
2026-07-04 09:25:48.634 T:937 info : NFS is idle. Closing the remaining connections.
2026-07-04 09:25:48.699 T:957 debug : void CLibInputKeyboard::ProcessKey(libinput_event_keyboard*): libinput key: 0x6c, xkb keysym: 0xff54 (Down)
2026-07-04 09:25:48.699 T:957 debug : CLibInputKeyboard::ProcessKey - using delay: 500ms repeat: 33ms
2026-07-04 09:25:48.699 T:1192 debug : Thread Timer start, auto delete: false
2026-07-04 09:25:48.701 T:937 debug : Keyboard: scancode: 0x6c, sym: 0x112 (down), unicode: 0x00, modifier: 0x0
2026-07-04 09:25:48.701 T:937 debug : bool CInputManager::HandleKey(const CKey&): down (0xf081) pressed, window 10016, action is Down
2026-07-04 09:25:48.809 T:957 debug : void CLibInputKeyboard::ProcessKey(libinput_event_keyboard*): libinput key: 0x6c, xkb keysym: 0xff54 (Down)
2026-07-04 09:25:48.809 T:1192 debug : Thread Timer 543437090208 terminating
2026-07-04 09:25:48.817 T:937 debug : Keyboard: scancode: 0x6c, sym: 0x112 (down), unicode: 0x00, modifier: 0x0
2026-07-04 09:25:48.879 T:957 debug : void CLibInputKeyboard::ProcessKey(libinput_event_keyboard*): libinput key: 0x6c, xkb keysym: 0xff54 (Down)
2026-07-04 09:25:48.879 T:957 debug : CLibInputKeyboard::ProcessKey - using delay: 500ms repeat: 33ms
2026-07-04 09:25:48.879 T:1193 debug : Thread Timer start, auto delete: false
2026-07-04 09:25:48.884 T:937 debug : Keyboard: scancode: 0x6c, sym: 0x112 (down), unicode: 0x00, modifier: 0x0
2026-07-04 09:25:48.884 T:937 debug : bool CInputManager::HandleKey(const CKey&): down (0xf081) pressed, window 10016, action is Down
2026-07-04 09:25:48.979 T:957 debug : void CLibInputKeyboard::ProcessKey(libinput_event_keyboard*): libinput key: 0x6c, xkb keysym: 0xff54 (Down)
2026-07-04 09:25:48.979 T:1193 debug : Thread Timer 543437090208 terminating
2026-07-04 09:25:48.984 T:937 debug : Keyboard: scancode: 0x6c, sym: 0x112 (down), unicode: 0x00, modifier: 0x0
2026-07-04 09:25:49.219 T:957 debug : void CLibInputKeyboard::ProcessKey(libinput_event_keyboard*): libinput key: 0x6c, xkb keysym: 0xff54 (Down)
2026-07-04 09:25:49.219 T:957 debug : CLibInputKeyboard::ProcessKey - using delay: 500ms repeat: 33ms
2026-07-04 09:25:49.219 T:1194 debug : Thread Timer start, auto delete: false
2026-07-04 09:25:49.233 T:937 debug : Keyboard: scancode: 0x6c, sym: 0x112 (down), unicode: 0x00, modifier: 0x0
2026-07-04 09:25:49.234 T:937 debug : bool CInputManager::HandleKey(const CKey&): down (0xf081) pressed, window 10016, action is Down
2026-07-04 09:25:49.349 T:957 debug : void CLibInputKeyboard::ProcessKey(libinput_event_keyboard*): libinput key: 0x6c, xkb keysym: 0xff54 (Down)
2026-07-04 09:25:49.349 T:1194 debug : Thread Timer 543437090208 terminating
2026-07-04 09:25:49.350 T:937 debug : Keyboard: scancode: 0x6c, sym: 0x112 (down), unicode: 0x00, modifier: 0x0
2026-07-04 09:25:50.807 T:957 debug : void CLibInputKeyboard::ProcessKey(libinput_event_keyboard*): libinput key: 0x6c, xkb keysym: 0xff54 (Down)
2026-07-04 09:25:50.808 T:957 debug : CLibInputKeyboard::ProcessKey - using delay: 500ms repeat: 33ms
2026-07-04 09:25:50.808 T:1195 debug : Thread Timer start, auto delete: false
2026-07-04 09:25:50.815 T:937 debug : Keyboard: scancode: 0x6c, sym: 0x112 (down), unicode: 0x00, modifier: 0x0
2026-07-04 09:25:50.815 T:937 debug : bool CInputManager::HandleKey(const CKey&): down (0xf081) pressed, window 10016, action is Down
2026-07-04 09:25:51.107 T:957 debug : void CLibInputKeyboard::ProcessKey(libinput_event_keyboard*): libinput key: 0x6c, xkb keysym: 0xff54 (Down)
2026-07-04 09:25:51.107 T:1195 debug : Thread Timer 543437090208 terminating
2026-07-04 09:25:51.115 T:937 debug : Keyboard: scancode: 0x6c, sym: 0x112 (down), unicode: 0x00, modifier: 0x0
2026-07-04 09:25:51.377 T:957 debug : void CLibInputKeyboard::ProcessKey(libinput_event_keyboard*): libinput key: 0x6c, xkb keysym: 0xff54 (Down)
2026-07-04 09:25:51.377 T:957 debug : CLibInputKeyboard::ProcessKey - using delay: 500ms repeat: 33ms
2026-07-04 09:25:51.377 T:1196 debug : Thread Timer start, auto delete: false
2026-07-04 09:25:51.382 T:937 debug : Keyboard: scancode: 0x6c, sym: 0x112 (down), unicode: 0x00, modifier: 0x0
2026-07-04 09:25:51.382 T:937 debug : bool CInputManager::HandleKey(const CKey&): down (0xf081) pressed, window 10016, action is Down
2026-07-04 09:25:51.507 T:957 debug : void CLibInputKeyboard::ProcessKey(libinput_event_keyboard*): libinput key: 0x6c, xkb keysym: 0xff54 (Down)
2026-07-04 09:25:51.507 T:1196 debug : Thread Timer 543437090208 terminating
2026-07-04 09:25:51.515 T:937 debug : Keyboard: scancode: 0x6c, sym: 0x112 (down), unicode: 0x00, modifier: 0x0
2026-07-04 09:25:56.682 T:957 debug : void CLibInputKeyboard::ProcessKey(libinput_event_keyboard*): libinput key: 0x9e, xkb keysym: 0x1008ff26 (XF86Back)
2026-07-04 09:25:56.682 T:957 debug : CLibInputKeyboard::ProcessKey - using delay: 500ms repeat: 33ms
2026-07-04 09:25:56.682 T:1197 debug : Thread Timer start, auto delete: false
2026-07-04 09:25:56.694 T:937 debug : Keyboard: scancode: 0x9e, sym: 0xa6 (), unicode: 0x00, modifier: 0x0
2026-07-04 09:25:56.832 T:957 debug : void CLibInputKeyboard::ProcessKey(libinput_event_keyboard*): libinput key: 0x9e, xkb keysym: 0x1008ff26 (XF86Back)
2026-07-04 09:25:56.832 T:1197 debug : Thread Timer 543437090208 terminating
2026-07-04 09:25:56.843 T:937 debug : Keyboard: scancode: 0x9e, sym: 0xa6 (), unicode: 0x00, modifier: 0x0
2026-07-04 09:25:56.844 T:937 debug : bool CInputManager::HandleKey(const CKey&): browser_back (0xf0b0) pressed, window 10016, action is Back
2026-07-04 09:25:56.852 T:937 debug : CGUIWindowManager::PreviousWindow: Deactivate
2026-07-04 09:25:56.852 T:937 debug : ------ Window Deinit (SettingsCategory.xml) ------
2026-07-04 09:25:56.852 T:937 debug : FreeVisualisation() done
2026-07-04 09:25:56.853 T:937 debug : CGUIWindowManager::PreviousWindow: Activate new
2026-07-04 09:25:56.853 T:937 debug : ------ Window Init (Settings.xml) ------
2026-07-04 09:25:56.854 T:1198 debug : Thread LanguageInvoker start, auto delete: false
2026-07-04 09:25:56.854 T:1198 debug : initializing python script
2026-07-04 09:25:56.854 T:937 debug : [threads] name: 'LanguageInvoker' priority: '1'
2026-07-04 09:25:56.854 T:1198 debug : CPythonInvoker(13, /storage/.kodi/addons/plugin.video.themoviedb.helper/resources/script.py): start processing
2026-07-04 09:25:56.879 T:1198 debug : -->Python Interpreter Initialized<--
2026-07-04 09:25:56.879 T:1198 debug :
2026-07-04 09:25:56.879 T:1198 debug : CPythonInvoker(13, /storage/.kodi/addons/plugin.video.themoviedb.helper/resources/script.py): the source file to load is "/storage/.kodi/addons/plugin.video.themoviedb.helper/resources/script.py"
2026-07-04 09:25:56.879 T:1198 debug : CPythonInvoker(13): full python path:
2026-07-04 09:25:56.879 T:1198 debug : CPythonInvoker(13): custom python path:
2026-07-04 09:25:56.879 T:1198 debug : CPythonInvoker(13): /storage/.kodi/addons/plugin.video.themoviedb.helper/resources
2026-07-04 09:25:56.879 T:1198 debug : CPythonInvoker(13): /storage/.kodi/addons/script.module.addon.signals/lib
2026-07-04 09:25:56.879 T:1198 debug : CPythonInvoker(13): /storage/.kodi/addons/script.module.certifi/lib
2026-07-04 09:25:56.879 T:1198 debug : CPythonInvoker(13): /storage/.kodi/addons/script.module.chardet/lib
2026-07-04 09:25:56.879 T:1198 debug : CPythonInvoker(13): /storage/.kodi/addons/script.module.idna/lib
2026-07-04 09:25:56.879 T:1198 debug : CPythonInvoker(13): /storage/.kodi/addons/script.module.infotagger/resources/modules
2026-07-04 09:25:56.879 T:1198 debug : CPythonInvoker(13): /storage/.kodi/addons/script.module.jurialmunkey/resources/modules
2026-07-04 09:25:56.879 T:1198 debug : CPythonInvoker(13): /storage/.kodi/addons/script.module.qrcode/lib
2026-07-04 09:25:56.879 T:1198 debug : CPythonInvoker(13): /storage/.kodi/addons/script.module.requests/lib
2026-07-04 09:25:56.879 T:1198 debug : CPythonInvoker(13): /storage/.kodi/addons/script.module.six/lib
2026-07-04 09:25:56.879 T:1198 debug : CPythonInvoker(13): /storage/.kodi/addons/script.module.urllib3/lib
2026-07-04 09:25:56.879 T:1198 debug : CPythonInvoker(13): /usr/share/kodi/addons/script.module.pil/lib
2026-07-04 09:25:56.879 T:1198 debug : CPythonInvoker(13): default python path:
2026-07-04 09:25:56.879 T:1198 debug : CPythonInvoker(13): /usr/lib/python314.zip
2026-07-04 09:25:56.879 T:1198 debug : CPythonInvoker(13): /usr/lib/python3.14
2026-07-04 09:25:56.879 T:1198 debug : CPythonInvoker(13): /usr/lib/python3.14/lib-dynload
2026-07-04 09:25:56.879 T:1198 debug : CPythonInvoker(13): /usr/lib/python3.14/site-packages
2026-07-04 09:25:56.879 T:1198 debug : CPythonInvoker(13): adding args:
2026-07-04 09:25:56.879 T:1198 debug : CPythonInvoker(13): script.py
2026-07-04 09:25:56.879 T:1198 debug : CPythonInvoker(13): blur_image=special://skin/extras/backgrounds/blur/purple_blur.jpg
2026-07-04 09:25:56.879 T:1198 debug : CPythonInvoker(13): prefix=SimpleBackground
2026-07-04 09:25:56.879 T:1198 debug : CPythonInvoker(13, /storage/.kodi/addons/plugin.video.themoviedb.helper/resources/script.py): entering source directory /storage/.kodi/addons/plugin.video.themoviedb.helper/resources
2026-07-04 09:25:56.879 T:1198 debug : CPythonInvoker(13, /storage/.kodi/addons/plugin.video.themoviedb.helper/resources/script.py): instantiating addon using automatically obtained id of "plugin.video.themoviedb.helper" dependent on version 3.0.1 of the xbmc.python api
2026-07-04 09:25:56.921 T:1198 debug : [plugin.video.themoviedb.helper] lib.script.router - route_taken blur_image
2026-07-04 09:25:57.021 T:1198 debug : CPythonInvoker(13, /storage/.kodi/addons/plugin.video.themoviedb.helper/resources/script.py): script successfully run
2026-07-04 09:25:57.021 T:1198 info : CPythonInvoker(13, /storage/.kodi/addons/plugin.video.themoviedb.helper/resources/script.py): waiting on thread 543208668576
2026-07-04 09:25:57.121 T:1198 debug : onExecutionDone(13, /storage/.kodi/addons/plugin.video.themoviedb.helper/resources/script.py)
2026-07-04 09:25:57.136 T:1198 warning : CPythonInvoker(13, /storage/.kodi/addons/plugin.video.themoviedb.helper/resources/script.py): the python script "/storage/.kodi/addons/plugin.video.themoviedb.helper/resources/script.py" has left several classes in memory that we couldn't clean up. The classes include: N9XBMCAddon9xbmcaddon5AddonE
2026-07-04 09:25:57.192 T:1198 debug : Python interpreter stopped
2026-07-04 09:25:57.192 T:1198 debug : Thread LanguageInvoker 543733427616 terminating
2026-07-04 09:25:57.901 T:957 debug : void CLibInputKeyboard::ProcessKey(libinput_event_keyboard*): libinput key: 0x9e, xkb keysym: 0x1008ff26 (XF86Back)
2026-07-04 09:25:57.901 T:957 debug : CLibInputKeyboard::ProcessKey - using delay: 500ms repeat: 33ms
2026-07-04 09:25:57.901 T:1200 debug : Thread Timer start, auto delete: false
2026-07-04 09:25:57.909 T:937 debug : Keyboard: scancode: 0x9e, sym: 0xa6 (), unicode: 0x00, modifier: 0x0
2026-07-04 09:25:58.051 T:957 debug : void CLibInputKeyboard::ProcessKey(libinput_event_keyboard*): libinput key: 0x9e, xkb keysym: 0x1008ff26 (XF86Back)
2026-07-04 09:25:58.051 T:1200 debug : Thread Timer 543437090208 terminating
2026-07-04 09:25:58.059 T:937 debug : Keyboard: scancode: 0x9e, sym: 0xa6 (), unicode: 0x00, modifier: 0x0
2026-07-04 09:25:58.059 T:937 debug : bool CInputManager::HandleKey(const CKey&): browser_back (0xf0b0) pressed, window 10004, action is Back
2026-07-04 09:25:58.059 T:937 debug : CGUIWindowManager::PreviousWindow: Deactivate
2026-07-04 09:25:58.059 T:937 debug : ------ Window Deinit (Settings.xml) ------
2026-07-04 09:25:58.059 T:937 debug : FreeVisualisation() done
2026-07-04 09:25:58.060 T:937 debug : CGUIWindowManager::PreviousWindow: Activate new
2026-07-04 09:25:58.060 T:937 debug : ------ Window Init (Custom_1101_Hub.xml) ------
2026-07-04 09:25:58.073 T:1201 debug : Thread Timer start, auto delete: false
2026-07-04 09:25:58.152 T:937 debug : ------ Window Init (Custom_1182_Dialog_Topmenu_Overlay.xml) ------
2026-07-04 09:25:58.203 T:1013 debug : NFS: Context for 192.168.121.210/ not open - get a new context.
2026-07-04 09:25:58.203 T:1013 debug : NFS: version: 4
2026-07-04 09:25:58.208 T:1013 debug : NFS: Connected to server 192.168.121.210 and export /
2026-07-04 09:25:58.209 T:1013 debug : NFS: chunks: r/w 1048576/1048576
2026-07-04 09:25:58.258 T:1203 debug : [plugin.video.themoviedb.helper] CACHE: Initialized: database_07_ItemDetails.db_databaserowfactory_6.15.8 - Thread Safety Level: 3 - SQLite v3.53.3
2026-07-04 09:25:58.575 T:1201 debug : Skipped 1 duplicate messages..
2026-07-04 09:25:58.575 T:1201 debug : Thread Timer 546266148256 terminating
2026-07-04 09:25:59.140 T:957 debug : void CLibInputKeyboard::ProcessKey(libinput_event_keyboard*): libinput key: 0x67, xkb keysym: 0xff52 (Up)
2026-07-04 09:25:59.140 T:957 debug : CLibInputKeyboard::ProcessKey - using delay: 500ms repeat: 33ms
2026-07-04 09:25:59.141 T:1206 debug : Thread Timer start, auto delete: false
2026-07-04 09:25:59.142 T:937 debug : Keyboard: scancode: 0x67, sym: 0x111 (up), unicode: 0x00, modifier: 0x0
2026-07-04 09:25:59.142 T:937 debug : bool CInputManager::HandleKey(const CKey&): up (0xf080) pressed, window 11101, action is Up
2026-07-04 09:25:59.142 T:937 debug : Activating window ID: 11181
2026-07-04 09:25:59.142 T:937 debug : ------ Window Init (Custom_1181_Dialog_Submenu.xml) ------
2026-07-04 09:25:59.143 T:937 debug : ------ Window Deinit (Custom_1181_Dialog_Submenu.xml) ------
2026-07-04 09:25:59.143 T:937 debug : Activating window ID: 11180
2026-07-04 09:25:59.143 T:937 debug : ------ Window Init (Custom_1180_Dialog_Bumper.xml) ------
2026-07-04 09:25:59.260 T:957 debug : void CLibInputKeyboard::ProcessKey(libinput_event_keyboard*): libinput key: 0x67, xkb keysym: 0xff52 (Up)
2026-07-04 09:25:59.260 T:1206 debug : Thread Timer 543437090208 terminating
2026-07-04 09:25:59.275 T:937 debug : Keyboard: scancode: 0x67, sym: 0x111 (up), unicode: 0x00, modifier: 0x0
2026-07-04 09:25:59.458 T:937 debug : ------ Window Deinit (Custom_1180_Dialog_Bumper.xml) ------
2026-07-04 09:25:59.829 T:957 debug : void CLibInputKeyboard::ProcessKey(libinput_event_keyboard*): libinput key: 0x6a, xkb keysym: 0xff53 (Right)
2026-07-04 09:25:59.829 T:957 debug : CLibInputKeyboard::ProcessKey - using delay: 500ms repeat: 33ms
2026-07-04 09:25:59.830 T:1207 debug : Thread Timer start, auto delete: false
2026-07-04 09:25:59.841 T:937 debug : Keyboard: scancode: 0x6a, sym: 0x113 (right), unicode: 0x00, modifier: 0x0
2026-07-04 09:25:59.841 T:937 debug : bool CInputManager::HandleKey(const CKey&): right (0xf083) pressed, window 11101, action is Right
2026-07-04 09:25:59.841 T:937 debug : Activating window ID: 11102
2026-07-04 09:25:59.841 T:937 debug : ------ Window Deinit (Custom_1101_Hub.xml) ------
2026-07-04 09:25:59.841 T:937 debug : FreeVisualisation() done
2026-07-04 09:25:59.842 T:937 debug : ------ Window Init (Custom_1102_Hub.xml) ------
2026-07-04 09:25:59.847 T:1208 debug : Thread Timer start, auto delete: false
2026-07-04 09:25:59.939 T:957 debug : void CLibInputKeyboard::ProcessKey(libinput_event_keyboard*): libinput key: 0x6a, xkb keysym: 0xff53 (Right)
2026-07-04 09:25:59.940 T:1207 debug : Thread Timer 543437090208 terminating
2026-07-04 09:25:59.957 T:937 debug : Keyboard: scancode: 0x6a, sym: 0x113 (right), unicode: 0x00, modifier: 0x0
2026-07-04 09:26:00.025 T:1210 debug : [plugin.video.themoviedb.helper] CACHE: Initialized: database_07_ItemDetails.db_databaserowfactory_6.15.8 - Thread Safety Level: 3 - SQLite v3.53.3
2026-07-04 09:26:00.349 T:1208 debug : Skipped 1 duplicate messages..
2026-07-04 09:26:00.349 T:1208 debug : Thread Timer 546266148256 terminating
2026-07-04 09:26:00.539 T:957 debug : void CLibInputKeyboard::ProcessKey(libinput_event_keyboard*): libinput key: 0x69, xkb keysym: 0xff51 (Left)
2026-07-04 09:26:00.539 T:957 debug : CLibInputKeyboard::ProcessKey - using delay: 500ms repeat: 33ms
2026-07-04 09:26:00.539 T:1213 debug : Thread Timer start, auto delete: false
2026-07-04 09:26:00.540 T:937 debug : Keyboard: scancode: 0x69, sym: 0x114 (left), unicode: 0x00, modifier: 0x0
2026-07-04 09:26:00.540 T:937 debug : bool CInputManager::HandleKey(const CKey&): left (0xf082) pressed, window 11102, action is Left
2026-07-04 09:26:00.541 T:937 debug : Activating window ID: 11101
2026-07-04 09:26:00.541 T:937 debug : ------ Window Deinit (Custom_1102_Hub.xml) ------
2026-07-04 09:26:00.541 T:937 debug : FreeVisualisation() done
2026-07-04 09:26:00.541 T:937 debug : ------ Window Init (Custom_1101_Hub.xml) ------
2026-07-04 09:26:00.547 T:1214 debug : Thread Timer start, auto delete: false
2026-07-04 09:26:00.689 T:957 debug : void CLibInputKeyboard::ProcessKey(libinput_event_keyboard*): libinput key: 0x69, xkb keysym: 0xff51 (Left)
2026-07-04 09:26:00.689 T:1213 debug : Thread Timer 543437090208 terminating
2026-07-04 09:26:00.690 T:937 debug : Keyboard: scancode: 0x69, sym: 0x114 (left), unicode: 0x00, modifier: 0x0
2026-07-04 09:26:00.744 T:1216 debug : [plugin.video.themoviedb.helper] CACHE: Initialized: database_07_ItemDetails.db_databaserowfactory_6.15.8 - Thread Safety Level: 3 - SQLite v3.53.3
2026-07-04 09:26:00.949 T:957 debug : void CLibInputKeyboard::ProcessKey(libinput_event_keyboard*): libinput key: 0x161, xkb keysym: 0x1008ffa0 (XF86Select)
2026-07-04 09:26:00.949 T:957 debug : CLibInputKeyboard::ProcessKey - using delay: 500ms repeat: 33ms
2026-07-04 09:26:00.949 T:1217 debug : Thread Timer start, auto delete: false
2026-07-04 09:26:00.957 T:937 debug : Keyboard: scancode: 0x161, sym: 0x1f9 (), unicode: 0x00, modifier: 0x0
2026-07-04 09:26:01.010 T:1219 debug : [plugin.video.themoviedb.helper] CACHE: Initialized: database_07_ItemDetails.db_databaserowfactory_6.15.8 - Thread Safety Level: 3 - SQLite v3.53.3
2026-07-04 09:26:01.049 T:1214 debug : Thread Timer 546266148256 terminating
2026-07-04 09:26:01.108 T:957 debug : void CLibInputKeyboard::ProcessKey(libinput_event_keyboard*): libinput key: 0x161, xkb keysym: 0x1008ffa0 (XF86Select)
2026-07-04 09:26:01.108 T:1217 debug : Thread Timer 543437090208 terminating
2026-07-04 09:26:01.123 T:937 debug : Keyboard: scancode: 0x161, sym: 0x1f9 (), unicode: 0x00, modifier: 0x0
2026-07-04 09:26:01.123 T:937 debug : bool CInputManager::HandleKey(const CKey&): select (0xf0f2) pressed, window 11101, action is Select
2026-07-04 09:26:01.123 T:937 debug : Activating window ID: 10025
2026-07-04 09:26:01.124 T:937 debug : ------ Window Deinit (Custom_1101_Hub.xml) ------
2026-07-04 09:26:01.124 T:937 debug : FreeVisualisation() done
2026-07-04 09:26:01.128 T:937 debug : ------ Window Init (MyVideoNav.xml) ------
2026-07-04 09:26:01.128 T:937 info : Loading skin file: MyVideoNav.xml, load type: KEEP_IN_MEMORY
2026-07-04 09:26:01.274 T:937 debug : CGUIMediaWindow::GetDirectory (library://video/movies/titles.xml/)
2026-07-04 09:26:01.274 T:937 debug : ParentPath = []
2026-07-04 09:26:01.372 T:1220 debug : Thread BackgroundLoader start, auto delete: false
2026-07-04 09:26:01.372 T:937 debug : [threads] name: 'BackgroundLoader' priority: '1'
2026-07-04 09:26:01.393 T:1221 debug : Thread Timer start, auto delete: false
2026-07-04 09:26:01.399 T:937 debug : started alarm with name: refocus_window
2026-07-04 09:26:01.484 T:937 debug : ------ Window Deinit (Custom_1182_Dialog_Topmenu_Overlay.xml) ------
2026-07-04 09:26:01.518 T:988 error : DoWork - Direct texture file loading failed for resource://resource.images.studios.coloured/Vicom Co. / Ltd..png
2026-07-04 09:26:01.518 T:988 debug : GetImageHash - unable to stat url resource://resource.images.studios.coloured/Vicom Co. / Ltd..png
2026-07-04 09:26:01.605 T:1224 debug : [plugin.video.themoviedb.helper] CACHE: Initialized: database_07_ItemDetails.db_databaserowfactory_6.15.8 - Thread Safety Level: 3 - SQLite v3.53.3
2026-07-04 09:26:01.613 T:1220 debug : Thread BackgroundLoader 543313358240 terminating
2026-07-04 09:26:01.654 T:1013 debug : DoWork - took 101 ms to load special://masterprofile/Thumbnails/a/adbef7e7.jpg
2026-07-04 09:26:01.895 T:1221 debug : Thread Timer 546266148256 terminating
2026-07-04 09:26:01.945 T:1226 debug : [plugin.video.themoviedb.helper] CACHE: Initialized: database_07_ItemDetails.db_databaserowfactory_6.15.8 - Thread Safety Level: 3 - SQLite v3.53.3
2026-07-04 09:26:02.423 T:989 debug : Thread Timer 546552819104 terminating
2026-07-04 09:26:02.428 T:988 debug : IMAGE_FILES::CleanerResult IMAGE_FILES::CImageCacheCleaner::ScanOldestCache(unsigned int): begin process to clean image cache
2026-07-04 09:26:02.434 T:988 debug : IMAGE_FILES::CleanerResult IMAGE_FILES::CImageCacheCleaner::ScanOldestCache(unsigned int): found 52 old cached images to process
2026-07-04 09:26:02.445 T:988 debug : CAddonDatabase: SELECT repo.id FROM repo .. took 0 ms
2026-07-04 09:26:02.453 T:988 debug : CAddonDatabase: query SELECT addons.*, repo.addonID AS repoID FROM addons JOIN addonlinkrepo ON addons.id=addonlinkrepo.idAddon JOIN repo ON repo.id=addonlinkrepo.idRepo WHERE addonlinkrepo.idRepo IN (1,2,3) ORDER BY repo.addonID, addons.addonID returned 1027 rows in 7 ms
2026-07-04 09:26:02.474 T:988 error : Repository add-on repository.jamal2362 does not have any directory matching 21.90.801 and won't be able to update/serve addons! Please fix the addon.xml definition
2026-07-04 09:26:02.524 T:988 debug : CAddonDatabase::GetAddons took 78 ms
2026-07-04 09:26:02.532 T:988 debug : IMAGE_FILES::CleanerResult IMAGE_FILES::CImageCacheCleaner::ScanOldestCache(unsigned int): cleaning 52 unused images from cache, keeping 0
2026-07-04 09:26:02.537 T:957 debug : void CLibInputKeyboard::ProcessKey(libinput_event_keyboard*): libinput key: 0x6a, xkb keysym: 0xff53 (Right)
2026-07-04 09:26:02.537 T:957 debug : CLibInputKeyboard::ProcessKey - using delay: 500ms repeat: 33ms
2026-07-04 09:26:02.537 T:1227 debug : Thread Timer start, auto delete: false
2026-07-04 09:26:02.539 T:937 debug : Keyboard: scancode: 0x6a, sym: 0x113 (right), unicode: 0x00, modifier: 0x0
2026-07-04 09:26:02.539 T:937 debug : bool CInputManager::HandleKey(const CKey&): right (0xf083) pressed, window 10025, action is Right
2026-07-04 09:26:02.548 T:1010 error : DoWork - Direct texture file loading failed for resource://resource.images.studios.coloured/Torridon Films / Alcon Entertainment / Black Label Media / Jerry Bruckheimer Films / 16:14 Entertainment.png
2026-07-04 09:26:02.548 T:1010 debug : GetImageHash - unable to stat url resource://resource.images.studios.coloured/Torridon Films / Alcon Entertainment / Black Label Media / Jerry Bruckheimer Films / 16:14 Entertainment.png
2026-07-04 09:26:02.667 T:957 debug : void CLibInputKeyboard::ProcessKey(libinput_event_keyboard*): libinput key: 0x6a, xkb keysym: 0xff53 (Right)
2026-07-04 09:26:02.667 T:1227 debug : Thread Timer 543437090208 terminating
2026-07-04 09:26:02.672 T:937 debug : Keyboard: scancode: 0x6a, sym: 0x113 (right), unicode: 0x00, modifier: 0x0
2026-07-04 09:26:02.718 T:988 debug : std::chrono::milliseconds CTextureCache::ScanOldestCache(): scheduling the next image cache cleaning in 23 hours
2026-07-04 09:26:02.720 T:1228 debug : Thread Timer start, auto delete: false
2026-07-04 09:26:02.848 T:1230 debug : [plugin.video.themoviedb.helper] CACHE: Initialized: database_07_ItemDetails.db_databaserowfactory_6.15.8 - Thread Safety Level: 3 - SQLite v3.53.3
2026-07-04 09:26:03.816 T:957 debug : void CLibInputKeyboard::ProcessKey(libinput_event_keyboard*): libinput key: 0x69, xkb keysym: 0xff51 (Left)
2026-07-04 09:26:03.816 T:957 debug : CLibInputKeyboard::ProcessKey - using delay: 500ms repeat: 33ms
2026-07-04 09:26:03.817 T:1231 debug : Thread Timer start, auto delete: false
2026-07-04 09:26:03.821 T:937 debug : Keyboard: scancode: 0x69, sym: 0x114 (left), unicode: 0x00, modifier: 0x0
2026-07-04 09:26:03.821 T:937 debug : bool CInputManager::HandleKey(const CKey&): left (0xf082) pressed, window 10025, action is Left
2026-07-04 09:26:03.824 T:1013 error : DoWork - Direct texture file loading failed for resource://resource.images.studios.coloured/Vicom Co. / Ltd..png
2026-07-04 09:26:03.824 T:1013 debug : GetImageHash - unable to stat url resource://resource.images.studios.coloured/Vicom Co. / Ltd..png
2026-07-04 09:26:03.986 T:957 debug : void CLibInputKeyboard::ProcessKey(libinput_event_keyboard*): libinput key: 0x69, xkb keysym: 0xff51 (Left)
2026-07-04 09:26:03.986 T:1231 debug : Thread Timer 543437090208 terminating
2026-07-04 09:26:03.987 T:937 debug : Keyboard: scancode: 0x69, sym: 0x114 (left), unicode: 0x00, modifier: 0x0
2026-07-04 09:26:04.093 T:1233 debug : [plugin.video.themoviedb.helper] CACHE: Initialized: database_07_ItemDetails.db_databaserowfactory_6.15.8 - Thread Safety Level: 3 - SQLite v3.53.3
2026-07-04 09:26:04.106 T:957 debug : void CLibInputKeyboard::ProcessKey(libinput_event_keyboard*): libinput key: 0x69, xkb keysym: 0xff51 (Left)
2026-07-04 09:26:04.106 T:957 debug : CLibInputKeyboard::ProcessKey - using delay: 500ms repeat: 33ms
2026-07-04 09:26:04.106 T:1234 debug : Thread Timer start, auto delete: false
2026-07-04 09:26:04.121 T:937 debug : Keyboard: scancode: 0x69, sym: 0x114 (left), unicode: 0x00, modifier: 0x0
2026-07-04 09:26:04.121 T:937 debug : bool CInputManager::HandleKey(const CKey&): left (0xf082) pressed, window 10025, action is Left
2026-07-04 09:26:04.158 T:1010 error : DoWork - Direct texture file loading failed for resource://resource.images.studios.coloured/Studio Ghibli / Nibariki / Tokuma Shoten.png
2026-07-04 09:26:04.158 T:1010 debug : GetImageHash - unable to stat url resource://resource.images.studios.coloured/Studio Ghibli / Nibariki / Tokuma Shoten.png
2026-07-04 09:26:04.256 T:957 debug : void CLibInputKeyboard::ProcessKey(libinput_event_keyboard*): libinput key: 0x69, xkb keysym: 0xff51 (Left)
2026-07-04 09:26:04.256 T:1234 debug : Thread Timer 543437090208 terminating
2026-07-04 09:26:04.270 T:937 debug : Keyboard: scancode: 0x69, sym: 0x114 (left), unicode: 0x00, modifier: 0x0
2026-07-04 09:26:04.356 T:957 debug : void CLibInputKeyboard::ProcessKey(libinput_event_keyboard*): libinput key: 0x69, xkb keysym: 0xff51 (Left)
2026-07-04 09:26:04.356 T:957 debug : CLibInputKeyboard::ProcessKey - using delay: 500ms repeat: 33ms
2026-07-04 09:26:04.356 T:1235 debug : Thread Timer start, auto delete: false
2026-07-04 09:26:04.370 T:937 debug : Keyboard: scancode: 0x69, sym: 0x114 (left), unicode: 0x00, modifier: 0x0
2026-07-04 09:26:04.370 T:937 debug : bool CInputManager::HandleKey(const CKey&): left (0xf082) pressed, window 10025, action is Left
2026-07-04 09:26:04.377 T:1013 error : DoWork - Direct texture file loading failed for resource://resource.images.studios.coloured/Jerry Bruckheimer Films / Revolution Studios / Scott Free Productions.png
2026-07-04 09:26:04.377 T:1013 debug : GetImageHash - unable to stat url resource://resource.images.studios.coloured/Jerry Bruckheimer Films / Revolution Studios / Scott Free Productions.png
2026-07-04 09:26:04.486 T:957 debug : void CLibInputKeyboard::ProcessKey(libinput_event_keyboard*): libinput key: 0x69, xkb keysym: 0xff51 (Left)
2026-07-04 09:26:04.486 T:1235 debug : Thread Timer 543437090208 terminating
2026-07-04 09:26:04.487 T:937 debug : Keyboard: scancode: 0x69, sym: 0x114 (left), unicode: 0x00, modifier: 0x0
2026-07-04 09:26:05.090 T:1237 debug : [plugin.video.themoviedb.helper] CACHE: Initialized: database_07_ItemDetails.db_databaserowfactory_6.15.8 - Thread Safety Level: 3 - SQLite v3.53.3
2026-07-04 09:26:05.205 T:957 debug : void CLibInputKeyboard::ProcessKey(libinput_event_keyboard*): libinput key: 0x6a, xkb keysym: 0xff53 (Right)
2026-07-04 09:26:05.205 T:957 debug : CLibInputKeyboard::ProcessKey - using delay: 500ms repeat: 33ms
2026-07-04 09:26:05.206 T:1238 debug : Thread Timer start, auto delete: false
2026-07-04 09:26:05.220 T:937 debug : Keyboard: scancode: 0x6a, sym: 0x113 (right), unicode: 0x00, modifier: 0x0
2026-07-04 09:26:05.220 T:937 debug : bool CInputManager::HandleKey(const CKey&): right (0xf083) pressed, window 10025, action is Right
2026-07-04 09:26:05.234 T:988 error : DoWork - Direct texture file loading failed for resource://resource.images.studios.coloured/Studio Ghibli / Nibariki / Tokuma Shoten.png
2026-07-04 09:26:05.234 T:988 debug : GetImageHash - unable to stat url resource://resource.images.studios.coloured/Studio Ghibli / Nibariki / Tokuma Shoten.png
2026-07-04 09:26:05.270 T:1237 debug : [plugin.video.themoviedb.helper] CACHE: Initialized: database_07_ItemQueries.db_databaserowfactory_6.15.8 - Thread Safety Level: 3 - SQLite v3.53.3
2026-07-04 09:26:05.325 T:957 debug : void CLibInputKeyboard::ProcessKey(libinput_event_keyboard*): libinput key: 0x6a, xkb keysym: 0xff53 (Right)
2026-07-04 09:26:05.325 T:1238 debug : Thread Timer 543437090208 terminating
2026-07-04 09:26:05.336 T:937 debug : Keyboard: scancode: 0x6a, sym: 0x113 (right), unicode: 0x00, modifier: 0x0
2026-07-04 09:26:05.425 T:957 debug : void CLibInputKeyboard::ProcessKey(libinput_event_keyboard*): libinput key: 0x6a, xkb keysym: 0xff53 (Right)
2026-07-04 09:26:05.425 T:957 debug : CLibInputKeyboard::ProcessKey - using delay: 500ms repeat: 33ms
2026-07-04 09:26:05.425 T:1245 debug : Thread Timer start, auto delete: false
2026-07-04 09:26:05.436 T:937 debug : Keyboard: scancode: 0x6a, sym: 0x113 (right), unicode: 0x00, modifier: 0x0
2026-07-04 09:26:05.436 T:937 debug : bool CInputManager::HandleKey(const CKey&): right (0xf083) pressed, window 10025, action is Right
2026-07-04 09:26:05.446 T:988 error : DoWork - Direct texture file loading failed for resource://resource.images.studios.coloured/Vicom Co. / Ltd..png
2026-07-04 09:26:05.446 T:988 debug : GetImageHash - unable to stat url resource://resource.images.studios.coloured/Vicom Co. / Ltd..png
2026-07-04 09:26:05.515 T:957 debug : void CLibInputKeyboard::ProcessKey(libinput_event_keyboard*): libinput key: 0x6a, xkb keysym: 0xff53 (Right)
2026-07-04 09:26:05.515 T:1245 debug : Thread Timer 543437090208 terminating
2026-07-04 09:26:05.519 T:937 debug : Keyboard: scancode: 0x6a, sym: 0x113 (right), unicode: 0x00, modifier: 0x0
2026-07-04 09:26:05.595 T:957 debug : void CLibInputKeyboard::ProcessKey(libinput_event_keyboard*): libinput key: 0x6a, xkb keysym: 0xff53 (Right)
2026-07-04 09:26:05.595 T:957 debug : CLibInputKeyboard::ProcessKey - using delay: 500ms repeat: 33ms
2026-07-04 09:26:05.595 T:1246 debug : Thread Timer start, auto delete: false
2026-07-04 09:26:05.603 T:937 debug : Keyboard: scancode: 0x6a, sym: 0x113 (right), unicode: 0x00, modifier: 0x0
2026-07-04 09:26:05.603 T:937 debug : bool CInputManager::HandleKey(const CKey&): right (0xf083) pressed, window 10025, action is Right
2026-07-04 09:26:05.610 T:988 error : DoWork - Direct texture file loading failed for resource://resource.images.studios.coloured/Torridon Films / Alcon Entertainment / Black Label Media / Jerry Bruckheimer Films / 16:14 Entertainment.png
2026-07-04 09:26:05.610 T:988 debug : GetImageHash - unable to stat url resource://resource.images.studios.coloured/Torridon Films / Alcon Entertainment / Black Label Media / Jerry Bruckheimer Films / 16:14 Entertainment.png
2026-07-04 09:26:05.695 T:957 debug : void CLibInputKeyboard::ProcessKey(libinput_event_keyboard*): libinput key: 0x6a, xkb keysym: 0xff53 (Right)
2026-07-04 09:26:05.695 T:1246 debug : Thread Timer 543437090208 terminating
2026-07-04 09:26:05.703 T:937 debug : Keyboard: scancode: 0x6a, sym: 0x113 (right), unicode: 0x00, modifier: 0x0
2026-07-04 09:26:06.156 T:1249 debug : [plugin.video.themoviedb.helper] CACHE: Initialized: database_07_ItemDetails.db_databaserowfactory_6.15.8 - Thread Safety Level: 3 - SQLite v3.53.3
2026-07-04 09:26:06.214 T:957 debug : void CLibInputKeyboard::ProcessKey(libinput_event_keyboard*): libinput key: 0x161, xkb keysym: 0x1008ffa0 (XF86Select)
2026-07-04 09:26:06.215 T:957 debug : CLibInputKeyboard::ProcessKey - using delay: 500ms repeat: 33ms
2026-07-04 09:26:06.215 T:1250 debug : Thread Timer start, auto delete: false
2026-07-04 09:26:06.219 T:937 debug : Keyboard: scancode: 0x161, sym: 0x1f9 (), unicode: 0x00, modifier: 0x0
2026-07-04 09:26:06.354 T:957 debug : void CLibInputKeyboard::ProcessKey(libinput_event_keyboard*): libinput key: 0x161, xkb keysym: 0x1008ffa0 (XF86Select)
2026-07-04 09:26:06.354 T:1250 debug : Thread Timer 543437090208 terminating
2026-07-04 09:26:06.369 T:937 debug : Keyboard: scancode: 0x161, sym: 0x1f9 (), unicode: 0x00, modifier: 0x0
2026-07-04 09:26:06.369 T:937 debug : bool CInputManager::HandleKey(const CKey&): select (0xf0f2) pressed, window 10025, action is Select
2026-07-04 09:26:06.369 T:937 info : Loading skin file: DialogContextMenu.xml, load type: KEEP_IN_MEMORY
2026-07-04 09:26:06.378 T:937 debug : ------ Window Init (DialogContextMenu.xml) ------
2026-07-04 09:26:06.379 T:937 debug : started alarm with name: refocus
2026-07-04 09:26:06.618 T:988 debug : CNFSFile::Open - opened fs/1000/nfs/Movie2/12勇士-ISO.2018/12.Strong.2018.....bit.iso
2026-07-04 09:26:06.835 T:988 debug : CNFSFile::Close closing file fs/1000/nfs/Movie2/12勇士-ISO.2018/12.Strong.2018.....bit.iso
2026-07-04 09:26:07.453 T:957 debug : void CLibInputKeyboard::ProcessKey(libinput_event_keyboard*): libinput key: 0x161, xkb keysym: 0x1008ffa0 (XF86Select)
2026-07-04 09:26:07.454 T:957 debug : CLibInputKeyboard::ProcessKey - using delay: 500ms repeat: 33ms
2026-07-04 09:26:07.454 T:1251 debug : Thread Timer start, auto delete: false
2026-07-04 09:26:07.468 T:937 debug : Keyboard: scancode: 0x161, sym: 0x1f9 (), unicode: 0x00, modifier: 0x0
2026-07-04 09:26:07.603 T:957 debug : void CLibInputKeyboard::ProcessKey(libinput_event_keyboard*): libinput key: 0x161, xkb keysym: 0x1008ffa0 (XF86Select)
2026-07-04 09:26:07.603 T:1251 debug : Thread Timer 543437090208 terminating
2026-07-04 09:26:07.618 T:937 debug : Keyboard: scancode: 0x161, sym: 0x1f9 (), unicode: 0x00, modifier: 0x0
2026-07-04 09:26:07.618 T:937 debug : bool CInputManager::HandleKey(const CKey&): select (0xf0f2) pressed, window 10106, action is Select
2026-07-04 09:26:07.939 T:937 debug : ------ Window Deinit (DialogContextMenu.xml) ------
2026-07-04 09:26:07.953 T:937 debug : CNFSFile::Open - opened fs/1000/nfs/Movie2/12勇士-ISO.2018/12.Strong.2018.....bit.iso
2026-07-04 09:26:16.250 T:937 debug : CNFSFile::Close closing file fs/1000/nfs/Movie2/12勇士-ISO.2018/12.Strong.2018.....bit.iso
2026-07-04 09:26:16.251 T:937 debug : OnPlayMedia bluray://udf%3a%2f%2fnfs%253a%252f%252f192.168.121.210%252ffs%252f1000%252fnfs%252fMovie2%252f12%25e5%258b%2587%25e5%25a3%25ab-ISO.2018%252f12.Strong.2018.....bit.iso%2f/BDMV/PLAYLIST/00000.mpls
2026-07-04 09:26:16.265 T:937 debug : CPlayerCoreFactory::GetPlayers(bluray://udf%3a%2f%2fnfs%253a%252f%252f192.168.121.210%252ffs%252f1000%252fnfs%252fMovie2%252f12%25e5%258b%2587%25e5%25a3%25ab-ISO.2018%252f12.Strong.2018.....bit.iso%2f/BDMV/PLAYLIST/00000.mpls)
2026-07-04 09:26:16.265 T:937 debug : CPlayerSelectionRule::GetPlayers: considering rule: system rules
2026-07-04 09:26:16.265 T:937 debug : CPlayerSelectionRule::GetPlayers: matches rule: system rules
2026-07-04 09:26:16.265 T:937 debug : CPlayerSelectionRule::GetPlayers: considering rule: mms/udp
2026-07-04 09:26:16.265 T:937 debug : CPlayerSelectionRule::GetPlayers: considering rule: lastfm/shout
2026-07-04 09:26:16.265 T:937 debug : CPlayerSelectionRule::GetPlayers: considering rule: rtmp
2026-07-04 09:26:16.265 T:937 debug : CPlayerSelectionRule::GetPlayers: considering rule: rtsp
2026-07-04 09:26:16.265 T:937 debug : CPlayerSelectionRule::GetPlayers: considering rule: streams
2026-07-04 09:26:16.265 T:937 debug : CPlayerSelectionRule::GetPlayers: considering rule: dvd
2026-07-04 09:26:16.265 T:937 debug : CPlayerSelectionRule::GetPlayers: considering rule: discimage
2026-07-04 09:26:16.265 T:937 debug : CPlayerSelectionRule::GetPlayers: considering rule: sdp/asf
2026-07-04 09:26:16.265 T:937 debug : CPlayerSelectionRule::GetPlayers: considering rule: nsv
2026-07-04 09:26:16.265 T:937 debug : CPlayerSelectionRule::GetPlayers: considering rule: radio
2026-07-04 09:26:16.265 T:937 debug : CPlayerCoreFactory::GetPlayers: matched 0 rules with players
2026-07-04 09:26:16.265 T:937 debug : CPlayerCoreFactory::GetPlayers: adding videodefaultplayer (VideoPlayer)
2026-07-04 09:26:16.265 T:937 debug : CPlayerCoreFactory::GetPlayers: for video=true, audio=false
2026-07-04 09:26:16.265 T:937 debug : CPlayerCoreFactory::GetPlayers: for video=true, audio=true
2026-07-04 09:26:16.265 T:937 debug : CPlayerCoreFactory::GetPlayers: added 1 players
2026-07-04 09:26:16.265 T:937 debug : CPlayerCoreFactory::GetPlayers(bluray://udf%3a%2f%2fnfs%253a%252f%252f192.168.121.210%252ffs%252f1000%252fnfs%252fMovie2%252f12%25e5%258b%2587%25e5%25a3%25ab-ISO.2018%252f12.Strong.2018.....bit.iso%2f/BDMV/PLAYLIST/00000.mpls)
2026-07-04 09:26:16.265 T:937 debug : CPlayerSelectionRule::GetPlayers: considering rule: system rules
2026-07-04 09:26:16.265 T:937 debug : CPlayerSelectionRule::GetPlayers: matches rule: system rules
2026-07-04 09:26:16.265 T:937 debug : CPlayerSelectionRule::GetPlayers: considering rule: mms/udp
2026-07-04 09:26:16.265 T:937 debug : CPlayerSelectionRule::GetPlayers: considering rule: lastfm/shout
2026-07-04 09:26:16.265 T:937 debug : CPlayerSelectionRule::GetPlayers: considering rule: rtmp
2026-07-04 09:26:16.265 T:937 debug : CPlayerSelectionRule::GetPlayers: considering rule: rtsp
2026-07-04 09:26:16.265 T:937 debug : CPlayerSelectionRule::GetPlayers: considering rule: streams
2026-07-04 09:26:16.265 T:937 debug : CPlayerSelectionRule::GetPlayers: considering rule: dvd
2026-07-04 09:26:16.265 T:937 debug : CPlayerSelectionRule::GetPlayers: considering rule: discimage
2026-07-04 09:26:16.265 T:937 debug : CPlayerSelectionRule::GetPlayers: considering rule: sdp/asf
2026-07-04 09:26:16.265 T:937 debug : CPlayerSelectionRule::GetPlayers: considering rule: nsv
2026-07-04 09:26:16.265 T:937 debug : CPlayerSelectionRule::GetPlayers: considering rule: radio
2026-07-04 09:26:16.265 T:937 debug : CPlayerCoreFactory::GetPlayers: matched 0 rules with players
2026-07-04 09:26:16.265 T:937 debug : CPlayerCoreFactory::GetPlayers: adding videodefaultplayer (VideoPlayer)
2026-07-04 09:26:16.265 T:937 debug : CPlayerCoreFactory::GetPlayers: for video=true, audio=false
2026-07-04 09:26:16.265 T:937 debug : CPlayerCoreFactory::GetPlayers: for video=true, audio=true
2026-07-04 09:26:16.265 T:937 debug : CPlayerCoreFactory::GetPlayers: added 1 players
2026-07-04 09:26:16.265 T:937 debug : requested setting (videoplayer.queuetimesize) was not found.
2026-07-04 09:26:16.268 T:937 debug : Radio UECP (RDS) Processor - new CDVDRadioRDSData
2026-07-04 09:26:16.268 T:937 debug : Audio ID3 tag processor - new CVideoPlayerAudioID3
2026-07-04 09:26:16.268 T:937 info : VideoPlayer::OpenFile: bluray://udf%3a%2f%2fnfs%253a%252f%252f192.168.121.210%252ffs%252f1000%252fnfs%252fMovie2%252f12%25e5%258b%2587%25e5%25a3%25ab-ISO.2018%252f12.Strong.2018.....bit.iso%2f/BDMV/PLAYLIST/00000.mpls
2026-07-04 09:26:16.268 T:937 debug : GLES: HQ scaler precision=16, intermediate format=0x881a
2026-07-04 09:26:16.268 T:937 info : CDVDSubtitlesLibass: Using libass version 1705000
2026-07-04 09:26:16.268 T:937 info : CDVDSubtitlesLibass: Creating ASS library structure
2026-07-04 09:26:16.268 T:937 info : CDVDSubtitlesLibass: Initializing ASS Renderer
2026-07-04 09:26:16.268 T:937 debug : CDVDSubtitlesLibass: [ass] libass API version: 0x1705000
2026-07-04 09:26:16.268 T:937 debug : CDVDSubtitlesLibass: [ass] libass source: tarball: 0.17.5
2026-07-04 09:26:16.269 T:937 debug : CDVDSubtitlesLibass: [ass] Shaper: FriBidi 1.0.16 (SIMPLE) HarfBuzz-ng 14.2.1 (COMPLEX)
2026-07-04 09:26:16.269 T:937 info : CDVDSubtitlesLibass: Initializing ASS library font settings
2026-07-04 09:26:16.311 T:1003 debug : script.tinyppi --> sender=xbmc method=Playlist.OnAdd type='movie'
2026-07-04 09:26:16.327 T:937 debug : CDVDSubtitlesLibass: [ass] Using font provider fontconfig
2026-07-04 09:26:16.327 T:937 info : CDVDSubtitlesLibass: Creating new ASS track
