2026-07-04 09:30:35.816 T:1305 debug : CVideoPlayer::ProcessVideoData size:1064591 dts:705.135 pts:705.260 dur:41.700ms, clock:704.446 level:0
2026-07-04 09:30:35.817 T:1305 debug : CVideoPlayer::ProcessPacket packet from enhancement layer: size:220600 dts:705.135 pts:705.260 dur:41.700ms
2026-07-04 09:30:35.831 T:1305 debug : CVideoPlayer::ProcessVideoData size:239375 dts:705.177 pts:705.177 dur:41.700ms, clock:704.462 level:0
2026-07-04 09:30:35.849 T:1305 debug : CVideoPlayer::ProcessPacket packet from enhancement layer: size:21227 dts:705.177 pts:705.177 dur:41.700ms
2026-07-04 09:30:35.872 T:1305 debug : CVideoPlayer::ProcessVideoData size:264089 dts:705.218 pts:705.218 dur:41.700ms, clock:704.503 level:0
2026-07-04 09:30:35.925 T:1305 debug : CVideoPlayer::ProcessVideoData size:688566 dts:705.260 pts:705.385 dur:41.700ms, clock:704.555 level:0
2026-07-04 09:30:35.925 T:1305 debug : CVideoPlayer::ProcessPacket packet from enhancement layer: size:19790 dts:705.218 pts:705.218 dur:41.700ms
2026-07-04 09:30:35.925 T:1305 debug : CVideoPlayer::ProcessPacket packet from enhancement layer: size:68539 dts:705.260 pts:705.385 dur:41.700ms
2026-07-04 09:30:35.946 T:1305 debug : CVideoPlayer::ProcessVideoData size:234917 dts:705.302 pts:705.302 dur:41.700ms, clock:704.577 level:0
2026-07-04 09:30:35.965 T:1305 debug : CVideoPlayer::ProcessPacket packet from enhancement layer: size:22507 dts:705.302 pts:705.302 dur:41.700ms
2026-07-04 09:30:35.987 T:1305 debug : CVideoPlayer::ProcessVideoData size:235307 dts:705.344 pts:705.344 dur:41.700ms, clock:704.618 level:0
2026-07-04 09:30:36.029 T:1305 debug : CVideoPlayer::ProcessVideoData size:690973 dts:705.385 pts:705.510 dur:41.700ms, clock:704.660 level:0
2026-07-04 09:30:36.030 T:1305 debug : CVideoPlayer::ProcessPacket packet from enhancement layer: size:22906 dts:705.344 pts:705.344 dur:41.700ms
2026-07-04 09:30:36.030 T:1305 debug : CVideoPlayer::ProcessPacket packet from enhancement layer: size:66408 dts:705.385 pts:705.510 dur:41.700ms
2026-07-04 09:30:36.034 T:1307 debug : CVideoPlayerVideo::OutputPicture - ttd:-317ms pts:704.347 Clock:704.665 Level:0
2026-07-04 09:30:36.035 T:1307 debug : CVideoPlayerVideo::OutputPicture - ttd:-277ms pts:704.389 Clock:704.666 Level:1
2026-07-04 09:30:36.036 T:1307 debug : CVideoPlayerVideo::OutputPicture - ttd:-236ms pts:704.430 Clock:704.667 Level:2
2026-07-04 09:30:36.038 T:1307 debug : CVideoPlayerVideo::OutputPicture - ttd:-196ms pts:704.472 Clock:704.668 Level:3
2026-07-04 09:30:36.039 T:1307 debug : CVideoPlayerVideo::OutputPicture - ttd:-155ms pts:704.514 Clock:704.669 Level:4
2026-07-04 09:30:36.040 T:1307 debug : CVideoPlayerVideo::OutputPicture - ttd:-114ms pts:704.556 Clock:704.670 Level:5
2026-07-04 09:30:36.041 T:1307 debug : CVideoPlayerVideo::OutputPicture - ttd:-74ms pts:704.597 Clock:704.672 Level:6
2026-07-04 09:30:36.042 T:1307 debug : CVideoPlayerVideo::OutputPicture - ttd:-33ms pts:704.639 Clock:704.673 Level:7
2026-07-04 09:30:36.043 T:1307 debug : CVideoPlayerVideo::OutputPicture - ttd:7ms pts:704.681 Clock:704.674 Level:8
2026-07-04 09:30:36.044 T:1307 debug : CVideoPlayerVideo::OutputPicture - ttd:47ms pts:704.722 Clock:704.675 Level:9
2026-07-04 09:30:36.045 T:1307 debug : CVideoPlayerVideo::OutputPicture - ttd:88ms pts:704.764 Clock:704.676 Level:10
2026-07-04 09:30:36.045 T:1305 debug : CVideoPlayer::ProcessVideoData size:245148 dts:705.427 pts:705.427 dur:41.700ms, clock:704.676 level:0
2026-07-04 09:30:36.047 T:1307 debug : CVideoPlayerVideo::OutputPicture - ttd:128ms pts:704.806 Clock:704.677 Level:11
2026-07-04 09:30:36.048 T:1307 debug : CVideoPlayerVideo::OutputPicture - ttd:169ms pts:704.848 Clock:704.678 Level:12
2026-07-04 09:30:36.049 T:1307 debug : CVideoPlayerVideo::OutputPicture - ttd:209ms pts:704.889 Clock:704.680 Level:13
2026-07-04 09:30:36.058 T:1305 debug : CVideoPlayer::ProcessPacket packet from enhancement layer: size:22432 dts:705.427 pts:705.427 dur:41.700ms
2026-07-04 09:30:36.073 T:1305 debug : CVideoPlayer::ProcessVideoData size:245101 dts:705.469 pts:705.469 dur:41.700ms, clock:704.704 level:0
2026-07-04 09:30:36.122 T:1305 debug : CVideoPlayer::ProcessPacket packet from enhancement layer: size:22011 dts:705.469 pts:705.469 dur:41.700ms
2026-07-04 09:30:36.157 T:1305 debug : CVideoPlayer::ProcessVideoData size:689329 dts:705.510 pts:705.636 dur:41.700ms, clock:704.788 level:0
2026-07-04 09:30:36.158 T:1305 debug : CVideoPlayer::ProcessPacket packet from enhancement layer: size:64730 dts:705.510 pts:705.636 dur:41.700ms
2026-07-04 09:30:36.171 T:1305 debug : CVideoPlayer::ProcessVideoData size:236607 dts:705.552 pts:705.552 dur:41.700ms, clock:704.802 level:0
2026-07-04 09:30:36.196 T:1305 debug : CVideoPlayer::ProcessPacket packet from enhancement layer: size:22236 dts:705.552 pts:705.552 dur:41.700ms
2026-07-04 09:30:36.226 T:1305 debug : CVideoPlayer::ProcessVideoData size:236651 dts:705.594 pts:705.594 dur:41.700ms, clock:704.857 level:0
2026-07-04 09:30:36.266 T:1305 debug : CVideoPlayer::ProcessPacket packet from enhancement layer: size:22620 dts:705.594 pts:705.594 dur:41.700ms
2026-07-04 09:30:36.289 T:1305 debug : CVideoPlayer::ProcessVideoData size:684053 dts:705.636 pts:705.761 dur:41.700ms, clock:704.920 level:0
2026-07-04 09:30:36.290 T:1305 debug : CVideoPlayer::ProcessPacket packet from enhancement layer: size:63251 dts:705.636 pts:705.761 dur:41.700ms
2026-07-04 09:30:36.327 T:1305 debug : CVideoPlayer::ProcessVideoData size:242102 dts:705.677 pts:705.677 dur:41.700ms, clock:704.957 level:0
2026-07-04 09:30:36.327 T:1305 debug : CVideoPlayer::ProcessPacket packet from enhancement layer: size:22338 dts:705.677 pts:705.677 dur:41.700ms
2026-07-04 09:30:36.366 T:1305 debug : CVideoPlayer::ProcessVideoData size:240536 dts:705.719 pts:705.719 dur:41.700ms, clock:704.996 level:0
2026-07-04 09:30:36.399 T:1305 debug : CVideoPlayer::ProcessPacket packet from enhancement layer: size:22836 dts:705.719 pts:705.719 dur:41.700ms
2026-07-04 09:30:36.415 T:1305 debug : CVideoPlayer::ProcessVideoData size:675944 dts:705.761 pts:705.886 dur:41.700ms, clock:705.046 level:0
2026-07-04 09:30:36.416 T:1305 debug : CVideoPlayer::ProcessPacket packet from enhancement layer: size:62410 dts:705.761 pts:705.886 dur:41.700ms
2026-07-04 09:30:36.442 T:1305 debug : CVideoPlayer::ProcessVideoData size:251678 dts:705.802 pts:705.802 dur:41.700ms, clock:705.073 level:0
2026-07-04 09:30:36.443 T:1305 debug : CVideoPlayer::ProcessPacket packet from enhancement layer: size:22335 dts:705.802 pts:705.802 dur:41.700ms
2026-07-04 09:30:36.466 T:1305 debug : CVideoPlayer::ProcessVideoData size:241452 dts:705.844 pts:705.844 dur:41.700ms, clock:705.096 level:0
2026-07-04 09:30:36.522 T:1305 debug : CVideoPlayer::ProcessPacket packet from enhancement layer: size:22062 dts:705.844 pts:705.844 dur:41.700ms
2026-07-04 09:30:36.550 T:1305 debug : CVideoPlayer::ProcessVideoData size:700963 dts:705.886 pts:706.011 dur:41.700ms, clock:705.181 level:0
2026-07-04 09:30:36.551 T:1305 debug : CVideoPlayer::ProcessPacket packet from enhancement layer: size:62783 dts:705.886 pts:706.011 dur:41.700ms
2026-07-04 09:30:36.574 T:1305 debug : CVideoPlayer::ProcessVideoData size:258661 dts:705.928 pts:705.928 dur:41.700ms, clock:705.205 level:0
2026-07-04 09:30:36.593 T:1305 debug : CVideoPlayer::ProcessPacket packet from enhancement layer: size:21741 dts:705.928 pts:705.928 dur:41.700ms
2026-07-04 09:30:36.609 T:1305 debug : CVideoPlayer::ProcessVideoData size:271236 dts:705.969 pts:705.969 dur:41.700ms, clock:705.240 level:0
2026-07-04 09:30:36.613 T:1307 debug : CVideoPlayerVideo::OutputPicture - ttd:-312ms pts:704.931 Clock:705.243 Level:0
2026-07-04 09:30:36.614 T:1307 debug : CVideoPlayerVideo::OutputPicture - ttd:-271ms pts:704.973 Clock:705.245 Level:1
2026-07-04 09:30:36.615 T:1307 debug : CVideoPlayerVideo::OutputPicture - ttd:-231ms pts:705.014 Clock:705.246 Level:2
2026-07-04 09:30:36.616 T:1307 debug : CVideoPlayerVideo::OutputPicture - ttd:-190ms pts:705.056 Clock:705.247 Level:3
2026-07-04 09:30:36.617 T:1307 debug : CVideoPlayerVideo::OutputPicture - ttd:-150ms pts:705.098 Clock:705.248 Level:4
2026-07-04 09:30:36.618 T:1307 debug : CVideoPlayerVideo::OutputPicture - ttd:-109ms pts:705.140 Clock:705.249 Level:5
2026-07-04 09:30:36.619 T:1307 debug : CVideoPlayerVideo::OutputPicture - ttd:-68ms pts:705.181 Clock:705.250 Level:6
2026-07-04 09:30:36.620 T:1307 debug : CVideoPlayerVideo::OutputPicture - ttd:-28ms pts:705.223 Clock:705.251 Level:7
2026-07-04 09:30:36.622 T:1307 debug : CVideoPlayerVideo::OutputPicture - ttd:12ms pts:705.265 Clock:705.252 Level:8
2026-07-04 09:30:36.623 T:1307 debug : CVideoPlayerVideo::OutputPicture - ttd:52ms pts:705.306 Clock:705.254 Level:9
2026-07-04 09:30:36.624 T:1307 debug : CVideoPlayerVideo::OutputPicture - ttd:93ms pts:705.348 Clock:705.255 Level:10
2026-07-04 09:30:36.625 T:1307 debug : CVideoPlayerVideo::OutputPicture - ttd:134ms pts:705.390 Clock:705.256 Level:11
2026-07-04 09:30:36.626 T:1307 debug : CVideoPlayerVideo::OutputPicture - ttd:174ms pts:705.432 Clock:705.257 Level:12
2026-07-04 09:30:36.627 T:1307 debug : CVideoPlayerVideo::OutputPicture - ttd:215ms pts:705.473 Clock:705.258 Level:13
2026-07-04 09:30:36.700 T:1305 debug : CVideoPlayer::ProcessPacket packet from enhancement layer: size:20920 dts:705.969 pts:705.969 dur:41.700ms
2026-07-04 09:30:36.743 T:1305 debug : CVideoPlayer::ProcessVideoData size:1064413 dts:706.011 pts:706.136 dur:41.700ms, clock:705.373 level:0
2026-07-04 09:30:36.744 T:1305 debug : CVideoPlayer::ProcessPacket packet from enhancement layer: size:223276 dts:706.011 pts:706.136 dur:41.700ms
2026-07-04 09:30:36.744 T:1308 info : CVideoPlayerAudio::Process - stream stalled
2026-07-04 09:30:36.757 T:1305 debug : CVideoPlayer::ProcessVideoData size:251555 dts:706.053 pts:706.053 dur:41.700ms, clock:705.388 level:0
2026-07-04 09:30:36.768 T:1305 debug : CVideoPlayer::ProcessPacket packet from enhancement layer: size:20416 dts:706.053 pts:706.053 dur:41.700ms
2026-07-04 09:30:36.782 T:1305 debug : CVideoPlayer::ProcessVideoData size:249658 dts:706.094 pts:706.094 dur:41.700ms, clock:705.413 level:0
2026-07-04 09:30:36.786 T:1307 debug : CVideoPlayerVideo::OutputPicture - ttd:98ms pts:705.515 Clock:705.417 Level:0
2026-07-04 09:30:36.832 T:1305 debug : CVideoPlayer::ProcessVideoData size:672555 dts:706.136 pts:706.261 dur:41.700ms, clock:705.462 level:0
2026-07-04 09:30:36.832 T:1305 debug : CDVDClock::SetSpeedAdjust - adjusted:0.000000
2026-07-04 09:30:36.832 T:1307 debug : CAMLCodec::SetSpeed, speed(0)
2026-07-04 09:30:36.832 T:1305 debug : CVideoPlayer::ProcessPacket packet from enhancement layer: size:20546 dts:706.094 pts:706.094 dur:41.700ms
2026-07-04 09:30:36.832 T:1305 debug : CVideoPlayer::ProcessPacket packet from enhancement layer: size:67609 dts:706.136 pts:706.261 dur:41.700ms
2026-07-04 09:30:36.839 T:1308 debug : CDVDAudio::Pause - pausing audio stream
2026-07-04 09:30:36.852 T:1305 debug : CVideoPlayer::ProcessVideoData size:254673 dts:706.178 pts:706.178 dur:41.700ms, clock:705.463 level:0
2026-07-04 09:30:36.853 T:1305 debug : CVideoPlayer::ProcessPacket packet from enhancement layer: size:21482 dts:706.178 pts:706.178 dur:41.700ms
2026-07-04 09:30:36.887 T:1305 debug : CVideoPlayer::ProcessVideoData size:256141 dts:706.219 pts:706.219 dur:41.700ms, clock:705.463 level:0
2026-07-04 09:30:36.933 T:1305 debug : CVideoPlayer::ProcessPacket packet from enhancement layer: size:21675 dts:706.219 pts:706.219 dur:41.700ms
2026-07-04 09:30:36.950 T:1305 debug : CVideoPlayer::ProcessVideoData size:677297 dts:706.261 pts:706.386 dur:41.700ms, clock:705.463 level:0
2026-07-04 09:30:36.950 T:1305 debug : CVideoPlayer::ProcessPacket packet from enhancement layer: size:64202 dts:706.261 pts:706.386 dur:41.700ms
2026-07-04 09:30:36.973 T:937 debug : ------ Window Init (DialogSeekBar.xml) ------
2026-07-04 09:30:36.981 T:1305 debug : CVideoPlayer::ProcessVideoData size:242967 dts:706.303 pts:706.303 dur:41.700ms, clock:705.463 level:0
2026-07-04 09:30:36.981 T:1305 debug : CVideoPlayer::ProcessPacket packet from enhancement layer: size:22048 dts:706.303 pts:706.303 dur:41.700ms
2026-07-04 09:30:37.038 T:1305 debug : CVideoPlayer::ProcessVideoData size:243341 dts:706.345 pts:706.345 dur:41.700ms, clock:705.463 level:0
2026-07-04 09:30:37.099 T:1305 debug : CVideoPlayer::ProcessPacket packet from enhancement layer: size:21950 dts:706.345 pts:706.345 dur:41.700ms
2026-07-04 09:30:37.116 T:1305 debug : CVideoPlayer::ProcessVideoData size:679725 dts:706.386 pts:706.511 dur:41.700ms, clock:705.463 level:0
2026-07-04 09:30:37.117 T:1305 debug : CVideoPlayer::ProcessPacket packet from enhancement layer: size:63040 dts:706.386 pts:706.511 dur:41.700ms
2026-07-04 09:30:37.146 T:1305 debug : CVideoPlayer::ProcessVideoData size:275427 dts:706.428 pts:706.428 dur:41.700ms, clock:705.463 level:0
2026-07-04 09:30:37.148 T:1305 debug : CVideoPlayer::ProcessPacket packet from enhancement layer: size:20345 dts:706.428 pts:706.428 dur:41.700ms
2026-07-04 09:30:37.321 T:1305 debug : CVideoPlayer::ProcessVideoData size:263290 dts:706.470 pts:706.470 dur:41.700ms, clock:705.463 level:0
2026-07-04 09:30:37.355 T:1305 debug : CVideoPlayer::ProcessPacket packet from enhancement layer: size:20487 dts:706.470 pts:706.470 dur:41.700ms
2026-07-04 09:30:37.378 T:1305 debug : CVideoPlayer::ProcessVideoData size:676584 dts:706.511 pts:706.637 dur:41.700ms, clock:705.463 level:0
2026-07-04 09:30:37.379 T:1305 debug : CVideoPlayer::ProcessPacket packet from enhancement layer: size:61552 dts:706.511 pts:706.637 dur:41.700ms
2026-07-04 09:30:37.410 T:1305 debug : CVideoPlayer::ProcessVideoData size:243492 dts:706.553 pts:706.553 dur:41.700ms, clock:705.463 level:0
2026-07-04 09:30:37.411 T:1305 debug : CVideoPlayer::ProcessPacket packet from enhancement layer: size:21312 dts:706.553 pts:706.553 dur:41.700ms
2026-07-04 09:30:37.447 T:1305 debug : CVideoPlayer::ProcessVideoData size:239552 dts:706.595 pts:706.595 dur:41.700ms, clock:705.463 level:0
2026-07-04 09:30:37.796 T:1305 debug : CVideoPlayer::ProcessPacket packet from enhancement layer: size:20693 dts:706.595 pts:706.595 dur:41.700ms
2026-07-04 09:30:37.843 T:1305 debug : CVideoPlayer::ProcessVideoData size:672589 dts:706.637 pts:706.762 dur:41.700ms, clock:705.463 level:0
2026-07-04 09:30:37.844 T:1305 debug : CVideoPlayer::ProcessPacket packet from enhancement layer: size:60799 dts:706.637 pts:706.762 dur:41.700ms
2026-07-04 09:30:37.847 T:1307 debug : CVideoPlayerVideo::OutputPicture - ttd:94ms pts:705.557 Clock:705.463 Level:0
2026-07-04 09:30:37.848 T:1307 debug : CVideoPlayerVideo::OutputPicture - ttd:135ms pts:705.598 Clock:705.463 Level:1
2026-07-04 09:30:37.877 T:1305 debug : CVideoPlayer::ProcessVideoData size:258737 dts:706.678 pts:706.678 dur:41.700ms, clock:705.463 level:0
2026-07-04 09:30:37.878 T:1305 debug : CVideoPlayer::ProcessPacket packet from enhancement layer: size:21394 dts:706.678 pts:706.678 dur:41.700ms
2026-07-04 09:30:37.880 T:1307 debug : CVideoPlayerVideo::OutputPicture - ttd:177ms pts:705.640 Clock:705.463 Level:2
2026-07-04 09:30:37.882 T:1307 debug : CVideoPlayerVideo::OutputPicture - ttd:219ms pts:705.682 Clock:705.463 Level:3
2026-07-04 09:30:37.910 T:1305 debug : CVideoPlayer::ProcessVideoData size:261835 dts:706.720 pts:706.720 dur:41.700ms, clock:705.463 level:0
2026-07-04 09:30:37.914 T:1307 debug : CVideoPlayerVideo::OutputPicture - ttd:260ms pts:705.724 Clock:705.463 Level:1
2026-07-04 09:30:37.948 T:1305 debug : CVideoPlayer::ProcessPacket packet from enhancement layer: size:20378 dts:706.720 pts:706.720 dur:41.700ms
2026-07-04 09:30:37.949 T:1307 debug : CVideoPlayerVideo::OutputPicture - ttd:302ms pts:705.765 Clock:705.463 Level:1
2026-07-04 09:30:37.989 T:1305 debug : CVideoPlayer::ProcessVideoData size:659135 dts:706.762 pts:706.887 dur:41.700ms, clock:705.463 level:0
2026-07-04 09:30:37.990 T:1305 debug : CVideoPlayer::ProcessPacket packet from enhancement layer: size:61441 dts:706.762 pts:706.887 dur:41.700ms
2026-07-04 09:30:37.994 T:1307 debug : CVideoPlayerVideo::OutputPicture - ttd:344ms pts:705.807 Clock:705.463 Level:2
2026-07-04 09:30:37.995 T:1307 debug : CVideoPlayerVideo::OutputPicture - ttd:386ms pts:705.849 Clock:705.463 Level:3
2026-07-04 09:30:38.012 T:1305 debug : CVideoPlayer::ProcessVideoData size:239012 dts:706.803 pts:706.803 dur:41.700ms, clock:705.463 level:0
2026-07-04 09:30:38.013 T:1305 debug : CVideoPlayer::ProcessPacket packet from enhancement layer: size:22199 dts:706.803 pts:706.803 dur:41.700ms
2026-07-04 09:30:38.016 T:1307 debug : CVideoPlayerVideo::OutputPicture - ttd:427ms pts:705.890 Clock:705.463 Level:4
2026-07-04 09:30:38.017 T:1307 debug : CVideoPlayerVideo::OutputPicture - ttd:469ms pts:705.932 Clock:705.463 Level:5
2026-07-04 09:30:38.036 T:1305 debug : CVideoPlayer::ProcessVideoData size:256913 dts:706.845 pts:706.845 dur:41.700ms, clock:705.463 level:0
2026-07-04 09:30:38.039 T:1307 debug : CVideoPlayerVideo::OutputPicture - ttd:511ms pts:705.974 Clock:705.463 Level:6
2026-07-04 09:30:38.099 T:1305 debug : CVideoPlayer::ProcessPacket packet from enhancement layer: size:18525 dts:706.845 pts:706.845 dur:41.700ms
2026-07-04 09:30:38.099 T:1307 debug : CVideoPlayerVideo::OutputPicture - ttd:552ms pts:706.015 Clock:705.463 Level:7
2026-07-04 09:30:38.134 T:1305 debug : CVideoPlayer::ProcessVideoData size:1051841 dts:706.887 pts:707.012 dur:41.700ms, clock:705.463 level:0
2026-07-04 09:30:38.135 T:1305 debug : CVideoPlayer::ProcessPacket packet from enhancement layer: size:221431 dts:706.887 pts:707.012 dur:41.700ms
2026-07-04 09:30:38.140 T:1307 debug : CVideoPlayerVideo::OutputPicture - ttd:594ms pts:706.057 Clock:705.463 Level:8
2026-07-04 09:30:38.142 T:1307 debug : CVideoPlayerVideo::OutputPicture - ttd:636ms pts:706.099 Clock:705.463 Level:9
2026-07-04 09:30:38.150 T:1305 debug : CVideoPlayer::ProcessVideoData size:251624 dts:706.929 pts:706.929 dur:41.700ms, clock:705.463 level:0
2026-07-04 09:30:38.151 T:1305 debug : CVideoPlayer::ProcessPacket packet from enhancement layer: size:21819 dts:706.929 pts:706.929 dur:41.700ms
2026-07-04 09:30:38.154 T:1307 debug : CVideoPlayerVideo::OutputPicture - ttd:678ms pts:706.141 Clock:705.463 Level:10
2026-07-04 09:30:38.155 T:1307 debug : CVideoPlayerVideo::OutputPicture - ttd:719ms pts:706.182 Clock:705.463 Level:11
2026-07-04 09:30:38.170 T:1305 debug : CVideoPlayer::ProcessVideoData size:251389 dts:706.970 pts:706.970 dur:41.700ms, clock:705.463 level:0
2026-07-04 09:30:38.175 T:1307 debug : CVideoPlayerVideo::OutputPicture - ttd:761ms pts:706.224 Clock:705.463 Level:12
2026-07-04 09:30:38.215 T:1305 debug : CVideoPlayer::ProcessPacket packet from enhancement layer: size:21730 dts:706.970 pts:706.970 dur:41.700ms
2026-07-04 09:30:38.215 T:1307 debug : CVideoPlayerVideo::OutputPicture - ttd:803ms pts:706.266 Clock:705.463 Level:13
2026-07-04 09:30:38.234 T:1305 debug : CVideoPlayer::ProcessVideoData size:643179 dts:707.012 pts:707.137 dur:41.700ms, clock:705.463 level:0
2026-07-04 09:30:38.246 T:1305 debug : CVideoPlayer::ProcessPacket packet from enhancement layer: size:44370 dts:707.012 pts:707.137 dur:41.700ms
2026-07-04 09:30:38.265 T:1305 debug : CVideoPlayer::ProcessVideoData size:254974 dts:707.054 pts:707.054 dur:41.700ms, clock:705.463 level:0
2026-07-04 09:30:38.266 T:1305 debug : CVideoPlayer::ProcessPacket packet from enhancement layer: size:22372 dts:707.054 pts:707.054 dur:41.700ms
2026-07-04 09:30:38.286 T:1305 debug : CVideoPlayer::ProcessVideoData size:248261 dts:707.095 pts:707.095 dur:41.700ms, clock:705.463 level:0
2026-07-04 09:30:38.317 T:1305 debug : CVideoPlayer::ProcessPacket packet from enhancement layer: size:22585 dts:707.095 pts:707.095 dur:41.700ms
2026-07-04 09:30:38.338 T:1305 debug : CVideoPlayer::ProcessVideoData size:721937 dts:707.137 pts:707.262 dur:41.700ms, clock:705.463 level:0
2026-07-04 09:30:38.374 T:1305 debug : CVideoPlayer::ProcessPacket packet from enhancement layer: size:51192 dts:707.137 pts:707.262 dur:41.700ms
2026-07-04 09:30:38.462 T:1305 debug : CVideoPlayer::ProcessVideoData size:245545 dts:707.179 pts:707.179 dur:41.700ms, clock:705.463 level:0
2026-07-04 09:30:38.462 T:1305 debug : CVideoPlayer::ProcessPacket packet from enhancement layer: size:22605 dts:707.179 pts:707.179 dur:41.700ms
2026-07-04 09:30:38.544 T:1305 debug : CVideoPlayer::ProcessVideoData size:259590 dts:707.220 pts:707.220 dur:41.700ms, clock:705.463 level:0
2026-07-04 09:30:38.816 T:1305 debug : CVideoPlayer::ProcessVideoData size:667748 dts:707.262 pts:707.387 dur:41.700ms, clock:705.463 level:0
2026-07-04 09:30:38.816 T:1305 debug : CVideoPlayer::ProcessPacket packet from enhancement layer: size:21784 dts:707.220 pts:707.220 dur:41.700ms
2026-07-04 09:30:38.894 T:1305 debug : CVideoPlayer::ProcessPacket packet from enhancement layer: size:66089 dts:707.262 pts:707.387 dur:41.700ms
2026-07-04 09:30:38.972 T:1305 debug : CVideoPlayer::ProcessVideoData size:256222 dts:707.304 pts:707.304 dur:41.700ms, clock:705.463 level:0
2026-07-04 09:30:38.972 T:1305 debug : CVideoPlayer::ProcessPacket packet from enhancement layer: size:21463 dts:707.304 pts:707.304 dur:41.700ms
2026-07-04 09:30:39.063 T:1305 debug : CVideoPlayer::ProcessVideoData size:255020 dts:707.346 pts:707.346 dur:41.700ms, clock:705.463 level:0
2026-07-04 09:30:39.105 T:1305 debug : CVideoPlayer::ProcessPacket packet from enhancement layer: size:21064 dts:707.346 pts:707.346 dur:41.700ms
2026-07-04 09:30:39.122 T:1305 debug : CVideoPlayer::ProcessVideoData size:725623 dts:707.387 pts:707.512 dur:41.700ms, clock:705.463 level:0
2026-07-04 09:30:39.135 T:1305 debug : CVideoPlayer::ProcessPacket packet from enhancement layer: size:46905 dts:707.387 pts:707.512 dur:41.700ms
2026-07-04 09:30:39.151 T:1305 debug : CVideoPlayer::ProcessVideoData size:266108 dts:707.429 pts:707.429 dur:41.700ms, clock:705.463 level:0
2026-07-04 09:30:39.152 T:1305 debug : CVideoPlayer::ProcessPacket packet from enhancement layer: size:21510 dts:707.429 pts:707.429 dur:41.700ms
2026-07-04 09:30:39.170 T:1305 debug : CVideoPlayer::ProcessVideoData size:239389 dts:707.471 pts:707.471 dur:41.700ms, clock:705.463 level:0
2026-07-04 09:30:39.210 T:1305 debug : CVideoPlayer::ProcessPacket packet from enhancement layer: size:21519 dts:707.471 pts:707.471 dur:41.700ms
2026-07-04 09:30:39.228 T:1305 debug : CVideoPlayer::ProcessVideoData size:730383 dts:707.512 pts:707.638 dur:41.700ms, clock:705.463 level:0
2026-07-04 09:30:39.241 T:1305 debug : CVideoPlayer::ProcessPacket packet from enhancement layer: size:43037 dts:707.512 pts:707.638 dur:41.700ms
2026-07-04 09:30:39.303 T:1305 debug : CVideoPlayer::ProcessVideoData size:238896 dts:707.554 pts:707.554 dur:41.700ms, clock:705.463 level:0
2026-07-04 09:30:39.304 T:1305 debug : CVideoPlayer::ProcessPacket packet from enhancement layer: size:21109 dts:707.554 pts:707.554 dur:41.700ms
2026-07-04 09:30:39.328 T:1305 debug : CVideoPlayer::ProcessVideoData size:258119 dts:707.596 pts:707.596 dur:41.700ms, clock:705.463 level:0
2026-07-04 09:30:39.585 T:1305 debug : CVideoPlayer::ProcessPacket packet from enhancement layer: size:19340 dts:707.596 pts:707.596 dur:41.700ms
2026-07-04 09:30:39.604 T:1305 debug : CVideoPlayer::ProcessVideoData size:674774 dts:707.638 pts:707.763 dur:41.700ms, clock:705.463 level:0
2026-07-04 09:30:39.619 T:1305 debug : CVideoPlayer::ProcessPacket packet from enhancement layer: size:60935 dts:707.638 pts:707.763 dur:41.700ms
2026-07-04 09:30:39.868 T:1305 debug : CVideoPlayer::ProcessVideoData size:271766 dts:707.679 pts:707.679 dur:41.700ms, clock:705.463 level:0
2026-07-04 09:30:39.868 T:1305 debug : CVideoPlayer::ProcessPacket packet from enhancement layer: size:19328 dts:707.679 pts:707.679 dur:41.700ms
2026-07-04 09:30:39.916 T:1305 debug : CVideoPlayer::ProcessVideoData size:268830 dts:707.721 pts:707.721 dur:41.700ms, clock:705.463 level:0
2026-07-04 09:30:40.338 T:1307 debug : CVideoPlayerVideo - Stillframe detected, switching to forced 23.976024 fps
2026-07-04 09:30:40.338 T:1307 debug : CPtsTracker: pattern lost on diff 166833.333333, number of losses 2
2026-07-04 09:30:40.338 T:1307 debug : CVideoPlayerVideo::OutputPicture - ttd:969ms pts:706.433 Clock:705.463 Level:14
2026-07-04 09:30:40.517 T:1305 debug : CVideoPlayer::ProcessPacket packet from enhancement layer: size:19057 dts:707.721 pts:707.721 dur:41.700ms
2026-07-04 09:30:40.533 T:1305 debug : CVideoPlayer::ProcessVideoData size:1087748 dts:707.763 pts:707.888 dur:41.700ms, clock:705.463 level:0
2026-07-04 09:30:40.534 T:1305 debug : CVideoPlayer::ProcessPacket packet from enhancement layer: size:222306 dts:707.763 pts:707.888 dur:41.700ms
2026-07-04 09:30:40.560 T:1305 debug : CVideoPlayer::ProcessVideoData size:239888 dts:707.804 pts:707.804 dur:41.700ms, clock:705.463 level:100
2026-07-04 09:30:40.560 T:1305 debug : CVideoPlayer::ProcessPacket packet from enhancement layer: size:21213 dts:707.804 pts:707.804 dur:41.700ms
2026-07-04 09:30:40.631 T:1305 debug : CVideoPlayer::ProcessVideoData size:257717 dts:707.846 pts:707.846 dur:41.700ms, clock:705.463 level:100
2026-07-04 09:30:40.875 T:1305 debug : CVideoPlayer::ProcessPacket packet from enhancement layer: size:19037 dts:707.846 pts:707.846 dur:41.700ms
2026-07-04 09:30:40.879 T:1307 debug : CVideoPlayerVideo::OutputPicture - ttd:1011ms pts:706.474 Clock:705.463 Level:-1
2026-07-04 09:30:40.879 T:1307 debug : CVideoPlayerVideo - Stillframe left, switching to normal playback
2026-07-04 09:30:40.919 T:1305 debug : CVideoPlayer::ProcessVideoData size:734299 dts:707.888 pts:708.013 dur:41.700ms, clock:705.463 level:0
2026-07-04 09:30:40.920 T:1305 debug : CVideoPlayer::ProcessPacket packet from enhancement layer: size:47444 dts:707.888 pts:708.013 dur:41.700ms
2026-07-04 09:30:40.940 T:1305 debug : CVideoPlayer::ProcessVideoData size:259072 dts:707.930 pts:707.930 dur:41.700ms, clock:705.463 level:0
2026-07-04 09:30:40.941 T:1305 debug : CVideoPlayer::ProcessPacket packet from enhancement layer: size:21502 dts:707.930 pts:707.930 dur:41.700ms
2026-07-04 09:30:40.960 T:1305 debug : CVideoPlayer::ProcessVideoData size:235073 dts:707.971 pts:707.971 dur:41.700ms, clock:705.463 level:0
2026-07-04 09:30:41.000 T:1305 debug : CVideoPlayer::ProcessPacket packet from enhancement layer: size:21454 dts:707.971 pts:707.971 dur:41.700ms
2026-07-04 09:30:41.041 T:1305 debug : CVideoPlayer::ProcessVideoData size:663908 dts:708.013 pts:708.138 dur:41.700ms, clock:705.463 level:100
2026-07-04 09:30:41.042 T:1305 debug : CVideoPlayer::ProcessPacket packet from enhancement layer: size:64149 dts:708.013 pts:708.138 dur:41.700ms
2026-07-04 09:30:41.063 T:1305 debug : CVideoPlayer::ProcessVideoData size:253762 dts:708.055 pts:708.055 dur:41.700ms, clock:705.463 level:100
2026-07-04 09:30:41.063 T:1305 debug : CVideoPlayer::ProcessPacket packet from enhancement layer: size:20778 dts:708.055 pts:708.055 dur:41.700ms
2026-07-04 09:30:41.079 T:1305 debug : CVideoPlayer::ProcessVideoData size:253147 dts:708.096 pts:708.096 dur:41.700ms, clock:705.463 level:100
2026-07-04 09:30:41.128 T:1305 debug : CVideoPlayer::ProcessPacket packet from enhancement layer: size:20786 dts:708.096 pts:708.096 dur:41.700ms
2026-07-04 09:30:41.145 T:1305 debug : CVideoPlayer::ProcessVideoData size:737309 dts:708.138 pts:708.263 dur:41.700ms, clock:705.463 level:100
2026-07-04 09:30:41.145 T:1305 debug : CVideoPlayer::ProcessPacket packet from enhancement layer: size:44618 dts:708.138 pts:708.263 dur:41.700ms
2026-07-04 09:30:41.166 T:1305 debug : CVideoPlayer::ProcessVideoData size:249796 dts:708.180 pts:708.180 dur:41.700ms, clock:705.463 level:100
2026-07-04 09:30:41.167 T:1305 debug : CVideoPlayer::ProcessPacket packet from enhancement layer: size:20731 dts:708.180 pts:708.180 dur:41.700ms
2026-07-04 09:30:41.171 T:937 debug : TEMP: [framecount] video=3600 ctrls=3600 subs=1073 skip-gui=412 skip-any=412
2026-07-04 09:30:41.184 T:1305 debug : CVideoPlayer::ProcessVideoData size:254201 dts:708.221 pts:708.221 dur:41.700ms, clock:705.463 level:100
2026-07-04 09:30:41.241 T:1305 debug : CVideoPlayer::ProcessPacket packet from enhancement layer: size:20801 dts:708.221 pts:708.221 dur:41.700ms
2026-07-04 09:30:41.257 T:1305 debug : CVideoPlayer::ProcessVideoData size:702683 dts:708.263 pts:708.388 dur:41.700ms, clock:705.463 level:100
2026-07-04 09:30:41.258 T:1305 debug : CVideoPlayer::ProcessPacket packet from enhancement layer: size:61019 dts:708.263 pts:708.388 dur:41.700ms
2026-07-04 09:30:41.271 T:1305 debug : CVideoPlayer::ProcessVideoData size:245096 dts:708.305 pts:708.305 dur:41.700ms, clock:705.463 level:100
2026-07-04 09:30:41.272 T:1305 debug : CVideoPlayer::ProcessPacket packet from enhancement layer: size:20051 dts:708.305 pts:708.305 dur:41.700ms
2026-07-04 09:30:41.290 T:1305 debug : CVideoPlayer::ProcessVideoData size:262993 dts:708.347 pts:708.347 dur:41.700ms, clock:705.463 level:100
2026-07-04 09:30:41.328 T:1305 debug : CVideoPlayer::ProcessPacket packet from enhancement layer: size:19178 dts:708.347 pts:708.347 dur:41.700ms
2026-07-04 09:30:41.364 T:1305 debug : CVideoPlayer::ProcessVideoData size:663783 dts:708.388 pts:708.513 dur:41.700ms, clock:705.463 level:100
2026-07-04 09:30:41.365 T:1305 debug : CVideoPlayer::ProcessPacket packet from enhancement layer: size:61554 dts:708.388 pts:708.513 dur:41.700ms
2026-07-04 09:30:41.382 T:1305 debug : CVideoPlayer::ProcessVideoData size:274760 dts:708.430 pts:708.430 dur:41.700ms, clock:705.463 level:100
2026-07-04 09:30:41.383 T:1305 debug : CVideoPlayer::ProcessPacket packet from enhancement layer: size:18875 dts:708.430 pts:708.430 dur:41.700ms
2026-07-04 09:30:41.401 T:1305 debug : CVideoPlayer::ProcessVideoData size:240569 dts:708.472 pts:708.472 dur:41.700ms, clock:705.463 level:100
2026-07-04 09:30:41.463 T:1307 debug : CVideoPlayerVideo::OutputPicture - ttd:1011ms pts:706.474 Clock:705.463 Level:-1
2026-07-04 09:30:41.463 T:1307 debug : CVideoPlayerVideo - OUTPUT_AGAIN - vfmt, interlace should be checked.
2026-07-04 09:30:41.662 T:1305 debug : CVideoPlayer::ProcessPacket packet from enhancement layer: size:19963 dts:708.472 pts:708.472 dur:41.700ms
2026-07-04 09:30:41.680 T:1305 debug : CVideoPlayer::ProcessVideoData size:738808 dts:708.513 pts:708.639 dur:41.700ms, clock:705.463 level:100
2026-07-04 09:30:41.680 T:1305 debug : CVideoPlayer::ProcessPacket packet from enhancement layer: size:41997 dts:708.513 pts:708.639 dur:41.700ms
2026-07-04 09:30:41.698 T:1305 debug : CVideoPlayer::ProcessVideoData size:239085 dts:708.555 pts:708.555 dur:41.700ms, clock:705.463 level:100
2026-07-04 09:30:41.698 T:1305 debug : CVideoPlayer::ProcessPacket packet from enhancement layer: size:20721 dts:708.555 pts:708.555 dur:41.700ms
2026-07-04 09:30:41.724 T:1305 debug : CVideoPlayer::ProcessVideoData size:259089 dts:708.597 pts:708.597 dur:41.700ms, clock:705.463 level:100
2026-07-04 09:30:41.836 T:1305 debug : CVideoPlayer::ProcessPacket packet from enhancement layer: size:19027 dts:708.597 pts:708.597 dur:41.700ms
2026-07-04 09:30:41.859 T:1305 debug : CVideoPlayer::ProcessVideoData size:1037046 dts:708.639 pts:708.764 dur:41.700ms, clock:705.463 level:100
2026-07-04 09:30:41.860 T:1305 debug : CVideoPlayer::ProcessPacket packet from enhancement layer: size:220103 dts:708.639 pts:708.764 dur:41.700ms
2026-07-04 09:30:41.878 T:1305 debug : CVideoPlayer::ProcessVideoData size:273756 dts:708.680 pts:708.680 dur:41.700ms, clock:705.463 level:100
2026-07-04 09:30:41.879 T:1305 debug : CVideoPlayer::ProcessPacket packet from enhancement layer: size:18221 dts:708.680 pts:708.680 dur:41.700ms
2026-07-04 09:30:41.894 T:1305 debug : CVideoPlayer::ProcessVideoData size:248643 dts:708.722 pts:708.722 dur:41.700ms, clock:705.463 level:100
2026-07-04 09:30:41.936 T:1305 debug : CVideoPlayer::ProcessPacket packet from enhancement layer: size:19774 dts:708.722 pts:708.722 dur:41.700ms
2026-07-04 09:30:41.957 T:1305 debug : CVideoPlayer::ProcessVideoData size:688292 dts:708.764 pts:708.889 dur:41.700ms, clock:705.463 level:100
2026-07-04 09:30:41.957 T:1305 debug : CVideoPlayer::ProcessPacket packet from enhancement layer: size:65263 dts:708.764 pts:708.889 dur:41.700ms
2026-07-04 09:30:41.975 T:1305 debug : CVideoPlayer::ProcessVideoData size:252755 dts:708.805 pts:708.805 dur:41.700ms, clock:705.463 level:100
2026-07-04 09:30:41.976 T:1305 debug : CVideoPlayer::ProcessPacket packet from enhancement layer: size:20228 dts:708.805 pts:708.805 dur:41.700ms
2026-07-04 09:30:41.992 T:1305 debug : CVideoPlayer::ProcessVideoData size:258065 dts:708.847 pts:708.847 dur:41.700ms, clock:705.463 level:100
2026-07-04 09:30:42.005 T:1307 debug : CVideoPlayerVideo::OutputPicture - ttd:1011ms pts:706.474 Clock:705.463 Level:-1
2026-07-04 09:30:42.005 T:1307 debug : CVideoPlayerVideo - OUTPUT_AGAIN - vfmt, interlace should be checked.
2026-07-04 09:30:42.026 T:1305 debug : CVideoPlayer::ProcessPacket packet from enhancement layer: size:20035 dts:708.847 pts:708.847 dur:41.700ms
2026-07-04 09:30:42.047 T:1305 debug : CVideoPlayer::ProcessVideoData size:641856 dts:708.889 pts:709.014 dur:41.700ms, clock:705.463 level:100
2026-07-04 09:30:42.084 T:1305 debug : CVideoPlayer::ProcessPacket packet from enhancement layer: size:60823 dts:708.889 pts:709.014 dur:41.700ms
2026-07-04 09:30:42.175 T:1305 debug : CVideoPlayer::ProcessVideoData size:257618 dts:708.931 pts:708.931 dur:41.700ms, clock:705.463 level:100
2026-07-04 09:30:42.176 T:1305 debug : CVideoPlayer::ProcessPacket packet from enhancement layer: size:20294 dts:708.931 pts:708.931 dur:41.700ms
2026-07-04 09:30:42.508 T:1305 debug : CVideoPlayer::ProcessVideoData size:248520 dts:708.972 pts:708.972 dur:41.700ms, clock:705.463 level:100
2026-07-04 09:30:42.547 T:1307 debug : CVideoPlayerVideo::OutputPicture - ttd:1011ms pts:706.474 Clock:705.463 Level:-1
2026-07-04 09:30:42.547 T:1307 debug : CVideoPlayerVideo - OUTPUT_AGAIN - vfmt, interlace should be checked.
2026-07-04 09:30:42.572 T:1305 debug : CVideoPlayer::ProcessPacket packet from enhancement layer: size:19761 dts:708.972 pts:708.972 dur:41.700ms
2026-07-04 09:30:42.589 T:1305 debug : CVideoPlayer::ProcessVideoData size:750894 dts:709.014 pts:709.139 dur:41.700ms, clock:705.463 level:100
2026-07-04 09:30:42.590 T:1305 debug : CVideoPlayer::ProcessPacket packet from enhancement layer: size:41057 dts:709.014 pts:709.139 dur:41.700ms
2026-07-04 09:30:42.613 T:1305 debug : CVideoPlayer::ProcessVideoData size:233344 dts:709.056 pts:709.056 dur:41.700ms, clock:705.463 level:100
2026-07-04 09:30:42.614 T:1305 debug : CVideoPlayer::ProcessPacket packet from enhancement layer: size:20059 dts:709.056 pts:709.056 dur:41.700ms
2026-07-04 09:30:42.639 T:1305 debug : CVideoPlayer::ProcessVideoData size:255706 dts:709.097 pts:709.097 dur:41.700ms, clock:705.463 level:100
2026-07-04 09:30:43.005 T:1305 debug : CVideoPlayer::ProcessPacket packet from enhancement layer: size:19303 dts:709.097 pts:709.097 dur:41.700ms
2026-07-04 09:30:43.025 T:1305 debug : CVideoPlayer::ProcessVideoData size:726947 dts:709.139 pts:709.264 dur:41.700ms, clock:705.463 level:100
2026-07-04 09:30:43.025 T:1305 debug : CVideoPlayer::ProcessPacket packet from enhancement layer: size:39879 dts:709.139 pts:709.264 dur:41.700ms
2026-07-04 09:30:43.045 T:1305 debug : CVideoPlayer::ProcessVideoData size:259965 dts:709.181 pts:709.181 dur:41.700ms, clock:705.463 level:100
2026-07-04 09:30:43.045 T:1305 debug : CVideoPlayer::ProcessPacket packet from enhancement layer: size:18033 dts:709.181 pts:709.181 dur:41.700ms
2026-07-04 09:30:43.080 T:1305 debug : CVideoPlayer::ProcessVideoData size:233295 dts:709.222 pts:709.222 dur:41.700ms, clock:705.463 level:100
2026-07-04 09:30:43.089 T:1307 debug : CVideoPlayerVideo::OutputPicture - ttd:1011ms pts:706.474 Clock:705.463 Level:-1
2026-07-04 09:30:43.089 T:1307 debug : CVideoPlayerVideo - OUTPUT_AGAIN - vfmt, interlace should be checked.
2026-07-04 09:30:43.127 T:1305 debug : CVideoPlayer::ProcessPacket packet from enhancement layer: size:20072 dts:709.222 pts:709.222 dur:41.700ms
2026-07-04 09:30:43.148 T:1305 debug : CVideoPlayer::ProcessVideoData size:733132 dts:709.264 pts:709.389 dur:41.700ms, clock:705.463 level:100
2026-07-04 09:30:43.149 T:1305 debug : CVideoPlayer::ProcessPacket packet from enhancement layer: size:39625 dts:709.264 pts:709.389 dur:41.700ms
2026-07-04 09:30:43.163 T:1305 debug : CVideoPlayer::ProcessVideoData size:251981 dts:709.306 pts:709.306 dur:41.700ms, clock:705.463 level:100
2026-07-04 09:30:43.164 T:1305 debug : CVideoPlayer::ProcessPacket packet from enhancement layer: size:19176 dts:709.306 pts:709.306 dur:41.700ms
2026-07-04 09:30:43.631 T:1307 debug : CVideoPlayerVideo::OutputPicture - ttd:1011ms pts:706.474 Clock:705.463 Level:-1
2026-07-04 09:30:43.631 T:1307 debug : CVideoPlayerVideo - OUTPUT_AGAIN - vfmt, interlace should be checked.
2026-07-04 09:30:44.173 T:1307 debug : CVideoPlayerVideo::OutputPicture - ttd:1011ms pts:706.474 Clock:705.463 Level:-1
2026-07-04 09:30:44.174 T:1307 debug : CVideoPlayerVideo - OUTPUT_AGAIN - vfmt, interlace should be checked.
2026-07-04 09:30:44.631 T:1305 debug : CVideoPlayer::ProcessVideoData size:238092 dts:709.348 pts:709.348 dur:41.700ms, clock:705.463 level:100
2026-07-04 09:30:44.714 T:1305 debug : CVideoPlayer::ProcessPacket packet from enhancement layer: size:20036 dts:709.348 pts:709.348 dur:41.700ms
2026-07-04 09:30:44.715 T:1307 debug : CVideoPlayerVideo::OutputPicture - ttd:1011ms pts:706.474 Clock:705.463 Level:-1
2026-07-04 09:30:44.716 T:1307 debug : CVideoPlayerVideo - OUTPUT_AGAIN - vfmt, interlace should be checked.
2026-07-04 09:30:44.794 T:1305 debug : CVideoPlayer::ProcessVideoData size:727159 dts:709.389 pts:709.514 dur:41.700ms, clock:705.463 level:100
2026-07-04 09:30:44.795 T:1305 debug : CVideoPlayer::ProcessPacket packet from enhancement layer: size:38171 dts:709.389 pts:709.514 dur:41.700ms
2026-07-04 09:30:44.816 T:1305 debug : CVideoPlayer::ProcessVideoData size:257403 dts:709.431 pts:709.431 dur:41.700ms, clock:705.463 level:100
2026-07-04 09:30:44.816 T:1305 debug : CVideoPlayer::ProcessPacket packet from enhancement layer: size:18970 dts:709.431 pts:709.431 dur:41.700ms
2026-07-04 09:30:44.842 T:1305 debug : CVideoPlayer::ProcessVideoData size:253143 dts:709.473 pts:709.473 dur:41.700ms, clock:705.463 level:100
2026-07-04 09:30:44.911 T:1305 debug : CVideoPlayer::ProcessPacket packet from enhancement layer: size:18852 dts:709.473 pts:709.473 dur:41.700ms
2026-07-04 09:30:44.943 T:1305 debug : CVideoPlayer::ProcessVideoData size:1046838 dts:709.514 pts:709.640 dur:41.700ms, clock:705.463 level:100
2026-07-04 09:30:44.944 T:1305 debug : CVideoPlayer::ProcessPacket packet from enhancement layer: size:222537 dts:709.514 pts:709.640 dur:41.700ms
2026-07-04 09:30:44.976 T:1305 debug : CVideoPlayer::ProcessVideoData size:237561 dts:709.556 pts:709.556 dur:41.700ms, clock:705.463 level:100
2026-07-04 09:30:44.977 T:1305 debug : CVideoPlayer::ProcessPacket packet from enhancement layer: size:25538 dts:709.556 pts:709.556 dur:41.700ms
2026-07-04 09:30:45.005 T:1305 debug : CVideoPlayer::ProcessVideoData size:256405 dts:709.598 pts:709.598 dur:41.700ms, clock:705.463 level:100
2026-07-04 09:30:45.081 T:1305 debug : CVideoPlayer::ProcessVideoData size:670049 dts:709.640 pts:709.765 dur:41.700ms, clock:705.463 level:100
2026-07-04 09:30:45.081 T:1305 debug : CVideoPlayer::ProcessPacket packet from enhancement layer: size:18755 dts:709.598 pts:709.598 dur:41.700ms
2026-07-04 09:30:45.082 T:1305 debug : CVideoPlayer::ProcessPacket packet from enhancement layer: size:86852 dts:709.640 pts:709.765 dur:41.700ms
2026-07-04 09:30:45.153 T:1305 debug : CVideoPlayer::ProcessVideoData size:264314 dts:709.681 pts:709.681 dur:41.700ms, clock:705.463 level:100
2026-07-04 09:30:45.154 T:1305 debug : CVideoPlayer::ProcessPacket packet from enhancement layer: size:18954 dts:709.681 pts:709.681 dur:41.700ms
2026-07-04 09:30:45.245 T:1305 debug : CVideoPlayer::ProcessVideoData size:243555 dts:709.723 pts:709.723 dur:41.700ms, clock:705.463 level:100
2026-07-04 09:30:45.258 T:1307 debug : CVideoPlayerVideo::OutputPicture - ttd:1011ms pts:706.474 Clock:705.463 Level:-1
2026-07-04 09:30:45.258 T:1307 debug : CVideoPlayerVideo - OUTPUT_AGAIN - vfmt, interlace should be checked.
2026-07-04 09:30:45.763 T:1305 debug : CVideoPlayer::ProcessPacket packet from enhancement layer: size:20247 dts:709.723 pts:709.723 dur:41.700ms
2026-07-04 09:30:45.785 T:1305 debug : CVideoPlayer::ProcessVideoData size:761366 dts:709.765 pts:709.890 dur:41.700ms, clock:705.463 level:100
2026-07-04 09:30:45.786 T:1305 debug : CVideoPlayer::ProcessPacket packet from enhancement layer: size:48690 dts:709.765 pts:709.890 dur:41.700ms
2026-07-04 09:30:45.800 T:1307 debug : CVideoPlayerVideo::OutputPicture - ttd:1011ms pts:706.474 Clock:705.463 Level:-1
2026-07-04 09:30:45.800 T:1307 debug : CVideoPlayerVideo - OUTPUT_AGAIN - vfmt, interlace should be checked.
2026-07-04 09:30:45.803 T:1305 debug : CVideoPlayer::ProcessVideoData size:243797 dts:709.806 pts:709.806 dur:41.700ms, clock:705.463 level:100
2026-07-04 09:30:45.803 T:1305 debug : CVideoPlayer::ProcessPacket packet from enhancement layer: size:20804 dts:709.806 pts:709.806 dur:41.700ms
2026-07-04 09:30:45.837 T:1305 debug : CVideoPlayer::ProcessVideoData size:270802 dts:709.848 pts:709.848 dur:41.700ms, clock:705.463 level:100
2026-07-04 09:30:45.869 T:1305 debug : CVideoPlayer::ProcessPacket packet from enhancement layer: size:19831 dts:709.848 pts:709.848 dur:41.700ms
2026-07-04 09:30:45.893 T:1305 debug : CVideoPlayer::ProcessVideoData size:662872 dts:709.890 pts:710.015 dur:41.700ms, clock:705.463 level:100
2026-07-04 09:30:45.894 T:1305 debug : CVideoPlayer::ProcessPacket packet from enhancement layer: size:61493 dts:709.890 pts:710.015 dur:41.700ms
2026-07-04 09:30:45.943 T:1305 debug : CVideoPlayer::ProcessVideoData size:243297 dts:709.932 pts:709.932 dur:41.700ms, clock:705.463 level:100
2026-07-04 09:30:45.944 T:1305 debug : CVideoPlayer::ProcessPacket packet from enhancement layer: size:20556 dts:709.932 pts:709.932 dur:41.700ms
2026-07-04 09:30:46.040 T:1305 debug : CVideoPlayer::ProcessVideoData size:239854 dts:709.973 pts:709.973 dur:41.700ms, clock:705.463 level:100
2026-07-04 09:30:46.114 T:1305 debug : CVideoPlayer::ProcessPacket packet from enhancement layer: size:19383 dts:709.973 pts:709.973 dur:41.700ms
2026-07-04 09:30:46.128 T:1305 debug : CVideoPlayer::ProcessVideoData size:726103 dts:710.015 pts:710.140 dur:41.700ms, clock:705.463 level:100
2026-07-04 09:30:46.128 T:1305 debug : CVideoPlayer::ProcessPacket packet from enhancement layer: size:44552 dts:710.015 pts:710.140 dur:41.700ms
2026-07-04 09:30:46.144 T:1305 debug : CVideoPlayer::ProcessVideoData size:243473 dts:710.057 pts:710.057 dur:41.700ms, clock:705.463 level:100
2026-07-04 09:30:46.144 T:1305 debug : CVideoPlayer::ProcessPacket packet from enhancement layer: size:20015 dts:710.057 pts:710.057 dur:41.700ms
2026-07-04 09:30:46.159 T:1305 debug : CVideoPlayer::ProcessVideoData size:239148 dts:710.098 pts:710.098 dur:41.700ms, clock:705.463 level:100
2026-07-04 09:30:46.210 T:1305 debug : CVideoPlayer::ProcessPacket packet from enhancement layer: size:19731 dts:710.098 pts:710.098 dur:41.700ms
2026-07-04 09:30:46.231 T:1305 debug : CVideoPlayer::ProcessVideoData size:728157 dts:710.140 pts:710.265 dur:41.700ms, clock:705.463 level:100
2026-07-04 09:30:46.232 T:1305 debug : CVideoPlayer::ProcessPacket packet from enhancement layer: size:56886 dts:710.140 pts:710.265 dur:41.700ms
2026-07-04 09:30:46.256 T:1305 debug : CVideoPlayer::ProcessVideoData size:239378 dts:710.182 pts:710.182 dur:41.700ms, clock:705.463 level:100
2026-07-04 09:30:46.256 T:1305 debug : CVideoPlayer::ProcessPacket packet from enhancement layer: size:20015 dts:710.182 pts:710.182 dur:41.700ms
2026-07-04 09:30:46.281 T:1305 debug : CVideoPlayer::ProcessVideoData size:253688 dts:710.223 pts:710.223 dur:41.700ms, clock:705.463 level:100
2026-07-04 09:30:46.305 T:1305 debug : CVideoPlayer::ProcessPacket packet from enhancement layer: size:18822 dts:710.223 pts:710.223 dur:41.700ms
2026-07-04 09:30:46.334 T:1305 debug : CVideoPlayer::ProcessVideoData size:673679 dts:710.265 pts:710.390 dur:41.700ms, clock:705.463 level:100
2026-07-04 09:30:46.335 T:1305 debug : CVideoPlayer::ProcessPacket packet from enhancement layer: size:61799 dts:710.265 pts:710.390 dur:41.700ms
2026-07-04 09:30:46.342 T:1307 debug : CVideoPlayerVideo::OutputPicture - ttd:1011ms pts:706.474 Clock:705.463 Level:-1
2026-07-04 09:30:46.342 T:1307 debug : CVideoPlayerVideo - OUTPUT_AGAIN - vfmt, interlace should be checked.
2026-07-04 09:30:46.558 T:1305 debug : CVideoPlayer::ProcessVideoData size:257590 dts:710.307 pts:710.307 dur:41.700ms, clock:705.463 level:100
2026-07-04 09:30:46.559 T:1305 debug : CVideoPlayer::ProcessPacket packet from enhancement layer: size:18953 dts:710.307 pts:710.307 dur:41.700ms
2026-07-04 09:30:46.580 T:1305 debug : CVideoPlayer::ProcessVideoData size:264589 dts:710.349 pts:710.349 dur:41.700ms, clock:705.463 level:100
2026-07-04 09:30:46.673 T:1305 debug : CVideoPlayer::ProcessPacket packet from enhancement layer: size:18837 dts:710.349 pts:710.349 dur:41.700ms
2026-07-04 09:30:46.719 T:1305 debug : CVideoPlayer::ProcessVideoData size:1049736 dts:710.390 pts:710.515 dur:41.700ms, clock:705.463 level:100
2026-07-04 09:30:46.719 T:1305 debug : CVideoPlayer::ProcessPacket packet from enhancement layer: size:224812 dts:710.390 pts:710.515 dur:41.700ms
2026-07-04 09:30:46.799 T:1305 debug : CVideoPlayer::ProcessVideoData size:231408 dts:710.432 pts:710.432 dur:41.700ms, clock:705.463 level:100
2026-07-04 09:30:46.800 T:1305 debug : CVideoPlayer::ProcessPacket packet from enhancement layer: size:21604 dts:710.432 pts:710.432 dur:41.700ms
2026-07-04 09:30:46.833 T:1305 debug : CVideoPlayer::ProcessVideoData size:247035 dts:710.474 pts:710.474 dur:41.700ms, clock:705.463 level:100
2026-07-04 09:30:46.877 T:1305 debug : CVideoPlayer::ProcessPacket packet from enhancement layer: size:18762 dts:710.474 pts:710.474 dur:41.700ms
2026-07-04 09:30:46.884 T:1307 debug : CVideoPlayerVideo::OutputPicture - ttd:1011ms pts:706.474 Clock:705.463 Level:-1
2026-07-04 09:30:46.884 T:1307 debug : CVideoPlayerVideo - OUTPUT_AGAIN - vfmt, interlace should be checked.
2026-07-04 09:30:46.894 T:1305 debug : CVideoPlayer::ProcessVideoData size:723961 dts:710.515 pts:710.641 dur:41.700ms, clock:705.463 level:100
2026-07-04 09:30:46.895 T:1305 debug : CVideoPlayer::ProcessPacket packet from enhancement layer: size:48639 dts:710.515 pts:710.641 dur:41.700ms
2026-07-04 09:30:46.910 T:1305 debug : CVideoPlayer::ProcessVideoData size:240966 dts:710.557 pts:710.557 dur:41.700ms, clock:705.463 level:100
2026-07-04 09:30:46.910 T:1305 debug : CVideoPlayer::ProcessPacket packet from enhancement layer: size:19629 dts:710.557 pts:710.557 dur:41.700ms
2026-07-04 09:30:46.925 T:1305 debug : CVideoPlayer::ProcessVideoData size:241413 dts:710.599 pts:710.599 dur:41.700ms, clock:705.463 level:100
2026-07-04 09:30:47.202 T:1305 debug : CVideoPlayer::ProcessPacket packet from enhancement layer: size:20488 dts:710.599 pts:710.599 dur:41.700ms
2026-07-04 09:30:47.288 T:1305 debug : CVideoPlayer::ProcessVideoData size:717556 dts:710.641 pts:710.766 dur:41.700ms, clock:705.463 level:100
2026-07-04 09:30:47.288 T:1305 debug : CVideoPlayer::ProcessPacket packet from enhancement layer: size:49518 dts:710.641 pts:710.766 dur:41.700ms
2026-07-04 09:30:47.318 T:1305 debug : CVideoPlayer::ProcessVideoData size:257760 dts:710.682 pts:710.682 dur:41.700ms, clock:705.463 level:100
2026-07-04 09:30:47.318 T:1305 debug : CVideoPlayer::ProcessPacket packet from enhancement layer: size:19652 dts:710.682 pts:710.682 dur:41.700ms
2026-07-04 09:30:47.332 T:1305 debug : CVideoPlayer::ProcessVideoData size:229621 dts:710.724 pts:710.724 dur:41.700ms, clock:705.463 level:100
2026-07-04 09:30:47.391 T:1305 debug : CVideoPlayer::ProcessPacket packet from enhancement layer: size:22238 dts:710.724 pts:710.724 dur:41.700ms
2026-07-04 09:30:47.426 T:1307 debug : CVideoPlayerVideo::OutputPicture - ttd:1011ms pts:706.474 Clock:705.463 Level:-1
2026-07-04 09:30:47.426 T:1307 debug : CVideoPlayerVideo - OUTPUT_AGAIN - vfmt, interlace should be checked.
2026-07-04 09:30:47.435 T:1305 debug : CVideoPlayer::ProcessVideoData size:724457 dts:710.766 pts:710.891 dur:41.700ms, clock:705.463 level:100
2026-07-04 09:30:47.435 T:1305 debug : CVideoPlayer::ProcessPacket packet from enhancement layer: size:46839 dts:710.766 pts:710.891 dur:41.700ms
2026-07-04 09:30:47.459 T:1305 debug : CVideoPlayer::ProcessVideoData size:230640 dts:710.807 pts:710.807 dur:41.700ms, clock:705.463 level:100
2026-07-04 09:30:47.460 T:1305 debug : CVideoPlayer::ProcessPacket packet from enhancement layer: size:21765 dts:710.807 pts:710.807 dur:41.700ms
2026-07-04 09:30:47.490 T:1305 debug : CVideoPlayer::ProcessVideoData size:250620 dts:710.849 pts:710.849 dur:41.700ms, clock:705.463 level:100
2026-07-04 09:30:47.532 T:1305 debug : CVideoPlayer::ProcessPacket packet from enhancement layer: size:20529 dts:710.849 pts:710.849 dur:41.700ms
2026-07-04 09:30:47.553 T:1305 debug : CVideoPlayer::ProcessVideoData size:652004 dts:710.891 pts:711.016 dur:41.700ms, clock:705.463 level:100
2026-07-04 09:30:47.566 T:1305 debug : CVideoPlayer::ProcessPacket packet from enhancement layer: size:64989 dts:710.891 pts:711.016 dur:41.700ms
2026-07-04 09:30:47.587 T:1305 debug : CVideoPlayer::ProcessVideoData size:266017 dts:710.933 pts:710.933 dur:41.700ms, clock:705.463 level:100
2026-07-04 09:30:47.587 T:1305 debug : CVideoPlayer::ProcessPacket packet from enhancement layer: size:21209 dts:710.933 pts:710.933 dur:41.700ms
