2026-07-04 09:28:37.948 T:1307 debug : CVideoPlayerVideo::OutputPicture - ttd:651ms pts:638.736 Clock:638.084 Level:11
2026-07-04 09:28:37.954 T:1305 debug : CVideoPlayer::ProcessVideoData size:740522 dts:641.572 pts:641.697 dur:41.700ms, clock:638.090 level:100
2026-07-04 09:28:37.972 T:1305 debug : CVideoPlayer::ProcessPacket packet from enhancement layer: size:45323 dts:641.572 pts:641.697 dur:41.700ms
2026-07-04 09:28:37.982 T:1307 debug : CVideoPlayerVideo::OutputPicture - ttd:658ms pts:638.777 Clock:638.119 Level:11
2026-07-04 09:28:37.989 T:1305 debug : CVideoPlayer::ProcessVideoData size:219290 dts:641.613 pts:641.613 dur:41.700ms, clock:638.125 level:100
2026-07-04 09:28:37.989 T:1305 debug : CVideoPlayer::ProcessPacket packet from enhancement layer: size:24439 dts:641.613 pts:641.613 dur:41.700ms
2026-07-04 09:28:38.008 T:1305 debug : CVideoPlayer::ProcessVideoData size:251158 dts:641.655 pts:641.655 dur:41.700ms, clock:638.145 level:100
2026-07-04 09:28:38.027 T:1307 debug : CVideoPlayerVideo::OutputPicture - ttd:655ms pts:638.819 Clock:638.163 Level:11
2026-07-04 09:28:38.055 T:1305 debug : CVideoPlayer::ProcessPacket packet from enhancement layer: size:26797 dts:641.655 pts:641.655 dur:41.700ms
2026-07-04 09:28:38.074 T:1307 debug : CVideoPlayerVideo::OutputPicture - ttd:650ms pts:638.861 Clock:638.210 Level:11
2026-07-04 09:28:38.085 T:1305 debug : CVideoPlayer::ProcessVideoData size:624492 dts:641.697 pts:641.822 dur:41.700ms, clock:638.222 level:100
2026-07-04 09:28:38.086 T:1305 debug : CVideoPlayer::ProcessPacket packet from enhancement layer: size:47334 dts:641.697 pts:641.822 dur:41.700ms
2026-07-04 09:28:38.108 T:1307 debug : CVideoPlayerVideo::OutputPicture - ttd:658ms pts:638.902 Clock:638.244 Level:11
2026-07-04 09:28:38.128 T:1305 debug : CVideoPlayer::ProcessVideoData size:245371 dts:641.738 pts:641.738 dur:41.700ms, clock:638.265 level:100
2026-07-04 09:28:38.129 T:1305 debug : CVideoPlayer::ProcessPacket packet from enhancement layer: size:26404 dts:641.738 pts:641.738 dur:41.700ms
2026-07-04 09:28:38.152 T:1307 debug : CVideoPlayerVideo::OutputPicture - ttd:655ms pts:638.944 Clock:638.289 Level:11
2026-07-04 09:28:38.159 T:1305 debug : CVideoPlayer::ProcessVideoData size:239493 dts:641.780 pts:641.780 dur:41.700ms, clock:638.295 level:100
2026-07-04 09:28:38.198 T:1307 debug : CVideoPlayerVideo::OutputPicture - ttd:650ms pts:638.986 Clock:638.335 Level:11
2026-07-04 09:28:38.234 T:1307 debug : CVideoPlayerVideo::OutputPicture - ttd:657ms pts:639.028 Clock:638.370 Level:11
2026-07-04 09:28:38.239 T:1305 debug : CVideoPlayer::ProcessPacket packet from enhancement layer: size:26510 dts:641.780 pts:641.780 dur:41.700ms
2026-07-04 09:28:38.276 T:1307 debug : CVideoPlayerVideo::OutputPicture - ttd:656ms pts:639.069 Clock:638.413 Level:11
2026-07-04 09:28:38.287 T:1305 debug : CVideoPlayer::ProcessVideoData size:712042 dts:641.822 pts:641.947 dur:41.700ms, clock:638.423 level:100
2026-07-04 09:28:38.288 T:1305 debug : CVideoPlayer::ProcessPacket packet from enhancement layer: size:44354 dts:641.822 pts:641.947 dur:41.700ms
2026-07-04 09:28:38.315 T:1305 debug : CVideoPlayer::ProcessVideoData size:237958 dts:641.864 pts:641.864 dur:41.700ms, clock:638.452 level:100
2026-07-04 09:28:38.319 T:957 debug : void CLibInputKeyboard::ProcessKey(libinput_event_keyboard*): libinput key: 0x161, xkb keysym: 0x1008ffa0 (XF86Select)
2026-07-04 09:28:38.319 T:957 debug : CLibInputKeyboard::ProcessKey - using delay: 500ms repeat: 33ms
2026-07-04 09:28:38.320 T:1320 debug : Thread Timer start, auto delete: false
2026-07-04 09:28:38.332 T:1307 debug : CVideoPlayerVideo::OutputPicture - ttd:642ms pts:639.111 Clock:638.468 Level:11
2026-07-04 09:28:38.350 T:937 debug : Keyboard: scancode: 0x161, sym: 0x1f9 (), unicode: 0x00, modifier: 0x0
2026-07-04 09:28:38.354 T:1305 debug : CVideoPlayer::ProcessPacket packet from enhancement layer: size:25458 dts:641.864 pts:641.864 dur:41.700ms
2026-07-04 09:28:38.360 T:1307 debug : CVideoPlayerVideo::OutputPicture - ttd:656ms pts:639.153 Clock:638.496 Level:11
2026-07-04 09:28:38.383 T:1305 debug : CVideoPlayer::ProcessVideoData size:241363 dts:641.905 pts:641.905 dur:41.700ms, clock:638.520 level:100
2026-07-04 09:28:38.402 T:1307 debug : CVideoPlayerVideo::OutputPicture - ttd:655ms pts:639.194 Clock:638.539 Level:11
2026-07-04 09:28:38.442 T:1305 debug : CVideoPlayer::ProcessPacket packet from enhancement layer: size:26255 dts:641.905 pts:641.905 dur:41.700ms
2026-07-04 09:28:38.449 T:1307 debug : CVideoPlayerVideo::OutputPicture - ttd:650ms pts:639.236 Clock:638.585 Level:11
2026-07-04 09:28:38.458 T:957 debug : void CLibInputKeyboard::ProcessKey(libinput_event_keyboard*): libinput key: 0x161, xkb keysym: 0x1008ffa0 (XF86Select)
2026-07-04 09:28:38.458 T:1320 debug : Thread Timer 543437090208 terminating
2026-07-04 09:28:38.466 T:1305 debug : CVideoPlayer::ProcessVideoData size:721734 dts:641.947 pts:642.072 dur:41.700ms, clock:638.603 level:100
2026-07-04 09:28:38.467 T:1305 debug : CVideoPlayer::ProcessPacket packet from enhancement layer: size:42304 dts:641.947 pts:642.072 dur:41.700ms
2026-07-04 09:28:38.476 T:937 debug : Keyboard: scancode: 0x161, sym: 0x1f9 (), unicode: 0x00, modifier: 0x0
2026-07-04 09:28:38.476 T:937 debug : bool CInputManager::HandleKey(const CKey&): select (0xf0f2) pressed, window 12005, action is OSD
2026-07-04 09:28:38.476 T:937 debug : ------ Window Init (VideoOSD.xml) ------
2026-07-04 09:28:38.485 T:1307 debug : CVideoPlayerVideo::OutputPicture - ttd:655ms pts:639.278 Clock:638.622 Level:12
2026-07-04 09:28:38.494 T:937 debug : ------ Window Init (DialogSeekBar.xml) ------
2026-07-04 09:28:38.526 T:1307 debug : CVideoPlayerVideo::OutputPicture - ttd:657ms pts:639.320 Clock:638.662 Level:11
2026-07-04 09:28:38.535 T:1305 debug : CVideoPlayer::ProcessVideoData size:238262 dts:641.989 pts:641.989 dur:41.700ms, clock:638.672 level:100
2026-07-04 09:28:38.536 T:1305 debug : CVideoPlayer::ProcessPacket packet from enhancement layer: size:25545 dts:641.989 pts:641.989 dur:41.700ms
2026-07-04 09:28:38.565 T:1305 debug : CVideoPlayer::ProcessVideoData size:243445 dts:642.030 pts:642.030 dur:41.700ms, clock:638.701 level:100
2026-07-04 09:28:38.575 T:1307 debug : CVideoPlayerVideo::OutputPicture - ttd:649ms pts:639.361 Clock:638.712 Level:11
2026-07-04 09:28:38.608 T:1307 debug : CVideoPlayerVideo::OutputPicture - ttd:658ms pts:639.403 Clock:638.745 Level:11
2026-07-04 09:28:38.656 T:1307 debug : CVideoPlayerVideo::OutputPicture - ttd:651ms pts:639.445 Clock:638.793 Level:11
2026-07-04 09:28:38.686 T:1305 debug : CVideoPlayer::ProcessVideoData size:1153600 dts:642.072 pts:642.197 dur:41.700ms, clock:638.822 level:100
2026-07-04 09:28:38.686 T:1305 debug : CVideoPlayer::ProcessPacket packet from enhancement layer: size:25880 dts:642.030 pts:642.030 dur:41.700ms
2026-07-04 09:28:38.687 T:1305 debug : CVideoPlayer::ProcessPacket packet from enhancement layer: size:129286 dts:642.072 pts:642.197 dur:41.700ms
2026-07-04 09:28:38.698 T:1307 debug : CVideoPlayerVideo::OutputPicture - ttd:651ms pts:639.486 Clock:638.835 Level:11
2026-07-04 09:28:38.708 T:1305 debug : CVideoPlayer::ProcessVideoData size:248617 dts:642.114 pts:642.114 dur:41.700ms, clock:638.845 level:100
2026-07-04 09:28:38.733 T:1305 debug : CVideoPlayer::ProcessPacket packet from enhancement layer: size:24634 dts:642.114 pts:642.114 dur:41.700ms
2026-07-04 09:28:38.736 T:1307 debug : CVideoPlayerVideo::OutputPicture - ttd:654ms pts:639.528 Clock:638.873 Level:11
2026-07-04 09:28:38.757 T:1305 debug : CVideoPlayer::ProcessVideoData size:243262 dts:642.155 pts:642.155 dur:41.700ms, clock:638.894 level:100
2026-07-04 09:28:38.776 T:1307 debug : CVideoPlayerVideo::OutputPicture - ttd:656ms pts:639.570 Clock:638.913 Level:11
2026-07-04 09:28:38.806 T:1305 debug : CVideoPlayer::ProcessPacket packet from enhancement layer: size:24949 dts:642.155 pts:642.155 dur:41.700ms
2026-07-04 09:28:38.824 T:1307 debug : CVideoPlayerVideo::OutputPicture - ttd:650ms pts:639.612 Clock:638.961 Level:11
2026-07-04 09:28:38.827 T:1305 debug : CVideoPlayer::ProcessVideoData size:713459 dts:642.197 pts:642.322 dur:41.700ms, clock:638.964 level:100
2026-07-04 09:28:38.828 T:1305 debug : CVideoPlayer::ProcessPacket packet from enhancement layer: size:46671 dts:642.197 pts:642.322 dur:41.700ms
2026-07-04 09:28:38.863 T:1307 debug : CVideoPlayerVideo::OutputPicture - ttd:653ms pts:639.653 Clock:639.000 Level:11
2026-07-04 09:28:38.874 T:1305 debug : CVideoPlayer::ProcessVideoData size:247088 dts:642.239 pts:642.239 dur:41.700ms, clock:639.011 level:100
2026-07-04 09:28:38.875 T:1305 debug : CVideoPlayer::ProcessPacket packet from enhancement layer: size:25211 dts:642.239 pts:642.239 dur:41.700ms
2026-07-04 09:28:38.903 T:1307 debug : CVideoPlayerVideo::OutputPicture - ttd:654ms pts:639.695 Clock:639.040 Level:11
2026-07-04 09:28:38.906 T:1305 debug : CVideoPlayer::ProcessVideoData size:243430 dts:642.281 pts:642.281 dur:41.700ms, clock:639.043 level:100
2026-07-04 09:28:38.949 T:1307 debug : CVideoPlayerVideo::OutputPicture - ttd:651ms pts:639.737 Clock:639.086 Level:11
2026-07-04 09:28:38.957 T:1305 debug : CVideoPlayer::ProcessPacket packet from enhancement layer: size:25907 dts:642.281 pts:642.281 dur:41.700ms
2026-07-04 09:28:38.982 T:1305 debug : CVideoPlayer::ProcessVideoData size:721098 dts:642.322 pts:642.447 dur:41.700ms, clock:639.119 level:100
2026-07-04 09:28:38.987 T:1307 debug : CVideoPlayerVideo::OutputPicture - ttd:654ms pts:639.778 Clock:639.123 Level:11
2026-07-04 09:28:39.018 T:1305 debug : CVideoPlayer::ProcessPacket packet from enhancement layer: size:49784 dts:642.322 pts:642.447 dur:41.700ms
2026-07-04 09:28:39.028 T:1307 debug : CVideoPlayerVideo::OutputPicture - ttd:655ms pts:639.820 Clock:639.165 Level:11
2026-07-04 09:28:39.039 T:1305 debug : CVideoPlayer::ProcessVideoData size:241502 dts:642.364 pts:642.364 dur:41.700ms, clock:639.176 level:100
2026-07-04 09:28:39.040 T:1305 debug : CVideoPlayer::ProcessPacket packet from enhancement layer: size:27037 dts:642.364 pts:642.364 dur:41.700ms
2026-07-04 09:28:39.065 T:1305 debug : CVideoPlayer::ProcessVideoData size:246053 dts:642.406 pts:642.406 dur:41.700ms, clock:639.202 level:100
2026-07-04 09:28:39.075 T:1307 debug : CVideoPlayerVideo::OutputPicture - ttd:650ms pts:639.862 Clock:639.212 Level:11
2026-07-04 09:28:39.112 T:1307 debug : CPtsTracker: detected pattern of length 1: 41711.00, frameduration: 41708.333333
2026-07-04 09:28:39.112 T:1307 debug : CVideoPlayerVideo::OutputPicture - ttd:654ms pts:639.904 Clock:639.249 Level:12
2026-07-04 09:28:39.152 T:1305 debug : CVideoPlayer::ProcessPacket packet from enhancement layer: size:27509 dts:642.406 pts:642.406 dur:41.700ms
2026-07-04 09:28:39.152 T:1307 debug : CVideoPlayerVideo::OutputPicture - ttd:655ms pts:639.945 Clock:639.289 Level:12
2026-07-04 09:28:39.177 T:1305 debug : CVideoPlayer::ProcessVideoData size:722650 dts:642.447 pts:642.573 dur:41.700ms, clock:639.314 level:100
2026-07-04 09:28:39.206 T:1307 debug : CVideoPlayerVideo::OutputPicture - ttd:644ms pts:639.987 Clock:639.343 Level:11
2026-07-04 09:28:39.209 T:1305 debug : CVideoPlayer::ProcessPacket packet from enhancement layer: size:45883 dts:642.447 pts:642.573 dur:41.700ms
2026-07-04 09:28:39.235 T:1307 debug : CVideoPlayerVideo::OutputPicture - ttd:656ms pts:640.029 Clock:639.372 Level:12
2026-07-04 09:28:39.242 T:1305 debug : CVideoPlayer::ProcessVideoData size:246179 dts:642.489 pts:642.489 dur:41.700ms, clock:639.379 level:100
2026-07-04 09:28:39.242 T:1305 debug : CVideoPlayer::ProcessPacket packet from enhancement layer: size:27211 dts:642.489 pts:642.489 dur:41.700ms
2026-07-04 09:28:39.258 T:1305 debug : CVideoPlayer::ProcessVideoData size:247694 dts:642.531 pts:642.531 dur:41.700ms, clock:639.395 level:100
2026-07-04 09:28:39.276 T:1307 debug : CVideoPlayerVideo::OutputPicture - ttd:656ms pts:640.070 Clock:639.414 Level:12
2026-07-04 09:28:39.303 T:1305 debug : CVideoPlayer::ProcessPacket packet from enhancement layer: size:27289 dts:642.531 pts:642.531 dur:41.700ms
2026-07-04 09:28:39.324 T:1307 debug : CVideoPlayerVideo::OutputPicture - ttd:650ms pts:640.112 Clock:639.461 Level:11
2026-07-04 09:28:39.341 T:1305 debug : CVideoPlayer::ProcessVideoData size:765829 dts:642.573 pts:642.698 dur:41.700ms, clock:639.478 level:100
2026-07-04 09:28:39.341 T:1305 debug : CVideoPlayer::ProcessPacket packet from enhancement layer: size:44208 dts:642.573 pts:642.698 dur:41.700ms
2026-07-04 09:28:39.360 T:1307 debug : CVideoPlayerVideo::OutputPicture - ttd:656ms pts:640.154 Clock:639.497 Level:12
2026-07-04 09:28:39.369 T:1305 debug : CVideoPlayer::ProcessVideoData size:226025 dts:642.614 pts:642.614 dur:41.700ms, clock:639.506 level:100
2026-07-04 09:28:39.369 T:1305 debug : CVideoPlayer::ProcessPacket packet from enhancement layer: size:23925 dts:642.614 pts:642.614 dur:41.700ms
2026-07-04 09:28:39.387 T:1305 debug : CVideoPlayer::ProcessVideoData size:253303 dts:642.656 pts:642.656 dur:41.700ms, clock:639.525 level:100
2026-07-04 09:28:39.403 T:1307 debug : CVideoPlayerVideo::OutputPicture - ttd:655ms pts:640.196 Clock:639.540 Level:11
2026-07-04 09:28:39.426 T:1305 debug : CVideoPlayer::ProcessPacket packet from enhancement layer: size:26581 dts:642.656 pts:642.656 dur:41.700ms
2026-07-04 09:28:39.449 T:1307 debug : CVideoPlayerVideo::OutputPicture - ttd:650ms pts:640.237 Clock:639.586 Level:11
2026-07-04 09:28:39.450 T:1305 debug : CVideoPlayer::ProcessVideoData size:692161 dts:642.698 pts:642.823 dur:41.700ms, clock:639.588 level:100
2026-07-04 09:28:39.467 T:1305 debug : CVideoPlayer::ProcessPacket packet from enhancement layer: size:45108 dts:642.698 pts:642.823 dur:41.700ms
2026-07-04 09:28:39.484 T:1307 debug : CVideoPlayerVideo::OutputPicture - ttd:657ms pts:640.279 Clock:639.621 Level:12
2026-07-04 09:28:39.493 T:1305 debug : CVideoPlayer::ProcessVideoData size:260085 dts:642.739 pts:642.739 dur:41.700ms, clock:639.630 level:100
2026-07-04 09:28:39.494 T:1305 debug : CVideoPlayer::ProcessPacket packet from enhancement layer: size:27151 dts:642.739 pts:642.739 dur:41.700ms
2026-07-04 09:28:39.522 T:1305 debug : CVideoPlayer::ProcessVideoData size:234777 dts:642.781 pts:642.781 dur:41.700ms, clock:639.659 level:100
2026-07-04 09:28:39.530 T:1307 debug : CVideoPlayerVideo::OutputPicture - ttd:653ms pts:640.321 Clock:639.667 Level:11
2026-07-04 09:28:39.577 T:1307 debug : CVideoPlayerVideo::OutputPicture - ttd:648ms pts:640.362 Clock:639.714 Level:11
2026-07-04 09:28:39.587 T:1305 debug : CVideoPlayer::ProcessPacket packet from enhancement layer: size:23526 dts:642.781 pts:642.781 dur:41.700ms
2026-07-04 09:28:39.612 T:1305 debug : CVideoPlayer::ProcessVideoData size:772828 dts:642.823 pts:642.948 dur:41.700ms, clock:639.749 level:100
2026-07-04 09:28:39.612 T:1307 debug : CVideoPlayerVideo::OutputPicture - ttd:654ms pts:640.404 Clock:639.749 Level:12
2026-07-04 09:28:39.612 T:1305 debug : CVideoPlayer::ProcessPacket packet from enhancement layer: size:43010 dts:642.823 pts:642.948 dur:41.700ms
2026-07-04 09:28:39.640 T:1305 debug : CVideoPlayer::ProcessVideoData size:233449 dts:642.865 pts:642.865 dur:41.700ms, clock:639.777 level:100
2026-07-04 09:28:39.640 T:1305 debug : CVideoPlayer::ProcessPacket packet from enhancement layer: size:23811 dts:642.865 pts:642.865 dur:41.700ms
2026-07-04 09:28:39.652 T:1307 debug : CVideoPlayerVideo::OutputPicture - ttd:656ms pts:640.446 Clock:639.789 Level:12
2026-07-04 09:28:39.660 T:1305 debug : CVideoPlayer::ProcessVideoData size:240132 dts:642.906 pts:642.906 dur:41.700ms, clock:639.797 level:100
2026-07-04 09:28:39.701 T:1307 debug : CVideoPlayerVideo::OutputPicture - ttd:648ms pts:640.488 Clock:639.839 Level:11
2026-07-04 09:28:39.738 T:1307 debug : CVideoPlayerVideo::OutputPicture - ttd:654ms pts:640.529 Clock:639.875 Level:11
2026-07-04 09:28:39.777 T:1307 debug : CVideoPlayerVideo::OutputPicture - ttd:656ms pts:640.571 Clock:639.915 Level:12
2026-07-04 09:28:39.798 T:957 debug : void CLibInputKeyboard::ProcessKey(libinput_event_keyboard*): libinput key: 0x69, xkb keysym: 0xff51 (Left)
2026-07-04 09:28:39.798 T:957 debug : CLibInputKeyboard::ProcessKey - using delay: 500ms repeat: 33ms
2026-07-04 09:28:39.798 T:1321 debug : Thread Timer start, auto delete: false
2026-07-04 09:28:39.807 T:1305 debug : CVideoPlayer::ProcessVideoData size:1134918 dts:642.948 pts:643.073 dur:41.700ms, clock:639.945 level:100
2026-07-04 09:28:39.808 T:1305 debug : CVideoPlayer::ProcessPacket packet from enhancement layer: size:23621 dts:642.906 pts:642.906 dur:41.700ms
2026-07-04 09:28:39.809 T:1305 debug : CVideoPlayer::ProcessPacket packet from enhancement layer: size:139134 dts:642.948 pts:643.073 dur:41.700ms
2026-07-04 09:28:39.814 T:937 debug : Keyboard: scancode: 0x69, sym: 0x114 (left), unicode: 0x00, modifier: 0x0
2026-07-04 09:28:39.815 T:937 debug : bool CInputManager::HandleKey(const CKey&): left (0xf082) pressed, window 12901, action is Left
2026-07-04 09:28:39.823 T:1305 debug : CVideoPlayer::ProcessVideoData size:228660 dts:642.990 pts:642.990 dur:41.700ms, clock:639.961 level:100
2026-07-04 09:28:39.824 T:1305 debug : CVideoPlayer::ProcessPacket packet from enhancement layer: size:22354 dts:642.990 pts:642.990 dur:41.700ms
2026-07-04 09:28:39.827 T:1307 debug : CVideoPlayerVideo::OutputPicture - ttd:648ms pts:640.613 Clock:639.964 Level:11
2026-07-04 09:28:39.840 T:1305 debug : CVideoPlayer::ProcessVideoData size:225768 dts:643.031 pts:643.031 dur:41.700ms, clock:639.977 level:100
2026-07-04 09:28:39.858 T:937 debug : Activating window ID: 11159
2026-07-04 09:28:39.858 T:937 debug : ------ Window Init (Custom_1159_OSD_PPI_VS10.xml) ------
2026-07-04 09:28:39.862 T:1307 debug : CVideoPlayerVideo::OutputPicture - ttd:655ms pts:640.654 Clock:639.999 Level:12
2026-07-04 09:28:39.892 T:1305 debug : CVideoPlayer::ProcessPacket packet from enhancement layer: size:22305 dts:643.031 pts:643.031 dur:41.700ms
2026-07-04 09:28:39.902 T:1307 debug : CVideoPlayerVideo::OutputPicture - ttd:656ms pts:640.696 Clock:640.039 Level:12
2026-07-04 09:28:39.915 T:1305 debug : CVideoPlayer::ProcessVideoData size:758916 dts:643.073 pts:643.198 dur:41.700ms, clock:640.052 level:100
2026-07-04 09:28:39.915 T:1305 debug : CVideoPlayer::ProcessPacket packet from enhancement layer: size:47886 dts:643.073 pts:643.198 dur:41.700ms
2026-07-04 09:28:39.935 T:1305 debug : CVideoPlayer::ProcessVideoData size:228422 dts:643.115 pts:643.115 dur:41.700ms, clock:640.073 level:100
2026-07-04 09:28:39.936 T:1305 debug : CVideoPlayer::ProcessPacket packet from enhancement layer: size:22203 dts:643.115 pts:643.115 dur:41.700ms
2026-07-04 09:28:39.948 T:957 debug : void CLibInputKeyboard::ProcessKey(libinput_event_keyboard*): libinput key: 0x69, xkb keysym: 0xff51 (Left)
2026-07-04 09:28:39.948 T:1321 debug : Thread Timer 543437090208 terminating
2026-07-04 09:28:39.950 T:1307 debug : CVideoPlayerVideo::OutputPicture - ttd:650ms pts:640.738 Clock:640.087 Level:11
2026-07-04 09:28:39.956 T:1305 debug : CVideoPlayer::ProcessVideoData size:227153 dts:643.156 pts:643.156 dur:41.700ms, clock:640.093 level:100
2026-07-04 09:28:39.983 T:937 debug : Keyboard: scancode: 0x69, sym: 0x114 (left), unicode: 0x00, modifier: 0x0
2026-07-04 09:28:39.986 T:1307 debug : CVideoPlayerVideo::OutputPicture - ttd:655ms pts:640.779 Clock:640.124 Level:12
2026-07-04 09:28:39.996 T:1305 debug : CVideoPlayer::ProcessPacket packet from enhancement layer: size:22027 dts:643.156 pts:643.156 dur:41.700ms
2026-07-04 09:28:40.025 T:1305 debug : CVideoPlayer::ProcessVideoData size:677148 dts:643.198 pts:643.323 dur:41.700ms, clock:640.162 level:100
2026-07-04 09:28:40.031 T:1307 debug : CVideoPlayerVideo::OutputPicture - ttd:653ms pts:640.821 Clock:640.168 Level:11
2026-07-04 09:28:40.056 T:1305 debug : CVideoPlayer::ProcessPacket packet from enhancement layer: size:51773 dts:643.198 pts:643.323 dur:41.700ms
2026-07-04 09:28:40.075 T:1305 debug : CVideoPlayer::ProcessVideoData size:259501 dts:643.240 pts:643.240 dur:41.700ms, clock:640.212 level:100
2026-07-04 09:28:40.076 T:1305 debug : CVideoPlayer::ProcessPacket packet from enhancement layer: size:26695 dts:643.240 pts:643.240 dur:41.700ms
2026-07-04 09:28:40.083 T:1307 debug : CVideoPlayerVideo::OutputPicture - ttd:642ms pts:640.863 Clock:640.220 Level:11
2026-07-04 09:28:40.097 T:1305 debug : CVideoPlayer::ProcessVideoData size:237707 dts:643.282 pts:643.282 dur:41.700ms, clock:640.235 level:100
2026-07-04 09:28:40.112 T:1307 debug : CVideoPlayerVideo::OutputPicture - ttd:655ms pts:640.905 Clock:640.250 Level:11
2026-07-04 09:28:40.132 T:1305 debug : CVideoPlayer::ProcessPacket packet from enhancement layer: size:23469 dts:643.282 pts:643.282 dur:41.700ms
2026-07-04 09:28:40.153 T:1307 debug : CVideoPlayerVideo::OutputPicture - ttd:656ms pts:640.946 Clock:640.290 Level:12
2026-07-04 09:28:40.161 T:1305 debug : CVideoPlayer::ProcessVideoData size:683979 dts:643.323 pts:643.448 dur:41.700ms, clock:640.298 level:100
2026-07-04 09:28:40.196 T:1305 debug : CVideoPlayer::ProcessPacket packet from enhancement layer: size:48403 dts:643.323 pts:643.448 dur:41.700ms
2026-07-04 09:28:40.201 T:1307 debug : CVideoPlayerVideo::OutputPicture - ttd:649ms pts:640.988 Clock:640.338 Level:11
2026-07-04 09:28:40.230 T:1305 debug : CVideoPlayer::ProcessVideoData size:268890 dts:643.365 pts:643.365 dur:41.700ms, clock:640.368 level:100
2026-07-04 09:28:40.231 T:1305 debug : CVideoPlayer::ProcessPacket packet from enhancement layer: size:26470 dts:643.365 pts:643.365 dur:41.700ms
2026-07-04 09:28:40.234 T:1307 debug : CVideoPlayerVideo::OutputPicture - ttd:658ms pts:641.030 Clock:640.372 Level:12
2026-07-04 09:28:40.257 T:1305 debug : CVideoPlayer::ProcessVideoData size:241781 dts:643.407 pts:643.407 dur:41.700ms, clock:640.394 level:100
2026-07-04 09:28:40.278 T:1307 debug : CVideoPlayerVideo::OutputPicture - ttd:656ms pts:641.071 Clock:640.415 Level:12
2026-07-04 09:28:40.307 T:957 debug : void CLibInputKeyboard::ProcessKey(libinput_event_keyboard*): libinput key: 0x161, xkb keysym: 0x1008ffa0 (XF86Select)
2026-07-04 09:28:40.307 T:957 debug : CLibInputKeyboard::ProcessKey - using delay: 500ms repeat: 33ms
2026-07-04 09:28:40.308 T:1322 debug : Thread Timer start, auto delete: false
2026-07-04 09:28:40.308 T:1308 debug : CDVDClock::ErrorAdjust - CVideoPlayerAudio::OutputPacket - error:50096.347117, adjusted:41708.333333
2026-07-04 09:28:40.322 T:937 debug : Keyboard: scancode: 0x161, sym: 0x1f9 (), unicode: 0x00, modifier: 0x0
2026-07-04 09:28:40.325 T:1307 debug : CVideoPlayerVideo::OutputPicture - ttd:608ms pts:641.113 Clock:640.505 Level:12
2026-07-04 09:28:40.360 T:1307 debug : CVideoPlayerVideo::OutputPicture - ttd:616ms pts:641.155 Clock:640.539 Level:12
2026-07-04 09:28:40.405 T:1307 debug : CVideoPlayerVideo::OutputPicture - ttd:612ms pts:641.197 Clock:640.584 Level:11
2026-07-04 09:28:40.438 T:957 debug : void CLibInputKeyboard::ProcessKey(libinput_event_keyboard*): libinput key: 0x161, xkb keysym: 0x1008ffa0 (XF86Select)
2026-07-04 09:28:40.438 T:1322 debug : Thread Timer 543437090208 terminating
2026-07-04 09:28:40.443 T:937 debug : Keyboard: scancode: 0x161, sym: 0x1f9 (), unicode: 0x00, modifier: 0x0
2026-07-04 09:28:40.443 T:937 debug : bool CInputManager::HandleKey(const CKey&): select (0xf0f2) pressed, window 11159, action is Select
2026-07-04 09:28:40.444 T:1323 debug : Thread LanguageInvoker start, auto delete: false
2026-07-04 09:28:40.444 T:1323 debug : initializing python script
2026-07-04 09:28:40.444 T:937 debug : [threads] name: 'LanguageInvoker' priority: '1'
2026-07-04 09:28:40.444 T:1323 debug : CPythonInvoker(16, /storage/.kodi/addons/script.tinyppi/main.py): start processing
2026-07-04 09:28:40.450 T:1307 debug : CVideoPlayerVideo::OutputPicture - ttd:609ms pts:641.238 Clock:640.629 Level:12
2026-07-04 09:28:40.487 T:1323 debug : -->Python Interpreter Initialized<--
2026-07-04 09:28:40.487 T:1323 debug :
2026-07-04 09:28:40.487 T:1323 debug : CPythonInvoker(16, /storage/.kodi/addons/script.tinyppi/main.py): the source file to load is "/storage/.kodi/addons/script.tinyppi/main.py"
2026-07-04 09:28:40.487 T:1323 debug : CPythonInvoker(16): full python path:
2026-07-04 09:28:40.487 T:1323 debug : CPythonInvoker(16): custom python path:
2026-07-04 09:28:40.487 T:1323 debug : CPythonInvoker(16): /storage/.kodi/addons/script.tinyppi
2026-07-04 09:28:40.487 T:1323 debug : CPythonInvoker(16): default python path:
2026-07-04 09:28:40.487 T:1323 debug : CPythonInvoker(16): /usr/lib/python314.zip
2026-07-04 09:28:40.487 T:1323 debug : CPythonInvoker(16): /usr/lib/python3.14
2026-07-04 09:28:40.487 T:1323 debug : CPythonInvoker(16): /usr/lib/python3.14/lib-dynload
2026-07-04 09:28:40.487 T:1323 debug : CPythonInvoker(16): /usr/lib/python3.14/site-packages
2026-07-04 09:28:40.487 T:1323 debug : CPythonInvoker(16): adding args:
2026-07-04 09:28:40.487 T:1323 debug : CPythonInvoker(16): main.py
2026-07-04 09:28:40.487 T:1323 debug : CPythonInvoker(16, /storage/.kodi/addons/script.tinyppi/main.py): entering source directory /storage/.kodi/addons/script.tinyppi
2026-07-04 09:28:40.487 T:1323 debug : CPythonInvoker(16, /storage/.kodi/addons/script.tinyppi/main.py): instantiating addon using automatically obtained id of "script.tinyppi" dependent on version 3.0.0 of the xbmc.python api
2026-07-04 09:28:40.487 T:1307 debug : CVideoPlayerVideo::OutputPicture - ttd:613ms pts:641.280 Clock:640.667 Level:12
2026-07-04 09:28:40.530 T:1307 debug : CVideoPlayerVideo::OutputPicture - ttd:612ms pts:641.322 Clock:640.709 Level:12
2026-07-04 09:28:40.575 T:1307 debug : CVideoPlayerVideo::OutputPicture - ttd:609ms pts:641.363 Clock:640.754 Level:10
2026-07-04 09:28:40.613 T:1307 debug : CVideoPlayerVideo::OutputPicture - ttd:612ms pts:641.405 Clock:640.792 Level:11
2026-07-04 09:28:40.628 T:1307 debug : CVideoPlayerVideo::OutputPicture - ttd:639ms pts:641.447 Clock:640.807 Level:11
2026-07-04 09:28:40.642 T:1323 info : TinyPPI: Skin local: /storage/.kodi/addons/skin.arctic.fuse.3
2026-07-04 09:28:40.642 T:1323 info : TinyPPI: Skin sys: /addons/skin.arctic.fuse.3
2026-07-04 09:28:40.642 T:1323 info : TinyPPI: Skin path: /storage/.kodi/addons/skin.arctic.fuse.3
2026-07-04 09:28:40.649 T:1323 info : TinyPPI: Font.xml found: /storage/.kodi/addons/skin.arctic.fuse.3/1080i/Font.xml
2026-07-04 09:28:40.659 T:1307 debug : CVideoPlayerVideo::OutputPicture - ttd:650ms pts:641.489 Clock:640.838 Level:11
2026-07-04 09:28:40.664 T:1323 info : TinyPPI: All fonts already installed – skipping
2026-07-04 09:28:40.695 T:1307 debug : CVideoPlayerVideo::OutputPicture - ttd:655ms pts:641.530 Clock:640.875 Level:12
2026-07-04 09:28:40.738 T:1307 debug : CVideoPlayerVideo::OutputPicture - ttd:654ms pts:641.572 Clock:640.917 Level:12
2026-07-04 09:28:40.740 T:1305 debug : CVideoPlayer::ProcessPacket packet from enhancement layer: size:23654 dts:643.407 pts:643.407 dur:41.700ms
2026-07-04 09:28:40.774 T:1305 debug : CVideoPlayer::ProcessVideoData size:703980 dts:643.448 pts:643.574 dur:41.700ms, clock:640.953 level:100
2026-07-04 09:28:40.774 T:937 debug : ------ Window Init (/storage/.kodi/addons/script.tinyppi/resources/skins/Default/1080i/script-tinyppi-main.xml) ------
2026-07-04 09:28:40.774 T:937 info : Loading skin file: /storage/.kodi/addons/script.tinyppi/resources/skins/Default/1080i/script-tinyppi-main.xml, load type: LOAD_ON_GUI_INIT
2026-07-04 09:28:40.784 T:1307 debug : CVideoPlayerVideo::OutputPicture - ttd:649ms pts:641.614 Clock:640.964 Level:12
2026-07-04 09:28:40.786 T:1305 debug : CVideoPlayer::ProcessPacket packet from enhancement layer: size:46202 dts:643.448 pts:643.574 dur:41.700ms
2026-07-04 09:28:40.810 T:1305 debug : CVideoPlayer::ProcessVideoData size:238008 dts:643.490 pts:643.490 dur:41.700ms, clock:640.990 level:100
2026-07-04 09:28:40.811 T:1305 debug : CVideoPlayer::ProcessPacket packet from enhancement layer: size:22233 dts:643.490 pts:643.490 dur:41.700ms
2026-07-04 09:28:40.821 T:1307 debug : CVideoPlayerVideo::OutputPicture - ttd:654ms pts:641.655 Clock:641.001 Level:13
2026-07-04 09:28:40.833 T:937 debug : ------ Window Deinit (VideoOSD.xml) ------
2026-07-04 09:28:40.834 T:937 debug : ------ Window Deinit (DialogSeekBar.xml) ------
2026-07-04 09:28:40.834 T:937 debug : ------ Window Deinit (Custom_1159_OSD_PPI_VS10.xml) ------
2026-07-04 09:28:40.843 T:1305 debug : CVideoPlayer::ProcessVideoData size:243272 dts:643.532 pts:643.532 dur:41.700ms, clock:641.022 level:100
2026-07-04 09:28:40.891 T:1326 debug : CNFSFile::Open - opened fs/1000/nfs/Movie2/1917-ISO.2019/1917.2019.2160p.TrueHD-Atmos.7.1.HDR10+.h265.10bit.iso
2026-07-04 09:28:40.905 T:1307 debug : CVideoPlayerVideo::OutputPicture - ttd:613ms pts:641.697 Clock:641.084 Level:10
2026-07-04 09:28:40.917 T:1305 debug : CVideoPlayer::ProcessPacket packet from enhancement layer: size:23136 dts:643.532 pts:643.532 dur:41.700ms
2026-07-04 09:28:40.933 T:1307 debug : CVideoPlayerVideo::OutputPicture - ttd:626ms pts:641.739 Clock:641.113 Level:11
2026-07-04 09:28:40.948 T:1307 debug : CVideoPlayerVideo::OutputPicture - ttd:653ms pts:641.781 Clock:641.128 Level:11
2026-07-04 09:28:40.958 T:1305 debug : CVideoPlayer::ProcessVideoData size:692238 dts:643.574 pts:643.699 dur:41.700ms, clock:641.137 level:0
2026-07-04 09:28:40.962 T:1307 debug : CVideoPlayerVideo::OutputPicture - ttd:681ms pts:641.822 Clock:641.141 Level:12
2026-07-04 09:28:40.987 T:1326 debug : CNFSFile::Close closing file fs/1000/nfs/Movie2/1917-ISO.2019/1917.2019.2160p.TrueHD-Atmos.7.1.HDR10+.h265.10bit.iso
2026-07-04 09:28:40.987 T:1305 debug : CVideoPlayer::ProcessPacket packet from enhancement layer: size:45826 dts:643.574 pts:643.699 dur:41.700ms
2026-07-04 09:28:41.021 T:1305 debug : CVideoPlayer::ProcessVideoData size:242388 dts:643.615 pts:643.615 dur:41.700ms, clock:641.201 level:0
2026-07-04 09:28:41.022 T:1305 debug : CVideoPlayer::ProcessPacket packet from enhancement layer: size:21784 dts:643.615 pts:643.615 dur:41.700ms
2026-07-04 09:28:41.036 T:1307 debug : CVideoPlayerVideo::OutputPicture - ttd:648ms pts:641.864 Clock:641.216 Level:12
2026-07-04 09:28:41.049 T:1326 warning : TinyPPI: mediainfo returned no usable output (rc=0, stdout='', stderr='')
2026-07-04 09:28:41.112 T:937 debug : TEMP: [framecount] video=720 ctrls=720 subs=0 skip-gui=4 skip-any=4
2026-07-04 09:28:41.322 T:1305 debug : CVideoPlayer::ProcessVideoData size:248161 dts:643.657 pts:643.657 dur:41.700ms, clock:641.501 level:0
2026-07-04 09:28:41.325 T:1307 debug : CVideoPlayerVideo::OutputPicture - ttd:400ms pts:641.906 Clock:641.505 Level:5
2026-07-04 09:28:41.326 T:1307 debug : CVideoPlayerVideo::OutputPicture - ttd:441ms pts:641.947 Clock:641.506 Level:6
2026-07-04 09:28:41.327 T:1307 debug : CVideoPlayerVideo::OutputPicture - ttd:482ms pts:641.989 Clock:641.507 Level:7
2026-07-04 09:28:41.328 T:1307 debug : CVideoPlayerVideo::OutputPicture - ttd:522ms pts:642.031 Clock:641.508 Level:8
2026-07-04 09:28:41.329 T:1307 debug : CVideoPlayerVideo::OutputPicture - ttd:563ms pts:642.073 Clock:641.509 Level:9
2026-07-04 09:28:41.331 T:1307 debug : CVideoPlayerVideo::OutputPicture - ttd:603ms pts:642.114 Clock:641.510 Level:10
2026-07-04 09:28:41.332 T:1307 debug : CVideoPlayerVideo::OutputPicture - ttd:644ms pts:642.156 Clock:641.511 Level:11
2026-07-04 09:28:41.385 T:1305 debug : CVideoPlayer::ProcessPacket packet from enhancement layer: size:23003 dts:643.657 pts:643.657 dur:41.700ms
2026-07-04 09:28:41.385 T:1307 debug : CVideoPlayerVideo::OutputPicture - ttd:632ms pts:642.198 Clock:641.565 Level:11
2026-07-04 09:28:41.403 T:1305 debug : CVideoPlayer::ProcessVideoData size:695732 dts:643.699 pts:643.824 dur:41.700ms, clock:641.583 level:0
2026-07-04 09:28:41.403 T:1305 debug : CVideoPlayer::ProcessPacket packet from enhancement layer: size:45278 dts:643.699 pts:643.824 dur:41.700ms
2026-07-04 09:28:41.408 T:1307 debug : CVideoPlayerVideo::OutputPicture - ttd:651ms pts:642.239 Clock:641.588 Level:11
2026-07-04 09:28:41.432 T:1305 debug : CVideoPlayer::ProcessVideoData size:243701 dts:643.740 pts:643.740 dur:41.700ms, clock:641.611 level:0
2026-07-04 09:28:41.432 T:1305 debug : CVideoPlayer::ProcessPacket packet from enhancement layer: size:24821 dts:643.740 pts:643.740 dur:41.700ms
2026-07-04 09:28:41.457 T:1305 debug : CVideoPlayer::ProcessVideoData size:258154 dts:643.782 pts:643.782 dur:41.700ms, clock:641.637 level:0
2026-07-04 09:28:41.460 T:1307 debug : CVideoPlayerVideo::OutputPicture - ttd:641ms pts:642.281 Clock:641.640 Level:11
2026-07-04 09:28:41.563 T:1305 debug : CVideoPlayer::ProcessVideoData size:1153249 dts:643.824 pts:643.949 dur:41.700ms, clock:641.742 level:0
2026-07-04 09:28:41.563 T:1307 debug : CVideoPlayerVideo::OutputPicture - ttd:579ms pts:642.323 Clock:641.743 Level:10
2026-07-04 09:28:41.565 T:1307 debug : CVideoPlayerVideo::OutputPicture - ttd:619ms pts:642.365 Clock:641.745 Level:11
2026-07-04 09:28:41.589 T:1305 debug : CVideoPlayer::ProcessPacket packet from enhancement layer: size:25071 dts:643.782 pts:643.782 dur:41.700ms
2026-07-04 09:28:41.589 T:1305 debug : CVideoPlayer::ProcessPacket packet from enhancement layer: size:148990 dts:643.824 pts:643.949 dur:41.700ms
2026-07-04 09:28:41.596 T:1307 debug : CVideoPlayerVideo::OutputPicture - ttd:630ms pts:642.406 Clock:641.776 Level:11
2026-07-04 09:28:41.619 T:1305 debug : CVideoPlayer::ProcessVideoData size:249462 dts:643.866 pts:643.866 dur:41.700ms, clock:641.799 level:0
2026-07-04 09:28:41.620 T:1305 debug : CVideoPlayer::ProcessPacket packet from enhancement layer: size:25024 dts:643.866 pts:643.866 dur:41.700ms
2026-07-04 09:28:41.623 T:1307 debug : CVideoPlayerVideo::OutputPicture - ttd:645ms pts:642.448 Clock:641.803 Level:11
2026-07-04 09:28:41.642 T:1305 debug : CVideoPlayer::ProcessVideoData size:236595 dts:643.907 pts:643.907 dur:41.700ms, clock:641.822 level:0
2026-07-04 09:28:41.688 T:1305 debug : CVideoPlayer::ProcessPacket packet from enhancement layer: size:24851 dts:643.907 pts:643.907 dur:41.700ms
2026-07-04 09:28:41.688 T:1307 debug : CVideoPlayerVideo::OutputPicture - ttd:621ms pts:642.490 Clock:641.868 Level:11
2026-07-04 09:28:41.708 T:1305 debug : CVideoPlayer::ProcessVideoData size:667308 dts:643.949 pts:644.074 dur:41.700ms, clock:641.888 level:0
2026-07-04 09:28:41.712 T:1307 debug : CVideoPlayerVideo::OutputPicture - ttd:639ms pts:642.531 Clock:641.892 Level:11
2026-07-04 09:28:41.722 T:1305 debug : CVideoPlayer::ProcessPacket packet from enhancement layer: size:52573 dts:643.949 pts:644.074 dur:41.700ms
2026-07-04 09:28:41.737 T:1305 debug : CVideoPlayer::ProcessVideoData size:239949 dts:643.991 pts:643.991 dur:41.700ms, clock:641.917 level:0
2026-07-04 09:28:41.738 T:1305 debug : CVideoPlayer::ProcessPacket packet from enhancement layer: size:24986 dts:643.991 pts:643.991 dur:41.700ms
2026-07-04 09:28:41.740 T:1307 debug : CVideoPlayerVideo::OutputPicture - ttd:653ms pts:642.573 Clock:641.920 Level:11
2026-07-04 09:28:41.758 T:1305 debug : CVideoPlayer::ProcessVideoData size:219695 dts:644.032 pts:644.032 dur:41.700ms, clock:641.938 level:0
2026-07-04 09:28:41.794 T:1305 debug : CVideoPlayer::ProcessPacket packet from enhancement layer: size:25266 dts:644.032 pts:644.032 dur:41.700ms
2026-07-04 09:28:41.795 T:1307 debug : CVideoPlayerVideo::OutputPicture - ttd:640ms pts:642.615 Clock:641.974 Level:11
2026-07-04 09:28:41.814 T:1305 debug : CVideoPlayer::ProcessVideoData size:778463 dts:644.074 pts:644.199 dur:41.700ms, clock:641.994 level:0
2026-07-04 09:28:41.819 T:1307 debug : CVideoPlayerVideo::OutputPicture - ttd:657ms pts:642.656 Clock:641.999 Level:12
2026-07-04 09:28:41.830 T:1305 debug : CVideoPlayer::ProcessPacket packet from enhancement layer: size:44577 dts:644.074 pts:644.199 dur:41.700ms
2026-07-04 09:28:41.848 T:1305 debug : CVideoPlayer::ProcessVideoData size:219717 dts:644.116 pts:644.116 dur:41.700ms, clock:642.028 level:0
2026-07-04 09:28:41.849 T:1305 debug : CVideoPlayer::ProcessPacket packet from enhancement layer: size:26610 dts:644.116 pts:644.116 dur:41.700ms
2026-07-04 09:28:41.865 T:1305 debug : CVideoPlayer::ProcessVideoData size:223881 dts:644.157 pts:644.157 dur:41.700ms, clock:642.044 level:0
2026-07-04 09:28:41.868 T:1307 debug : CVideoPlayerVideo::OutputPicture - ttd:650ms pts:642.698 Clock:642.048 Level:11
2026-07-04 09:28:41.887 T:1305 debug : CVideoPlayer::ProcessPacket packet from enhancement layer: size:26494 dts:644.157 pts:644.157 dur:41.700ms
2026-07-04 09:28:41.911 T:1305 debug : CVideoPlayer::ProcessVideoData size:693630 dts:644.199 pts:644.324 dur:41.700ms, clock:642.091 level:0
2026-07-04 09:28:41.912 T:1305 debug : CVideoPlayer::ProcessPacket packet from enhancement layer: size:45419 dts:644.199 pts:644.324 dur:41.700ms
2026-07-04 09:28:41.916 T:1307 debug : CVideoPlayerVideo::OutputPicture - ttd:644ms pts:642.740 Clock:642.096 Level:11
2026-07-04 09:28:41.938 T:1305 debug : CVideoPlayer::ProcessVideoData size:213904 dts:644.241 pts:644.241 dur:41.700ms, clock:642.118 level:0
2026-07-04 09:28:41.956 T:1305 debug : CVideoPlayer::ProcessPacket packet from enhancement layer: size:25825 dts:644.241 pts:644.241 dur:41.700ms
2026-07-04 09:28:41.956 T:1307 debug : CVideoPlayerVideo::OutputPicture - ttd:645ms pts:642.782 Clock:642.136 Level:11
2026-07-04 09:28:41.970 T:1305 debug : CVideoPlayer::ProcessVideoData size:220312 dts:644.283 pts:644.283 dur:41.700ms, clock:642.150 level:0
2026-07-04 09:28:41.986 T:1305 debug : CVideoPlayer::ProcessPacket packet from enhancement layer: size:25319 dts:644.283 pts:644.283 dur:41.700ms
2026-07-04 09:28:41.986 T:1307 debug : CVideoPlayerVideo::OutputPicture - ttd:657ms pts:642.823 Clock:642.166 Level:12
2026-07-04 09:28:42.013 T:1305 debug : CVideoPlayer::ProcessVideoData size:714817 dts:644.324 pts:644.449 dur:41.700ms, clock:642.193 level:0
2026-07-04 09:28:42.013 T:1305 debug : CVideoPlayer::ProcessPacket packet from enhancement layer: size:43787 dts:644.324 pts:644.449 dur:41.700ms
2026-07-04 09:28:42.036 T:1305 debug : CVideoPlayer::ProcessVideoData size:212387 dts:644.366 pts:644.366 dur:41.700ms, clock:642.216 level:0
2026-07-04 09:28:42.037 T:1305 debug : CVideoPlayer::ProcessPacket packet from enhancement layer: size:24995 dts:644.366 pts:644.366 dur:41.700ms
2026-07-04 09:28:42.040 T:1307 debug : CVideoPlayerVideo::OutputPicture - ttd:645ms pts:642.865 Clock:642.220 Level:11
2026-07-04 09:28:42.058 T:1305 debug : CVideoPlayer::ProcessVideoData size:218538 dts:644.408 pts:644.408 dur:41.700ms, clock:642.238 level:0
2026-07-04 09:28:42.118 T:1305 debug : CVideoPlayer::ProcessPacket packet from enhancement layer: size:24929 dts:644.408 pts:644.408 dur:41.700ms
2026-07-04 09:28:42.118 T:1307 debug : CVideoPlayerVideo::OutputPicture - ttd:608ms pts:642.907 Clock:642.298 Level:10
2026-07-04 09:28:42.119 T:1307 debug : CVideoPlayerVideo::OutputPicture - ttd:649ms pts:642.948 Clock:642.299 Level:11
2026-07-04 09:28:42.154 T:1305 debug : CVideoPlayer::ProcessVideoData size:710469 dts:644.449 pts:644.575 dur:41.700ms, clock:642.334 level:0
2026-07-04 09:28:42.155 T:1305 debug : CVideoPlayer::ProcessPacket packet from enhancement layer: size:42880 dts:644.449 pts:644.575 dur:41.700ms
2026-07-04 09:28:42.159 T:1307 debug : CVideoPlayerVideo::OutputPicture - ttd:650ms pts:642.990 Clock:642.339 Level:11
2026-07-04 09:28:42.189 T:1305 debug : CVideoPlayer::ProcessVideoData size:221680 dts:644.491 pts:644.491 dur:41.700ms, clock:642.369 level:0
2026-07-04 09:28:42.190 T:1305 debug : CVideoPlayer::ProcessPacket packet from enhancement layer: size:25722 dts:644.491 pts:644.491 dur:41.700ms
2026-07-04 09:28:42.203 T:1305 debug : CVideoPlayer::ProcessVideoData size:220398 dts:644.533 pts:644.533 dur:41.700ms, clock:642.383 level:0
2026-07-04 09:28:42.206 T:1307 debug : CVideoPlayerVideo::OutputPicture - ttd:645ms pts:643.032 Clock:642.386 Level:11
2026-07-04 09:28:42.234 T:1305 debug : CVideoPlayer::ProcessPacket packet from enhancement layer: size:25514 dts:644.533 pts:644.533 dur:41.700ms
2026-07-04 09:28:42.234 T:1307 debug : CVideoPlayerVideo::OutputPicture - ttd:659ms pts:643.074 Clock:642.415 Level:12
2026-07-04 09:28:42.253 T:1305 debug : CVideoPlayer::ProcessVideoData size:717223 dts:644.575 pts:644.700 dur:41.700ms, clock:642.433 level:0
2026-07-04 09:28:42.265 T:1305 debug : CVideoPlayer::ProcessPacket packet from enhancement layer: size:42988 dts:644.575 pts:644.700 dur:41.700ms
2026-07-04 09:28:42.285 T:1305 debug : CVideoPlayer::ProcessVideoData size:227727 dts:644.616 pts:644.616 dur:41.700ms, clock:642.465 level:0
2026-07-04 09:28:42.285 T:1305 debug : CVideoPlayer::ProcessPacket packet from enhancement layer: size:25464 dts:644.616 pts:644.616 dur:41.700ms
2026-07-04 09:28:42.288 T:1307 debug : CVideoPlayerVideo::OutputPicture - ttd:646ms pts:643.115 Clock:642.468 Level:11
2026-07-04 09:28:42.302 T:1305 debug : CVideoPlayer::ProcessVideoData size:223055 dts:644.658 pts:644.658 dur:41.700ms, clock:642.482 level:0
2026-07-04 09:28:42.416 T:1305 debug : CVideoPlayer::ProcessVideoData size:1160411 dts:644.700 pts:644.825 dur:41.700ms, clock:642.596 level:0
2026-07-04 09:28:42.416 T:1307 debug : CVideoPlayerVideo::OutputPicture - ttd:560ms pts:643.157 Clock:642.597 Level:9
2026-07-04 09:28:42.417 T:1305 debug : CVideoPlayer::ProcessPacket packet from enhancement layer: size:26357 dts:644.658 pts:644.658 dur:41.700ms
2026-07-04 09:28:42.417 T:1305 debug : CVideoPlayer::ProcessPacket packet from enhancement layer: size:147090 dts:644.700 pts:644.825 dur:41.700ms
2026-07-04 09:28:42.418 T:1307 debug : CVideoPlayerVideo::OutputPicture - ttd:600ms pts:643.199 Clock:642.598 Level:10
2026-07-04 09:28:42.419 T:1307 debug : CVideoPlayerVideo::OutputPicture - ttd:640ms pts:643.240 Clock:642.599 Level:11
2026-07-04 09:28:42.647 T:1305 debug : CVideoPlayer::ProcessVideoData size:225168 dts:644.741 pts:644.741 dur:41.700ms, clock:642.827 level:0
2026-07-04 09:28:42.647 T:1305 debug : CVideoPlayer::ProcessPacket packet from enhancement layer: size:25466 dts:644.741 pts:644.741 dur:41.700ms
2026-07-04 09:28:42.650 T:1307 debug : CVideoPlayerVideo::OutputPicture - ttd:451ms pts:643.282 Clock:642.831 Level:6
2026-07-04 09:28:42.652 T:1307 debug : CVideoPlayerVideo::OutputPicture - ttd:491ms pts:643.324 Clock:642.832 Level:7
2026-07-04 09:28:42.653 T:1307 debug : CVideoPlayerVideo::OutputPicture - ttd:532ms pts:643.366 Clock:642.833 Level:8
2026-07-04 09:28:42.654 T:1307 debug : CVideoPlayerVideo::OutputPicture - ttd:573ms pts:643.407 Clock:642.834 Level:9
2026-07-04 09:28:42.655 T:1307 debug : CVideoPlayerVideo::OutputPicture - ttd:613ms pts:643.449 Clock:642.835 Level:10
2026-07-04 09:28:42.677 T:1305 debug : CVideoPlayer::ProcessVideoData size:218454 dts:644.783 pts:644.783 dur:41.700ms, clock:642.857 level:0
2026-07-04 09:28:42.680 T:1307 debug : CVideoPlayerVideo::OutputPicture - ttd:630ms pts:643.491 Clock:642.860 Level:11
2026-07-04 09:28:42.713 T:1305 debug : CVideoPlayer::ProcessPacket packet from enhancement layer: size:24685 dts:644.783 pts:644.783 dur:41.700ms
2026-07-04 09:28:42.714 T:1307 debug : CVideoPlayerVideo::OutputPicture - ttd:638ms pts:643.532 Clock:642.894 Level:11
2026-07-04 09:28:42.735 T:1305 debug : CVideoPlayer::ProcessVideoData size:671013 dts:644.825 pts:644.950 dur:41.700ms, clock:642.915 level:0
2026-07-04 09:28:42.739 T:1307 debug : CVideoPlayerVideo::OutputPicture - ttd:654ms pts:643.574 Clock:642.920 Level:11
2026-07-04 09:28:42.752 T:1305 debug : CVideoPlayer::ProcessPacket packet from enhancement layer: size:53000 dts:644.825 pts:644.950 dur:41.700ms
2026-07-04 09:28:42.773 T:1305 debug : CVideoPlayer::ProcessVideoData size:268467 dts:644.867 pts:644.867 dur:41.700ms, clock:642.954 level:0
2026-07-04 09:28:42.774 T:1305 debug : CVideoPlayer::ProcessPacket packet from enhancement layer: size:21632 dts:644.867 pts:644.867 dur:41.700ms
2026-07-04 09:28:42.798 T:1305 debug : CVideoPlayer::ProcessVideoData size:220696 dts:644.908 pts:644.908 dur:41.700ms, clock:642.979 level:0
2026-07-04 09:28:42.801 T:1307 debug : CVideoPlayerVideo::OutputPicture - ttd:634ms pts:643.616 Clock:642.982 Level:11
2026-07-04 09:28:42.855 T:1305 debug : CVideoPlayer::ProcessPacket packet from enhancement layer: size:25275 dts:644.908 pts:644.908 dur:41.700ms
2026-07-04 09:28:42.855 T:1307 debug : CVideoPlayerVideo::OutputPicture - ttd:622ms pts:643.658 Clock:643.035 Level:11
2026-07-04 09:28:42.869 T:1305 debug : CVideoPlayer::ProcessVideoData size:766390 dts:644.950 pts:645.075 dur:41.700ms, clock:643.050 level:0
2026-07-04 09:28:42.875 T:1307 debug : CVideoPlayerVideo::OutputPicture - ttd:644ms pts:643.699 Clock:643.055 Level:11
2026-07-04 09:28:42.885 T:1305 debug : CVideoPlayer::ProcessPacket packet from enhancement layer: size:47862 dts:644.950 pts:645.075 dur:41.700ms
2026-07-04 09:28:42.912 T:1305 debug : CVideoPlayer::ProcessVideoData size:241331 dts:644.992 pts:644.992 dur:41.700ms, clock:643.093 level:0
2026-07-04 09:28:42.912 T:1305 debug : CVideoPlayer::ProcessPacket packet from enhancement layer: size:26698 dts:644.992 pts:644.992 dur:41.700ms
2026-07-04 09:28:42.916 T:1307 debug : CVideoPlayerVideo::OutputPicture - ttd:644ms pts:643.741 Clock:643.096 Level:11
2026-07-04 09:28:42.963 T:1305 debug : CVideoPlayer::ProcessVideoData size:214309 dts:645.033 pts:645.033 dur:41.700ms, clock:643.144 level:0
2026-07-04 09:28:42.966 T:1307 debug : CVideoPlayerVideo::OutputPicture - ttd:635ms pts:643.783 Clock:643.147 Level:11
2026-07-04 09:28:42.997 T:1305 debug : CVideoPlayer::ProcessPacket packet from enhancement layer: size:25377 dts:645.033 pts:645.033 dur:41.700ms
2026-07-04 09:28:42.997 T:1307 debug : CVideoPlayerVideo::OutputPicture - ttd:647ms pts:643.824 Clock:643.177 Level:11
2026-07-04 09:28:43.015 T:1305 debug : CVideoPlayer::ProcessVideoData size:676452 dts:645.075 pts:645.200 dur:41.700ms, clock:643.195 level:0
2026-07-04 09:28:43.016 T:1305 debug : CVideoPlayer::ProcessPacket packet from enhancement layer: size:46439 dts:645.075 pts:645.200 dur:41.700ms
2026-07-04 09:28:43.034 T:1305 debug : CVideoPlayer::ProcessVideoData size:247800 dts:645.117 pts:645.117 dur:41.700ms, clock:643.214 level:0
2026-07-04 09:28:43.037 T:1307 debug : CVideoPlayerVideo::OutputPicture - ttd:648ms pts:643.866 Clock:643.217 Level:11
2026-07-04 09:28:43.049 T:1305 debug : CVideoPlayer::ProcessPacket packet from enhancement layer: size:28365 dts:645.117 pts:645.117 dur:41.700ms
2026-07-04 09:28:43.071 T:1305 debug : CVideoPlayer::ProcessVideoData size:222329 dts:645.158 pts:645.158 dur:41.700ms, clock:643.251 level:0
2026-07-04 09:28:43.074 T:1307 debug : CVideoPlayerVideo::OutputPicture - ttd:653ms pts:643.908 Clock:643.254 Level:11
2026-07-04 09:28:43.114 T:1305 debug : CVideoPlayer::ProcessPacket packet from enhancement layer: size:24082 dts:645.158 pts:645.158 dur:41.700ms
2026-07-04 09:28:43.114 T:1307 debug : CVideoPlayerVideo::OutputPicture - ttd:654ms pts:643.950 Clock:643.295 Level:11
2026-07-04 09:28:43.137 T:1305 debug : CVideoPlayer::ProcessVideoData size:747375 dts:645.200 pts:645.325 dur:41.700ms, clock:643.318 level:0
2026-07-04 09:28:43.138 T:1305 debug : CVideoPlayer::ProcessPacket packet from enhancement layer: size:42060 dts:645.200 pts:645.325 dur:41.700ms
2026-07-04 09:28:43.173 T:1305 debug : CVideoPlayer::ProcessVideoData size:219385 dts:645.242 pts:645.242 dur:41.700ms, clock:643.353 level:0
2026-07-04 09:28:43.176 T:1307 debug : CVideoPlayerVideo::OutputPicture - ttd:634ms pts:643.991 Clock:643.356 Level:11
2026-07-04 09:28:43.193 T:1305 debug : CVideoPlayer::ProcessPacket packet from enhancement layer: size:23848 dts:645.242 pts:645.242 dur:41.700ms
2026-07-04 09:28:43.193 T:1307 debug : CVideoPlayerVideo::OutputPicture - ttd:659ms pts:644.033 Clock:643.374 Level:11
2026-07-04 09:28:43.205 T:1305 debug : CVideoPlayer::ProcessVideoData size:245554 dts:645.284 pts:645.284 dur:41.700ms, clock:643.386 level:0
2026-07-04 09:28:43.226 T:1305 debug : CVideoPlayer::ProcessPacket packet from enhancement layer: size:27621 dts:645.284 pts:645.284 dur:41.700ms
2026-07-04 09:28:43.241 T:1305 debug : CVideoPlayer::ProcessVideoData size:657361 dts:645.325 pts:645.450 dur:41.700ms, clock:643.422 level:0
2026-07-04 09:28:43.242 T:1305 debug : CVideoPlayer::ProcessPacket packet from enhancement layer: size:42960 dts:645.325 pts:645.450 dur:41.700ms
2026-07-04 09:28:43.245 T:1307 debug : CVideoPlayerVideo::OutputPicture - ttd:648ms pts:644.075 Clock:643.426 Level:11
2026-07-04 09:28:43.257 T:1305 debug : CVideoPlayer::ProcessVideoData size:249774 dts:645.367 pts:645.367 dur:41.700ms, clock:643.438 level:0
2026-07-04 09:28:43.278 T:1305 debug : CVideoPlayer::ProcessPacket packet from enhancement layer: size:27377 dts:645.367 pts:645.367 dur:41.700ms
2026-07-04 09:28:43.303 T:1305 debug : CVideoPlayer::ProcessVideoData size:257634 dts:645.409 pts:645.409 dur:41.700ms, clock:643.483 level:0
2026-07-04 09:28:43.306 T:1307 debug : CVideoPlayerVideo::OutputPicture - ttd:629ms pts:644.116 Clock:643.487 Level:11
2026-07-04 09:28:43.405 T:1305 debug : CVideoPlayer::ProcessPacket packet from enhancement layer: size:27871 dts:645.409 pts:645.409 dur:41.700ms
2026-07-04 09:28:43.405 T:1307 debug : CVideoPlayerVideo::OutputPicture - ttd:572ms pts:644.158 Clock:643.586 Level:9
2026-07-04 09:28:43.406 T:1307 debug : CVideoPlayerVideo::OutputPicture - ttd:612ms pts:644.200 Clock:643.587 Level:10
2026-07-04 09:28:43.471 T:1305 debug : CVideoPlayer::ProcessVideoData size:728385 dts:645.450 pts:645.576 dur:41.700ms, clock:643.651 level:0
2026-07-04 09:28:43.471 T:1305 debug : CVideoPlayer::ProcessPacket packet from enhancement layer: size:40513 dts:645.450 pts:645.576 dur:41.700ms
2026-07-04 09:28:43.476 T:1307 debug : CVideoPlayerVideo::OutputPicture - ttd:584ms pts:644.241 Clock:643.657 Level:10
2026-07-04 09:28:43.478 T:1307 debug : CVideoPlayerVideo::OutputPicture - ttd:624ms pts:644.283 Clock:643.659 Level:11
