2026-07-04 09:33:38.895 T:1305 debug : CVideoPlayer::ProcessPacket packet from enhancement layer: size:23936 dts:791.179 pts:791.179 dur:41.700ms
2026-07-04 09:33:38.911 T:1307 debug : CVideoPlayerVideo::OutputPicture - ttd:654ms pts:785.850 Clock:785.196 Level:12
2026-07-04 09:33:38.954 T:1307 debug : CVideoPlayerVideo::OutputPicture - ttd:652ms pts:785.892 Clock:785.239 Level:12
2026-07-04 09:33:39.002 T:1307 debug : CVideoPlayerVideo::OutputPicture - ttd:646ms pts:785.934 Clock:785.287 Level:10
2026-07-04 09:33:39.013 T:1307 debug : CVideoPlayerVideo::OutputPicture - ttd:677ms pts:785.975 Clock:785.298 Level:11
2026-07-04 09:33:39.037 T:1307 debug : CVideoPlayerVideo::OutputPicture - ttd:695ms pts:786.017 Clock:785.322 Level:11
2026-07-04 09:33:39.085 T:1307 debug : CVideoPlayerVideo::OutputPicture - ttd:688ms pts:786.059 Clock:785.370 Level:11
2026-07-04 09:33:39.122 T:1307 debug : CVideoPlayerVideo::OutputPicture - ttd:693ms pts:786.101 Clock:785.407 Level:11
2026-07-04 09:33:39.162 T:1307 debug : CVideoPlayerVideo::OutputPicture - ttd:695ms pts:786.142 Clock:785.447 Level:11
2026-07-04 09:33:39.180 T:1305 debug : CVideoPlayer::ProcessVideoData size:263794 dts:791.221 pts:791.221 dur:41.700ms, clock:785.465 level:100
2026-07-04 09:33:39.212 T:1307 debug : CVideoPlayerVideo::OutputPicture - ttd:687ms pts:786.184 Clock:785.497 Level:11
2026-07-04 09:33:39.245 T:1307 debug : CVideoPlayerVideo::OutputPicture - ttd:695ms pts:786.226 Clock:785.530 Level:11
2026-07-04 09:33:39.248 T:1305 debug : CVideoPlayer::ProcessVideoData size:803382 dts:791.263 pts:791.388 dur:41.700ms, clock:785.533 level:100
2026-07-04 09:33:39.268 T:1305 debug : CVideoPlayer::ProcessPacket packet from enhancement layer: size:23651 dts:791.221 pts:791.221 dur:41.700ms
2026-07-04 09:33:39.268 T:1305 debug : CVideoPlayer::ProcessPacket packet from enhancement layer: size:66218 dts:791.263 pts:791.388 dur:41.700ms
2026-07-04 09:33:39.289 T:1307 debug : CVideoPlayerVideo::OutputPicture - ttd:693ms pts:786.267 Clock:785.574 Level:11
2026-07-04 09:33:39.297 T:1305 debug : CVideoPlayer::ProcessVideoData size:272331 dts:791.304 pts:791.304 dur:41.700ms, clock:785.582 level:100
2026-07-04 09:33:39.297 T:1305 debug : CVideoPlayer::ProcessPacket packet from enhancement layer: size:23275 dts:791.304 pts:791.304 dur:41.700ms
2026-07-04 09:33:39.326 T:1305 debug : CVideoPlayer::ProcessVideoData size:254678 dts:791.346 pts:791.346 dur:41.700ms, clock:785.611 level:100
2026-07-04 09:33:39.337 T:1307 debug : CVideoPlayerVideo::OutputPicture - ttd:687ms pts:786.309 Clock:785.622 Level:11
2026-07-04 09:33:39.368 T:1307 debug : CVideoPlayerVideo::OutputPicture - ttd:697ms pts:786.351 Clock:785.653 Level:12
2026-07-04 09:33:39.414 T:1307 debug : CVideoPlayerVideo::OutputPicture - ttd:693ms pts:786.393 Clock:785.699 Level:11
2026-07-04 09:33:39.428 T:1305 debug : CVideoPlayer::ProcessPacket packet from enhancement layer: size:23260 dts:791.346 pts:791.346 dur:41.700ms
2026-07-04 09:33:39.461 T:1307 debug : CVideoPlayerVideo::OutputPicture - ttd:687ms pts:786.434 Clock:785.747 Level:12
2026-07-04 09:33:39.494 T:1307 debug : CVideoPlayerVideo::OutputPicture - ttd:696ms pts:786.476 Clock:785.779 Level:12
2026-07-04 09:33:39.539 T:1307 debug : CVideoPlayerVideo::OutputPicture - ttd:694ms pts:786.518 Clock:785.824 Level:11
2026-07-04 09:33:39.588 T:1307 debug : CVideoPlayerVideo::OutputPicture - ttd:686ms pts:786.559 Clock:785.873 Level:11
2026-07-04 09:33:39.619 T:1307 debug : CVideoPlayerVideo::OutputPicture - ttd:696ms pts:786.601 Clock:785.905 Level:11
2026-07-04 09:33:39.663 T:1307 debug : CVideoPlayerVideo::OutputPicture - ttd:694ms pts:786.643 Clock:785.948 Level:11
2026-07-04 09:33:39.664 T:1308 debug : CDVDClock::ErrorAdjust - CVideoPlayerAudio::OutputPacket - error:65811.621814, adjusted:41708.333333
2026-07-04 09:33:39.671 T:1305 debug : CVideoPlayer::ProcessVideoData size:831426 dts:791.388 pts:791.513 dur:41.700ms, clock:785.998 level:100
2026-07-04 09:33:39.672 T:1305 debug : CVideoPlayer::ProcessPacket packet from enhancement layer: size:42982 dts:791.388 pts:791.513 dur:41.700ms
2026-07-04 09:33:39.711 T:1307 debug : CVideoPlayerVideo::OutputPicture - ttd:646ms pts:786.685 Clock:786.038 Level:10
2026-07-04 09:33:39.719 T:1305 debug : CVideoPlayer::ProcessVideoData size:259044 dts:791.430 pts:791.430 dur:41.700ms, clock:786.046 level:100
2026-07-04 09:33:39.720 T:1305 debug : CVideoPlayer::ProcessPacket packet from enhancement layer: size:26775 dts:791.430 pts:791.430 dur:41.700ms
2026-07-04 09:33:39.736 T:1305 debug : CVideoPlayer::ProcessVideoData size:276322 dts:791.471 pts:791.471 dur:41.700ms, clock:786.063 level:100
2026-07-04 09:33:39.745 T:1307 debug : CVideoPlayerVideo::OutputPicture - ttd:654ms pts:786.726 Clock:786.071 Level:11
2026-07-04 09:33:39.760 T:1307 debug : CVideoPlayerVideo::OutputPicture - ttd:680ms pts:786.768 Clock:786.087 Level:11
2026-07-04 09:33:39.794 T:1307 debug : CVideoPlayerVideo::OutputPicture - ttd:688ms pts:786.810 Clock:786.121 Level:11
2026-07-04 09:33:39.830 T:1307 debug : CVideoPlayerVideo::OutputPicture - ttd:694ms pts:786.851 Clock:786.157 Level:11
2026-07-04 09:33:39.872 T:1307 debug : CVideoPlayerVideo::OutputPicture - ttd:694ms pts:786.893 Clock:786.199 Level:12
2026-07-04 09:33:39.921 T:1307 debug : CVideoPlayerVideo::OutputPicture - ttd:687ms pts:786.935 Clock:786.248 Level:11
2026-07-04 09:33:39.955 T:1307 debug : CVideoPlayerVideo::OutputPicture - ttd:694ms pts:786.977 Clock:786.282 Level:11
2026-07-04 09:33:39.996 T:1307 debug : CVideoPlayerVideo::OutputPicture - ttd:695ms pts:787.018 Clock:786.322 Level:11
2026-07-04 09:33:40.044 T:1307 debug : CVideoPlayerVideo::OutputPicture - ttd:689ms pts:787.060 Clock:786.371 Level:11
2026-07-04 09:33:40.079 T:1307 debug : CVideoPlayerVideo::OutputPicture - ttd:696ms pts:787.102 Clock:786.406 Level:12
2026-07-04 09:33:40.121 T:1307 debug : CVideoPlayerVideo::OutputPicture - ttd:695ms pts:787.143 Clock:786.447 Level:11
2026-07-04 09:33:40.169 T:1307 debug : CVideoPlayerVideo::OutputPicture - ttd:689ms pts:787.185 Clock:786.496 Level:11
2026-07-04 09:33:40.206 T:1307 debug : CVideoPlayerVideo::OutputPicture - ttd:693ms pts:787.227 Clock:786.533 Level:12
2026-07-04 09:33:40.246 T:1307 debug : CVideoPlayerVideo::OutputPicture - ttd:695ms pts:787.269 Clock:786.573 Level:12
2026-07-04 09:33:40.290 T:1305 debug : CVideoPlayer::ProcessPacket packet from enhancement layer: size:26034 dts:791.471 pts:791.471 dur:41.700ms
2026-07-04 09:33:40.294 T:1307 debug : CVideoPlayerVideo::OutputPicture - ttd:689ms pts:787.310 Clock:786.621 Level:11
2026-07-04 09:33:40.317 T:1305 debug : CVideoPlayer::ProcessVideoData size:847361 dts:791.513 pts:791.638 dur:41.700ms, clock:786.644 level:100
2026-07-04 09:33:40.318 T:1305 debug : CVideoPlayer::ProcessPacket packet from enhancement layer: size:40633 dts:791.513 pts:791.638 dur:41.700ms
2026-07-04 09:33:40.330 T:1307 debug : CVideoPlayerVideo::OutputPicture - ttd:694ms pts:787.352 Clock:786.657 Level:12
2026-07-04 09:33:40.347 T:1305 debug : CVideoPlayer::ProcessVideoData size:269131 dts:791.555 pts:791.555 dur:41.700ms, clock:786.674 level:100
2026-07-04 09:33:40.367 T:1305 debug : CVideoPlayer::ProcessPacket packet from enhancement layer: size:25250 dts:791.555 pts:791.555 dur:41.700ms
2026-07-04 09:33:40.373 T:1307 debug : CVideoPlayerVideo::OutputPicture - ttd:693ms pts:787.394 Clock:786.700 Level:12
2026-07-04 09:33:40.394 T:1305 debug : CVideoPlayer::ProcessVideoData size:280592 dts:791.596 pts:791.596 dur:41.700ms, clock:786.721 level:100
2026-07-04 09:33:40.421 T:1307 debug : CVideoPlayerVideo::OutputPicture - ttd:687ms pts:787.435 Clock:786.748 Level:11
2026-07-04 09:33:40.454 T:1307 debug : CVideoPlayerVideo::OutputPicture - ttd:696ms pts:787.477 Clock:786.781 Level:12
2026-07-04 09:33:40.499 T:1307 debug : CVideoPlayerVideo::OutputPicture - ttd:693ms pts:787.519 Clock:786.826 Level:12
2026-07-04 09:33:40.508 T:1305 debug : CVideoPlayer::ProcessPacket packet from enhancement layer: size:24934 dts:791.596 pts:791.596 dur:41.700ms
2026-07-04 09:33:40.530 T:1305 debug : CVideoPlayer::ProcessVideoData size:1026076 dts:791.638 pts:791.763 dur:41.700ms, clock:786.857 level:100
2026-07-04 09:33:40.531 T:1305 debug : CVideoPlayer::ProcessPacket packet from enhancement layer: size:209171 dts:791.638 pts:791.763 dur:41.700ms
2026-07-04 09:33:40.543 T:1307 debug : CVideoPlayerVideo::OutputPicture - ttd:690ms pts:787.560 Clock:786.870 Level:11
2026-07-04 09:33:40.555 T:1305 debug : CVideoPlayer::ProcessVideoData size:276514 dts:791.680 pts:791.680 dur:41.700ms, clock:786.882 level:100
2026-07-04 09:33:40.578 T:1305 debug : CVideoPlayer::ProcessPacket packet from enhancement layer: size:25081 dts:791.680 pts:791.680 dur:41.700ms
2026-07-04 09:33:40.580 T:1307 debug : CVideoPlayerVideo::OutputPicture - ttd:695ms pts:787.602 Clock:786.907 Level:12
2026-07-04 09:33:40.606 T:1305 debug : CVideoPlayer::ProcessVideoData size:261692 dts:791.722 pts:791.722 dur:41.700ms, clock:786.933 level:100
2026-07-04 09:33:40.624 T:1307 debug : CVideoPlayerVideo::OutputPicture - ttd:692ms pts:787.644 Clock:786.951 Level:12
2026-07-04 09:33:40.667 T:1307 debug : CVideoPlayerVideo::OutputPicture - ttd:691ms pts:787.686 Clock:786.994 Level:11
2026-07-04 09:33:40.708 T:1307 debug : CVideoPlayerVideo::OutputPicture - ttd:692ms pts:787.727 Clock:787.035 Level:12
2026-07-04 09:33:40.748 T:1307 debug : CVideoPlayerVideo::OutputPicture - ttd:694ms pts:787.769 Clock:787.075 Level:12
2026-07-04 09:33:40.795 T:1307 debug : CVideoPlayerVideo::OutputPicture - ttd:688ms pts:787.811 Clock:787.122 Level:11
2026-07-04 09:33:40.833 T:1307 debug : CVideoPlayerVideo::OutputPicture - ttd:692ms pts:787.852 Clock:787.160 Level:11
2026-07-04 09:33:40.871 T:1307 debug : CVideoPlayerVideo::OutputPicture - ttd:696ms pts:787.894 Clock:787.198 Level:12
2026-07-04 09:33:40.919 T:1307 debug : CVideoPlayerVideo::OutputPicture - ttd:689ms pts:787.936 Clock:787.246 Level:12
2026-07-04 09:33:40.930 T:1305 debug : CVideoPlayer::ProcessVideoData size:757242 dts:791.763 pts:791.888 dur:41.700ms, clock:787.257 level:100
2026-07-04 09:33:40.956 T:1307 debug : CVideoPlayerVideo::OutputPicture - ttd:694ms pts:787.978 Clock:787.283 Level:12
2026-07-04 09:33:40.965 T:1305 debug : CVideoPlayer::ProcessPacket packet from enhancement layer: size:26567 dts:791.722 pts:791.722 dur:41.700ms
2026-07-04 09:33:40.965 T:1305 debug : CVideoPlayer::ProcessPacket packet from enhancement layer: size:79962 dts:791.763 pts:791.888 dur:41.700ms
2026-07-04 09:33:40.996 T:1305 debug : CVideoPlayer::ProcessVideoData size:275173 dts:791.805 pts:791.805 dur:41.700ms, clock:787.323 level:100
2026-07-04 09:33:40.996 T:1307 debug : CVideoPlayerVideo::OutputPicture - ttd:695ms pts:788.019 Clock:787.323 Level:12
2026-07-04 09:33:40.997 T:1305 debug : CVideoPlayer::ProcessPacket packet from enhancement layer: size:24075 dts:791.805 pts:791.805 dur:41.700ms
2026-07-04 09:33:41.024 T:1305 debug : CVideoPlayer::ProcessVideoData size:262481 dts:791.847 pts:791.847 dur:41.700ms, clock:787.351 level:100
2026-07-04 09:33:41.043 T:1307 debug : CVideoPlayerVideo::OutputPicture - ttd:690ms pts:788.061 Clock:787.370 Level:11
2026-07-04 09:33:41.081 T:1307 debug : CVideoPlayerVideo::OutputPicture - ttd:694ms pts:788.103 Clock:787.408 Level:12
2026-07-04 09:33:41.125 T:1307 debug : CVideoPlayerVideo::OutputPicture - ttd:692ms pts:788.144 Clock:787.452 Level:12
2026-07-04 09:33:41.159 T:1305 debug : CVideoPlayer::ProcessPacket packet from enhancement layer: size:24312 dts:791.847 pts:791.847 dur:41.700ms
2026-07-04 09:33:41.169 T:1307 debug : CVideoPlayerVideo::OutputPicture - ttd:689ms pts:788.186 Clock:787.496 Level:11
2026-07-04 09:33:41.172 T:1305 debug : CVideoPlayer::ProcessVideoData size:770571 dts:791.888 pts:792.014 dur:41.700ms, clock:787.499 level:100
2026-07-04 09:33:41.172 T:1305 debug : CVideoPlayer::ProcessPacket packet from enhancement layer: size:53006 dts:791.888 pts:792.014 dur:41.700ms
2026-07-04 09:33:41.187 T:1305 debug : CVideoPlayer::ProcessVideoData size:265120 dts:791.930 pts:791.930 dur:41.700ms, clock:787.514 level:100
2026-07-04 09:33:41.205 T:1307 debug : CVideoPlayerVideo::OutputPicture - ttd:695ms pts:788.228 Clock:787.532 Level:12
2026-07-04 09:33:41.210 T:1305 debug : CVideoPlayer::ProcessPacket packet from enhancement layer: size:24518 dts:791.930 pts:791.930 dur:41.700ms
2026-07-04 09:33:41.233 T:1305 debug : CVideoPlayer::ProcessVideoData size:268055 dts:791.972 pts:791.972 dur:41.700ms, clock:787.560 level:100
2026-07-04 09:33:41.246 T:1307 debug : CVideoPlayerVideo::OutputPicture - ttd:696ms pts:788.270 Clock:787.573 Level:12
2026-07-04 09:33:41.294 T:1307 debug : CVideoPlayerVideo::OutputPicture - ttd:690ms pts:788.311 Clock:787.621 Level:11
2026-07-04 09:33:41.327 T:937 debug : TEMP: [framecount] video=7920 ctrls=7920 subs=2427 skip-gui=1305 skip-any=1305
2026-07-04 09:33:41.330 T:1307 debug : CVideoPlayerVideo::OutputPicture - ttd:695ms pts:788.353 Clock:787.657 Level:12
2026-07-04 09:33:41.372 T:1307 debug : CVideoPlayerVideo::OutputPicture - ttd:695ms pts:788.395 Clock:787.700 Level:11
2026-07-04 09:33:41.418 T:1307 debug : CVideoPlayerVideo::OutputPicture - ttd:690ms pts:788.436 Clock:787.746 Level:11
2026-07-04 09:33:41.455 T:1307 debug : CVideoPlayerVideo::OutputPicture - ttd:695ms pts:788.478 Clock:787.783 Level:11
2026-07-04 09:33:41.498 T:1307 debug : CVideoPlayerVideo::OutputPicture - ttd:694ms pts:788.520 Clock:787.825 Level:11
2026-07-04 09:33:41.506 T:1305 debug : CVideoPlayer::ProcessPacket packet from enhancement layer: size:24267 dts:791.972 pts:791.972 dur:41.700ms
2026-07-04 09:33:41.528 T:1305 debug : CVideoPlayer::ProcessVideoData size:795710 dts:792.014 pts:792.139 dur:41.700ms, clock:787.856 level:100
2026-07-04 09:33:41.544 T:1307 debug : CVideoPlayerVideo::OutputPicture - ttd:690ms pts:788.562 Clock:787.871 Level:11
2026-07-04 09:33:41.552 T:1305 debug : CVideoPlayer::ProcessPacket packet from enhancement layer: size:47086 dts:792.014 pts:792.139 dur:41.700ms
2026-07-04 09:33:41.580 T:1307 debug : CVideoPlayerVideo::OutputPicture - ttd:695ms pts:788.603 Clock:787.907 Level:12
2026-07-04 09:33:41.624 T:1307 debug : CVideoPlayerVideo::OutputPicture - ttd:693ms pts:788.645 Clock:787.951 Level:12
2026-07-04 09:33:41.673 T:1307 debug : CVideoPlayerVideo::OutputPicture - ttd:686ms pts:788.687 Clock:788.000 Level:11
2026-07-04 09:33:41.710 T:1307 debug : CVideoPlayerVideo::OutputPicture - ttd:690ms pts:788.728 Clock:788.037 Level:11
2026-07-04 09:33:41.745 T:1307 debug : CVideoPlayerVideo::OutputPicture - ttd:697ms pts:788.770 Clock:788.072 Level:12
2026-07-04 09:33:41.793 T:1307 debug : CVideoPlayerVideo::OutputPicture - ttd:691ms pts:788.812 Clock:788.120 Level:11
2026-07-04 09:33:41.829 T:1307 debug : CVideoPlayerVideo::OutputPicture - ttd:697ms pts:788.854 Clock:788.157 Level:12
2026-07-04 09:33:41.830 T:1305 debug : CVideoPlayer::ProcessVideoData size:275480 dts:792.055 pts:792.055 dur:41.700ms, clock:788.157 level:100
2026-07-04 09:33:41.831 T:1305 debug : CVideoPlayer::ProcessPacket packet from enhancement layer: size:22982 dts:792.055 pts:792.055 dur:41.700ms
2026-07-04 09:33:41.874 T:1307 debug : CVideoPlayerVideo::OutputPicture - ttd:693ms pts:788.895 Clock:788.202 Level:12
2026-07-04 09:33:41.886 T:1305 debug : CVideoPlayer::ProcessVideoData size:282695 dts:792.097 pts:792.097 dur:41.700ms, clock:788.213 level:100
2026-07-04 09:33:41.918 T:1307 debug : CVideoPlayerVideo::OutputPicture - ttd:691ms pts:788.937 Clock:788.245 Level:11
2026-07-04 09:33:41.958 T:1307 debug : CVideoPlayerVideo::OutputPicture - ttd:693ms pts:788.979 Clock:788.285 Level:12
2026-07-04 09:33:41.999 T:1307 debug : CVideoPlayerVideo::OutputPicture - ttd:694ms pts:789.020 Clock:788.326 Level:12
2026-07-04 09:33:42.002 T:1305 debug : CVideoPlayer::ProcessPacket packet from enhancement layer: size:22491 dts:792.097 pts:792.097 dur:41.700ms
2026-07-04 09:33:42.030 T:1305 debug : CVideoPlayer::ProcessVideoData size:803945 dts:792.139 pts:792.264 dur:41.700ms, clock:788.357 level:100
2026-07-04 09:33:42.030 T:1305 debug : CVideoPlayer::ProcessPacket packet from enhancement layer: size:44536 dts:792.139 pts:792.264 dur:41.700ms
2026-07-04 09:33:42.043 T:1307 debug : CVideoPlayerVideo::OutputPicture - ttd:691ms pts:789.062 Clock:788.370 Level:12
2026-07-04 09:33:42.081 T:1307 debug : CVideoPlayerVideo::OutputPicture - ttd:695ms pts:789.104 Clock:788.408 Level:12
2026-07-04 09:33:42.121 T:1307 debug : CVideoPlayerVideo::OutputPicture - ttd:697ms pts:789.146 Clock:788.448 Level:12
2026-07-04 09:33:42.170 T:1307 debug : CVideoPlayerVideo::OutputPicture - ttd:690ms pts:789.187 Clock:788.497 Level:11
2026-07-04 09:33:42.208 T:1307 debug : CVideoPlayerVideo::OutputPicture - ttd:693ms pts:789.229 Clock:788.535 Level:12
2026-07-04 09:33:42.248 T:1307 debug : CVideoPlayerVideo::OutputPicture - ttd:695ms pts:789.271 Clock:788.576 Level:12
2026-07-04 09:33:42.293 T:1307 debug : CVideoPlayerVideo::OutputPicture - ttd:691ms pts:789.312 Clock:788.621 Level:11
2026-07-04 09:33:42.310 T:1305 debug : CVideoPlayer::ProcessVideoData size:287462 dts:792.180 pts:792.180 dur:41.700ms, clock:788.637 level:100
2026-07-04 09:33:42.311 T:1305 debug : CVideoPlayer::ProcessPacket packet from enhancement layer: size:23866 dts:792.180 pts:792.180 dur:41.700ms
2026-07-04 09:33:42.332 T:1307 debug : CVideoPlayerVideo::OutputPicture - ttd:694ms pts:789.354 Clock:788.660 Level:12
2026-07-04 09:33:42.372 T:1307 debug : CVideoPlayerVideo::OutputPicture - ttd:696ms pts:789.396 Clock:788.700 Level:12
2026-07-04 09:33:42.398 T:1305 debug : CVideoPlayer::ProcessVideoData size:290207 dts:792.222 pts:792.222 dur:41.700ms, clock:788.725 level:100
2026-07-04 09:33:42.419 T:1307 debug : CVideoPlayerVideo::OutputPicture - ttd:691ms pts:789.437 Clock:788.746 Level:11
2026-07-04 09:33:42.459 T:1307 debug : CVideoPlayerVideo::OutputPicture - ttd:693ms pts:789.479 Clock:788.786 Level:11
2026-07-04 09:33:42.501 T:1307 debug : CVideoPlayerVideo::OutputPicture - ttd:692ms pts:789.521 Clock:788.828 Level:12
2026-07-04 09:33:42.530 T:1305 debug : CVideoPlayer::ProcessVideoData size:851213 dts:792.264 pts:792.389 dur:41.700ms, clock:788.858 level:100
2026-07-04 09:33:42.531 T:1305 debug : CVideoPlayer::ProcessPacket packet from enhancement layer: size:19006 dts:792.222 pts:792.222 dur:41.700ms
2026-07-04 09:33:42.531 T:1305 debug : CVideoPlayer::ProcessPacket packet from enhancement layer: size:72733 dts:792.264 pts:792.389 dur:41.700ms
2026-07-04 09:33:42.544 T:1307 debug : CVideoPlayerVideo::OutputPicture - ttd:690ms pts:789.563 Clock:788.872 Level:11
2026-07-04 09:33:42.568 T:1305 debug : CVideoPlayer::ProcessVideoData size:298835 dts:792.305 pts:792.305 dur:41.700ms, clock:788.895 level:100
2026-07-04 09:33:42.569 T:1305 debug : CVideoPlayer::ProcessPacket packet from enhancement layer: size:17690 dts:792.305 pts:792.305 dur:41.700ms
2026-07-04 09:33:42.588 T:1307 debug : CVideoPlayerVideo::OutputPicture - ttd:688ms pts:789.604 Clock:788.915 Level:11
2026-07-04 09:33:42.590 T:1305 debug : CVideoPlayer::ProcessVideoData size:298170 dts:792.347 pts:792.347 dur:41.700ms, clock:788.917 level:100
2026-07-04 09:33:42.622 T:1307 debug : CVideoPlayerVideo::OutputPicture - ttd:696ms pts:789.646 Clock:788.950 Level:12
2026-07-04 09:33:42.668 T:1305 debug : CVideoPlayer::ProcessVideoData size:868636 dts:792.389 pts:792.514 dur:41.700ms, clock:788.995 level:100
2026-07-04 09:33:42.670 T:1307 debug : CVideoPlayerVideo::OutputPicture - ttd:690ms pts:789.688 Clock:788.998 Level:11
2026-07-04 09:33:42.686 T:1305 debug : CVideoPlayer::ProcessPacket packet from enhancement layer: size:17513 dts:792.347 pts:792.347 dur:41.700ms
2026-07-04 09:33:42.687 T:1305 debug : CVideoPlayer::ProcessPacket packet from enhancement layer: size:74050 dts:792.389 pts:792.514 dur:41.700ms
2026-07-04 09:33:42.707 T:1307 debug : CVideoPlayerVideo::OutputPicture - ttd:695ms pts:789.729 Clock:789.034 Level:12
2026-07-04 09:33:42.709 T:1305 debug : CVideoPlayer::ProcessVideoData size:311647 dts:792.431 pts:792.431 dur:41.700ms, clock:789.036 level:100
2026-07-04 09:33:42.710 T:1305 debug : CVideoPlayer::ProcessPacket packet from enhancement layer: size:16790 dts:792.431 pts:792.431 dur:41.700ms
2026-07-04 09:33:42.749 T:1307 debug : CVideoPlayerVideo::OutputPicture - ttd:694ms pts:789.771 Clock:789.077 Level:12
2026-07-04 09:33:42.767 T:1305 debug : CVideoPlayer::ProcessVideoData size:312659 dts:792.472 pts:792.472 dur:41.700ms, clock:789.094 level:100
2026-07-04 09:33:42.792 T:1307 debug : CVideoPlayerVideo::OutputPicture - ttd:693ms pts:789.813 Clock:789.120 Level:12
2026-07-04 09:33:42.830 T:1307 debug : CVideoPlayerVideo::OutputPicture - ttd:697ms pts:789.855 Clock:789.157 Level:12
2026-07-04 09:33:42.866 T:1305 debug : CVideoPlayer::ProcessPacket packet from enhancement layer: size:16614 dts:792.472 pts:792.472 dur:41.700ms
2026-07-04 09:33:42.879 T:1307 debug : CVideoPlayerVideo::OutputPicture - ttd:690ms pts:789.896 Clock:789.206 Level:12
2026-07-04 09:33:42.897 T:1305 debug : CVideoPlayer::ProcessVideoData size:1196336 dts:792.514 pts:792.639 dur:41.700ms, clock:789.224 level:100
2026-07-04 09:33:42.922 T:1307 debug : CVideoPlayerVideo::OutputPicture - ttd:688ms pts:789.938 Clock:789.250 Level:11
2026-07-04 09:33:42.936 T:1305 debug : CVideoPlayer::ProcessPacket packet from enhancement layer: size:225044 dts:792.514 pts:792.639 dur:41.700ms
2026-07-04 09:33:42.956 T:1307 debug : CVideoPlayerVideo::OutputPicture - ttd:696ms pts:789.980 Clock:789.284 Level:12
2026-07-04 09:33:42.976 T:1305 debug : CVideoPlayer::ProcessVideoData size:316514 dts:792.556 pts:792.556 dur:41.700ms, clock:789.303 level:100
2026-07-04 09:33:42.999 T:1307 debug : CVideoPlayerVideo::OutputPicture - ttd:694ms pts:790.021 Clock:789.327 Level:12
2026-07-04 09:33:43.010 T:1305 debug : CVideoPlayer::ProcessPacket packet from enhancement layer: size:15875 dts:792.556 pts:792.556 dur:41.700ms
2026-07-04 09:33:43.041 T:1307 debug : CVideoPlayerVideo::OutputPicture - ttd:694ms pts:790.063 Clock:789.368 Level:12
2026-07-04 09:33:43.054 T:1305 debug : CVideoPlayer::ProcessVideoData size:321396 dts:792.597 pts:792.597 dur:41.700ms, clock:789.381 level:100
2026-07-04 09:33:43.082 T:1307 debug : CVideoPlayerVideo::OutputPicture - ttd:695ms pts:790.105 Clock:789.410 Level:12
2026-07-04 09:33:43.124 T:1307 debug : CVideoPlayerVideo::OutputPicture - ttd:695ms pts:790.147 Clock:789.451 Level:12
2026-07-04 09:33:43.167 T:1307 debug : CVideoPlayerVideo::OutputPicture - ttd:693ms pts:790.188 Clock:789.495 Level:12
2026-07-04 09:33:43.202 T:1305 debug : CVideoPlayer::ProcessVideoData size:908735 dts:792.639 pts:792.764 dur:41.700ms, clock:789.530 level:100
2026-07-04 09:33:43.203 T:1305 debug : CVideoPlayer::ProcessPacket packet from enhancement layer: size:14777 dts:792.597 pts:792.597 dur:41.700ms
2026-07-04 09:33:43.203 T:1305 debug : CVideoPlayer::ProcessPacket packet from enhancement layer: size:78802 dts:792.639 pts:792.764 dur:41.700ms
2026-07-04 09:33:43.208 T:1307 debug : CVideoPlayerVideo::OutputPicture - ttd:694ms pts:790.230 Clock:789.536 Level:12
2026-07-04 09:33:43.223 T:1305 debug : CVideoPlayer::ProcessVideoData size:304136 dts:792.681 pts:792.681 dur:41.700ms, clock:789.551 level:100
2026-07-04 09:33:43.237 T:1305 debug : CVideoPlayer::ProcessPacket packet from enhancement layer: size:17568 dts:792.681 pts:792.681 dur:41.700ms
2026-07-04 09:33:43.249 T:1307 debug : CVideoPlayerVideo::OutputPicture - ttd:694ms pts:790.272 Clock:789.577 Level:12
2026-07-04 09:33:43.266 T:1305 debug : CVideoPlayer::ProcessVideoData size:304134 dts:792.723 pts:792.723 dur:41.700ms, clock:789.594 level:100
2026-07-04 09:33:43.293 T:1307 debug : CVideoPlayerVideo::OutputPicture - ttd:692ms pts:790.313 Clock:789.621 Level:12
2026-07-04 09:33:43.332 T:1307 debug : CVideoPlayerVideo::OutputPicture - ttd:695ms pts:790.355 Clock:789.659 Level:12
2026-07-04 09:33:43.374 T:1307 debug : CVideoPlayerVideo::OutputPicture - ttd:694ms pts:790.397 Clock:789.702 Level:12
2026-07-04 09:33:43.425 T:1307 debug : CVideoPlayerVideo::OutputPicture - ttd:686ms pts:790.439 Clock:789.752 Level:11
2026-07-04 09:33:43.459 T:1307 debug : CVideoPlayerVideo::OutputPicture - ttd:693ms pts:790.480 Clock:789.786 Level:11
2026-07-04 09:33:43.500 T:1307 debug : CVideoPlayerVideo::OutputPicture - ttd:695ms pts:790.522 Clock:789.827 Level:11
2026-07-04 09:33:43.546 T:1307 debug : CVideoPlayerVideo::OutputPicture - ttd:690ms pts:790.564 Clock:789.873 Level:11
2026-07-04 09:33:43.553 T:1305 debug : CVideoPlayer::ProcessPacket packet from enhancement layer: size:17617 dts:792.723 pts:792.723 dur:41.700ms
2026-07-04 09:33:43.572 T:1305 debug : CVideoPlayer::ProcessVideoData size:854044 dts:792.764 pts:792.889 dur:41.700ms, clock:789.899 level:100
2026-07-04 09:33:43.572 T:1305 debug : CVideoPlayer::ProcessPacket packet from enhancement layer: size:65388 dts:792.764 pts:792.889 dur:41.700ms
2026-07-04 09:33:43.581 T:1307 debug : CVideoPlayerVideo::OutputPicture - ttd:697ms pts:790.605 Clock:789.908 Level:11
2026-07-04 09:33:43.613 T:1305 debug : CVideoPlayer::ProcessVideoData size:299532 dts:792.806 pts:792.806 dur:41.700ms, clock:789.941 level:100
2026-07-04 09:33:43.614 T:1305 debug : CVideoPlayer::ProcessPacket packet from enhancement layer: size:18207 dts:792.806 pts:792.806 dur:41.700ms
2026-07-04 09:33:43.624 T:1307 debug : CVideoPlayerVideo::OutputPicture - ttd:695ms pts:790.647 Clock:789.951 Level:12
2026-07-04 09:33:43.629 T:1305 debug : CVideoPlayer::ProcessVideoData size:305261 dts:792.848 pts:792.848 dur:41.700ms, clock:789.956 level:100
2026-07-04 09:33:43.672 T:1307 debug : CVideoPlayerVideo::OutputPicture - ttd:689ms pts:790.689 Clock:790.000 Level:11
2026-07-04 09:33:43.709 T:1307 debug : CVideoPlayerVideo::OutputPicture - ttd:694ms pts:790.731 Clock:790.036 Level:12
2026-07-04 09:33:43.748 T:1307 debug : CVideoPlayerVideo::OutputPicture - ttd:696ms pts:790.772 Clock:790.075 Level:12
2026-07-04 09:33:43.799 T:1307 debug : CVideoPlayerVideo::OutputPicture - ttd:687ms pts:790.814 Clock:790.126 Level:11
2026-07-04 09:33:43.834 T:1307 debug : CVideoPlayerVideo::OutputPicture - ttd:694ms pts:790.856 Clock:790.161 Level:12
2026-07-04 09:33:43.873 T:1307 debug : CVideoPlayerVideo::OutputPicture - ttd:697ms pts:790.897 Clock:790.200 Level:12
2026-07-04 09:33:43.903 T:1305 debug : CVideoPlayer::ProcessPacket packet from enhancement layer: size:17953 dts:792.848 pts:792.848 dur:41.700ms
2026-07-04 09:33:43.926 T:1307 debug : CVideoPlayerVideo::OutputPicture - ttd:686ms pts:790.939 Clock:790.253 Level:11
2026-07-04 09:33:43.938 T:1305 debug : CVideoPlayer::ProcessVideoData size:836772 dts:792.889 pts:793.015 dur:41.700ms, clock:790.265 level:100
2026-07-04 09:33:43.938 T:1305 debug : CVideoPlayer::ProcessPacket packet from enhancement layer: size:65269 dts:792.889 pts:793.015 dur:41.700ms
2026-07-04 09:33:43.961 T:1307 debug : CVideoPlayerVideo::OutputPicture - ttd:692ms pts:790.981 Clock:790.289 Level:12
2026-07-04 09:33:43.962 T:1305 debug : CVideoPlayer::ProcessVideoData size:297424 dts:792.931 pts:792.931 dur:41.700ms, clock:790.290 level:100
2026-07-04 09:33:43.986 T:1305 debug : CVideoPlayer::ProcessPacket packet from enhancement layer: size:18502 dts:792.931 pts:792.931 dur:41.700ms
2026-07-04 09:33:44.001 T:1307 debug : CVideoPlayerVideo::OutputPicture - ttd:694ms pts:791.023 Clock:790.328 Level:12
2026-07-04 09:33:44.047 T:1307 debug : CVideoPlayerVideo::OutputPicture - ttd:689ms pts:791.064 Clock:790.375 Level:11
2026-07-04 09:33:44.085 T:1307 debug : CVideoPlayerVideo::OutputPicture - ttd:693ms pts:791.106 Clock:790.412 Level:12
2026-07-04 09:33:44.118 T:1305 debug : CVideoPlayer::ProcessVideoData size:297705 dts:792.973 pts:792.973 dur:41.700ms, clock:790.446 level:100
2026-07-04 09:33:44.123 T:1307 debug : CVideoPlayerVideo::OutputPicture - ttd:697ms pts:791.148 Clock:790.451 Level:11
2026-07-04 09:33:44.174 T:1307 debug : CVideoPlayerVideo::OutputPicture - ttd:687ms pts:791.189 Clock:790.502 Level:11
2026-07-04 09:33:44.187 T:1305 debug : CVideoPlayer::ProcessPacket packet from enhancement layer: size:17754 dts:792.973 pts:792.973 dur:41.700ms
2026-07-04 09:33:44.198 T:1305 debug : CVideoPlayer::ProcessVideoData size:829272 dts:793.015 pts:793.140 dur:41.700ms, clock:790.525 level:100
2026-07-04 09:33:44.199 T:1305 debug : CVideoPlayer::ProcessPacket packet from enhancement layer: size:64194 dts:793.015 pts:793.140 dur:41.700ms
2026-07-04 09:33:44.209 T:1307 debug : CVideoPlayerVideo::OutputPicture - ttd:694ms pts:791.231 Clock:790.536 Level:12
2026-07-04 09:33:44.220 T:1305 debug : CVideoPlayer::ProcessVideoData size:300794 dts:793.056 pts:793.056 dur:41.700ms, clock:790.548 level:100
2026-07-04 09:33:44.235 T:1305 debug : CVideoPlayer::ProcessPacket packet from enhancement layer: size:19015 dts:793.056 pts:793.056 dur:41.700ms
2026-07-04 09:33:44.252 T:1307 debug : CVideoPlayerVideo::OutputPicture - ttd:693ms pts:791.273 Clock:790.579 Level:12
2026-07-04 09:33:44.267 T:1305 debug : CVideoPlayer::ProcessVideoData size:302879 dts:793.098 pts:793.098 dur:41.700ms, clock:790.595 level:100
2026-07-04 09:33:44.301 T:1307 debug : CVideoPlayerVideo::OutputPicture - ttd:686ms pts:791.314 Clock:790.628 Level:11
2026-07-04 09:33:44.334 T:1307 debug : CVideoPlayerVideo::OutputPicture - ttd:695ms pts:791.356 Clock:790.661 Level:12
2026-07-04 09:33:44.376 T:1307 debug : CVideoPlayerVideo::OutputPicture - ttd:694ms pts:791.398 Clock:790.703 Level:12
2026-07-04 09:33:44.394 T:1305 debug : CVideoPlayer::ProcessVideoData size:804314 dts:793.140 pts:793.265 dur:41.700ms, clock:790.721 level:100
2026-07-04 09:33:44.394 T:1305 debug : CVideoPlayer::ProcessPacket packet from enhancement layer: size:18916 dts:793.098 pts:793.098 dur:41.700ms
2026-07-04 09:33:44.395 T:1305 debug : CVideoPlayer::ProcessPacket packet from enhancement layer: size:65584 dts:793.140 pts:793.265 dur:41.700ms
2026-07-04 09:33:44.422 T:1307 debug : CVideoPlayerVideo::OutputPicture - ttd:690ms pts:791.440 Clock:790.750 Level:11
2026-07-04 09:33:44.436 T:1305 debug : CVideoPlayer::ProcessVideoData size:288315 dts:793.181 pts:793.181 dur:41.700ms, clock:790.764 level:100
2026-07-04 09:33:44.460 T:1307 debug : CVideoPlayerVideo::OutputPicture - ttd:694ms pts:791.481 Clock:790.787 Level:12
2026-07-04 09:33:44.465 T:1305 debug : CVideoPlayer::ProcessPacket packet from enhancement layer: size:20982 dts:793.181 pts:793.181 dur:41.700ms
2026-07-04 09:33:44.490 T:1305 debug : CVideoPlayer::ProcessVideoData size:280600 dts:793.223 pts:793.223 dur:41.700ms, clock:790.818 level:100
2026-07-04 09:33:44.499 T:1307 debug : CVideoPlayerVideo::OutputPicture - ttd:696ms pts:791.523 Clock:790.827 Level:12
2026-07-04 09:33:44.543 T:1305 debug : CVideoPlayer::ProcessPacket packet from enhancement layer: size:20844 dts:793.223 pts:793.223 dur:41.700ms
2026-07-04 09:33:44.549 T:1307 debug : CVideoPlayerVideo::OutputPicture - ttd:688ms pts:791.565 Clock:790.876 Level:11
2026-07-04 09:33:44.570 T:1305 debug : CVideoPlayer::ProcessVideoData size:814159 dts:793.265 pts:793.390 dur:41.700ms, clock:790.898 level:100
2026-07-04 09:33:44.584 T:1307 debug : CVideoPlayerVideo::OutputPicture - ttd:694ms pts:791.606 Clock:790.912 Level:12
2026-07-04 09:33:44.625 T:1307 debug : CVideoPlayerVideo::OutputPicture - ttd:695ms pts:791.648 Clock:790.952 Level:12
2026-07-04 09:33:44.673 T:1307 debug : CVideoPlayerVideo::OutputPicture - ttd:689ms pts:791.690 Clock:791.000 Level:11
2026-07-04 09:33:44.706 T:1307 debug : CVideoPlayerVideo::OutputPicture - ttd:697ms pts:791.732 Clock:791.034 Level:12
2026-07-04 09:33:44.751 T:1307 debug : CVideoPlayerVideo::OutputPicture - ttd:694ms pts:791.773 Clock:791.079 Level:12
2026-07-04 09:33:44.799 T:1307 debug : CVideoPlayerVideo::OutputPicture - ttd:688ms pts:791.815 Clock:791.126 Level:11
2026-07-04 09:33:44.854 T:1305 debug : CVideoPlayer::ProcessPacket packet from enhancement layer: size:65044 dts:793.265 pts:793.390 dur:41.700ms
2026-07-04 09:33:44.854 T:1307 debug : CVideoPlayerVideo::OutputPicture - ttd:674ms pts:791.857 Clock:791.182 Level:11
2026-07-04 09:33:44.873 T:1305 debug : CVideoPlayer::ProcessVideoData size:281436 dts:793.306 pts:793.306 dur:41.700ms, clock:791.201 level:0
2026-07-04 09:33:44.874 T:1305 debug : CVideoPlayer::ProcessPacket packet from enhancement layer: size:21024 dts:793.306 pts:793.306 dur:41.700ms
2026-07-04 09:33:44.876 T:1307 debug : CVideoPlayerVideo::OutputPicture - ttd:694ms pts:791.898 Clock:791.204 Level:11
2026-07-04 09:33:44.898 T:1305 debug : CVideoPlayer::ProcessVideoData size:283414 dts:793.348 pts:793.348 dur:41.700ms, clock:791.225 level:0
2026-07-04 09:33:44.991 T:1305 debug : CVideoPlayer::ProcessPacket packet from enhancement layer: size:20756 dts:793.348 pts:793.348 dur:41.700ms
2026-07-04 09:33:44.991 T:1307 debug : CVideoPlayerVideo::OutputPicture - ttd:621ms pts:791.940 Clock:791.319 Level:10
2026-07-04 09:33:44.992 T:1307 debug : CVideoPlayerVideo::OutputPicture - ttd:661ms pts:791.982 Clock:791.320 Level:11
2026-07-04 09:33:45.067 T:1305 debug : CVideoPlayer::ProcessVideoData size:1225703 dts:793.390 pts:793.515 dur:41.700ms, clock:791.395 level:0
2026-07-04 09:33:45.076 T:1307 debug : CVideoPlayerVideo::OutputPicture - ttd:620ms pts:792.024 Clock:791.403 Level:10
2026-07-04 09:33:45.077 T:1307 debug : CVideoPlayerVideo::OutputPicture - ttd:660ms pts:792.065 Clock:791.404 Level:11
2026-07-04 09:33:45.103 T:1305 debug : CVideoPlayer::ProcessPacket packet from enhancement layer: size:226901 dts:793.390 pts:793.515 dur:41.700ms
2026-07-04 09:33:45.103 T:1307 debug : CVideoPlayerVideo::OutputPicture - ttd:676ms pts:792.107 Clock:791.431 Level:11
2026-07-04 09:33:45.170 T:1305 debug : CVideoPlayer::ProcessVideoData size:286148 dts:793.432 pts:793.432 dur:41.700ms, clock:791.498 level:0
2026-07-04 09:33:45.171 T:1305 debug : CVideoPlayer::ProcessPacket packet from enhancement layer: size:20347 dts:793.432 pts:793.432 dur:41.700ms
2026-07-04 09:33:45.174 T:1307 debug : CVideoPlayerVideo::OutputPicture - ttd:646ms pts:792.149 Clock:791.502 Level:10
2026-07-04 09:33:45.253 T:1305 debug : CVideoPlayer::ProcessVideoData size:292340 dts:793.473 pts:793.473 dur:41.700ms, clock:791.581 level:0
2026-07-04 09:33:45.256 T:1307 debug : CVideoPlayerVideo::OutputPicture - ttd:606ms pts:792.190 Clock:791.584 Level:9
2026-07-04 09:33:45.258 T:1307 debug : CVideoPlayerVideo::OutputPicture - ttd:646ms pts:792.232 Clock:791.585 Level:10
2026-07-04 09:33:45.259 T:1307 debug : CVideoPlayerVideo::OutputPicture - ttd:687ms pts:792.274 Clock:791.586 Level:11
2026-07-04 09:33:45.574 T:1305 debug : CVideoPlayer::ProcessVideoData size:830472 dts:793.515 pts:793.640 dur:41.700ms, clock:791.902 level:0
2026-07-04 09:33:45.575 T:1307 debug : CVideoPlayerVideo::OutputPicture - ttd:412ms pts:792.316 Clock:791.903 Level:5
2026-07-04 09:33:45.576 T:1307 debug : CVideoPlayerVideo::OutputPicture - ttd:453ms pts:792.357 Clock:791.904 Level:6
2026-07-04 09:33:45.577 T:1307 debug : CVideoPlayerVideo::OutputPicture - ttd:493ms pts:792.399 Clock:791.905 Level:7
2026-07-04 09:33:45.579 T:1307 debug : CVideoPlayerVideo::OutputPicture - ttd:534ms pts:792.441 Clock:791.906 Level:8
2026-07-04 09:33:45.580 T:1307 debug : CVideoPlayerVideo::OutputPicture - ttd:575ms pts:792.482 Clock:791.907 Level:9
2026-07-04 09:33:45.581 T:1307 debug : CVideoPlayerVideo::OutputPicture - ttd:615ms pts:792.524 Clock:791.908 Level:10
2026-07-04 09:33:45.582 T:1307 debug : CVideoPlayerVideo::OutputPicture - ttd:656ms pts:792.566 Clock:791.910 Level:11
2026-07-04 09:33:45.583 T:1307 debug : CVideoPlayerVideo::OutputPicture - ttd:696ms pts:792.608 Clock:791.911 Level:12
2026-07-04 09:33:45.614 T:1305 debug : CVideoPlayer::ProcessPacket packet from enhancement layer: size:20925 dts:793.473 pts:793.473 dur:41.700ms
2026-07-04 09:33:45.615 T:1305 debug : CVideoPlayer::ProcessPacket packet from enhancement layer: size:68148 dts:793.515 pts:793.640 dur:41.700ms
2026-07-04 09:33:45.704 T:1305 debug : CVideoPlayer::ProcessVideoData size:293289 dts:793.557 pts:793.557 dur:41.700ms, clock:792.032 level:0
2026-07-04 09:33:45.705 T:1305 debug : CVideoPlayer::ProcessPacket packet from enhancement layer: size:21728 dts:793.557 pts:793.557 dur:41.700ms
2026-07-04 09:33:45.708 T:1307 debug : CVideoPlayerVideo::OutputPicture - ttd:613ms pts:792.649 Clock:792.036 Level:10
2026-07-04 09:33:45.709 T:1307 debug : CVideoPlayerVideo::OutputPicture - ttd:653ms pts:792.691 Clock:792.037 Level:11
2026-07-04 09:33:45.710 T:1307 debug : CVideoPlayerVideo::OutputPicture - ttd:694ms pts:792.733 Clock:792.038 Level:11
2026-07-04 09:33:45.743 T:1305 debug : CVideoPlayer::ProcessVideoData size:294016 dts:793.598 pts:793.598 dur:41.700ms, clock:792.071 level:0
2026-07-04 09:33:46.037 T:1305 debug : CVideoPlayer::ProcessVideoData size:854474 dts:793.640 pts:793.765 dur:41.700ms, clock:792.365 level:0
2026-07-04 09:33:46.038 T:1307 debug : CVideoPlayerVideo::OutputPicture - ttd:408ms pts:792.774 Clock:792.365 Level:5
2026-07-04 09:33:46.039 T:1307 debug : CVideoPlayerVideo::OutputPicture - ttd:449ms pts:792.816 Clock:792.367 Level:6
2026-07-04 09:33:46.040 T:1307 debug : CVideoPlayerVideo::OutputPicture - ttd:490ms pts:792.858 Clock:792.368 Level:7
2026-07-04 09:33:46.041 T:1307 debug : CVideoPlayerVideo::OutputPicture - ttd:530ms pts:792.899 Clock:792.369 Level:8
2026-07-04 09:33:46.042 T:1307 debug : CVideoPlayerVideo::OutputPicture - ttd:571ms pts:792.941 Clock:792.370 Level:9
2026-07-04 09:33:46.043 T:1307 debug : CVideoPlayerVideo::OutputPicture - ttd:611ms pts:792.983 Clock:792.371 Level:10
2026-07-04 09:33:46.044 T:1307 debug : CVideoPlayerVideo::OutputPicture - ttd:652ms pts:793.025 Clock:792.372 Level:11
2026-07-04 09:33:46.055 T:1305 debug : CVideoPlayer::ProcessPacket packet from enhancement layer: size:21901 dts:793.598 pts:793.598 dur:41.700ms
2026-07-04 09:33:46.056 T:1305 debug : CVideoPlayer::ProcessPacket packet from enhancement layer: size:68047 dts:793.640 pts:793.765 dur:41.700ms
2026-07-04 09:33:46.060 T:1307 debug : CVideoPlayerVideo::OutputPicture - ttd:678ms pts:793.066 Clock:792.388 Level:11
2026-07-04 09:33:46.075 T:1305 debug : CVideoPlayer::ProcessVideoData size:291638 dts:793.682 pts:793.682 dur:41.700ms, clock:792.403 level:0
2026-07-04 09:33:46.076 T:1305 debug : CVideoPlayer::ProcessPacket packet from enhancement layer: size:21977 dts:793.682 pts:793.682 dur:41.700ms
2026-07-04 09:33:46.107 T:1305 debug : CVideoPlayer::ProcessVideoData size:291023 dts:793.724 pts:793.724 dur:41.700ms, clock:792.435 level:0
2026-07-04 09:33:46.113 T:1307 debug : CVideoPlayerVideo::OutputPicture - ttd:667ms pts:793.108 Clock:792.440 Level:11
2026-07-04 09:33:46.158 T:1305 debug : CVideoPlayer::ProcessPacket packet from enhancement layer: size:21647 dts:793.724 pts:793.724 dur:41.700ms
2026-07-04 09:33:46.159 T:1307 debug : CVideoPlayerVideo::OutputPicture - ttd:663ms pts:793.150 Clock:792.486 Level:11
2026-07-04 09:33:46.185 T:1305 debug : CVideoPlayer::ProcessVideoData size:882326 dts:793.765 pts:793.890 dur:41.700ms, clock:792.512 level:0
2026-07-04 09:33:46.190 T:1307 debug : CVideoPlayerVideo::OutputPicture - ttd:673ms pts:793.191 Clock:792.518 Level:11
2026-07-04 09:33:46.221 T:1305 debug : CVideoPlayer::ProcessPacket packet from enhancement layer: size:65321 dts:793.765 pts:793.890 dur:41.700ms
2026-07-04 09:33:46.221 T:1307 debug : CVideoPlayerVideo::OutputPicture - ttd:684ms pts:793.233 Clock:792.549 Level:11
2026-07-04 09:33:46.245 T:1305 debug : CVideoPlayer::ProcessVideoData size:266817 dts:793.807 pts:793.807 dur:41.700ms, clock:792.573 level:0
2026-07-04 09:33:46.246 T:1305 debug : CVideoPlayer::ProcessPacket packet from enhancement layer: size:27816 dts:793.807 pts:793.807 dur:41.700ms
2026-07-04 09:33:46.248 T:1307 debug : CVideoPlayerVideo::OutputPicture - ttd:698ms pts:793.275 Clock:792.576 Level:12
2026-07-04 09:33:46.273 T:1305 debug : CVideoPlayer::ProcessVideoData size:266515 dts:793.849 pts:793.849 dur:41.700ms, clock:792.601 level:0
2026-07-04 09:33:46.317 T:1305 debug : CVideoPlayer::ProcessPacket packet from enhancement layer: size:27612 dts:793.849 pts:793.849 dur:41.700ms
2026-07-04 09:33:46.317 T:1307 debug : CVideoPlayerVideo::OutputPicture - ttd:671ms pts:793.317 Clock:792.645 Level:11
2026-07-04 09:33:46.335 T:1305 debug : CVideoPlayer::ProcessVideoData size:798825 dts:793.890 pts:794.016 dur:41.700ms, clock:792.663 level:0
2026-07-04 09:33:46.335 T:1305 debug : CVideoPlayer::ProcessPacket packet from enhancement layer: size:43257 dts:793.890 pts:794.016 dur:41.700ms
2026-07-04 09:33:46.340 T:1307 debug : CVideoPlayerVideo::OutputPicture - ttd:690ms pts:793.358 Clock:792.667 Level:11
2026-07-04 09:33:46.358 T:1305 debug : CVideoPlayer::ProcessVideoData size:265033 dts:793.932 pts:793.932 dur:41.700ms, clock:792.686 level:0
2026-07-04 09:33:46.384 T:1305 debug : CVideoPlayer::ProcessPacket packet from enhancement layer: size:27799 dts:793.932 pts:793.932 dur:41.700ms
2026-07-04 09:33:46.384 T:1307 debug : CVideoPlayerVideo::OutputPicture - ttd:688ms pts:793.400 Clock:792.712 Level:11
2026-07-04 09:33:46.446 T:1305 debug : CVideoPlayer::ProcessVideoData size:259226 dts:793.974 pts:793.974 dur:41.700ms, clock:792.774 level:0
2026-07-04 09:33:46.451 T:1307 debug : CVideoPlayerVideo::OutputPicture - ttd:663ms pts:793.442 Clock:792.778 Level:11
2026-07-04 09:33:46.869 T:1307 debug : CVideoPlayerVideo::OutputPicture - ttd:286ms pts:793.483 Clock:793.197 Level:1
2026-07-04 09:33:46.869 T:1307 debug : CVideoPlayerVideo::OutputPicture - ttd:328ms pts:793.525 Clock:793.197 Level:2
2026-07-04 09:33:46.869 T:1307 debug : CVideoPlayerVideo::OutputPicture - ttd:369ms pts:793.567 Clock:793.197 Level:3
2026-07-04 09:33:46.869 T:1307 debug : CVideoPlayerVideo::OutputPicture - ttd:411ms pts:793.609 Clock:793.197 Level:4
2026-07-04 09:33:46.869 T:1307 debug : CVideoPlayerVideo - Stillframe detected, switching to forced 23.976024 fps
2026-07-04 09:33:46.869 T:1307 debug : CPtsTracker: pattern lost on diff 208541.666667, number of losses 3
2026-07-04 09:33:46.869 T:1307 debug : CVideoPlayerVideo::OutputPicture - ttd:620ms pts:793.817 Clock:793.197 Level:5
2026-07-04 09:33:46.910 T:1307 debug : CVideoPlayerVideo::OutputPicture - ttd:620ms pts:793.859 Clock:793.238 Level:5
2026-07-04 09:33:46.925 T:1305 debug : CVideoPlayer::ProcessVideoData size:784155 dts:794.016 pts:794.141 dur:41.700ms, clock:793.253 level:0
2026-07-04 09:33:46.926 T:1307 debug : CVideoPlayerVideo - Stillframe left, switching to normal playback
2026-07-04 09:33:46.989 T:1305 debug : CVideoPlayer::ProcessPacket packet from enhancement layer: size:27580 dts:793.974 pts:793.974 dur:41.700ms
2026-07-04 09:33:46.990 T:1305 debug : CVideoPlayer::ProcessPacket packet from enhancement layer: size:67929 dts:794.016 pts:794.141 dur:41.700ms
2026-07-04 09:33:47.106 T:1308 info : CVideoPlayerAudio::Process - stream stalled
2026-07-04 09:33:47.107 T:1305 debug : CVideoPlayer::ProcessVideoData size:265806 dts:794.057 pts:794.057 dur:41.700ms, clock:793.435 level:0
2026-07-04 09:33:47.107 T:1305 debug : CDVDClock::SetSpeedAdjust - adjusted:0.000000
2026-07-04 09:33:47.107 T:1307 debug : CAMLCodec::SetSpeed, speed(0)
2026-07-04 09:33:47.107 T:1308 debug : CDVDAudio::Pause - pausing audio stream
2026-07-04 09:33:47.108 T:1305 debug : CVideoPlayer::ProcessPacket packet from enhancement layer: size:21166 dts:794.057 pts:794.057 dur:41.700ms
2026-07-04 09:33:47.186 T:1305 debug : CVideoPlayer::ProcessVideoData size:255580 dts:794.099 pts:794.099 dur:41.700ms, clock:793.435 level:0
2026-07-04 09:33:47.197 T:937 debug : ------ Window Init (DialogSeekBar.xml) ------
2026-07-04 09:33:47.446 T:1305 debug : CVideoPlayer::ProcessPacket packet from enhancement layer: size:21000 dts:794.099 pts:794.099 dur:41.700ms
2026-07-04 09:33:47.531 T:1305 debug : CVideoPlayer::ProcessVideoData size:794371 dts:794.141 pts:794.266 dur:41.700ms, clock:793.435 level:0
2026-07-04 09:33:47.532 T:1305 debug : CVideoPlayer::ProcessPacket packet from enhancement layer: size:43118 dts:794.141 pts:794.266 dur:41.700ms
2026-07-04 09:33:47.601 T:1305 debug : CVideoPlayer::ProcessVideoData size:258749 dts:794.182 pts:794.182 dur:41.700ms, clock:793.435 level:0
2026-07-04 09:33:47.712 T:1305 debug : CVideoPlayer::ProcessPacket packet from enhancement layer: size:28259 dts:794.182 pts:794.182 dur:41.700ms
2026-07-04 09:33:47.736 T:1305 debug : CVideoPlayer::ProcessVideoData size:263466 dts:794.224 pts:794.224 dur:41.700ms, clock:793.435 level:0
2026-07-04 09:33:47.834 T:1305 debug : CVideoPlayer::ProcessPacket packet from enhancement layer: size:20718 dts:794.224 pts:794.224 dur:41.700ms
2026-07-04 09:33:47.847 T:1305 debug : CVideoPlayer::ProcessVideoData size:1319676 dts:794.266 pts:794.391 dur:41.700ms, clock:793.435 level:0
2026-07-04 09:33:47.848 T:1305 debug : CVideoPlayer::ProcessPacket packet from enhancement layer: size:236720 dts:794.266 pts:794.391 dur:41.700ms
2026-07-04 09:33:47.864 T:1305 debug : CVideoPlayer::ProcessVideoData size:262812 dts:794.307 pts:794.307 dur:41.700ms, clock:793.435 level:0
2026-07-04 09:33:47.868 T:1307 debug : CVideoPlayerVideo::OutputPicture - ttd:215ms pts:793.650 Clock:793.435 Level:2
2026-07-04 09:33:47.883 T:1305 debug : CVideoPlayer::ProcessPacket packet from enhancement layer: size:27302 dts:794.307 pts:794.307 dur:41.700ms
2026-07-04 09:33:47.883 T:1307 debug : CVideoPlayerVideo::OutputPicture - ttd:256ms pts:793.692 Clock:793.435 Level:3
2026-07-04 09:33:47.916 T:1305 debug : CVideoPlayer::ProcessVideoData size:282759 dts:794.349 pts:794.349 dur:41.700ms, clock:793.435 level:0
2026-07-04 09:33:47.979 T:1305 debug : CVideoPlayer::ProcessPacket packet from enhancement layer: size:20154 dts:794.349 pts:794.349 dur:41.700ms
2026-07-04 09:33:47.998 T:1305 debug : CVideoPlayer::ProcessVideoData size:807040 dts:794.391 pts:794.516 dur:41.700ms, clock:793.435 level:0
2026-07-04 09:33:48.000 T:1305 debug : CVideoPlayer::ProcessPacket packet from enhancement layer: size:48218 dts:794.391 pts:794.516 dur:41.700ms
2026-07-04 09:33:48.020 T:1305 debug : CVideoPlayer::ProcessVideoData size:269863 dts:794.433 pts:794.433 dur:41.700ms, clock:793.435 level:0
2026-07-04 09:33:48.022 T:1305 debug : CVideoPlayer::ProcessPacket packet from enhancement layer: size:20338 dts:794.433 pts:794.433 dur:41.700ms
2026-07-04 09:33:48.071 T:1305 debug : CVideoPlayer::ProcessVideoData size:274849 dts:794.474 pts:794.474 dur:41.700ms, clock:793.435 level:0
2026-07-04 09:33:48.131 T:1305 debug : CVideoPlayer::ProcessPacket packet from enhancement layer: size:20577 dts:794.474 pts:794.474 dur:41.700ms
2026-07-04 09:33:48.148 T:1305 debug : CVideoPlayer::ProcessVideoData size:800244 dts:794.516 pts:794.641 dur:41.700ms, clock:793.435 level:0
2026-07-04 09:33:48.162 T:1305 debug : CVideoPlayer::ProcessPacket packet from enhancement layer: size:45626 dts:794.516 pts:794.641 dur:41.700ms
2026-07-04 09:33:48.190 T:1305 debug : CVideoPlayer::ProcessVideoData size:269543 dts:794.558 pts:794.558 dur:41.700ms, clock:793.435 level:0
2026-07-04 09:33:48.191 T:1305 debug : CVideoPlayer::ProcessPacket packet from enhancement layer: size:19730 dts:794.558 pts:794.558 dur:41.700ms
2026-07-04 09:33:48.215 T:1305 debug : CVideoPlayer::ProcessVideoData size:280699 dts:794.599 pts:794.599 dur:41.700ms, clock:793.435 level:0
2026-07-04 09:33:48.270 T:1305 debug : CVideoPlayer::ProcessPacket packet from enhancement layer: size:19959 dts:794.599 pts:794.599 dur:41.700ms
2026-07-04 09:33:48.292 T:1305 debug : CVideoPlayer::ProcessVideoData size:813496 dts:794.641 pts:794.766 dur:41.700ms, clock:793.435 level:0
2026-07-04 09:33:48.293 T:1305 debug : CVideoPlayer::ProcessPacket packet from enhancement layer: size:41792 dts:794.641 pts:794.766 dur:41.700ms
2026-07-04 09:33:48.316 T:1305 debug : CVideoPlayer::ProcessVideoData size:269657 dts:794.683 pts:794.683 dur:41.700ms, clock:793.435 level:0
2026-07-04 09:33:48.320 T:1307 debug : CVideoPlayerVideo::OutputPicture - ttd:298ms pts:793.734 Clock:793.435 Level:4
2026-07-04 09:33:48.337 T:1305 debug : CVideoPlayer::ProcessPacket packet from enhancement layer: size:25590 dts:794.683 pts:794.683 dur:41.700ms
2026-07-04 09:33:48.337 T:1307 debug : CVideoPlayerVideo::OutputPicture - ttd:340ms pts:793.775 Clock:793.435 Level:5
2026-07-04 09:33:48.358 T:1305 debug : CVideoPlayer::ProcessVideoData size:272705 dts:794.725 pts:794.725 dur:41.700ms, clock:793.435 level:0
2026-07-04 09:33:48.362 T:1307 debug : CVideoPlayerVideo::OutputPicture - ttd:382ms pts:793.817 Clock:793.435 Level:6
2026-07-04 09:33:48.441 T:1305 debug : CVideoPlayer::ProcessVideoData size:837201 dts:794.766 pts:794.891 dur:41.700ms, clock:793.435 level:0
2026-07-04 09:33:48.441 T:1307 debug : CVideoPlayerVideo::OutputPicture - ttd:423ms pts:793.859 Clock:793.435 Level:7
2026-07-04 09:33:48.442 T:1305 debug : CVideoPlayer::ProcessPacket packet from enhancement layer: size:19379 dts:794.725 pts:794.725 dur:41.700ms
2026-07-04 09:33:48.442 T:1305 debug : CVideoPlayer::ProcessPacket packet from enhancement layer: size:66466 dts:794.766 pts:794.891 dur:41.700ms
2026-07-04 09:33:48.448 T:1307 debug : CVideoPlayerVideo::OutputPicture - ttd:465ms pts:793.901 Clock:793.435 Level:8
2026-07-04 09:33:48.449 T:1307 debug : CVideoPlayerVideo::OutputPicture - ttd:507ms pts:793.942 Clock:793.435 Level:9
2026-07-04 09:33:48.467 T:1305 debug : CVideoPlayer::ProcessVideoData size:281829 dts:794.808 pts:794.808 dur:41.700ms, clock:793.435 level:0
2026-07-04 09:33:48.471 T:1307 debug : CVideoPlayerVideo::OutputPicture - ttd:548ms pts:793.984 Clock:793.435 Level:10
2026-07-04 09:33:48.481 T:1305 debug : CVideoPlayer::ProcessPacket packet from enhancement layer: size:18803 dts:794.808 pts:794.808 dur:41.700ms
2026-07-04 09:33:48.481 T:1307 debug : CVideoPlayerVideo::OutputPicture - ttd:590ms pts:794.026 Clock:793.435 Level:11
