2026-07-04 09:30:47.618 T:1305 debug : CVideoPlayer::ProcessVideoData size:241677 dts:710.974 pts:710.974 dur:41.700ms, clock:705.463 level:100
2026-07-04 09:30:47.822 T:1305 debug : CVideoPlayer::ProcessPacket packet from enhancement layer: size:22119 dts:710.974 pts:710.974 dur:41.700ms
2026-07-04 09:30:47.900 T:1305 debug : CVideoPlayer::ProcessVideoData size:690981 dts:711.016 pts:711.141 dur:41.700ms, clock:705.463 level:100
2026-07-04 09:30:47.968 T:1307 debug : CVideoPlayerVideo::OutputPicture - ttd:1011ms pts:706.474 Clock:705.463 Level:-1
2026-07-04 09:30:47.968 T:1307 debug : CVideoPlayerVideo - OUTPUT_AGAIN - vfmt, interlace should be checked.
2026-07-04 09:30:47.988 T:1305 debug : CVideoPlayer::ProcessPacket packet from enhancement layer: size:62853 dts:711.016 pts:711.141 dur:41.700ms
2026-07-04 09:30:48.077 T:1305 debug : CVideoPlayer::ProcessVideoData size:265661 dts:711.058 pts:711.058 dur:41.700ms, clock:705.463 level:100
2026-07-04 09:30:48.077 T:1305 debug : CVideoPlayer::ProcessPacket packet from enhancement layer: size:21175 dts:711.058 pts:711.058 dur:41.700ms
2026-07-04 09:30:48.168 T:1305 debug : CVideoPlayer::ProcessVideoData size:261033 dts:711.099 pts:711.099 dur:41.700ms, clock:705.463 level:100
2026-07-04 09:30:48.458 T:1305 debug : CVideoPlayer::ProcessPacket packet from enhancement layer: size:21452 dts:711.099 pts:711.099 dur:41.700ms
2026-07-04 09:30:48.487 T:1305 debug : CVideoPlayer::ProcessVideoData size:613237 dts:711.141 pts:711.266 dur:41.700ms, clock:705.463 level:100
2026-07-04 09:30:48.488 T:1305 debug : CVideoPlayer::ProcessPacket packet from enhancement layer: size:65022 dts:711.141 pts:711.266 dur:41.700ms
2026-07-04 09:30:48.510 T:1307 debug : CVideoPlayerVideo::OutputPicture - ttd:1011ms pts:706.474 Clock:705.463 Level:-1
2026-07-04 09:30:48.510 T:1307 debug : CVideoPlayerVideo - OUTPUT_AGAIN - vfmt, interlace should be checked.
2026-07-04 09:30:48.522 T:1305 debug : CVideoPlayer::ProcessVideoData size:263438 dts:711.183 pts:711.183 dur:41.700ms, clock:705.463 level:100
2026-07-04 09:30:48.567 T:1305 debug : CVideoPlayer::ProcessPacket packet from enhancement layer: size:21827 dts:711.183 pts:711.183 dur:41.700ms
2026-07-04 09:30:48.574 T:1305 debug : CVideoPlayer::ProcessVideoData size:258440 dts:711.224 pts:711.224 dur:41.700ms, clock:705.463 level:100
2026-07-04 09:30:48.631 T:1305 debug : CVideoPlayer::ProcessPacket packet from enhancement layer: size:21117 dts:711.224 pts:711.224 dur:41.700ms
2026-07-04 09:30:48.659 T:1305 debug : CVideoPlayer::ProcessVideoData size:990092 dts:711.266 pts:711.391 dur:41.700ms, clock:705.463 level:100
2026-07-04 09:30:48.660 T:1305 debug : CVideoPlayer::ProcessPacket packet from enhancement layer: size:223323 dts:711.266 pts:711.391 dur:41.700ms
2026-07-04 09:30:48.682 T:1305 debug : CVideoPlayer::ProcessVideoData size:279508 dts:711.308 pts:711.308 dur:41.700ms, clock:705.463 level:100
2026-07-04 09:30:48.698 T:1305 debug : CVideoPlayer::ProcessPacket packet from enhancement layer: size:20782 dts:711.308 pts:711.308 dur:41.700ms
2026-07-04 09:30:48.716 T:1305 debug : CVideoPlayer::ProcessVideoData size:261714 dts:711.350 pts:711.350 dur:41.700ms, clock:705.463 level:100
2026-07-04 09:30:48.777 T:1305 debug : CVideoPlayer::ProcessPacket packet from enhancement layer: size:20553 dts:711.350 pts:711.350 dur:41.700ms
2026-07-04 09:30:48.806 T:1305 debug : CVideoPlayer::ProcessVideoData size:685187 dts:711.391 pts:711.516 dur:41.700ms, clock:705.463 level:100
2026-07-04 09:30:48.806 T:1305 debug : CVideoPlayer::ProcessPacket packet from enhancement layer: size:63995 dts:711.391 pts:711.516 dur:41.700ms
2026-07-04 09:30:48.855 T:1305 debug : CVideoPlayer::ProcessVideoData size:269784 dts:711.433 pts:711.433 dur:41.700ms, clock:705.463 level:100
2026-07-04 09:30:48.855 T:1305 debug : CVideoPlayer::ProcessPacket packet from enhancement layer: size:22569 dts:711.433 pts:711.433 dur:41.700ms
2026-07-04 09:30:49.052 T:1307 debug : CVideoPlayerVideo::OutputPicture - ttd:1011ms pts:706.474 Clock:705.463 Level:-1
2026-07-04 09:30:49.052 T:1307 debug : CVideoPlayerVideo - OUTPUT_AGAIN - vfmt, interlace should be checked.
2026-07-04 09:30:49.090 T:1305 debug : CVideoPlayer::ProcessVideoData size:259589 dts:711.475 pts:711.475 dur:41.700ms, clock:705.463 level:100
2026-07-04 09:30:49.121 T:1305 debug : CVideoPlayer::ProcessPacket packet from enhancement layer: size:23099 dts:711.475 pts:711.475 dur:41.700ms
2026-07-04 09:30:49.137 T:1305 debug : CVideoPlayer::ProcessVideoData size:728488 dts:711.516 pts:711.642 dur:41.700ms, clock:705.463 level:100
2026-07-04 09:30:49.158 T:1305 debug : CVideoPlayer::ProcessPacket packet from enhancement layer: size:65135 dts:711.516 pts:711.642 dur:41.700ms
2026-07-04 09:30:49.181 T:1305 debug : CVideoPlayer::ProcessVideoData size:264308 dts:711.558 pts:711.558 dur:41.700ms, clock:705.463 level:100
2026-07-04 09:30:49.181 T:1305 debug : CVideoPlayer::ProcessPacket packet from enhancement layer: size:22773 dts:711.558 pts:711.558 dur:41.700ms
2026-07-04 09:30:49.203 T:1305 debug : CVideoPlayer::ProcessVideoData size:260076 dts:711.600 pts:711.600 dur:41.700ms, clock:705.463 level:100
2026-07-04 09:30:49.250 T:1305 debug : CVideoPlayer::ProcessVideoData size:663620 dts:711.642 pts:711.767 dur:41.700ms, clock:705.463 level:100
2026-07-04 09:30:49.263 T:1305 debug : CVideoPlayer::ProcessPacket packet from enhancement layer: size:23225 dts:711.600 pts:711.600 dur:41.700ms
2026-07-04 09:30:49.263 T:1305 debug : CVideoPlayer::ProcessPacket packet from enhancement layer: size:67256 dts:711.642 pts:711.767 dur:41.700ms
2026-07-04 09:30:49.277 T:1305 debug : CVideoPlayer::ProcessVideoData size:282446 dts:711.683 pts:711.683 dur:41.700ms, clock:705.463 level:100
2026-07-04 09:30:49.277 T:1305 debug : CVideoPlayer::ProcessPacket packet from enhancement layer: size:21106 dts:711.683 pts:711.683 dur:41.700ms
2026-07-04 09:30:49.293 T:1305 debug : CVideoPlayer::ProcessVideoData size:260432 dts:711.725 pts:711.725 dur:41.700ms, clock:705.463 level:100
2026-07-04 09:30:49.396 T:1305 debug : CVideoPlayer::ProcessVideoData size:663041 dts:711.767 pts:711.892 dur:41.700ms, clock:705.463 level:100
2026-07-04 09:30:49.396 T:1305 debug : CVideoPlayer::ProcessPacket packet from enhancement layer: size:22432 dts:711.725 pts:711.725 dur:41.700ms
2026-07-04 09:30:49.411 T:1305 debug : CVideoPlayer::ProcessPacket packet from enhancement layer: size:66327 dts:711.767 pts:711.892 dur:41.700ms
2026-07-04 09:30:49.424 T:1305 debug : CVideoPlayer::ProcessVideoData size:248585 dts:711.808 pts:711.808 dur:41.700ms, clock:705.463 level:100
2026-07-04 09:30:49.424 T:1305 debug : CVideoPlayer::ProcessPacket packet from enhancement layer: size:22025 dts:711.808 pts:711.808 dur:41.700ms
2026-07-04 09:30:49.444 T:1305 debug : CVideoPlayer::ProcessVideoData size:264900 dts:711.850 pts:711.850 dur:41.700ms, clock:705.463 level:100
2026-07-04 09:30:49.477 T:1305 debug : CVideoPlayer::ProcessPacket packet from enhancement layer: size:20323 dts:711.850 pts:711.850 dur:41.700ms
2026-07-04 09:30:49.500 T:1305 debug : CVideoPlayer::ProcessVideoData size:664664 dts:711.892 pts:712.017 dur:41.700ms, clock:705.463 level:100
2026-07-04 09:30:49.511 T:1305 debug : CVideoPlayer::ProcessPacket packet from enhancement layer: size:64193 dts:711.892 pts:712.017 dur:41.700ms
2026-07-04 09:30:49.531 T:1305 debug : CVideoPlayer::ProcessVideoData size:252969 dts:711.934 pts:711.934 dur:41.700ms, clock:705.463 level:100
2026-07-04 09:30:49.531 T:1305 debug : CVideoPlayer::ProcessPacket packet from enhancement layer: size:21840 dts:711.934 pts:711.934 dur:41.700ms
2026-07-04 09:30:49.550 T:1305 debug : CVideoPlayer::ProcessVideoData size:266965 dts:711.975 pts:711.975 dur:41.700ms, clock:705.463 level:100
2026-07-04 09:30:49.582 T:1305 debug : CVideoPlayer::ProcessPacket packet from enhancement layer: size:20428 dts:711.975 pts:711.975 dur:41.700ms
2026-07-04 09:30:49.594 T:1307 debug : CVideoPlayerVideo::OutputPicture - ttd:1011ms pts:706.474 Clock:705.463 Level:-1
2026-07-04 09:30:49.594 T:1307 debug : CVideoPlayerVideo - OUTPUT_AGAIN - vfmt, interlace should be checked.
2026-07-04 09:30:49.596 T:1305 debug : CVideoPlayer::ProcessVideoData size:733430 dts:712.017 pts:712.142 dur:41.700ms, clock:705.463 level:100
2026-07-04 09:30:49.616 T:1305 debug : CVideoPlayer::ProcessPacket packet from enhancement layer: size:62913 dts:712.017 pts:712.142 dur:41.700ms
2026-07-04 09:30:49.642 T:1305 debug : CVideoPlayer::ProcessVideoData size:255654 dts:712.059 pts:712.059 dur:41.700ms, clock:705.463 level:100
2026-07-04 09:30:49.642 T:1305 debug : CVideoPlayer::ProcessPacket packet from enhancement layer: size:21535 dts:712.059 pts:712.059 dur:41.700ms
2026-07-04 09:30:49.667 T:1305 debug : CVideoPlayer::ProcessVideoData size:266802 dts:712.100 pts:712.100 dur:41.700ms, clock:705.463 level:100
2026-07-04 09:30:49.750 T:1305 debug : CVideoPlayer::ProcessPacket packet from enhancement layer: size:21998 dts:712.100 pts:712.100 dur:41.700ms
2026-07-04 09:30:49.773 T:1305 debug : CVideoPlayer::ProcessVideoData size:1103183 dts:712.142 pts:712.267 dur:41.700ms, clock:705.463 level:100
2026-07-04 09:30:49.774 T:1305 debug : CVideoPlayer::ProcessPacket packet from enhancement layer: size:225535 dts:712.142 pts:712.267 dur:41.700ms
2026-07-04 09:30:49.797 T:1305 debug : CVideoPlayer::ProcessVideoData size:268369 dts:712.184 pts:712.184 dur:41.700ms, clock:705.463 level:100
2026-07-04 09:30:49.810 T:1305 debug : CVideoPlayer::ProcessPacket packet from enhancement layer: size:21581 dts:712.184 pts:712.184 dur:41.700ms
2026-07-04 09:30:49.830 T:1305 debug : CVideoPlayer::ProcessVideoData size:259573 dts:712.225 pts:712.225 dur:41.700ms, clock:705.463 level:100
2026-07-04 09:30:50.093 T:1305 debug : CVideoPlayer::ProcessVideoData size:702170 dts:712.267 pts:712.392 dur:41.700ms, clock:705.463 level:100
2026-07-04 09:30:50.093 T:1305 debug : CVideoPlayer::ProcessPacket packet from enhancement layer: size:21390 dts:712.225 pts:712.225 dur:41.700ms
2026-07-04 09:30:50.094 T:1305 debug : CVideoPlayer::ProcessPacket packet from enhancement layer: size:67797 dts:712.267 pts:712.392 dur:41.700ms
2026-07-04 09:30:50.113 T:1305 debug : CVideoPlayer::ProcessVideoData size:258534 dts:712.309 pts:712.309 dur:41.700ms, clock:705.463 level:100
2026-07-04 09:30:50.129 T:1305 debug : CVideoPlayer::ProcessPacket packet from enhancement layer: size:22175 dts:712.309 pts:712.309 dur:41.700ms
2026-07-04 09:30:50.136 T:1307 debug : CVideoPlayerVideo::OutputPicture - ttd:1011ms pts:706.474 Clock:705.463 Level:-1
2026-07-04 09:30:50.136 T:1307 debug : CVideoPlayerVideo - OUTPUT_AGAIN - vfmt, interlace should be checked.
2026-07-04 09:30:50.148 T:1305 debug : CVideoPlayer::ProcessVideoData size:268122 dts:712.351 pts:712.351 dur:41.700ms, clock:705.463 level:100
2026-07-04 09:30:50.197 T:1305 debug : CVideoPlayer::ProcessVideoData size:692028 dts:712.392 pts:712.517 dur:41.700ms, clock:705.463 level:100
2026-07-04 09:30:50.198 T:1305 debug : CVideoPlayer::ProcessPacket packet from enhancement layer: size:22115 dts:712.351 pts:712.351 dur:41.700ms
2026-07-04 09:30:50.198 T:1305 debug : CVideoPlayer::ProcessPacket packet from enhancement layer: size:66930 dts:712.392 pts:712.517 dur:41.700ms
2026-07-04 09:30:50.217 T:1305 debug : CVideoPlayer::ProcessVideoData size:255400 dts:712.434 pts:712.434 dur:41.700ms, clock:705.463 level:100
2026-07-04 09:30:50.236 T:1305 debug : CVideoPlayer::ProcessPacket packet from enhancement layer: size:22841 dts:712.434 pts:712.434 dur:41.700ms
2026-07-04 09:30:50.261 T:1305 debug : CVideoPlayer::ProcessVideoData size:248686 dts:712.476 pts:712.476 dur:41.700ms, clock:705.463 level:100
2026-07-04 09:30:50.290 T:1305 debug : CVideoPlayer::ProcessPacket packet from enhancement layer: size:22506 dts:712.476 pts:712.476 dur:41.700ms
2026-07-04 09:30:50.313 T:1305 debug : CVideoPlayer::ProcessVideoData size:692670 dts:712.517 pts:712.643 dur:41.700ms, clock:705.463 level:100
2026-07-04 09:30:50.313 T:1305 debug : CVideoPlayer::ProcessPacket packet from enhancement layer: size:64253 dts:712.517 pts:712.643 dur:41.700ms
2026-07-04 09:30:50.343 T:1305 debug : CVideoPlayer::ProcessVideoData size:261455 dts:712.559 pts:712.559 dur:41.700ms, clock:705.463 level:100
2026-07-04 09:30:50.344 T:1305 debug : CVideoPlayer::ProcessPacket packet from enhancement layer: size:22914 dts:712.559 pts:712.559 dur:41.700ms
2026-07-04 09:30:50.361 T:1305 debug : CVideoPlayer::ProcessVideoData size:258949 dts:712.601 pts:712.601 dur:41.700ms, clock:705.463 level:100
2026-07-04 09:30:50.407 T:1305 debug : CVideoPlayer::ProcessPacket packet from enhancement layer: size:22555 dts:712.601 pts:712.601 dur:41.700ms
2026-07-04 09:30:50.435 T:1305 debug : CVideoPlayer::ProcessVideoData size:682153 dts:712.643 pts:712.768 dur:41.700ms, clock:705.463 level:100
2026-07-04 09:30:50.436 T:1305 debug : CVideoPlayer::ProcessPacket packet from enhancement layer: size:38742 dts:712.643 pts:712.768 dur:41.700ms
2026-07-04 09:30:50.459 T:1305 debug : CVideoPlayer::ProcessVideoData size:249329 dts:712.684 pts:712.684 dur:41.700ms, clock:705.463 level:100
2026-07-04 09:30:50.491 T:1305 debug : CVideoPlayer::ProcessPacket packet from enhancement layer: size:22157 dts:712.684 pts:712.684 dur:41.700ms
2026-07-04 09:30:50.510 T:1305 debug : CVideoPlayer::ProcessVideoData size:240507 dts:712.726 pts:712.726 dur:41.700ms, clock:705.463 level:100
2026-07-04 09:30:50.551 T:1305 debug : CVideoPlayer::ProcessPacket packet from enhancement layer: size:21907 dts:712.726 pts:712.726 dur:41.700ms
2026-07-04 09:30:50.572 T:1305 debug : CVideoPlayer::ProcessVideoData size:677187 dts:712.768 pts:712.893 dur:41.700ms, clock:705.463 level:100
2026-07-04 09:30:50.572 T:1305 debug : CVideoPlayer::ProcessPacket packet from enhancement layer: size:59554 dts:712.768 pts:712.893 dur:41.700ms
2026-07-04 09:30:50.594 T:1305 debug : CVideoPlayer::ProcessVideoData size:266924 dts:712.809 pts:712.809 dur:41.700ms, clock:705.463 level:100
2026-07-04 09:30:50.613 T:1305 debug : CVideoPlayer::ProcessPacket packet from enhancement layer: size:22396 dts:712.809 pts:712.809 dur:41.700ms
2026-07-04 09:30:50.628 T:1305 debug : CVideoPlayer::ProcessVideoData size:266799 dts:712.851 pts:712.851 dur:41.700ms, clock:705.463 level:100
2026-07-04 09:30:50.656 T:1305 debug : CVideoPlayer::ProcessPacket packet from enhancement layer: size:22718 dts:712.851 pts:712.851 dur:41.700ms
2026-07-04 09:30:50.678 T:1307 debug : CVideoPlayerVideo::OutputPicture - ttd:1011ms pts:706.474 Clock:705.463 Level:-1
2026-07-04 09:30:50.678 T:1307 debug : CVideoPlayerVideo - OUTPUT_AGAIN - vfmt, interlace should be checked.
2026-07-04 09:30:50.691 T:1305 debug : CVideoPlayer::ProcessVideoData size:689244 dts:712.893 pts:713.018 dur:41.700ms, clock:705.463 level:100
2026-07-04 09:30:50.691 T:1305 debug : CDVDClock::SetSpeedAdjust - adjusted:0.000000
2026-07-04 09:30:50.691 T:1308 debug : CDVDAudio::Pause - pausing audio stream
2026-07-04 09:30:50.691 T:1308 debug : CDVDAudio::Resume - resume audio stream
2026-07-04 09:30:50.691 T:1305 debug : CDVDClock::SetSpeedAdjust - adjusted:0.000000
2026-07-04 09:30:50.691 T:974 debug : Skipped 1 duplicate messages..
2026-07-04 09:30:50.691 T:974 debug : ActiveAE - start sync of audio stream
2026-07-04 09:30:50.803 T:1307 debug : CVideoPlayerVideo::OutputPicture - ttd:1011ms pts:706.474 Clock:705.463 Level:14
2026-07-04 09:30:50.803 T:1307 debug : CVideoPlayerVideo - OUTPUT_AGAIN - vfmt, interlace should be checked.
2026-07-04 09:30:50.803 T:1307 debug : CAMLCodec::SetSpeed, speed(1000)
2026-07-04 09:30:50.813 T:1305 debug : CVideoPlayer::ProcessPacket packet from enhancement layer: size:61854 dts:712.893 pts:713.018 dur:41.700ms
2026-07-04 09:30:50.820 T:974 debug : ActiveAE::SyncStream - average error of 235.596445, start adjusting
2026-07-04 09:30:50.821 T:974 debug : ActiveAE::SyncStream - average error 15.596445, last average error: 235.596445
2026-07-04 09:30:50.823 T:1307 debug : CVideoPlayerVideo::OutputPicture - ttd:713ms pts:706.307 Clock:705.594 Level:14
2026-07-04 09:30:50.823 T:1307 debug : CVideoPlayerVideo - CDVDMsg::DEMUXER_PACKET - checking interlace vfmt: null
2026-07-04 09:30:50.850 T:1305 debug : CVideoPlayer::ProcessVideoData size:249138 dts:712.935 pts:712.935 dur:41.700ms, clock:705.621 level:100
2026-07-04 09:30:50.871 T:1305 debug : CVideoPlayer::ProcessPacket packet from enhancement layer: size:23550 dts:712.935 pts:712.935 dur:41.700ms
2026-07-04 09:30:50.888 T:1305 debug : CVideoPlayer::ProcessVideoData size:246416 dts:712.976 pts:712.976 dur:41.700ms, clock:705.659 level:100
2026-07-04 09:30:50.903 T:1307 debug : CVideoPlayerVideo::OutputPicture - ttd:674ms pts:706.349 Clock:705.674 Level:14
2026-07-04 09:30:50.943 T:1307 debug : CVideoPlayerVideo - CDVDMsg::DEMUXER_PACKET - checking interlace vfmt: null
2026-07-04 09:30:50.946 T:1307 debug : CVideoPlayerVideo::OutputPicture - ttd:673ms pts:706.391 Clock:705.717 Level:13
2026-07-04 09:30:50.948 T:974 debug : ActiveAE::SyncStream - average error of 136.596951, start adjusting
2026-07-04 09:30:50.948 T:974 debug : ActiveAE::SyncStream - average error 16.596951 below threshold of 30.000000
2026-07-04 09:30:50.989 T:1307 debug : CVideoPlayerVideo::OutputPicture - ttd:672ms pts:706.433 Clock:705.760 Level:13
2026-07-04 09:30:51.027 T:1307 debug : CVideoPlayerVideo::OutputPicture - ttd:675ms pts:706.474 Clock:705.799 Level:14
2026-07-04 09:30:51.047 T:1305 debug : CVideoPlayer::ProcessVideoData size:1064164 dts:713.018 pts:713.143 dur:41.700ms, clock:705.818 level:100
2026-07-04 09:30:51.047 T:1305 debug : CVideoPlayer::ProcessPacket packet from enhancement layer: size:23387 dts:712.976 pts:712.976 dur:41.700ms
2026-07-04 09:30:51.048 T:1305 debug : CVideoPlayer::ProcessPacket packet from enhancement layer: size:119723 dts:713.018 pts:713.143 dur:41.700ms
2026-07-04 09:30:51.061 T:937 debug : ------ Window Deinit (DialogSeekBar.xml) ------
2026-07-04 09:30:51.069 T:1307 debug : CVideoPlayerVideo - CDVDMsg::DEMUXER_PACKET - checking interlace vfmt: null
2026-07-04 09:30:51.069 T:1307 debug : CVideoPlayerVideo::OutputPicture - ttd:675ms pts:706.516 Clock:705.841 Level:14
2026-07-04 09:30:51.077 T:1305 debug : CVideoPlayer::ProcessVideoData size:260293 dts:713.060 pts:713.060 dur:41.700ms, clock:705.849 level:100
2026-07-04 09:30:51.077 T:1305 debug : CVideoPlayer::ProcessPacket packet from enhancement layer: size:22744 dts:713.060 pts:713.060 dur:41.700ms
2026-07-04 09:30:51.100 T:1305 debug : CVideoPlayer::ProcessVideoData size:246697 dts:713.101 pts:713.101 dur:41.700ms, clock:705.871 level:100
2026-07-04 09:30:51.121 T:1307 debug : CVideoPlayerVideo::OutputPicture - ttd:664ms pts:706.558 Clock:705.893 Level:13
2026-07-04 09:30:51.123 T:1307 debug : CVideoPlayerVideo - CDVDMsg::DEMUXER_PACKET - checking interlace vfmt: null
2026-07-04 09:30:51.158 T:1307 debug : CVideoPlayerVideo::OutputPicture - ttd:670ms pts:706.599 Clock:705.929 Level:13
2026-07-04 09:30:51.189 T:937 debug : TEMP: [framecount] video=3840 ctrls=3840 subs=1073 skip-gui=481 skip-any=481
2026-07-04 09:30:51.195 T:1307 debug : CVideoPlayerVideo::OutputPicture - ttd:674ms pts:706.641 Clock:705.966 Level:13
2026-07-04 09:30:51.240 T:1307 debug : CVideoPlayerVideo::OutputPicture - ttd:670ms pts:706.683 Clock:706.012 Level:13
2026-07-04 09:30:51.276 T:1307 debug : CVideoPlayerVideo::OutputPicture - ttd:676ms pts:706.725 Clock:706.048 Level:13
2026-07-04 09:30:51.318 T:1307 debug : CVideoPlayerVideo::OutputPicture - ttd:676ms pts:706.766 Clock:706.089 Level:13
2026-07-04 09:30:51.368 T:1307 debug : CVideoPlayerVideo::OutputPicture - ttd:668ms pts:706.808 Clock:706.139 Level:14
2026-07-04 09:30:51.512 T:1307 debug : CVideoPlayerVideo::OutputPicture - ttd:676ms pts:706.850 Clock:706.173 Level:14
2026-07-04 09:30:51.523 T:1305 debug : CVideoPlayer::ProcessVideoData size:675326 dts:713.143 pts:713.268 dur:41.700ms, clock:706.294 level:100
2026-07-04 09:30:51.523 T:1305 debug : CVideoPlayer::ProcessPacket packet from enhancement layer: size:22783 dts:713.101 pts:713.101 dur:41.700ms
2026-07-04 09:30:51.523 T:1305 debug : CVideoPlayer::ProcessPacket packet from enhancement layer: size:67336 dts:713.143 pts:713.268 dur:41.700ms
2026-07-04 09:30:51.615 T:1307 debug : CVideoPlayerVideo::OutputPicture - ttd:504ms pts:706.891 Clock:706.387 Level:8
2026-07-04 09:30:51.633 T:1307 debug : CVideoPlayerVideo::OutputPicture - ttd:527ms pts:706.933 Clock:706.405 Level:9
2026-07-04 09:30:51.646 T:1307 debug : CVideoPlayerVideo::OutputPicture - ttd:556ms pts:706.975 Clock:706.418 Level:9
2026-07-04 09:30:51.661 T:1307 debug : CVideoPlayerVideo::OutputPicture - ttd:584ms pts:707.017 Clock:706.432 Level:10
2026-07-04 09:30:51.679 T:1307 debug : CVideoPlayerVideo::OutputPicture - ttd:607ms pts:707.058 Clock:706.451 Level:11
2026-07-04 09:30:51.696 T:1307 debug : CVideoPlayerVideo::OutputPicture - ttd:632ms pts:707.100 Clock:706.467 Level:12
2026-07-04 09:30:51.738 T:1307 debug : CVideoPlayerVideo::OutputPicture - ttd:632ms pts:707.142 Clock:706.509 Level:11
2026-07-04 09:30:51.755 T:1307 debug : CVideoPlayerVideo::OutputPicture - ttd:657ms pts:707.183 Clock:706.526 Level:11
2026-07-04 09:30:51.779 T:1307 debug : CVideoPlayerVideo::OutputPicture - ttd:674ms pts:707.225 Clock:706.550 Level:12
2026-07-04 09:30:51.820 T:1307 debug : CVideoPlayerVideo::OutputPicture - ttd:675ms pts:707.267 Clock:706.592 Level:12
2026-07-04 09:30:51.836 T:1305 debug : CVideoPlayer::ProcessVideoData size:237456 dts:713.185 pts:713.185 dur:41.700ms, clock:706.608 level:100
2026-07-04 09:30:51.837 T:1305 debug : CVideoPlayer::ProcessPacket packet from enhancement layer: size:22659 dts:713.185 pts:713.185 dur:41.700ms
2026-07-04 09:30:51.865 T:1307 debug : CVideoPlayerVideo::OutputPicture - ttd:671ms pts:707.309 Clock:706.637 Level:11
2026-07-04 09:30:51.873 T:1305 debug : CVideoPlayer::ProcessVideoData size:230448 dts:713.226 pts:713.226 dur:41.700ms, clock:706.645 level:100
2026-07-04 09:30:51.905 T:1307 debug : CVideoPlayerVideo::OutputPicture - ttd:673ms pts:707.350 Clock:706.676 Level:12
2026-07-04 09:30:51.916 T:1305 debug : CVideoPlayer::ProcessPacket packet from enhancement layer: size:22848 dts:713.226 pts:713.226 dur:41.700ms
2026-07-04 09:30:51.936 T:1305 debug : CVideoPlayer::ProcessVideoData size:666033 dts:713.268 pts:713.393 dur:41.700ms, clock:706.708 level:100
2026-07-04 09:30:51.948 T:1307 debug : CVideoPlayerVideo::OutputPicture - ttd:672ms pts:707.392 Clock:706.720 Level:11
2026-07-04 09:30:51.959 T:1305 debug : CVideoPlayer::ProcessPacket packet from enhancement layer: size:48146 dts:713.268 pts:713.393 dur:41.700ms
2026-07-04 09:30:51.974 T:1308 debug : CDVDClock::ErrorAdjust - CVideoPlayerAudio::OutputPacket - error:82578.532755, adjusted:41708.333333
2026-07-04 09:30:51.982 T:1305 debug : CVideoPlayer::ProcessVideoData size:245619 dts:713.310 pts:713.310 dur:41.700ms, clock:706.796 level:100
2026-07-04 09:30:51.983 T:1305 debug : CVideoPlayer::ProcessPacket packet from enhancement layer: size:23551 dts:713.310 pts:713.310 dur:41.700ms
2026-07-04 09:30:51.998 T:1307 debug : CVideoPlayerVideo::OutputPicture - ttd:621ms pts:707.434 Clock:706.812 Level:10
2026-07-04 09:30:52.023 T:1305 debug : CVideoPlayer::ProcessVideoData size:240676 dts:713.352 pts:713.352 dur:41.700ms, clock:706.837 level:100
2026-07-04 09:30:52.033 T:1307 debug : CVideoPlayerVideo::OutputPicture - ttd:628ms pts:707.475 Clock:706.847 Level:10
2026-07-04 09:30:52.044 T:1307 debug : CVideoPlayerVideo::OutputPicture - ttd:659ms pts:707.517 Clock:706.857 Level:11
2026-07-04 09:30:52.062 T:1305 debug : CVideoPlayer::ProcessPacket packet from enhancement layer: size:23249 dts:713.352 pts:713.352 dur:41.700ms
2026-07-04 09:30:52.076 T:1307 debug : CVideoPlayerVideo::OutputPicture - ttd:669ms pts:707.559 Clock:706.890 Level:11
2026-07-04 09:30:52.085 T:1305 debug : CVideoPlayer::ProcessVideoData size:649259 dts:713.393 pts:713.518 dur:41.700ms, clock:706.899 level:100
2026-07-04 09:30:52.086 T:1305 debug : CVideoPlayer::ProcessPacket packet from enhancement layer: size:45854 dts:713.393 pts:713.518 dur:41.700ms
2026-07-04 09:30:52.110 T:1307 debug : CVideoPlayerVideo::OutputPicture - ttd:677ms pts:707.601 Clock:706.923 Level:12
2026-07-04 09:30:52.113 T:1305 debug : CVideoPlayer::ProcessVideoData size:233035 dts:713.435 pts:713.435 dur:41.700ms, clock:706.927 level:100
2026-07-04 09:30:52.114 T:1305 debug : CVideoPlayer::ProcessPacket packet from enhancement layer: size:22851 dts:713.435 pts:713.435 dur:41.700ms
2026-07-04 09:30:52.154 T:1307 debug : CVideoPlayerVideo::OutputPicture - ttd:674ms pts:707.642 Clock:706.968 Level:12
2026-07-04 09:30:52.199 T:1307 debug : CVideoPlayerVideo::OutputPicture - ttd:671ms pts:707.684 Clock:707.013 Level:11
2026-07-04 09:30:52.236 T:1307 debug : CVideoPlayerVideo::OutputPicture - ttd:676ms pts:707.726 Clock:707.049 Level:11
2026-07-04 09:30:52.277 T:1307 debug : CVideoPlayerVideo::OutputPicture - ttd:676ms pts:707.767 Clock:707.090 Level:11
2026-07-04 09:30:52.329 T:1307 debug : CVideoPlayerVideo::OutputPicture - ttd:666ms pts:707.809 Clock:707.143 Level:11
2026-07-04 09:30:52.365 T:1307 debug : CVideoPlayerVideo::OutputPicture - ttd:672ms pts:707.851 Clock:707.179 Level:12
2026-07-04 09:30:52.389 T:1305 debug : CVideoPlayer::ProcessVideoData size:230634 dts:713.477 pts:713.477 dur:41.700ms, clock:707.202 level:100
2026-07-04 09:30:52.405 T:1307 debug : CVideoPlayerVideo::OutputPicture - ttd:673ms pts:707.892 Clock:707.219 Level:12
2026-07-04 09:30:52.450 T:1305 debug : CVideoPlayer::ProcessPacket packet from enhancement layer: size:22980 dts:713.477 pts:713.477 dur:41.700ms
2026-07-04 09:30:52.451 T:1307 debug : CVideoPlayerVideo::OutputPicture - ttd:669ms pts:707.934 Clock:707.265 Level:11
2026-07-04 09:30:52.488 T:1307 debug : CVideoPlayerVideo::OutputPicture - ttd:674ms pts:707.976 Clock:707.302 Level:12
2026-07-04 09:30:52.505 T:1305 debug : CVideoPlayer::ProcessVideoData size:715653 dts:713.518 pts:713.644 dur:41.700ms, clock:707.319 level:100
2026-07-04 09:30:52.506 T:1305 debug : CVideoPlayer::ProcessPacket packet from enhancement layer: size:37883 dts:713.518 pts:713.644 dur:41.700ms
2026-07-04 09:30:52.531 T:1307 debug : CVideoPlayerVideo::OutputPicture - ttd:673ms pts:708.018 Clock:707.344 Level:12
2026-07-04 09:30:52.553 T:1305 debug : CVideoPlayer::ProcessVideoData size:228436 dts:713.560 pts:713.560 dur:41.700ms, clock:707.367 level:100
2026-07-04 09:30:52.554 T:1305 debug : CVideoPlayer::ProcessPacket packet from enhancement layer: size:23067 dts:713.560 pts:713.560 dur:41.700ms
2026-07-04 09:30:52.574 T:1307 debug : CVideoPlayerVideo::OutputPicture - ttd:671ms pts:708.059 Clock:707.388 Level:11
2026-07-04 09:30:52.581 T:1305 debug : CVideoPlayer::ProcessVideoData size:245182 dts:713.602 pts:713.602 dur:41.700ms, clock:707.395 level:100
2026-07-04 09:30:52.612 T:1307 debug : CVideoPlayerVideo::OutputPicture - ttd:675ms pts:708.101 Clock:707.425 Level:12
2026-07-04 09:30:52.635 T:1305 debug : CVideoPlayer::ProcessPacket packet from enhancement layer: size:21906 dts:713.602 pts:713.602 dur:41.700ms
2026-07-04 09:30:52.654 T:1307 debug : CVideoPlayerVideo::OutputPicture - ttd:675ms pts:708.143 Clock:707.468 Level:12
2026-07-04 09:30:52.674 T:1305 debug : CVideoPlayer::ProcessVideoData size:643812 dts:713.644 pts:713.769 dur:41.700ms, clock:707.487 level:100
2026-07-04 09:30:52.674 T:1305 debug : CVideoPlayer::ProcessPacket packet from enhancement layer: size:61518 dts:713.644 pts:713.769 dur:41.700ms
2026-07-04 09:30:52.701 T:1307 debug : CVideoPlayerVideo::OutputPicture - ttd:669ms pts:708.184 Clock:707.515 Level:11
2026-07-04 09:30:52.706 T:1305 debug : CVideoPlayer::ProcessVideoData size:248289 dts:713.685 pts:713.685 dur:41.700ms, clock:707.520 level:100
2026-07-04 09:30:52.707 T:1305 debug : CVideoPlayer::ProcessPacket packet from enhancement layer: size:20627 dts:713.685 pts:713.685 dur:41.700ms
2026-07-04 09:30:52.737 T:1307 debug : CVideoPlayerVideo::OutputPicture - ttd:675ms pts:708.226 Clock:707.551 Level:11
2026-07-04 09:30:52.747 T:1305 debug : CVideoPlayer::ProcessVideoData size:251831 dts:713.727 pts:713.727 dur:41.700ms, clock:707.561 level:100
2026-07-04 09:30:52.779 T:1307 debug : CVideoPlayerVideo::OutputPicture - ttd:674ms pts:708.268 Clock:707.593 Level:11
2026-07-04 09:30:52.812 T:1305 debug : CVideoPlayer::ProcessPacket packet from enhancement layer: size:20609 dts:713.727 pts:713.727 dur:41.700ms
2026-07-04 09:30:52.831 T:1307 debug : CVideoPlayerVideo::OutputPicture - ttd:664ms pts:708.310 Clock:707.645 Level:11
2026-07-04 09:30:52.837 T:1305 debug : CVideoPlayer::ProcessVideoData size:699571 dts:713.769 pts:713.894 dur:41.700ms, clock:707.650 level:100
2026-07-04 09:30:52.851 T:1305 debug : CVideoPlayer::ProcessPacket packet from enhancement layer: size:45312 dts:713.769 pts:713.894 dur:41.700ms
2026-07-04 09:30:52.865 T:1307 debug : CVideoPlayerVideo::OutputPicture - ttd:672ms pts:708.351 Clock:707.678 Level:11
2026-07-04 09:30:52.905 T:1307 debug : CVideoPlayerVideo::OutputPicture - ttd:674ms pts:708.393 Clock:707.718 Level:11
2026-07-04 09:30:52.950 T:1307 debug : CVideoPlayerVideo::OutputPicture - ttd:671ms pts:708.435 Clock:707.764 Level:11
2026-07-04 09:30:52.986 T:1307 debug : CVideoPlayerVideo::OutputPicture - ttd:676ms pts:708.476 Clock:707.800 Level:11
2026-07-04 09:30:52.995 T:1308 debug : CDVDClock::ErrorAdjust - CVideoPlayerAudio::OutputPacket - error:65771.070328, adjusted:41708.333333
2026-07-04 09:30:53.026 T:1307 debug : CVideoPlayerVideo::OutputPicture - ttd:636ms pts:708.518 Clock:707.881 Level:10
2026-07-04 09:30:53.074 T:1307 debug : CVideoPlayerVideo::OutputPicture - ttd:630ms pts:708.560 Clock:707.929 Level:10
2026-07-04 09:30:53.085 T:1305 debug : CVideoPlayer::ProcessVideoData size:256762 dts:713.810 pts:713.810 dur:41.700ms, clock:707.940 level:100
2026-07-04 09:30:53.086 T:1305 debug : CVideoPlayer::ProcessPacket packet from enhancement layer: size:21507 dts:713.810 pts:713.810 dur:41.700ms
2026-07-04 09:30:53.090 T:1307 debug : CVideoPlayerVideo::OutputPicture - ttd:655ms pts:708.602 Clock:707.946 Level:11
2026-07-04 09:30:53.107 T:1305 debug : CVideoPlayer::ProcessVideoData size:253751 dts:713.852 pts:713.852 dur:41.700ms, clock:707.962 level:100
2026-07-04 09:30:53.111 T:1307 debug : CVideoPlayerVideo::OutputPicture - ttd:676ms pts:708.643 Clock:707.966 Level:11
2026-07-04 09:30:53.160 T:1307 debug : CVideoPlayerVideo::OutputPicture - ttd:669ms pts:708.685 Clock:708.015 Level:11
2026-07-04 09:30:53.197 T:1307 debug : CVideoPlayerVideo::OutputPicture - ttd:674ms pts:708.727 Clock:708.052 Level:11
2026-07-04 09:30:53.211 T:1305 debug : CVideoPlayer::ProcessPacket packet from enhancement layer: size:21636 dts:713.852 pts:713.852 dur:41.700ms
2026-07-04 09:30:53.239 T:1307 debug : CVideoPlayerVideo::OutputPicture - ttd:674ms pts:708.768 Clock:708.094 Level:11
2026-07-04 09:30:53.283 T:1307 debug : CVideoPlayerVideo::OutputPicture - ttd:671ms pts:708.810 Clock:708.139 Level:11
2026-07-04 09:30:53.321 T:1307 debug : CVideoPlayerVideo::OutputPicture - ttd:675ms pts:708.852 Clock:708.176 Level:11
2026-07-04 09:30:53.364 T:1307 debug : CVideoPlayerVideo::OutputPicture - ttd:674ms pts:708.894 Clock:708.220 Level:11
2026-07-04 09:30:53.410 T:1307 debug : CVideoPlayerVideo::OutputPicture - ttd:669ms pts:708.935 Clock:708.266 Level:11
2026-07-04 09:30:53.445 T:1307 debug : CVideoPlayerVideo::OutputPicture - ttd:676ms pts:708.977 Clock:708.301 Level:11
2026-07-04 09:30:53.489 T:1307 debug : CVideoPlayerVideo::OutputPicture - ttd:674ms pts:709.019 Clock:708.344 Level:11
2026-07-04 09:30:53.491 T:1305 debug : CVideoPlayer::ProcessVideoData size:1058852 dts:713.894 pts:714.019 dur:41.700ms, clock:708.347 level:100
2026-07-04 09:30:53.493 T:1305 debug : CVideoPlayer::ProcessPacket packet from enhancement layer: size:223777 dts:713.894 pts:714.019 dur:41.700ms
2026-07-04 09:30:53.520 T:1305 debug : CVideoPlayer::ProcessVideoData size:249460 dts:713.936 pts:713.936 dur:41.700ms, clock:708.376 level:100
2026-07-04 09:30:53.521 T:1305 debug : CVideoPlayer::ProcessPacket packet from enhancement layer: size:21828 dts:713.936 pts:713.936 dur:41.700ms
2026-07-04 09:30:53.535 T:1307 debug : CVideoPlayerVideo::OutputPicture - ttd:669ms pts:709.060 Clock:708.391 Level:11
2026-07-04 09:30:53.540 T:1305 debug : CVideoPlayer::ProcessVideoData size:257500 dts:713.977 pts:713.977 dur:41.700ms, clock:708.396 level:100
2026-07-04 09:30:53.572 T:1307 debug : CVideoPlayerVideo::OutputPicture - ttd:674ms pts:709.102 Clock:708.428 Level:11
2026-07-04 09:30:53.595 T:1305 debug : CVideoPlayer::ProcessPacket packet from enhancement layer: size:20983 dts:713.977 pts:713.977 dur:41.700ms
2026-07-04 09:30:53.616 T:1307 debug : CVideoPlayerVideo::OutputPicture - ttd:671ms pts:709.144 Clock:708.472 Level:11
2026-07-04 09:30:53.630 T:1305 debug : CVideoPlayer::ProcessVideoData size:704424 dts:714.019 pts:714.144 dur:41.700ms, clock:708.486 level:100
2026-07-04 09:30:53.651 T:1305 debug : CVideoPlayer::ProcessPacket packet from enhancement layer: size:49559 dts:714.019 pts:714.144 dur:41.700ms
2026-07-04 09:30:53.667 T:1307 debug : CVideoPlayerVideo::OutputPicture - ttd:662ms pts:709.186 Clock:708.523 Level:11
2026-07-04 09:30:53.670 T:1305 debug : CVideoPlayer::ProcessVideoData size:248418 dts:714.061 pts:714.061 dur:41.700ms, clock:708.526 level:100
2026-07-04 09:30:53.671 T:1305 debug : CVideoPlayer::ProcessPacket packet from enhancement layer: size:21905 dts:714.061 pts:714.061 dur:41.700ms
2026-07-04 09:30:53.700 T:1307 debug : CVideoPlayerVideo::OutputPicture - ttd:671ms pts:709.227 Clock:708.555 Level:11
2026-07-04 09:30:53.738 T:1307 debug : CVideoPlayerVideo::OutputPicture - ttd:675ms pts:709.269 Clock:708.593 Level:11
2026-07-04 09:30:53.785 T:1307 debug : CVideoPlayerVideo::OutputPicture - ttd:670ms pts:709.311 Clock:708.641 Level:11
2026-07-04 09:30:53.821 T:1307 debug : CVideoPlayerVideo::OutputPicture - ttd:675ms pts:709.352 Clock:708.677 Level:11
2026-07-04 09:30:53.863 T:1307 debug : CVideoPlayerVideo::OutputPicture - ttd:675ms pts:709.394 Clock:708.719 Level:11
2026-07-04 09:30:53.909 T:1307 debug : CVideoPlayerVideo::OutputPicture - ttd:670ms pts:709.436 Clock:708.765 Level:11
2026-07-04 09:30:53.910 T:1305 debug : CVideoPlayer::ProcessVideoData size:248260 dts:714.102 pts:714.102 dur:41.700ms, clock:708.765 level:100
2026-07-04 09:30:53.946 T:1307 debug : CVideoPlayerVideo::OutputPicture - ttd:676ms pts:709.477 Clock:708.801 Level:11
2026-07-04 09:30:53.986 T:1307 debug : CVideoPlayerVideo::OutputPicture - ttd:677ms pts:709.519 Clock:708.842 Level:11
2026-07-04 09:30:54.004 T:1305 debug : CVideoPlayer::ProcessPacket packet from enhancement layer: size:21612 dts:714.102 pts:714.102 dur:41.700ms
2026-07-04 09:30:54.034 T:1307 debug : CVideoPlayerVideo::OutputPicture - ttd:671ms pts:709.561 Clock:708.890 Level:11
2026-07-04 09:30:54.043 T:1305 debug : CVideoPlayer::ProcessVideoData size:741350 dts:714.144 pts:714.269 dur:41.700ms, clock:708.899 level:100
2026-07-04 09:30:54.044 T:1305 debug : CVideoPlayer::ProcessPacket packet from enhancement layer: size:53902 dts:714.144 pts:714.269 dur:41.700ms
2026-07-04 09:30:54.074 T:1307 debug : CVideoPlayerVideo::OutputPicture - ttd:673ms pts:709.603 Clock:708.930 Level:11
2026-07-04 09:30:54.115 T:1307 debug : CVideoPlayerVideo::OutputPicture - ttd:673ms pts:709.644 Clock:708.971 Level:11
2026-07-04 09:30:54.116 T:1305 debug : CVideoPlayer::ProcessVideoData size:256282 dts:714.186 pts:714.186 dur:41.700ms, clock:708.972 level:100
2026-07-04 09:30:54.117 T:1305 debug : CVideoPlayer::ProcessPacket packet from enhancement layer: size:21547 dts:714.186 pts:714.186 dur:41.700ms
2026-07-04 09:30:54.161 T:1307 debug : CVideoPlayerVideo::OutputPicture - ttd:669ms pts:709.686 Clock:709.017 Level:11
2026-07-04 09:30:54.198 T:1307 debug : CVideoPlayerVideo::OutputPicture - ttd:673ms pts:709.728 Clock:709.054 Level:11
2026-07-04 09:30:54.237 T:1307 debug : CVideoPlayerVideo::OutputPicture - ttd:676ms pts:709.769 Clock:709.093 Level:11
2026-07-04 09:30:54.249 T:1305 debug : CVideoPlayer::ProcessVideoData size:261769 dts:714.227 pts:714.227 dur:41.700ms, clock:709.104 level:100
2026-07-04 09:30:54.284 T:1307 debug : CVideoPlayerVideo::OutputPicture - ttd:671ms pts:709.811 Clock:709.140 Level:11
2026-07-04 09:30:54.323 T:1307 debug : CVideoPlayerVideo::OutputPicture - ttd:673ms pts:709.853 Clock:709.179 Level:11
2026-07-04 09:30:54.366 T:1307 debug : CVideoPlayerVideo::OutputPicture - ttd:672ms pts:709.895 Clock:709.222 Level:11
2026-07-04 09:30:54.375 T:1305 debug : CVideoPlayer::ProcessVideoData size:633235 dts:714.269 pts:714.394 dur:41.700ms, clock:709.231 level:100
2026-07-04 09:30:54.408 T:1307 debug : CVideoPlayerVideo::OutputPicture - ttd:672ms pts:709.936 Clock:709.264 Level:11
2026-07-04 09:30:54.448 T:1307 debug : CVideoPlayerVideo::OutputPicture - ttd:673ms pts:709.978 Clock:709.304 Level:11
2026-07-04 09:30:54.490 T:1307 debug : CVideoPlayerVideo::OutputPicture - ttd:673ms pts:710.020 Clock:709.346 Level:11
2026-07-04 09:30:54.542 T:1307 debug : CVideoPlayerVideo::OutputPicture - ttd:663ms pts:710.061 Clock:709.398 Level:11
2026-07-04 09:30:54.559 T:1305 debug : CVideoPlayer::ProcessPacket packet from enhancement layer: size:21034 dts:714.227 pts:714.227 dur:41.700ms
2026-07-04 09:30:54.560 T:1305 debug : CVideoPlayer::ProcessPacket packet from enhancement layer: size:68081 dts:714.269 pts:714.394 dur:41.700ms
2026-07-04 09:30:54.573 T:1307 debug : CVideoPlayerVideo::OutputPicture - ttd:674ms pts:710.103 Clock:709.429 Level:11
2026-07-04 09:30:54.585 T:1305 debug : CVideoPlayer::ProcessVideoData size:260015 dts:714.311 pts:714.311 dur:41.700ms, clock:709.441 level:100
2026-07-04 09:30:54.586 T:1305 debug : CVideoPlayer::ProcessPacket packet from enhancement layer: size:21105 dts:714.311 pts:714.311 dur:41.700ms
2026-07-04 09:30:54.604 T:1305 debug : CVideoPlayer::ProcessVideoData size:253839 dts:714.353 pts:714.353 dur:41.700ms, clock:709.460 level:100
2026-07-04 09:30:54.613 T:1307 debug : CVideoPlayerVideo::OutputPicture - ttd:676ms pts:710.145 Clock:709.469 Level:11
2026-07-04 09:30:54.639 T:1305 debug : CVideoPlayer::ProcessPacket packet from enhancement layer: size:21626 dts:714.353 pts:714.353 dur:41.700ms
2026-07-04 09:30:54.661 T:1307 debug : CVideoPlayerVideo::OutputPicture - ttd:669ms pts:710.187 Clock:709.517 Level:11
2026-07-04 09:30:54.687 T:1305 debug : CVideoPlayer::ProcessVideoData size:708865 dts:714.394 pts:714.519 dur:41.700ms, clock:709.543 level:100
2026-07-04 09:30:54.688 T:1305 debug : CVideoPlayer::ProcessPacket packet from enhancement layer: size:47560 dts:714.394 pts:714.519 dur:41.700ms
2026-07-04 09:30:54.696 T:1307 debug : CVideoPlayerVideo::OutputPicture - ttd:676ms pts:710.228 Clock:709.552 Level:11
2026-07-04 09:30:54.729 T:1305 debug : CVideoPlayer::ProcessVideoData size:253449 dts:714.436 pts:714.436 dur:41.700ms, clock:709.585 level:100
2026-07-04 09:30:54.729 T:1305 debug : CVideoPlayer::ProcessPacket packet from enhancement layer: size:22591 dts:714.436 pts:714.436 dur:41.700ms
2026-07-04 09:30:54.738 T:1307 debug : CVideoPlayerVideo::OutputPicture - ttd:675ms pts:710.270 Clock:709.594 Level:11
2026-07-04 09:30:54.770 T:1305 debug : CVideoPlayer::ProcessVideoData size:266667 dts:714.478 pts:714.478 dur:41.700ms, clock:709.626 level:100
2026-07-04 09:30:54.784 T:1307 debug : CVideoPlayerVideo::OutputPicture - ttd:671ms pts:710.312 Clock:709.640 Level:11
2026-07-04 09:30:54.796 T:1305 debug : CVideoPlayer::ProcessPacket packet from enhancement layer: size:21528 dts:714.478 pts:714.478 dur:41.700ms
2026-07-04 09:30:54.821 T:1307 debug : CVideoPlayerVideo::OutputPicture - ttd:676ms pts:710.353 Clock:709.677 Level:11
2026-07-04 09:30:54.862 T:1307 debug : CVideoPlayerVideo::OutputPicture - ttd:677ms pts:710.395 Clock:709.718 Level:11
2026-07-04 09:30:54.871 T:1305 debug : CVideoPlayer::ProcessVideoData size:683662 dts:714.519 pts:714.645 dur:41.700ms, clock:709.727 level:100
2026-07-04 09:30:54.872 T:1305 debug : CVideoPlayer::ProcessPacket packet from enhancement layer: size:58851 dts:714.519 pts:714.645 dur:41.700ms
2026-07-04 09:30:54.911 T:1307 debug : CVideoPlayerVideo::OutputPicture - ttd:669ms pts:710.437 Clock:709.767 Level:11
2026-07-04 09:30:54.947 T:1307 debug : CVideoPlayerVideo::OutputPicture - ttd:675ms pts:710.479 Clock:709.803 Level:11
2026-07-04 09:30:54.953 T:1305 debug : CVideoPlayer::ProcessVideoData size:250200 dts:714.561 pts:714.561 dur:41.700ms, clock:709.809 level:100
2026-07-04 09:30:54.954 T:1305 debug : CVideoPlayer::ProcessPacket packet from enhancement layer: size:22701 dts:714.561 pts:714.561 dur:41.700ms
2026-07-04 09:30:54.972 T:1305 debug : CVideoPlayer::ProcessVideoData size:250758 dts:714.603 pts:714.603 dur:41.700ms, clock:709.828 level:100
2026-07-04 09:30:54.990 T:1307 debug : CVideoPlayerVideo::OutputPicture - ttd:674ms pts:710.520 Clock:709.846 Level:11
2026-07-04 09:30:55.022 T:1305 debug : CVideoPlayer::ProcessPacket packet from enhancement layer: size:22359 dts:714.603 pts:714.603 dur:41.700ms
2026-07-04 09:30:55.036 T:1307 debug : CVideoPlayerVideo::OutputPicture - ttd:670ms pts:710.562 Clock:709.892 Level:11
2026-07-04 09:30:55.042 T:1305 debug : CVideoPlayer::ProcessVideoData size:697625 dts:714.645 pts:714.770 dur:41.700ms, clock:709.898 level:100
2026-07-04 09:30:55.063 T:1305 debug : CVideoPlayer::ProcessPacket packet from enhancement layer: size:43590 dts:714.645 pts:714.770 dur:41.700ms
2026-07-04 09:30:55.073 T:1307 debug : CVideoPlayerVideo::OutputPicture - ttd:674ms pts:710.604 Clock:709.929 Level:11
2026-07-04 09:30:55.085 T:1305 debug : CVideoPlayer::ProcessVideoData size:260225 dts:714.686 pts:714.686 dur:41.700ms, clock:709.941 level:100
2026-07-04 09:30:55.086 T:1305 debug : CVideoPlayer::ProcessPacket packet from enhancement layer: size:21152 dts:714.686 pts:714.686 dur:41.700ms
2026-07-04 09:30:55.112 T:1305 debug : CVideoPlayer::ProcessVideoData size:275461 dts:714.728 pts:714.728 dur:41.700ms, clock:709.968 level:100
2026-07-04 09:30:55.117 T:1307 debug : CVideoPlayerVideo::OutputPicture - ttd:672ms pts:710.645 Clock:709.973 Level:11
2026-07-04 09:30:55.159 T:1307 debug : CVideoPlayerVideo::OutputPicture - ttd:672ms pts:710.687 Clock:710.015 Level:11
2026-07-04 09:30:55.182 T:1305 debug : CVideoPlayer::ProcessPacket packet from enhancement layer: size:19873 dts:714.728 pts:714.728 dur:41.700ms
2026-07-04 09:30:55.198 T:1307 debug : CVideoPlayerVideo::OutputPicture - ttd:674ms pts:710.729 Clock:710.054 Level:11
2026-07-04 09:30:55.208 T:1305 debug : CVideoPlayer::ProcessVideoData size:973769 dts:714.770 pts:714.895 dur:41.700ms, clock:710.064 level:100
2026-07-04 09:30:55.231 T:1305 debug : CVideoPlayer::ProcessPacket packet from enhancement layer: size:221440 dts:714.770 pts:714.895 dur:41.700ms
2026-07-04 09:30:55.242 T:1307 debug : CVideoPlayerVideo::OutputPicture - ttd:672ms pts:710.771 Clock:710.098 Level:11
2026-07-04 09:30:55.251 T:1305 debug : CVideoPlayer::ProcessVideoData size:256906 dts:714.811 pts:714.811 dur:41.700ms, clock:710.107 level:100
2026-07-04 09:30:55.251 T:1305 debug : CVideoPlayer::ProcessPacket packet from enhancement layer: size:21822 dts:714.811 pts:714.811 dur:41.700ms
2026-07-04 09:30:55.271 T:1305 debug : CVideoPlayer::ProcessVideoData size:253514 dts:714.853 pts:714.853 dur:41.700ms, clock:710.127 level:100
2026-07-04 09:30:55.284 T:1307 debug : CVideoPlayerVideo::OutputPicture - ttd:671ms pts:710.812 Clock:710.141 Level:11
2026-07-04 09:30:55.326 T:1307 debug : CVideoPlayerVideo::OutputPicture - ttd:672ms pts:710.854 Clock:710.182 Level:11
2026-07-04 09:30:55.334 T:1305 debug : CVideoPlayer::ProcessPacket packet from enhancement layer: size:22045 dts:714.853 pts:714.853 dur:41.700ms
2026-07-04 09:30:55.367 T:1307 debug : CVideoPlayerVideo::OutputPicture - ttd:672ms pts:710.896 Clock:710.223 Level:11
2026-07-04 09:30:55.416 T:1307 debug : CVideoPlayerVideo::OutputPicture - ttd:664ms pts:710.937 Clock:710.273 Level:11
2026-07-04 09:30:55.453 T:1307 debug : CVideoPlayerVideo::OutputPicture - ttd:669ms pts:710.979 Clock:710.309 Level:11
2026-07-04 09:30:55.466 T:1305 debug : CVideoPlayer::ProcessVideoData size:681318 dts:714.895 pts:715.020 dur:41.700ms, clock:710.322 level:100
2026-07-04 09:30:55.488 T:1307 debug : CVideoPlayerVideo::OutputPicture - ttd:676ms pts:711.021 Clock:710.345 Level:11
2026-07-04 09:30:55.536 T:1307 debug : CVideoPlayerVideo::OutputPicture - ttd:670ms pts:711.063 Clock:710.392 Level:11
2026-07-04 09:30:55.574 T:1307 debug : CVideoPlayerVideo::OutputPicture - ttd:674ms pts:711.104 Clock:710.430 Level:11
2026-07-04 09:30:55.613 T:1307 debug : CVideoPlayerVideo::OutputPicture - ttd:676ms pts:711.146 Clock:710.469 Level:11
2026-07-04 09:30:55.661 T:1307 debug : CVideoPlayerVideo::OutputPicture - ttd:670ms pts:711.188 Clock:710.517 Level:11
2026-07-04 09:30:55.698 T:1307 debug : CVideoPlayerVideo::OutputPicture - ttd:674ms pts:711.229 Clock:710.555 Level:11
2026-07-04 09:30:55.709 T:1305 debug : CVideoPlayer::ProcessPacket packet from enhancement layer: size:47737 dts:714.895 pts:715.020 dur:41.700ms
2026-07-04 09:30:55.724 T:1305 debug : CVideoPlayer::ProcessVideoData size:258734 dts:714.937 pts:714.937 dur:41.700ms, clock:710.580 level:100
2026-07-04 09:30:55.724 T:1305 debug : CVideoPlayer::ProcessPacket packet from enhancement layer: size:24242 dts:714.937 pts:714.937 dur:41.700ms
2026-07-04 09:30:55.739 T:1307 debug : CVideoPlayerVideo::OutputPicture - ttd:676ms pts:711.271 Clock:710.595 Level:11
2026-07-04 09:30:55.747 T:1305 debug : CVideoPlayer::ProcessVideoData size:258787 dts:714.978 pts:714.978 dur:41.700ms, clock:710.603 level:100
2026-07-04 09:30:55.788 T:1307 debug : CVideoPlayerVideo::OutputPicture - ttd:668ms pts:711.313 Clock:710.644 Level:11
2026-07-04 09:30:55.791 T:1305 debug : CVideoPlayer::ProcessPacket packet from enhancement layer: size:23742 dts:714.978 pts:714.978 dur:41.700ms
2026-07-04 09:30:55.824 T:1307 debug : CPtsTracker: detected pattern of length 1: 41711.00, frameduration: 41708.333333
2026-07-04 09:30:55.824 T:1307 debug : CVideoPlayerVideo::OutputPicture - ttd:673ms pts:711.354 Clock:710.681 Level:11
2026-07-04 09:30:55.845 T:1305 debug : CVideoPlayer::ProcessVideoData size:679322 dts:715.020 pts:715.145 dur:41.700ms, clock:710.702 level:100
2026-07-04 09:30:55.866 T:1307 debug : CVideoPlayerVideo::OutputPicture - ttd:673ms pts:711.396 Clock:710.723 Level:11
2026-07-04 09:30:55.911 T:1307 debug : CVideoPlayerVideo::OutputPicture - ttd:670ms pts:711.438 Clock:710.768 Level:11
2026-07-04 09:30:55.934 T:1305 debug : CVideoPlayer::ProcessPacket packet from enhancement layer: size:61216 dts:715.020 pts:715.145 dur:41.700ms
2026-07-04 09:30:55.948 T:1307 debug : CVideoPlayerVideo::OutputPicture - ttd:675ms pts:711.480 Clock:710.804 Level:11
2026-07-04 09:30:55.972 T:1305 debug : CVideoPlayer::ProcessVideoData size:257260 dts:715.062 pts:715.062 dur:41.700ms, clock:710.829 level:100
2026-07-04 09:30:55.973 T:1305 debug : CVideoPlayer::ProcessPacket packet from enhancement layer: size:23135 dts:715.062 pts:715.062 dur:41.700ms
2026-07-04 09:30:55.990 T:1307 debug : CVideoPlayerVideo::OutputPicture - ttd:675ms pts:711.521 Clock:710.846 Level:11
2026-07-04 09:30:56.016 T:1305 debug : CVideoPlayer::ProcessVideoData size:252598 dts:715.103 pts:715.103 dur:41.700ms, clock:710.873 level:100
2026-07-04 09:30:56.036 T:1307 debug : CVideoPlayerVideo::OutputPicture - ttd:670ms pts:711.563 Clock:710.892 Level:11
2026-07-04 09:30:56.043 T:1305 debug : CVideoPlayer::ProcessPacket packet from enhancement layer: size:22878 dts:715.103 pts:715.103 dur:41.700ms
2026-07-04 09:30:56.072 T:1307 debug : CVideoPlayerVideo::OutputPicture - ttd:676ms pts:711.605 Clock:710.928 Level:11
2026-07-04 09:30:56.072 T:1305 debug : CVideoPlayer::ProcessVideoData size:704811 dts:715.145 pts:715.270 dur:41.700ms, clock:710.929 level:100
2026-07-04 09:30:56.089 T:1305 debug : CVideoPlayer::ProcessPacket packet from enhancement layer: size:45067 dts:715.145 pts:715.270 dur:41.700ms
2026-07-04 09:30:56.106 T:1305 debug : CVideoPlayer::ProcessVideoData size:258434 dts:715.187 pts:715.187 dur:41.700ms, clock:710.962 level:100
2026-07-04 09:30:56.108 T:1305 debug : CVideoPlayer::ProcessPacket packet from enhancement layer: size:21835 dts:715.187 pts:715.187 dur:41.700ms
2026-07-04 09:30:56.116 T:1307 debug : CVideoPlayerVideo::OutputPicture - ttd:673ms pts:711.646 Clock:710.973 Level:11
2026-07-04 09:30:56.128 T:1305 debug : CVideoPlayer::ProcessVideoData size:277512 dts:715.228 pts:715.228 dur:41.700ms, clock:710.985 level:100
2026-07-04 09:30:56.163 T:1307 debug : CVideoPlayerVideo::OutputPicture - ttd:668ms pts:711.688 Clock:711.020 Level:11
2026-07-04 09:30:56.165 T:1305 debug : CVideoPlayer::ProcessPacket packet from enhancement layer: size:20577 dts:715.228 pts:715.228 dur:41.700ms
2026-07-04 09:30:56.190 T:1305 debug : CVideoPlayer::ProcessVideoData size:673714 dts:715.270 pts:715.395 dur:41.700ms, clock:711.046 level:100
2026-07-04 09:30:56.197 T:1307 debug : CVideoPlayerVideo::OutputPicture - ttd:676ms pts:711.730 Clock:711.054 Level:11
2026-07-04 09:30:56.222 T:1305 debug : CVideoPlayer::ProcessPacket packet from enhancement layer: size:57883 dts:715.270 pts:715.395 dur:41.700ms
2026-07-04 09:30:56.240 T:1307 debug : CVideoPlayerVideo::OutputPicture - ttd:675ms pts:711.772 Clock:711.096 Level:11
2026-07-04 09:30:56.242 T:1305 debug : CVideoPlayer::ProcessVideoData size:256849 dts:715.312 pts:715.312 dur:41.700ms, clock:711.099 level:100
2026-07-04 09:30:56.243 T:1305 debug : CVideoPlayer::ProcessPacket packet from enhancement layer: size:21474 dts:715.312 pts:715.312 dur:41.700ms
2026-07-04 09:30:56.262 T:1305 debug : CVideoPlayer::ProcessVideoData size:249816 dts:715.354 pts:715.354 dur:41.700ms, clock:711.119 level:100
