2023-07-02 20:52:31.997 T:5091 debug : CPythonInvoker(7): /storage/emulated/0/Android/data/org.xbmc.kodi.quietvoid/files/.kodi/addons/script.kodinerds.android.update
2023-07-02 20:52:31.997 T:5091 debug : CPythonInvoker(7): /storage/emulated/0/Android/data/org.xbmc.kodi.quietvoid/files/.kodi/addons/script.module.simplecache/lib
2023-07-02 20:52:31.997 T:5091 debug : CPythonInvoker(7): /storage/emulated/0/Android/data/org.xbmc.kodi.quietvoid/files/.kodi/addons/script.module.six/lib
2023-07-02 20:52:31.997 T:5091 debug : CPythonInvoker(7): adding args:
2023-07-02 20:52:31.997 T:5091 debug : CPythonInvoker(7):
2023-07-02 20:52:31.998 T:5091 debug : CPythonInvoker(7, /storage/emulated/0/Android/data/org.xbmc.kodi.quietvoid/files/.kodi/addons/script.kodinerds.android.update/service.py): entering source directory /storage/emulated/0/Android/data/org.xbmc.kodi.quietvoid/files/.kodi/addons/script.kodinerds.android.update
2023-07-02 20:52:31.998 T:5091 debug : CPythonInvoker(7, /storage/emulated/0/Android/data/org.xbmc.kodi.quietvoid/files/.kodi/addons/script.kodinerds.android.update/service.py): instantiating addon using automatically obtained id of "script.kodinerds.android.update" dependent on version 3.0.0 of the xbmc.python api
2023-07-02 20:52:32.011 T:5058 debug : ffmpeg[0xc2188dd0]: [image2] Custom AVIOContext makes no sense and will be ignored with AVFMT_NOFILE format.
2023-07-02 20:52:32.021 T:5117 debug : ffmpeg[0xb8ce91a0]: [swscaler] No accelerated colorspace conversion found from yuv420p to bgra.
2023-07-02 20:52:32.027 T:5094 debug : -->Python Interpreter Initialized<--
2023-07-02 20:52:32.028 T:5094 debug :
2023-07-02 20:52:32.028 T:5094 debug : CPythonInvoker(10, /storage/emulated/0/Android/data/org.xbmc.kodi.quietvoid/files/.kodi/addons/service.autostop/service.py): the source file to load is "/storage/emulated/0/Android/data/org.xbmc.kodi.quietvoid/files/.kodi/addons/service.autostop/service.py"
2023-07-02 20:52:32.028 T:5094 debug : CPythonInvoker(10): default python path:
2023-07-02 20:52:32.028 T:5094 debug : CPythonInvoker(10): /data/user/0/org.xbmc.kodi.quietvoid/cache/apk/assets/python3.11/lib/python311.zip
2023-07-02 20:52:32.028 T:5094 debug : CPythonInvoker(10): /data/user/0/org.xbmc.kodi.quietvoid/cache/apk/assets/python3.11
2023-07-02 20:52:32.028 T:5094 debug : CPythonInvoker(10): /data/user/0/org.xbmc.kodi.quietvoid/cache/apk/assets/python3.11/site-packages
2023-07-02 20:52:32.028 T:5094 debug : CPythonInvoker(10): /data/user/0/org.xbmc.kodi.quietvoid/cache/apk/assets/python3.11/lib/python3.11
2023-07-02 20:52:32.028 T:5094 debug : CPythonInvoker(10): /data/user/0/org.xbmc.kodi.quietvoid/cache/apk/assets/python3.11/lib/python3.11/lib-dynload
2023-07-02 20:52:32.028 T:5094 debug : CPythonInvoker(10): /data/user/0/org.xbmc.kodi.quietvoid/cache/apk/assets/python3.11/lib/python3.11/site-packages
2023-07-02 20:52:32.028 T:5094 debug : CPythonInvoker(10): /data/user/0/org.xbmc.kodi.quietvoid/cache/apk/assets/python3.11/lib/python3.11/site-packages/setuptools-65.5.0.post20230329-py3.11.egg
2023-07-02 20:52:32.028 T:5094 debug : CPythonInvoker(10): adding path:
2023-07-02 20:52:32.028 T:5094 debug : CPythonInvoker(10): /storage/emulated/0/Android/data/org.xbmc.kodi.quietvoid/files/.kodi/addons/service.autostop
2023-07-02 20:52:32.028 T:5094 debug : CPythonInvoker(10): adding args:
2023-07-02 20:52:32.028 T:5094 debug : CPythonInvoker(10):
2023-07-02 20:52:32.028 T:5094 debug : CPythonInvoker(10, /storage/emulated/0/Android/data/org.xbmc.kodi.quietvoid/files/.kodi/addons/service.autostop/service.py): entering source directory /storage/emulated/0/Android/data/org.xbmc.kodi.quietvoid/files/.kodi/addons/service.autostop
2023-07-02 20:52:32.029 T:5094 debug : CPythonInvoker(10, /storage/emulated/0/Android/data/org.xbmc.kodi.quietvoid/files/.kodi/addons/service.autostop/service.py): instantiating addon using automatically obtained id of "service.autostop" dependent on version 3.0.0 of the xbmc.python api
2023-07-02 20:52:32.030 T:5117 debug : ffmpeg[0xb8ce91a0]: [image2] Custom AVIOContext makes no sense and will be ignored with AVFMT_NOFILE format.
2023-07-02 20:52:32.038 T:5117 debug : ffmpeg[0xb8ce91a0]: [swscaler] No accelerated colorspace conversion found from yuv420p to bgra.
2023-07-02 20:52:32.045 T:5117 debug : ffmpeg[0xb8ce91a0]: [image2] Custom AVIOContext makes no sense and will be ignored with AVFMT_NOFILE format.
2023-07-02 20:52:32.054 T:5065 debug : ffmpeg[0xc218a600]: [image2] Custom AVIOContext makes no sense and will be ignored with AVFMT_NOFILE format.
2023-07-02 20:52:32.067 T:5065 debug : ffmpeg[0xc218a600]: [swscaler] No accelerated colorspace conversion found from yuv420p to bgra.
2023-07-02 20:52:32.080 T:5065 debug : ffmpeg[0xc218a600]: [image2] Custom AVIOContext makes no sense and will be ignored with AVFMT_NOFILE format.
2023-07-02 20:52:32.093 T:5058 debug : ffmpeg[0xc2188dd0]: [image2] Custom AVIOContext makes no sense and will be ignored with AVFMT_NOFILE format.
2023-07-02 20:52:32.094 T:5117 debug : ffmpeg[0xb8ce91a0]: [image2] Custom AVIOContext makes no sense and will be ignored with AVFMT_NOFILE format.
2023-07-02 20:52:32.101 T:5117 debug : ffmpeg[0xb8ce91a0]: [swscaler] No accelerated colorspace conversion found from yuv420p to bgra.
2023-07-02 20:52:32.111 T:5117 debug : ffmpeg[0xb8ce91a0]: [image2] Custom AVIOContext makes no sense and will be ignored with AVFMT_NOFILE format.
2023-07-02 20:52:32.112 T:5058 debug : ffmpeg[0xc2188dd0]: [swscaler] No accelerated colorspace conversion found from yuv420p to bgra.
2023-07-02 20:52:32.128 T:5058 debug : ffmpeg[0xc2188dd0]: [image2] Custom AVIOContext makes no sense and will be ignored with AVFMT_NOFILE format.
2023-07-02 20:52:32.130 T:5117 debug : ffmpeg[0xb8ce91a0]: [swscaler] No accelerated colorspace conversion found from yuv420p to bgra.
2023-07-02 20:52:32.142 T:5117 debug : ffmpeg[0xb8ce91a0]: [image2] Custom AVIOContext makes no sense and will be ignored with AVFMT_NOFILE format.
2023-07-02 20:52:32.161 T:5117 debug : ffmpeg[0xb8ce91a0]: [swscaler] No accelerated colorspace conversion found from yuv420p to bgra.
2023-07-02 20:52:32.163 T:5065 debug : ffmpeg[0xc218a600]: [image2] Custom AVIOContext makes no sense and will be ignored with AVFMT_NOFILE format.
2023-07-02 20:52:32.171 T:5085 debug : -->Python Interpreter Initialized<--
2023-07-02 20:52:32.172 T:5085 debug :
2023-07-02 20:52:32.172 T:5085 debug : CPythonInvoker(1, /storage/emulated/0/Android/data/org.xbmc.kodi.quietvoid/files/.kodi/addons/plugin.video.amazon-test/service.py): the source file to load is "/storage/emulated/0/Android/data/org.xbmc.kodi.quietvoid/files/.kodi/addons/plugin.video.amazon-test/service.py"
2023-07-02 20:52:32.173 T:5085 debug : CPythonInvoker(1): default python path:
2023-07-02 20:52:32.173 T:5085 debug : CPythonInvoker(1): /data/user/0/org.xbmc.kodi.quietvoid/cache/apk/assets/python3.11/lib/python311.zip
2023-07-02 20:52:32.173 T:5085 debug : CPythonInvoker(1): /data/user/0/org.xbmc.kodi.quietvoid/cache/apk/assets/python3.11
2023-07-02 20:52:32.173 T:5085 debug : CPythonInvoker(1): /data/user/0/org.xbmc.kodi.quietvoid/cache/apk/assets/python3.11/site-packages
2023-07-02 20:52:32.173 T:5085 debug : CPythonInvoker(1): /data/user/0/org.xbmc.kodi.quietvoid/cache/apk/assets/python3.11/lib/python3.11
2023-07-02 20:52:32.173 T:5085 debug : CPythonInvoker(1): /data/user/0/org.xbmc.kodi.quietvoid/cache/apk/assets/python3.11/lib/python3.11/lib-dynload
2023-07-02 20:52:32.173 T:5085 debug : CPythonInvoker(1): /data/user/0/org.xbmc.kodi.quietvoid/cache/apk/assets/python3.11/lib/python3.11/site-packages
2023-07-02 20:52:32.173 T:5085 debug : CPythonInvoker(1): /data/user/0/org.xbmc.kodi.quietvoid/cache/apk/assets/python3.11/lib/python3.11/site-packages/setuptools-65.5.0.post20230329-py3.11.egg
2023-07-02 20:52:32.173 T:5085 debug : CPythonInvoker(1): adding path:
2023-07-02 20:52:32.173 T:5085 debug : CPythonInvoker(1): /storage/emulated/0/Android/data/org.xbmc.kodi.quietvoid/files/.kodi/addons/plugin.video.amazon-test
2023-07-02 20:52:32.173 T:5085 debug : CPythonInvoker(1): /storage/emulated/0/Android/data/org.xbmc.kodi.quietvoid/files/.kodi/addons/script.module.beautifulsoup4/lib
2023-07-02 20:52:32.173 T:5085 debug : CPythonInvoker(1): /storage/emulated/0/Android/data/org.xbmc.kodi.quietvoid/files/.kodi/addons/script.module.certifi/lib
2023-07-02 20:52:32.173 T:5085 debug : CPythonInvoker(1): /storage/emulated/0/Android/data/org.xbmc.kodi.quietvoid/files/.kodi/addons/script.module.chardet/lib
2023-07-02 20:52:32.174 T:5085 debug : CPythonInvoker(1): /storage/emulated/0/Android/data/org.xbmc.kodi.quietvoid/files/.kodi/addons/script.module.idna/lib
2023-07-02 20:52:32.174 T:5085 debug : CPythonInvoker(1): /storage/emulated/0/Android/data/org.xbmc.kodi.quietvoid/files/.kodi/addons/script.module.inputstreamhelper/lib
2023-07-02 20:52:32.174 T:5085 debug : CPythonInvoker(1): /storage/emulated/0/Android/data/org.xbmc.kodi.quietvoid/files/.kodi/addons/script.module.kodi-six/libs
2023-07-02 20:52:32.174 T:5085 debug : CPythonInvoker(1): /storage/emulated/0/Android/data/org.xbmc.kodi.quietvoid/files/.kodi/addons/script.module.mechanicalsoup/lib
2023-07-02 20:52:32.174 T:5085 debug : CPythonInvoker(1): /storage/emulated/0/Android/data/org.xbmc.kodi.quietvoid/files/.kodi/addons/script.module.pyautogui/lib
2023-07-02 20:52:32.174 T:5085 debug : CPythonInvoker(1): /storage/emulated/0/Android/data/org.xbmc.kodi.quietvoid/files/.kodi/addons/script.module.pyxbmct/lib
2023-07-02 20:52:32.174 T:5085 debug : CPythonInvoker(1): /storage/emulated/0/Android/data/org.xbmc.kodi.quietvoid/files/.kodi/addons/script.module.requests/lib
2023-07-02 20:52:32.174 T:5085 debug : CPythonInvoker(1): /storage/emulated/0/Android/data/org.xbmc.kodi.quietvoid/files/.kodi/addons/script.module.six/lib
2023-07-02 20:52:32.174 T:5085 debug : CPythonInvoker(1): /storage/emulated/0/Android/data/org.xbmc.kodi.quietvoid/files/.kodi/addons/script.module.soupsieve/lib
2023-07-02 20:52:32.174 T:5085 debug : CPythonInvoker(1): /storage/emulated/0/Android/data/org.xbmc.kodi.quietvoid/files/.kodi/addons/script.module.urllib3/lib
2023-07-02 20:52:32.174 T:5085 debug : CPythonInvoker(1): adding args:
2023-07-02 20:52:32.174 T:5085 debug : CPythonInvoker(1):
2023-07-02 20:52:32.174 T:5085 debug : CPythonInvoker(1, /storage/emulated/0/Android/data/org.xbmc.kodi.quietvoid/files/.kodi/addons/plugin.video.amazon-test/service.py): entering source directory /storage/emulated/0/Android/data/org.xbmc.kodi.quietvoid/files/.kodi/addons/plugin.video.amazon-test
2023-07-02 20:52:32.176 T:5085 debug : CPythonInvoker(1, /storage/emulated/0/Android/data/org.xbmc.kodi.quietvoid/files/.kodi/addons/plugin.video.amazon-test/service.py): instantiating addon using automatically obtained id of "plugin.video.amazon-test" dependent on version 3.0.0 of the xbmc.python api
2023-07-02 20:52:32.196 T:5117 debug : ffmpeg[0xb8ce91a0]: [image2] Custom AVIOContext makes no sense and will be ignored with AVFMT_NOFILE format.
2023-07-02 20:52:32.197 T:5123 debug : request received for /jsonrpc
2023-07-02 20:52:32.207 T:5086 debug : -->Python Interpreter Initialized<--
2023-07-02 20:52:32.207 T:5086 debug :
2023-07-02 20:52:32.208 T:5086 debug : CPythonInvoker(2, /storage/emulated/0/Android/data/org.xbmc.kodi.quietvoid/files/.kodi/addons/plugin.video.plutotv/pseudotv_recommended.py): the source file to load is "/storage/emulated/0/Android/data/org.xbmc.kodi.quietvoid/files/.kodi/addons/plugin.video.plutotv/pseudotv_recommended.py"
2023-07-02 20:52:32.208 T:5086 debug : CPythonInvoker(2): default python path:
2023-07-02 20:52:32.208 T:5086 debug : CPythonInvoker(2): /data/user/0/org.xbmc.kodi.quietvoid/cache/apk/assets/python3.11/lib/python311.zip
2023-07-02 20:52:32.208 T:5086 debug : CPythonInvoker(2): /data/user/0/org.xbmc.kodi.quietvoid/cache/apk/assets/python3.11
2023-07-02 20:52:32.208 T:5086 debug : CPythonInvoker(2): /data/user/0/org.xbmc.kodi.quietvoid/cache/apk/assets/python3.11/site-packages
2023-07-02 20:52:32.208 T:5086 debug : CPythonInvoker(2): /data/user/0/org.xbmc.kodi.quietvoid/cache/apk/assets/python3.11/lib/python3.11
2023-07-02 20:52:32.208 T:5086 debug : CPythonInvoker(2): /data/user/0/org.xbmc.kodi.quietvoid/cache/apk/assets/python3.11/lib/python3.11/lib-dynload
2023-07-02 20:52:32.209 T:5086 debug : CPythonInvoker(2): /data/user/0/org.xbmc.kodi.quietvoid/cache/apk/assets/python3.11/lib/python3.11/site-packages
2023-07-02 20:52:32.209 T:5086 debug : CPythonInvoker(2): /data/user/0/org.xbmc.kodi.quietvoid/cache/apk/assets/python3.11/lib/python3.11/site-packages/setuptools-65.5.0.post20230329-py3.11.egg
2023-07-02 20:52:32.209 T:5086 debug : CPythonInvoker(2): adding path:
2023-07-02 20:52:32.209 T:5086 debug : CPythonInvoker(2): /storage/emulated/0/Android/data/org.xbmc.kodi.quietvoid/files/.kodi/addons/plugin.video.plutotv
2023-07-02 20:52:32.209 T:5086 debug : CPythonInvoker(2): /storage/emulated/0/Android/data/org.xbmc.kodi.quietvoid/files/.kodi/addons/script.module.certifi/lib
2023-07-02 20:52:32.209 T:5086 debug : CPythonInvoker(2): /storage/emulated/0/Android/data/org.xbmc.kodi.quietvoid/files/.kodi/addons/script.module.chardet/lib
2023-07-02 20:52:32.209 T:5086 debug : CPythonInvoker(2): /storage/emulated/0/Android/data/org.xbmc.kodi.quietvoid/files/.kodi/addons/script.module.idna/lib
2023-07-02 20:52:32.209 T:5086 debug : CPythonInvoker(2): /storage/emulated/0/Android/data/org.xbmc.kodi.quietvoid/files/.kodi/addons/script.module.inputstreamhelper/lib
2023-07-02 20:52:32.209 T:5086 debug : CPythonInvoker(2): /storage/emulated/0/Android/data/org.xbmc.kodi.quietvoid/files/.kodi/addons/script.module.kodi-six/libs
2023-07-02 20:52:32.209 T:5086 debug : CPythonInvoker(2): /storage/emulated/0/Android/data/org.xbmc.kodi.quietvoid/files/.kodi/addons/script.module.requests/lib
2023-07-02 20:52:32.209 T:5086 debug : CPythonInvoker(2): /storage/emulated/0/Android/data/org.xbmc.kodi.quietvoid/files/.kodi/addons/script.module.routing/lib
2023-07-02 20:52:32.209 T:5086 debug : CPythonInvoker(2): /storage/emulated/0/Android/data/org.xbmc.kodi.quietvoid/files/.kodi/addons/script.module.simplecache/lib
2023-07-02 20:52:32.209 T:5086 debug : CPythonInvoker(2): /storage/emulated/0/Android/data/org.xbmc.kodi.quietvoid/files/.kodi/addons/script.module.six/lib
2023-07-02 20:52:32.209 T:5086 debug : CPythonInvoker(2): /storage/emulated/0/Android/data/org.xbmc.kodi.quietvoid/files/.kodi/addons/script.module.urllib3/lib
2023-07-02 20:52:32.209 T:5086 debug : CPythonInvoker(2): adding args:
2023-07-02 20:52:32.209 T:5086 debug : CPythonInvoker(2):
2023-07-02 20:52:32.209 T:5086 debug : CPythonInvoker(2, /storage/emulated/0/Android/data/org.xbmc.kodi.quietvoid/files/.kodi/addons/plugin.video.plutotv/pseudotv_recommended.py): entering source directory /storage/emulated/0/Android/data/org.xbmc.kodi.quietvoid/files/.kodi/addons/plugin.video.plutotv
2023-07-02 20:52:32.211 T:5086 debug : CPythonInvoker(2, /storage/emulated/0/Android/data/org.xbmc.kodi.quietvoid/files/.kodi/addons/plugin.video.plutotv/pseudotv_recommended.py): instantiating addon using automatically obtained id of "plugin.video.plutotv" dependent on version 3.0.0 of the xbmc.python api
2023-07-02 20:52:32.216 T:5123 debug : request received for /jsonrpc
2023-07-02 20:52:32.224 T:5117 debug : ffmpeg[0xb8ce91a0]: [swscaler] No accelerated colorspace conversion found from yuv420p to bgra.
2023-07-02 20:52:32.232 T:5058 debug : ffmpeg[0xc2188dd0]: [image2] Custom AVIOContext makes no sense and will be ignored with AVFMT_NOFILE format.
2023-07-02 20:52:32.235 T:5117 debug : ffmpeg[0xb8ce91a0]: [image2] Custom AVIOContext makes no sense and will be ignored with AVFMT_NOFILE format.
2023-07-02 20:52:32.237 T:5102 debug : JSONRPC Server: New connection detected
2023-07-02 20:52:32.239 T:5123 debug : request received for /jsonrpc
2023-07-02 20:52:32.246 T:5102 info : JSONRPC Server: New connection added
2023-07-02 20:52:32.249 T:5127 debug : request received for /jsonrpc
2023-07-02 20:52:32.259 T:5065 debug : ffmpeg[0xc218a600]: [image2] Custom AVIOContext makes no sense and will be ignored with AVFMT_NOFILE format.
2023-07-02 20:52:32.267 T:5092 debug : -->Python Interpreter Initialized<--
2023-07-02 20:52:32.267 T:5092 debug :
2023-07-02 20:52:32.267 T:5092 debug : CPythonInvoker(8, /storage/emulated/0/Android/data/org.xbmc.kodi.quietvoid/files/.kodi/addons/script.logviewer/service.py): the source file to load is "/storage/emulated/0/Android/data/org.xbmc.kodi.quietvoid/files/.kodi/addons/script.logviewer/service.py"
2023-07-02 20:52:32.267 T:5092 debug : CPythonInvoker(8): default python path:
2023-07-02 20:52:32.267 T:5092 debug : CPythonInvoker(8): /data/user/0/org.xbmc.kodi.quietvoid/cache/apk/assets/python3.11/lib/python311.zip
2023-07-02 20:52:32.267 T:5092 debug : CPythonInvoker(8): /data/user/0/org.xbmc.kodi.quietvoid/cache/apk/assets/python3.11
2023-07-02 20:52:32.268 T:5092 debug : CPythonInvoker(8): /data/user/0/org.xbmc.kodi.quietvoid/cache/apk/assets/python3.11/site-packages
2023-07-02 20:52:32.268 T:5092 debug : CPythonInvoker(8): /data/user/0/org.xbmc.kodi.quietvoid/cache/apk/assets/python3.11/lib/python3.11
2023-07-02 20:52:32.268 T:5092 debug : CPythonInvoker(8): /data/user/0/org.xbmc.kodi.quietvoid/cache/apk/assets/python3.11/lib/python3.11/lib-dynload
2023-07-02 20:52:32.268 T:5092 debug : CPythonInvoker(8): /data/user/0/org.xbmc.kodi.quietvoid/cache/apk/assets/python3.11/lib/python3.11/site-packages
2023-07-02 20:52:32.268 T:5092 debug : CPythonInvoker(8): /data/user/0/org.xbmc.kodi.quietvoid/cache/apk/assets/python3.11/lib/python3.11/site-packages/setuptools-65.5.0.post20230329-py3.11.egg
2023-07-02 20:52:32.268 T:5092 debug : CPythonInvoker(8): adding path:
2023-07-02 20:52:32.268 T:5092 debug : CPythonInvoker(8): /storage/emulated/0/Android/data/org.xbmc.kodi.quietvoid/files/.kodi/addons/script.logviewer
2023-07-02 20:52:32.268 T:5092 debug : CPythonInvoker(8): adding args:
2023-07-02 20:52:32.268 T:5092 debug : CPythonInvoker(8):
2023-07-02 20:52:32.268 T:5092 debug : CPythonInvoker(8, /storage/emulated/0/Android/data/org.xbmc.kodi.quietvoid/files/.kodi/addons/script.logviewer/service.py): entering source directory /storage/emulated/0/Android/data/org.xbmc.kodi.quietvoid/files/.kodi/addons/script.logviewer
2023-07-02 20:52:32.269 T:5092 debug : CPythonInvoker(8, /storage/emulated/0/Android/data/org.xbmc.kodi.quietvoid/files/.kodi/addons/script.logviewer/service.py): instantiating addon using automatically obtained id of "script.logviewer" dependent on version 3.0.0 of the xbmc.python api
2023-07-02 20:52:32.277 T:5065 debug : ffmpeg[0xc218a600]: [swscaler] No accelerated colorspace conversion found from yuv420p to bgra.
2023-07-02 20:52:32.290 T:5065 debug : ffmpeg[0xc218a600]: [image2] Custom AVIOContext makes no sense and will be ignored with AVFMT_NOFILE format.
2023-07-02 20:52:32.297 T:5093 debug : -->Python Interpreter Initialized<--
2023-07-02 20:52:32.298 T:5093 debug :
2023-07-02 20:52:32.298 T:5093 debug : CPythonInvoker(9, /storage/emulated/0/Android/data/org.xbmc.kodi.quietvoid/files/.kodi/addons/script.xbmcbackup/service.py): the source file to load is "/storage/emulated/0/Android/data/org.xbmc.kodi.quietvoid/files/.kodi/addons/script.xbmcbackup/service.py"
2023-07-02 20:52:32.298 T:5093 debug : CPythonInvoker(9): default python path:
2023-07-02 20:52:32.298 T:5093 debug : CPythonInvoker(9): /data/user/0/org.xbmc.kodi.quietvoid/cache/apk/assets/python3.11/lib/python311.zip
2023-07-02 20:52:32.298 T:5093 debug : CPythonInvoker(9): /data/user/0/org.xbmc.kodi.quietvoid/cache/apk/assets/python3.11
2023-07-02 20:52:32.298 T:5093 debug : CPythonInvoker(9): /data/user/0/org.xbmc.kodi.quietvoid/cache/apk/assets/python3.11/site-packages
2023-07-02 20:52:32.298 T:5093 debug : CPythonInvoker(9): /data/user/0/org.xbmc.kodi.quietvoid/cache/apk/assets/python3.11/lib/python3.11
2023-07-02 20:52:32.298 T:5093 debug : CPythonInvoker(9): /data/user/0/org.xbmc.kodi.quietvoid/cache/apk/assets/python3.11/lib/python3.11/lib-dynload
2023-07-02 20:52:32.298 T:5093 debug : CPythonInvoker(9): /data/user/0/org.xbmc.kodi.quietvoid/cache/apk/assets/python3.11/lib/python3.11/site-packages
2023-07-02 20:52:32.298 T:5093 debug : CPythonInvoker(9): /data/user/0/org.xbmc.kodi.quietvoid/cache/apk/assets/python3.11/lib/python3.11/site-packages/setuptools-65.5.0.post20230329-py3.11.egg
2023-07-02 20:52:32.299 T:5093 debug : CPythonInvoker(9): adding path:
2023-07-02 20:52:32.299 T:5093 debug : CPythonInvoker(9): /storage/emulated/0/Android/data/org.xbmc.kodi.quietvoid/files/.kodi/addons/script.module.certifi/lib
2023-07-02 20:52:32.299 T:5093 debug : CPythonInvoker(9): /storage/emulated/0/Android/data/org.xbmc.kodi.quietvoid/files/.kodi/addons/script.module.chardet/lib
2023-07-02 20:52:32.299 T:5093 debug : CPythonInvoker(9): /storage/emulated/0/Android/data/org.xbmc.kodi.quietvoid/files/.kodi/addons/script.module.dateutil/lib
2023-07-02 20:52:32.299 T:5093 debug : CPythonInvoker(9): /storage/emulated/0/Android/data/org.xbmc.kodi.quietvoid/files/.kodi/addons/script.module.dropbox/lib
2023-07-02 20:52:32.299 T:5093 debug : CPythonInvoker(9): /storage/emulated/0/Android/data/org.xbmc.kodi.quietvoid/files/.kodi/addons/script.module.future/lib
2023-07-02 20:52:32.299 T:5093 debug : CPythonInvoker(9): /storage/emulated/0/Android/data/org.xbmc.kodi.quietvoid/files/.kodi/addons/script.module.idna/lib
2023-07-02 20:52:32.299 T:5093 debug : CPythonInvoker(9): /storage/emulated/0/Android/data/org.xbmc.kodi.quietvoid/files/.kodi/addons/script.module.pyqrcode/lib
2023-07-02 20:52:32.299 T:5093 debug : CPythonInvoker(9): /storage/emulated/0/Android/data/org.xbmc.kodi.quietvoid/files/.kodi/addons/script.module.requests/lib
2023-07-02 20:52:32.299 T:5093 debug : CPythonInvoker(9): /storage/emulated/0/Android/data/org.xbmc.kodi.quietvoid/files/.kodi/addons/script.module.six/lib
2023-07-02 20:52:32.299 T:5093 debug : CPythonInvoker(9): /storage/emulated/0/Android/data/org.xbmc.kodi.quietvoid/files/.kodi/addons/script.module.urllib3/lib
2023-07-02 20:52:32.299 T:5093 debug : CPythonInvoker(9): /storage/emulated/0/Android/data/org.xbmc.kodi.quietvoid/files/.kodi/addons/script.xbmcbackup
2023-07-02 20:52:32.299 T:5093 debug : CPythonInvoker(9): adding args:
2023-07-02 20:52:32.299 T:5093 debug : CPythonInvoker(9):
2023-07-02 20:52:32.299 T:5093 debug : CPythonInvoker(9, /storage/emulated/0/Android/data/org.xbmc.kodi.quietvoid/files/.kodi/addons/script.xbmcbackup/service.py): entering source directory /storage/emulated/0/Android/data/org.xbmc.kodi.quietvoid/files/.kodi/addons/script.xbmcbackup
2023-07-02 20:52:32.302 T:5093 debug : CPythonInvoker(9, /storage/emulated/0/Android/data/org.xbmc.kodi.quietvoid/files/.kodi/addons/script.xbmcbackup/service.py): instantiating addon using automatically obtained id of "script.xbmcbackup" dependent on version 3.0.0 of the xbmc.python api
2023-07-02 20:52:32.333 T:5084 debug : -->Python Interpreter Initialized<--
2023-07-02 20:52:32.334 T:5084 debug :
2023-07-02 20:52:32.334 T:5084 debug : CPythonInvoker(0, /storage/emulated/0/Android/data/org.xbmc.kodi.quietvoid/files/.kodi/addons/inputstream.ffmpegdirect/resources/lib/runner.py): the source file to load is "/storage/emulated/0/Android/data/org.xbmc.kodi.quietvoid/files/.kodi/addons/inputstream.ffmpegdirect/resources/lib/runner.py"
2023-07-02 20:52:32.334 T:5084 debug : CPythonInvoker(0): default python path:
2023-07-02 20:52:32.334 T:5084 debug : CPythonInvoker(0): /data/user/0/org.xbmc.kodi.quietvoid/cache/apk/assets/python3.11/lib/python311.zip
2023-07-02 20:52:32.334 T:5084 debug : CPythonInvoker(0): /data/user/0/org.xbmc.kodi.quietvoid/cache/apk/assets/python3.11
2023-07-02 20:52:32.334 T:5084 debug : CPythonInvoker(0): /data/user/0/org.xbmc.kodi.quietvoid/cache/apk/assets/python3.11/site-packages
2023-07-02 20:52:32.335 T:5084 debug : CPythonInvoker(0): /data/user/0/org.xbmc.kodi.quietvoid/cache/apk/assets/python3.11/lib/python3.11
2023-07-02 20:52:32.335 T:5084 debug : CPythonInvoker(0): /data/user/0/org.xbmc.kodi.quietvoid/cache/apk/assets/python3.11/lib/python3.11/lib-dynload
2023-07-02 20:52:32.336 T:5084 debug : CPythonInvoker(0): /data/user/0/org.xbmc.kodi.quietvoid/cache/apk/assets/python3.11/lib/python3.11/site-packages
2023-07-02 20:52:32.336 T:5084 debug : CPythonInvoker(0): /data/user/0/org.xbmc.kodi.quietvoid/cache/apk/assets/python3.11/lib/python3.11/site-packages/setuptools-65.5.0.post20230329-py3.11.egg
2023-07-02 20:52:32.336 T:5084 debug : CPythonInvoker(0): adding path:
2023-07-02 20:52:32.336 T:5084 debug : CPythonInvoker(0): /storage/emulated/0/Android/data/org.xbmc.kodi.quietvoid/files/.kodi/addons/inputstream.ffmpegdirect/resources/lib
2023-07-02 20:52:32.336 T:5084 debug : CPythonInvoker(0): adding args:
2023-07-02 20:52:32.336 T:5084 debug : CPythonInvoker(0):
2023-07-02 20:52:32.336 T:5084 debug : CPythonInvoker(0, /storage/emulated/0/Android/data/org.xbmc.kodi.quietvoid/files/.kodi/addons/inputstream.ffmpegdirect/resources/lib/runner.py): entering source directory /storage/emulated/0/Android/data/org.xbmc.kodi.quietvoid/files/.kodi/addons/inputstream.ffmpegdirect/resources/lib
2023-07-02 20:52:32.345 T:5058 debug : ffmpeg[0xc2188dd0]: [swscaler] No accelerated colorspace conversion found from yuv420p to bgra.
2023-07-02 20:52:32.348 T:5058 debug : DoWork - took 126 ms to load special://masterprofile/Thumbnails/5/55bf1db8.jpg
2023-07-02 20:52:32.352 T:5084 debug : CPythonInvoker(0, /storage/emulated/0/Android/data/org.xbmc.kodi.quietvoid/files/.kodi/addons/inputstream.ffmpegdirect/resources/lib/runner.py): instantiating addon using automatically obtained id of "inputstream.ffmpegdirect" dependent on version 0.0.0 of the xbmc.python api
2023-07-02 20:52:32.353 T:5117 debug : DoWork - took 123 ms to load special://masterprofile/Thumbnails/3/3cc498bb.jpg
2023-07-02 20:52:32.356 T:5058 debug : ffmpeg[0xc2188dd0]: [image2] Custom AVIOContext makes no sense and will be ignored with AVFMT_NOFILE format.
2023-07-02 20:52:32.365 T:5117 debug : ffmpeg[0xb8ce91a0]: [image2] Custom AVIOContext makes no sense and will be ignored with AVFMT_NOFILE format.
2023-07-02 20:52:32.369 T:5117 debug : ffmpeg[0xb8ce91a0]: [swscaler] No accelerated colorspace conversion found from yuv420p to bgra.
2023-07-02 20:52:32.371 T:5089 debug : -->Python Interpreter Initialized<--
2023-07-02 20:52:32.371 T:5089 debug :
2023-07-02 20:52:32.371 T:5089 debug : CPythonInvoker(5, /storage/emulated/0/Android/data/org.xbmc.kodi.quietvoid/files/.kodi/addons/script.advanced.wol/autostart.py): the source file to load is "/storage/emulated/0/Android/data/org.xbmc.kodi.quietvoid/files/.kodi/addons/script.advanced.wol/autostart.py"
2023-07-02 20:52:32.371 T:5089 debug : CPythonInvoker(5): default python path:
2023-07-02 20:52:32.371 T:5089 debug : CPythonInvoker(5): /data/user/0/org.xbmc.kodi.quietvoid/cache/apk/assets/python3.11/lib/python311.zip
2023-07-02 20:52:32.372 T:5089 debug : CPythonInvoker(5): /data/user/0/org.xbmc.kodi.quietvoid/cache/apk/assets/python3.11
2023-07-02 20:52:32.372 T:5089 debug : CPythonInvoker(5): /data/user/0/org.xbmc.kodi.quietvoid/cache/apk/assets/python3.11/site-packages
2023-07-02 20:52:32.372 T:5089 debug : CPythonInvoker(5): /data/user/0/org.xbmc.kodi.quietvoid/cache/apk/assets/python3.11/lib/python3.11
2023-07-02 20:52:32.372 T:5089 debug : CPythonInvoker(5): /data/user/0/org.xbmc.kodi.quietvoid/cache/apk/assets/python3.11/lib/python3.11/lib-dynload
2023-07-02 20:52:32.372 T:5089 debug : CPythonInvoker(5): /data/user/0/org.xbmc.kodi.quietvoid/cache/apk/assets/python3.11/lib/python3.11/site-packages
2023-07-02 20:52:32.372 T:5089 debug : CPythonInvoker(5): /data/user/0/org.xbmc.kodi.quietvoid/cache/apk/assets/python3.11/lib/python3.11/site-packages/setuptools-65.5.0.post20230329-py3.11.egg
2023-07-02 20:52:32.372 T:5089 debug : CPythonInvoker(5): adding path:
2023-07-02 20:52:32.372 T:5089 debug : CPythonInvoker(5): /storage/emulated/0/Android/data/org.xbmc.kodi.quietvoid/files/.kodi/addons/script.advanced.wol
2023-07-02 20:52:32.373 T:5089 debug : CPythonInvoker(5): adding args:
2023-07-02 20:52:32.373 T:5089 debug : CPythonInvoker(5):
2023-07-02 20:52:32.372 T:5058 debug : ffmpeg[0xc2188dd0]: [swscaler] No accelerated colorspace conversion found from yuv420p to bgra.
2023-07-02 20:52:32.374 T:5089 debug : CPythonInvoker(5, /storage/emulated/0/Android/data/org.xbmc.kodi.quietvoid/files/.kodi/addons/script.advanced.wol/autostart.py): entering source directory /storage/emulated/0/Android/data/org.xbmc.kodi.quietvoid/files/.kodi/addons/script.advanced.wol
2023-07-02 20:52:32.379 T:5065 debug : ffmpeg[0xc218a600]: [image2] Custom AVIOContext makes no sense and will be ignored with AVFMT_NOFILE format.
2023-07-02 20:52:32.382 T:5089 debug : CPythonInvoker(5, /storage/emulated/0/Android/data/org.xbmc.kodi.quietvoid/files/.kodi/addons/script.advanced.wol/autostart.py): instantiating addon using automatically obtained id of "script.advanced.wol" dependent on version 3.0.0 of the xbmc.python api
2023-07-02 20:52:32.385 T:5065 debug : ffmpeg[0xc218a600]: [swscaler] No accelerated colorspace conversion found from yuv420p to bgra.
2023-07-02 20:52:32.386 T:5099 debug : -->Python Interpreter Initialized<--
2023-07-02 20:52:32.386 T:5099 debug :
2023-07-02 20:52:32.386 T:5099 debug : CPythonInvoker(13, /storage/emulated/0/Android/data/org.xbmc.kodi.quietvoid/files/.kodi/addons/service.xbmc.versioncheck/resources/lib/runner.py): the source file to load is "/storage/emulated/0/Android/data/org.xbmc.kodi.quietvoid/files/.kodi/addons/service.xbmc.versioncheck/resources/lib/runner.py"
2023-07-02 20:52:32.387 T:5117 debug : ffmpeg[0xb8ce91a0]: [image2] Custom AVIOContext makes no sense and will be ignored with AVFMT_NOFILE format.
2023-07-02 20:52:32.390 T:5058 debug : ffmpeg[0xc2188dd0]: [image2] Custom AVIOContext makes no sense and will be ignored with AVFMT_NOFILE format.
2023-07-02 20:52:32.393 T:5099 debug : CPythonInvoker(13): default python path:
2023-07-02 20:52:32.393 T:5099 debug : CPythonInvoker(13): /data/user/0/org.xbmc.kodi.quietvoid/cache/apk/assets/python3.11/lib/python311.zip
2023-07-02 20:52:32.393 T:5099 debug : CPythonInvoker(13): /data/user/0/org.xbmc.kodi.quietvoid/cache/apk/assets/python3.11
2023-07-02 20:52:32.393 T:5099 debug : CPythonInvoker(13): /data/user/0/org.xbmc.kodi.quietvoid/cache/apk/assets/python3.11/site-packages
2023-07-02 20:52:32.393 T:5099 debug : CPythonInvoker(13): /data/user/0/org.xbmc.kodi.quietvoid/cache/apk/assets/python3.11/lib/python3.11
2023-07-02 20:52:32.393 T:5099 debug : CPythonInvoker(13): /data/user/0/org.xbmc.kodi.quietvoid/cache/apk/assets/python3.11/lib/python3.11/lib-dynload
2023-07-02 20:52:32.393 T:5099 debug : CPythonInvoker(13): /data/user/0/org.xbmc.kodi.quietvoid/cache/apk/assets/python3.11/lib/python3.11/site-packages
2023-07-02 20:52:32.393 T:5099 debug : CPythonInvoker(13): /data/user/0/org.xbmc.kodi.quietvoid/cache/apk/assets/python3.11/lib/python3.11/site-packages/setuptools-65.5.0.post20230329-py3.11.egg
2023-07-02 20:52:32.393 T:5099 debug : CPythonInvoker(13): adding path:
2023-07-02 20:52:32.393 T:5099 debug : CPythonInvoker(13): /storage/emulated/0/Android/data/org.xbmc.kodi.quietvoid/files/.kodi/addons/service.xbmc.versioncheck/resources/lib
2023-07-02 20:52:32.394 T:5099 debug : CPythonInvoker(13): adding args:
2023-07-02 20:52:32.394 T:5099 debug : CPythonInvoker(13):
2023-07-02 20:52:32.394 T:5099 debug : CPythonInvoker(13, /storage/emulated/0/Android/data/org.xbmc.kodi.quietvoid/files/.kodi/addons/service.xbmc.versioncheck/resources/lib/runner.py): entering source directory /storage/emulated/0/Android/data/org.xbmc.kodi.quietvoid/files/.kodi/addons/service.xbmc.versioncheck/resources/lib
2023-07-02 20:52:32.394 T:5099 debug : CPythonInvoker(13, /storage/emulated/0/Android/data/org.xbmc.kodi.quietvoid/files/.kodi/addons/service.xbmc.versioncheck/resources/lib/runner.py): instantiating addon using automatically obtained id of "service.xbmc.versioncheck" dependent on version 3.0.0 of the xbmc.python api
2023-07-02 20:52:32.402 T:5058 debug : ffmpeg[0xc2188dd0]: [swscaler] No accelerated colorspace conversion found from yuv420p to bgra.
2023-07-02 20:52:32.405 T:5065 debug : ffmpeg[0xc218a600]: [image2] Custom AVIOContext makes no sense and will be ignored with AVFMT_NOFILE format.
2023-07-02 20:52:32.414 T:5094 info : Autostop addon service started.
2023-07-02 20:52:32.420 T:5058 debug : ffmpeg[0xc2188dd0]: [image2] Custom AVIOContext makes no sense and will be ignored with AVFMT_NOFILE format.
2023-07-02 20:52:32.447 T:5117 debug : ffmpeg[0xb8ce91a0]: [image2] Custom AVIOContext makes no sense and will be ignored with AVFMT_NOFILE format.
2023-07-02 20:52:32.462 T:5117 debug : ffmpeg[0xb8ce91a0]: [swscaler] No accelerated colorspace conversion found from yuv420p to bgra.
2023-07-02 20:52:32.470 T:5065 debug : ffmpeg[0xc218a600]: [swscaler] No accelerated colorspace conversion found from yuv420p to bgra.
2023-07-02 20:52:32.473 T:5098 debug : -->Python Interpreter Initialized<--
2023-07-02 20:52:32.474 T:5098 debug :
2023-07-02 20:52:32.474 T:5098 debug : CPythonInvoker(12, /storage/emulated/0/Android/data/org.xbmc.kodi.quietvoid/files/.kodi/addons/service.sleepy.watchdog/service.py): the source file to load is "/storage/emulated/0/Android/data/org.xbmc.kodi.quietvoid/files/.kodi/addons/service.sleepy.watchdog/service.py"
2023-07-02 20:52:32.474 T:5098 debug : CPythonInvoker(12): default python path:
2023-07-02 20:52:32.474 T:5098 debug : CPythonInvoker(12): /data/user/0/org.xbmc.kodi.quietvoid/cache/apk/assets/python3.11/lib/python311.zip
2023-07-02 20:52:32.474 T:5098 debug : CPythonInvoker(12): /data/user/0/org.xbmc.kodi.quietvoid/cache/apk/assets/python3.11
2023-07-02 20:52:32.474 T:5098 debug : CPythonInvoker(12): /data/user/0/org.xbmc.kodi.quietvoid/cache/apk/assets/python3.11/site-packages
2023-07-02 20:52:32.474 T:5098 debug : CPythonInvoker(12): /data/user/0/org.xbmc.kodi.quietvoid/cache/apk/assets/python3.11/lib/python3.11
2023-07-02 20:52:32.474 T:5098 debug : CPythonInvoker(12): /data/user/0/org.xbmc.kodi.quietvoid/cache/apk/assets/python3.11/lib/python3.11/lib-dynload
2023-07-02 20:52:32.474 T:5098 debug : CPythonInvoker(12): /data/user/0/org.xbmc.kodi.quietvoid/cache/apk/assets/python3.11/lib/python3.11/site-packages
2023-07-02 20:52:32.475 T:5098 debug : CPythonInvoker(12): /data/user/0/org.xbmc.kodi.quietvoid/cache/apk/assets/python3.11/lib/python3.11/site-packages/setuptools-65.5.0.post20230329-py3.11.egg
2023-07-02 20:52:32.475 T:5098 debug : CPythonInvoker(12): adding path:
2023-07-02 20:52:32.475 T:5098 debug : CPythonInvoker(12): /storage/emulated/0/Android/data/org.xbmc.kodi.quietvoid/files/.kodi/addons/service.sleepy.watchdog
2023-07-02 20:52:32.475 T:5098 debug : CPythonInvoker(12): adding args:
2023-07-02 20:52:32.475 T:5098 debug : CPythonInvoker(12):
2023-07-02 20:52:32.475 T:5098 debug : CPythonInvoker(12, /storage/emulated/0/Android/data/org.xbmc.kodi.quietvoid/files/.kodi/addons/service.sleepy.watchdog/service.py): entering source directory /storage/emulated/0/Android/data/org.xbmc.kodi.quietvoid/files/.kodi/addons/service.sleepy.watchdog
2023-07-02 20:52:32.477 T:5095 debug : -->Python Interpreter Initialized<--
2023-07-02 20:52:32.477 T:5095 debug :
2023-07-02 20:52:32.478 T:5095 debug : CPythonInvoker(11, /storage/emulated/0/Android/data/org.xbmc.kodi.quietvoid/files/.kodi/addons/service.libraryautoupdate/default.py): the source file to load is "/storage/emulated/0/Android/data/org.xbmc.kodi.quietvoid/files/.kodi/addons/service.libraryautoupdate/default.py"
2023-07-02 20:52:32.478 T:5095 debug : CPythonInvoker(11): default python path:
2023-07-02 20:52:32.478 T:5095 debug : CPythonInvoker(11): /data/user/0/org.xbmc.kodi.quietvoid/cache/apk/assets/python3.11/lib/python311.zip
2023-07-02 20:52:32.478 T:5095 debug : CPythonInvoker(11): /data/user/0/org.xbmc.kodi.quietvoid/cache/apk/assets/python3.11
2023-07-02 20:52:32.478 T:5095 debug : CPythonInvoker(11): /data/user/0/org.xbmc.kodi.quietvoid/cache/apk/assets/python3.11/site-packages
2023-07-02 20:52:32.478 T:5095 debug : CPythonInvoker(11): /data/user/0/org.xbmc.kodi.quietvoid/cache/apk/assets/python3.11/lib/python3.11
2023-07-02 20:52:32.478 T:5095 debug : CPythonInvoker(11): /data/user/0/org.xbmc.kodi.quietvoid/cache/apk/assets/python3.11/lib/python3.11/lib-dynload
2023-07-02 20:52:32.478 T:5095 debug : CPythonInvoker(11): /data/user/0/org.xbmc.kodi.quietvoid/cache/apk/assets/python3.11/lib/python3.11/site-packages
2023-07-02 20:52:32.478 T:5095 debug : CPythonInvoker(11): /data/user/0/org.xbmc.kodi.quietvoid/cache/apk/assets/python3.11/lib/python3.11/site-packages/setuptools-65.5.0.post20230329-py3.11.egg
2023-07-02 20:52:32.478 T:5095 debug : CPythonInvoker(11): adding path:
2023-07-02 20:52:32.478 T:5095 debug : CPythonInvoker(11): /storage/emulated/0/Android/data/org.xbmc.kodi.quietvoid/files/.kodi/addons/script.module.dateutil/lib
2023-07-02 20:52:32.478 T:5095 debug : CPythonInvoker(11): /storage/emulated/0/Android/data/org.xbmc.kodi.quietvoid/files/.kodi/addons/script.module.future/lib
2023-07-02 20:52:32.478 T:5095 debug : CPythonInvoker(11): /storage/emulated/0/Android/data/org.xbmc.kodi.quietvoid/files/.kodi/addons/script.module.kodi-six/libs
2023-07-02 20:52:32.478 T:5095 debug : CPythonInvoker(11): /storage/emulated/0/Android/data/org.xbmc.kodi.quietvoid/files/.kodi/addons/script.module.six/lib
2023-07-02 20:52:32.478 T:5095 debug : CPythonInvoker(11): /storage/emulated/0/Android/data/org.xbmc.kodi.quietvoid/files/.kodi/addons/service.libraryautoupdate
2023-07-02 20:52:32.478 T:5095 debug : CPythonInvoker(11): adding args:
2023-07-02 20:52:32.478 T:5095 debug : CPythonInvoker(11):
2023-07-02 20:52:32.479 T:5095 debug : CPythonInvoker(11, /storage/emulated/0/Android/data/org.xbmc.kodi.quietvoid/files/.kodi/addons/service.libraryautoupdate/default.py): entering source directory /storage/emulated/0/Android/data/org.xbmc.kodi.quietvoid/files/.kodi/addons/service.libraryautoupdate
2023-07-02 20:52:32.480 T:5117 debug : ffmpeg[0xb8ce91a0]: [image2] Custom AVIOContext makes no sense and will be ignored with AVFMT_NOFILE format.
2023-07-02 20:52:32.480 T:5095 debug : CPythonInvoker(11, /storage/emulated/0/Android/data/org.xbmc.kodi.quietvoid/files/.kodi/addons/service.libraryautoupdate/default.py): instantiating addon using automatically obtained id of "service.libraryautoupdate" dependent on version 3.0.0 of the xbmc.python api
2023-07-02 20:52:32.482 T:5098 debug : CPythonInvoker(12, /storage/emulated/0/Android/data/org.xbmc.kodi.quietvoid/files/.kodi/addons/service.sleepy.watchdog/service.py): instantiating addon using automatically obtained id of "service.sleepy.watchdog" dependent on version 3.0.0 of the xbmc.python api
2023-07-02 20:52:32.484 T:5058 debug : ffmpeg[0xc2188dd0]: [image2] Custom AVIOContext makes no sense and will be ignored with AVFMT_NOFILE format.
2023-07-02 20:52:32.493 T:5065 debug : ffmpeg[0xc218a600]: [image2] Custom AVIOContext makes no sense and will be ignored with AVFMT_NOFILE format.
2023-07-02 20:52:32.496 T:5065 debug : ffmpeg[0xc218a600]: [swscaler] No accelerated colorspace conversion found from yuv420p to bgra.
2023-07-02 20:52:32.498 T:5058 debug : ffmpeg[0xc2188dd0]: [swscaler] No accelerated colorspace conversion found from yuv420p to bgra.
2023-07-02 20:52:32.515 T:5065 debug : ffmpeg[0xc218a600]: [image2] Custom AVIOContext makes no sense and will be ignored with AVFMT_NOFILE format.
2023-07-02 20:52:32.519 T:5058 debug : ffmpeg[0xc2188dd0]: [image2] Custom AVIOContext makes no sense and will be ignored with AVFMT_NOFILE format.
2023-07-02 20:52:32.526 T:5065 debug : ffmpeg[0xc218a600]: [swscaler] No accelerated colorspace conversion found from yuv420p to bgra.
2023-07-02 20:52:32.537 T:5117 debug : ffmpeg[0xb8ce91a0]: [image2] Custom AVIOContext makes no sense and will be ignored with AVFMT_NOFILE format.
2023-07-02 20:52:32.552 T:5117 debug : ffmpeg[0xb8ce91a0]: [swscaler] No accelerated colorspace conversion found from yuv420p to bgra.
2023-07-02 20:52:32.552 T:5065 debug : ffmpeg[0xc218a600]: [image2] Custom AVIOContext makes no sense and will be ignored with AVFMT_NOFILE format.
2023-07-02 20:52:32.573 T:5084 debug : CPythonInvoker(0, /storage/emulated/0/Android/data/org.xbmc.kodi.quietvoid/files/.kodi/addons/inputstream.ffmpegdirect/resources/lib/runner.py): script successfully run
2023-07-02 20:52:32.573 T:5084 debug : onExecutionDone(0, /storage/emulated/0/Android/data/org.xbmc.kodi.quietvoid/files/.kodi/addons/inputstream.ffmpegdirect/resources/lib/runner.py)
2023-07-02 20:52:32.579 T:5117 debug : ffmpeg[0xb8ce91a0]: [image2] Custom AVIOContext makes no sense and will be ignored with AVFMT_NOFILE format.
2023-07-02 20:52:32.583 T:5058 debug : ffmpeg[0xc2188dd0]: [image2] Custom AVIOContext makes no sense and will be ignored with AVFMT_NOFILE format.
2023-07-02 20:52:32.584 T:5065 debug : ffmpeg[0xc218a600]: [image2] Custom AVIOContext makes no sense and will be ignored with AVFMT_NOFILE format.
2023-07-02 20:52:32.592 T:5117 debug : ffmpeg[0xb8ce91a0]: [swscaler] No accelerated colorspace conversion found from yuv420p to bgra.
2023-07-02 20:52:32.597 T:5058 debug : ffmpeg[0xc2188dd0]: [swscaler] No accelerated colorspace conversion found from yuv420p to bgra.
2023-07-02 20:52:32.599 T:5089 debug : trying to load setting definitions from old format...
2023-07-02 20:52:32.602 T:5065 debug : ffmpeg[0xc218a600]: [swscaler] No accelerated colorspace conversion found from yuv420p to bgra.
2023-07-02 20:52:32.608 T:5117 debug : ffmpeg[0xb8ce91a0]: [image2] Custom AVIOContext makes no sense and will be ignored with AVFMT_NOFILE format.
2023-07-02 20:52:32.614 T:5058 debug : ffmpeg[0xc2188dd0]: [image2] Custom AVIOContext makes no sense and will be ignored with AVFMT_NOFILE format.
2023-07-02 20:52:32.618 T:5065 debug : ffmpeg[0xc218a600]: [image2] Custom AVIOContext makes no sense and will be ignored with AVFMT_NOFILE format.
2023-07-02 20:52:32.621 T:5117 debug : ffmpeg[0xb8ce91a0]: [swscaler] No accelerated colorspace conversion found from yuv420p to bgra.
2023-07-02 20:52:32.626 T:5058 debug : ffmpeg[0xc2188dd0]: [swscaler] No accelerated colorspace conversion found from yuv420p to bgra.
2023-07-02 20:52:32.632 T:5117 debug : ffmpeg[0xb8ce91a0]: [image2] Custom AVIOContext makes no sense and will be ignored with AVFMT_NOFILE format.
2023-07-02 20:52:32.636 T:5065 debug : ffmpeg[0xc218a600]: [swscaler] No accelerated colorspace conversion found from yuv420p to bgra.
2023-07-02 20:52:32.645 T:5117 debug : ffmpeg[0xb8ce91a0]: [swscaler] No accelerated colorspace conversion found from yuv420p to bgra.
2023-07-02 20:52:32.677 T:5084 debug : Python interpreter stopped
2023-07-02 20:52:32.677 T:5084 debug : Thread LanguageInvoker -1285049920 terminating
2023-07-02 20:52:32.752 T:5136 debug : request received for /jsonrpc
2023-07-02 20:52:32.785 T:5087 info : Skipped 2 duplicate messages..
2023-07-02 20:52:32.785 T:5087 debug : -->Python Interpreter Initialized<--
2023-07-02 20:52:32.785 T:5087 debug :
2023-07-02 20:52:32.785 T:5087 debug : CPythonInvoker(3, /storage/emulated/0/Android/data/org.xbmc.kodi.quietvoid/files/.kodi/addons/plugin.video.twitch/resources/lib/service_runner.py): the source file to load is "/storage/emulated/0/Android/data/org.xbmc.kodi.quietvoid/files/.kodi/addons/plugin.video.twitch/resources/lib/service_runner.py"
2023-07-02 20:52:32.785 T:5087 debug : CPythonInvoker(3): default python path:
2023-07-02 20:52:32.785 T:5087 debug : CPythonInvoker(3): /data/user/0/org.xbmc.kodi.quietvoid/cache/apk/assets/python3.11/lib/python311.zip
2023-07-02 20:52:32.786 T:5087 debug : CPythonInvoker(3): /data/user/0/org.xbmc.kodi.quietvoid/cache/apk/assets/python3.11
2023-07-02 20:52:32.786 T:5087 debug : CPythonInvoker(3): /data/user/0/org.xbmc.kodi.quietvoid/cache/apk/assets/python3.11/site-packages
2023-07-02 20:52:32.786 T:5087 debug : CPythonInvoker(3): /data/user/0/org.xbmc.kodi.quietvoid/cache/apk/assets/python3.11/lib/python3.11
2023-07-02 20:52:32.786 T:5087 debug : CPythonInvoker(3): /data/user/0/org.xbmc.kodi.quietvoid/cache/apk/assets/python3.11/lib/python3.11/lib-dynload
2023-07-02 20:52:32.786 T:5087 debug : CPythonInvoker(3): /data/user/0/org.xbmc.kodi.quietvoid/cache/apk/assets/python3.11/lib/python3.11/site-packages
2023-07-02 20:52:32.786 T:5087 debug : CPythonInvoker(3): /data/user/0/org.xbmc.kodi.quietvoid/cache/apk/assets/python3.11/lib/python3.11/site-packages/setuptools-65.5.0.post20230329-py3.11.egg
2023-07-02 20:52:32.786 T:5087 debug : CPythonInvoker(3): adding path:
2023-07-02 20:52:32.786 T:5087 debug : CPythonInvoker(3): /storage/emulated/0/Android/data/org.xbmc.kodi.quietvoid/files/.kodi/addons/plugin.video.twitch/resources/lib
2023-07-02 20:52:32.786 T:5087 debug : CPythonInvoker(3): /storage/emulated/0/Android/data/org.xbmc.kodi.quietvoid/files/.kodi/addons/script.module.certifi/lib
2023-07-02 20:52:32.786 T:5087 debug : CPythonInvoker(3): /storage/emulated/0/Android/data/org.xbmc.kodi.quietvoid/files/.kodi/addons/script.module.chardet/lib
2023-07-02 20:52:32.786 T:5087 debug : CPythonInvoker(3): /storage/emulated/0/Android/data/org.xbmc.kodi.quietvoid/files/.kodi/addons/script.module.idna/lib
2023-07-02 20:52:32.786 T:5087 debug : CPythonInvoker(3): /storage/emulated/0/Android/data/org.xbmc.kodi.quietvoid/files/.kodi/addons/script.module.python.twitch/resources/lib
2023-07-02 20:52:32.786 T:5087 debug : CPythonInvoker(3): /storage/emulated/0/Android/data/org.xbmc.kodi.quietvoid/files/.kodi/addons/script.module.requests/lib
2023-07-02 20:52:32.786 T:5087 debug : CPythonInvoker(3): /storage/emulated/0/Android/data/org.xbmc.kodi.quietvoid/files/.kodi/addons/script.module.six/lib
2023-07-02 20:52:32.786 T:5087 debug : CPythonInvoker(3): /storage/emulated/0/Android/data/org.xbmc.kodi.quietvoid/files/.kodi/addons/script.module.urllib3/lib
2023-07-02 20:52:32.786 T:5087 debug : CPythonInvoker(3): adding args:
2023-07-02 20:52:32.786 T:5087 debug : CPythonInvoker(3):
2023-07-02 20:52:32.786 T:5087 debug : CPythonInvoker(3, /storage/emulated/0/Android/data/org.xbmc.kodi.quietvoid/files/.kodi/addons/plugin.video.twitch/resources/lib/service_runner.py): entering source directory /storage/emulated/0/Android/data/org.xbmc.kodi.quietvoid/files/.kodi/addons/plugin.video.twitch/resources/lib
2023-07-02 20:52:32.787 T:5087 debug : CPythonInvoker(3, /storage/emulated/0/Android/data/org.xbmc.kodi.quietvoid/files/.kodi/addons/plugin.video.twitch/resources/lib/service_runner.py): instantiating addon using automatically obtained id of "plugin.video.twitch" dependent on version 3.0.1 of the xbmc.python api
2023-07-02 20:52:32.831 T:5136 debug : request received for /jsonrpc
2023-07-02 20:52:32.844 T:5088 debug : -->Python Interpreter Initialized<--
2023-07-02 20:52:32.844 T:5088 debug :
2023-07-02 20:52:32.845 T:5088 debug : CPythonInvoker(4, /storage/emulated/0/Android/data/org.xbmc.kodi.quietvoid/files/.kodi/addons/plugin.video.youtube/resources/lib/startup.py): the source file to load is "/storage/emulated/0/Android/data/org.xbmc.kodi.quietvoid/files/.kodi/addons/plugin.video.youtube/resources/lib/startup.py"
2023-07-02 20:52:32.845 T:5088 debug : CPythonInvoker(4): default python path:
2023-07-02 20:52:32.845 T:5088 debug : CPythonInvoker(4): /data/user/0/org.xbmc.kodi.quietvoid/cache/apk/assets/python3.11/lib/python311.zip
2023-07-02 20:52:32.845 T:5088 debug : CPythonInvoker(4): /data/user/0/org.xbmc.kodi.quietvoid/cache/apk/assets/python3.11
2023-07-02 20:52:32.845 T:5088 debug : CPythonInvoker(4): /data/user/0/org.xbmc.kodi.quietvoid/cache/apk/assets/python3.11/site-packages
2023-07-02 20:52:32.845 T:5088 debug : CPythonInvoker(4): /data/user/0/org.xbmc.kodi.quietvoid/cache/apk/assets/python3.11/lib/python3.11
2023-07-02 20:52:32.845 T:5088 debug : CPythonInvoker(4): /data/user/0/org.xbmc.kodi.quietvoid/cache/apk/assets/python3.11/lib/python3.11/lib-dynload
2023-07-02 20:52:32.845 T:5088 debug : CPythonInvoker(4): /data/user/0/org.xbmc.kodi.quietvoid/cache/apk/assets/python3.11/lib/python3.11/site-packages
2023-07-02 20:52:32.845 T:5088 debug : CPythonInvoker(4): /data/user/0/org.xbmc.kodi.quietvoid/cache/apk/assets/python3.11/lib/python3.11/site-packages/setuptools-65.5.0.post20230329-py3.11.egg
2023-07-02 20:52:32.845 T:5088 debug : CPythonInvoker(4): adding path:
2023-07-02 20:52:32.845 T:5088 debug : CPythonInvoker(4): /storage/emulated/0/Android/data/org.xbmc.kodi.quietvoid/files/.kodi/addons/plugin.video.youtube/resources/lib
2023-07-02 20:52:32.846 T:5088 debug : CPythonInvoker(4): /storage/emulated/0/Android/data/org.xbmc.kodi.quietvoid/files/.kodi/addons/script.module.certifi/lib
2023-07-02 20:52:32.846 T:5088 debug : CPythonInvoker(4): /storage/emulated/0/Android/data/org.xbmc.kodi.quietvoid/files/.kodi/addons/script.module.chardet/lib
2023-07-02 20:52:32.846 T:5088 debug : CPythonInvoker(4): /storage/emulated/0/Android/data/org.xbmc.kodi.quietvoid/files/.kodi/addons/script.module.idna/lib
2023-07-02 20:52:32.846 T:5088 debug : CPythonInvoker(4): /storage/emulated/0/Android/data/org.xbmc.kodi.quietvoid/files/.kodi/addons/script.module.infotagger/resources/modules
2023-07-02 20:52:32.846 T:5088 debug : CPythonInvoker(4): /storage/emulated/0/Android/data/org.xbmc.kodi.quietvoid/files/.kodi/addons/script.module.inputstreamhelper/lib
2023-07-02 20:52:32.846 T:5088 debug : CPythonInvoker(4): /storage/emulated/0/Android/data/org.xbmc.kodi.quietvoid/files/.kodi/addons/script.module.requests/lib
2023-07-02 20:52:32.846 T:5088 debug : CPythonInvoker(4): /storage/emulated/0/Android/data/org.xbmc.kodi.quietvoid/files/.kodi/addons/script.module.urllib3/lib
2023-07-02 20:52:32.846 T:5088 debug : CPythonInvoker(4): adding args:
2023-07-02 20:52:32.846 T:5088 debug : CPythonInvoker(4):
