2023-07-02 20:52:46.079 T:5184 debug : requested setting (youtube.folder.tags.show) was not found.
2023-07-02 20:52:46.086 T:5065 debug : VideoInfoScanner: Scanning dir 'nfs://192.168.1.6/volume1/Musik/Uriah Heep – Greatest Hits/' as not in the database
2023-07-02 20:52:46.092 T:5014 debug : Keyboard: scancode: 0x14, sym: 0x112, unicode: 0x00, modifier: 0x0
2023-07-02 20:52:46.092 T:5014 debug : HandleKey: down (0xf081) pressed, window 10000, action is Down
2023-07-02 20:52:46.092 T:5184 debug : requested setting (youtube.folder.tags.show) was not found.
2023-07-02 20:52:46.108 T:5065 debug : VideoInfoScanner: No (new) information was found in dir nfs://192.168.1.6/volume1/Musik/Uriah Heep – Greatest Hits/
2023-07-02 20:52:46.120 T:5065 debug : VideoInfoScanner: Scanning dir 'nfs://192.168.1.6/volume1/Musik/Uriah Heep – Greatest Hits/CD 01/' as not in the database
2023-07-02 20:52:46.120 T:5065 debug : VideoInfoScanner: No (new) information was found in dir nfs://192.168.1.6/volume1/Musik/Uriah Heep – Greatest Hits/CD 01/
2023-07-02 20:52:46.133 T:5065 debug : VideoInfoScanner: Scanning dir 'nfs://192.168.1.6/volume1/Musik/Uriah Heep – Greatest Hits/CD 02/' as not in the database
2023-07-02 20:52:46.133 T:5065 debug : VideoInfoScanner: No (new) information was found in dir nfs://192.168.1.6/volume1/Musik/Uriah Heep – Greatest Hits/CD 02/
2023-07-02 20:52:46.134 T:5013 debug : CAndroidKey: key up (dev:-1; src:33554433; code: 20; repeat: 0; flags: 0x8; alt: no; shift: no; sym: no)
2023-07-02 20:52:46.166 T:5014 debug : Keyboard: scancode: 0x14, sym: 0x112, unicode: 0x00, modifier: 0x0
2023-07-02 20:52:46.184 T:5065 debug : VideoInfoScanner: Scanning dir 'nfs://192.168.1.6/volume1/Musik/Westernhagen/' as not in the database
2023-07-02 20:52:46.203 T:5065 debug : VideoInfoScanner: No (new) information was found in dir nfs://192.168.1.6/volume1/Musik/Westernhagen/
2023-07-02 20:52:46.229 T:5065 debug : ExcludeFileOrFolder: File 'nfs://192.168.1.6/volume1/Musik/Westernhagen/Westernhagen.MTV.Unplugged.2016.GERMAN.1080p.MBluRay.x264-LiQUiD/Sample/' excluded. (Matches exclude rule RegExp: '[!-._ \\/]sample[-._ \\/]')
2023-07-02 20:52:46.229 T:5065 debug : VideoInfoScanner: Scanning dir 'nfs://192.168.1.6/volume1/Musik/Westernhagen/Westernhagen.MTV.Unplugged.2016.GERMAN.1080p.MBluRay.x264-LiQUiD/' as not in the database
2023-07-02 20:52:46.234 T:5065 debug : ExcludeFileOrFolder: File 'nfs://192.168.1.6/volume1/Musik/Westernhagen/Westernhagen.MTV.Unplugged.2016.GERMAN.1080p.MBluRay.x264-LiQUiD/Sample/' excluded. (Matches exclude rule RegExp: '[!-._ \\/]sample[-._ \\/]')
2023-07-02 20:52:46.244 T:5065 debug : CNFSFile::Open - opened volume1/Musik/Westernhagen/Westernhagen.MTV.Unplugged.2016.GERMAN.1080p.MBluRay.x264-LiQUiD/lqd-westernhagenmtv1080p.nfo
2023-07-02 20:52:46.247 T:5065 debug : CNFSFile::Close closing file volume1/Musik/Westernhagen/Westernhagen.MTV.Unplugged.2016.GERMAN.1080p.MBluRay.x264-LiQUiD/lqd-westernhagenmtv1080p.nfo
2023-07-02 20:52:46.249 T:5065 debug : VideoInfoScanner: No NFO file found. Using title search for 'nfs://192.168.1.6/volume1/Musik/Westernhagen/Westernhagen.MTV.Unplugged.2016.GERMAN.1080p.MBluRay.x264-LiQUiD/lqd-westernhagenmtv1080p.mkv'
2023-07-02 20:52:46.250 T:5065 debug : FindMovie: Searching for 'lqd-westernhagenmtv1080p' using Local information only scraper (path: '/data/user/0/org.xbmc.kodi.quietvoid/cache/apk/assets/addons/metadata.local/', content: 'musicvideos', version: '1.0.1')
2023-07-02 20:52:46.250 T:5065 info : Skipped 1 duplicate messages..
2023-07-02 20:52:46.250 T:5065 warning : No information found for item 'nfs://192.168.1.6/volume1/Musik/Westernhagen/Westernhagen.MTV.Unplugged.2016.GERMAN.1080p.MBluRay.x264-LiQUiD/lqd-westernhagenmtv1080p.mkv', it won't be added to the library.
2023-07-02 20:52:46.251 T:5065 debug : VideoInfoScanner: No (new) information was found in dir nfs://192.168.1.6/volume1/Musik/Westernhagen/Westernhagen.MTV.Unplugged.2016.GERMAN.1080p.MBluRay.x264-LiQUiD/
2023-07-02 20:52:46.255 T:5065 debug : ExcludeFileOrFolder: File 'nfs://192.168.1.6/volume1/Musik/Westernhagen/Westernhagen.MTV.Unplugged.2016.GERMAN.1080p.MBluRay.x264-LiQUiD/Sample/' excluded. (Matches exclude rule RegExp: '[!-._ \\/]sample[-._ \\/]')
2023-07-02 20:52:46.271 T:5065 debug : CNFSFile::Open - opened volume1/Musik/Westernhagen/Westn - MTV Une/Play.m3u
2023-07-02 20:52:46.285 T:5065 debug : CNFSFile::Close closing file volume1/Musik/Westernhagen/Westn - MTV Une/Play.m3u
2023-07-02 20:52:46.304 T:5065 debug : VideoInfoScanner: Scanning dir 'nfs://192.168.1.6/volume1/Musik/Westernhagen/Westn - MTV Une/' as not in the database
2023-07-02 20:52:46.312 T:5065 debug : VideoInfoScanner: No (new) information was found in dir nfs://192.168.1.6/volume1/Musik/Westernhagen/Westn - MTV Une/
2023-07-02 20:52:46.325 T:5065 debug : VideoInfoScanner: Scanning dir 'nfs://192.168.1.6/volume1/Musik/Westernhagen/Williamsburg/' as not in the database
2023-07-02 20:52:46.325 T:5065 debug : VideoInfoScanner: No (new) information was found in dir nfs://192.168.1.6/volume1/Musik/Westernhagen/Williamsburg/
2023-07-02 20:52:46.326 T:5065 debug : NFS: Refreshing context for 192.168.1.6/volume1/Serien, old: 817001582388, new: 829235223852
2023-07-02 20:52:46.326 T:5065 debug : NFS: Using cached context.
2023-07-02 20:52:46.330 T:5013 debug : CAndroidKey: key down (dev:-1; src:33554433; code: 20; repeat: 0; flags: 0x8; alt: no; shift: no; sym: no)
2023-07-02 20:52:46.331 T:5065 debug : trying to load setting definitions from old format...
2023-07-02 20:52:46.351 T:5014 debug : Keyboard: scancode: 0x14, sym: 0x112, unicode: 0x00, modifier: 0x0
2023-07-02 20:52:46.351 T:5014 debug : HandleKey: down (0xf081) pressed, window 10000, action is Down
2023-07-02 20:52:46.399 T:5013 debug : CAndroidKey: key up (dev:-1; src:33554433; code: 20; repeat: 0; flags: 0x8; alt: no; shift: no; sym: no)
2023-07-02 20:52:46.423 T:5014 debug : Keyboard: scancode: 0x14, sym: 0x112, unicode: 0x00, modifier: 0x0
2023-07-02 20:52:46.449 T:5065 debug : trying to load setting definitions from old format...
2023-07-02 20:52:46.458 T:5065 debug : FindMovie: Searching for 'Hijack So1' using The TVDB scraper (path: '/storage/emulated/0/Android/data/org.xbmc.kodi.quietvoid/files/.kodi/addons/metadata.tvdb.com/', content: 'tvshows', version: '3.2.8')
2023-07-02 20:52:46.470 T:5065 debug : scraper: CreateSearchUrl returned https://api.thetvdb.com/login?{"apikey":"439DFEBA9D3059C6"}|Content-Type=application/json
2023-07-02 20:52:46.472 T:5065 debug : scraper: GetSearchResults returned https://api.thetvdb.com/search/series?name=Hijack%20So1|Authorization=Bearer%20eyJhbGciOiJSUzI1NiIsInR5cCI6IkpXVCJ9.eyJleHAiOjE2ODg5MjgwMjQsImlkIjoiS29kaSIsIm9yaWdfaWF0IjoxNjg4MzIzMjI0fQ.ZMGP9eO87gQtyHYxRdYuF3QYC0pPP4Xzk0lmGJin34I_yz-32wxDoiHIy21b8GzYXDnP-b-EuqINiDUsSncbDL-BCTFq9Vfdm37qeYoelpVqR2BoaznI27fwZlNgO2q8KcQg09r5tPacH_HxQwDnHvIamx1oT0WKgcbs-qimQNSg1CAZBZkyXWhOniHUQa8koHg31MpE6sHtUjrmn84vNOKvPSHKHT_MusTsmGYTPE-HE06Z4q4gj8PviyAMsqhZ2d8NJ0Htj03AZUy1flEXIdF1sIWF0GNjD0NuPAiX7RLCbd1ogtk21AP3IOqGIxGl1CrDEVDMJH_gFuvytRKSFA&accept-language=en
2023-07-02 20:52:46.476 T:5065 debug : CurlFile::Open -
2023-07-02 20:52:46.476 T:5065 debug : easy_acquire - Created session to https://api.thetvdb.com
2023-07-02 20:52:46.655 T:5136 debug : request received for /jsonrpc
2023-07-02 20:52:46.919 T:5065 info : Skipped 1 duplicate messages..
2023-07-02 20:52:46.919 T:5065 error : CCurlFile::Open - Failed with code 404:
2023-07-02 20:52:46.920 T:5065 error : Run: Unable to parse web site
2023-07-02 20:52:46.920 T:5065 debug : FindMovie: Searching for 'Hijack So1' using The TVDB scraper (path: '/storage/emulated/0/Android/data/org.xbmc.kodi.quietvoid/files/.kodi/addons/metadata.tvdb.com/', content: 'tvshows', version: '3.2.8')
2023-07-02 20:52:46.921 T:5065 debug : scraper: CreateSearchUrl returned https://api.thetvdb.com/login?{"apikey":"439DFEBA9D3059C6"}|Content-Type=application/json
2023-07-02 20:52:46.922 T:5065 debug : scraper: GetSearchResults returned https://api.thetvdb.com/search/series?name=Hijack%20So1|Authorization=Bearer%20eyJhbGciOiJSUzI1NiIsInR5cCI6IkpXVCJ9.eyJleHAiOjE2ODg5MjgwMjQsImlkIjoiS29kaSIsIm9yaWdfaWF0IjoxNjg4MzIzMjI0fQ.ZMGP9eO87gQtyHYxRdYuF3QYC0pPP4Xzk0lmGJin34I_yz-32wxDoiHIy21b8GzYXDnP-b-EuqINiDUsSncbDL-BCTFq9Vfdm37qeYoelpVqR2BoaznI27fwZlNgO2q8KcQg09r5tPacH_HxQwDnHvIamx1oT0WKgcbs-qimQNSg1CAZBZkyXWhOniHUQa8koHg31MpE6sHtUjrmn84vNOKvPSHKHT_MusTsmGYTPE-HE06Z4q4gj8PviyAMsqhZ2d8NJ0Htj03AZUy1flEXIdF1sIWF0GNjD0NuPAiX7RLCbd1ogtk21AP3IOqGIxGl1CrDEVDMJH_gFuvytRKSFA&accept-language=en
2023-07-02 20:52:46.925 T:5065 debug : CurlFile::Open -
2023-07-02 20:52:46.956 T:5065 error : CCurlFile::Open - Failed with code 404:
2023-07-02 20:52:46.956 T:5065 error : Run: Unable to parse web site
2023-07-02 20:52:46.957 T:5065 warning : No information found for item 'nfs://192.168.1.6/volume1/Serien/Hijack So1/', it won't be added to the library.
2023-07-02 20:52:46.961 T:5065 debug : trying to load setting definitions from old format...
2023-07-02 20:52:46.999 T:5014 debug : ------ Window Deinit (DialogNotification.xml) ------
2023-07-02 20:52:47.000 T:5136 debug : request received for /jsonrpc
2023-07-02 20:52:47.006 T:5065 debug : VideoInfoScanner: Skipping dir 'nfs://192.168.1.6/volume1/Serien/Im A Virgo 2023 S01/' due to no change
2023-07-02 20:52:47.008 T:5065 debug : trying to load setting definitions from old format...
2023-07-02 20:52:47.015 T:5065 debug : FindMovie: Searching for 'In From the Cold S01' using The TVDB scraper (path: '/storage/emulated/0/Android/data/org.xbmc.kodi.quietvoid/files/.kodi/addons/metadata.tvdb.com/', content: 'tvshows', version: '3.2.8')
2023-07-02 20:52:47.018 T:5136 debug : request received for /jsonrpc
2023-07-02 20:52:47.028 T:5065 debug : scraper: CreateSearchUrl returned https://api.thetvdb.com/login?{"apikey":"439DFEBA9D3059C6"}|Content-Type=application/json
2023-07-02 20:52:47.030 T:5065 debug : scraper: GetSearchResults returned https://api.thetvdb.com/search/series?name=In%20From%20the%20Cold%20S01|Authorization=Bearer%20eyJhbGciOiJSUzI1NiIsInR5cCI6IkpXVCJ9.eyJleHAiOjE2ODg5MjgwMjQsImlkIjoiS29kaSIsIm9yaWdfaWF0IjoxNjg4MzIzMjI0fQ.ZMGP9eO87gQtyHYxRdYuF3QYC0pPP4Xzk0lmGJin34I_yz-32wxDoiHIy21b8GzYXDnP-b-EuqINiDUsSncbDL-BCTFq9Vfdm37qeYoelpVqR2BoaznI27fwZlNgO2q8KcQg09r5tPacH_HxQwDnHvIamx1oT0WKgcbs-qimQNSg1CAZBZkyXWhOniHUQa8koHg31MpE6sHtUjrmn84vNOKvPSHKHT_MusTsmGYTPE-HE06Z4q4gj8PviyAMsqhZ2d8NJ0Htj03AZUy1flEXIdF1sIWF0GNjD0NuPAiX7RLCbd1ogtk21AP3IOqGIxGl1CrDEVDMJH_gFuvytRKSFA&accept-language=en
2023-07-02 20:52:47.034 T:5065 debug : CurlFile::Open -
2023-07-02 20:52:47.360 T:5065 error : CCurlFile::Open - Failed with code 404:
2023-07-02 20:52:47.360 T:5065 error : Run: Unable to parse web site
2023-07-02 20:52:47.361 T:5065 debug : FindMovie: Searching for 'In From the Cold S01' using The TVDB scraper (path: '/storage/emulated/0/Android/data/org.xbmc.kodi.quietvoid/files/.kodi/addons/metadata.tvdb.com/', content: 'tvshows', version: '3.2.8')
2023-07-02 20:52:47.362 T:5065 debug : scraper: CreateSearchUrl returned https://api.thetvdb.com/login?{"apikey":"439DFEBA9D3059C6"}|Content-Type=application/json
2023-07-02 20:52:47.363 T:5065 debug : scraper: GetSearchResults returned https://api.thetvdb.com/search/series?name=In%20From%20the%20Cold%20S01|Authorization=Bearer%20eyJhbGciOiJSUzI1NiIsInR5cCI6IkpXVCJ9.eyJleHAiOjE2ODg5MjgwMjQsImlkIjoiS29kaSIsIm9yaWdfaWF0IjoxNjg4MzIzMjI0fQ.ZMGP9eO87gQtyHYxRdYuF3QYC0pPP4Xzk0lmGJin34I_yz-32wxDoiHIy21b8GzYXDnP-b-EuqINiDUsSncbDL-BCTFq9Vfdm37qeYoelpVqR2BoaznI27fwZlNgO2q8KcQg09r5tPacH_HxQwDnHvIamx1oT0WKgcbs-qimQNSg1CAZBZkyXWhOniHUQa8koHg31MpE6sHtUjrmn84vNOKvPSHKHT_MusTsmGYTPE-HE06Z4q4gj8PviyAMsqhZ2d8NJ0Htj03AZUy1flEXIdF1sIWF0GNjD0NuPAiX7RLCbd1ogtk21AP3IOqGIxGl1CrDEVDMJH_gFuvytRKSFA&accept-language=en
2023-07-02 20:52:47.367 T:5065 debug : CurlFile::Open -
2023-07-02 20:52:47.390 T:5065 error : CCurlFile::Open - Failed with code 404:
2023-07-02 20:52:47.390 T:5065 error : Run: Unable to parse web site
2023-07-02 20:52:47.390 T:5065 warning : No information found for item 'nfs://192.168.1.6/volume1/Serien/In From the Cold S01/', it won't be added to the library.
2023-07-02 20:52:47.395 T:5065 debug : trying to load setting definitions from old format...
2023-07-02 20:52:47.405 T:5065 debug : FindMovie: Searching for 'The Ex Wife S01' using The TVDB scraper (path: '/storage/emulated/0/Android/data/org.xbmc.kodi.quietvoid/files/.kodi/addons/metadata.tvdb.com/', content: 'tvshows', version: '3.2.8')
2023-07-02 20:52:47.420 T:5065 debug : scraper: CreateSearchUrl returned https://api.thetvdb.com/login?{"apikey":"439DFEBA9D3059C6"}|Content-Type=application/json
2023-07-02 20:52:47.422 T:5065 debug : scraper: GetSearchResults returned https://api.thetvdb.com/search/series?name=The%20Ex%20Wife%20S01|Authorization=Bearer%20eyJhbGciOiJSUzI1NiIsInR5cCI6IkpXVCJ9.eyJleHAiOjE2ODg5MjgwMjQsImlkIjoiS29kaSIsIm9yaWdfaWF0IjoxNjg4MzIzMjI0fQ.ZMGP9eO87gQtyHYxRdYuF3QYC0pPP4Xzk0lmGJin34I_yz-32wxDoiHIy21b8GzYXDnP-b-EuqINiDUsSncbDL-BCTFq9Vfdm37qeYoelpVqR2BoaznI27fwZlNgO2q8KcQg09r5tPacH_HxQwDnHvIamx1oT0WKgcbs-qimQNSg1CAZBZkyXWhOniHUQa8koHg31MpE6sHtUjrmn84vNOKvPSHKHT_MusTsmGYTPE-HE06Z4q4gj8PviyAMsqhZ2d8NJ0Htj03AZUy1flEXIdF1sIWF0GNjD0NuPAiX7RLCbd1ogtk21AP3IOqGIxGl1CrDEVDMJH_gFuvytRKSFA&accept-language=en
2023-07-02 20:52:47.424 T:5013 debug : CAndroidKey: key down (dev:-1; src:33554433; code: 22; repeat: 0; flags: 0x8; alt: no; shift: no; sym: no)
2023-07-02 20:52:47.426 T:5065 debug : CurlFile::Open -
2023-07-02 20:52:47.439 T:5014 debug : Keyboard: scancode: 0x16, sym: 0x113, unicode: 0x00, modifier: 0x0
2023-07-02 20:52:47.440 T:5014 debug : HandleKey: right (0xf083) pressed, window 10000, action is Right
2023-07-02 20:52:47.493 T:5013 debug : CAndroidKey: key up (dev:-1; src:33554433; code: 22; repeat: 0; flags: 0x8; alt: no; shift: no; sym: no)
2023-07-02 20:52:47.522 T:5014 debug : Keyboard: scancode: 0x16, sym: 0x113, unicode: 0x00, modifier: 0x0
2023-07-02 20:52:47.752 T:5065 error : CCurlFile::Open - Failed with code 404:
2023-07-02 20:52:47.752 T:5065 error : Run: Unable to parse web site
2023-07-02 20:52:47.753 T:5065 debug : FindMovie: Searching for 'The Ex Wife S01' using The TVDB scraper (path: '/storage/emulated/0/Android/data/org.xbmc.kodi.quietvoid/files/.kodi/addons/metadata.tvdb.com/', content: 'tvshows', version: '3.2.8')
2023-07-02 20:52:47.753 T:5065 debug : scraper: CreateSearchUrl returned https://api.thetvdb.com/login?{"apikey":"439DFEBA9D3059C6"}|Content-Type=application/json
2023-07-02 20:52:47.755 T:5065 debug : scraper: GetSearchResults returned https://api.thetvdb.com/search/series?name=The%20Ex%20Wife%20S01|Authorization=Bearer%20eyJhbGciOiJSUzI1NiIsInR5cCI6IkpXVCJ9.eyJleHAiOjE2ODg5MjgwMjQsImlkIjoiS29kaSIsIm9yaWdfaWF0IjoxNjg4MzIzMjI0fQ.ZMGP9eO87gQtyHYxRdYuF3QYC0pPP4Xzk0lmGJin34I_yz-32wxDoiHIy21b8GzYXDnP-b-EuqINiDUsSncbDL-BCTFq9Vfdm37qeYoelpVqR2BoaznI27fwZlNgO2q8KcQg09r5tPacH_HxQwDnHvIamx1oT0WKgcbs-qimQNSg1CAZBZkyXWhOniHUQa8koHg31MpE6sHtUjrmn84vNOKvPSHKHT_MusTsmGYTPE-HE06Z4q4gj8PviyAMsqhZ2d8NJ0Htj03AZUy1flEXIdF1sIWF0GNjD0NuPAiX7RLCbd1ogtk21AP3IOqGIxGl1CrDEVDMJH_gFuvytRKSFA&accept-language=en
2023-07-02 20:52:47.759 T:5065 debug : CurlFile::Open -
2023-07-02 20:52:47.780 T:5065 error : CCurlFile::Open - Failed with code 404:
2023-07-02 20:52:47.780 T:5065 error : Run: Unable to parse web site
2023-07-02 20:52:47.781 T:5065 warning : No information found for item 'nfs://192.168.1.6/volume1/Serien/The Ex Wife S01/', it won't be added to the library.
2023-07-02 20:52:47.786 T:5065 debug : trying to load setting definitions from old format...
2023-07-02 20:52:47.794 T:5065 debug : FindMovie: Searching for 'The Ark S01' using The TVDB scraper (path: '/storage/emulated/0/Android/data/org.xbmc.kodi.quietvoid/files/.kodi/addons/metadata.tvdb.com/', content: 'tvshows', version: '3.2.8')
2023-07-02 20:52:47.808 T:5065 debug : scraper: CreateSearchUrl returned https://api.thetvdb.com/login?{"apikey":"439DFEBA9D3059C6"}|Content-Type=application/json
2023-07-02 20:52:47.809 T:5065 debug : scraper: GetSearchResults returned https://api.thetvdb.com/search/series?name=The%20Ark%20S01|Authorization=Bearer%20eyJhbGciOiJSUzI1NiIsInR5cCI6IkpXVCJ9.eyJleHAiOjE2ODg5MjgwMjQsImlkIjoiS29kaSIsIm9yaWdfaWF0IjoxNjg4MzIzMjI0fQ.ZMGP9eO87gQtyHYxRdYuF3QYC0pPP4Xzk0lmGJin34I_yz-32wxDoiHIy21b8GzYXDnP-b-EuqINiDUsSncbDL-BCTFq9Vfdm37qeYoelpVqR2BoaznI27fwZlNgO2q8KcQg09r5tPacH_HxQwDnHvIamx1oT0WKgcbs-qimQNSg1CAZBZkyXWhOniHUQa8koHg31MpE6sHtUjrmn84vNOKvPSHKHT_MusTsmGYTPE-HE06Z4q4gj8PviyAMsqhZ2d8NJ0Htj03AZUy1flEXIdF1sIWF0GNjD0NuPAiX7RLCbd1ogtk21AP3IOqGIxGl1CrDEVDMJH_gFuvytRKSFA&accept-language=en
2023-07-02 20:52:47.812 T:5065 debug : CurlFile::Open -
2023-07-02 20:52:48.134 T:5065 error : CCurlFile::Open - Failed with code 404:
2023-07-02 20:52:48.134 T:5065 error : Run: Unable to parse web site
2023-07-02 20:52:48.135 T:5065 debug : FindMovie: Searching for 'The Ark S01' using The TVDB scraper (path: '/storage/emulated/0/Android/data/org.xbmc.kodi.quietvoid/files/.kodi/addons/metadata.tvdb.com/', content: 'tvshows', version: '3.2.8')
2023-07-02 20:52:48.135 T:5065 debug : scraper: CreateSearchUrl returned https://api.thetvdb.com/login?{"apikey":"439DFEBA9D3059C6"}|Content-Type=application/json
2023-07-02 20:52:48.137 T:5065 debug : scraper: GetSearchResults returned https://api.thetvdb.com/search/series?name=The%20Ark%20S01|Authorization=Bearer%20eyJhbGciOiJSUzI1NiIsInR5cCI6IkpXVCJ9.eyJleHAiOjE2ODg5MjgwMjQsImlkIjoiS29kaSIsIm9yaWdfaWF0IjoxNjg4MzIzMjI0fQ.ZMGP9eO87gQtyHYxRdYuF3QYC0pPP4Xzk0lmGJin34I_yz-32wxDoiHIy21b8GzYXDnP-b-EuqINiDUsSncbDL-BCTFq9Vfdm37qeYoelpVqR2BoaznI27fwZlNgO2q8KcQg09r5tPacH_HxQwDnHvIamx1oT0WKgcbs-qimQNSg1CAZBZkyXWhOniHUQa8koHg31MpE6sHtUjrmn84vNOKvPSHKHT_MusTsmGYTPE-HE06Z4q4gj8PviyAMsqhZ2d8NJ0Htj03AZUy1flEXIdF1sIWF0GNjD0NuPAiX7RLCbd1ogtk21AP3IOqGIxGl1CrDEVDMJH_gFuvytRKSFA&accept-language=en
2023-07-02 20:52:48.140 T:5065 debug : CurlFile::Open -
2023-07-02 20:52:48.158 T:5065 error : CCurlFile::Open - Failed with code 404:
2023-07-02 20:52:48.159 T:5065 error : Run: Unable to parse web site
2023-07-02 20:52:48.159 T:5065 warning : No information found for item 'nfs://192.168.1.6/volume1/Serien/The Ark S01/', it won't be added to the library.
2023-07-02 20:52:48.165 T:5065 debug : trying to load setting definitions from old format...
2023-07-02 20:52:48.208 T:5065 debug : VideoInfoScanner: Skipping dir 'nfs://192.168.1.6/volume1/Serien/Schlafende Hunde/' due to no change
2023-07-02 20:52:48.210 T:5065 debug : trying to load setting definitions from old format...
2023-07-02 20:52:48.218 T:5136 debug : request received for /jsonrpc
2023-07-02 20:52:48.218 T:5065 debug : FindMovie: Searching for 'Secret Invasion S01' using The TVDB scraper (path: '/storage/emulated/0/Android/data/org.xbmc.kodi.quietvoid/files/.kodi/addons/metadata.tvdb.com/', content: 'tvshows', version: '3.2.8')
2023-07-02 20:52:48.227 T:5136 debug : request received for /jsonrpc
2023-07-02 20:52:48.234 T:5065 debug : scraper: CreateSearchUrl returned https://api.thetvdb.com/login?{"apikey":"439DFEBA9D3059C6"}|Content-Type=application/json
2023-07-02 20:52:48.236 T:5065 debug : scraper: GetSearchResults returned https://api.thetvdb.com/search/series?name=Secret%20Invasion%20S01|Authorization=Bearer%20eyJhbGciOiJSUzI1NiIsInR5cCI6IkpXVCJ9.eyJleHAiOjE2ODg5MjgwMjQsImlkIjoiS29kaSIsIm9yaWdfaWF0IjoxNjg4MzIzMjI0fQ.ZMGP9eO87gQtyHYxRdYuF3QYC0pPP4Xzk0lmGJin34I_yz-32wxDoiHIy21b8GzYXDnP-b-EuqINiDUsSncbDL-BCTFq9Vfdm37qeYoelpVqR2BoaznI27fwZlNgO2q8KcQg09r5tPacH_HxQwDnHvIamx1oT0WKgcbs-qimQNSg1CAZBZkyXWhOniHUQa8koHg31MpE6sHtUjrmn84vNOKvPSHKHT_MusTsmGYTPE-HE06Z4q4gj8PviyAMsqhZ2d8NJ0Htj03AZUy1flEXIdF1sIWF0GNjD0NuPAiX7RLCbd1ogtk21AP3IOqGIxGl1CrDEVDMJH_gFuvytRKSFA&accept-language=en
2023-07-02 20:52:48.239 T:5065 debug : CurlFile::Open -
2023-07-02 20:52:48.560 T:5136 debug : request received for /jsonrpc
2023-07-02 20:52:48.571 T:5065 info : Skipped 1 duplicate messages..
2023-07-02 20:52:48.570 T:5065 error : CCurlFile::Open - Failed with code 404:
2023-07-02 20:52:48.571 T:5065 error : Run: Unable to parse web site
2023-07-02 20:52:48.572 T:5065 debug : FindMovie: Searching for 'Secret Invasion S01' using The TVDB scraper (path: '/storage/emulated/0/Android/data/org.xbmc.kodi.quietvoid/files/.kodi/addons/metadata.tvdb.com/', content: 'tvshows', version: '3.2.8')
2023-07-02 20:52:48.572 T:5065 debug : scraper: CreateSearchUrl returned https://api.thetvdb.com/login?{"apikey":"439DFEBA9D3059C6"}|Content-Type=application/json
2023-07-02 20:52:48.574 T:5065 debug : scraper: GetSearchResults returned https://api.thetvdb.com/search/series?name=Secret%20Invasion%20S01|Authorization=Bearer%20eyJhbGciOiJSUzI1NiIsInR5cCI6IkpXVCJ9.eyJleHAiOjE2ODg5MjgwMjQsImlkIjoiS29kaSIsIm9yaWdfaWF0IjoxNjg4MzIzMjI0fQ.ZMGP9eO87gQtyHYxRdYuF3QYC0pPP4Xzk0lmGJin34I_yz-32wxDoiHIy21b8GzYXDnP-b-EuqINiDUsSncbDL-BCTFq9Vfdm37qeYoelpVqR2BoaznI27fwZlNgO2q8KcQg09r5tPacH_HxQwDnHvIamx1oT0WKgcbs-qimQNSg1CAZBZkyXWhOniHUQa8koHg31MpE6sHtUjrmn84vNOKvPSHKHT_MusTsmGYTPE-HE06Z4q4gj8PviyAMsqhZ2d8NJ0Htj03AZUy1flEXIdF1sIWF0GNjD0NuPAiX7RLCbd1ogtk21AP3IOqGIxGl1CrDEVDMJH_gFuvytRKSFA&accept-language=en
2023-07-02 20:52:48.577 T:5065 debug : CurlFile::Open -
2023-07-02 20:52:48.597 T:5065 error : CCurlFile::Open - Failed with code 404:
2023-07-02 20:52:48.598 T:5065 error : Run: Unable to parse web site
2023-07-02 20:52:48.598 T:5065 warning : No information found for item 'nfs://192.168.1.6/volume1/Serien/Secret Invasion S01/', it won't be added to the library.
2023-07-02 20:52:48.603 T:5065 debug : trying to load setting definitions from old format...
2023-07-02 20:52:48.648 T:5065 debug : VideoInfoScanner: Skipping dir 'nfs://192.168.1.6/volume1/Serien/Fire in the Sky (2023)/' due to no change
2023-07-02 20:52:48.651 T:5065 debug : trying to load setting definitions from old format...
2023-07-02 20:52:48.659 T:5065 debug : FindMovie: Searching for 'Ganz oder gar nicht Die Serie S01' using The TVDB scraper (path: '/storage/emulated/0/Android/data/org.xbmc.kodi.quietvoid/files/.kodi/addons/metadata.tvdb.com/', content: 'tvshows', version: '3.2.8')
2023-07-02 20:52:48.670 T:5065 debug : scraper: CreateSearchUrl returned https://api.thetvdb.com/login?{"apikey":"439DFEBA9D3059C6"}|Content-Type=application/json
2023-07-02 20:52:48.672 T:5065 debug : scraper: GetSearchResults returned https://api.thetvdb.com/search/series?name=Ganz%20oder%20gar%20nicht%20Die%20Serie%20S01|Authorization=Bearer%20eyJhbGciOiJSUzI1NiIsInR5cCI6IkpXVCJ9.eyJleHAiOjE2ODg5MjgwMjQsImlkIjoiS29kaSIsIm9yaWdfaWF0IjoxNjg4MzIzMjI0fQ.ZMGP9eO87gQtyHYxRdYuF3QYC0pPP4Xzk0lmGJin34I_yz-32wxDoiHIy21b8GzYXDnP-b-EuqINiDUsSncbDL-BCTFq9Vfdm37qeYoelpVqR2BoaznI27fwZlNgO2q8KcQg09r5tPacH_HxQwDnHvIamx1oT0WKgcbs-qimQNSg1CAZBZkyXWhOniHUQa8koHg31MpE6sHtUjrmn84vNOKvPSHKHT_MusTsmGYTPE-HE06Z4q4gj8PviyAMsqhZ2d8NJ0Htj03AZUy1flEXIdF1sIWF0GNjD0NuPAiX7RLCbd1ogtk21AP3IOqGIxGl1CrDEVDMJH_gFuvytRKSFA&accept-language=en
2023-07-02 20:52:48.676 T:5065 debug : CurlFile::Open -
2023-07-02 20:52:48.850 T:5013 debug : CAndroidKey: key down (dev:-1; src:33554433; code: 20; repeat: 0; flags: 0x8; alt: no; shift: no; sym: no)
2023-07-02 20:52:48.918 T:5013 debug : CAndroidKey: key up (dev:-1; src:33554433; code: 20; repeat: 0; flags: 0x8; alt: no; shift: no; sym: no)
2023-07-02 20:52:48.922 T:5014 debug : Keyboard: scancode: 0x14, sym: 0x112, unicode: 0x00, modifier: 0x0
2023-07-02 20:52:48.923 T:5014 debug : HandleKey: down (0xf081) pressed, window 10000, action is Down
2023-07-02 20:52:48.936 T:5014 debug : Keyboard: scancode: 0x14, sym: 0x112, unicode: 0x00, modifier: 0x0
2023-07-02 20:52:49.004 T:5065 error : CCurlFile::Open - Failed with code 404:
2023-07-02 20:52:49.005 T:5065 error : Run: Unable to parse web site
2023-07-02 20:52:49.006 T:5065 debug : FindMovie: Searching for 'Ganz oder gar nicht Die Serie S01' using The TVDB scraper (path: '/storage/emulated/0/Android/data/org.xbmc.kodi.quietvoid/files/.kodi/addons/metadata.tvdb.com/', content: 'tvshows', version: '3.2.8')
2023-07-02 20:52:49.006 T:5065 debug : scraper: CreateSearchUrl returned https://api.thetvdb.com/login?{"apikey":"439DFEBA9D3059C6"}|Content-Type=application/json
2023-07-02 20:52:49.009 T:5065 debug : scraper: GetSearchResults returned https://api.thetvdb.com/search/series?name=Ganz%20oder%20gar%20nicht%20Die%20Serie%20S01|Authorization=Bearer%20eyJhbGciOiJSUzI1NiIsInR5cCI6IkpXVCJ9.eyJleHAiOjE2ODg5MjgwMjQsImlkIjoiS29kaSIsIm9yaWdfaWF0IjoxNjg4MzIzMjI0fQ.ZMGP9eO87gQtyHYxRdYuF3QYC0pPP4Xzk0lmGJin34I_yz-32wxDoiHIy21b8GzYXDnP-b-EuqINiDUsSncbDL-BCTFq9Vfdm37qeYoelpVqR2BoaznI27fwZlNgO2q8KcQg09r5tPacH_HxQwDnHvIamx1oT0WKgcbs-qimQNSg1CAZBZkyXWhOniHUQa8koHg31MpE6sHtUjrmn84vNOKvPSHKHT_MusTsmGYTPE-HE06Z4q4gj8PviyAMsqhZ2d8NJ0Htj03AZUy1flEXIdF1sIWF0GNjD0NuPAiX7RLCbd1ogtk21AP3IOqGIxGl1CrDEVDMJH_gFuvytRKSFA&accept-language=en
2023-07-02 20:52:49.012 T:5065 debug : CurlFile::Open -
2023-07-02 20:52:49.033 T:5065 error : CCurlFile::Open - Failed with code 404:
2023-07-02 20:52:49.033 T:5065 error : Run: Unable to parse web site
2023-07-02 20:52:49.034 T:5065 warning : No information found for item 'nfs://192.168.1.6/volume1/Serien/Ganz oder gar nicht Die Serie S01/', it won't be added to the library.
2023-07-02 20:52:49.038 T:5065 debug : trying to load setting definitions from old format...
2023-07-02 20:52:49.051 T:5065 debug : FindMovie: Searching for 'Link Eat Love Kill S01' using The TVDB scraper (path: '/storage/emulated/0/Android/data/org.xbmc.kodi.quietvoid/files/.kodi/addons/metadata.tvdb.com/', content: 'tvshows', version: '3.2.8')
2023-07-02 20:52:49.068 T:5065 debug : scraper: CreateSearchUrl returned https://api.thetvdb.com/login?{"apikey":"439DFEBA9D3059C6"}|Content-Type=application/json
2023-07-02 20:52:49.070 T:5065 debug : scraper: GetSearchResults returned https://api.thetvdb.com/search/series?name=Link%20Eat%20Love%20Kill%20S01|Authorization=Bearer%20eyJhbGciOiJSUzI1NiIsInR5cCI6IkpXVCJ9.eyJleHAiOjE2ODg5MjgwMjQsImlkIjoiS29kaSIsIm9yaWdfaWF0IjoxNjg4MzIzMjI0fQ.ZMGP9eO87gQtyHYxRdYuF3QYC0pPP4Xzk0lmGJin34I_yz-32wxDoiHIy21b8GzYXDnP-b-EuqINiDUsSncbDL-BCTFq9Vfdm37qeYoelpVqR2BoaznI27fwZlNgO2q8KcQg09r5tPacH_HxQwDnHvIamx1oT0WKgcbs-qimQNSg1CAZBZkyXWhOniHUQa8koHg31MpE6sHtUjrmn84vNOKvPSHKHT_MusTsmGYTPE-HE06Z4q4gj8PviyAMsqhZ2d8NJ0Htj03AZUy1flEXIdF1sIWF0GNjD0NuPAiX7RLCbd1ogtk21AP3IOqGIxGl1CrDEVDMJH_gFuvytRKSFA&accept-language=en
2023-07-02 20:52:49.073 T:5065 debug : CurlFile::Open -
2023-07-02 20:52:49.406 T:5065 error : CCurlFile::Open - Failed with code 404:
2023-07-02 20:52:49.406 T:5065 error : Run: Unable to parse web site
2023-07-02 20:52:49.408 T:5065 debug : FindMovie: Searching for 'Link Eat Love Kill S01' using The TVDB scraper (path: '/storage/emulated/0/Android/data/org.xbmc.kodi.quietvoid/files/.kodi/addons/metadata.tvdb.com/', content: 'tvshows', version: '3.2.8')
2023-07-02 20:52:49.409 T:5065 debug : scraper: CreateSearchUrl returned https://api.thetvdb.com/login?{"apikey":"439DFEBA9D3059C6"}|Content-Type=application/json
2023-07-02 20:52:49.410 T:5065 debug : scraper: GetSearchResults returned https://api.thetvdb.com/search/series?name=Link%20Eat%20Love%20Kill%20S01|Authorization=Bearer%20eyJhbGciOiJSUzI1NiIsInR5cCI6IkpXVCJ9.eyJleHAiOjE2ODg5MjgwMjQsImlkIjoiS29kaSIsIm9yaWdfaWF0IjoxNjg4MzIzMjI0fQ.ZMGP9eO87gQtyHYxRdYuF3QYC0pPP4Xzk0lmGJin34I_yz-32wxDoiHIy21b8GzYXDnP-b-EuqINiDUsSncbDL-BCTFq9Vfdm37qeYoelpVqR2BoaznI27fwZlNgO2q8KcQg09r5tPacH_HxQwDnHvIamx1oT0WKgcbs-qimQNSg1CAZBZkyXWhOniHUQa8koHg31MpE6sHtUjrmn84vNOKvPSHKHT_MusTsmGYTPE-HE06Z4q4gj8PviyAMsqhZ2d8NJ0Htj03AZUy1flEXIdF1sIWF0GNjD0NuPAiX7RLCbd1ogtk21AP3IOqGIxGl1CrDEVDMJH_gFuvytRKSFA&accept-language=en
2023-07-02 20:52:49.414 T:5065 debug : CurlFile::Open -
2023-07-02 20:52:49.433 T:5013 debug : CAndroidKey: key down (dev:-1; src:33554433; code: 22; repeat: 0; flags: 0x8; alt: no; shift: no; sym: no)
2023-07-02 20:52:49.437 T:5065 error : CCurlFile::Open - Failed with code 404:
2023-07-02 20:52:49.437 T:5065 error : Run: Unable to parse web site
2023-07-02 20:52:49.438 T:5065 warning : No information found for item 'nfs://192.168.1.6/volume1/Serien/Link Eat Love Kill S01 1080P/', it won't be added to the library.
2023-07-02 20:52:49.446 T:5065 debug : trying to load setting definitions from old format...
2023-07-02 20:52:49.457 T:5014 debug : Keyboard: scancode: 0x16, sym: 0x113, unicode: 0x00, modifier: 0x0
2023-07-02 20:52:49.458 T:5014 debug : HandleKey: right (0xf083) pressed, window 10000, action is Right
2023-07-02 20:52:49.499 T:5013 debug : CAndroidKey: key up (dev:-1; src:33554433; code: 22; repeat: 0; flags: 0x8; alt: no; shift: no; sym: no)
2023-07-02 20:52:49.525 T:5014 debug : Keyboard: scancode: 0x16, sym: 0x113, unicode: 0x00, modifier: 0x0
2023-07-02 20:52:49.666 T:5065 debug : VideoInfoScanner: Skipping dir 'nfs://192.168.1.6/volume1/Serien/A Discovery of Witches/' due to no change
2023-07-02 20:52:49.669 T:5065 debug : trying to load setting definitions from old format...
2023-07-02 20:52:49.678 T:5065 debug : FindMovie: Searching for 'V Wars S01' using The TVDB scraper (path: '/storage/emulated/0/Android/data/org.xbmc.kodi.quietvoid/files/.kodi/addons/metadata.tvdb.com/', content: 'tvshows', version: '3.2.8')
2023-07-02 20:52:49.690 T:5065 debug : scraper: CreateSearchUrl returned https://api.thetvdb.com/login?{"apikey":"439DFEBA9D3059C6"}|Content-Type=application/json
2023-07-02 20:52:49.692 T:5065 debug : scraper: GetSearchResults returned https://api.thetvdb.com/search/series?name=V%20Wars%20S01|Authorization=Bearer%20eyJhbGciOiJSUzI1NiIsInR5cCI6IkpXVCJ9.eyJleHAiOjE2ODg5MjgwMjQsImlkIjoiS29kaSIsIm9yaWdfaWF0IjoxNjg4MzIzMjI0fQ.ZMGP9eO87gQtyHYxRdYuF3QYC0pPP4Xzk0lmGJin34I_yz-32wxDoiHIy21b8GzYXDnP-b-EuqINiDUsSncbDL-BCTFq9Vfdm37qeYoelpVqR2BoaznI27fwZlNgO2q8KcQg09r5tPacH_HxQwDnHvIamx1oT0WKgcbs-qimQNSg1CAZBZkyXWhOniHUQa8koHg31MpE6sHtUjrmn84vNOKvPSHKHT_MusTsmGYTPE-HE06Z4q4gj8PviyAMsqhZ2d8NJ0Htj03AZUy1flEXIdF1sIWF0GNjD0NuPAiX7RLCbd1ogtk21AP3IOqGIxGl1CrDEVDMJH_gFuvytRKSFA&accept-language=en
2023-07-02 20:52:49.694 T:5065 debug : CurlFile::Open -
2023-07-02 20:52:49.729 T:5013 debug : CAndroidKey: key down (dev:-1; src:33554433; code: 22; repeat: 0; flags: 0x8; alt: no; shift: no; sym: no)
2023-07-02 20:52:49.758 T:5014 debug : Keyboard: scancode: 0x16, sym: 0x113, unicode: 0x00, modifier: 0x0
2023-07-02 20:52:49.758 T:5014 debug : HandleKey: right (0xf083) pressed, window 10000, action is Right
2023-07-02 20:52:49.767 T:5136 debug : request received for /jsonrpc
2023-07-02 20:52:49.798 T:5013 debug : CAndroidKey: key up (dev:-1; src:33554433; code: 22; repeat: 0; flags: 0x8; alt: no; shift: no; sym: no)
2023-07-02 20:52:49.799 T:5136 debug : request received for /jsonrpc
2023-07-02 20:52:49.824 T:5014 debug : Keyboard: scancode: 0x16, sym: 0x113, unicode: 0x00, modifier: 0x0
2023-07-02 20:52:49.966 T:5013 debug : CAndroidKey: key down (dev:-1; src:33554433; code: 22; repeat: 0; flags: 0x8; alt: no; shift: no; sym: no)
2023-07-02 20:52:49.991 T:5014 debug : Keyboard: scancode: 0x16, sym: 0x113, unicode: 0x00, modifier: 0x0
2023-07-02 20:52:49.992 T:5014 debug : HandleKey: right (0xf083) pressed, window 10000, action is Right
2023-07-02 20:52:50.021 T:5065 error : CCurlFile::Open - Failed with code 404:
2023-07-02 20:52:50.021 T:5065 error : Run: Unable to parse web site
2023-07-02 20:52:50.022 T:5065 debug : FindMovie: Searching for 'V Wars S01' using The TVDB scraper (path: '/storage/emulated/0/Android/data/org.xbmc.kodi.quietvoid/files/.kodi/addons/metadata.tvdb.com/', content: 'tvshows', version: '3.2.8')
2023-07-02 20:52:50.023 T:5065 debug : scraper: CreateSearchUrl returned https://api.thetvdb.com/login?{"apikey":"439DFEBA9D3059C6"}|Content-Type=application/json
2023-07-02 20:52:50.025 T:5065 debug : scraper: GetSearchResults returned https://api.thetvdb.com/search/series?name=V%20Wars%20S01|Authorization=Bearer%20eyJhbGciOiJSUzI1NiIsInR5cCI6IkpXVCJ9.eyJleHAiOjE2ODg5MjgwMjQsImlkIjoiS29kaSIsIm9yaWdfaWF0IjoxNjg4MzIzMjI0fQ.ZMGP9eO87gQtyHYxRdYuF3QYC0pPP4Xzk0lmGJin34I_yz-32wxDoiHIy21b8GzYXDnP-b-EuqINiDUsSncbDL-BCTFq9Vfdm37qeYoelpVqR2BoaznI27fwZlNgO2q8KcQg09r5tPacH_HxQwDnHvIamx1oT0WKgcbs-qimQNSg1CAZBZkyXWhOniHUQa8koHg31MpE6sHtUjrmn84vNOKvPSHKHT_MusTsmGYTPE-HE06Z4q4gj8PviyAMsqhZ2d8NJ0Htj03AZUy1flEXIdF1sIWF0GNjD0NuPAiX7RLCbd1ogtk21AP3IOqGIxGl1CrDEVDMJH_gFuvytRKSFA&accept-language=en
2023-07-02 20:52:50.028 T:5065 debug : CurlFile::Open -
2023-07-02 20:52:50.038 T:5013 debug : CAndroidKey: key up (dev:-1; src:33554433; code: 22; repeat: 0; flags: 0x8; alt: no; shift: no; sym: no)
2023-07-02 20:52:50.049 T:5065 error : CCurlFile::Open - Failed with code 404:
2023-07-02 20:52:50.049 T:5065 error : Run: Unable to parse web site
2023-07-02 20:52:50.050 T:5065 warning : No information found for item 'nfs://192.168.1.6/volume1/Serien/V Wars S01/', it won't be added to the library.
2023-07-02 20:52:50.056 T:5065 debug : trying to load setting definitions from old format...
2023-07-02 20:52:50.058 T:5014 debug : Keyboard: scancode: 0x16, sym: 0x113, unicode: 0x00, modifier: 0x0
2023-07-02 20:52:50.065 T:5065 debug : FindMovie: Searching for 'Ein Teil von ihr S01' using The TVDB scraper (path: '/storage/emulated/0/Android/data/org.xbmc.kodi.quietvoid/files/.kodi/addons/metadata.tvdb.com/', content: 'tvshows', version: '3.2.8')
2023-07-02 20:52:50.079 T:5065 debug : scraper: CreateSearchUrl returned https://api.thetvdb.com/login?{"apikey":"439DFEBA9D3059C6"}|Content-Type=application/json
2023-07-02 20:52:50.080 T:5065 debug : scraper: GetSearchResults returned https://api.thetvdb.com/search/series?name=Ein%20Teil%20von%20ihr%20S01|Authorization=Bearer%20eyJhbGciOiJSUzI1NiIsInR5cCI6IkpXVCJ9.eyJleHAiOjE2ODg5MjgwMjQsImlkIjoiS29kaSIsIm9yaWdfaWF0IjoxNjg4MzIzMjI0fQ.ZMGP9eO87gQtyHYxRdYuF3QYC0pPP4Xzk0lmGJin34I_yz-32wxDoiHIy21b8GzYXDnP-b-EuqINiDUsSncbDL-BCTFq9Vfdm37qeYoelpVqR2BoaznI27fwZlNgO2q8KcQg09r5tPacH_HxQwDnHvIamx1oT0WKgcbs-qimQNSg1CAZBZkyXWhOniHUQa8koHg31MpE6sHtUjrmn84vNOKvPSHKHT_MusTsmGYTPE-HE06Z4q4gj8PviyAMsqhZ2d8NJ0Htj03AZUy1flEXIdF1sIWF0GNjD0NuPAiX7RLCbd1ogtk21AP3IOqGIxGl1CrDEVDMJH_gFuvytRKSFA&accept-language=en
2023-07-02 20:52:50.083 T:5065 debug : CurlFile::Open -
2023-07-02 20:52:50.092 T:5136 debug : request received for /jsonrpc
2023-07-02 20:52:50.206 T:5013 info : Skipped 1 duplicate messages..
2023-07-02 20:52:50.206 T:5013 debug : CAndroidKey: key down (dev:-1; src:33554433; code: 22; repeat: 0; flags: 0x8; alt: no; shift: no; sym: no)
2023-07-02 20:52:50.225 T:5014 debug : Keyboard: scancode: 0x16, sym: 0x113, unicode: 0x00, modifier: 0x0
2023-07-02 20:52:50.226 T:5014 debug : HandleKey: right (0xf083) pressed, window 10000, action is Right
2023-07-02 20:52:50.276 T:5013 debug : CAndroidKey: key up (dev:-1; src:33554433; code: 22; repeat: 0; flags: 0x8; alt: no; shift: no; sym: no)
2023-07-02 20:52:50.292 T:5014 debug : Keyboard: scancode: 0x16, sym: 0x113, unicode: 0x00, modifier: 0x0
2023-07-02 20:52:50.405 T:5065 error : CCurlFile::Open - Failed with code 404:
2023-07-02 20:52:50.405 T:5065 error : Run: Unable to parse web site
2023-07-02 20:52:50.406 T:5065 debug : FindMovie: Searching for 'Ein Teil von ihr S01' using The TVDB scraper (path: '/storage/emulated/0/Android/data/org.xbmc.kodi.quietvoid/files/.kodi/addons/metadata.tvdb.com/', content: 'tvshows', version: '3.2.8')
2023-07-02 20:52:50.406 T:5065 debug : scraper: CreateSearchUrl returned https://api.thetvdb.com/login?{"apikey":"439DFEBA9D3059C6"}|Content-Type=application/json
2023-07-02 20:52:50.409 T:5065 debug : scraper: GetSearchResults returned https://api.thetvdb.com/search/series?name=Ein%20Teil%20von%20ihr%20S01|Authorization=Bearer%20eyJhbGciOiJSUzI1NiIsInR5cCI6IkpXVCJ9.eyJleHAiOjE2ODg5MjgwMjQsImlkIjoiS29kaSIsIm9yaWdfaWF0IjoxNjg4MzIzMjI0fQ.ZMGP9eO87gQtyHYxRdYuF3QYC0pPP4Xzk0lmGJin34I_yz-32wxDoiHIy21b8GzYXDnP-b-EuqINiDUsSncbDL-BCTFq9Vfdm37qeYoelpVqR2BoaznI27fwZlNgO2q8KcQg09r5tPacH_HxQwDnHvIamx1oT0WKgcbs-qimQNSg1CAZBZkyXWhOniHUQa8koHg31MpE6sHtUjrmn84vNOKvPSHKHT_MusTsmGYTPE-HE06Z4q4gj8PviyAMsqhZ2d8NJ0Htj03AZUy1flEXIdF1sIWF0GNjD0NuPAiX7RLCbd1ogtk21AP3IOqGIxGl1CrDEVDMJH_gFuvytRKSFA&accept-language=en
2023-07-02 20:52:50.412 T:5065 debug : CurlFile::Open -
2023-07-02 20:52:50.432 T:5065 error : CCurlFile::Open - Failed with code 404:
2023-07-02 20:52:50.433 T:5065 error : Run: Unable to parse web site
2023-07-02 20:52:50.433 T:5065 warning : No information found for item 'nfs://192.168.1.6/volume1/Serien/Ein Teil von ihr S01/', it won't be added to the library.
2023-07-02 20:52:50.438 T:5098 debug : [service.sleepy.watchdog] user activity detected, reset idle time
2023-07-02 20:52:50.439 T:5065 debug : trying to load setting definitions from old format...
2023-07-02 20:52:50.445 T:5013 debug : CAndroidKey: key down (dev:-1; src:33554433; code: 22; repeat: 0; flags: 0x8; alt: no; shift: no; sym: no)
2023-07-02 20:52:50.449 T:5065 debug : FindMovie: Searching for 'The Company You Keep S01' using The TVDB scraper (path: '/storage/emulated/0/Android/data/org.xbmc.kodi.quietvoid/files/.kodi/addons/metadata.tvdb.com/', content: 'tvshows', version: '3.2.8')
2023-07-02 20:52:50.461 T:5065 debug : scraper: CreateSearchUrl returned https://api.thetvdb.com/login?{"apikey":"439DFEBA9D3059C6"}|Content-Type=application/json
2023-07-02 20:52:50.463 T:5065 debug : scraper: GetSearchResults returned https://api.thetvdb.com/search/series?name=The%20Company%20You%20Keep%20S01|Authorization=Bearer%20eyJhbGciOiJSUzI1NiIsInR5cCI6IkpXVCJ9.eyJleHAiOjE2ODg5MjgwMjQsImlkIjoiS29kaSIsIm9yaWdfaWF0IjoxNjg4MzIzMjI0fQ.ZMGP9eO87gQtyHYxRdYuF3QYC0pPP4Xzk0lmGJin34I_yz-32wxDoiHIy21b8GzYXDnP-b-EuqINiDUsSncbDL-BCTFq9Vfdm37qeYoelpVqR2BoaznI27fwZlNgO2q8KcQg09r5tPacH_HxQwDnHvIamx1oT0WKgcbs-qimQNSg1CAZBZkyXWhOniHUQa8koHg31MpE6sHtUjrmn84vNOKvPSHKHT_MusTsmGYTPE-HE06Z4q4gj8PviyAMsqhZ2d8NJ0Htj03AZUy1flEXIdF1sIWF0GNjD0NuPAiX7RLCbd1ogtk21AP3IOqGIxGl1CrDEVDMJH_gFuvytRKSFA&accept-language=en
2023-07-02 20:52:50.465 T:5014 debug : Keyboard: scancode: 0x16, sym: 0x113, unicode: 0x00, modifier: 0x0
2023-07-02 20:52:50.465 T:5014 debug : HandleKey: right (0xf083) pressed, window 10000, action is Right
2023-07-02 20:52:50.467 T:5065 debug : CurlFile::Open -
2023-07-02 20:52:50.514 T:5013 debug : CAndroidKey: key up (dev:-1; src:33554433; code: 22; repeat: 0; flags: 0x8; alt: no; shift: no; sym: no)
2023-07-02 20:52:50.525 T:5014 debug : Keyboard: scancode: 0x16, sym: 0x113, unicode: 0x00, modifier: 0x0
2023-07-02 20:52:50.796 T:5065 error : CCurlFile::Open - Failed with code 404:
2023-07-02 20:52:50.796 T:5065 error : Run: Unable to parse web site
2023-07-02 20:52:50.797 T:5065 debug : FindMovie: Searching for 'The Company You Keep S01' using The TVDB scraper (path: '/storage/emulated/0/Android/data/org.xbmc.kodi.quietvoid/files/.kodi/addons/metadata.tvdb.com/', content: 'tvshows', version: '3.2.8')
2023-07-02 20:52:50.798 T:5065 debug : scraper: CreateSearchUrl returned https://api.thetvdb.com/login?{"apikey":"439DFEBA9D3059C6"}|Content-Type=application/json
2023-07-02 20:52:50.801 T:5065 debug : scraper: GetSearchResults returned https://api.thetvdb.com/search/series?name=The%20Company%20You%20Keep%20S01|Authorization=Bearer%20eyJhbGciOiJSUzI1NiIsInR5cCI6IkpXVCJ9.eyJleHAiOjE2ODg5MjgwMjQsImlkIjoiS29kaSIsIm9yaWdfaWF0IjoxNjg4MzIzMjI0fQ.ZMGP9eO87gQtyHYxRdYuF3QYC0pPP4Xzk0lmGJin34I_yz-32wxDoiHIy21b8GzYXDnP-b-EuqINiDUsSncbDL-BCTFq9Vfdm37qeYoelpVqR2BoaznI27fwZlNgO2q8KcQg09r5tPacH_HxQwDnHvIamx1oT0WKgcbs-qimQNSg1CAZBZkyXWhOniHUQa8koHg31MpE6sHtUjrmn84vNOKvPSHKHT_MusTsmGYTPE-HE06Z4q4gj8PviyAMsqhZ2d8NJ0Htj03AZUy1flEXIdF1sIWF0GNjD0NuPAiX7RLCbd1ogtk21AP3IOqGIxGl1CrDEVDMJH_gFuvytRKSFA&accept-language=en
2023-07-02 20:52:50.807 T:5065 debug : CurlFile::Open -
2023-07-02 20:52:50.825 T:5065 error : CCurlFile::Open - Failed with code 404:
2023-07-02 20:52:50.826 T:5065 error : Run: Unable to parse web site
2023-07-02 20:52:50.827 T:5065 warning : No information found for item 'nfs://192.168.1.6/volume1/Serien/The Company You Keep S01/', it won't be added to the library.
2023-07-02 20:52:50.831 T:5065 debug : trying to load setting definitions from old format...
2023-07-02 20:52:50.839 T:5065 debug : FindMovie: Searching for 'Watchmen S01' using The TVDB scraper (path: '/storage/emulated/0/Android/data/org.xbmc.kodi.quietvoid/files/.kodi/addons/metadata.tvdb.com/', content: 'tvshows', version: '3.2.8')
2023-07-02 20:52:50.854 T:5065 debug : scraper: CreateSearchUrl returned https://api.thetvdb.com/login?{"apikey":"439DFEBA9D3059C6"}|Content-Type=application/json
2023-07-02 20:52:50.855 T:5065 debug : scraper: GetSearchResults returned https://api.thetvdb.com/search/series?name=Watchmen%20S01|Authorization=Bearer%20eyJhbGciOiJSUzI1NiIsInR5cCI6IkpXVCJ9.eyJleHAiOjE2ODg5MjgwMjQsImlkIjoiS29kaSIsIm9yaWdfaWF0IjoxNjg4MzIzMjI0fQ.ZMGP9eO87gQtyHYxRdYuF3QYC0pPP4Xzk0lmGJin34I_yz-32wxDoiHIy21b8GzYXDnP-b-EuqINiDUsSncbDL-BCTFq9Vfdm37qeYoelpVqR2BoaznI27fwZlNgO2q8KcQg09r5tPacH_HxQwDnHvIamx1oT0WKgcbs-qimQNSg1CAZBZkyXWhOniHUQa8koHg31MpE6sHtUjrmn84vNOKvPSHKHT_MusTsmGYTPE-HE06Z4q4gj8PviyAMsqhZ2d8NJ0Htj03AZUy1flEXIdF1sIWF0GNjD0NuPAiX7RLCbd1ogtk21AP3IOqGIxGl1CrDEVDMJH_gFuvytRKSFA&accept-language=en
2023-07-02 20:52:50.860 T:5065 debug : CurlFile::Open -
2023-07-02 20:52:51.195 T:5065 error : CCurlFile::Open - Failed with code 404:
2023-07-02 20:52:51.195 T:5065 error : Run: Unable to parse web site
2023-07-02 20:52:51.195 T:5065 debug : FindMovie: Searching for 'Watchmen S01' using The TVDB scraper (path: '/storage/emulated/0/Android/data/org.xbmc.kodi.quietvoid/files/.kodi/addons/metadata.tvdb.com/', content: 'tvshows', version: '3.2.8')
2023-07-02 20:52:51.196 T:5065 debug : scraper: CreateSearchUrl returned https://api.thetvdb.com/login?{"apikey":"439DFEBA9D3059C6"}|Content-Type=application/json
2023-07-02 20:52:51.197 T:5065 debug : scraper: GetSearchResults returned https://api.thetvdb.com/search/series?name=Watchmen%20S01|Authorization=Bearer%20eyJhbGciOiJSUzI1NiIsInR5cCI6IkpXVCJ9.eyJleHAiOjE2ODg5MjgwMjQsImlkIjoiS29kaSIsIm9yaWdfaWF0IjoxNjg4MzIzMjI0fQ.ZMGP9eO87gQtyHYxRdYuF3QYC0pPP4Xzk0lmGJin34I_yz-32wxDoiHIy21b8GzYXDnP-b-EuqINiDUsSncbDL-BCTFq9Vfdm37qeYoelpVqR2BoaznI27fwZlNgO2q8KcQg09r5tPacH_HxQwDnHvIamx1oT0WKgcbs-qimQNSg1CAZBZkyXWhOniHUQa8koHg31MpE6sHtUjrmn84vNOKvPSHKHT_MusTsmGYTPE-HE06Z4q4gj8PviyAMsqhZ2d8NJ0Htj03AZUy1flEXIdF1sIWF0GNjD0NuPAiX7RLCbd1ogtk21AP3IOqGIxGl1CrDEVDMJH_gFuvytRKSFA&accept-language=en
2023-07-02 20:52:51.200 T:5065 debug : CurlFile::Open -
2023-07-02 20:52:51.222 T:5065 error : CCurlFile::Open - Failed with code 404:
2023-07-02 20:52:51.222 T:5065 error : Run: Unable to parse web site
2023-07-02 20:52:51.223 T:5065 warning : No information found for item 'nfs://192.168.1.6/volume1/Serien/Watchmen S01/', it won't be added to the library.
2023-07-02 20:52:51.229 T:5065 debug : trying to load setting definitions from old format...
2023-07-02 20:52:51.262 T:5013 debug : CAndroidKey: key down (dev:-1; src:33554433; code: 21; repeat: 0; flags: 0x8; alt: no; shift: no; sym: no)
2023-07-02 20:52:51.276 T:5014 debug : Keyboard: scancode: 0x15, sym: 0x114, unicode: 0x00, modifier: 0x0
2023-07-02 20:52:51.276 T:5014 debug : HandleKey: left (0xf082) pressed, window 10000, action is Left
2023-07-02 20:52:51.314 T:5065 debug : VideoInfoScanner: Skipping dir 'nfs://192.168.1.6/volume1/Serien/Link Eat Love Kill/' due to no change
2023-07-02 20:52:51.318 T:5065 debug : trying to load setting definitions from old format...
2023-07-02 20:52:51.323 T:5136 debug : request received for /jsonrpc
2023-07-02 20:52:51.333 T:5013 info : Skipped 1 duplicate messages..
2023-07-02 20:52:51.333 T:5013 debug : CAndroidKey: key up (dev:-1; src:33554433; code: 21; repeat: 0; flags: 0x8; alt: no; shift: no; sym: no)
2023-07-02 20:52:51.365 T:5014 debug : Keyboard: scancode: 0x15, sym: 0x114, unicode: 0x00, modifier: 0x0
2023-07-02 20:52:51.464 T:5065 debug : VideoInfoScanner: Skipping dir 'nfs://192.168.1.6/volume1/Serien/Lost in Space/' due to no change
2023-07-02 20:52:51.467 T:5065 debug : trying to load setting definitions from old format...
2023-07-02 20:52:51.518 T:5065 debug : VideoInfoScanner: Skipping dir 'nfs://192.168.1.6/volume1/Serien/Mr In between/' due to no change
2023-07-02 20:52:51.521 T:5065 debug : trying to load setting definitions from old format...
2023-07-02 20:52:51.585 T:5065 debug : VideoInfoScanner: Skipping dir 'nfs://192.168.1.6/volume1/Serien/She Hulk Die Anwaeltin/' due to no change
2023-07-02 20:52:51.588 T:5065 debug : trying to load setting definitions from old format...
2023-07-02 20:52:51.650 T:5136 debug : request received for /jsonrpc
2023-07-02 20:52:51.660 T:5065 info : Skipped 1 duplicate messages..
2023-07-02 20:52:51.660 T:5065 debug : VideoInfoScanner: Skipping dir 'nfs://192.168.1.6/volume1/Serien/A Small Light 2023 S01/' due to no change
2023-07-02 20:52:51.663 T:5065 debug : trying to load setting definitions from old format...
2023-07-02 20:52:51.684 T:5065 debug : VideoInfoScanner: Skipping dir 'nfs://192.168.1.6/volume1/Serien/The Resort 2022/' due to no change
2023-07-02 20:52:51.686 T:5065 debug : trying to load setting definitions from old format...
2023-07-02 20:52:51.838 T:5065 debug : VideoInfoScanner: Skipping dir 'nfs://192.168.1.6/volume1/Serien/the handmaids tale/' due to no change
2023-07-02 20:52:51.840 T:5065 debug : trying to load setting definitions from old format...
2023-07-02 20:52:51.854 T:5065 debug : VideoInfoScanner: Skipping dir 'nfs://192.168.1.6/volume1/Serien/We own this City/' due to no change
2023-07-02 20:52:51.857 T:5065 debug : trying to load setting definitions from old format...
2023-07-02 20:52:51.909 T:5013 debug : CAndroidKey: key down (dev:-1; src:33554433; code: 22; repeat: 0; flags: 0x8; alt: no; shift: no; sym: no)
2023-07-02 20:52:51.926 T:5014 debug : Keyboard: scancode: 0x16, sym: 0x113, unicode: 0x00, modifier: 0x0
2023-07-02 20:52:51.927 T:5014 debug : HandleKey: right (0xf083) pressed, window 10000, action is Right
2023-07-02 20:52:51.958 T:5065 debug : VideoInfoScanner: Skipping dir 'nfs://192.168.1.6/volume1/Serien/The Last of Us/' due to no change
2023-07-02 20:52:51.965 T:5065 debug : trying to load setting definitions from old format...
2023-07-02 20:52:51.979 T:5013 debug : CAndroidKey: key up (dev:-1; src:33554433; code: 22; repeat: 0; flags: 0x8; alt: no; shift: no; sym: no)
2023-07-02 20:52:51.985 T:5065 debug : VideoInfoScanner: Skipping dir 'nfs://192.168.1.6/volume1/Serien/Box 21/' due to no change
2023-07-02 20:52:51.987 T:5065 debug : trying to load setting definitions from old format...
2023-07-02 20:52:51.995 T:5014 debug : Keyboard: scancode: 0x16, sym: 0x113, unicode: 0x00, modifier: 0x0
2023-07-02 20:52:51.996 T:5065 debug : FindMovie: Searching for 'Alles Geld der Welt' using The TVDB scraper (path: '/storage/emulated/0/Android/data/org.xbmc.kodi.quietvoid/files/.kodi/addons/metadata.tvdb.com/', content: 'tvshows', version: '3.2.8')
2023-07-02 20:52:52.011 T:5065 debug : scraper: CreateSearchUrl returned https://api.thetvdb.com/login?{"apikey":"439DFEBA9D3059C6"}|Content-Type=application/json
2023-07-02 20:52:52.012 T:5065 debug : scraper: GetSearchResults returned https://api.thetvdb.com/search/series?name=Alles%20Geld%20der%20Welt|Authorization=Bearer%20eyJhbGciOiJSUzI1NiIsInR5cCI6IkpXVCJ9.eyJleHAiOjE2ODg5MjgwMjQsImlkIjoiS29kaSIsIm9yaWdfaWF0IjoxNjg4MzIzMjI0fQ.ZMGP9eO87gQtyHYxRdYuF3QYC0pPP4Xzk0lmGJin34I_yz-32wxDoiHIy21b8GzYXDnP-b-EuqINiDUsSncbDL-BCTFq9Vfdm37qeYoelpVqR2BoaznI27fwZlNgO2q8KcQg09r5tPacH_HxQwDnHvIamx1oT0WKgcbs-qimQNSg1CAZBZkyXWhOniHUQa8koHg31MpE6sHtUjrmn84vNOKvPSHKHT_MusTsmGYTPE-HE06Z4q4gj8PviyAMsqhZ2d8NJ0Htj03AZUy1flEXIdF1sIWF0GNjD0NuPAiX7RLCbd1ogtk21AP3IOqGIxGl1CrDEVDMJH_gFuvytRKSFA&accept-language=en
2023-07-02 20:52:52.016 T:5065 debug : CurlFile::Open -
2023-07-02 20:52:52.345 T:5065 error : CCurlFile::Open - Failed with code 404:
2023-07-02 20:52:52.345 T:5065 error : Run: Unable to parse web site
2023-07-02 20:52:52.346 T:5065 debug : FindMovie: Searching for 'Alles Geld der Welt' using The TVDB scraper (path: '/storage/emulated/0/Android/data/org.xbmc.kodi.quietvoid/files/.kodi/addons/metadata.tvdb.com/', content: 'tvshows', version: '3.2.8')
2023-07-02 20:52:52.346 T:5065 debug : scraper: CreateSearchUrl returned https://api.thetvdb.com/login?{"apikey":"439DFEBA9D3059C6"}|Content-Type=application/json
2023-07-02 20:52:52.347 T:5065 debug : scraper: GetSearchResults returned https://api.thetvdb.com/search/series?name=Alles%20Geld%20der%20Welt|Authorization=Bearer%20eyJhbGciOiJSUzI1NiIsInR5cCI6IkpXVCJ9.eyJleHAiOjE2ODg5MjgwMjQsImlkIjoiS29kaSIsIm9yaWdfaWF0IjoxNjg4MzIzMjI0fQ.ZMGP9eO87gQtyHYxRdYuF3QYC0pPP4Xzk0lmGJin34I_yz-32wxDoiHIy21b8GzYXDnP-b-EuqINiDUsSncbDL-BCTFq9Vfdm37qeYoelpVqR2BoaznI27fwZlNgO2q8KcQg09r5tPacH_HxQwDnHvIamx1oT0WKgcbs-qimQNSg1CAZBZkyXWhOniHUQa8koHg31MpE6sHtUjrmn84vNOKvPSHKHT_MusTsmGYTPE-HE06Z4q4gj8PviyAMsqhZ2d8NJ0Htj03AZUy1flEXIdF1sIWF0GNjD0NuPAiX7RLCbd1ogtk21AP3IOqGIxGl1CrDEVDMJH_gFuvytRKSFA&accept-language=en
2023-07-02 20:52:52.349 T:5065 debug : CurlFile::Open -
2023-07-02 20:52:52.376 T:5065 error : CCurlFile::Open - Failed with code 404:
2023-07-02 20:52:52.377 T:5065 error : Run: Unable to parse web site
2023-07-02 20:52:52.378 T:5065 warning : No information found for item 'nfs://192.168.1.6/volume1/Serien/Alles Geld der Welt 2017/', it won't be added to the library.
2023-07-02 20:52:52.385 T:5065 debug : trying to load setting definitions from old format...
2023-07-02 20:52:52.397 T:5065 debug : VideoInfoScanner: Skipping dir 'nfs://192.168.1.6/volume1/Serien/Stadt geschichten/' due to no change
2023-07-02 20:52:52.400 T:5065 debug : trying to load setting definitions from old format...
2023-07-02 20:52:52.421 T:5065 debug : VideoInfoScanner: Skipping dir 'nfs://192.168.1.6/volume1/Serien/SWAT/' due to no change
2023-07-02 20:52:52.424 T:5065 debug : trying to load setting definitions from old format...
2023-07-02 20:52:52.436 T:5065 debug : VideoInfoScanner: Skipping dir 'nfs://192.168.1.6/volume1/Serien/The Attache/' due to no change
