2023-07-02 20:52:56.879 T:5065 error : Run: Unable to parse web site
2023-07-02 20:52:56.880 T:5065 warning : No information found for item 'nfs://192.168.1.6/volume1/Serien/Class of 09 S01/', it won't be added to the library.
2023-07-02 20:52:56.887 T:5065 debug : trying to load setting definitions from old format...
2023-07-02 20:52:56.987 T:5065 debug : VideoInfoScanner: Skipping dir 'nfs://192.168.1.6/volume1/Serien/BMF/' due to no change
2023-07-02 20:52:56.990 T:5065 debug : trying to load setting definitions from old format...
2023-07-02 20:52:57.039 T:5065 debug : VideoInfoScanner: Skipping dir 'nfs://192.168.1.6/volume1/Serien/Black Knight 2023 S01/' due to no change
2023-07-02 20:52:57.041 T:5065 debug : trying to load setting definitions from old format...
2023-07-02 20:52:57.110 T:5138 debug : request received for /jsonrpc
2023-07-02 20:52:57.127 T:5065 info : Skipped 1 duplicate messages..
2023-07-02 20:52:57.127 T:5065 debug : VideoInfoScanner: Skipping dir 'nfs://192.168.1.6/volume1/Serien/Better call Soul/' due to no change
2023-07-02 20:52:57.130 T:5065 debug : trying to load setting definitions from old format...
2023-07-02 20:52:57.188 T:5065 debug : VideoInfoScanner: Skipping dir 'nfs://192.168.1.6/volume1/Serien/Belgravia Zeit des Schicksals/' due to no change
2023-07-02 20:52:57.191 T:5065 debug : trying to load setting definitions from old format...
2023-07-02 20:52:57.281 T:5065 debug : VideoInfoScanner: Skipping dir 'nfs://192.168.1.6/volume1/Serien/Beschuetze Sie 2023/' due to no change
2023-07-02 20:52:57.285 T:5065 debug : trying to load setting definitions from old format...
2023-07-02 20:52:57.318 T:5065 debug : VideoInfoScanner: Skipping dir 'nfs://192.168.1.6/volume1/Serien/Avenue 5/' due to no change
2023-07-02 20:52:57.322 T:5065 debug : trying to load setting definitions from old format...
2023-07-02 20:52:57.353 T:5065 debug : VideoInfoScanner: Skipping dir 'nfs://192.168.1.6/volume1/Serien/Hit and Run/' due to no change
2023-07-02 20:52:57.356 T:5065 debug : trying to load setting definitions from old format...
2023-07-02 20:52:57.408 T:5065 debug : VideoInfoScanner: Skipping dir 'nfs://192.168.1.6/volume1/Serien/LOL/' due to no change
2023-07-02 20:52:57.411 T:5065 debug : trying to load setting definitions from old format...
2023-07-02 20:52:57.423 T:5065 debug : VideoInfoScanner: Rescanning dir 'nfs://192.168.1.6/volume1/Serien/Meine geniale Freundin/' due to change (5772352389ca61c06448e975a2cecc49 != e4a490d22989dc532c1739f67c07e86a)
2023-07-02 20:52:57.426 T:5065 debug : trying to load setting definitions from old format...
2023-07-02 20:52:57.438 T:5065 debug : VideoInfoScanner: Scanning dir 'nfs://192.168.1.6/volume1/Serien/Alicei n Borderland/' as not in the database
2023-07-02 20:52:57.441 T:5065 debug : trying to load setting definitions from old format...
2023-07-02 20:52:57.451 T:5065 debug : VideoInfoScanner: Rescanning dir 'nfs://192.168.1.6/volume1/Serien/The Rig 2023/' due to change (b42468d28fad6b9697d6f0fbd77cf2aa != 15b1c40e1b990509c5611d2a54b81285)
2023-07-02 20:52:57.453 T:5065 debug : trying to load setting definitions from old format...
2023-07-02 20:52:57.469 T:5065 debug : VideoInfoScanner: Skipping dir 'nfs://192.168.1.6/volume1/Serien/True Lies 2023/' due to no change
2023-07-02 20:52:57.471 T:5065 debug : trying to load setting definitions from old format...
2023-07-02 20:52:57.562 T:5065 debug : VideoInfoScanner: Skipping dir 'nfs://192.168.1.6/volume1/Serien/Fubar 2023/' due to no change
2023-07-02 20:52:57.566 T:5065 debug : trying to load setting definitions from old format...
2023-07-02 20:52:57.605 T:5065 debug : VideoInfoScanner: Skipping dir 'nfs://192.168.1.6/volume1/Serien/1923 2022/' due to no change
2023-07-02 20:52:57.607 T:5065 debug : trying to load setting definitions from old format...
2023-07-02 20:52:57.614 T:5065 debug : FindMovie: Searching for 'V War SO1' using The TVDB scraper (path: '/storage/emulated/0/Android/data/org.xbmc.kodi.quietvoid/files/.kodi/addons/metadata.tvdb.com/', content: 'tvshows', version: '3.2.8')
2023-07-02 20:52:57.629 T:5065 debug : scraper: CreateSearchUrl returned https://api.thetvdb.com/login?{"apikey":"439DFEBA9D3059C6"}|Content-Type=application/json
2023-07-02 20:52:57.630 T:5065 debug : scraper: GetSearchResults returned https://api.thetvdb.com/search/series?name=V%20War%20%20SO1|Authorization=Bearer%20eyJhbGciOiJSUzI1NiIsInR5cCI6IkpXVCJ9.eyJleHAiOjE2ODg5MjgwMjQsImlkIjoiS29kaSIsIm9yaWdfaWF0IjoxNjg4MzIzMjI0fQ.ZMGP9eO87gQtyHYxRdYuF3QYC0pPP4Xzk0lmGJin34I_yz-32wxDoiHIy21b8GzYXDnP-b-EuqINiDUsSncbDL-BCTFq9Vfdm37qeYoelpVqR2BoaznI27fwZlNgO2q8KcQg09r5tPacH_HxQwDnHvIamx1oT0WKgcbs-qimQNSg1CAZBZkyXWhOniHUQa8koHg31MpE6sHtUjrmn84vNOKvPSHKHT_MusTsmGYTPE-HE06Z4q4gj8PviyAMsqhZ2d8NJ0Htj03AZUy1flEXIdF1sIWF0GNjD0NuPAiX7RLCbd1ogtk21AP3IOqGIxGl1CrDEVDMJH_gFuvytRKSFA&accept-language=en
2023-07-02 20:52:57.634 T:5065 debug : CurlFile::Open -
2023-07-02 20:52:57.744 T:5013 debug : CAndroidKey: key down (dev:-1; src:33554433; code: 20; repeat: 0; flags: 0x8; alt: no; shift: no; sym: no)
2023-07-02 20:52:57.766 T:5014 debug : Keyboard: scancode: 0x14, sym: 0x112, unicode: 0x00, modifier: 0x0
2023-07-02 20:52:57.767 T:5014 debug : HandleKey: down (0xf081) pressed, window 10025, action is Down
2023-07-02 20:52:57.814 T:5013 debug : CAndroidKey: key up (dev:-1; src:33554433; code: 20; repeat: 0; flags: 0x8; alt: no; shift: no; sym: no)
2023-07-02 20:52:57.832 T:5014 debug : Keyboard: scancode: 0x14, sym: 0x112, unicode: 0x00, modifier: 0x0
2023-07-02 20:52:57.954 T:5065 error : CCurlFile::Open - Failed with code 404:
2023-07-02 20:52:57.955 T:5065 error : Run: Unable to parse web site
2023-07-02 20:52:57.955 T:5065 debug : FindMovie: Searching for 'V War SO1' using The TVDB scraper (path: '/storage/emulated/0/Android/data/org.xbmc.kodi.quietvoid/files/.kodi/addons/metadata.tvdb.com/', content: 'tvshows', version: '3.2.8')
2023-07-02 20:52:57.956 T:5065 debug : scraper: CreateSearchUrl returned https://api.thetvdb.com/login?{"apikey":"439DFEBA9D3059C6"}|Content-Type=application/json
2023-07-02 20:52:57.957 T:5065 debug : scraper: GetSearchResults returned https://api.thetvdb.com/search/series?name=V%20War%20%20SO1|Authorization=Bearer%20eyJhbGciOiJSUzI1NiIsInR5cCI6IkpXVCJ9.eyJleHAiOjE2ODg5MjgwMjQsImlkIjoiS29kaSIsIm9yaWdfaWF0IjoxNjg4MzIzMjI0fQ.ZMGP9eO87gQtyHYxRdYuF3QYC0pPP4Xzk0lmGJin34I_yz-32wxDoiHIy21b8GzYXDnP-b-EuqINiDUsSncbDL-BCTFq9Vfdm37qeYoelpVqR2BoaznI27fwZlNgO2q8KcQg09r5tPacH_HxQwDnHvIamx1oT0WKgcbs-qimQNSg1CAZBZkyXWhOniHUQa8koHg31MpE6sHtUjrmn84vNOKvPSHKHT_MusTsmGYTPE-HE06Z4q4gj8PviyAMsqhZ2d8NJ0Htj03AZUy1flEXIdF1sIWF0GNjD0NuPAiX7RLCbd1ogtk21AP3IOqGIxGl1CrDEVDMJH_gFuvytRKSFA&accept-language=en
2023-07-02 20:52:57.960 T:5065 debug : CurlFile::Open -
2023-07-02 20:52:57.985 T:5065 error : CCurlFile::Open - Failed with code 404:
2023-07-02 20:52:57.985 T:5065 error : Run: Unable to parse web site
2023-07-02 20:52:57.986 T:5065 warning : No information found for item 'nfs://192.168.1.6/volume1/Serien/V War SO1/', it won't be added to the library.
2023-07-02 20:52:57.991 T:5065 debug : trying to load setting definitions from old format...
2023-07-02 20:52:58.017 T:5065 debug : VideoInfoScanner: Skipping dir 'nfs://192.168.1.6/volume1/Serien/P Valley/' due to no change
2023-07-02 20:52:58.020 T:5065 debug : trying to load setting definitions from old format...
2023-07-02 20:52:58.086 T:5065 debug : VideoInfoScanner: Skipping dir 'nfs://192.168.1.6/volume1/Serien/Obi Wan Kenobi/' due to no change
2023-07-02 20:52:58.090 T:5065 debug : trying to load setting definitions from old format...
2023-07-02 20:52:58.123 T:5065 debug : VideoInfoScanner: Skipping dir 'nfs://192.168.1.6/volume1/Serien/Liebermann Vienna Blood/' due to no change
2023-07-02 20:52:58.125 T:5065 debug : trying to load setting definitions from old format...
2023-07-02 20:52:58.165 T:5065 debug : VideoInfoScanner: Skipping dir 'nfs://192.168.1.6/volume1/Serien/High Flyers/' due to no change
2023-07-02 20:52:58.167 T:5065 debug : trying to load setting definitions from old format...
2023-07-02 20:52:58.174 T:5065 debug : FindMovie: Searching for 'Hellinthe Heartland Mord ohne Leichen' using The TVDB scraper (path: '/storage/emulated/0/Android/data/org.xbmc.kodi.quietvoid/files/.kodi/addons/metadata.tvdb.com/', content: 'tvshows', version: '3.2.8')
2023-07-02 20:52:58.187 T:5065 debug : scraper: CreateSearchUrl returned https://api.thetvdb.com/login?{"apikey":"439DFEBA9D3059C6"}|Content-Type=application/json
2023-07-02 20:52:58.189 T:5065 debug : scraper: GetSearchResults returned https://api.thetvdb.com/search/series?name=Hellinthe%20Heartland%20%20Mord%20ohne%20Leichen|Authorization=Bearer%20eyJhbGciOiJSUzI1NiIsInR5cCI6IkpXVCJ9.eyJleHAiOjE2ODg5MjgwMjQsImlkIjoiS29kaSIsIm9yaWdfaWF0IjoxNjg4MzIzMjI0fQ.ZMGP9eO87gQtyHYxRdYuF3QYC0pPP4Xzk0lmGJin34I_yz-32wxDoiHIy21b8GzYXDnP-b-EuqINiDUsSncbDL-BCTFq9Vfdm37qeYoelpVqR2BoaznI27fwZlNgO2q8KcQg09r5tPacH_HxQwDnHvIamx1oT0WKgcbs-qimQNSg1CAZBZkyXWhOniHUQa8koHg31MpE6sHtUjrmn84vNOKvPSHKHT_MusTsmGYTPE-HE06Z4q4gj8PviyAMsqhZ2d8NJ0Htj03AZUy1flEXIdF1sIWF0GNjD0NuPAiX7RLCbd1ogtk21AP3IOqGIxGl1CrDEVDMJH_gFuvytRKSFA&accept-language=en
2023-07-02 20:52:58.192 T:5065 debug : CurlFile::Open -
2023-07-02 20:52:58.331 T:5013 debug : CAndroidKey: key down (dev:-1; src:33554433; code: 23; repeat: 0; flags: 0x8; alt: no; shift: no; sym: no)
2023-07-02 20:52:58.368 T:5014 debug : Keyboard: scancode: 0x17, sym: 0x0d, unicode: 0x00, modifier: 0x0
2023-07-02 20:52:58.401 T:5013 debug : CAndroidKey: key up (dev:-1; src:33554433; code: 23; repeat: 0; flags: 0x8; alt: no; shift: no; sym: no)
2023-07-02 20:52:58.416 T:5014 debug : Keyboard: scancode: 0x17, sym: 0x0d, unicode: 0x00, modifier: 0x0
2023-07-02 20:52:58.417 T:5014 debug : HandleKey: return (0xf00d) pressed, window 10025, action is Select
2023-07-02 20:52:58.419 T:5014 debug : CGUIMediaWindow::GetDirectory (nfs://192.168.1.6/volume1/Musik/Testfiles/)
2023-07-02 20:52:58.419 T:5014 debug : ParentPath = [nfs://192.168.1.6/volume1/Musik/]
2023-07-02 20:52:58.420 T:5193 debug : Thread waiting start, auto delete: false
2023-07-02 20:52:58.421 T:5193 debug : NFS: Refreshing context for 192.168.1.6/volume1/Musik, old: 838264751231, new: 841330284816
2023-07-02 20:52:58.421 T:5193 debug : NFS: Using cached context.
2023-07-02 20:52:58.423 T:5193 debug : Thread waiting -1127059008 terminating
2023-07-02 20:52:58.459 T:5194 debug : Thread BackgroundLoader start, auto delete: false
2023-07-02 20:52:58.505 T:5194 debug : Thread BackgroundLoader -1127059008 terminating
2023-07-02 20:52:58.536 T:5065 error : CCurlFile::Open - Failed with code 404:
2023-07-02 20:52:58.537 T:5065 error : Run: Unable to parse web site
2023-07-02 20:52:58.537 T:5065 debug : FindMovie: Searching for 'Hellinthe Heartland Mord ohne Leichen' using The TVDB scraper (path: '/storage/emulated/0/Android/data/org.xbmc.kodi.quietvoid/files/.kodi/addons/metadata.tvdb.com/', content: 'tvshows', version: '3.2.8')
2023-07-02 20:52:58.538 T:5065 debug : scraper: CreateSearchUrl returned https://api.thetvdb.com/login?{"apikey":"439DFEBA9D3059C6"}|Content-Type=application/json
2023-07-02 20:52:58.539 T:5065 debug : scraper: GetSearchResults returned https://api.thetvdb.com/search/series?name=Hellinthe%20Heartland%20%20Mord%20ohne%20Leichen|Authorization=Bearer%20eyJhbGciOiJSUzI1NiIsInR5cCI6IkpXVCJ9.eyJleHAiOjE2ODg5MjgwMjQsImlkIjoiS29kaSIsIm9yaWdfaWF0IjoxNjg4MzIzMjI0fQ.ZMGP9eO87gQtyHYxRdYuF3QYC0pPP4Xzk0lmGJin34I_yz-32wxDoiHIy21b8GzYXDnP-b-EuqINiDUsSncbDL-BCTFq9Vfdm37qeYoelpVqR2BoaznI27fwZlNgO2q8KcQg09r5tPacH_HxQwDnHvIamx1oT0WKgcbs-qimQNSg1CAZBZkyXWhOniHUQa8koHg31MpE6sHtUjrmn84vNOKvPSHKHT_MusTsmGYTPE-HE06Z4q4gj8PviyAMsqhZ2d8NJ0Htj03AZUy1flEXIdF1sIWF0GNjD0NuPAiX7RLCbd1ogtk21AP3IOqGIxGl1CrDEVDMJH_gFuvytRKSFA&accept-language=en
2023-07-02 20:52:58.542 T:5065 debug : CurlFile::Open -
2023-07-02 20:52:58.568 T:5065 error : CCurlFile::Open - Failed with code 404:
2023-07-02 20:52:58.568 T:5065 error : Run: Unable to parse web site
2023-07-02 20:52:58.568 T:5065 warning : No information found for item 'nfs://192.168.1.6/volume1/Serien/Hellinthe Heartland Mord ohne Leichen/', it won't be added to the library.
2023-07-02 20:52:58.572 T:5065 debug : trying to load setting definitions from old format...
2023-07-02 20:52:58.574 T:5065 debug : NFS: Refreshing context for 192.168.1.6/volume1/Serien, old: 838645118607, new: 841483714900
2023-07-02 20:52:58.575 T:5065 debug : NFS: Using cached context.
2023-07-02 20:52:58.626 T:5065 debug : VideoInfoScanner: Skipping dir 'nfs://192.168.1.6/volume1/Serien/Dahmer Monster Die Geschichtevon Jeffrey Dahmer/' due to no change
2023-07-02 20:52:58.628 T:5065 debug : trying to load setting definitions from old format...
2023-07-02 20:52:58.638 T:5065 debug : FindMovie: Searching for 'Briarpatch Texas Kills!' using The TVDB scraper (path: '/storage/emulated/0/Android/data/org.xbmc.kodi.quietvoid/files/.kodi/addons/metadata.tvdb.com/', content: 'tvshows', version: '3.2.8')
2023-07-02 20:52:58.652 T:5065 debug : scraper: CreateSearchUrl returned https://api.thetvdb.com/login?{"apikey":"439DFEBA9D3059C6"}|Content-Type=application/json
2023-07-02 20:52:58.654 T:5065 debug : scraper: GetSearchResults returned https://api.thetvdb.com/search/series?name=Briarpatch%20%20Texas%20Kills!|Authorization=Bearer%20eyJhbGciOiJSUzI1NiIsInR5cCI6IkpXVCJ9.eyJleHAiOjE2ODg5MjgwMjQsImlkIjoiS29kaSIsIm9yaWdfaWF0IjoxNjg4MzIzMjI0fQ.ZMGP9eO87gQtyHYxRdYuF3QYC0pPP4Xzk0lmGJin34I_yz-32wxDoiHIy21b8GzYXDnP-b-EuqINiDUsSncbDL-BCTFq9Vfdm37qeYoelpVqR2BoaznI27fwZlNgO2q8KcQg09r5tPacH_HxQwDnHvIamx1oT0WKgcbs-qimQNSg1CAZBZkyXWhOniHUQa8koHg31MpE6sHtUjrmn84vNOKvPSHKHT_MusTsmGYTPE-HE06Z4q4gj8PviyAMsqhZ2d8NJ0Htj03AZUy1flEXIdF1sIWF0GNjD0NuPAiX7RLCbd1ogtk21AP3IOqGIxGl1CrDEVDMJH_gFuvytRKSFA&accept-language=en
2023-07-02 20:52:58.657 T:5065 debug : CurlFile::Open -
2023-07-02 20:52:58.660 T:5138 debug : request received for /jsonrpc
2023-07-02 20:52:59.002 T:5065 info : Skipped 3 duplicate messages..
2023-07-02 20:52:59.002 T:5065 error : CCurlFile::Open - Failed with code 404:
2023-07-02 20:52:59.002 T:5065 error : Run: Unable to parse web site
2023-07-02 20:52:59.003 T:5065 debug : FindMovie: Searching for 'Briarpatch Texas Kills!' using The TVDB scraper (path: '/storage/emulated/0/Android/data/org.xbmc.kodi.quietvoid/files/.kodi/addons/metadata.tvdb.com/', content: 'tvshows', version: '3.2.8')
2023-07-02 20:52:59.003 T:5065 debug : scraper: CreateSearchUrl returned https://api.thetvdb.com/login?{"apikey":"439DFEBA9D3059C6"}|Content-Type=application/json
2023-07-02 20:52:59.004 T:5065 debug : scraper: GetSearchResults returned https://api.thetvdb.com/search/series?name=Briarpatch%20%20Texas%20Kills!|Authorization=Bearer%20eyJhbGciOiJSUzI1NiIsInR5cCI6IkpXVCJ9.eyJleHAiOjE2ODg5MjgwMjQsImlkIjoiS29kaSIsIm9yaWdfaWF0IjoxNjg4MzIzMjI0fQ.ZMGP9eO87gQtyHYxRdYuF3QYC0pPP4Xzk0lmGJin34I_yz-32wxDoiHIy21b8GzYXDnP-b-EuqINiDUsSncbDL-BCTFq9Vfdm37qeYoelpVqR2BoaznI27fwZlNgO2q8KcQg09r5tPacH_HxQwDnHvIamx1oT0WKgcbs-qimQNSg1CAZBZkyXWhOniHUQa8koHg31MpE6sHtUjrmn84vNOKvPSHKHT_MusTsmGYTPE-HE06Z4q4gj8PviyAMsqhZ2d8NJ0Htj03AZUy1flEXIdF1sIWF0GNjD0NuPAiX7RLCbd1ogtk21AP3IOqGIxGl1CrDEVDMJH_gFuvytRKSFA&accept-language=en
2023-07-02 20:52:59.007 T:5065 debug : CurlFile::Open -
2023-07-02 20:52:59.032 T:5065 error : CCurlFile::Open - Failed with code 404:
2023-07-02 20:52:59.032 T:5065 error : Run: Unable to parse web site
2023-07-02 20:52:59.033 T:5065 warning : No information found for item 'nfs://192.168.1.6/volume1/Serien/Briarpatch Texas Kills!/', it won't be added to the library.
2023-07-02 20:52:59.037 T:5065 debug : trying to load setting definitions from old format...
2023-07-02 20:52:59.080 T:5065 debug : VideoInfoScanner: Skipping dir 'nfs://192.168.1.6/volume1/Serien/Barkskins Aus hartem Holz/' due to no change
2023-07-02 20:52:59.083 T:5065 debug : trying to load setting definitions from old format...
2023-07-02 20:52:59.092 T:5092 info : Skipped 1 duplicate messages..
2023-07-02 20:52:59.092 T:5092 debug : [script.logviewer] Starting error popup runner
2023-07-02 20:52:59.132 T:5065 debug : VideoInfoScanner: Skipping dir 'nfs://192.168.1.6/volume1/Serien/Der Greif 2023 S01/' due to no change
2023-07-02 20:52:59.136 T:5065 debug : trying to load setting definitions from old format...
2023-07-02 20:52:59.144 T:5065 debug : FindMovie: Searching for 'Stumm S01' using The TVDB scraper (path: '/storage/emulated/0/Android/data/org.xbmc.kodi.quietvoid/files/.kodi/addons/metadata.tvdb.com/', content: 'tvshows', version: '3.2.8')
2023-07-02 20:52:59.157 T:5065 debug : scraper: CreateSearchUrl returned https://api.thetvdb.com/login?{"apikey":"439DFEBA9D3059C6"}|Content-Type=application/json
2023-07-02 20:52:59.159 T:5065 debug : scraper: GetSearchResults returned https://api.thetvdb.com/search/series?name=Stumm%20S01|Authorization=Bearer%20eyJhbGciOiJSUzI1NiIsInR5cCI6IkpXVCJ9.eyJleHAiOjE2ODg5MjgwMjQsImlkIjoiS29kaSIsIm9yaWdfaWF0IjoxNjg4MzIzMjI0fQ.ZMGP9eO87gQtyHYxRdYuF3QYC0pPP4Xzk0lmGJin34I_yz-32wxDoiHIy21b8GzYXDnP-b-EuqINiDUsSncbDL-BCTFq9Vfdm37qeYoelpVqR2BoaznI27fwZlNgO2q8KcQg09r5tPacH_HxQwDnHvIamx1oT0WKgcbs-qimQNSg1CAZBZkyXWhOniHUQa8koHg31MpE6sHtUjrmn84vNOKvPSHKHT_MusTsmGYTPE-HE06Z4q4gj8PviyAMsqhZ2d8NJ0Htj03AZUy1flEXIdF1sIWF0GNjD0NuPAiX7RLCbd1ogtk21AP3IOqGIxGl1CrDEVDMJH_gFuvytRKSFA&accept-language=en
2023-07-02 20:52:59.161 T:5065 debug : CurlFile::Open -
2023-07-02 20:52:59.482 T:5013 debug : CAndroidKey: key down (dev:-1; src:33554433; code: 20; repeat: 0; flags: 0x8; alt: no; shift: no; sym: no)
2023-07-02 20:52:59.486 T:5065 error : CCurlFile::Open - Failed with code 404:
2023-07-02 20:52:59.487 T:5065 error : Run: Unable to parse web site
2023-07-02 20:52:59.487 T:5065 debug : FindMovie: Searching for 'Stumm S01' using The TVDB scraper (path: '/storage/emulated/0/Android/data/org.xbmc.kodi.quietvoid/files/.kodi/addons/metadata.tvdb.com/', content: 'tvshows', version: '3.2.8')
2023-07-02 20:52:59.488 T:5065 debug : scraper: CreateSearchUrl returned https://api.thetvdb.com/login?{"apikey":"439DFEBA9D3059C6"}|Content-Type=application/json
2023-07-02 20:52:59.489 T:5065 debug : scraper: GetSearchResults returned https://api.thetvdb.com/search/series?name=Stumm%20S01|Authorization=Bearer%20eyJhbGciOiJSUzI1NiIsInR5cCI6IkpXVCJ9.eyJleHAiOjE2ODg5MjgwMjQsImlkIjoiS29kaSIsIm9yaWdfaWF0IjoxNjg4MzIzMjI0fQ.ZMGP9eO87gQtyHYxRdYuF3QYC0pPP4Xzk0lmGJin34I_yz-32wxDoiHIy21b8GzYXDnP-b-EuqINiDUsSncbDL-BCTFq9Vfdm37qeYoelpVqR2BoaznI27fwZlNgO2q8KcQg09r5tPacH_HxQwDnHvIamx1oT0WKgcbs-qimQNSg1CAZBZkyXWhOniHUQa8koHg31MpE6sHtUjrmn84vNOKvPSHKHT_MusTsmGYTPE-HE06Z4q4gj8PviyAMsqhZ2d8NJ0Htj03AZUy1flEXIdF1sIWF0GNjD0NuPAiX7RLCbd1ogtk21AP3IOqGIxGl1CrDEVDMJH_gFuvytRKSFA&accept-language=en
2023-07-02 20:52:59.492 T:5065 debug : CurlFile::Open -
2023-07-02 20:52:59.515 T:5065 error : CCurlFile::Open - Failed with code 404:
2023-07-02 20:52:59.516 T:5065 error : Run: Unable to parse web site
2023-07-02 20:52:59.516 T:5065 warning : No information found for item 'nfs://192.168.1.6/volume1/Serien/Stumm S01/', it won't be added to the library.
2023-07-02 20:52:59.519 T:5014 debug : Keyboard: scancode: 0x14, sym: 0x112, unicode: 0x00, modifier: 0x0
2023-07-02 20:52:59.520 T:5014 debug : HandleKey: down (0xf081) pressed, window 10025, action is Down
2023-07-02 20:52:59.521 T:5065 debug : trying to load setting definitions from old format...
2023-07-02 20:52:59.549 T:5013 debug : CAndroidKey: key up (dev:-1; src:33554433; code: 20; repeat: 0; flags: 0x8; alt: no; shift: no; sym: no)
2023-07-02 20:52:59.557 T:5065 debug : VideoInfoScanner: Skipping dir 'nfs://192.168.1.6/volume1/Serien/White House Plumbers/' due to no change
2023-07-02 20:52:59.560 T:5065 debug : trying to load setting definitions from old format...
2023-07-02 20:52:59.567 T:5014 debug : Keyboard: scancode: 0x14, sym: 0x112, unicode: 0x00, modifier: 0x0
2023-07-02 20:52:59.674 T:5065 debug : VideoInfoScanner: Skipping dir 'nfs://192.168.1.6/volume1/Serien/Yellowstone/' due to no change
2023-07-02 20:52:59.677 T:5065 debug : trying to load setting definitions from old format...
2023-07-02 20:52:59.730 T:5013 debug : CAndroidKey: key down (dev:-1; src:33554433; code: 20; repeat: 0; flags: 0x8; alt: no; shift: no; sym: no)
2023-07-02 20:52:59.736 T:5065 debug : VideoInfoScanner: Skipping dir 'nfs://192.168.1.6/volume1/Serien/mayor of kingstown/' due to no change
2023-07-02 20:52:59.738 T:5065 debug : trying to load setting definitions from old format...
2023-07-02 20:52:59.746 T:5065 debug : FindMovie: Searching for 'Citadel S01' using The TVDB scraper (path: '/storage/emulated/0/Android/data/org.xbmc.kodi.quietvoid/files/.kodi/addons/metadata.tvdb.com/', content: 'tvshows', version: '3.2.8')
2023-07-02 20:52:59.751 T:5014 debug : Keyboard: scancode: 0x14, sym: 0x112, unicode: 0x00, modifier: 0x0
2023-07-02 20:52:59.751 T:5014 debug : HandleKey: down (0xf081) pressed, window 10025, action is Down
2023-07-02 20:52:59.761 T:5065 debug : scraper: CreateSearchUrl returned https://api.thetvdb.com/login?{"apikey":"439DFEBA9D3059C6"}|Content-Type=application/json
2023-07-02 20:52:59.763 T:5065 debug : scraper: GetSearchResults returned https://api.thetvdb.com/search/series?name=Citadel%20S01|Authorization=Bearer%20eyJhbGciOiJSUzI1NiIsInR5cCI6IkpXVCJ9.eyJleHAiOjE2ODg5MjgwMjQsImlkIjoiS29kaSIsIm9yaWdfaWF0IjoxNjg4MzIzMjI0fQ.ZMGP9eO87gQtyHYxRdYuF3QYC0pPP4Xzk0lmGJin34I_yz-32wxDoiHIy21b8GzYXDnP-b-EuqINiDUsSncbDL-BCTFq9Vfdm37qeYoelpVqR2BoaznI27fwZlNgO2q8KcQg09r5tPacH_HxQwDnHvIamx1oT0WKgcbs-qimQNSg1CAZBZkyXWhOniHUQa8koHg31MpE6sHtUjrmn84vNOKvPSHKHT_MusTsmGYTPE-HE06Z4q4gj8PviyAMsqhZ2d8NJ0Htj03AZUy1flEXIdF1sIWF0GNjD0NuPAiX7RLCbd1ogtk21AP3IOqGIxGl1CrDEVDMJH_gFuvytRKSFA&accept-language=en
2023-07-02 20:52:59.766 T:5065 debug : CurlFile::Open -
2023-07-02 20:52:59.802 T:5013 debug : CAndroidKey: key up (dev:-1; src:33554433; code: 20; repeat: 0; flags: 0x8; alt: no; shift: no; sym: no)
2023-07-02 20:52:59.826 T:5014 debug : Keyboard: scancode: 0x14, sym: 0x112, unicode: 0x00, modifier: 0x0
2023-07-02 20:53:00.090 T:5065 error : CCurlFile::Open - Failed with code 404:
2023-07-02 20:53:00.091 T:5065 error : Run: Unable to parse web site
2023-07-02 20:53:00.091 T:5065 debug : FindMovie: Searching for 'Citadel S01' using The TVDB scraper (path: '/storage/emulated/0/Android/data/org.xbmc.kodi.quietvoid/files/.kodi/addons/metadata.tvdb.com/', content: 'tvshows', version: '3.2.8')
2023-07-02 20:53:00.092 T:5065 debug : scraper: CreateSearchUrl returned https://api.thetvdb.com/login?{"apikey":"439DFEBA9D3059C6"}|Content-Type=application/json
2023-07-02 20:53:00.093 T:5065 debug : scraper: GetSearchResults returned https://api.thetvdb.com/search/series?name=Citadel%20S01|Authorization=Bearer%20eyJhbGciOiJSUzI1NiIsInR5cCI6IkpXVCJ9.eyJleHAiOjE2ODg5MjgwMjQsImlkIjoiS29kaSIsIm9yaWdfaWF0IjoxNjg4MzIzMjI0fQ.ZMGP9eO87gQtyHYxRdYuF3QYC0pPP4Xzk0lmGJin34I_yz-32wxDoiHIy21b8GzYXDnP-b-EuqINiDUsSncbDL-BCTFq9Vfdm37qeYoelpVqR2BoaznI27fwZlNgO2q8KcQg09r5tPacH_HxQwDnHvIamx1oT0WKgcbs-qimQNSg1CAZBZkyXWhOniHUQa8koHg31MpE6sHtUjrmn84vNOKvPSHKHT_MusTsmGYTPE-HE06Z4q4gj8PviyAMsqhZ2d8NJ0Htj03AZUy1flEXIdF1sIWF0GNjD0NuPAiX7RLCbd1ogtk21AP3IOqGIxGl1CrDEVDMJH_gFuvytRKSFA&accept-language=en
2023-07-02 20:53:00.096 T:5065 debug : CurlFile::Open -
2023-07-02 20:53:00.121 T:5065 error : CCurlFile::Open - Failed with code 404:
2023-07-02 20:53:00.122 T:5065 error : Run: Unable to parse web site
2023-07-02 20:53:00.122 T:5065 warning : No information found for item 'nfs://192.168.1.6/volume1/Serien/Citadel S01/', it won't be added to the library.
2023-07-02 20:53:00.127 T:5065 debug : trying to load setting definitions from old format...
2023-07-02 20:53:00.143 T:5065 debug : VideoInfoScanner: Scanning dir 'nfs://192.168.1.6/volume1/Serien/Vier Hochzeiten und ein Todesfall/' as not in the database
2023-07-02 20:53:00.147 T:5065 debug : trying to load setting definitions from old format...
2023-07-02 20:53:00.162 T:5065 debug : VideoInfoScanner: Scanning dir 'nfs://192.168.1.6/volume1/Serien/The OA/' as not in the database
2023-07-02 20:53:00.165 T:5065 debug : trying to load setting definitions from old format...
2023-07-02 20:53:00.174 T:5065 debug : FindMovie: Searching for 'When They See Us S01' using The TVDB scraper (path: '/storage/emulated/0/Android/data/org.xbmc.kodi.quietvoid/files/.kodi/addons/metadata.tvdb.com/', content: 'tvshows', version: '3.2.8')
2023-07-02 20:53:00.188 T:5065 debug : scraper: CreateSearchUrl returned https://api.thetvdb.com/login?{"apikey":"439DFEBA9D3059C6"}|Content-Type=application/json
2023-07-02 20:53:00.189 T:5065 debug : scraper: GetSearchResults returned https://api.thetvdb.com/search/series?name=When%20They%20See%20Us%20S01|Authorization=Bearer%20eyJhbGciOiJSUzI1NiIsInR5cCI6IkpXVCJ9.eyJleHAiOjE2ODg5MjgwMjQsImlkIjoiS29kaSIsIm9yaWdfaWF0IjoxNjg4MzIzMjI0fQ.ZMGP9eO87gQtyHYxRdYuF3QYC0pPP4Xzk0lmGJin34I_yz-32wxDoiHIy21b8GzYXDnP-b-EuqINiDUsSncbDL-BCTFq9Vfdm37qeYoelpVqR2BoaznI27fwZlNgO2q8KcQg09r5tPacH_HxQwDnHvIamx1oT0WKgcbs-qimQNSg1CAZBZkyXWhOniHUQa8koHg31MpE6sHtUjrmn84vNOKvPSHKHT_MusTsmGYTPE-HE06Z4q4gj8PviyAMsqhZ2d8NJ0Htj03AZUy1flEXIdF1sIWF0GNjD0NuPAiX7RLCbd1ogtk21AP3IOqGIxGl1CrDEVDMJH_gFuvytRKSFA&accept-language=en
2023-07-02 20:53:00.192 T:5065 debug : CurlFile::Open -
2023-07-02 20:53:00.223 T:5138 debug : request received for /jsonrpc
2023-07-02 20:53:00.346 T:5013 info : Skipped 1 duplicate messages..
2023-07-02 20:53:00.346 T:5013 debug : CAndroidKey: key down (dev:-1; src:33554433; code: 23; repeat: 0; flags: 0x8; alt: no; shift: no; sym: no)
2023-07-02 20:53:00.368 T:5014 debug : Keyboard: scancode: 0x17, sym: 0x0d, unicode: 0x00, modifier: 0x0
2023-07-02 20:53:00.414 T:5013 debug : CAndroidKey: key up (dev:-1; src:33554433; code: 23; repeat: 0; flags: 0x8; alt: no; shift: no; sym: no)
2023-07-02 20:53:00.439 T:5098 debug : [service.sleepy.watchdog] user activity detected, reset idle time
2023-07-02 20:53:00.450 T:5014 debug : Keyboard: scancode: 0x17, sym: 0x0d, unicode: 0x00, modifier: 0x0
2023-07-02 20:53:00.451 T:5014 debug : HandleKey: return (0xf00d) pressed, window 10025, action is Select
2023-07-02 20:53:00.452 T:5014 debug : CGUIMediaWindow::GetDirectory (nfs://192.168.1.6/volume1/Musik/Testfiles/DTS-HD -Master Audio/)
2023-07-02 20:53:00.453 T:5014 debug : ParentPath = [nfs://192.168.1.6/volume1/Musik/Testfiles/]
2023-07-02 20:53:00.454 T:5196 debug : Thread waiting start, auto delete: false
2023-07-02 20:53:00.455 T:5196 debug : NFS: Refreshing context for 192.168.1.6/volume1/Musik, old: 841330284816, new: 843364405900
2023-07-02 20:53:00.455 T:5196 debug : NFS: Using cached context.
2023-07-02 20:53:00.458 T:5196 debug : Thread waiting -1134575168 terminating
2023-07-02 20:53:00.495 T:5197 debug : Thread BackgroundLoader start, auto delete: false
2023-07-02 20:53:00.519 T:5065 error : CCurlFile::Open - Failed with code 404:
2023-07-02 20:53:00.519 T:5065 error : Run: Unable to parse web site
2023-07-02 20:53:00.520 T:5065 debug : FindMovie: Searching for 'When They See Us S01' using The TVDB scraper (path: '/storage/emulated/0/Android/data/org.xbmc.kodi.quietvoid/files/.kodi/addons/metadata.tvdb.com/', content: 'tvshows', version: '3.2.8')
2023-07-02 20:53:00.520 T:5065 debug : scraper: CreateSearchUrl returned https://api.thetvdb.com/login?{"apikey":"439DFEBA9D3059C6"}|Content-Type=application/json
2023-07-02 20:53:00.523 T:5065 debug : scraper: GetSearchResults returned https://api.thetvdb.com/search/series?name=When%20They%20See%20Us%20S01|Authorization=Bearer%20eyJhbGciOiJSUzI1NiIsInR5cCI6IkpXVCJ9.eyJleHAiOjE2ODg5MjgwMjQsImlkIjoiS29kaSIsIm9yaWdfaWF0IjoxNjg4MzIzMjI0fQ.ZMGP9eO87gQtyHYxRdYuF3QYC0pPP4Xzk0lmGJin34I_yz-32wxDoiHIy21b8GzYXDnP-b-EuqINiDUsSncbDL-BCTFq9Vfdm37qeYoelpVqR2BoaznI27fwZlNgO2q8KcQg09r5tPacH_HxQwDnHvIamx1oT0WKgcbs-qimQNSg1CAZBZkyXWhOniHUQa8koHg31MpE6sHtUjrmn84vNOKvPSHKHT_MusTsmGYTPE-HE06Z4q4gj8PviyAMsqhZ2d8NJ0Htj03AZUy1flEXIdF1sIWF0GNjD0NuPAiX7RLCbd1ogtk21AP3IOqGIxGl1CrDEVDMJH_gFuvytRKSFA&accept-language=en
2023-07-02 20:53:00.526 T:5065 debug : CurlFile::Open -
2023-07-02 20:53:00.545 T:5065 error : CCurlFile::Open - Failed with code 404:
2023-07-02 20:53:00.546 T:5065 error : Run: Unable to parse web site
2023-07-02 20:53:00.546 T:5065 warning : No information found for item 'nfs://192.168.1.6/volume1/Serien/When They See Us S01/', it won't be added to the library.
2023-07-02 20:53:00.553 T:5065 debug : trying to load setting definitions from old format...
2023-07-02 20:53:00.553 T:5197 debug : Thread BackgroundLoader -1127059008 terminating
2023-07-02 20:53:00.554 T:5065 debug : NFS: Refreshing context for 192.168.1.6/volume1/Serien, old: 841483714900, new: 843463135859
2023-07-02 20:53:00.554 T:5065 debug : NFS: Using cached context.
2023-07-02 20:53:00.574 T:5138 debug : request received for /jsonrpc
2023-07-02 20:53:00.611 T:5065 info : Skipped 1 duplicate messages..
2023-07-02 20:53:00.611 T:5065 debug : VideoInfoScanner: Skipping dir 'nfs://192.168.1.6/volume1/Serien/Kabaneri of the Iron Fortress/' due to no change
2023-07-02 20:53:00.613 T:5065 debug : trying to load setting definitions from old format...
2023-07-02 20:53:00.629 T:5065 debug : VideoInfoScanner: Skipping dir 'nfs://192.168.1.6/volume1/Serien/Hollywood 2020/' due to no change
2023-07-02 20:53:00.632 T:5065 debug : trying to load setting definitions from old format...
2023-07-02 20:53:00.648 T:5065 debug : VideoInfoScanner: Skipping dir 'nfs://192.168.1.6/volume1/Serien/NOS4A2/' due to no change
2023-07-02 20:53:00.650 T:5065 debug : trying to load setting definitions from old format...
2023-07-02 20:53:00.667 T:5065 debug : VideoInfoScanner: Skipping dir 'nfs://192.168.1.6/volume1/Serien/Burden of Truth/' due to no change
2023-07-02 20:53:00.671 T:5065 debug : trying to load setting definitions from old format...
2023-07-02 20:53:00.716 T:5065 debug : VideoInfoScanner: Rescanning dir 'nfs://192.168.1.6/volume1/Serien/The Blackout 2019/' due to change (bae97b45c7a2112a615fc25db2852348 != 128513c1d60d9719f94a8ac718cccd97)
2023-07-02 20:53:00.717 T:5065 debug : VideoInfoScanner: Found episode match nfs://192.168.1.6/volume1/Serien/The Blackout 2019/The Blackout 2019 S01E01 GERMAN 1080P WEB H264 WAYNE/The Blackout 2019 S01E01 GERMAN 1080P WEB H264 WAYNE.mkv (s1e1) [s([0-9]+)[ ._x-]*e([0-9]+(?:(?:[a-i]|\.[1-9])(?![0-9]))?)([^\\/]*)$]
2023-07-02 20:53:00.718 T:5065 debug : VideoInfoScanner: Found episode match nfs://192.168.1.6/volume1/Serien/The Blackout 2019/The Blackout 2019 S01E02 GERMAN 1080P WEB H264 WAYNE/The Blackout 2019 S01E02 GERMAN 1080P WEB H264 WAYNE.mkv (s1e2) [s([0-9]+)[ ._x-]*e([0-9]+(?:(?:[a-i]|\.[1-9])(?![0-9]))?)([^\\/]*)$]
2023-07-02 20:53:00.719 T:5065 debug : VideoInfoScanner: Found episode match nfs://192.168.1.6/volume1/Serien/The Blackout 2019/The Blackout 2019 S01E03 GERMAN 1080P WEB H264 WAYNE/The Blackout 2019 S01E03 GERMAN 1080P WEB H264 WAYNE.mkv (s1e3) [s([0-9]+)[ ._x-]*e([0-9]+(?:(?:[a-i]|\.[1-9])(?![0-9]))?)([^\\/]*)$]
2023-07-02 20:53:00.720 T:5065 debug : VideoInfoScanner: Found episode match nfs://192.168.1.6/volume1/Serien/The Blackout 2019/The Blackout 2019 S01E04 GERMAN 1080P WEB H264 WAYNE/The Blackout 2019 S01E04 GERMAN 1080P WEB H264 WAYNE.mkv (s1e4) [s([0-9]+)[ ._x-]*e([0-9]+(?:(?:[a-i]|\.[1-9])(?![0-9]))?)([^\\/]*)$]
2023-07-02 20:53:00.720 T:5065 debug : VideoInfoScanner: Found episode match nfs://192.168.1.6/volume1/Serien/The Blackout 2019/The Blackout 2019 S01E05 GERMAN 1080P WEB H264 WAYNE/The Blackout 2019 S01E05 GERMAN 1080P WEB H264 WAYNE.mkv (s1e5) [s([0-9]+)[ ._x-]*e([0-9]+(?:(?:[a-i]|\.[1-9])(?![0-9]))?)([^\\/]*)$]
2023-07-02 20:53:00.721 T:5065 debug : VideoInfoScanner: Found episode match nfs://192.168.1.6/volume1/Serien/The Blackout 2019/The Blackout 2019 S01E06 GERMAN 1080P WEB H264 WAYNE/The Blackout 2019 S01E06 GERMAN 1080P WEB H264 WAYNE.mkv (s1e6) [s([0-9]+)[ ._x-]*e([0-9]+(?:(?:[a-i]|\.[1-9])(?![0-9]))?)([^\\/]*)$]
2023-07-02 20:53:00.732 T:5065 debug : CNFSFile::Open - opened volume1/Serien/The Blackout 2019/The Blackout 2019 S01E01 GERMAN 1080P WEB H264 WAYNE/The Blackout 2019 S01E01 GERMAN 1080P WEB H264 WAYNE.mkv
2023-07-02 20:53:00.741 T:5065 debug : CNFSFile::Close closing file volume1/Serien/The Blackout 2019/The Blackout 2019 S01E01 GERMAN 1080P WEB H264 WAYNE/The Blackout 2019 S01E01 GERMAN 1080P WEB H264 WAYNE.mkv
2023-07-02 20:53:00.741 T:5065 debug : GetEpisodeList: Searching 'https://api.thetvdb.com/login?{"apikey":"439DFEBA9D3059C6","id":390991}|Content-Type=application/json' using The TVDB scraper (file: '/storage/emulated/0/Android/data/org.xbmc.kodi.quietvoid/files/.kodi/addons/metadata.tvdb.com/', content: 'tvshows', version: '3.2.8')
2023-07-02 20:53:00.757 T:5065 debug : scraper: GetEpisodeList returned https://api.thetvdb.com/series/390991/episodes|Authorization=Bearer%20eyJhbGciOiJSUzI1NiIsInR5cCI6IkpXVCJ9.eyJleHAiOjE2ODg5MjgwMjQsImlkIjoiS29kaSIsIm9yaWdfaWF0IjoxNjg4MzIzMjI0fQ.ZMGP9eO87gQtyHYxRdYuF3QYC0pPP4Xzk0lmGJin34I_yz-32wxDoiHIy21b8GzYXDnP-b-EuqINiDUsSncbDL-BCTFq9Vfdm37qeYoelpVqR2BoaznI27fwZlNgO2q8KcQg09r5tPacH_HxQwDnHvIamx1oT0WKgcbs-qimQNSg1CAZBZkyXWhOniHUQa8koHg31MpE6sHtUjrmn84vNOKvPSHKHT_MusTsmGYTPE-HE06Z4q4gj8PviyAMsqhZ2d8NJ0Htj03AZUy1flEXIdF1sIWF0GNjD0NuPAiX7RLCbd1ogtk21AP3IOqGIxGl1CrDEVDMJH_gFuvytRKSFA&accept-language=en
2023-07-02 20:53:00.760 T:5065 debug : CurlFile::Open -
2023-07-02 20:53:00.931 T:5065 error : CCurlFile::Open - Failed with code 404:
2023-07-02 20:53:00.931 T:5065 error : Run: Unable to parse web site
2023-07-02 20:53:00.932 T:5065 warning : No information found for item 'nfs://192.168.1.6/volume1/Serien/The Blackout 2019/', it won't be added to the library.
2023-07-02 20:53:00.937 T:5065 debug : trying to load setting definitions from old format...
2023-07-02 20:53:00.982 T:5065 debug : VideoInfoScanner: Skipping dir 'nfs://192.168.1.6/volume1/Serien/The Professionals Gefahr ist ihr Geschaeft/' due to no change
2023-07-02 20:53:00.985 T:5065 debug : trying to load setting definitions from old format...
2023-07-02 20:53:01.033 T:5065 debug : VideoInfoScanner: Skipping dir 'nfs://192.168.1.6/volume1/Serien/Ueber weihnachten/' due to no change
2023-07-02 20:53:01.035 T:5065 debug : trying to load setting definitions from old format...
2023-07-02 20:53:01.043 T:5065 debug : FindMovie: Searching for 'The Wilds S01' using The TVDB scraper (path: '/storage/emulated/0/Android/data/org.xbmc.kodi.quietvoid/files/.kodi/addons/metadata.tvdb.com/', content: 'tvshows', version: '3.2.8')
2023-07-02 20:53:01.057 T:5065 debug : scraper: CreateSearchUrl returned https://api.thetvdb.com/login?{"apikey":"439DFEBA9D3059C6"}|Content-Type=application/json
2023-07-02 20:53:01.058 T:5065 debug : scraper: GetSearchResults returned https://api.thetvdb.com/search/series?name=The%20Wilds%20S01|Authorization=Bearer%20eyJhbGciOiJSUzI1NiIsInR5cCI6IkpXVCJ9.eyJleHAiOjE2ODg5MjgwMjQsImlkIjoiS29kaSIsIm9yaWdfaWF0IjoxNjg4MzIzMjI0fQ.ZMGP9eO87gQtyHYxRdYuF3QYC0pPP4Xzk0lmGJin34I_yz-32wxDoiHIy21b8GzYXDnP-b-EuqINiDUsSncbDL-BCTFq9Vfdm37qeYoelpVqR2BoaznI27fwZlNgO2q8KcQg09r5tPacH_HxQwDnHvIamx1oT0WKgcbs-qimQNSg1CAZBZkyXWhOniHUQa8koHg31MpE6sHtUjrmn84vNOKvPSHKHT_MusTsmGYTPE-HE06Z4q4gj8PviyAMsqhZ2d8NJ0Htj03AZUy1flEXIdF1sIWF0GNjD0NuPAiX7RLCbd1ogtk21AP3IOqGIxGl1CrDEVDMJH_gFuvytRKSFA&accept-language=en
2023-07-02 20:53:01.060 T:5065 debug : CurlFile::Open -
2023-07-02 20:53:01.394 T:5065 error : CCurlFile::Open - Failed with code 404:
2023-07-02 20:53:01.394 T:5065 error : Run: Unable to parse web site
2023-07-02 20:53:01.394 T:5065 debug : FindMovie: Searching for 'The Wilds S01' using The TVDB scraper (path: '/storage/emulated/0/Android/data/org.xbmc.kodi.quietvoid/files/.kodi/addons/metadata.tvdb.com/', content: 'tvshows', version: '3.2.8')
2023-07-02 20:53:01.395 T:5065 debug : scraper: CreateSearchUrl returned https://api.thetvdb.com/login?{"apikey":"439DFEBA9D3059C6"}|Content-Type=application/json
2023-07-02 20:53:01.397 T:5065 debug : scraper: GetSearchResults returned https://api.thetvdb.com/search/series?name=The%20Wilds%20S01|Authorization=Bearer%20eyJhbGciOiJSUzI1NiIsInR5cCI6IkpXVCJ9.eyJleHAiOjE2ODg5MjgwMjQsImlkIjoiS29kaSIsIm9yaWdfaWF0IjoxNjg4MzIzMjI0fQ.ZMGP9eO87gQtyHYxRdYuF3QYC0pPP4Xzk0lmGJin34I_yz-32wxDoiHIy21b8GzYXDnP-b-EuqINiDUsSncbDL-BCTFq9Vfdm37qeYoelpVqR2BoaznI27fwZlNgO2q8KcQg09r5tPacH_HxQwDnHvIamx1oT0WKgcbs-qimQNSg1CAZBZkyXWhOniHUQa8koHg31MpE6sHtUjrmn84vNOKvPSHKHT_MusTsmGYTPE-HE06Z4q4gj8PviyAMsqhZ2d8NJ0Htj03AZUy1flEXIdF1sIWF0GNjD0NuPAiX7RLCbd1ogtk21AP3IOqGIxGl1CrDEVDMJH_gFuvytRKSFA&accept-language=en
2023-07-02 20:53:01.400 T:5065 debug : CurlFile::Open -
2023-07-02 20:53:01.428 T:5065 error : CCurlFile::Open - Failed with code 404:
2023-07-02 20:53:01.429 T:5065 error : Run: Unable to parse web site
2023-07-02 20:53:01.429 T:5065 warning : No information found for item 'nfs://192.168.1.6/volume1/Serien/The Wilds S01/', it won't be added to the library.
2023-07-02 20:53:01.435 T:5065 debug : trying to load setting definitions from old format...
2023-07-02 20:53:01.484 T:5013 debug : CAndroidKey: key down (dev:-1; src:33554433; code: 20; repeat: 0; flags: 0x8; alt: no; shift: no; sym: no)
2023-07-02 20:53:01.543 T:5065 debug : VideoInfoScanner: Skipping dir 'nfs://192.168.1.6/volume1/Serien/Halbmond/' due to no change
2023-07-02 20:53:01.545 T:5065 debug : trying to load setting definitions from old format...
2023-07-02 20:53:01.553 T:5013 debug : CAndroidKey: key up (dev:-1; src:33554433; code: 20; repeat: 0; flags: 0x8; alt: no; shift: no; sym: no)
2023-07-02 20:53:01.560 T:5065 debug : VideoInfoScanner: Skipping dir 'nfs://192.168.1.6/volume1/Serien/Wenn die Stille einkehrt/' due to no change
2023-07-02 20:53:01.563 T:5065 debug : trying to load setting definitions from old format...
2023-07-02 20:53:01.570 T:5014 debug : Keyboard: scancode: 0x14, sym: 0x112, unicode: 0x00, modifier: 0x0
2023-07-02 20:53:01.571 T:5014 debug : HandleKey: down (0xf081) pressed, window 10025, action is Down
2023-07-02 20:53:01.585 T:5014 debug : Keyboard: scancode: 0x14, sym: 0x112, unicode: 0x00, modifier: 0x0
2023-07-02 20:53:01.660 T:5065 debug : VideoInfoScanner: Skipping dir 'nfs://192.168.1.6/volume1/Serien/Them 2021/' due to no change
2023-07-02 20:53:01.664 T:5065 debug : trying to load setting definitions from old format...
2023-07-02 20:53:01.678 T:5065 debug : VideoInfoScanner: Skipping dir 'nfs://192.168.1.6/volume1/Serien/Another Life 2019/' due to no change
2023-07-02 20:53:01.680 T:5065 debug : trying to load setting definitions from old format...
2023-07-02 20:53:01.759 T:5065 debug : VideoInfoScanner: Skipping dir 'nfs://192.168.1.6/volume1/Serien/iL Re/' due to no change
2023-07-02 20:53:01.763 T:5065 debug : trying to load setting definitions from old format...
2023-07-02 20:53:01.792 T:5065 debug : VideoInfoScanner: Skipping dir 'nfs://192.168.1.6/volume1/Serien/neXt/' due to no change
2023-07-02 20:53:01.795 T:5065 debug : trying to load setting definitions from old format...
2023-07-02 20:53:01.831 T:5013 debug : CAndroidKey: key down (dev:-1; src:33554433; code: 20; repeat: 0; flags: 0x8; alt: no; shift: no; sym: no)
2023-07-02 20:53:01.836 T:5065 debug : VideoInfoScanner: Skipping dir 'nfs://192.168.1.6/volume1/Serien/Apotheker Melchior 2023 S01/' due to no change
2023-07-02 20:53:01.839 T:5065 debug : trying to load setting definitions from old format...
2023-07-02 20:53:01.856 T:5014 debug : Keyboard: scancode: 0x14, sym: 0x112, unicode: 0x00, modifier: 0x0
2023-07-02 20:53:01.856 T:5014 debug : HandleKey: down (0xf081) pressed, window 10025, action is Down
2023-07-02 20:53:01.860 T:5117 debug : ffmpeg[0xb8ce91a0]: [image2] Custom AVIOContext makes no sense and will be ignored with AVFMT_NOFILE format.
2023-07-02 20:53:01.900 T:5013 debug : CAndroidKey: key up (dev:-1; src:33554433; code: 20; repeat: 0; flags: 0x8; alt: no; shift: no; sym: no)
2023-07-02 20:53:01.903 T:5138 debug : request received for /jsonrpc
2023-07-02 20:53:01.911 T:5065 debug : VideoInfoScanner: Skipping dir 'nfs://192.168.1.6/volume1/Serien/dead ringers 2023 s01/' due to no change
2023-07-02 20:53:01.914 T:5065 debug : trying to load setting definitions from old format...
2023-07-02 20:53:01.916 T:5014 debug : Keyboard: scancode: 0x14, sym: 0x112, unicode: 0x00, modifier: 0x0
2023-07-02 20:53:01.922 T:5065 debug : FindMovie: Searching for 'Gestern waren wir noch Kinder S01' using The TVDB scraper (path: '/storage/emulated/0/Android/data/org.xbmc.kodi.quietvoid/files/.kodi/addons/metadata.tvdb.com/', content: 'tvshows', version: '3.2.8')
2023-07-02 20:53:01.934 T:5065 debug : scraper: CreateSearchUrl returned https://api.thetvdb.com/login?{"apikey":"439DFEBA9D3059C6"}|Content-Type=application/json
2023-07-02 20:53:01.936 T:5065 debug : scraper: GetSearchResults returned https://api.thetvdb.com/search/series?name=Gestern%20waren%20wir%20noch%20Kinder%20S01|Authorization=Bearer%20eyJhbGciOiJSUzI1NiIsInR5cCI6IkpXVCJ9.eyJleHAiOjE2ODg5MjgwMjQsImlkIjoiS29kaSIsIm9yaWdfaWF0IjoxNjg4MzIzMjI0fQ.ZMGP9eO87gQtyHYxRdYuF3QYC0pPP4Xzk0lmGJin34I_yz-32wxDoiHIy21b8GzYXDnP-b-EuqINiDUsSncbDL-BCTFq9Vfdm37qeYoelpVqR2BoaznI27fwZlNgO2q8KcQg09r5tPacH_HxQwDnHvIamx1oT0WKgcbs-qimQNSg1CAZBZkyXWhOniHUQa8koHg31MpE6sHtUjrmn84vNOKvPSHKHT_MusTsmGYTPE-HE06Z4q4gj8PviyAMsqhZ2d8NJ0Htj03AZUy1flEXIdF1sIWF0GNjD0NuPAiX7RLCbd1ogtk21AP3IOqGIxGl1CrDEVDMJH_gFuvytRKSFA&accept-language=en
2023-07-02 20:53:01.941 T:5065 debug : CurlFile::Open -
2023-07-02 20:53:02.266 T:5065 error : CCurlFile::Open - Failed with code 404:
2023-07-02 20:53:02.266 T:5065 error : Run: Unable to parse web site
2023-07-02 20:53:02.267 T:5065 debug : FindMovie: Searching for 'Gestern waren wir noch Kinder S01' using The TVDB scraper (path: '/storage/emulated/0/Android/data/org.xbmc.kodi.quietvoid/files/.kodi/addons/metadata.tvdb.com/', content: 'tvshows', version: '3.2.8')
2023-07-02 20:53:02.267 T:5065 debug : scraper: CreateSearchUrl returned https://api.thetvdb.com/login?{"apikey":"439DFEBA9D3059C6"}|Content-Type=application/json
2023-07-02 20:53:02.268 T:5065 debug : scraper: GetSearchResults returned https://api.thetvdb.com/search/series?name=Gestern%20waren%20wir%20noch%20Kinder%20S01|Authorization=Bearer%20eyJhbGciOiJSUzI1NiIsInR5cCI6IkpXVCJ9.eyJleHAiOjE2ODg5MjgwMjQsImlkIjoiS29kaSIsIm9yaWdfaWF0IjoxNjg4MzIzMjI0fQ.ZMGP9eO87gQtyHYxRdYuF3QYC0pPP4Xzk0lmGJin34I_yz-32wxDoiHIy21b8GzYXDnP-b-EuqINiDUsSncbDL-BCTFq9Vfdm37qeYoelpVqR2BoaznI27fwZlNgO2q8KcQg09r5tPacH_HxQwDnHvIamx1oT0WKgcbs-qimQNSg1CAZBZkyXWhOniHUQa8koHg31MpE6sHtUjrmn84vNOKvPSHKHT_MusTsmGYTPE-HE06Z4q4gj8PviyAMsqhZ2d8NJ0Htj03AZUy1flEXIdF1sIWF0GNjD0NuPAiX7RLCbd1ogtk21AP3IOqGIxGl1CrDEVDMJH_gFuvytRKSFA&accept-language=en
2023-07-02 20:53:02.271 T:5065 debug : CurlFile::Open -
2023-07-02 20:53:02.293 T:5065 error : CCurlFile::Open - Failed with code 404:
2023-07-02 20:53:02.293 T:5065 error : Run: Unable to parse web site
2023-07-02 20:53:02.294 T:5065 warning : No information found for item 'nfs://192.168.1.6/volume1/Serien/Gestern waren wir noch Kinder S01/', it won't be added to the library.
2023-07-02 20:53:02.302 T:5065 debug : trying to load setting definitions from old format...
2023-07-02 20:53:02.312 T:5065 debug : FindMovie: Searching for 'the big door prize s01' using The TVDB scraper (path: '/storage/emulated/0/Android/data/org.xbmc.kodi.quietvoid/files/.kodi/addons/metadata.tvdb.com/', content: 'tvshows', version: '3.2.8')
2023-07-02 20:53:02.329 T:5065 debug : scraper: CreateSearchUrl returned https://api.thetvdb.com/login?{"apikey":"439DFEBA9D3059C6"}|Content-Type=application/json
2023-07-02 20:53:02.331 T:5065 debug : scraper: GetSearchResults returned https://api.thetvdb.com/search/series?name=the%20big%20door%20prize%20s01|Authorization=Bearer%20eyJhbGciOiJSUzI1NiIsInR5cCI6IkpXVCJ9.eyJleHAiOjE2ODg5MjgwMjQsImlkIjoiS29kaSIsIm9yaWdfaWF0IjoxNjg4MzIzMjI0fQ.ZMGP9eO87gQtyHYxRdYuF3QYC0pPP4Xzk0lmGJin34I_yz-32wxDoiHIy21b8GzYXDnP-b-EuqINiDUsSncbDL-BCTFq9Vfdm37qeYoelpVqR2BoaznI27fwZlNgO2q8KcQg09r5tPacH_HxQwDnHvIamx1oT0WKgcbs-qimQNSg1CAZBZkyXWhOniHUQa8koHg31MpE6sHtUjrmn84vNOKvPSHKHT_MusTsmGYTPE-HE06Z4q4gj8PviyAMsqhZ2d8NJ0Htj03AZUy1flEXIdF1sIWF0GNjD0NuPAiX7RLCbd1ogtk21AP3IOqGIxGl1CrDEVDMJH_gFuvytRKSFA&accept-language=en
2023-07-02 20:53:02.333 T:5065 debug : CurlFile::Open -
2023-07-02 20:53:02.552 T:5013 debug : CAndroidKey: key down (dev:-1; src:33554433; code: 23; repeat: 0; flags: 0x8; alt: no; shift: no; sym: no)
2023-07-02 20:53:02.571 T:5014 debug : Keyboard: scancode: 0x17, sym: 0x0d, unicode: 0x00, modifier: 0x0
2023-07-02 20:53:02.620 T:5013 debug : CAndroidKey: key up (dev:-1; src:33554433; code: 23; repeat: 0; flags: 0x8; alt: no; shift: no; sym: no)
2023-07-02 20:53:02.623 T:5138 debug : request received for /jsonrpc
2023-07-02 20:53:02.637 T:5014 info : Skipped 1 duplicate messages..
2023-07-02 20:53:02.637 T:5014 debug : Keyboard: scancode: 0x17, sym: 0x0d, unicode: 0x00, modifier: 0x0
2023-07-02 20:53:02.638 T:5014 debug : HandleKey: return (0xf00d) pressed, window 10025, action is Select
2023-07-02 20:53:02.647 T:5014 debug : OnPlayMedia nfs://192.168.1.6/volume1/Musik/Testfiles/DTS-HD -Master Audio/dts-hd-master-audio-sound-check-7-1-lossless-(www.demolandia.net).mkv
2023-07-02 20:53:02.660 T:5065 error : CCurlFile::Open - Failed with code 404:
2023-07-02 20:53:02.660 T:5065 error : Run: Unable to parse web site
2023-07-02 20:53:02.660 T:5065 debug : FindMovie: Searching for 'the big door prize s01' using The TVDB scraper (path: '/storage/emulated/0/Android/data/org.xbmc.kodi.quietvoid/files/.kodi/addons/metadata.tvdb.com/', content: 'tvshows', version: '3.2.8')
2023-07-02 20:53:02.661 T:5065 debug : scraper: CreateSearchUrl returned https://api.thetvdb.com/login?{"apikey":"439DFEBA9D3059C6"}|Content-Type=application/json
2023-07-02 20:53:02.662 T:5065 debug : scraper: GetSearchResults returned https://api.thetvdb.com/search/series?name=the%20big%20door%20prize%20s01|Authorization=Bearer%20eyJhbGciOiJSUzI1NiIsInR5cCI6IkpXVCJ9.eyJleHAiOjE2ODg5MjgwMjQsImlkIjoiS29kaSIsIm9yaWdfaWF0IjoxNjg4MzIzMjI0fQ.ZMGP9eO87gQtyHYxRdYuF3QYC0pPP4Xzk0lmGJin34I_yz-32wxDoiHIy21b8GzYXDnP-b-EuqINiDUsSncbDL-BCTFq9Vfdm37qeYoelpVqR2BoaznI27fwZlNgO2q8KcQg09r5tPacH_HxQwDnHvIamx1oT0WKgcbs-qimQNSg1CAZBZkyXWhOniHUQa8koHg31MpE6sHtUjrmn84vNOKvPSHKHT_MusTsmGYTPE-HE06Z4q4gj8PviyAMsqhZ2d8NJ0Htj03AZUy1flEXIdF1sIWF0GNjD0NuPAiX7RLCbd1ogtk21AP3IOqGIxGl1CrDEVDMJH_gFuvytRKSFA&accept-language=en
2023-07-02 20:53:02.665 T:5065 debug : CurlFile::Open -
2023-07-02 20:53:02.671 T:5014 debug : CPlayerCoreFactory::GetPlayers(nfs://192.168.1.6/volume1/Musik/Testfiles/DTS-HD -Master Audio/dts-hd-master-audio-sound-check-7-1-lossless-(www.demolandia.net).mkv)
2023-07-02 20:53:02.671 T:5014 debug : CPlayerSelectionRule::GetPlayers: considering rule: system rules
2023-07-02 20:53:02.672 T:5014 debug : CPlayerSelectionRule::GetPlayers: matches rule: system rules
2023-07-02 20:53:02.672 T:5014 debug : CPlayerSelectionRule::GetPlayers: considering rule: mms/udp
2023-07-02 20:53:02.672 T:5014 debug : CPlayerSelectionRule::GetPlayers: considering rule: lastfm/shout
2023-07-02 20:53:02.672 T:5014 debug : CPlayerSelectionRule::GetPlayers: considering rule: rtmp
2023-07-02 20:53:02.672 T:5014 debug : CPlayerSelectionRule::GetPlayers: considering rule: rtsp
2023-07-02 20:53:02.672 T:5014 debug : CPlayerSelectionRule::GetPlayers: considering rule: streams
2023-07-02 20:53:02.672 T:5014 debug : CPlayerSelectionRule::GetPlayers: considering rule: dvd
2023-07-02 20:53:02.672 T:5014 debug : CPlayerSelectionRule::GetPlayers: considering rule: discimage
2023-07-02 20:53:02.672 T:5014 debug : CPlayerSelectionRule::GetPlayers: considering rule: sdp/asf
2023-07-02 20:53:02.672 T:5014 debug : CPlayerSelectionRule::GetPlayers: considering rule: nsv
2023-07-02 20:53:02.672 T:5014 debug : CPlayerSelectionRule::GetPlayers: considering rule: radio
2023-07-02 20:53:02.672 T:5014 debug : CPlayerCoreFactory::GetPlayers: matched 0 rules with players
2023-07-02 20:53:02.672 T:5014 debug : CPlayerCoreFactory::GetPlayers: adding videodefaultplayer (VideoPlayer)
2023-07-02 20:53:02.672 T:5014 debug : CPlayerCoreFactory::GetPlayers: for video=true, audio=false
2023-07-02 20:53:02.672 T:5014 debug : CPlayerCoreFactory::GetPlayers: for video=true, audio=true
2023-07-02 20:53:02.672 T:5014 debug : CPlayerCoreFactory::GetPlayers: added 1 players
2023-07-02 20:53:02.676 T:5014 debug : Radio UECP (RDS) Processor - new CDVDRadioRDSData
2023-07-02 20:53:02.676 T:5014 debug : Audio ID3 tag processor - new CVideoPlayerAudioID3
2023-07-02 20:53:02.676 T:5014 info : VideoPlayer::OpenFile: nfs://192.168.1.6/volume1/Musik/Testfiles/DTS-HD -Master Audio/dts-hd-master-audio-sound-check-7-1-lossless-(www.demolandia.net).mkv
2023-07-02 20:53:02.676 T:5198 debug : Thread VideoPlayer start, auto delete: false
2023-07-02 20:53:02.677 T:5014 debug : OnPlayBackStarted: CApplication::OnPlayBackStarted
2023-07-02 20:53:02.677 T:5199 debug : Thread BackgroundLoader start, auto delete: false
2023-07-02 20:53:02.677 T:5198 info : Creating InputStream
2023-07-02 20:53:02.678 T:5198 debug : NFS: Refreshing context for 192.168.1.6/volume1/Musik, old: 843364405900, new: 845587485735
2023-07-02 20:53:02.678 T:5198 debug : NFS: Using cached context.
2023-07-02 20:53:02.686 T:5098 debug : [service.sleepy.watchdog] Notification triggered
2023-07-02 20:53:02.687 T:5098 debug : [service.sleepy.watchdog] sender: xbmc
2023-07-02 20:53:02.687 T:5098 debug : [service.sleepy.watchdog] method: Playlist.OnAdd
2023-07-02 20:53:02.687 T:5098 debug : [service.sleepy.watchdog] data: {"item":{"title":"dts-hd-master-audio-sound-check-7-1-lossless-(www.demolandia.net).mkv","type":"movie"},"playlistid":1,"position":0}
2023-07-02 20:53:02.688 T:5065 error : CCurlFile::Open - Failed with code 404:
2023-07-02 20:53:02.689 T:5065 error : Run: Unable to parse web site
2023-07-02 20:53:02.689 T:5065 warning : No information found for item 'nfs://192.168.1.6/volume1/Serien/the big door prize s01/', it won't be added to the library.
