2023-07-02 20:52:52.438 T:5065 debug : trying to load setting definitions from old format...
2023-07-02 20:52:52.492 T:5065 debug : VideoInfoScanner: Skipping dir 'nfs://192.168.1.6/volume1/Serien/The Last Days of Ptolemy Grey/' due to no change
2023-07-02 20:52:52.496 T:5065 debug : trying to load setting definitions from old format...
2023-07-02 20:52:52.508 T:5065 debug : VideoInfoScanner: Skipping dir 'nfs://192.168.1.6/volume1/Serien/House of Cards/' due to no change
2023-07-02 20:52:52.512 T:5065 debug : trying to load setting definitions from old format...
2023-07-02 20:52:52.522 T:5065 debug : VideoInfoScanner: Skipping dir 'nfs://192.168.1.6/volume1/Serien/The City and the City/' due to no change
2023-07-02 20:52:52.525 T:5065 debug : trying to load setting definitions from old format...
2023-07-02 20:52:52.547 T:5065 debug : VideoInfoScanner: Skipping dir 'nfs://192.168.1.6/volume1/Serien/You Me and the Apocalypse/' due to no change
2023-07-02 20:52:52.550 T:5065 debug : trying to load setting definitions from old format...
2023-07-02 20:52:52.618 T:5094 debug : Autostop pause count and stop time 10 0 0
2023-07-02 20:52:52.625 T:5065 debug : VideoInfoScanner: Skipping dir 'nfs://192.168.1.6/volume1/Serien/Das Rad der Zeit/' due to no change
2023-07-02 20:52:52.629 T:5065 debug : trying to load setting definitions from old format...
2023-07-02 20:52:52.649 T:5065 debug : VideoInfoScanner: Skipping dir 'nfs://192.168.1.6/volume1/Serien/The Time Travelers Wife/' due to no change
2023-07-02 20:52:52.652 T:5065 debug : trying to load setting definitions from old format...
2023-07-02 20:52:52.682 T:5013 debug : CAndroidKey: key down (dev:-1; src:33554433; code: 22; repeat: 0; flags: 0x8; alt: no; shift: no; sym: no)
2023-07-02 20:52:52.694 T:5014 debug : Keyboard: scancode: 0x16, sym: 0x113, unicode: 0x00, modifier: 0x0
2023-07-02 20:52:52.695 T:5014 debug : HandleKey: right (0xf083) pressed, window 10000, action is Right
2023-07-02 20:52:52.734 T:5065 debug : VideoInfoScanner: Skipping dir 'nfs://192.168.1.6/volume1/Serien/Die Ipcress Datei 2022/' due to no change
2023-07-02 20:52:52.738 T:5065 debug : trying to load setting definitions from old format...
2023-07-02 20:52:52.752 T:5013 debug : CAndroidKey: key up (dev:-1; src:33554433; code: 22; repeat: 0; flags: 0x8; alt: no; shift: no; sym: no)
2023-07-02 20:52:52.770 T:5065 debug : VideoInfoScanner: Skipping dir 'nfs://192.168.1.6/volume1/Serien/The Falcon and the Winter Soldier 2021/' due to no change
2023-07-02 20:52:52.773 T:5065 debug : trying to load setting definitions from old format...
2023-07-02 20:52:52.778 T:5014 debug : Keyboard: scancode: 0x16, sym: 0x113, unicode: 0x00, modifier: 0x0
2023-07-02 20:52:52.859 T:5138 debug : request received for /jsonrpc
2023-07-02 20:52:52.879 T:5065 info : Skipped 4 duplicate messages..
2023-07-02 20:52:52.879 T:5065 debug : VideoInfoScanner: Skipping dir 'nfs://192.168.1.6/volume1/Serien/The Bastard Son and The Devil Himself/' due to no change
2023-07-02 20:52:52.882 T:5065 debug : trying to load setting definitions from old format...
2023-07-02 20:52:52.886 T:5188 debug : request received for /jsonrpc
2023-07-02 20:52:53.009 T:5065 info : Skipped 1 duplicate messages..
2023-07-02 20:52:53.009 T:5065 debug : VideoInfoScanner: Skipping dir 'nfs://192.168.1.6/volume1/Serien/Slow Horses Ein Fall fuer Jackson Lamb/' due to no change
2023-07-02 20:52:53.014 T:5065 debug : trying to load setting definitions from old format...
2023-07-02 20:52:53.090 T:5065 debug : VideoInfoScanner: Skipping dir 'nfs://192.168.1.6/volume1/Serien/Shadow and Bone Legenden der Grisha/' due to no change
2023-07-02 20:52:53.093 T:5065 debug : trying to load setting definitions from old format...
2023-07-02 20:52:53.177 T:5065 debug : VideoInfoScanner: Skipping dir 'nfs://192.168.1.6/volume1/Serien/Rabbit Hole 2023 S01/' due to no change
2023-07-02 20:52:53.180 T:5065 debug : trying to load setting definitions from old format...
2023-07-02 20:52:53.200 T:5138 debug : request received for /jsonrpc
2023-07-02 20:52:53.212 T:5065 info : Skipped 1 duplicate messages..
2023-07-02 20:52:53.212 T:5065 debug : VideoInfoScanner: Skipping dir 'nfs://192.168.1.6/volume1/Serien/SAS Rogue Heroes 2022 S01/' due to no change
2023-07-02 20:52:53.216 T:5065 debug : trying to load setting definitions from old format...
2023-07-02 20:52:53.266 T:5065 debug : VideoInfoScanner: Skipping dir 'nfs://192.168.1.6/volume1/Serien/Rough Diamonds 2023 S01/' due to no change
2023-07-02 20:52:53.269 T:5065 debug : trying to load setting definitions from old format...
2023-07-02 20:52:53.379 T:5065 debug : VideoInfoScanner: Skipping dir 'nfs://192.168.1.6/volume1/Serien/Silo 2023 S01/' due to no change
2023-07-02 20:52:53.381 T:5065 debug : trying to load setting definitions from old format...
2023-07-02 20:52:53.389 T:5013 debug : CAndroidKey: key down (dev:-1; src:33554433; code: 21; repeat: 0; flags: 0x8; alt: no; shift: no; sym: no)
2023-07-02 20:52:53.433 T:5014 debug : Keyboard: scancode: 0x15, sym: 0x114, unicode: 0x00, modifier: 0x0
2023-07-02 20:52:53.433 T:5014 debug : HandleKey: left (0xf082) pressed, window 10000, action is Left
2023-07-02 20:52:53.458 T:5013 debug : CAndroidKey: key up (dev:-1; src:33554433; code: 21; repeat: 0; flags: 0x8; alt: no; shift: no; sym: no)
2023-07-02 20:52:53.474 T:5065 debug : VideoInfoScanner: Skipping dir 'nfs://192.168.1.6/volume1/Serien/MO/' due to no change
2023-07-02 20:52:53.477 T:5065 debug : trying to load setting definitions from old format...
2023-07-02 20:52:53.478 T:5014 debug : Keyboard: scancode: 0x15, sym: 0x114, unicode: 0x00, modifier: 0x0
2023-07-02 20:52:53.699 T:5065 debug : VideoInfoScanner: Skipping dir 'nfs://192.168.1.6/volume1/Serien/Mayans MC/' due to no change
2023-07-02 20:52:53.702 T:5065 debug : trying to load setting definitions from old format...
2023-07-02 20:52:53.718 T:5065 debug : VideoInfoScanner: Skipping dir 'nfs://192.168.1.6/volume1/Serien/Lodge 49/' due to no change
2023-07-02 20:52:53.721 T:5065 debug : trying to load setting definitions from old format...
2023-07-02 20:52:53.748 T:5065 debug : VideoInfoScanner: Skipping dir 'nfs://192.168.1.6/volume1/Serien/L Ora Wortegegen Waffen/' due to no change
2023-07-02 20:52:53.750 T:5065 debug : trying to load setting definitions from old format...
2023-07-02 20:52:53.799 T:5065 debug : VideoInfoScanner: Skipping dir 'nfs://192.168.1.6/volume1/Serien/KBV Keinebesonderen Vorkommnisse/' due to no change
2023-07-02 20:52:53.801 T:5065 debug : trying to load setting definitions from old format...
2023-07-02 20:52:53.861 T:5065 debug : VideoInfoScanner: Skipping dir 'nfs://192.168.1.6/volume1/Serien/Im Auge des Wolfes/' due to no change
2023-07-02 20:52:53.865 T:5065 debug : trying to load setting definitions from old format...
2023-07-02 20:52:53.880 T:5065 debug : VideoInfoScanner: Skipping dir 'nfs://192.168.1.6/volume1/Serien/Ich weiß was du letzten Sommer getan hast (2021)/' due to no change
2023-07-02 20:52:53.883 T:5065 debug : trying to load setting definitions from old format...
2023-07-02 20:52:53.906 T:5065 debug : VideoInfoScanner: Skipping dir 'nfs://192.168.1.6/volume1/Serien/German Genius 2023/' due to no change
2023-07-02 20:52:53.908 T:5065 debug : trying to load setting definitions from old format...
2023-07-02 20:52:53.919 T:5065 debug : VideoInfoScanner: Skipping dir 'nfs://192.168.1.6/volume1/Serien/Jaeger Tödliche Gier/' due to no change
2023-07-02 20:52:53.921 T:5065 debug : trying to load setting definitions from old format...
2023-07-02 20:52:53.928 T:5065 debug : FindMovie: Searching for 'Ein Maedchen und ein Kosmonaut S01' using The TVDB scraper (path: '/storage/emulated/0/Android/data/org.xbmc.kodi.quietvoid/files/.kodi/addons/metadata.tvdb.com/', content: 'tvshows', version: '3.2.8')
2023-07-02 20:52:53.940 T:5065 debug : scraper: CreateSearchUrl returned https://api.thetvdb.com/login?{"apikey":"439DFEBA9D3059C6"}|Content-Type=application/json
2023-07-02 20:52:53.942 T:5065 debug : scraper: GetSearchResults returned https://api.thetvdb.com/search/series?name=Ein%20Maedchen%20und%20ein%20Kosmonaut%20S01|Authorization=Bearer%20eyJhbGciOiJSUzI1NiIsInR5cCI6IkpXVCJ9.eyJleHAiOjE2ODg5MjgwMjQsImlkIjoiS29kaSIsIm9yaWdfaWF0IjoxNjg4MzIzMjI0fQ.ZMGP9eO87gQtyHYxRdYuF3QYC0pPP4Xzk0lmGJin34I_yz-32wxDoiHIy21b8GzYXDnP-b-EuqINiDUsSncbDL-BCTFq9Vfdm37qeYoelpVqR2BoaznI27fwZlNgO2q8KcQg09r5tPacH_HxQwDnHvIamx1oT0WKgcbs-qimQNSg1CAZBZkyXWhOniHUQa8koHg31MpE6sHtUjrmn84vNOKvPSHKHT_MusTsmGYTPE-HE06Z4q4gj8PviyAMsqhZ2d8NJ0Htj03AZUy1flEXIdF1sIWF0GNjD0NuPAiX7RLCbd1ogtk21AP3IOqGIxGl1CrDEVDMJH_gFuvytRKSFA&accept-language=en
2023-07-02 20:52:53.944 T:5065 debug : CurlFile::Open -
2023-07-02 20:52:54.010 T:5013 debug : CAndroidKey: key down (dev:-1; src:33554433; code: 23; repeat: 0; flags: 0x8; alt: no; shift: no; sym: no)
2023-07-02 20:52:54.028 T:5014 debug : Keyboard: scancode: 0x17, sym: 0x0d, unicode: 0x00, modifier: 0x0
2023-07-02 20:52:54.076 T:5013 debug : CAndroidKey: key up (dev:-1; src:33554433; code: 23; repeat: 0; flags: 0x8; alt: no; shift: no; sym: no)
2023-07-02 20:52:54.096 T:5014 debug : Keyboard: scancode: 0x17, sym: 0x0d, unicode: 0x00, modifier: 0x0
2023-07-02 20:52:54.096 T:5014 debug : HandleKey: return (0xf00d) pressed, window 10000, action is Select
2023-07-02 20:52:54.097 T:5014 debug : Activating window ID: 10025
2023-07-02 20:52:54.284 T:5065 error : CCurlFile::Open - Failed with code 404:
2023-07-02 20:52:54.284 T:5065 error : Run: Unable to parse web site
2023-07-02 20:52:54.285 T:5065 debug : FindMovie: Searching for 'Ein Maedchen und ein Kosmonaut S01' using The TVDB scraper (path: '/storage/emulated/0/Android/data/org.xbmc.kodi.quietvoid/files/.kodi/addons/metadata.tvdb.com/', content: 'tvshows', version: '3.2.8')
2023-07-02 20:52:54.285 T:5065 debug : scraper: CreateSearchUrl returned https://api.thetvdb.com/login?{"apikey":"439DFEBA9D3059C6"}|Content-Type=application/json
2023-07-02 20:52:54.286 T:5065 debug : scraper: GetSearchResults returned https://api.thetvdb.com/search/series?name=Ein%20Maedchen%20und%20ein%20Kosmonaut%20S01|Authorization=Bearer%20eyJhbGciOiJSUzI1NiIsInR5cCI6IkpXVCJ9.eyJleHAiOjE2ODg5MjgwMjQsImlkIjoiS29kaSIsIm9yaWdfaWF0IjoxNjg4MzIzMjI0fQ.ZMGP9eO87gQtyHYxRdYuF3QYC0pPP4Xzk0lmGJin34I_yz-32wxDoiHIy21b8GzYXDnP-b-EuqINiDUsSncbDL-BCTFq9Vfdm37qeYoelpVqR2BoaznI27fwZlNgO2q8KcQg09r5tPacH_HxQwDnHvIamx1oT0WKgcbs-qimQNSg1CAZBZkyXWhOniHUQa8koHg31MpE6sHtUjrmn84vNOKvPSHKHT_MusTsmGYTPE-HE06Z4q4gj8PviyAMsqhZ2d8NJ0Htj03AZUy1flEXIdF1sIWF0GNjD0NuPAiX7RLCbd1ogtk21AP3IOqGIxGl1CrDEVDMJH_gFuvytRKSFA&accept-language=en
2023-07-02 20:52:54.289 T:5065 debug : CurlFile::Open -
2023-07-02 20:52:54.311 T:5065 error : CCurlFile::Open - Failed with code 404:
2023-07-02 20:52:54.312 T:5065 error : Run: Unable to parse web site
2023-07-02 20:52:54.313 T:5065 warning : No information found for item 'nfs://192.168.1.6/volume1/Serien/Ein Maedchen und ein Kosmonaut S01/', it won't be added to the library.
2023-07-02 20:52:54.318 T:5065 debug : trying to load setting definitions from old format...
2023-07-02 20:52:54.396 T:5065 debug : VideoInfoScanner: Skipping dir 'nfs://192.168.1.6/volume1/Serien/die maedchen aus der letzten reihe/' due to no change
2023-07-02 20:52:54.399 T:5065 debug : trying to load setting definitions from old format...
2023-07-02 20:52:54.402 T:5014 debug : ------ Window Deinit (Home.xml) ------
2023-07-02 20:52:54.402 T:5014 debug : FreeVisualisation() done
2023-07-02 20:52:54.416 T:5138 debug : request received for /jsonrpc
2023-07-02 20:52:54.422 T:5014 debug : ------ Window Init (MyVideoNav.xml) ------
2023-07-02 20:52:54.422 T:5014 info : Loading skin file: MyVideoNav.xml, load type: KEEP_IN_MEMORY
2023-07-02 20:52:54.430 T:5065 debug : VideoInfoScanner: Skipping dir 'nfs://192.168.1.6/volume1/Serien/das vermaechtnis von montezuma/' due to no change
2023-07-02 20:52:54.433 T:5065 debug : trying to load setting definitions from old format...
2023-07-02 20:52:54.470 T:5065 debug : VideoInfoScanner: Skipping dir 'nfs://192.168.1.6/volume1/Serien/Das Maedchen im Schnee 2023 S01/' due to no change
2023-07-02 20:52:54.472 T:5065 debug : trying to load setting definitions from old format...
2023-07-02 20:52:54.508 T:5065 debug : VideoInfoScanner: Skipping dir 'nfs://192.168.1.6/volume1/Serien/Clarice Starling Das Erwachender Laemmer/' due to no change
2023-07-02 20:52:54.510 T:5065 debug : trying to load setting definitions from old format...
2023-07-02 20:52:54.558 T:5014 debug : CGUIMediaWindow::GetDirectory (nfs://192.168.1.6/volume1/Musik/)
2023-07-02 20:52:54.558 T:5014 debug : ParentPath = []
2023-07-02 20:52:54.560 T:5014 debug : NFS: Refreshing context for 192.168.1.6/volume1/Musik, old: 829194565102, new: 837469396023
2023-07-02 20:52:54.560 T:5014 debug : NFS: Using cached context.
2023-07-02 20:52:54.562 T:5065 debug : NFS: Refreshing context for 192.168.1.6/volume1/Serien, old: 829235223852, new: 837471433231
2023-07-02 20:52:54.562 T:5065 debug : NFS: Using cached context.
2023-07-02 20:52:54.576 T:5014 debug : NFS: Refreshing context for 192.168.1.6/volume1/Musik, old: 837469396023, new: 837485626231
2023-07-02 20:52:54.576 T:5014 debug : NFS: Using cached context.
2023-07-02 20:52:54.577 T:5065 debug : NFS: Refreshing context for 192.168.1.6/volume1/Serien, old: 837471433231, new: 837486830981
2023-07-02 20:52:54.578 T:5065 debug : NFS: Using cached context.
2023-07-02 20:52:54.579 T:5014 debug : NFS: Refreshing context for 192.168.1.6/volume1/Musik, old: 837485626231, new: 837488428148
2023-07-02 20:52:54.579 T:5014 debug : NFS: Using cached context.
2023-07-02 20:52:54.582 T:5065 debug : NFS: Refreshing context for 192.168.1.6/volume1/Serien, old: 837486830981, new: 837490985564
2023-07-02 20:52:54.582 T:5065 debug : NFS: Using cached context.
2023-07-02 20:52:54.583 T:5014 debug : NFS: Refreshing context for 192.168.1.6/volume1/Musik, old: 837488428148, new: 837492834814
2023-07-02 20:52:54.584 T:5014 debug : NFS: Using cached context.
2023-07-02 20:52:54.585 T:5065 debug : NFS: Refreshing context for 192.168.1.6/volume1/Serien, old: 837490985564, new: 837494885148
2023-07-02 20:52:54.586 T:5065 debug : NFS: Using cached context.
2023-07-02 20:52:54.588 T:5014 debug : NFS: Refreshing context for 192.168.1.6/volume1/Musik, old: 837492834814, new: 837497145439
2023-07-02 20:52:54.588 T:5014 debug : NFS: Using cached context.
2023-07-02 20:52:54.589 T:5065 debug : NFS: Refreshing context for 192.168.1.6/volume1/Serien, old: 837494885148, new: 837498619439
2023-07-02 20:52:54.589 T:5065 debug : NFS: Using cached context.
2023-07-02 20:52:54.591 T:5014 debug : NFS: Refreshing context for 192.168.1.6/volume1/Musik, old: 837497145439, new: 837500520231
2023-07-02 20:52:54.591 T:5014 debug : NFS: Using cached context.
2023-07-02 20:52:54.593 T:5065 debug : NFS: Refreshing context for 192.168.1.6/volume1/Serien, old: 837498619439, new: 837502369189
2023-07-02 20:52:54.593 T:5065 debug : NFS: Using cached context.
2023-07-02 20:52:54.594 T:5014 debug : NFS: Refreshing context for 192.168.1.6/volume1/Musik, old: 837500520231, new: 837503878773
2023-07-02 20:52:54.595 T:5014 debug : NFS: Using cached context.
2023-07-02 20:52:54.597 T:5065 debug : NFS: Refreshing context for 192.168.1.6/volume1/Serien, old: 837502369189, new: 837506453148
2023-07-02 20:52:54.597 T:5065 debug : NFS: Using cached context.
2023-07-02 20:52:54.599 T:5014 debug : NFS: Refreshing context for 192.168.1.6/volume1/Musik, old: 837503878773, new: 837508492523
2023-07-02 20:52:54.599 T:5014 debug : NFS: Using cached context.
2023-07-02 20:52:54.601 T:5065 debug : NFS: Refreshing context for 192.168.1.6/volume1/Serien, old: 837506453148, new: 837510422564
2023-07-02 20:52:54.601 T:5065 debug : NFS: Using cached context.
2023-07-02 20:52:54.603 T:5014 debug : NFS: Refreshing context for 192.168.1.6/volume1/Musik, old: 837508492523, new: 837512124939
2023-07-02 20:52:54.603 T:5014 debug : NFS: Using cached context.
2023-07-02 20:52:54.605 T:5065 debug : NFS: Refreshing context for 192.168.1.6/volume1/Serien, old: 837510422564, new: 837514711689
2023-07-02 20:52:54.605 T:5065 debug : NFS: Using cached context.
2023-07-02 20:52:54.607 T:5014 debug : NFS: Refreshing context for 192.168.1.6/volume1/Musik, old: 837512124939, new: 837516905189
2023-07-02 20:52:54.608 T:5014 debug : NFS: Using cached context.
2023-07-02 20:52:54.609 T:5065 debug : NFS: Refreshing context for 192.168.1.6/volume1/Serien, old: 837514711689, new: 837518689273
2023-07-02 20:52:54.609 T:5065 debug : NFS: Using cached context.
2023-07-02 20:52:54.611 T:5014 debug : NFS: Refreshing context for 192.168.1.6/volume1/Musik, old: 837516905189, new: 837520653814
2023-07-02 20:52:54.611 T:5014 debug : NFS: Using cached context.
2023-07-02 20:52:54.614 T:5065 debug : NFS: Refreshing context for 192.168.1.6/volume1/Serien, old: 837518689273, new: 837523487023
2023-07-02 20:52:54.614 T:5065 debug : NFS: Using cached context.
2023-07-02 20:52:54.616 T:5014 debug : NFS: Refreshing context for 192.168.1.6/volume1/Musik, old: 837520653814, new: 837525725648
2023-07-02 20:52:54.617 T:5014 debug : NFS: Using cached context.
2023-07-02 20:52:54.619 T:5065 debug : NFS: Refreshing context for 192.168.1.6/volume1/Serien, old: 837523487023, new: 837528480564
2023-07-02 20:52:54.619 T:5065 debug : NFS: Using cached context.
2023-07-02 20:52:54.621 T:5014 debug : NFS: Refreshing context for 192.168.1.6/volume1/Musik, old: 837525725648, new: 837530664814
2023-07-02 20:52:54.621 T:5014 debug : NFS: Using cached context.
2023-07-02 20:52:54.623 T:5065 debug : NFS: Refreshing context for 192.168.1.6/volume1/Serien, old: 837528480564, new: 837532637064
2023-07-02 20:52:54.623 T:5065 debug : NFS: Using cached context.
2023-07-02 20:52:54.625 T:5014 debug : NFS: Refreshing context for 192.168.1.6/volume1/Musik, old: 837530664814, new: 837534546814
2023-07-02 20:52:54.625 T:5014 debug : NFS: Using cached context.
2023-07-02 20:52:54.627 T:5065 debug : NFS: Refreshing context for 192.168.1.6/volume1/Serien, old: 837532637064, new: 837536643189
2023-07-02 20:52:54.628 T:5065 debug : NFS: Using cached context.
2023-07-02 20:52:54.629 T:5014 debug : NFS: Refreshing context for 192.168.1.6/volume1/Musik, old: 837534546814, new: 837538693564
2023-07-02 20:52:54.629 T:5014 debug : NFS: Using cached context.
2023-07-02 20:52:54.631 T:5065 debug : NFS: Refreshing context for 192.168.1.6/volume1/Serien, old: 837536643189, new: 837540597814
2023-07-02 20:52:54.631 T:5065 debug : NFS: Using cached context.
2023-07-02 20:52:54.633 T:5014 debug : NFS: Refreshing context for 192.168.1.6/volume1/Musik, old: 837538693564, new: 837542617814
2023-07-02 20:52:54.633 T:5014 debug : NFS: Using cached context.
2023-07-02 20:52:54.635 T:5065 debug : NFS: Refreshing context for 192.168.1.6/volume1/Serien, old: 837540597814, new: 837544484689
2023-07-02 20:52:54.635 T:5065 debug : NFS: Using cached context.
2023-07-02 20:52:54.637 T:5014 debug : NFS: Refreshing context for 192.168.1.6/volume1/Musik, old: 837542617814, new: 837546186064
2023-07-02 20:52:54.637 T:5014 debug : NFS: Using cached context.
2023-07-02 20:52:54.639 T:5065 debug : NFS: Refreshing context for 192.168.1.6/volume1/Serien, old: 837544484689, new: 837548326106
2023-07-02 20:52:54.639 T:5065 debug : NFS: Using cached context.
2023-07-02 20:52:54.641 T:5014 debug : NFS: Refreshing context for 192.168.1.6/volume1/Musik, old: 837546186064, new: 837550280856
2023-07-02 20:52:54.641 T:5014 debug : NFS: Using cached context.
2023-07-02 20:52:54.643 T:5065 debug : NFS: Refreshing context for 192.168.1.6/volume1/Serien, old: 837548326106, new: 837552164356
2023-07-02 20:52:54.643 T:5065 debug : NFS: Using cached context.
2023-07-02 20:52:54.649 T:5014 debug : NFS: Refreshing context for 192.168.1.6/volume1/Musik, old: 837550280856, new: 837557978106
2023-07-02 20:52:54.649 T:5014 debug : NFS: Using cached context.
2023-07-02 20:52:54.651 T:5065 debug : NFS: Refreshing context for 192.168.1.6/volume1/Serien, old: 837552164356, new: 837560543231
2023-07-02 20:52:54.651 T:5065 debug : NFS: Using cached context.
2023-07-02 20:52:54.653 T:5014 debug : NFS: Refreshing context for 192.168.1.6/volume1/Musik, old: 837557978106, new: 837562381731
2023-07-02 20:52:54.653 T:5014 debug : NFS: Using cached context.
2023-07-02 20:52:54.655 T:5065 debug : NFS: Refreshing context for 192.168.1.6/volume1/Serien, old: 837560543231, new: 837564899189
2023-07-02 20:52:54.656 T:5065 debug : NFS: Using cached context.
2023-07-02 20:52:54.657 T:5014 debug : NFS: Refreshing context for 192.168.1.6/volume1/Musik, old: 837562381731, new: 837566840939
2023-07-02 20:52:54.658 T:5014 debug : NFS: Using cached context.
2023-07-02 20:52:54.659 T:5065 debug : NFS: Refreshing context for 192.168.1.6/volume1/Serien, old: 837564899189, new: 837568536898
2023-07-02 20:52:54.659 T:5065 debug : NFS: Using cached context.
2023-07-02 20:52:54.662 T:5014 debug : NFS: Refreshing context for 192.168.1.6/volume1/Musik, old: 837566840939, new: 837570932689
2023-07-02 20:52:54.662 T:5014 debug : NFS: Using cached context.
2023-07-02 20:52:54.664 T:5065 debug : NFS: Refreshing context for 192.168.1.6/volume1/Serien, old: 837568536898, new: 837573382523
2023-07-02 20:52:54.664 T:5065 debug : NFS: Using cached context.
2023-07-02 20:52:54.666 T:5014 debug : NFS: Refreshing context for 192.168.1.6/volume1/Musik, old: 837570932689, new: 837575570564
2023-07-02 20:52:54.666 T:5014 debug : NFS: Using cached context.
2023-07-02 20:52:54.668 T:5065 debug : NFS: Refreshing context for 192.168.1.6/volume1/Serien, old: 837573382523, new: 837577643731
2023-07-02 20:52:54.669 T:5065 debug : NFS: Using cached context.
2023-07-02 20:52:54.670 T:5014 debug : NFS: Refreshing context for 192.168.1.6/volume1/Musik, old: 837575570564, new: 837579806898
2023-07-02 20:52:54.671 T:5014 debug : NFS: Using cached context.
2023-07-02 20:52:54.673 T:5065 debug : NFS: Refreshing context for 192.168.1.6/volume1/Serien, old: 837577643731, new: 837582059481
2023-07-02 20:52:54.673 T:5065 debug : NFS: Using cached context.
2023-07-02 20:52:54.679 T:5014 debug : NFS: Refreshing context for 192.168.1.6/volume1/Musik, old: 837579806898, new: 837588890773
2023-07-02 20:52:54.680 T:5014 debug : NFS: Using cached context.
2023-07-02 20:52:54.681 T:5065 debug : NFS: Refreshing context for 192.168.1.6/volume1/Serien, old: 837582059481, new: 837590599398
2023-07-02 20:52:54.681 T:5065 debug : NFS: Using cached context.
2023-07-02 20:52:54.683 T:5014 debug : NFS: Refreshing context for 192.168.1.6/volume1/Musik, old: 837588890773, new: 837592801773
2023-07-02 20:52:54.684 T:5014 debug : NFS: Using cached context.
2023-07-02 20:52:54.686 T:5065 debug : NFS: Refreshing context for 192.168.1.6/volume1/Serien, old: 837590599398, new: 837595599231
2023-07-02 20:52:54.686 T:5065 debug : NFS: Using cached context.
2023-07-02 20:52:54.689 T:5014 debug : NFS: Refreshing context for 192.168.1.6/volume1/Musik, old: 837592801773, new: 837598255981
2023-07-02 20:52:54.689 T:5014 debug : NFS: Using cached context.
2023-07-02 20:52:54.692 T:5065 debug : NFS: Refreshing context for 192.168.1.6/volume1/Serien, old: 837595599231, new: 837601546314
2023-07-02 20:52:54.693 T:5065 debug : NFS: Using cached context.
2023-07-02 20:52:54.695 T:5014 debug : NFS: Refreshing context for 192.168.1.6/volume1/Musik, old: 837598255981, new: 837604676231
2023-07-02 20:52:54.695 T:5014 debug : NFS: Using cached context.
2023-07-02 20:52:54.699 T:5065 debug : NFS: Refreshing context for 192.168.1.6/volume1/Serien, old: 837601546314, new: 837608254189
2023-07-02 20:52:54.699 T:5065 debug : NFS: Using cached context.
2023-07-02 20:52:54.701 T:5014 debug : NFS: Refreshing context for 192.168.1.6/volume1/Musik, old: 837604676231, new: 837610196939
2023-07-02 20:52:54.701 T:5014 debug : NFS: Using cached context.
2023-07-02 20:52:54.703 T:5065 debug : NFS: Refreshing context for 192.168.1.6/volume1/Serien, old: 837608254189, new: 837612647856
2023-07-02 20:52:54.703 T:5065 debug : NFS: Using cached context.
2023-07-02 20:52:54.705 T:5014 debug : NFS: Refreshing context for 192.168.1.6/volume1/Musik, old: 837610196939, new: 837614631856
2023-07-02 20:52:54.705 T:5014 debug : NFS: Using cached context.
2023-07-02 20:52:54.707 T:5065 debug : NFS: Refreshing context for 192.168.1.6/volume1/Serien, old: 837612647856, new: 837616616523
2023-07-02 20:52:54.707 T:5065 debug : NFS: Using cached context.
2023-07-02 20:52:54.709 T:5014 debug : NFS: Refreshing context for 192.168.1.6/volume1/Musik, old: 837614631856, new: 837618476856
2023-07-02 20:52:54.709 T:5014 debug : NFS: Using cached context.
2023-07-02 20:52:54.712 T:5065 debug : NFS: Refreshing context for 192.168.1.6/volume1/Serien, old: 837616616523, new: 837621245648
2023-07-02 20:52:54.712 T:5065 debug : NFS: Using cached context.
2023-07-02 20:52:54.714 T:5014 debug : NFS: Refreshing context for 192.168.1.6/volume1/Musik, old: 837618476856, new: 837623383439
2023-07-02 20:52:54.714 T:5014 debug : NFS: Using cached context.
2023-07-02 20:52:54.716 T:5065 debug : NFS: Refreshing context for 192.168.1.6/volume1/Serien, old: 837621245648, new: 837625318481
2023-07-02 20:52:54.716 T:5065 debug : NFS: Using cached context.
2023-07-02 20:52:54.719 T:5014 debug : NFS: Refreshing context for 192.168.1.6/volume1/Musik, old: 837623383439, new: 837627968231
2023-07-02 20:52:54.719 T:5014 debug : NFS: Using cached context.
2023-07-02 20:52:54.721 T:5065 debug : NFS: Refreshing context for 192.168.1.6/volume1/Serien, old: 837625318481, new: 837630053106
2023-07-02 20:52:54.721 T:5065 debug : NFS: Using cached context.
2023-07-02 20:52:54.723 T:5014 debug : NFS: Refreshing context for 192.168.1.6/volume1/Musik, old: 837627968231, new: 837632500314
2023-07-02 20:52:54.723 T:5014 debug : NFS: Using cached context.
2023-07-02 20:52:54.724 T:5065 debug : NFS: Refreshing context for 192.168.1.6/volume1/Serien, old: 837630053106, new: 837633668773
2023-07-02 20:52:54.724 T:5065 debug : NFS: Using cached context.
2023-07-02 20:52:54.726 T:5014 debug : NFS: Refreshing context for 192.168.1.6/volume1/Musik, old: 837632500314, new: 837635148939
2023-07-02 20:52:54.726 T:5014 debug : NFS: Using cached context.
2023-07-02 20:52:54.728 T:5065 debug : NFS: Refreshing context for 192.168.1.6/volume1/Serien, old: 837633668773, new: 837637451648
2023-07-02 20:52:54.728 T:5065 debug : NFS: Using cached context.
2023-07-02 20:52:54.730 T:5014 debug : NFS: Refreshing context for 192.168.1.6/volume1/Musik, old: 837635148939, new: 837639681106
2023-07-02 20:52:54.730 T:5014 debug : NFS: Using cached context.
2023-07-02 20:52:54.732 T:5065 debug : NFS: Refreshing context for 192.168.1.6/volume1/Serien, old: 837637451648, new: 837641323814
2023-07-02 20:52:54.732 T:5065 debug : NFS: Using cached context.
2023-07-02 20:52:54.734 T:5014 debug : NFS: Refreshing context for 192.168.1.6/volume1/Musik, old: 837639681106, new: 837643457939
2023-07-02 20:52:54.734 T:5014 debug : NFS: Using cached context.
2023-07-02 20:52:54.737 T:5065 debug : NFS: Refreshing context for 192.168.1.6/volume1/Serien, old: 837641323814, new: 837645978606
2023-07-02 20:52:54.737 T:5065 debug : NFS: Using cached context.
2023-07-02 20:52:54.738 T:5014 debug : NFS: Refreshing context for 192.168.1.6/volume1/Musik, old: 837643457939, new: 837647895398
2023-07-02 20:52:54.740 T:5014 debug : NFS: Using cached context.
2023-07-02 20:52:54.742 T:5065 debug : NFS: Refreshing context for 192.168.1.6/volume1/Serien, old: 837645978606, new: 837651714064
2023-07-02 20:52:54.743 T:5065 debug : NFS: Using cached context.
2023-07-02 20:52:54.745 T:5014 debug : NFS: Refreshing context for 192.168.1.6/volume1/Musik, old: 837647895398, new: 837654284814
2023-07-02 20:52:54.745 T:5014 debug : NFS: Using cached context.
2023-07-02 20:52:54.747 T:5065 debug : NFS: Refreshing context for 192.168.1.6/volume1/Serien, old: 837651714064, new: 837656394064
2023-07-02 20:52:54.747 T:5065 debug : NFS: Using cached context.
2023-07-02 20:52:54.749 T:5014 debug : NFS: Refreshing context for 192.168.1.6/volume1/Musik, old: 837654284814, new: 837658360064
2023-07-02 20:52:54.749 T:5014 debug : NFS: Using cached context.
2023-07-02 20:52:54.751 T:5065 debug : NFS: Refreshing context for 192.168.1.6/volume1/Serien, old: 837656394064, new: 837660828148
2023-07-02 20:52:54.752 T:5065 debug : NFS: Using cached context.
2023-07-02 20:52:54.753 T:5014 debug : NFS: Refreshing context for 192.168.1.6/volume1/Musik, old: 837658360064, new: 837662548981
2023-07-02 20:52:54.753 T:5014 debug : NFS: Using cached context.
2023-07-02 20:52:54.755 T:5065 debug : NFS: Refreshing context for 192.168.1.6/volume1/Serien, old: 837660828148, new: 837664279731
2023-07-02 20:52:54.755 T:5065 debug : NFS: Using cached context.
2023-07-02 20:52:54.757 T:5014 debug : NFS: Refreshing context for 192.168.1.6/volume1/Musik, old: 837662548981, new: 837666643023
2023-07-02 20:52:54.757 T:5140 debug : request received for /jsonrpc
2023-07-02 20:52:54.758 T:5014 debug : NFS: Using cached context.
2023-07-02 20:52:54.759 T:5065 debug : NFS: Refreshing context for 192.168.1.6/volume1/Serien, old: 837664279731, new: 837668912773
2023-07-02 20:52:54.760 T:5065 debug : NFS: Using cached context.
2023-07-02 20:52:54.761 T:5014 debug : NFS: Refreshing context for 192.168.1.6/volume1/Musik, old: 837666643023, new: 837670704939
2023-07-02 20:52:54.761 T:5014 debug : NFS: Using cached context.
2023-07-02 20:52:54.764 T:5065 debug : NFS: Refreshing context for 192.168.1.6/volume1/Serien, old: 837668912773, new: 837673915481
2023-07-02 20:52:54.765 T:5065 debug : NFS: Using cached context.
2023-07-02 20:52:54.767 T:5014 debug : NFS: Refreshing context for 192.168.1.6/volume1/Musik, old: 837670704939, new: 837676820439
2023-07-02 20:52:54.768 T:5014 debug : NFS: Using cached context.
2023-07-02 20:52:54.769 T:5065 debug : NFS: Refreshing context for 192.168.1.6/volume1/Serien, old: 837673915481, new: 837678252231
2023-07-02 20:52:54.769 T:5065 debug : NFS: Using cached context.
2023-07-02 20:52:54.770 T:5014 debug : NFS: Refreshing context for 192.168.1.6/volume1/Musik, old: 837676820439, new: 837679879106
2023-07-02 20:52:54.771 T:5014 debug : NFS: Using cached context.
2023-07-02 20:52:54.773 T:5065 debug : NFS: Refreshing context for 192.168.1.6/volume1/Serien, old: 837678252231, new: 837682396564
2023-07-02 20:52:54.773 T:5065 debug : NFS: Using cached context.
2023-07-02 20:52:54.775 T:5014 debug : NFS: Refreshing context for 192.168.1.6/volume1/Musik, old: 837679879106, new: 837684419023
2023-07-02 20:52:54.775 T:5014 debug : NFS: Using cached context.
2023-07-02 20:52:54.777 T:5065 debug : NFS: Refreshing context for 192.168.1.6/volume1/Serien, old: 837682396564, new: 837686741148
2023-07-02 20:52:54.778 T:5065 debug : NFS: Using cached context.
2023-07-02 20:52:54.780 T:5014 debug : NFS: Refreshing context for 192.168.1.6/volume1/Musik, old: 837684419023, new: 837689310689
2023-07-02 20:52:54.780 T:5014 debug : NFS: Using cached context.
2023-07-02 20:52:54.781 T:5065 debug : NFS: Refreshing context for 192.168.1.6/volume1/Serien, old: 837686741148, new: 837690671773
2023-07-02 20:52:54.781 T:5065 debug : NFS: Using cached context.
2023-07-02 20:52:54.783 T:5014 debug : NFS: Refreshing context for 192.168.1.6/volume1/Musik, old: 837689310689, new: 837692518564
2023-07-02 20:52:54.783 T:5014 debug : NFS: Using cached context.
2023-07-02 20:52:54.786 T:5065 debug : NFS: Refreshing context for 192.168.1.6/volume1/Serien, old: 837690671773, new: 837695752814
2023-07-02 20:52:54.787 T:5065 debug : NFS: Using cached context.
2023-07-02 20:52:54.788 T:5014 debug : NFS: Refreshing context for 192.168.1.6/volume1/Musik, old: 837692518564, new: 837697628564
2023-07-02 20:52:54.788 T:5014 debug : NFS: Using cached context.
2023-07-02 20:52:54.790 T:5065 debug : NFS: Refreshing context for 192.168.1.6/volume1/Serien, old: 837695752814, new: 837699546481
2023-07-02 20:52:54.790 T:5065 debug : NFS: Using cached context.
2023-07-02 20:52:54.793 T:5014 debug : NFS: Refreshing context for 192.168.1.6/volume1/Musik, old: 837697628564, new: 837702000148
2023-07-02 20:52:54.793 T:5014 debug : NFS: Using cached context.
2023-07-02 20:52:54.795 T:5065 debug : NFS: Refreshing context for 192.168.1.6/volume1/Serien, old: 837699546481, new: 837704131564
2023-07-02 20:52:54.795 T:5065 debug : NFS: Using cached context.
2023-07-02 20:52:54.797 T:5014 debug : NFS: Refreshing context for 192.168.1.6/volume1/Musik, old: 837702000148, new: 837706061981
2023-07-02 20:52:54.797 T:5014 debug : NFS: Using cached context.
2023-07-02 20:52:54.800 T:5065 debug : NFS: Refreshing context for 192.168.1.6/volume1/Serien, old: 837704131564, new: 837709193898
2023-07-02 20:52:54.800 T:5065 debug : NFS: Using cached context.
2023-07-02 20:52:54.803 T:5014 debug : NFS: Refreshing context for 192.168.1.6/volume1/Musik, old: 837706061981, new: 837712478689
2023-07-02 20:52:54.803 T:5014 debug : NFS: Using cached context.
2023-07-02 20:52:54.805 T:5065 debug : NFS: Refreshing context for 192.168.1.6/volume1/Serien, old: 837709193898, new: 837714467689
2023-07-02 20:52:54.805 T:5065 debug : NFS: Using cached context.
2023-07-02 20:52:54.807 T:5014 debug : NFS: Refreshing context for 192.168.1.6/volume1/Musik, old: 837712478689, new: 837716245606
2023-07-02 20:52:54.807 T:5014 debug : NFS: Using cached context.
2023-07-02 20:52:54.810 T:5065 debug : NFS: Refreshing context for 192.168.1.6/volume1/Serien, old: 837714467689, new: 837719030939
2023-07-02 20:52:54.810 T:5065 debug : NFS: Using cached context.
2023-07-02 20:52:54.812 T:5014 debug : NFS: Refreshing context for 192.168.1.6/volume1/Musik, old: 837716245606, new: 837721165148
2023-07-02 20:52:54.812 T:5014 debug : NFS: Using cached context.
2023-07-02 20:52:54.814 T:5065 debug : NFS: Refreshing context for 192.168.1.6/volume1/Serien, old: 837719030939, new: 837722997023
2023-07-02 20:52:54.814 T:5065 debug : NFS: Using cached context.
2023-07-02 20:52:54.816 T:5014 debug : NFS: Refreshing context for 192.168.1.6/volume1/Musik, old: 837721165148, new: 837725640773
2023-07-02 20:52:54.816 T:5014 debug : NFS: Using cached context.
2023-07-02 20:52:54.818 T:5065 debug : NFS: Refreshing context for 192.168.1.6/volume1/Serien, old: 837722997023, new: 837727343981
2023-07-02 20:52:54.818 T:5065 debug : NFS: Using cached context.
2023-07-02 20:52:54.820 T:5014 debug : NFS: Refreshing context for 192.168.1.6/volume1/Musik, old: 837725640773, new: 837729328023
2023-07-02 20:52:54.820 T:5014 debug : NFS: Using cached context.
2023-07-02 20:52:54.822 T:5065 debug : NFS: Refreshing context for 192.168.1.6/volume1/Serien, old: 837727343981, new: 837731300439
2023-07-02 20:52:54.822 T:5065 debug : NFS: Using cached context.
2023-07-02 20:52:54.823 T:5014 debug : NFS: Refreshing context for 192.168.1.6/volume1/Musik, old: 837729328023, new: 837732863981
2023-07-02 20:52:54.824 T:5014 debug : NFS: Using cached context.
2023-07-02 20:52:54.826 T:5065 debug : NFS: Refreshing context for 192.168.1.6/volume1/Serien, old: 837731300439, new: 837735239981
2023-07-02 20:52:54.826 T:5065 debug : NFS: Using cached context.
2023-07-02 20:52:54.829 T:5014 debug : NFS: Refreshing context for 192.168.1.6/volume1/Musik, old: 837732863981, new: 837737971481
2023-07-02 20:52:54.829 T:5014 debug : NFS: Using cached context.
2023-07-02 20:52:54.831 T:5065 debug : NFS: Refreshing context for 192.168.1.6/volume1/Serien, old: 837735239981, new: 837740331981
2023-07-02 20:52:54.831 T:5065 debug : NFS: Using cached context.
2023-07-02 20:52:54.832 T:5014 debug : NFS: Refreshing context for 192.168.1.6/volume1/Musik, old: 837737971481, new: 837741303981
2023-07-02 20:52:54.832 T:5014 debug : NFS: Using cached context.
2023-07-02 20:52:54.833 T:5065 debug : NFS: Refreshing context for 192.168.1.6/volume1/Serien, old: 837740331981, new: 837742131231
2023-07-02 20:52:54.833 T:5065 debug : NFS: Using cached context.
2023-07-02 20:52:54.834 T:5014 debug : NFS: Refreshing context for 192.168.1.6/volume1/Musik, old: 837741303981, new: 837743137148
2023-07-02 20:52:54.834 T:5014 debug : NFS: Using cached context.
2023-07-02 20:52:54.834 T:5065 debug : NFS: Refreshing context for 192.168.1.6/volume1/Serien, old: 837742131231, new: 837743900023
2023-07-02 20:52:54.835 T:5065 debug : NFS: Using cached context.
2023-07-02 20:52:54.836 T:5014 debug : NFS: Refreshing context for 192.168.1.6/volume1/Musik, old: 837743137148, new: 837745676731
2023-07-02 20:52:54.836 T:5014 debug : NFS: Using cached context.
2023-07-02 20:52:54.837 T:5065 debug : NFS: Refreshing context for 192.168.1.6/volume1/Serien, old: 837743900023, new: 837746718231
2023-07-02 20:52:54.837 T:5065 debug : NFS: Using cached context.
2023-07-02 20:52:54.839 T:5014 debug : NFS: Refreshing context for 192.168.1.6/volume1/Musik, old: 837745676731, new: 837748718356
2023-07-02 20:52:54.839 T:5014 debug : NFS: Using cached context.
2023-07-02 20:52:54.840 T:5065 debug : NFS: Refreshing context for 192.168.1.6/volume1/Serien, old: 837746718231, new: 837749628148
2023-07-02 20:52:54.840 T:5065 debug : NFS: Using cached context.
2023-07-02 20:52:54.843 T:5014 debug : NFS: Refreshing context for 192.168.1.6/volume1/Musik, old: 837748718356, new: 837752591523
2023-07-02 20:52:54.843 T:5014 debug : NFS: Using cached context.
2023-07-02 20:52:54.844 T:5065 debug : NFS: Refreshing context for 192.168.1.6/volume1/Serien, old: 837749628148, new: 837753514273
2023-07-02 20:52:54.844 T:5065 debug : NFS: Using cached context.
2023-07-02 20:52:54.845 T:5014 debug : NFS: Refreshing context for 192.168.1.6/volume1/Musik, old: 837752591523, new: 837754841439
2023-07-02 20:52:54.846 T:5014 debug : NFS: Using cached context.
2023-07-02 20:52:54.846 T:5065 debug : NFS: Refreshing context for 192.168.1.6/volume1/Serien, old: 837753514273, new: 837755875231
2023-07-02 20:52:54.847 T:5065 debug : NFS: Using cached context.
2023-07-02 20:52:54.848 T:5014 debug : NFS: Refreshing context for 192.168.1.6/volume1/Musik, old: 837754841439, new: 837757805606
2023-07-02 20:52:54.849 T:5014 debug : NFS: Using cached context.
2023-07-02 20:52:54.849 T:5065 debug : NFS: Refreshing context for 192.168.1.6/volume1/Serien, old: 837755875231, new: 837758728314
2023-07-02 20:52:54.849 T:5065 debug : NFS: Using cached context.
2023-07-02 20:52:54.851 T:5014 debug : NFS: Refreshing context for 192.168.1.6/volume1/Musik, old: 837757805606, new: 837760148439
2023-07-02 20:52:54.851 T:5014 debug : NFS: Using cached context.
2023-07-02 20:52:54.852 T:5065 debug : NFS: Refreshing context for 192.168.1.6/volume1/Serien, old: 837758728314, new: 837761286564
2023-07-02 20:52:54.852 T:5065 debug : NFS: Using cached context.
2023-07-02 20:52:54.854 T:5014 debug : NFS: Refreshing context for 192.168.1.6/volume1/Musik, old: 837760148439, new: 837762968606
2023-07-02 20:52:54.854 T:5014 debug : NFS: Using cached context.
2023-07-02 20:52:54.854 T:5065 debug : NFS: Refreshing context for 192.168.1.6/volume1/Serien, old: 837761286564, new: 837763815481
2023-07-02 20:52:54.854 T:5065 debug : NFS: Using cached context.
2023-07-02 20:52:54.856 T:5014 debug : NFS: Refreshing context for 192.168.1.6/volume1/Musik, old: 837762968606, new: 837765200439
2023-07-02 20:52:54.856 T:5014 debug : NFS: Using cached context.
2023-07-02 20:52:54.857 T:5065 debug : NFS: Refreshing context for 192.168.1.6/volume1/Serien, old: 837763815481, new: 837766045356
2023-07-02 20:52:54.857 T:5065 debug : NFS: Using cached context.
2023-07-02 20:52:54.860 T:5014 debug : NFS: Refreshing context for 192.168.1.6/volume1/Musik, old: 837765200439, new: 837769289189
2023-07-02 20:52:54.860 T:5014 debug : NFS: Using cached context.
2023-07-02 20:52:54.861 T:5065 debug : NFS: Refreshing context for 192.168.1.6/volume1/Serien, old: 837766045356, new: 837770228356
2023-07-02 20:52:54.861 T:5065 debug : NFS: Using cached context.
2023-07-02 20:52:54.863 T:5014 debug : NFS: Refreshing context for 192.168.1.6/volume1/Musik, old: 837769289189, new: 837772114856
2023-07-02 20:52:54.863 T:5014 debug : NFS: Using cached context.
2023-07-02 20:52:54.864 T:5065 debug : NFS: Refreshing context for 192.168.1.6/volume1/Serien, old: 837770228356, new: 837772994564
2023-07-02 20:52:54.864 T:5065 debug : NFS: Using cached context.
2023-07-02 20:52:54.865 T:5014 debug : NFS: Refreshing context for 192.168.1.6/volume1/Musik, old: 837772114856, new: 837774283148
2023-07-02 20:52:54.865 T:5014 debug : NFS: Using cached context.
2023-07-02 20:52:54.866 T:5065 debug : NFS: Refreshing context for 192.168.1.6/volume1/Serien, old: 837772994564, new: 837775029273
2023-07-02 20:52:54.866 T:5065 debug : NFS: Using cached context.
2023-07-02 20:52:54.867 T:5014 debug : NFS: Refreshing context for 192.168.1.6/volume1/Musik, old: 837774283148, new: 837776664231
2023-07-02 20:52:54.867 T:5014 debug : NFS: Using cached context.
2023-07-02 20:52:54.868 T:5065 debug : NFS: Refreshing context for 192.168.1.6/volume1/Serien, old: 837775029273, new: 837777667148
2023-07-02 20:52:54.868 T:5065 debug : NFS: Using cached context.
2023-07-02 20:52:54.870 T:5014 debug : NFS: Refreshing context for 192.168.1.6/volume1/Musik, old: 837776664231, new: 837779252398
2023-07-02 20:52:54.870 T:5014 debug : NFS: Using cached context.
2023-07-02 20:52:54.871 T:5065 debug : NFS: Refreshing context for 192.168.1.6/volume1/Serien, old: 837777667148, new: 837780677773
2023-07-02 20:52:54.871 T:5065 debug : NFS: Using cached context.
2023-07-02 20:52:54.873 T:5014 debug : NFS: Refreshing context for 192.168.1.6/volume1/Musik, old: 837779252398, new: 837782554064
2023-07-02 20:52:54.873 T:5014 debug : NFS: Using cached context.
2023-07-02 20:52:54.874 T:5065 debug : NFS: Refreshing context for 192.168.1.6/volume1/Serien, old: 837780677773, new: 837783468273
2023-07-02 20:52:54.874 T:5065 debug : NFS: Using cached context.
2023-07-02 20:52:54.877 T:5014 debug : NFS: Refreshing context for 192.168.1.6/volume1/Musik, old: 837782554064, new: 837786570148
2023-07-02 20:52:54.877 T:5014 debug : NFS: Using cached context.
2023-07-02 20:52:54.878 T:5065 debug : NFS: Refreshing context for 192.168.1.6/volume1/Serien, old: 837783468273, new: 837787680481
2023-07-02 20:52:54.878 T:5065 debug : NFS: Using cached context.
2023-07-02 20:52:54.880 T:5014 debug : NFS: Refreshing context for 192.168.1.6/volume1/Musik, old: 837786570148, new: 837789797731
2023-07-02 20:52:54.881 T:5014 debug : NFS: Using cached context.
2023-07-02 20:52:54.881 T:5065 debug : NFS: Refreshing context for 192.168.1.6/volume1/Serien, old: 837787680481, new: 837790856731
2023-07-02 20:52:54.882 T:5065 debug : NFS: Using cached context.
2023-07-02 20:52:54.883 T:5014 debug : NFS: Refreshing context for 192.168.1.6/volume1/Musik, old: 837789797731, new: 837792527315
2023-07-02 20:52:54.883 T:5014 debug : NFS: Using cached context.
2023-07-02 20:52:54.884 T:5065 debug : NFS: Refreshing context for 192.168.1.6/volume1/Serien, old: 837790856731, new: 837793338440
2023-07-02 20:52:54.884 T:5065 debug : NFS: Using cached context.
2023-07-02 20:52:54.885 T:5014 debug : NFS: Refreshing context for 192.168.1.6/volume1/Musik, old: 837792527315, new: 837794657065
2023-07-02 20:52:54.885 T:5014 debug : NFS: Using cached context.
2023-07-02 20:52:54.886 T:5065 debug : NFS: Refreshing context for 192.168.1.6/volume1/Serien, old: 837793338440, new: 837795482815
2023-07-02 20:52:54.886 T:5065 debug : NFS: Using cached context.
2023-07-02 20:52:54.888 T:5014 debug : NFS: Refreshing context for 192.168.1.6/volume1/Musik, old: 837794657065, new: 837797056606
2023-07-02 20:52:54.888 T:5014 debug : NFS: Using cached context.
2023-07-02 20:52:54.889 T:5065 debug : NFS: Refreshing context for 192.168.1.6/volume1/Serien, old: 837795482815, new: 837797997606
2023-07-02 20:52:54.889 T:5065 debug : NFS: Using cached context.
2023-07-02 20:52:54.890 T:5014 debug : NFS: Refreshing context for 192.168.1.6/volume1/Musik, old: 837797056606, new: 837799390981
2023-07-02 20:52:54.890 T:5014 debug : NFS: Using cached context.
2023-07-02 20:52:54.891 T:5065 debug : NFS: Refreshing context for 192.168.1.6/volume1/Serien, old: 837797997606, new: 837800630190
2023-07-02 20:52:54.891 T:5065 debug : NFS: Using cached context.
2023-07-02 20:52:54.894 T:5014 debug : NFS: Refreshing context for 192.168.1.6/volume1/Musik, old: 837799390981, new: 837803871731
2023-07-02 20:52:54.895 T:5014 debug : NFS: Using cached context.
2023-07-02 20:52:54.896 T:5065 debug : NFS: Refreshing context for 192.168.1.6/volume1/Serien, old: 837800630190, new: 837804995606
2023-07-02 20:52:54.896 T:5065 debug : NFS: Using cached context.
2023-07-02 20:52:54.897 T:5014 debug : NFS: Refreshing context for 192.168.1.6/volume1/Musik, old: 837803871731, new: 837806902481
2023-07-02 20:52:54.898 T:5014 debug : NFS: Using cached context.
2023-07-02 20:52:54.898 T:5065 debug : NFS: Refreshing context for 192.168.1.6/volume1/Serien, old: 837804995606, new: 837807747815
2023-07-02 20:52:54.898 T:5065 debug : NFS: Using cached context.
2023-07-02 20:52:54.900 T:5014 debug : NFS: Refreshing context for 192.168.1.6/volume1/Musik, old: 837806902481, new: 837809242023
2023-07-02 20:52:54.900 T:5014 debug : NFS: Using cached context.
2023-07-02 20:52:54.901 T:5065 debug : NFS: Refreshing context for 192.168.1.6/volume1/Serien, old: 837807747815, new: 837810401565
2023-07-02 20:52:54.901 T:5065 debug : NFS: Using cached context.
2023-07-02 20:52:54.904 T:5014 debug : NFS: Refreshing context for 192.168.1.6/volume1/Musik, old: 837809242023, new: 837812975315
2023-07-02 20:52:54.904 T:5014 debug : NFS: Using cached context.
2023-07-02 20:52:54.905 T:5065 debug : NFS: Refreshing context for 192.168.1.6/volume1/Serien, old: 837810401565, new: 837814027940
2023-07-02 20:52:54.905 T:5065 debug : NFS: Using cached context.
2023-07-02 20:52:54.906 T:5014 debug : NFS: Refreshing context for 192.168.1.6/volume1/Musik, old: 837812975315, new: 837815906565
2023-07-02 20:52:54.907 T:5014 debug : NFS: Using cached context.
2023-07-02 20:52:54.907 T:5065 debug : NFS: Refreshing context for 192.168.1.6/volume1/Serien, old: 837814027940, new: 837816749315
2023-07-02 20:52:54.907 T:5065 debug : NFS: Using cached context.
2023-07-02 20:52:54.909 T:5014 debug : NFS: Refreshing context for 192.168.1.6/volume1/Musik, old: 837815906565, new: 837818318356
2023-07-02 20:52:54.909 T:5014 debug : NFS: Using cached context.
2023-07-02 20:52:54.910 T:5065 debug : NFS: Refreshing context for 192.168.1.6/volume1/Serien, old: 837816749315, new: 837819091065
2023-07-02 20:52:54.910 T:5065 debug : NFS: Using cached context.
2023-07-02 20:52:54.913 T:5014 debug : NFS: Refreshing context for 192.168.1.6/volume1/Musik, old: 837818318356, new: 837822793606
2023-07-02 20:52:54.914 T:5014 debug : NFS: Using cached context.
2023-07-02 20:52:54.914 T:5065 debug : NFS: Refreshing context for 192.168.1.6/volume1/Serien, old: 837819091065, new: 837823750273
2023-07-02 20:52:54.914 T:5065 debug : NFS: Using cached context.
2023-07-02 20:52:54.916 T:5014 debug : NFS: Refreshing context for 192.168.1.6/volume1/Musik, old: 837822793606, new: 837825297523
2023-07-02 20:52:54.916 T:5014 debug : NFS: Using cached context.
2023-07-02 20:52:54.917 T:5065 debug : NFS: Refreshing context for 192.168.1.6/volume1/Serien, old: 837823750273, new: 837826387273
2023-07-02 20:52:54.917 T:5065 debug : NFS: Using cached context.
2023-07-02 20:52:54.919 T:5014 debug : NFS: Refreshing context for 192.168.1.6/volume1/Musik, old: 837825297523, new: 837828101440
2023-07-02 20:52:54.919 T:5014 debug : NFS: Using cached context.
2023-07-02 20:52:54.920 T:5065 debug : NFS: Refreshing context for 192.168.1.6/volume1/Serien, old: 837826387273, new: 837828977065
2023-07-02 20:52:54.920 T:5065 debug : NFS: Using cached context.
2023-07-02 20:52:54.921 T:5014 debug : NFS: Refreshing context for 192.168.1.6/volume1/Musik, old: 837828101440, new: 837830297690
2023-07-02 20:52:54.921 T:5014 debug : NFS: Using cached context.
2023-07-02 20:52:54.922 T:5065 debug : NFS: Refreshing context for 192.168.1.6/volume1/Serien, old: 837828977065, new: 837831225106
2023-07-02 20:52:54.922 T:5065 debug : NFS: Using cached context.
2023-07-02 20:52:54.923 T:5014 debug : NFS: Refreshing context for 192.168.1.6/volume1/Musik, old: 837830297690, new: 837832877440
2023-07-02 20:52:54.924 T:5014 debug : NFS: Using cached context.
2023-07-02 20:52:54.924 T:5065 debug : NFS: Refreshing context for 192.168.1.6/volume1/Serien, old: 837831225106, new: 837833800940
2023-07-02 20:52:54.924 T:5065 debug : NFS: Using cached context.
2023-07-02 20:52:54.926 T:5014 debug : NFS: Refreshing context for 192.168.1.6/volume1/Musik, old: 837832877440, new: 837835107523
2023-07-02 20:52:54.926 T:5014 debug : NFS: Using cached context.
2023-07-02 20:52:54.927 T:5065 debug : NFS: Refreshing context for 192.168.1.6/volume1/Serien, old: 837833800940, new: 837835949815
2023-07-02 20:52:54.927 T:5065 debug : NFS: Using cached context.
2023-07-02 20:52:54.929 T:5014 debug : NFS: Refreshing context for 192.168.1.6/volume1/Musik, old: 837835107523, new: 837838851773
2023-07-02 20:52:54.930 T:5014 debug : NFS: Using cached context.
2023-07-02 20:52:54.930 T:5065 debug : NFS: Refreshing context for 192.168.1.6/volume1/Serien, old: 837835949815, new: 837839831731
2023-07-02 20:52:54.931 T:5065 debug : NFS: Using cached context.
2023-07-02 20:52:54.933 T:5014 debug : NFS: Refreshing context for 192.168.1.6/volume1/Musik, old: 837838851773, new: 837841946106
2023-07-02 20:52:54.933 T:5014 debug : NFS: Using cached context.
2023-07-02 20:52:54.934 T:5065 debug : NFS: Refreshing context for 192.168.1.6/volume1/Serien, old: 837839831731, new: 837842956356
2023-07-02 20:52:54.934 T:5065 debug : NFS: Using cached context.
2023-07-02 20:52:54.935 T:5014 debug : NFS: Refreshing context for 192.168.1.6/volume1/Musik, old: 837841946106, new: 837844640940
