2023-07-02 20:52:32.846 T:5088 debug : CPythonInvoker(4, /storage/emulated/0/Android/data/org.xbmc.kodi.quietvoid/files/.kodi/addons/plugin.video.youtube/resources/lib/startup.py): entering source directory /storage/emulated/0/Android/data/org.xbmc.kodi.quietvoid/files/.kodi/addons/plugin.video.youtube/resources/lib
2023-07-02 20:52:32.847 T:5088 debug : CPythonInvoker(4, /storage/emulated/0/Android/data/org.xbmc.kodi.quietvoid/files/.kodi/addons/plugin.video.youtube/resources/lib/startup.py): instantiating addon using automatically obtained id of "plugin.video.youtube" dependent on version 3.0.1 of the xbmc.python api
2023-07-02 20:52:32.859 T:5137 debug : request received for /jsonrpc
2023-07-02 20:52:32.927 T:5090 info : Skipped 1 duplicate messages..
2023-07-02 20:52:32.927 T:5090 debug : -->Python Interpreter Initialized<--
2023-07-02 20:52:32.927 T:5090 debug :
2023-07-02 20:52:32.928 T:5090 debug : CPythonInvoker(6, /storage/emulated/0/Android/data/org.xbmc.kodi.quietvoid/files/.kodi/addons/script.cu.lrclyrics/default.py): the source file to load is "/storage/emulated/0/Android/data/org.xbmc.kodi.quietvoid/files/.kodi/addons/script.cu.lrclyrics/default.py"
2023-07-02 20:52:32.928 T:5090 debug : CPythonInvoker(6): default python path:
2023-07-02 20:52:32.928 T:5090 debug : CPythonInvoker(6): /data/user/0/org.xbmc.kodi.quietvoid/cache/apk/assets/python3.11/lib/python311.zip
2023-07-02 20:52:32.928 T:5090 debug : CPythonInvoker(6): /data/user/0/org.xbmc.kodi.quietvoid/cache/apk/assets/python3.11
2023-07-02 20:52:32.928 T:5090 debug : CPythonInvoker(6): /data/user/0/org.xbmc.kodi.quietvoid/cache/apk/assets/python3.11/site-packages
2023-07-02 20:52:32.928 T:5090 debug : CPythonInvoker(6): /data/user/0/org.xbmc.kodi.quietvoid/cache/apk/assets/python3.11/lib/python3.11
2023-07-02 20:52:32.928 T:5090 debug : CPythonInvoker(6): /data/user/0/org.xbmc.kodi.quietvoid/cache/apk/assets/python3.11/lib/python3.11/lib-dynload
2023-07-02 20:52:32.928 T:5090 debug : CPythonInvoker(6): /data/user/0/org.xbmc.kodi.quietvoid/cache/apk/assets/python3.11/lib/python3.11/site-packages
2023-07-02 20:52:32.928 T:5090 debug : CPythonInvoker(6): /data/user/0/org.xbmc.kodi.quietvoid/cache/apk/assets/python3.11/lib/python3.11/site-packages/setuptools-65.5.0.post20230329-py3.11.egg
2023-07-02 20:52:32.928 T:5090 debug : CPythonInvoker(6): adding path:
2023-07-02 20:52:32.928 T:5090 debug : CPythonInvoker(6): /storage/emulated/0/Android/data/org.xbmc.kodi.quietvoid/files/.kodi/addons/script.cu.lrclyrics
2023-07-02 20:52:32.928 T:5090 debug : CPythonInvoker(6): /storage/emulated/0/Android/data/org.xbmc.kodi.quietvoid/files/.kodi/addons/script.module.beautifulsoup4/lib
2023-07-02 20:52:32.928 T:5090 debug : CPythonInvoker(6): /storage/emulated/0/Android/data/org.xbmc.kodi.quietvoid/files/.kodi/addons/script.module.certifi/lib
2023-07-02 20:52:32.928 T:5090 debug : CPythonInvoker(6): /storage/emulated/0/Android/data/org.xbmc.kodi.quietvoid/files/.kodi/addons/script.module.chardet/lib
2023-07-02 20:52:32.928 T:5090 debug : CPythonInvoker(6): /storage/emulated/0/Android/data/org.xbmc.kodi.quietvoid/files/.kodi/addons/script.module.idna/lib
2023-07-02 20:52:32.929 T:5090 debug : CPythonInvoker(6): /storage/emulated/0/Android/data/org.xbmc.kodi.quietvoid/files/.kodi/addons/script.module.mutagen/lib
2023-07-02 20:52:32.929 T:5090 debug : CPythonInvoker(6): /storage/emulated/0/Android/data/org.xbmc.kodi.quietvoid/files/.kodi/addons/script.module.requests/lib
2023-07-02 20:52:32.929 T:5090 debug : CPythonInvoker(6): /storage/emulated/0/Android/data/org.xbmc.kodi.quietvoid/files/.kodi/addons/script.module.soupsieve/lib
2023-07-02 20:52:32.929 T:5090 debug : CPythonInvoker(6): /storage/emulated/0/Android/data/org.xbmc.kodi.quietvoid/files/.kodi/addons/script.module.urllib3/lib
2023-07-02 20:52:32.929 T:5090 debug : CPythonInvoker(6): adding args:
2023-07-02 20:52:32.929 T:5090 debug : CPythonInvoker(6):
2023-07-02 20:52:32.929 T:5090 debug : CPythonInvoker(6, /storage/emulated/0/Android/data/org.xbmc.kodi.quietvoid/files/.kodi/addons/script.cu.lrclyrics/default.py): entering source directory /storage/emulated/0/Android/data/org.xbmc.kodi.quietvoid/files/.kodi/addons/script.cu.lrclyrics
2023-07-02 20:52:32.930 T:5090 debug : CPythonInvoker(6, /storage/emulated/0/Android/data/org.xbmc.kodi.quietvoid/files/.kodi/addons/script.cu.lrclyrics/default.py): instantiating addon using automatically obtained id of "script.cu.lrclyrics" dependent on version 3.0.0 of the xbmc.python api
2023-07-02 20:52:32.954 T:5140 debug : request received for /jsonrpc
2023-07-02 20:52:32.978 T:5117 info : Skipped 1 duplicate messages..
2023-07-02 20:52:32.978 T:5117 debug : GetRecentlyPlayedAlbums query: SELECT albumview.*, albumartistview.* FROM (SELECT idAlbum FROM albumview WHERE albumview.lastplayed IS NOT NULL AND albumview.strReleaseType = 'album' ORDER BY albumview.lastplayed DESC LIMIT 25) as playedalbums JOIN albumview ON albumview.idAlbum = playedalbums.idAlbum JOIN albumartistview ON albumview.idAlbum = albumartistview.idAlbum ORDER BY albumview.lastplayed DESC, albumartistview.iorder
2023-07-02 20:52:32.982 T:5136 debug : request received for /jsonrpc
2023-07-02 20:52:32.990 T:5117 info : Skipped 1 duplicate messages..
2023-07-02 20:52:32.989 T:5117 debug : GetRecentlyPlayedAlbums: Time to fill list with albums 10ms query took 10ms
2023-07-02 20:52:33.003 T:5081 debug : GetRecentlyAddedAlbums query: SELECT albumview.*, albumartistview.* FROM (SELECT idAlbum FROM album WHERE strAlbum != '' ORDER BY dateAdded DESC LIMIT 25) AS recentalbums JOIN albumview ON albumview.idAlbum = recentalbums.idAlbum JOIN albumartistview ON albumview.idAlbum = albumartistview.idAlbum ORDER BY dateAdded DESC, albumview.idAlbum desc, albumartistview.iOrder
2023-07-02 20:52:33.035 T:5117 debug : GetAlbumsByWhere query: SELECT albumview.* FROM albumview WHERE albumview.strReleaseType = 'album' ORDER BY RANDOM() LIMIT 15
2023-07-02 20:52:33.063 T:5117 debug : GetAlbumsByWhere: Time to fill list with albums 30ms query took 7ms
2023-07-02 20:52:33.104 T:5065 debug : GetArtistsByWhere query: SELECT artistview.* FROM artistview WHERE (EXISTS (SELECT 1 FROM song_artist WHERE song_artist.idArtist = artistview.idArtist AND song_artist.idRole = 1) OR EXISTS (SELECT 1 FROM album_artist WHERE album_artist.idArtist = artistview.idArtist)) AND (artistview.strArtist != '') ORDER BY RANDOM() LIMIT 15
2023-07-02 20:52:33.131 T:5081 debug : GetAlbumsByWhere query: SELECT albumview.* FROM albumview WHERE (((CAST(albumview.iTimesPlayed as DECIMAL(6,1)) = 0))) AND (albumview.strReleaseType = 'album') ORDER BY RANDOM() LIMIT 15
2023-07-02 20:52:33.158 T:5081 debug : GetAlbumsByWhere: Time to fill list with albums 29ms query took 8ms
2023-07-02 20:52:33.164 T:5065 debug : GetArtistsByWhere: Time to fill list with artists 63 ms query took 20 ms
2023-07-02 20:52:33.237 T:5065 debug : GetAlbumsByWhere query: SELECT albumview.*, CASE WHEN albumview.strAlbum LIKE 'Das %' OR albumview.strAlbum LIKE 'Das.%' OR albumview.strAlbum LIKE 'Das_%' ESCAPE '_' OR albumview.strAlbum LIKE 'Der %' OR albumview.strAlbum LIKE 'Der.%' OR albumview.strAlbum LIKE 'Der_%' ESCAPE '_' OR albumview.strAlbum LIKE 'Die %' OR albumview.strAlbum LIKE 'Die.%' OR albumview.strAlbum LIKE 'Die_%' ESCAPE '_' OR albumview.strAlbum LIKE 'The %' OR albumview.strAlbum LIKE 'The.%' OR albumview.strAlbum LIKE 'The_%' ESCAPE '_' THEN SUBSTR(albumview.strAlbum, 5) ELSE albumview.strAlbum END AS titlesortname FROM albumview WHERE (((CAST(albumview.iTimesPlayed as DECIMAL(6,1)) > 0))) AND (albumview.strReleaseType = 'album') ORDER BY albumview.iTimesPlayed DESC, titlesortname COLLATE ALPHANUM DESC, albumview.idAlbum DESC LIMIT 15
2023-07-02 20:52:33.243 T:5065 debug : GetAlbumsByWhere: Time to fill list with albums 9ms query took 3ms
2023-07-02 20:52:33.246 T:5081 debug : CAddonDatabase: SELECT repo.id FROM repo .. took 1 ms
2023-07-02 20:52:33.311 T:5081 debug : CAddonDatabase: query SELECT addons.*, repo.addonID AS repoID FROM addons JOIN addonlinkrepo ON addons.id=addonlinkrepo.idAddon JOIN repo ON repo.id=addonlinkrepo.idRepo WHERE addonlinkrepo.idRepo IN (16,24,25,28,29,30,34,35,37,38,39) ORDER BY repo.addonID, addons.addonID returned 1285 rows in 64 ms
2023-07-02 20:52:33.441 T:5081 error : Repository add-on repository.jenrepo does not have any directory matching 20.90.101 and won't be able to update/serve addons! Please fix the addon.xml definition
2023-07-02 20:52:33.441 T:5081 error : Repository add-on repository.jsergio does not have any directory matching 20.90.101 and won't be able to update/serve addons! Please fix the addon.xml definition
2023-07-02 20:52:33.442 T:5081 error : Repository add-on repository.streamdigitalrepo does not have any directory matching 20.90.101 and won't be able to update/serve addons! Please fix the addon.xml definition
2023-07-02 20:52:33.443 T:5081 error : Repository add-on repository.tva.common does not have any directory matching 20.90.101 and won't be able to update/serve addons! Please fix the addon.xml definition
2023-07-02 20:52:33.444 T:5081 error : Repository add-on repository.universalscrapers does not have any directory matching 20.90.101 and won't be able to update/serve addons! Please fix the addon.xml definition
2023-07-02 20:52:33.771 T:5136 debug : request received for /jsonrpc
2023-07-02 20:52:33.879 T:5081 debug : CAddonDatabase::GetAddons took 632 ms
2023-07-02 20:52:33.900 T:5081 error : Repository add-on repository.streamdigitalrepo uses old schema definition for the repository extension point! This is no longer supported, please update your addon to use definitions.
2023-07-02 20:52:33.901 T:5081 warning : Repository add-on repository.streamdigitalrepo uses plain HTTP for add-on downloads in path http://repo.rubyjewelwizard.com/repo/diamond/dependency/zips/ - this is insecure and will make your Kodi installation vulnerable to attacks if enabled!
2023-07-02 20:52:33.902 T:5081 debug : CAddonMgr::GetAvailableUpdatesOrOutdatedAddons took 664 ms
2023-07-02 20:52:33.928 T:5081 error : Repository add-on repository.streamdigitalrepo uses old schema definition for the repository extension point! This is no longer supported, please update your addon to use definitions.
2023-07-02 20:52:33.928 T:5081 warning : Repository add-on repository.streamdigitalrepo uses plain HTTP for add-on downloads in path http://repo.rubyjewelwizard.com/repo/diamond/dependency/zips/ - this is insecure and will make your Kodi installation vulnerable to attacks if enabled!
2023-07-02 20:52:33.938 T:5081 debug : CAndroidAppDirectory::GetDirectory: apps
2023-07-02 20:52:33.962 T:5136 debug : request received for /jsonrpc
2023-07-02 20:52:34.003 T:5117 debug : CMultiPathDirectory::GetDirectory(multipath://special%3a%2f%2fprofile%2fplaylists%2fvideo/special%3a%2f%2fprofile%2fplaylists%2fmixed/)
2023-07-02 20:52:34.004 T:5117 debug : Getting Directory (special://profile/playlists/video)
2023-07-02 20:52:34.006 T:5117 debug : Getting Directory (special://profile/playlists/mixed)
2023-07-02 20:52:34.028 T:5117 debug : CMultiPathDirectory::MergeItems, items = 0
2023-07-02 20:52:34.062 T:5065 debug : NFS: Context for 192.168.1.6/volume1/Kino not open - get a new context.
2023-07-02 20:52:34.063 T:5065 debug : NFS: version: 3
2023-07-02 20:52:34.089 T:5065 debug : NFS: Connected to server 192.168.1.6 and export /volume1/Kino
2023-07-02 20:52:34.089 T:5065 debug : NFS: chunks: r/w 131072/131072
2023-07-02 20:52:34.092 T:5065 debug : NFS: Context for 192.168.1.6/volume1/Serien not open - get a new context.
2023-07-02 20:52:34.092 T:5065 debug : NFS: version: 3
2023-07-02 20:52:34.105 T:5065 debug : NFS: Connected to server 192.168.1.6 and export /volume1/Serien
2023-07-02 20:52:34.105 T:5065 debug : NFS: chunks: r/w 131072/131072
2023-07-02 20:52:34.107 T:5065 debug : NFS: Context for 192.168.1.6/volume1/Doku not open - get a new context.
2023-07-02 20:52:34.107 T:5065 debug : NFS: version: 3
2023-07-02 20:52:34.120 T:5065 debug : NFS: Connected to server 192.168.1.6 and export /volume1/Doku
2023-07-02 20:52:34.120 T:5065 debug : NFS: chunks: r/w 131072/131072
2023-07-02 20:52:34.122 T:5065 debug : NFS: Context for 192.168.1.6/volume1/Eishockey not open - get a new context.
2023-07-02 20:52:34.122 T:5065 debug : NFS: version: 3
2023-07-02 20:52:34.151 T:5065 debug : NFS: Connected to server 192.168.1.6 and export /volume1/Eishockey
2023-07-02 20:52:34.151 T:5065 debug : NFS: chunks: r/w 131072/131072
2023-07-02 20:52:34.153 T:5065 debug : NFS: Context for 192.168.1.6/volume1/Film Test not open - get a new context.
2023-07-02 20:52:34.153 T:5065 debug : NFS: version: 3
2023-07-02 20:52:34.191 T:5065 debug : NFS: Connected to server 192.168.1.6 and export /volume1/Film Test
2023-07-02 20:52:34.192 T:5065 debug : NFS: chunks: r/w 131072/131072
2023-07-02 20:52:34.192 T:5117 debug : NFS: Context for 192.168.1.6/volume1/Blider not open - get a new context.
2023-07-02 20:52:34.193 T:5117 debug : NFS: version: 3
2023-07-02 20:52:34.245 T:5117 debug : NFS: Connected to server 192.168.1.6 and export /volume1/Blider
2023-07-02 20:52:34.246 T:5117 debug : NFS: chunks: r/w 131072/131072
2023-07-02 20:52:34.247 T:5065 debug : NFS: Context for 192.168.1.6/volume1/Musik not open - get a new context.
2023-07-02 20:52:34.247 T:5065 debug : NFS: version: 3
2023-07-02 20:52:34.262 T:5117 debug : CRecentlyAddedJob::UpdateMusic() - Running RecentlyAdded home screen update
2023-07-02 20:52:34.286 T:5117 debug : GetRecentlyAddedAlbumSongs() query: SELECT songview.*, songartistview.* FROM (SELECT idAlbum, dateAdded FROM album ORDER BY dateAdded DESC LIMIT 10) AS recentalbums JOIN songview ON songview.idAlbum = recentalbums.idAlbum JOIN songartistview ON songview.idSong = songartistview.idSong ORDER BY recentalbums.dateAdded DESC, songview.idAlbum DESC, songview.idSong, songartistview.idRole, songartistview.iOrder
2023-07-02 20:52:34.333 T:5065 debug : NFS: Connected to server 192.168.1.6 and export /volume1/Musik
2023-07-02 20:52:34.333 T:5065 debug : NFS: chunks: r/w 131072/131072
2023-07-02 20:52:34.414 T:5117 debug : GetRecentlyAddedAlbums query: SELECT albumview.*, albumartistview.* FROM (SELECT idAlbum FROM album WHERE strAlbum != '' ORDER BY dateAdded DESC LIMIT 10) AS recentalbums JOIN albumview ON albumview.idAlbum = recentalbums.idAlbum JOIN albumartistview ON albumview.idAlbum = albumartistview.idAlbum ORDER BY dateAdded DESC, albumview.idAlbum desc, albumartistview.iOrder
2023-07-02 20:52:34.437 T:5117 debug : CRecentlyAddedJob::UpdateVideos() - Running RecentlyAdded home screen update
2023-07-02 20:52:34.520 T:5136 debug : request received for /jsonrpc
2023-07-02 20:52:34.634 T:5065 info : Skipped 1 duplicate messages..
2023-07-02 20:52:34.634 T:5065 info : VideoInfoScanner: Starting scan ..
2023-07-02 20:52:34.635 T:5065 debug : NFS: Refreshing context for 192.168.1.6/volume1/Kino, old: 816972123305, new: 817544542055
2023-07-02 20:52:34.645 T:5065 debug : NFS: Using cached context.
2023-07-02 20:52:34.657 T:5065 debug : trying to load setting definitions from old format...
2023-07-02 20:52:34.786 T:5081 debug : ZeroconfAndroid: identifier: servers.jsonrpc-tpc type: _xbmc-jsonrpc._tcp name:Kodi (192.168.1.5) port:9090
2023-07-02 20:52:34.799 T:5081 debug : ZeroconfAndroid: identifier: servers.webserver type: _http._tcp name:Kodi (192.168.1.5) port:8080
2023-07-02 20:52:34.802 T:5081 debug : ZeroconfAndroid: identifier: servers.jsonrpc-http type: _xbmc-jsonrpc-h._tcp name:Kodi (192.168.1.5) port:8080
2023-07-02 20:52:34.804 T:5081 debug : ZeroconfAndroid: identifier: servers.eventserver type: _xbmc-events._udp name:Kodi (192.168.1.5) port:9777
2023-07-02 20:52:34.897 T:5117 debug : CRecentlyAddedJob::UpdateTotal() - Running RecentlyAdded home screen update
2023-07-02 20:52:35.163 T:5091 debug : trying to load setting definitions from old format...
2023-07-02 20:52:35.164 T:5091 debug : requested setting (Build) was not found.
2023-07-02 20:52:35.179 T:5091 debug : trying to load setting definitions from old format...
2023-07-02 20:52:35.180 T:5117 debug : NFS: Refreshing context for 192.168.1.6/volume1/Blider, old: 817102210596, new: 818089300013
2023-07-02 20:52:35.180 T:5117 debug : NFS: Using cached context.
2023-07-02 20:52:35.189 T:5065 debug : NFS: Refreshing context for 192.168.1.6/volume1/Kino, old: 817544542055, new: 818098812055
2023-07-02 20:52:35.190 T:5065 debug : NFS: Using cached context.
2023-07-02 20:52:35.190 T:5091 debug : requested setting (Build) was not found.
2023-07-02 20:52:35.213 T:5117 debug : NFS: Refreshing context for 192.168.1.6/volume1/Blider, old: 818089300013, new: 818122316472
2023-07-02 20:52:35.213 T:5117 debug : NFS: Using cached context.
2023-07-02 20:52:35.215 T:5098 debug : trying to load setting definitions from old format...
2023-07-02 20:52:35.217 T:5098 debug : requested setting (mode) was not found.
2023-07-02 20:52:35.217 T:5098 debug : requested setting (userIdleTime) was not found.
2023-07-02 20:52:35.218 T:5065 debug : NFS: Refreshing context for 192.168.1.6/volume1/Kino, old: 818098812055, new: 818127029180
2023-07-02 20:52:35.218 T:5065 debug : NFS: Using cached context.
2023-07-02 20:52:35.221 T:5098 debug : trying to load setting definitions from old format...
2023-07-02 20:52:35.224 T:5117 debug : NFS: Refreshing context for 192.168.1.6/volume1/Blider, old: 818122316472, new: 818133188555
2023-07-02 20:52:35.224 T:5117 debug : NFS: Using cached context.
2023-07-02 20:52:35.225 T:5098 debug : requested setting (mode) was not found.
2023-07-02 20:52:35.226 T:5098 debug : requested setting (userIdleTime) was not found.
2023-07-02 20:52:35.233 T:5065 debug : NFS: Refreshing context for 192.168.1.6/volume1/Kino, old: 818127029180, new: 818142389805
2023-07-02 20:52:35.233 T:5065 debug : NFS: Using cached context.
2023-07-02 20:52:35.234 T:5098 debug : [service.sleepy.watchdog] settings (re)loaded...
2023-07-02 20:52:35.235 T:5098 debug : [service.sleepy.watchdog] current mode: SERVICE
2023-07-02 20:52:35.235 T:5098 debug : [service.sleepy.watchdog] silent mode: False
2023-07-02 20:52:35.235 T:5098 debug : [service.sleepy.watchdog] message type: 0
2023-07-02 20:52:35.235 T:5098 debug : [service.sleepy.watchdog] Duration of notification: 60
2023-07-02 20:52:35.235 T:5098 debug : [service.sleepy.watchdog] send CEC: False
2023-07-02 20:52:35.235 T:5098 debug : [service.sleepy.watchdog] Time frame: 0
2023-07-02 20:52:35.235 T:5098 debug : [service.sleepy.watchdog] Activity start: 75600
2023-07-02 20:52:35.235 T:5098 debug : [service.sleepy.watchdog] Activity stop: 21600
2023-07-02 20:52:35.235 T:5098 debug : [service.sleepy.watchdog] Reset idle time on frame start: False
2023-07-02 20:52:35.235 T:5098 debug : [service.sleepy.watchdog] max. idle time: 7200
2023-07-02 20:52:35.235 T:5098 debug : [service.sleepy.watchdog] Menu idle time: 900
2023-07-02 20:52:35.235 T:5098 debug : [service.sleepy.watchdog] Idle time set by user: 3600
2023-07-02 20:52:35.235 T:5098 debug : [service.sleepy.watchdog] Check PVR recording activities: False
2023-07-02 20:52:35.235 T:5098 debug : [service.sleepy.watchdog] Action: 32130
2023-07-02 20:52:35.236 T:5098 debug : [service.sleepy.watchdog] Jump to main menu: False
2023-07-02 20:52:35.236 T:5098 debug : [service.sleepy.watchdog] Keep alive: True
2023-07-02 20:52:35.236 T:5098 debug : [service.sleepy.watchdog] Run addon:
2023-07-02 20:52:35.236 T:5098 debug : [service.sleepy.watchdog] Script type: 0
2023-07-02 20:52:35.236 T:5098 debug : [service.sleepy.watchdog] Load profile:
2023-07-02 20:52:35.236 T:5098 debug : [service.sleepy.watchdog] Test configuration: False
2023-07-02 20:52:35.237 T:5098 debug : [service.sleepy.watchdog] Sleepy Watchdog kicks in (mode: SERVICE)
2023-07-02 20:52:35.238 T:5098 debug : [service.sleepy.watchdog] Idle Time has changed: 900
2023-07-02 20:52:35.238 T:5098 debug : [service.sleepy.watchdog] Watchdog status changed: active
2023-07-02 20:52:35.244 T:5117 debug : NFS: Refreshing context for 192.168.1.6/volume1/Blider, old: 818133188555, new: 818153711305
2023-07-02 20:52:35.245 T:5117 debug : NFS: Using cached context.
2023-07-02 20:52:35.249 T:5065 debug : NFS: Refreshing context for 192.168.1.6/volume1/Kino, old: 818142389805, new: 818158394388
2023-07-02 20:52:35.249 T:5065 debug : NFS: Using cached context.
2023-07-02 20:52:35.268 T:5013 debug : CAndroidKey: key down (dev:-1; src:33554433; code: 20; repeat: 0; flags: 0x8; alt: no; shift: no; sym: no)
2023-07-02 20:52:35.275 T:5117 debug : NFS: Refreshing context for 192.168.1.6/volume1/Blider, old: 818153711305, new: 818184595430
2023-07-02 20:52:35.275 T:5117 debug : NFS: Using cached context.
2023-07-02 20:52:35.276 T:5014 debug : Keyboard: scancode: 0x14, sym: 0x112, unicode: 0x00, modifier: 0x0
2023-07-02 20:52:35.277 T:5014 debug : HandleKey: down (0xf081) pressed, window 10000, action is Down
2023-07-02 20:52:35.294 T:5065 debug : NFS: Refreshing context for 192.168.1.6/volume1/Kino, old: 818158394388, new: 818203108013
2023-07-02 20:52:35.294 T:5065 debug : NFS: Using cached context.
2023-07-02 20:52:35.310 T:5117 debug : ffmpeg[0xb8ce91a0]: [image2] Custom AVIOContext makes no sense and will be ignored with AVFMT_NOFILE format.
2023-07-02 20:52:35.316 T:5058 debug : ffmpeg[0xc2188dd0]: [image2] Custom AVIOContext makes no sense and will be ignored with AVFMT_NOFILE format.
2023-07-02 20:52:35.320 T:5081 debug : ffmpeg[0xc218bd10]: [image2] Custom AVIOContext makes no sense and will be ignored with AVFMT_NOFILE format.
2023-07-02 20:52:35.331 T:5058 debug : ffmpeg[0xc2188dd0]: [swscaler] No accelerated colorspace conversion found from yuv420p to bgra.
2023-07-02 20:52:35.335 T:5013 debug : CAndroidKey: key up (dev:-1; src:33554433; code: 20; repeat: 0; flags: 0x8; alt: no; shift: no; sym: no)
2023-07-02 20:52:35.341 T:5081 debug : ffmpeg[0xc218bd10]: [swscaler] No accelerated colorspace conversion found from yuv420p to bgra.
2023-07-02 20:52:35.353 T:5117 debug : ffmpeg[0xb8ce91a0]: [swscaler] No accelerated colorspace conversion found from yuv420p to bgra.
2023-07-02 20:52:35.360 T:5117 debug : ffmpeg[0xb8ce91a0]: [image2] Custom AVIOContext makes no sense and will be ignored with AVFMT_NOFILE format.
2023-07-02 20:52:35.364 T:5014 debug : Keyboard: scancode: 0x14, sym: 0x112, unicode: 0x00, modifier: 0x0
2023-07-02 20:52:35.371 T:5058 debug : ffmpeg[0xc2188dd0]: [image2] Custom AVIOContext makes no sense and will be ignored with AVFMT_NOFILE format.
2023-07-02 20:52:35.397 T:5058 debug : ffmpeg[0xc2188dd0]: [swscaler] No accelerated colorspace conversion found from yuv420p to bgra.
2023-07-02 20:52:35.406 T:5081 debug : ffmpeg[0xc218bd10]: [image2] Custom AVIOContext makes no sense and will be ignored with AVFMT_NOFILE format.
2023-07-02 20:52:35.427 T:5081 debug : ffmpeg[0xc218bd10]: [swscaler] No accelerated colorspace conversion found from yuv420p to bgra.
2023-07-02 20:52:35.431 T:5117 debug : ffmpeg[0xb8ce91a0]: [swscaler] No accelerated colorspace conversion found from yuv420p to bgra.
2023-07-02 20:52:35.436 T:5058 debug : ffmpeg[0xc2188dd0]: [image2] Custom AVIOContext makes no sense and will be ignored with AVFMT_NOFILE format.
2023-07-02 20:52:35.449 T:5081 debug : ffmpeg[0xc218bd10]: [image2] Custom AVIOContext makes no sense and will be ignored with AVFMT_NOFILE format.
2023-07-02 20:52:35.454 T:5081 debug : ffmpeg[0xc218bd10]: [swscaler] No accelerated colorspace conversion found from yuv420p to bgra.
2023-07-02 20:52:35.462 T:5117 debug : DoWork - took 103 ms to load special://masterprofile/Thumbnails/d/d48fc787.jpg
2023-07-02 20:52:35.464 T:5117 debug : ffmpeg[0xb8ce91a0]: [image2] Custom AVIOContext makes no sense and will be ignored with AVFMT_NOFILE format.
2023-07-02 20:52:35.466 T:5058 debug : ffmpeg[0xc2188dd0]: [swscaler] No accelerated colorspace conversion found from yuv420p to bgra.
2023-07-02 20:52:35.479 T:5117 debug : ffmpeg[0xb8ce91a0]: [swscaler] No accelerated colorspace conversion found from yuv420p to bgra.
2023-07-02 20:52:35.480 T:5081 debug : ffmpeg[0xc218bd10]: [image2] Custom AVIOContext makes no sense and will be ignored with AVFMT_NOFILE format.
2023-07-02 20:52:35.483 T:5058 debug : ffmpeg[0xc2188dd0]: [image2] Custom AVIOContext makes no sense and will be ignored with AVFMT_NOFILE format.
2023-07-02 20:52:35.486 T:5100 info : ZeroconfAndroid: Kodi (192.168.1.5). now registered and active
2023-07-02 20:52:35.488 T:5058 info : Skipped 1 duplicate messages..
2023-07-02 20:52:35.488 T:5058 debug : ffmpeg[0xc2188dd0]: [swscaler] No accelerated colorspace conversion found from yuv420p to bgra.
2023-07-02 20:52:35.490 T:5081 debug : ffmpeg[0xc218bd10]: [swscaler] No accelerated colorspace conversion found from yuv420p to bgra.
2023-07-02 20:52:35.498 T:5100 info : ZeroconfAndroid: Kodi (192.168.1.5). now registered and active
2023-07-02 20:52:35.499 T:5117 info : Skipped 1 duplicate messages..
2023-07-02 20:52:35.499 T:5117 debug : ffmpeg[0xb8ce91a0]: [image2] Custom AVIOContext makes no sense and will be ignored with AVFMT_NOFILE format.
2023-07-02 20:52:35.504 T:5058 debug : ffmpeg[0xc2188dd0]: [image2] Custom AVIOContext makes no sense and will be ignored with AVFMT_NOFILE format.
2023-07-02 20:52:35.511 T:5081 debug : ffmpeg[0xc218bd10]: [image2] Custom AVIOContext makes no sense and will be ignored with AVFMT_NOFILE format.
2023-07-02 20:52:35.513 T:5136 debug : request received for /jsonrpc
2023-07-02 20:52:35.528 T:5117 debug : ffmpeg[0xb8ce91a0]: [swscaler] No accelerated colorspace conversion found from yuv420p to bgra.
2023-07-02 20:52:35.529 T:5136 debug : request received for /jsonrpc
2023-07-02 20:52:35.545 T:5058 debug : ffmpeg[0xc2188dd0]: [swscaler] No accelerated colorspace conversion found from yuv420p to bgra.
2023-07-02 20:52:35.550 T:5081 debug : ffmpeg[0xc218bd10]: [swscaler] No accelerated colorspace conversion found from yuv420p to bgra.
2023-07-02 20:52:35.560 T:5117 debug : ffmpeg[0xb8ce91a0]: [image2] Custom AVIOContext makes no sense and will be ignored with AVFMT_NOFILE format.
2023-07-02 20:52:35.579 T:5117 debug : ffmpeg[0xb8ce91a0]: [swscaler] No accelerated colorspace conversion found from yuv420p to bgra.
2023-07-02 20:52:35.664 T:5117 debug : NFS: Refreshing context for 192.168.1.6/volume1/Blider, old: 818184595430, new: 818573847764
2023-07-02 20:52:35.665 T:5117 debug : NFS: Using cached context.
2023-07-02 20:52:35.668 T:5065 debug : NFS: Refreshing context for 192.168.1.6/volume1/Kino, old: 818203108013, new: 818577359597
2023-07-02 20:52:35.668 T:5065 debug : NFS: Using cached context.
2023-07-02 20:52:35.677 T:5117 debug : NFS: Refreshing context for 192.168.1.6/volume1/Blider, old: 818573847764, new: 818586149555
2023-07-02 20:52:35.677 T:5117 debug : NFS: Using cached context.
2023-07-02 20:52:35.700 T:5065 debug : NFS: Refreshing context for 192.168.1.6/volume1/Kino, old: 818577359597, new: 818609503930
2023-07-02 20:52:35.701 T:5065 debug : NFS: Using cached context.
2023-07-02 20:52:35.722 T:5117 debug : NFS: Refreshing context for 192.168.1.6/volume1/Blider, old: 818586149555, new: 818631070430
2023-07-02 20:52:35.723 T:5117 debug : NFS: Using cached context.
2023-07-02 20:52:35.730 T:5013 debug : CAndroidKey: key down (dev:-1; src:33554433; code: 20; repeat: 0; flags: 0x8; alt: no; shift: no; sym: no)
2023-07-02 20:52:35.742 T:5065 debug : NFS: Refreshing context for 192.168.1.6/volume1/Kino, old: 818609503930, new: 818651424139
2023-07-02 20:52:35.742 T:5065 debug : NFS: Using cached context.
2023-07-02 20:52:35.770 T:5014 debug : Keyboard: scancode: 0x14, sym: 0x112, unicode: 0x00, modifier: 0x0
2023-07-02 20:52:35.770 T:5014 debug : HandleKey: down (0xf081) pressed, window 10000, action is Down
2023-07-02 20:52:35.787 T:5058 debug : ffmpeg[0xc2188dd0]: [image2] Custom AVIOContext makes no sense and will be ignored with AVFMT_NOFILE format.
2023-07-02 20:52:35.788 T:5081 debug : ffmpeg[0xc218bd10]: [image2] Custom AVIOContext makes no sense and will be ignored with AVFMT_NOFILE format.
2023-07-02 20:52:35.788 T:5117 debug : NFS: Refreshing context for 192.168.1.6/volume1/Blider, old: 818631070430, new: 818697655847
2023-07-02 20:52:35.788 T:5117 debug : NFS: Using cached context.
2023-07-02 20:52:35.790 T:5058 debug : ffmpeg[0xc2188dd0]: [swscaler] No accelerated colorspace conversion found from yuv420p to bgra.
2023-07-02 20:52:35.795 T:5058 debug : ffmpeg[0xc2188dd0]: [image2] Custom AVIOContext makes no sense and will be ignored with AVFMT_NOFILE format.
2023-07-02 20:52:35.797 T:5081 debug : ffmpeg[0xc218bd10]: [swscaler] No accelerated colorspace conversion found from yuv420p to bgra.
2023-07-02 20:52:35.803 T:5013 debug : CAndroidKey: key up (dev:-1; src:33554433; code: 20; repeat: 0; flags: 0x8; alt: no; shift: no; sym: no)
2023-07-02 20:52:35.803 T:5058 debug : ffmpeg[0xc2188dd0]: [swscaler] No accelerated colorspace conversion found from yuv420p to bgra.
2023-07-02 20:52:35.806 T:5065 debug : NFS: Refreshing context for 192.168.1.6/volume1/Kino, old: 818651424139, new: 818715441055
2023-07-02 20:52:35.806 T:5065 debug : NFS: Using cached context.
2023-07-02 20:52:35.817 T:5058 debug : ffmpeg[0xc2188dd0]: [image2] Custom AVIOContext makes no sense and will be ignored with AVFMT_NOFILE format.
2023-07-02 20:52:35.835 T:5058 debug : ffmpeg[0xc2188dd0]: [swscaler] No accelerated colorspace conversion found from yuv420p to bgra.
2023-07-02 20:52:35.854 T:5117 debug : ffmpeg[0xb8ce91a0]: [image2] Custom AVIOContext makes no sense and will be ignored with AVFMT_NOFILE format.
2023-07-02 20:52:35.856 T:5081 debug : ffmpeg[0xc218bd10]: [image2] Custom AVIOContext makes no sense and will be ignored with AVFMT_NOFILE format.
2023-07-02 20:52:35.862 T:5058 debug : ffmpeg[0xc2188dd0]: [image2] Custom AVIOContext makes no sense and will be ignored with AVFMT_NOFILE format.
2023-07-02 20:52:35.880 T:5081 debug : ffmpeg[0xc218bd10]: [swscaler] No accelerated colorspace conversion found from yuv420p to bgra.
2023-07-02 20:52:35.885 T:5117 debug : ffmpeg[0xb8ce91a0]: [swscaler] No accelerated colorspace conversion found from yuv420p to bgra.
2023-07-02 20:52:35.895 T:5081 debug : ffmpeg[0xc218bd10]: [image2] Custom AVIOContext makes no sense and will be ignored with AVFMT_NOFILE format.
2023-07-02 20:52:35.898 T:5081 debug : ffmpeg[0xc218bd10]: [swscaler] No accelerated colorspace conversion found from yuv420p to bgra.
2023-07-02 20:52:35.902 T:5081 debug : ffmpeg[0xc218bd10]: [image2] Custom AVIOContext makes no sense and will be ignored with AVFMT_NOFILE format.
2023-07-02 20:52:35.905 T:5081 debug : ffmpeg[0xc218bd10]: [swscaler] No accelerated colorspace conversion found from yuv420p to bgra.
2023-07-02 20:52:35.907 T:5058 debug : ffmpeg[0xc2188dd0]: [swscaler] No accelerated colorspace conversion found from yuv420p to bgra.
2023-07-02 20:52:35.912 T:5014 debug : Keyboard: scancode: 0x14, sym: 0x112, unicode: 0x00, modifier: 0x0
2023-07-02 20:52:35.918 T:5058 debug : NFS: Refreshing context for 192.168.1.6/volume1/Blider, old: 818697655847, new: 818827529180
2023-07-02 20:52:35.918 T:5058 debug : NFS: Using cached context.
2023-07-02 20:52:35.938 T:5065 debug : NFS: Refreshing context for 192.168.1.6/volume1/Kino, old: 818715441055, new: 818847897889
2023-07-02 20:52:35.939 T:5065 debug : NFS: Using cached context.
2023-07-02 20:52:35.947 T:5058 debug : NFS: Refreshing context for 192.168.1.6/volume1/Blider, old: 818827529180, new: 818856522264
2023-07-02 20:52:35.947 T:5058 debug : NFS: Using cached context.
2023-07-02 20:52:35.950 T:5065 debug : NFS: Refreshing context for 192.168.1.6/volume1/Kino, old: 818847897889, new: 818859103597
2023-07-02 20:52:35.950 T:5065 debug : NFS: Using cached context.
2023-07-02 20:52:36.082 T:5136 debug : request received for /jsonrpc
2023-07-02 20:52:36.164 T:5089 info : Skipped 1 duplicate messages..
2023-07-02 20:52:36.164 T:5089 debug : [script.advanced.wol 3.0.9+matrix]: Starting WOL script
2023-07-02 20:52:36.165 T:5089 debug : trying to load setting definitions from old format...
2023-07-02 20:52:36.169 T:5089 debug : [script.advanced.wol 3.0.9+matrix]: WakeOnLan signal sent to MAC-Address 00:11:32:E2:68:F4
2023-07-02 20:52:36.174 T:5013 debug : CAndroidKey: key down (dev:-1; src:33554433; code: 20; repeat: 0; flags: 0x8; alt: no; shift: no; sym: no)
2023-07-02 20:52:36.175 T:5014 info : WakeOnLan - Magic packet send to '00:11:32:E2:68:F4'
2023-07-02 20:52:36.175 T:5014 debug : ------ Window Init (DialogNotification.xml) ------
2023-07-02 20:52:36.198 T:5091 debug : trying to load setting definitions from old format...
2023-07-02 20:52:36.200 T:5091 debug : requested setting (Build) was not found.
2023-07-02 20:52:36.201 T:5014 debug : Keyboard: scancode: 0x14, sym: 0x112, unicode: 0x00, modifier: 0x0
2023-07-02 20:52:36.201 T:5014 debug : HandleKey: down (0xf081) pressed, window 10000, action is Down
2023-07-02 20:52:36.248 T:5013 debug : CAndroidKey: key up (dev:-1; src:33554433; code: 20; repeat: 0; flags: 0x8; alt: no; shift: no; sym: no)
2023-07-02 20:52:36.292 T:5014 debug : Keyboard: scancode: 0x14, sym: 0x112, unicode: 0x00, modifier: 0x0
2023-07-02 20:52:36.598 T:5086 debug : Skin Helper Simplecache --> Initialized
2023-07-02 20:52:36.870 T:5013 debug : CAndroidKey: key down (dev:-1; src:33554433; code: 20; repeat: 0; flags: 0x8; alt: no; shift: no; sym: no)
2023-07-02 20:52:36.896 T:5014 debug : Keyboard: scancode: 0x14, sym: 0x112, unicode: 0x00, modifier: 0x0
2023-07-02 20:52:36.896 T:5014 debug : HandleKey: down (0xf081) pressed, window 10000, action is Down
2023-07-02 20:52:36.940 T:5013 debug : CAndroidKey: key up (dev:-1; src:33554433; code: 20; repeat: 0; flags: 0x8; alt: no; shift: no; sym: no)
2023-07-02 20:52:36.956 T:5014 debug : Keyboard: scancode: 0x14, sym: 0x112, unicode: 0x00, modifier: 0x0
2023-07-02 20:52:37.054 T:5136 debug : request received for /jsonrpc
2023-07-02 20:52:37.207 T:5091 info : Skipped 1 duplicate messages..
2023-07-02 20:52:37.207 T:5091 debug : trying to load setting definitions from old format...
2023-07-02 20:52:37.209 T:5117 debug : easy_acquire - Created session to http://www.msftconnecttest.com
2023-07-02 20:52:37.209 T:5091 debug : requested setting (Build) was not found.
2023-07-02 20:52:37.217 T:5091 debug : CPythonInvoker(7, /storage/emulated/0/Android/data/org.xbmc.kodi.quietvoid/files/.kodi/addons/script.kodinerds.android.update/service.py): script successfully run
2023-07-02 20:52:37.217 T:5091 debug : onExecutionDone(7, /storage/emulated/0/Android/data/org.xbmc.kodi.quietvoid/files/.kodi/addons/script.kodinerds.android.update/service.py)
2023-07-02 20:52:37.289 T:5091 debug : Python interpreter stopped
2023-07-02 20:52:37.290 T:5091 debug : Thread LanguageInvoker -1292418624 terminating
2023-07-02 20:52:37.647 T:5136 debug : request received for /jsonrpc
2023-07-02 20:52:37.686 T:5013 info : Skipped 1 duplicate messages..
2023-07-02 20:52:37.686 T:5013 debug : CAndroidKey: key down (dev:-1; src:33554433; code: 20; repeat: 0; flags: 0x8; alt: no; shift: no; sym: no)
2023-07-02 20:52:37.712 T:5014 debug : Keyboard: scancode: 0x14, sym: 0x112, unicode: 0x00, modifier: 0x0
2023-07-02 20:52:37.713 T:5014 debug : HandleKey: down (0xf081) pressed, window 10000, action is Down
2023-07-02 20:52:37.718 T:5099 debug : requested setting (lastnotified_stable) was not found.
2023-07-02 20:52:37.718 T:5099 debug : Version Check: Version 0.5.28+matrix.1 started
2023-07-02 20:52:37.754 T:5013 debug : CAndroidKey: key up (dev:-1; src:33554433; code: 20; repeat: 0; flags: 0x8; alt: no; shift: no; sym: no)
2023-07-02 20:52:37.765 T:5014 debug : Keyboard: scancode: 0x14, sym: 0x112, unicode: 0x00, modifier: 0x0
2023-07-02 20:52:37.839 T:5090 debug : script.cu.lrclyrics: script version 6.5.2 started
2023-07-02 20:52:37.843 T:5090 debug : requested setting (save_lyrics1) was not found.
2023-07-02 20:52:37.844 T:5090 debug : requested setting (save_lyrics2) was not found.
2023-07-02 20:52:37.844 T:5090 debug : requested setting (search_file) was not found.
2023-07-02 20:52:37.844 T:5090 debug : requested setting (syair) was not found.
2023-07-02 20:52:38.620 T:5136 debug : request received for /jsonrpc
2023-07-02 20:52:39.071 T:5177 info : Skipped 1 duplicate messages..
2023-07-02 20:52:39.071 T:5177 debug : GetAlbumsByWhereJSON query: SELECT albumview.idAlbum, strAlbum, strArtists FROM albumview WHERE albumview.strReleaseType = 'album' ORDER BY RANDOM() DESC LIMIT 3
2023-07-02 20:52:39.072 T:5177 debug : GetAlbumsByWhereJSON - query took 0 ms
2023-07-02 20:52:39.183 T:5014 debug : ------ Window Init (DialogExtendedProgressBar.xml) ------
2023-07-02 20:52:39.189 T:5105 debug : CurlFile::Open -
2023-07-02 20:52:39.190 T:5105 debug : easy_acquire - Created session to http://192.168.1.77
2023-07-02 20:52:39.219 T:5136 debug : request received for /jsonrpc
2023-07-02 20:52:39.271 T:5089 info : Skipped 1 duplicate messages..
2023-07-02 20:52:39.271 T:5089 debug : last ping was successful, 0 secs needed
2023-07-02 20:52:39.272 T:5089 debug : [script.advanced.wol 3.0.9+matrix]: Closing WOL script
2023-07-02 20:52:39.272 T:5089 debug : CPythonInvoker(5, /storage/emulated/0/Android/data/org.xbmc.kodi.quietvoid/files/.kodi/addons/script.advanced.wol/autostart.py): script successfully run
2023-07-02 20:52:39.272 T:5089 debug : onExecutionDone(5, /storage/emulated/0/Android/data/org.xbmc.kodi.quietvoid/files/.kodi/addons/script.advanced.wol/autostart.py)
2023-07-02 20:52:39.344 T:5089 debug : Python interpreter stopped
2023-07-02 20:52:39.344 T:5089 debug : Thread LanguageInvoker -1290313280 terminating
2023-07-02 20:52:39.424 T:5014 debug : ------ Window Deinit (DialogExtendedProgressBar.xml) ------
2023-07-02 20:52:39.916 T:5065 debug : VideoInfoScanner: Rescanning dir 'nfs://192.168.1.6/volume1/Kino/' due to change (f375ecfaf8792c6b1bf88e0d1986c6e8 != 364d367319d20ddccc4659292a8877f2)
2023-07-02 20:52:39.919 T:5065 debug : trying to load setting definitions from old format...
2023-07-02 20:52:40.172 T:5136 info : Skipped 39 duplicate messages..
2023-07-02 20:52:40.172 T:5136 debug : request received for /jsonrpc
2023-07-02 20:52:40.174 T:5065 debug : trying to load setting definitions from old format...
2023-07-02 20:52:40.182 T:5136 info : Skipped 1 duplicate messages..
2023-07-02 20:52:40.182 T:5136 debug : request received for /jsonrpc
2023-07-02 20:52:40.186 T:5065 debug : trying to load setting definitions from old format...
2023-07-02 20:52:40.246 T:5098 info : Skipped 9 duplicate messages..
2023-07-02 20:52:40.246 T:5098 debug : [service.sleepy.watchdog] user activity detected, reset idle time
2023-07-02 20:52:40.250 T:5065 debug : trying to load setting definitions from old format...
2023-07-02 20:52:40.286 T:5013 info : Skipped 5 duplicate messages..
2023-07-02 20:52:40.285 T:5013 debug : CAndroidKey: key down (dev:-1; src:33554433; code: 20; repeat: 0; flags: 0x8; alt: no; shift: no; sym: no)
2023-07-02 20:52:40.294 T:5065 debug : trying to load setting definitions from old format...
2023-07-02 20:52:40.298 T:5014 debug : Keyboard: scancode: 0x14, sym: 0x112, unicode: 0x00, modifier: 0x0
2023-07-02 20:52:40.300 T:5014 debug : HandleKey: down (0xf081) pressed, window 10000, action is Down
2023-07-02 20:52:40.301 T:5065 debug : trying to load setting definitions from old format...
2023-07-02 20:52:40.353 T:5013 info : Skipped 4 duplicate messages..
2023-07-02 20:52:40.352 T:5013 debug : CAndroidKey: key up (dev:-1; src:33554433; code: 20; repeat: 0; flags: 0x8; alt: no; shift: no; sym: no)
2023-07-02 20:52:40.353 T:5065 debug : trying to load setting definitions from old format...
2023-07-02 20:52:40.374 T:5014 info : Skipped 2 duplicate messages..
2023-07-02 20:52:40.374 T:5014 debug : Keyboard: scancode: 0x14, sym: 0x112, unicode: 0x00, modifier: 0x0
2023-07-02 20:52:40.380 T:5065 debug : trying to load setting definitions from old format...
2023-07-02 20:52:40.775 T:5136 info : Skipped 58 duplicate messages..
2023-07-02 20:52:40.775 T:5136 debug : request received for /jsonrpc
2023-07-02 20:52:40.779 T:5065 debug : trying to load setting definitions from old format...
2023-07-02 20:52:40.784 T:5136 debug : request received for /jsonrpc
2023-07-02 20:52:40.785 T:5065 debug : trying to load setting definitions from old format...
2023-07-02 20:52:40.842 T:5085 info : Skipped 10 duplicate messages..
2023-07-02 20:52:40.842 T:5085 debug : requested setting (save_login) was not found.
2023-07-02 20:52:40.842 T:5085 debug : requested setting (uhd_android) was not found.
2023-07-02 20:52:40.843 T:5085 info : [Amazon VOD] Service: Proxy bound to 127.0.0.1:33663
2023-07-02 20:52:40.847 T:5065 debug : trying to load setting definitions from old format...
2023-07-02 20:52:40.851 T:5085 info : [Amazon VOD] Service: Proxy server started
2023-07-02 20:52:40.852 T:5085 info : [Amazon VOD] Service started
2023-07-02 20:52:40.853 T:5065 debug : trying to load setting definitions from old format...
2023-07-02 20:52:41.071 T:5013 info : Skipped 34 duplicate messages..
2023-07-02 20:52:41.071 T:5013 debug : CAndroidKey: key down (dev:-1; src:33554433; code: 20; repeat: 0; flags: 0x8; alt: no; shift: no; sym: no)
2023-07-02 20:52:41.078 T:5065 debug : trying to load setting definitions from old format...
2023-07-02 20:52:41.082 T:5014 debug : Keyboard: scancode: 0x14, sym: 0x112, unicode: 0x00, modifier: 0x0
2023-07-02 20:52:41.083 T:5014 debug : HandleKey: down (0xf081) pressed, window 10000, action is Down
2023-07-02 20:52:41.090 T:5065 debug : trying to load setting definitions from old format...
2023-07-02 20:52:41.092 T:5058 debug : ffmpeg[0xc2188dd0]: [image2] Custom AVIOContext makes no sense and will be ignored with AVFMT_NOFILE format.
2023-07-02 20:52:41.102 T:5058 debug : ffmpeg[0xc2188dd0]: [swscaler] No accelerated colorspace conversion found from yuv420p to bgra.
2023-07-02 20:52:41.108 T:5065 debug : trying to load setting definitions from old format...
2023-07-02 20:52:41.112 T:5117 debug : ffmpeg[0xb8ce91a0]: [image2] Custom AVIOContext makes no sense and will be ignored with AVFMT_NOFILE format.
2023-07-02 20:52:41.115 T:5065 debug : trying to load setting definitions from old format...
2023-07-02 20:52:41.117 T:5117 debug : ffmpeg[0xb8ce91a0]: [swscaler] No accelerated colorspace conversion found from yuv420p to bgra.
2023-07-02 20:52:41.124 T:5065 debug : trying to load setting definitions from old format...
2023-07-02 20:52:41.125 T:5117 debug : ffmpeg[0xb8ce91a0]: [image2] Custom AVIOContext makes no sense and will be ignored with AVFMT_NOFILE format.
2023-07-02 20:52:41.130 T:5117 debug : ffmpeg[0xb8ce91a0]: [swscaler] No accelerated colorspace conversion found from yuv420p to bgra.
2023-07-02 20:52:41.130 T:5065 debug : trying to load setting definitions from old format...
2023-07-02 20:52:41.134 T:5117 debug : ffmpeg[0xb8ce91a0]: [image2] Custom AVIOContext makes no sense and will be ignored with AVFMT_NOFILE format.
2023-07-02 20:52:41.136 T:5065 debug : trying to load setting definitions from old format...
2023-07-02 20:52:41.138 T:5117 debug : ffmpeg[0xb8ce91a0]: [swscaler] No accelerated colorspace conversion found from yuv420p to bgra.
2023-07-02 20:52:41.141 T:5013 debug : CAndroidKey: key up (dev:-1; src:33554433; code: 20; repeat: 0; flags: 0x8; alt: no; shift: no; sym: no)
2023-07-02 20:52:41.145 T:5065 debug : trying to load setting definitions from old format...
2023-07-02 20:52:41.164 T:5014 info : Skipped 2 duplicate messages..
2023-07-02 20:52:41.164 T:5014 debug : Keyboard: scancode: 0x14, sym: 0x112, unicode: 0x00, modifier: 0x0
2023-07-02 20:52:41.176 T:5065 debug : trying to load setting definitions from old format...
2023-07-02 20:52:41.605 T:5095 info : Skipped 59 duplicate messages..
2023-07-02 20:52:41.605 T:5095 debug : service.libraryautoupdate-1.2.4 : Update Library Service starting...
2023-07-02 20:52:41.610 T:5065 debug : trying to load setting definitions from old format...
2023-07-02 20:52:41.612 T:5095 debug : service.libraryautoupdate-1.2.4 : update timers
2023-07-02 20:52:41.616 T:5065 debug : trying to load setting definitions from old format...
2023-07-02 20:52:41.620 T:5095 debug : service.libraryautoupdate-1.2.4 : Creating timer for Video Library
2023-07-02 20:52:41.622 T:5065 debug : trying to load setting definitions from old format...
2023-07-02 20:52:41.634 T:5095 info : Skipped 1 duplicate messages..
2023-07-02 20:52:41.634 T:5095 debug : service.libraryautoupdate-1.2.4 : Created 1 schedules
2023-07-02 20:52:41.635 T:5095 debug : service.libraryautoupdate-1.2.4 : 0
2023-07-02 20:52:41.635 T:5065 debug : trying to load setting definitions from old format...
2023-07-02 20:52:41.739 T:5136 info : Skipped 15 duplicate messages..
2023-07-02 20:52:41.739 T:5136 debug : request received for /jsonrpc
2023-07-02 20:52:41.743 T:5065 debug : trying to load setting definitions from old format...
2023-07-02 20:52:41.748 T:5136 debug : request received for /jsonrpc
2023-07-02 20:52:41.749 T:5065 debug : trying to load setting definitions from old format...
2023-07-02 20:52:42.266 T:5094 info : Skipped 75 duplicate messages..
2023-07-02 20:52:42.266 T:5094 debug : Autostop pause count and stop time 10 0 0
2023-07-02 20:52:42.270 T:5065 debug : trying to load setting definitions from old format...
2023-07-02 20:52:42.335 T:5136 info : Skipped 9 duplicate messages..
2023-07-02 20:52:42.335 T:5136 debug : request received for /jsonrpc
2023-07-02 20:52:42.335 T:5065 debug : trying to load setting definitions from old format...
2023-07-02 20:52:42.343 T:5136 info : Skipped 1 duplicate messages..
2023-07-02 20:52:42.343 T:5136 debug : request received for /jsonrpc
2023-07-02 20:52:42.347 T:5065 debug : trying to load setting definitions from old format...
2023-07-02 20:52:42.391 T:5065 info : Skipped 6 duplicate messages..
2023-07-02 20:52:42.391 T:5065 debug : VideoInfoScanner: No (new) information was found in dir nfs://192.168.1.6/volume1/Kino/
2023-07-02 20:52:42.398 T:5065 debug : NFS: Refreshing context for 192.168.1.6/volume1/Musik, old: 817156483221, new: 825307427767
2023-07-02 20:52:42.398 T:5065 debug : NFS: Using cached context.
2023-07-02 20:52:42.740 T:5099 debug : Version Check: Version installed {'major': 21, 'minor': 0, 'revision': '20230329-31a4d03ed4', 'tag': 'alpha', 'tagversion': '1'}
2023-07-02 20:52:42.741 T:5099 debug : CPythonInvoker(13, /storage/emulated/0/Android/data/org.xbmc.kodi.quietvoid/files/.kodi/addons/service.xbmc.versioncheck/resources/lib/runner.py): script successfully run
2023-07-02 20:52:42.741 T:5099 debug : onExecutionDone(13, /storage/emulated/0/Android/data/org.xbmc.kodi.quietvoid/files/.kodi/addons/service.xbmc.versioncheck/resources/lib/runner.py)
2023-07-02 20:52:42.776 T:5099 debug : .
2023-07-02 20:52:42.803 T:5136 debug : request received for /jsonrpc
2023-07-02 20:52:42.853 T:5099 info : Skipped 2 duplicate messages..
2023-07-02 20:52:42.852 T:5099 debug : Python interpreter stopped
2023-07-02 20:52:42.853 T:5099 debug : Thread LanguageInvoker -1301302848 terminating
2023-07-02 20:52:42.888 T:5065 debug : VideoInfoScanner: Scanning dir 'nfs://192.168.1.6/volume1/Musik/' as not in the database
2023-07-02 20:52:43.095 T:5065 debug : VideoInfoScanner: No (new) information was found in dir nfs://192.168.1.6/volume1/Musik/
2023-07-02 20:52:43.108 T:5065 debug : VideoInfoScanner: Scanning dir 'nfs://192.168.1.6/volume1/Musik/ABBA - Voyage/' as not in the database
2023-07-02 20:52:43.108 T:5065 debug : VideoInfoScanner: No (new) information was found in dir nfs://192.168.1.6/volume1/Musik/ABBA - Voyage/
2023-07-02 20:52:43.141 T:5065 debug : VideoInfoScanner: Scanning dir 'nfs://192.168.1.6/volume1/Musik/Adele/' as not in the database
2023-07-02 20:52:43.154 T:5065 debug : VideoInfoScanner: No (new) information was found in dir nfs://192.168.1.6/volume1/Musik/Adele/
2023-07-02 20:52:43.168 T:5065 debug : VideoInfoScanner: Scanning dir 'nfs://192.168.1.6/volume1/Musik/Adele/Greatest Hits/' as not in the database
2023-07-02 20:52:43.168 T:5065 debug : VideoInfoScanner: No (new) information was found in dir nfs://192.168.1.6/volume1/Musik/Adele/Greatest Hits/
2023-07-02 20:52:43.183 T:5065 debug : VideoInfoScanner: Scanning dir 'nfs://192.168.1.6/volume1/Musik/Adele/Skyfall - Single/' as not in the database
2023-07-02 20:52:43.183 T:5065 debug : VideoInfoScanner: No (new) information was found in dir nfs://192.168.1.6/volume1/Musik/Adele/Skyfall - Single/
2023-07-02 20:52:43.246 T:5065 debug : VideoInfoScanner: Scanning dir 'nfs://192.168.1.6/volume1/Musik/Amy Macdonald/' as not in the database
2023-07-02 20:52:43.267 T:5065 debug : VideoInfoScanner: No (new) information was found in dir nfs://192.168.1.6/volume1/Musik/Amy Macdonald/
2023-07-02 20:52:43.293 T:5065 debug : VideoInfoScanner: Scanning dir 'nfs://192.168.1.6/volume1/Musik/Amy Macdonald/A Curious Thing (Limited Deluxe Edition)/' as not in the database
2023-07-02 20:52:43.293 T:5065 debug : VideoInfoScanner: No (new) information was found in dir nfs://192.168.1.6/volume1/Musik/Amy Macdonald/A Curious Thing (Limited Deluxe Edition)/
2023-07-02 20:52:43.300 T:5136 debug : request received for /jsonrpc
2023-07-02 20:52:43.305 T:5065 debug : VideoInfoScanner: Scanning dir 'nfs://192.168.1.6/volume1/Musik/Amy Macdonald/This Is The Life/' as not in the database
2023-07-02 20:52:43.305 T:5065 debug : VideoInfoScanner: No (new) information was found in dir nfs://192.168.1.6/volume1/Musik/Amy Macdonald/This Is The Life/
2023-07-02 20:52:43.308 T:5136 debug : request received for /jsonrpc
2023-07-02 20:52:43.315 T:5065 debug : VideoInfoScanner: Scanning dir 'nfs://192.168.1.6/volume1/Musik/Amy Macdonald/This Pretty Face/' as not in the database
2023-07-02 20:52:43.316 T:5065 debug : VideoInfoScanner: No (new) information was found in dir nfs://192.168.1.6/volume1/Musik/Amy Macdonald/This Pretty Face/
