2025-08-23 16:54:57.539 T:4252 debug : CAMLCodec::AddData: dl:15368119 fl:354377 sz:386571(386688) lv:97.7% dts:28.195 pts:28.278
2025-08-23 16:54:57.542 T:4252 debug : CAMLCodec::AddData: dl:15708610 fl:13886 sz:340534(340608) lv:99.9% dts:28.237 pts:28.237
2025-08-23 16:54:57.543 T:4252 debug : CAMLCodec::AddData: skip add data dl:15708536 fl:13960 sz:341148(341248) lv:102.0% dts:28.278 pts:28.320
2025-08-23 16:54:57.547 T:4250 info : Skipped 1 duplicate messages..
2025-08-23 16:54:57.547 T:4250 debug : CVideoPlayer::ProcessVideoData size:341847 dts:32.658 pts:32.783 dur:41.000ms, clock:23.321 level:55
2025-08-23 16:54:57.549 T:4252 debug : CAMLCodec::AddData: skip add data dl:15708536 fl:13960 sz:341148(341248) lv:102.0% dts:28.278 pts:28.320
2025-08-23 16:54:57.558 T:4250 info : Skipped 5 duplicate messages..
2025-08-23 16:54:57.558 T:4250 debug : CVideoPlayer::ProcessVideoData size:312835 dts:32.699 pts:32.741 dur:41.000ms, clock:23.333 level:100
2025-08-23 16:54:57.560 T:4252 debug : CAMLCodec::AddData: skip add data dl:15708536 fl:13960 sz:341148(341248) lv:102.0% dts:28.278 pts:28.320
2025-08-23 16:54:57.566 T:4073 info : Skipped 2 duplicate messages..
2025-08-23 16:54:57.566 T:4073 debug : CAMLCodec::PollFrame elapsed:34.013ms
2025-08-23 16:54:57.566 T:4252 debug : CAMLCodec::AddData: skip add data dl:15708536 fl:13960 sz:341148(341248) lv:102.0% dts:28.278 pts:28.320
2025-08-23 16:54:57.567 T:4252 debug : CAMLCodec::DequeueBuffer: pts:23.690 idx:568
2025-08-23 16:54:57.568 T:4252 debug : CAMLCodec::GetPicture: index: 568, pts: 23.690, dur:41.000ms ar:1.78 elf:120ms
2025-08-23 16:54:57.568 T:4252 debug : CVideoPlayerVideo::OutputPicture - ttd:347ms pts:23.690 Clock:23.343 Level:5
2025-08-23 16:54:57.569 T:4253 debug : CVideoPlayerAudio::OutputPacket: pts:24.148 curr_pts:23.319 clock:23.344 level:100
2025-08-23 16:54:57.570 T:4252 debug : CAMLCodec::AddData: skip add data dl:15673208 fl:49288 sz:341148(341248) lv:101.8% dts:28.278 pts:28.320
2025-08-23 16:54:57.577 T:4073 info : Skipped 1 duplicate messages..
2025-08-23 16:54:57.577 T:4073 debug : PrepareNextRender: frameOnScreen: 23.351 renderPts: 23.502 nextFramePts: 23.482 -> diff: 0.020 render: 1 forceNext: 0
2025-08-23 16:54:57.577 T:4073 debug : CAMLCodec::ReleaseFrame idx:563, drop:0
2025-08-23 16:54:57.579 T:4252 debug : CAMLCodec::AddData: dl:15598072 fl:124424 sz:341148(341248) lv:99.2% dts:28.278 pts:28.320
2025-08-23 16:54:57.580 T:4250 debug : CVideoPlayer::ProcessVideoData size:308450 dts:32.741 pts:32.824 dur:41.000ms, clock:23.354 level:55
2025-08-23 16:54:57.580 T:4252 debug : CAMLCodec::AddData: skip add data dl:15597972 fl:124524 sz:378432(378496) lv:101.6% dts:28.320 pts:28.445
2025-08-23 16:54:57.608 T:4073 info : Skipped 12 duplicate messages..
2025-08-23 16:54:57.608 T:4073 debug : CAMLCodec::PollFrame elapsed:30.696ms
2025-08-23 16:54:57.608 T:4252 debug : CAMLCodec::AddData: skip add data dl:15587988 fl:134508 sz:378432(378496) lv:101.5% dts:28.320 pts:28.445
2025-08-23 16:54:57.610 T:4252 debug : CAMLCodec::DequeueBuffer: pts:23.732 idx:569
2025-08-23 16:54:57.610 T:4252 debug : CAMLCodec::GetPicture: index: 569, pts: 23.732, dur:42.000ms ar:1.78 elf:41ms
2025-08-23 16:54:57.610 T:4252 debug : CVideoPlayerVideo::OutputPicture - ttd:347ms pts:23.732 Clock:23.385 Level:5
2025-08-23 16:54:57.613 T:4252 debug : CAMLCodec::AddData: skip add data dl:15587988 fl:134508 sz:378432(378496) lv:101.5% dts:28.320 pts:28.445
2025-08-23 16:54:57.615 T:4073 debug : PrepareNextRender: frameOnScreen: 23.390 renderPts: 23.541 nextFramePts: 23.523 -> diff: 0.018 render: 1 forceNext: 0
2025-08-23 16:54:57.615 T:4073 debug : CAMLCodec::ReleaseFrame idx:564, drop:0
2025-08-23 16:54:57.616 T:4252 debug : CAMLCodec::AddData: skip add data dl:15587988 fl:134508 sz:378432(378496) lv:101.5% dts:28.320 pts:28.445
2025-08-23 16:54:57.621 T:4252 debug : CAMLCodec::AddData: dl:15559892 fl:162604 sz:378432(378496) lv:98.9% dts:28.320 pts:28.445
2025-08-23 16:54:57.622 T:4250 debug : CVideoPlayer::ProcessAudioData size:6343 dts:32.879 pts:32.879 dur:92.000ms, clock:23.397 drop:0 level:100
2025-08-23 16:54:57.622 T:4250 debug : CVideoPlayer::ProcessAudioData size:6815 dts:32.971 pts:32.971 dur:92.000ms, clock:23.397 drop:0 level:100
2025-08-23 16:54:57.622 T:4250 debug : CVideoPlayer::ProcessAudioData size:8699 dts:33.064 pts:33.064 dur:92.000ms, clock:23.397 drop:0 level:100
2025-08-23 16:54:57.622 T:4250 debug : CVideoPlayer::ProcessAudioData size:6908 dts:33.157 pts:33.157 dur:92.000ms, clock:23.397 drop:0 level:100
2025-08-23 16:54:57.626 T:4250 debug : CVideoPlayer::ProcessVideoData size:567053 dts:32.783 pts:33.200 dur:41.000ms, clock:23.400 level:55
2025-08-23 16:54:57.628 T:4252 debug : CAMLCodec::AddData: dl:15650196 fl:72300 sz:337614(337728) lv:99.5% dts:28.362 pts:28.403
2025-08-23 16:54:57.629 T:4252 debug : CAMLCodec::AddData: skip add data dl:15722496 fl:0 sz:663459(663552) lv:100.0% dts:28.403 pts:28.528
2025-08-23 16:54:57.638 T:4250 info : Skipped 2 duplicate messages..
2025-08-23 16:54:57.638 T:4250 debug : CVideoPlayer::ProcessVideoData size:446375 dts:32.824 pts:33.033 dur:41.000ms, clock:23.412 level:55
2025-08-23 16:54:57.639 T:4252 debug : CAMLCodec::AddData: skip add data dl:15722496 fl:0 sz:663459(663552) lv:100.0% dts:28.403 pts:28.528
2025-08-23 16:54:57.649 T:4073 info : Skipped 3 duplicate messages..
2025-08-23 16:54:57.649 T:4073 debug : CAMLCodec::PollFrame elapsed:34.144ms
2025-08-23 16:54:57.650 T:4252 debug : CAMLCodec::AddData: skip add data dl:15713152 fl:9344 sz:663459(663552) lv:104.1% dts:28.403 pts:28.528
2025-08-23 16:54:57.652 T:4252 debug : CAMLCodec::DequeueBuffer: pts:23.774 idx:570
2025-08-23 16:54:57.652 T:4252 debug : CAMLCodec::GetPicture: index: 570, pts: 23.774, dur:42.000ms ar:1.78 elf:41ms
2025-08-23 16:54:57.652 T:4252 debug : CVideoPlayerVideo::OutputPicture - ttd:347ms pts:23.774 Clock:23.427 Level:5
2025-08-23 16:54:57.656 T:4252 debug : CAMLCodec::AddData: skip add data dl:15713152 fl:9344 sz:663459(663552) lv:104.1% dts:28.403 pts:28.528
2025-08-23 16:54:57.659 T:4073 debug : PrepareNextRender: frameOnScreen: 23.433 renderPts: 23.584 nextFramePts: 23.565 -> diff: 0.019 render: 1 forceNext: 0
2025-08-23 16:54:57.659 T:4252 debug : CAMLCodec::AddData: skip add data dl:15713152 fl:9344 sz:663459(663552) lv:104.1% dts:28.403 pts:28.528
2025-08-23 16:54:57.659 T:4073 debug : CAMLCodec::ReleaseFrame idx:565, drop:0
2025-08-23 16:54:57.662 T:4252 debug : CAMLCodec::AddData: skip add data dl:15296576 fl:425920 sz:663459(663552) lv:101.5% dts:28.403 pts:28.528
2025-08-23 16:54:57.668 T:4253 info : Skipped 2 duplicate messages..
2025-08-23 16:54:57.668 T:4253 debug : CVideoPlayerAudio::OutputPacket: pts:24.241 curr_pts:23.417 clock:23.443 level:100
2025-08-23 16:54:57.669 T:4252 debug : CAMLCodec::AddData: skip add data dl:15296576 fl:425920 sz:663459(663552) lv:101.5% dts:28.403 pts:28.528
2025-08-23 16:54:57.691 T:4073 info : Skipped 10 duplicate messages..
2025-08-23 16:54:57.691 T:4073 debug : CAMLCodec::PollFrame elapsed:31.985ms
2025-08-23 16:54:57.692 T:4252 debug : CAMLCodec::AddData: skip add data dl:15261824 fl:460672 sz:663459(663552) lv:101.3% dts:28.403 pts:28.528
2025-08-23 16:54:57.693 T:4252 debug : CAMLCodec::DequeueBuffer: pts:23.815 idx:571
2025-08-23 16:54:57.693 T:4252 debug : CAMLCodec::GetPicture: index: 571, pts: 23.815, dur:41.000ms ar:1.78 elf:41ms
2025-08-23 16:54:57.694 T:4252 debug : CVideoPlayerVideo::OutputPicture - ttd:346ms pts:23.815 Clock:23.468 Level:5
2025-08-23 16:54:57.696 T:4252 debug : CAMLCodec::AddData: skip add data dl:15261824 fl:460672 sz:663459(663552) lv:101.3% dts:28.403 pts:28.528
2025-08-23 16:54:57.699 T:4073 info : Skipped 1 duplicate messages..
2025-08-23 16:54:57.699 T:4073 debug : PrepareNextRender: frameOnScreen: 23.474 renderPts: 23.625 nextFramePts: 23.607 -> diff: 0.018 render: 1 forceNext: 0
2025-08-23 16:54:57.699 T:4073 debug : CAMLCodec::ReleaseFrame idx:566, drop:0
2025-08-23 16:54:57.701 T:4252 debug : CAMLCodec::AddData: skip add data dl:15261824 fl:460672 sz:663459(663552) lv:101.3% dts:28.403 pts:28.528
2025-08-23 16:54:57.706 T:4252 debug : CAMLCodec::AddData: dl:15516416 fl:206080 sz:663459(663552) lv:98.7% dts:28.403 pts:28.528
2025-08-23 16:54:57.707 T:4252 debug : CAMLCodec::AddData: skip add data dl:15421026 fl:301470 sz:579322(579392) lv:101.7% dts:28.445 pts:28.862
2025-08-23 16:54:57.708 T:4252 debug : CAMLCodec::AddData: skip add data dl:15691269 fl:31227 sz:579322(579392) lv:103.4% dts:28.445 pts:28.862
2025-08-23 16:54:57.733 T:4073 info : Skipped 13 duplicate messages..
2025-08-23 16:54:57.733 T:4073 debug : CAMLCodec::PollFrame elapsed:33.452ms
2025-08-23 16:54:57.734 T:4252 debug : CAMLCodec::AddData: skip add data dl:15681541 fl:40955 sz:579322(579392) lv:103.4% dts:28.445 pts:28.862
2025-08-23 16:54:57.735 T:4252 debug : CAMLCodec::DequeueBuffer: pts:23.857 idx:572
2025-08-23 16:54:57.735 T:4252 debug : CAMLCodec::GetPicture: index: 572, pts: 23.857, dur:42.000ms ar:1.78 elf:41ms
2025-08-23 16:54:57.735 T:4252 debug : CVideoPlayerVideo::OutputPicture - ttd:347ms pts:23.857 Clock:23.510 Level:5
2025-08-23 16:54:57.738 T:4252 debug : CAMLCodec::AddData: skip add data dl:15681541 fl:40955 sz:579322(579392) lv:103.4% dts:28.445 pts:28.862
2025-08-23 16:54:57.742 T:4073 info : Skipped 1 duplicate messages..
2025-08-23 16:54:57.742 T:4073 debug : PrepareNextRender: frameOnScreen: 23.516 renderPts: 23.667 nextFramePts: 23.649 -> diff: 0.018 render: 1 forceNext: 0
2025-08-23 16:54:57.742 T:4073 debug : CAMLCodec::ReleaseFrame idx:567, drop:0
2025-08-23 16:54:57.742 T:4250 debug : CVideoPlayer::ProcessVideoData size:352780 dts:32.866 pts:32.950 dur:41.000ms, clock:23.517 level:55
2025-08-23 16:54:57.743 T:4252 debug : CAMLCodec::AddData: skip add data dl:15681541 fl:40955 sz:579322(579392) lv:103.4% dts:28.445 pts:28.862
2025-08-23 16:54:57.744 T:4250 debug : CVideoPlayer::ProcessVideoData size:317963 dts:32.908 pts:32.908 dur:41.000ms, clock:23.518 level:100
2025-08-23 16:54:57.745 T:4252 debug : CAMLCodec::AddData: skip add data dl:15273733 fl:448763 sz:579322(579392) lv:100.8% dts:28.445 pts:28.862
2025-08-23 16:54:57.769 T:4253 info : Skipped 13 duplicate messages..
2025-08-23 16:54:57.769 T:4253 debug : CVideoPlayerAudio::OutputPacket: pts:24.334 curr_pts:23.518 clock:23.543 level:100
2025-08-23 16:54:57.769 T:4252 debug : CAMLCodec::AddData: skip add data dl:15273733 fl:448763 sz:579322(579392) lv:100.8% dts:28.445 pts:28.862
2025-08-23 16:54:57.775 T:4073 info : Skipped 2 duplicate messages..
2025-08-23 16:54:57.775 T:4073 debug : CAMLCodec::PollFrame elapsed:32.467ms
2025-08-23 16:54:57.776 T:4252 debug : CAMLCodec::AddData: skip add data dl:15262277 fl:460219 sz:579322(579392) lv:100.7% dts:28.445 pts:28.862
2025-08-23 16:54:57.777 T:4252 debug : CAMLCodec::DequeueBuffer: pts:23.899 idx:573
2025-08-23 16:54:57.777 T:4252 debug : CAMLCodec::GetPicture: index: 573, pts: 23.899, dur:42.000ms ar:1.78 elf:41ms
2025-08-23 16:54:57.777 T:4252 debug : CVideoPlayerVideo::OutputPicture - ttd:347ms pts:23.899 Clock:23.552 Level:5
2025-08-23 16:54:57.779 T:4252 debug : CAMLCodec::AddData: skip add data dl:15262277 fl:460219 sz:579322(579392) lv:100.7% dts:28.445 pts:28.862
2025-08-23 16:54:57.782 T:4073 info : Skipped 1 duplicate messages..
2025-08-23 16:54:57.782 T:4073 debug : PrepareNextRender: frameOnScreen: 23.557 renderPts: 23.708 nextFramePts: 23.690 -> diff: 0.018 render: 1 forceNext: 0
2025-08-23 16:54:57.782 T:4073 debug : CAMLCodec::ReleaseFrame idx:568, drop:0
2025-08-23 16:54:57.784 T:4252 debug : CAMLCodec::AddData: skip add data dl:15262277 fl:460219 sz:579322(579392) lv:100.7% dts:28.445 pts:28.862
2025-08-23 16:54:57.789 T:4252 debug : CAMLCodec::AddData: dl:15376645 fl:345851 sz:579322(579392) lv:97.8% dts:28.445 pts:28.862
2025-08-23 16:54:57.789 T:4252 debug : CAMLCodec::AddData: skip add data dl:15376575 fl:345921 sz:446338(446464) lv:100.6% dts:28.487 pts:28.695
2025-08-23 16:54:57.805 T:4250 info : Skipped 8 duplicate messages..
2025-08-23 16:54:57.805 T:4250 debug : CVideoPlayer::ProcessVideoData size:321861 dts:32.950 pts:32.991 dur:41.000ms, clock:23.580 level:55
2025-08-23 16:54:57.806 T:4252 debug : CAMLCodec::AddData: skip add data dl:15376575 fl:345921 sz:446338(446464) lv:100.6% dts:28.487 pts:28.695
2025-08-23 16:54:57.817 T:4073 info : Skipped 6 duplicate messages..
2025-08-23 16:54:57.816 T:4073 debug : CAMLCodec::PollFrame elapsed:33.876ms
2025-08-23 16:54:57.820 T:4252 debug : CAMLCodec::AddData: dl:15673407 fl:49089 sz:446338(446464) lv:99.6% dts:28.487 pts:28.695
2025-08-23 16:54:57.820 T:4252 debug : CAMLCodec::DequeueBuffer: pts:23.941 idx:574
2025-08-23 16:54:57.820 T:4252 debug : CAMLCodec::GetPicture: index: 574, pts: 23.941, dur:42.000ms ar:1.78 elf:43ms
2025-08-23 16:54:57.821 T:4252 debug : CVideoPlayerVideo::OutputPicture - ttd:346ms pts:23.941 Clock:23.595 Level:5
2025-08-23 16:54:57.823 T:4252 debug : CAMLCodec::AddData: skip add data dl:15673281 fl:49215 sz:378531(378624) lv:102.1% dts:28.528 pts:28.612
2025-08-23 16:54:57.827 T:4073 info : Skipped 2 duplicate messages..
2025-08-23 16:54:57.827 T:4073 debug : PrepareNextRender: frameOnScreen: 23.602 renderPts: 23.753 nextFramePts: 23.732 -> diff: 0.021 render: 1 forceNext: 0
2025-08-23 16:54:57.827 T:4073 debug : CAMLCodec::ReleaseFrame idx:569, drop:0
2025-08-23 16:54:57.831 T:4252 debug : CAMLCodec::AddData: dl:15561601 fl:160895 sz:378531(378624) lv:98.9% dts:28.528 pts:28.612
2025-08-23 16:54:57.832 T:4252 debug : CAMLCodec::AddData: skip add data dl:15561508 fl:160988 sz:335234(335360) lv:101.1% dts:28.570 pts:28.570
2025-08-23 16:54:57.837 T:4250 info : Skipped 2 duplicate messages..
2025-08-23 16:54:57.837 T:4250 debug : CVideoPlayer::ProcessVideoData size:365490 dts:32.991 pts:33.116 dur:41.000ms, clock:23.611 level:55
2025-08-23 16:54:57.838 T:4252 debug : CAMLCodec::AddData: skip add data dl:15561508 fl:160988 sz:335234(335360) lv:101.1% dts:28.570 pts:28.570
2025-08-23 16:54:57.848 T:4250 info : Skipped 5 duplicate messages..
2025-08-23 16:54:57.848 T:4250 debug : CVideoPlayer::ProcessVideoData size:326534 dts:33.033 pts:33.075 dur:41.000ms, clock:23.622 level:100
2025-08-23 16:54:57.850 T:4252 debug : CAMLCodec::AddData: skip add data dl:15561508 fl:160988 sz:335234(335360) lv:101.1% dts:28.570 pts:28.570
2025-08-23 16:54:57.858 T:4252 info : Skipped 4 duplicate messages..
2025-08-23 16:54:57.858 T:4252 debug : CAMLCodec::DequeueBuffer: pts:23.982 idx:575
2025-08-23 16:54:57.858 T:4073 debug : CAMLCodec::PollFrame elapsed:30.733ms
2025-08-23 16:54:57.858 T:4252 debug : CAMLCodec::GetPicture: index: 575, pts: 23.982, dur:41.000ms ar:1.78 elf:37ms
2025-08-23 16:54:57.859 T:4252 debug : CVideoPlayerVideo::OutputPicture - ttd:349ms pts:23.982 Clock:23.633 Level:5
2025-08-23 16:54:57.861 T:4252 debug : CAMLCodec::AddData: skip add data dl:15512356 fl:210140 sz:335234(335360) lv:100.8% dts:28.570 pts:28.570
2025-08-23 16:54:57.869 T:4253 info : Skipped 3 duplicate messages..
2025-08-23 16:54:57.869 T:4253 debug : CVideoPlayerAudio::OutputPacket: pts:24.427 curr_pts:23.618 clock:23.643 level:100
2025-08-23 16:54:57.870 T:4252 debug : CAMLCodec::AddData: dl:15424996 fl:297500 sz:335234(335360) lv:98.1% dts:28.570 pts:28.570
2025-08-23 16:54:57.871 T:4252 debug : CAMLCodec::AddData: skip add data dl:15424870 fl:297626 sz:335200(335296) lv:100.2% dts:28.612 pts:28.654
2025-08-23 16:54:57.874 T:4073 info : Skipped 1 duplicate messages..
2025-08-23 16:54:57.874 T:4073 debug : PrepareNextRender: frameOnScreen: 23.648 renderPts: 23.799 nextFramePts: 23.774 -> diff: 0.025 render: 1 forceNext: 0
2025-08-23 16:54:57.874 T:4252 debug : CAMLCodec::AddData: skip add data dl:15424870 fl:297626 sz:335200(335296) lv:100.2% dts:28.612 pts:28.654
2025-08-23 16:54:57.874 T:4073 debug : CAMLCodec::ReleaseFrame idx:570, drop:0
2025-08-23 16:54:57.876 T:4252 debug : CAMLCodec::AddData: skip add data dl:15424870 fl:297626 sz:335200(335296) lv:100.2% dts:28.612 pts:28.654
2025-08-23 16:54:57.900 T:4250 info : Skipped 12 duplicate messages..
2025-08-23 16:54:57.900 T:4250 debug : CVideoPlayer::ProcessVideoData size:335454 dts:33.075 pts:33.158 dur:41.000ms, clock:23.674 level:55
2025-08-23 16:54:57.900 T:4252 debug : CAMLCodec::AddData: skip add data dl:15424870 fl:297626 sz:335200(335296) lv:100.2% dts:28.612 pts:28.654
2025-08-23 16:54:57.900 T:4073 debug : CAMLCodec::PollFrame elapsed:25.753ms
2025-08-23 16:54:57.902 T:4252 debug : CAMLCodec::AddData: skip add data dl:15424870 fl:297626 sz:335200(335296) lv:100.2% dts:28.612 pts:28.654
2025-08-23 16:54:57.912 T:4073 info : Skipped 4 duplicate messages..
2025-08-23 16:54:57.912 T:4073 debug : PrepareNextRender: frameOnScreen: 23.686 renderPts: 23.837 nextFramePts: 23.815 -> diff: 0.022 render: 1 forceNext: 0
2025-08-23 16:54:57.912 T:4073 debug : CAMLCodec::ReleaseFrame idx:571, drop:0
2025-08-23 16:54:57.912 T:4252 debug : CAMLCodec::AddData: skip add data dl:15424870 fl:297626 sz:335200(335296) lv:100.2% dts:28.612 pts:28.654
2025-08-23 16:54:57.942 T:4073 info : Skipped 15 duplicate messages..
2025-08-23 16:54:57.942 T:4073 debug : CAMLCodec::PollFrame elapsed:29.957ms
2025-08-23 16:54:57.945 T:4252 debug : CAMLCodec::AddData: dl:15721638 fl:858 sz:335200(335296) lv:100.0% dts:28.612 pts:28.654
2025-08-23 16:54:57.945 T:4252 debug : CAMLCodec::DequeueBuffer: pts:24.024 idx:576
2025-08-23 16:54:57.945 T:4252 debug : CAMLCodec::GetPicture: index: 576, pts: 24.024, dur:42.000ms ar:1.78 elf:86ms
2025-08-23 16:54:57.945 T:4252 debug : CVideoPlayerVideo::OutputPicture - ttd:304ms pts:24.024 Clock:23.720 Level:4
2025-08-23 16:54:57.948 T:4252 debug : CAMLCodec::AddData: skip add data dl:15721542 fl:954 sz:379143(379264) lv:102.4% dts:28.654 pts:28.779
2025-08-23 16:54:57.951 T:4250 info : Skipped 1 duplicate messages..
2025-08-23 16:54:57.951 T:4250 debug : CVideoPlayer::ProcessAudioData size:6460 dts:33.251 pts:33.251 dur:92.000ms, clock:23.726 drop:0 level:100
2025-08-23 16:54:57.952 T:4250 debug : CVideoPlayer::ProcessAudioData size:6213 dts:33.343 pts:33.343 dur:92.000ms, clock:23.726 drop:0 level:100
2025-08-23 16:54:57.952 T:4250 debug : CVideoPlayer::ProcessAudioData size:6833 dts:33.436 pts:33.436 dur:92.000ms, clock:23.726 drop:0 level:100
2025-08-23 16:54:57.955 T:4250 debug : CVideoPlayer::ProcessVideoData size:548887 dts:33.116 pts:33.492 dur:41.000ms, clock:23.729 level:100
2025-08-23 16:54:57.956 T:4073 debug : PrepareNextRender: frameOnScreen: 23.731 renderPts: 23.882 nextFramePts: 23.857 -> diff: 0.025 render: 1 forceNext: 0
2025-08-23 16:54:57.957 T:4073 debug : CAMLCodec::ReleaseFrame idx:572, drop:0
2025-08-23 16:54:57.959 T:4252 debug : CAMLCodec::AddData: dl:15693446 fl:29050 sz:379143(379264) lv:99.8% dts:28.654 pts:28.779
2025-08-23 16:54:57.961 T:4252 debug : CAMLCodec::AddData: skip add data dl:15693325 fl:29171 sz:335404(335488) lv:101.9% dts:28.695 pts:28.737
2025-08-23 16:54:57.969 T:4253 info : Skipped 3 duplicate messages..
2025-08-23 16:54:57.969 T:4253 debug : CVideoPlayerAudio::OutputPacket: pts:24.519 curr_pts:23.718 clock:23.743 level:100
2025-08-23 16:54:57.970 T:4252 debug : CAMLCodec::AddData: skip add data dl:15693325 fl:29171 sz:335404(335488) lv:101.9% dts:28.695 pts:28.737
2025-08-23 16:54:57.984 T:4073 info : Skipped 6 duplicate messages..
2025-08-23 16:54:57.984 T:4073 debug : CAMLCodec::PollFrame elapsed:26.992ms
2025-08-23 16:54:57.984 T:4252 debug : CAMLCodec::DequeueBuffer: pts:24.066 idx:577
2025-08-23 16:54:57.984 T:4252 debug : CAMLCodec::GetPicture: index: 577, pts: 24.066, dur:42.000ms ar:1.78 elf:39ms
2025-08-23 16:54:57.985 T:4252 debug : CVideoPlayerVideo::OutputPicture - ttd:307ms pts:24.066 Clock:23.759 Level:4
2025-08-23 16:54:57.987 T:4252 debug : CAMLCodec::AddData: skip add data dl:15682765 fl:39731 sz:335404(335488) lv:101.8% dts:28.695 pts:28.737
2025-08-23 16:54:57.992 T:4073 info : Skipped 1 duplicate messages..
2025-08-23 16:54:57.992 T:4073 debug : PrepareNextRender: frameOnScreen: 23.766 renderPts: 23.917 nextFramePts: 23.899 -> diff: 0.018 render: 1 forceNext: 0
2025-08-23 16:54:57.992 T:4073 debug : CAMLCodec::ReleaseFrame idx:573, drop:0
2025-08-23 16:54:57.993 T:4252 debug : CAMLCodec::AddData: skip add data dl:15682765 fl:39731 sz:335404(335488) lv:101.8% dts:28.695 pts:28.737
2025-08-23 16:54:57.997 T:4250 debug : CVideoPlayer::ProcessVideoData size:472570 dts:33.158 pts:33.367 dur:41.000ms, clock:23.771 level:55
2025-08-23 16:54:57.997 T:4252 debug : CAMLCodec::AddData: dl:15603021 fl:119475 sz:335404(335488) lv:99.2% dts:28.695 pts:28.737
2025-08-23 16:54:57.998 T:4252 debug : CAMLCodec::AddData: skip add data dl:15575184 fl:147128 sz:336099(336192) lv:101.2% dts:28.737 pts:28.820
2025-08-23 16:54:58.000 T:4252 debug : CAMLCodec::AddData: skip add data dl:15602937 fl:119559 sz:336099(336192) lv:101.3% dts:28.737 pts:28.820
2025-08-23 16:54:58.026 T:4252 info : Skipped 12 duplicate messages..
2025-08-23 16:54:58.026 T:4252 debug : CAMLCodec::AddData: skip add data dl:15593337 fl:129159 sz:336099(336192) lv:101.3% dts:28.737 pts:28.820
2025-08-23 16:54:58.026 T:4073 debug : CAMLCodec::PollFrame elapsed:33.890ms
2025-08-23 16:54:58.030 T:4252 debug : CAMLCodec::DequeueBuffer: pts:24.107 idx:578
2025-08-23 16:54:58.030 T:4252 debug : CAMLCodec::GetPicture: index: 578, pts: 24.107, dur:41.000ms ar:1.78 elf:45ms
2025-08-23 16:54:58.030 T:4252 debug : CVideoPlayerVideo::OutputPicture - ttd:302ms pts:24.107 Clock:23.804 Level:4
2025-08-23 16:54:58.032 T:4252 debug : CAMLCodec::AddData: skip add data dl:15593337 fl:129159 sz:336099(336192) lv:101.3% dts:28.737 pts:28.820
2025-08-23 16:54:58.032 T:4073 debug : PrepareNextRender: frameOnScreen: 23.806 renderPts: 23.957 nextFramePts: 23.941 -> diff: 0.016 render: 1 forceNext: 0
2025-08-23 16:54:58.032 T:4073 debug : CAMLCodec::ReleaseFrame idx:574, drop:0
2025-08-23 16:54:58.035 T:4252 debug : CAMLCodec::AddData: skip add data dl:15593337 fl:129159 sz:336099(336192) lv:101.3% dts:28.737 pts:28.820
2025-08-23 16:54:58.040 T:4252 debug : CAMLCodec::AddData: dl:15507897 fl:214599 sz:336099(336192) lv:98.6% dts:28.737 pts:28.820
2025-08-23 16:54:58.041 T:4252 debug : CAMLCodec::AddData: skip add data dl:15507804 fl:214692 sz:600037(600128) lv:102.4% dts:28.779 pts:29.196
2025-08-23 16:54:58.067 T:4073 info : Skipped 12 duplicate messages..
2025-08-23 16:54:58.067 T:4073 debug : CAMLCodec::PollFrame elapsed:34.652ms
2025-08-23 16:54:58.068 T:4253 debug : CVideoPlayerAudio::OutputPacket: pts:24.612 curr_pts:23.817 clock:23.843 level:100
2025-08-23 16:54:58.070 T:4250 debug : CVideoPlayer::ProcessVideoData size:381076 dts:33.200 pts:33.283 dur:41.000ms, clock:23.844 level:55
2025-08-23 16:54:58.071 T:4252 debug : CAMLCodec::AddData: skip add data dl:15460252 fl:262244 sz:600037(600128) lv:102.1% dts:28.779 pts:29.196
2025-08-23 16:54:58.072 T:4250 debug : CVideoPlayer::ProcessVideoData size:344110 dts:33.242 pts:33.242 dur:41.000ms, clock:23.846 level:100
2025-08-23 16:54:58.072 T:4252 debug : CAMLCodec::DequeueBuffer: pts:24.149 idx:579
2025-08-23 16:54:58.072 T:4252 debug : CAMLCodec::GetPicture: index: 579, pts: 24.149, dur:42.000ms ar:1.78 elf:42ms
2025-08-23 16:54:58.072 T:4252 debug : CVideoPlayerVideo::OutputPicture - ttd:302ms pts:24.149 Clock:23.847 Level:4
2025-08-23 16:54:58.076 T:4252 debug : CAMLCodec::AddData: skip add data dl:15460252 fl:262244 sz:600037(600128) lv:102.1% dts:28.779 pts:29.196
2025-08-23 16:54:58.081 T:4073 debug : PrepareNextRender: frameOnScreen: 23.855 renderPts: 24.006 nextFramePts: 23.982 -> diff: 0.024 render: 1 forceNext: 0
2025-08-23 16:54:58.081 T:4073 debug : CAMLCodec::ReleaseFrame idx:575, drop:0
2025-08-23 16:54:58.083 T:4252 debug : CAMLCodec::AddData: dl:15645020 fl:77476 sz:600037(600128) lv:99.5% dts:28.779 pts:29.196
2025-08-23 16:54:58.084 T:4252 debug : CAMLCodec::AddData: skip add data dl:15644929 fl:77567 sz:463087(463168) lv:102.4% dts:28.820 pts:29.029
2025-08-23 16:54:58.109 T:4073 info : Skipped 14 duplicate messages..
2025-08-23 16:54:58.109 T:4073 debug : CAMLCodec::PollFrame elapsed:27.152ms
2025-08-23 16:54:58.110 T:4252 debug : CAMLCodec::AddData: skip add data dl:15635329 fl:87167 sz:463087(463168) lv:102.4% dts:28.820 pts:29.029
2025-08-23 16:54:58.112 T:4252 debug : CAMLCodec::DequeueBuffer: pts:24.191 idx:580
2025-08-23 16:54:58.112 T:4252 debug : CAMLCodec::GetPicture: index: 580, pts: 24.191, dur:42.000ms ar:1.78 elf:38ms
2025-08-23 16:54:58.112 T:4252 debug : CVideoPlayerVideo::OutputPicture - ttd:305ms pts:24.191 Clock:23.886 Level:4
2025-08-23 16:54:58.115 T:4073 debug : PrepareNextRender: frameOnScreen: 23.889 renderPts: 24.040 nextFramePts: 24.024 -> diff: 0.016 render: 1 forceNext: 0
2025-08-23 16:54:58.115 T:4073 debug : CAMLCodec::ReleaseFrame idx:576, drop:0
2025-08-23 16:54:58.116 T:4252 debug : CAMLCodec::AddData: skip add data dl:15635329 fl:87167 sz:463087(463168) lv:102.4% dts:28.820 pts:29.029
2025-08-23 16:54:58.116 T:4250 debug : CVideoPlayer::ProcessVideoData size:358540 dts:33.283 pts:33.325 dur:41.000ms, clock:23.890 level:55
2025-08-23 16:54:58.121 T:4252 debug : CAMLCodec::AddData: dl:15693313 fl:29183 sz:463087(463168) lv:99.8% dts:28.820 pts:29.029
2025-08-23 16:54:58.123 T:4252 debug : CAMLCodec::AddData: skip add data dl:15693232 fl:29264 sz:387446(387520) lv:102.2% dts:28.862 pts:28.946
2025-08-23 16:54:58.129 T:4250 info : Skipped 2 duplicate messages..
2025-08-23 16:54:58.129 T:4250 debug : CVideoPlayer::ProcessVideoData size:371370 dts:33.325 pts:33.450 dur:41.000ms, clock:23.903 level:55
2025-08-23 16:54:58.129 T:4252 debug : CAMLCodec::AddData: skip add data dl:15693232 fl:29264 sz:387446(387520) lv:102.2% dts:28.862 pts:28.946
2025-08-23 16:54:58.151 T:4073 info : Skipped 11 duplicate messages..
2025-08-23 16:54:58.151 T:4073 debug : CAMLCodec::PollFrame elapsed:35.362ms
2025-08-23 16:54:58.151 T:4252 debug : CAMLCodec::AddData: skip add data dl:15682544 fl:39952 sz:387446(387520) lv:102.2% dts:28.862 pts:28.946
2025-08-23 16:54:58.152 T:4252 debug : CAMLCodec::DequeueBuffer: pts:24.233 idx:581
2025-08-23 16:54:58.152 T:4252 debug : CAMLCodec::GetPicture: index: 581, pts: 24.233, dur:42.000ms ar:1.78 elf:40ms
2025-08-23 16:54:58.153 T:4252 debug : CVideoPlayerVideo::OutputPicture - ttd:306ms pts:24.233 Clock:23.927 Level:4
2025-08-23 16:54:58.156 T:4252 debug : CAMLCodec::AddData: skip add data dl:15682544 fl:39952 sz:387446(387520) lv:102.2% dts:28.862 pts:28.946
2025-08-23 16:54:58.158 T:4073 info : Skipped 1 duplicate messages..
2025-08-23 16:54:58.158 T:4073 debug : PrepareNextRender: frameOnScreen: 23.932 renderPts: 24.083 nextFramePts: 24.066 -> diff: 0.017 render: 1 forceNext: 0
2025-08-23 16:54:58.158 T:4073 debug : CAMLCodec::ReleaseFrame idx:577, drop:0
2025-08-23 16:54:58.159 T:4252 debug : CAMLCodec::AddData: skip add data dl:15491888 fl:230608 sz:387446(387520) lv:101.0% dts:28.862 pts:28.946
2025-08-23 16:54:58.169 T:4253 info : Skipped 5 duplicate messages..
2025-08-23 16:54:58.169 T:4253 debug : CVideoPlayerAudio::OutputPacket: pts:24.706 curr_pts:23.917 clock:23.943 level:100
2025-08-23 16:54:58.170 T:4252 debug : CAMLCodec::AddData: skip add data dl:15491888 fl:230608 sz:387446(387520) lv:101.0% dts:28.862 pts:28.946
2025-08-23 16:54:58.192 T:4073 info : Skipped 12 duplicate messages..
2025-08-23 16:54:58.192 T:4073 debug : CAMLCodec::PollFrame elapsed:33.841ms
2025-08-23 16:54:58.194 T:4252 debug : CAMLCodec::AddData: skip add data dl:15490160 fl:232336 sz:387446(387520) lv:100.9% dts:28.862 pts:28.946
2025-08-23 16:54:58.195 T:4252 debug : CAMLCodec::DequeueBuffer: pts:24.274 idx:582
2025-08-23 16:54:58.195 T:4252 debug : CAMLCodec::GetPicture: index: 582, pts: 24.274, dur:41.000ms ar:1.78 elf:42ms
2025-08-23 16:54:58.195 T:4252 debug : CVideoPlayerVideo::OutputPicture - ttd:304ms pts:24.274 Clock:23.969 Level:4
2025-08-23 16:54:58.197 T:4252 debug : CAMLCodec::AddData: skip add data dl:15490160 fl:232336 sz:387446(387520) lv:100.9% dts:28.862 pts:28.946
2025-08-23 16:54:58.199 T:4073 debug : PrepareNextRender: frameOnScreen: 23.973 renderPts: 24.124 nextFramePts: 24.107 -> diff: 0.017 render: 1 forceNext: 0
2025-08-23 16:54:58.199 T:4073 debug : CAMLCodec::ReleaseFrame idx:578, drop:0
2025-08-23 16:54:58.200 T:4252 debug : CAMLCodec::AddData: skip add data dl:15490160 fl:232336 sz:387446(387520) lv:100.9% dts:28.862 pts:28.946
2025-08-23 16:54:58.204 T:4252 debug : CAMLCodec::AddData: dl:15683568 fl:38928 sz:387446(387520) lv:99.7% dts:28.862 pts:28.946
2025-08-23 16:54:58.205 T:4252 debug : CAMLCodec::AddData: skip add data dl:15683494 fl:39002 sz:339896(339968) lv:101.9% dts:28.904 pts:28.904
2025-08-23 16:54:58.219 T:4253 info : Skipped 6 duplicate messages..
2025-08-23 16:54:58.219 T:4253 debug : CVideoPlayerAudio::OutputPacket: pts:24.798 curr_pts:23.968 clock:23.993 level:100
2025-08-23 16:54:58.219 T:4252 debug : CAMLCodec::AddData: skip add data dl:15683494 fl:39002 sz:339896(339968) lv:101.9% dts:28.904 pts:28.904
2025-08-23 16:54:58.232 T:4250 info : Skipped 6 duplicate messages..
2025-08-23 16:54:58.232 T:4250 debug : CVideoPlayer::ProcessVideoData size:351990 dts:33.367 pts:33.408 dur:41.000ms, clock:24.006 level:55
2025-08-23 16:54:58.233 T:4252 debug : CAMLCodec::AddData: skip add data dl:15683494 fl:39002 sz:339896(339968) lv:101.9% dts:28.904 pts:28.904
2025-08-23 16:54:58.234 T:4073 debug : CAMLCodec::PollFrame elapsed:35.289ms
2025-08-23 16:54:58.234 T:4252 debug : CAMLCodec::AddData: skip add data dl:15683494 fl:39002 sz:339896(339968) lv:101.9% dts:28.904 pts:28.904
2025-08-23 16:54:58.241 T:4073 info : Skipped 2 duplicate messages..
2025-08-23 16:54:58.241 T:4073 debug : PrepareNextRender: frameOnScreen: 24.015 renderPts: 24.166 nextFramePts: 24.149 -> diff: 0.017 render: 1 forceNext: 0
2025-08-23 16:54:58.241 T:4073 debug : CAMLCodec::ReleaseFrame idx:579, drop:0
2025-08-23 16:54:58.242 T:4252 debug : CAMLCodec::AddData: skip add data dl:15683494 fl:39002 sz:339896(339968) lv:101.9% dts:28.904 pts:28.904
2025-08-23 16:54:58.276 T:4252 info : Skipped 17 duplicate messages..
2025-08-23 16:54:58.276 T:4252 debug : CAMLCodec::AddData: skip add data dl:15677222 fl:45274 sz:339896(339968) lv:101.8% dts:28.904 pts:28.904
2025-08-23 16:54:58.276 T:4073 debug : CAMLCodec::PollFrame elapsed:34.814ms
2025-08-23 16:54:58.278 T:4252 debug : CAMLCodec::DequeueBuffer: pts:24.316 idx:583
2025-08-23 16:54:58.278 T:4252 debug : CAMLCodec::GetPicture: index: 583, pts: 24.316, dur:42.000ms ar:1.78 elf:82ms
2025-08-23 16:54:58.278 T:4252 debug : CVideoPlayerVideo::OutputPicture - ttd:264ms pts:24.316 Clock:24.052 Level:3
2025-08-23 16:54:58.280 T:4252 debug : CAMLCodec::AddData: skip add data dl:15677222 fl:45274 sz:339896(339968) lv:101.8% dts:28.904 pts:28.904
2025-08-23 16:54:58.286 T:4252 info : Skipped 1 duplicate messages..
2025-08-23 16:54:58.286 T:4252 debug : CAMLCodec::AddData: dl:15713126 fl:9370 sz:339896(339968) lv:99.9% dts:28.904 pts:28.904
2025-08-23 16:54:58.288 T:4252 debug : CAMLCodec::AddData: skip add data dl:15699230 fl:23266 sz:338027(338112) lv:102.0% dts:28.946 pts:28.987
2025-08-23 16:54:58.289 T:4252 debug : CAMLCodec::DequeueBuffer: pts:24.358 idx:584
2025-08-23 16:54:58.289 T:4252 debug : CAMLCodec::GetPicture: index: 584, pts: 24.358, dur:42.000ms ar:1.78 elf:11ms
2025-08-23 16:54:58.289 T:4073 debug : PrepareNextRender: frameOnScreen: 24.063 renderPts: 24.214 nextFramePts: 24.191 -> diff: 0.023 render: 1 forceNext: 0
2025-08-23 16:54:58.289 T:4252 debug : CVideoPlayerVideo::OutputPicture - ttd:294ms pts:24.358 Clock:24.063 Level:3
2025-08-23 16:54:58.290 T:4073 debug : CAMLCodec::ReleaseFrame idx:580, drop:0
2025-08-23 16:54:58.292 T:4252 debug : CAMLCodec::AddData: skip add data dl:15699230 fl:23266 sz:338027(338112) lv:102.0% dts:28.946 pts:28.987
2025-08-23 16:54:58.298 T:4252 info : Skipped 1 duplicate messages..
2025-08-23 16:54:58.298 T:4252 debug : CAMLCodec::AddData: dl:15688670 fl:33826 sz:338027(338112) lv:99.7% dts:28.946 pts:28.987
2025-08-23 16:54:58.299 T:4252 debug : CAMLCodec::AddData: skip add data dl:15688585 fl:33911 sz:396466(396544) lv:102.3% dts:28.987 pts:29.112
2025-08-23 16:54:58.304 T:4250 info : Skipped 2 duplicate messages..
2025-08-23 16:54:58.304 T:4250 debug : CVideoPlayer::ProcessAudioData size:8195 dts:33.530 pts:33.530 dur:92.000ms, clock:24.078 drop:0 level:100
2025-08-23 16:54:58.305 T:4252 debug : CAMLCodec::AddData: skip add data dl:15688585 fl:33911 sz:396466(396544) lv:102.3% dts:28.987 pts:29.112
2025-08-23 16:54:58.306 T:4250 debug : CVideoPlayer::ProcessVideoData size:668085 dts:33.408 pts:33.533 dur:41.000ms, clock:24.080 level:55
2025-08-23 16:54:58.307 T:4252 debug : CAMLCodec::AddData: skip add data dl:15688585 fl:33911 sz:396466(396544) lv:102.3% dts:28.987 pts:29.112
2025-08-23 16:54:58.318 T:4073 info : Skipped 5 duplicate messages..
2025-08-23 16:54:58.318 T:4073 debug : CAMLCodec::PollFrame elapsed:28.641ms
2025-08-23 16:54:58.318 T:4252 debug : CAMLCodec::DequeueBuffer: pts:24.399 idx:585
2025-08-23 16:54:58.319 T:4252 debug : CAMLCodec::GetPicture: index: 585, pts: 24.399, dur:41.000ms ar:1.78 elf:28ms
2025-08-23 16:54:58.319 T:4252 debug : CVideoPlayerVideo::OutputPicture - ttd:306ms pts:24.399 Clock:24.093 Level:4
2025-08-23 16:54:58.320 T:4253 debug : CVideoPlayerAudio::OutputPacket: pts:24.891 curr_pts:24.068 clock:24.093 level:100
2025-08-23 16:54:58.321 T:4252 debug : CAMLCodec::AddData: skip add data dl:15680457 fl:42039 sz:396466(396544) lv:102.2% dts:28.987 pts:29.112
2025-08-23 16:54:58.326 T:4252 info : Skipped 2 duplicate messages..
2025-08-23 16:54:58.325 T:4252 debug : CAMLCodec::AddData: skip add data dl:15438601 fl:283895 sz:396466(396544) lv:100.7% dts:28.987 pts:29.112
2025-08-23 16:54:58.335 T:4073 info : Skipped 5 duplicate messages..
2025-08-23 16:54:58.335 T:4073 debug : PrepareNextRender: frameOnScreen: 24.109 renderPts: 24.260 nextFramePts: 24.233 -> diff: 0.027 render: 1 forceNext: 0
2025-08-23 16:54:58.336 T:4073 debug : CAMLCodec::ReleaseFrame idx:581, drop:0
2025-08-23 16:54:58.337 T:4252 debug : CAMLCodec::AddData: skip add data dl:15438601 fl:283895 sz:396466(396544) lv:100.7% dts:28.987 pts:29.112
2025-08-23 16:54:58.359 T:4073 info : Skipped 11 duplicate messages..
2025-08-23 16:54:58.359 T:4073 debug : CAMLCodec::PollFrame elapsed:23.659ms
2025-08-23 16:54:58.360 T:4252 debug : CAMLCodec::AddData: skip add data dl:15438601 fl:283895 sz:396466(396544) lv:100.7% dts:28.987 pts:29.112
2025-08-23 16:54:58.362 T:4252 debug : CAMLCodec::AddData: skip add data dl:15436169 fl:286327 sz:396466(396544) lv:100.7% dts:28.987 pts:29.112
2025-08-23 16:54:58.363 T:4252 debug : CAMLCodec::DequeueBuffer: pts:24.441 idx:586
2025-08-23 16:54:58.363 T:4252 debug : CAMLCodec::GetPicture: index: 586, pts: 24.441, dur:42.000ms ar:1.78 elf:43ms
2025-08-23 16:54:58.363 T:4252 debug : CVideoPlayerVideo::OutputPicture - ttd:304ms pts:24.441 Clock:24.137 Level:4
2025-08-23 16:54:58.365 T:4252 debug : CAMLCodec::AddData: skip add data dl:15436169 fl:286327 sz:396466(396544) lv:100.7% dts:28.987 pts:29.112
2025-08-23 16:54:58.367 T:4252 debug : CAMLCodec::AddData: skip add data dl:15413385 fl:309111 sz:396466(396544) lv:100.5% dts:28.987 pts:29.112
2025-08-23 16:54:58.375 T:4073 info : Skipped 3 duplicate messages..
2025-08-23 16:54:58.374 T:4073 debug : PrepareNextRender: frameOnScreen: 24.148 renderPts: 24.299 nextFramePts: 24.274 -> diff: 0.025 render: 1 forceNext: 0
2025-08-23 16:54:58.375 T:4073 debug : CAMLCodec::ReleaseFrame idx:582, drop:0
2025-08-23 16:54:58.376 T:4252 debug : CAMLCodec::AddData: skip add data dl:15413385 fl:309111 sz:396466(396544) lv:100.5% dts:28.987 pts:29.112
2025-08-23 16:54:58.401 T:4073 info : Skipped 13 duplicate messages..
2025-08-23 16:54:58.401 T:4073 debug : CAMLCodec::PollFrame elapsed:26.305ms
2025-08-23 16:54:58.401 T:4252 debug : CAMLCodec::AddData: skip add data dl:15413385 fl:309111 sz:396466(396544) lv:100.5% dts:28.987 pts:29.112
2025-08-23 16:54:58.403 T:4252 debug : CAMLCodec::AddData: skip add data dl:15412873 fl:309623 sz:396466(396544) lv:100.5% dts:28.987 pts:29.112
2025-08-23 16:54:58.405 T:4252 debug : CAMLCodec::DequeueBuffer: pts:24.483 idx:587
2025-08-23 16:54:58.405 T:4252 debug : CAMLCodec::GetPicture: index: 587, pts: 24.483, dur:42.000ms ar:1.78 elf:41ms
2025-08-23 16:54:58.405 T:4252 debug : CVideoPlayerVideo::OutputPicture - ttd:304ms pts:24.483 Clock:24.178 Level:4
2025-08-23 16:54:58.407 T:4252 debug : CAMLCodec::AddData: skip add data dl:15412873 fl:309623 sz:396466(396544) lv:100.5% dts:28.987 pts:29.112
2025-08-23 16:54:58.409 T:4252 debug : CAMLCodec::AddData: skip add data dl:15383817 fl:338679 sz:396466(396544) lv:100.3% dts:28.987 pts:29.112
2025-08-23 16:54:58.412 T:4073 info : Skipped 1 duplicate messages..
2025-08-23 16:54:58.412 T:4073 debug : PrepareNextRender: frameOnScreen: 24.186 renderPts: 24.337 nextFramePts: 24.316 -> diff: 0.021 render: 1 forceNext: 0
2025-08-23 16:54:58.412 T:4073 debug : CAMLCodec::ReleaseFrame idx:583, drop:0
2025-08-23 16:54:58.413 T:4252 debug : CAMLCodec::AddData: skip add data dl:15383817 fl:338679 sz:396466(396544) lv:100.3% dts:28.987 pts:29.112
2025-08-23 16:54:58.419 T:4253 info : Skipped 2 duplicate messages..
2025-08-23 16:54:58.419 T:4253 debug : CVideoPlayerAudio::OutputPacket: pts:24.984 curr_pts:24.167 clock:24.193 level:100
2025-08-23 16:54:58.419 T:4252 debug : CAMLCodec::AddData: skip add data dl:15383817 fl:338679 sz:396466(396544) lv:100.3% dts:28.987 pts:29.112
2025-08-23 16:54:58.443 T:4073 info : Skipped 12 duplicate messages..
2025-08-23 16:54:58.443 T:4073 debug : CAMLCodec::PollFrame elapsed:30.592ms
2025-08-23 16:54:58.444 T:4252 debug : CAMLCodec::AddData: skip add data dl:15382665 fl:339831 sz:396466(396544) lv:100.3% dts:28.987 pts:29.112
2025-08-23 16:54:58.445 T:4252 debug : CAMLCodec::DequeueBuffer: pts:24.524 idx:588
2025-08-23 16:54:58.445 T:4252 debug : CAMLCodec::GetPicture: index: 588, pts: 24.524, dur:41.000ms ar:1.78 elf:40ms
2025-08-23 16:54:58.445 T:4252 debug : CVideoPlayerVideo::OutputPicture - ttd:305ms pts:24.524 Clock:24.219 Level:4
2025-08-23 16:54:58.446 T:4252 debug : CAMLCodec::DequeueBuffer: pts:24.566 idx:589
2025-08-23 16:54:58.446 T:4252 debug : CAMLCodec::GetPicture: index: 589, pts: 24.566, dur:42.000ms ar:1.78 elf:1ms
2025-08-23 16:54:58.446 T:4252 debug : CVideoPlayerVideo::OutputPicture - ttd:345ms pts:24.566 Clock:24.220 Level:5
2025-08-23 16:54:58.448 T:4252 debug : CAMLCodec::DequeueBuffer: pts:24.608 idx:590
2025-08-23 16:54:58.448 T:4252 debug : CAMLCodec::GetPicture: index: 590, pts: 24.608, dur:42.000ms ar:1.78 elf:1ms
2025-08-23 16:54:58.448 T:4252 debug : CVideoPlayerVideo::OutputPicture - ttd:386ms pts:24.608 Clock:24.221 Level:6
2025-08-23 16:54:58.449 T:4252 debug : CAMLCodec::DequeueBuffer: pts:24.650 idx:591
2025-08-23 16:54:58.449 T:4252 debug : CAMLCodec::GetPicture: index: 591, pts: 24.650, dur:42.000ms ar:1.78 elf:1ms
2025-08-23 16:54:58.454 T:4073 debug : PrepareNextRender: frameOnScreen: 24.227 renderPts: 24.378 nextFramePts: 24.358 -> diff: 0.020 render: 1 forceNext: 0
2025-08-23 16:54:58.454 T:4252 debug : CVideoPlayerVideo::OutputPicture - ttd:427ms pts:24.650 Clock:24.223 Level:6
2025-08-23 16:54:58.454 T:4073 debug : CAMLCodec::ReleaseFrame idx:584, drop:0
2025-08-23 16:54:58.456 T:4252 debug : CAMLCodec::AddData: skip add data dl:15379529 fl:342967 sz:396466(396544) lv:100.3% dts:28.987 pts:29.112
2025-08-23 16:54:58.460 T:4252 info : Skipped 1 duplicate messages..
2025-08-23 16:54:58.460 T:4252 debug : CAMLCodec::AddData: skip add data dl:15379337 fl:343159 sz:396466(396544) lv:100.3% dts:28.987 pts:29.112
2025-08-23 16:54:58.485 T:4073 info : Skipped 13 duplicate messages..
2025-08-23 16:54:58.485 T:4073 debug : CAMLCodec::PollFrame elapsed:30.783ms
2025-08-23 16:54:58.485 T:4252 debug : CAMLCodec::AddData: skip add data dl:15378953 fl:343543 sz:396466(396544) lv:100.3% dts:28.987 pts:29.112
2025-08-23 16:54:58.492 T:4252 info : Skipped 2 duplicate messages..
2025-08-23 16:54:58.492 T:4252 debug : CAMLCodec::AddData: skip add data dl:15378761 fl:343735 sz:396466(396544) lv:100.3% dts:28.987 pts:29.112
2025-08-23 16:54:58.496 T:4073 info : Skipped 1 duplicate messages..
2025-08-23 16:54:58.496 T:4073 debug : PrepareNextRender: frameOnScreen: 24.270 renderPts: 24.421 nextFramePts: 24.399 -> diff: 0.022 render: 1 forceNext: 0
2025-08-23 16:54:58.496 T:4073 debug : CAMLCodec::ReleaseFrame idx:585, drop:0
2025-08-23 16:54:58.497 T:4252 debug : CAMLCodec::AddData: skip add data dl:15378761 fl:343735 sz:396466(396544) lv:100.3% dts:28.987 pts:29.112
2025-08-23 16:54:58.519 T:4253 info : Skipped 11 duplicate messages..
2025-08-23 16:54:58.519 T:4253 debug : CVideoPlayerAudio::OutputPacket: pts:25.077 curr_pts:24.267 clock:24.293 level:100
2025-08-23 16:54:58.520 T:4252 debug : CAMLCodec::AddData: skip add data dl:15378761 fl:343735 sz:396466(396544) lv:100.3% dts:28.987 pts:29.112
2025-08-23 16:54:58.526 T:4073 info : Skipped 3 duplicate messages..
2025-08-23 16:54:58.526 T:4073 debug : CAMLCodec::PollFrame elapsed:29.833ms
2025-08-23 16:54:58.527 T:4252 debug : CAMLCodec::AddData: skip add data dl:15378441 fl:344055 sz:396466(396544) lv:100.3% dts:28.987 pts:29.112
2025-08-23 16:54:58.534 T:4252 info : Skipped 2 duplicate messages..
2025-08-23 16:54:58.534 T:4252 debug : CAMLCodec::AddData: skip add data dl:15378185 fl:344311 sz:396466(396544) lv:100.3% dts:28.987 pts:29.112
2025-08-23 16:54:58.538 T:4073 info : Skipped 1 duplicate messages..
2025-08-23 16:54:58.538 T:4073 debug : PrepareNextRender: frameOnScreen: 24.311 renderPts: 24.462 nextFramePts: 24.441 -> diff: 0.021 render: 1 forceNext: 0
2025-08-23 16:54:58.538 T:4073 debug : CAMLCodec::ReleaseFrame idx:586, drop:0
2025-08-23 16:54:58.539 T:4252 debug : CAMLCodec::AddData: skip add data dl:15378185 fl:344311 sz:396466(396544) lv:100.3% dts:28.987 pts:29.112
2025-08-23 16:54:58.568 T:4073 info : Skipped 15 duplicate messages..
2025-08-23 16:54:58.568 T:4073 debug : CAMLCodec::PollFrame elapsed:29.970ms
2025-08-23 16:54:58.572 T:4252 debug : CAMLCodec::AddData: skip add data dl:15377865 fl:344631 sz:396466(396544) lv:100.3% dts:28.987 pts:29.112
2025-08-23 16:54:58.573 T:4252 debug : CAMLCodec::DequeueBuffer: pts:24.691 idx:592
2025-08-23 16:54:58.573 T:4252 debug : CAMLCodec::GetPicture: index: 592, pts: 24.691, dur:41.000ms ar:1.78 elf:123ms
2025-08-23 16:54:58.573 T:4252 debug : CVideoPlayerVideo::OutputPicture - ttd:344ms pts:24.691 Clock:24.347 Level:5
2025-08-23 16:54:58.575 T:4252 debug : CAMLCodec::AddData: skip add data dl:15377609 fl:344887 sz:396466(396544) lv:100.3% dts:28.987 pts:29.112
2025-08-23 16:54:58.580 T:4073 info : Skipped 1 duplicate messages..
2025-08-23 16:54:58.580 T:4073 debug : PrepareNextRender: frameOnScreen: 24.353 renderPts: 24.504 nextFramePts: 24.483 -> diff: 0.021 render: 1 forceNext: 0
2025-08-23 16:54:58.580 T:4073 debug : CAMLCodec::ReleaseFrame idx:587, drop:0
2025-08-23 16:54:58.581 T:4252 debug : CAMLCodec::AddData: skip add data dl:15377609 fl:344887 sz:396466(396544) lv:100.3% dts:28.987 pts:29.112
2025-08-23 16:54:58.610 T:4073 info : Skipped 15 duplicate messages..
2025-08-23 16:54:58.610 T:4073 debug : CAMLCodec::PollFrame elapsed:30.374ms
2025-08-23 16:54:58.611 T:4252 debug : CAMLCodec::AddData: skip add data dl:15377289 fl:345207 sz:396466(396544) lv:100.3% dts:28.987 pts:29.112
2025-08-23 16:54:58.612 T:4252 debug : CAMLCodec::DequeueBuffer: pts:24.733 idx:593
2025-08-23 16:54:58.612 T:4252 debug : CAMLCodec::GetPicture: index: 593, pts: 24.733, dur:42.000ms ar:1.78 elf:38ms
2025-08-23 16:54:58.612 T:4252 debug : CVideoPlayerVideo::OutputPicture - ttd:347ms pts:24.733 Clock:24.385 Level:5
2025-08-23 16:54:58.614 T:4252 debug : CAMLCodec::AddData: skip add data dl:15377289 fl:345207 sz:396466(396544) lv:100.3% dts:28.987 pts:29.112
2025-08-23 16:54:58.616 T:4252 debug : CAMLCodec::AddData: skip add data dl:15377097 fl:345399 sz:396466(396544) lv:100.3% dts:28.987 pts:29.112
2025-08-23 16:54:58.619 T:4253 debug : CVideoPlayerAudio::OutputPacket: pts:25.170 curr_pts:24.368 clock:24.393 level:100
2025-08-23 16:54:58.623 T:4252 debug : CAMLCodec::AddData: skip add data dl:15377097 fl:345399 sz:396466(396544) lv:100.3% dts:28.987 pts:29.112
2025-08-23 16:54:58.624 T:4073 debug : PrepareNextRender: frameOnScreen: 24.398 renderPts: 24.549 nextFramePts: 24.524 -> diff: 0.025 render: 1 forceNext: 0
2025-08-23 16:54:58.625 T:4073 debug : CAMLCodec::ReleaseFrame idx:588, drop:0
2025-08-23 16:54:58.626 T:4252 debug : CAMLCodec::AddData: skip add data dl:15377097 fl:345399 sz:396466(396544) lv:100.3% dts:28.987 pts:29.112
2025-08-23 16:54:58.652 T:4073 info : Skipped 13 duplicate messages..
2025-08-23 16:54:58.652 T:4073 debug : CAMLCodec::PollFrame elapsed:26.965ms
2025-08-23 16:54:58.652 T:4252 debug : CAMLCodec::AddData: skip add data dl:15377097 fl:345399 sz:396466(396544) lv:100.3% dts:28.987 pts:29.112
2025-08-23 16:54:58.653 T:4252 debug : CAMLCodec::DequeueBuffer: pts:24.775 idx:594
2025-08-23 16:54:58.653 T:4252 debug : CAMLCodec::GetPicture: index: 594, pts: 24.775, dur:42.000ms ar:1.78 elf:41ms
2025-08-23 16:54:58.653 T:4252 debug : CVideoPlayerVideo::OutputPicture - ttd:348ms pts:24.775 Clock:24.427 Level:5
2025-08-23 16:54:58.655 T:4252 debug : CAMLCodec::AddData: skip add data dl:15376713 fl:345783 sz:396466(396544) lv:100.3% dts:28.987 pts:29.112
2025-08-23 16:54:58.660 T:4252 info : Skipped 1 duplicate messages..
2025-08-23 16:54:58.660 T:4252 debug : CAMLCodec::AddData: skip add data dl:15376521 fl:345975 sz:396466(396544) lv:100.3% dts:28.987 pts:29.112
2025-08-23 16:54:58.663 T:4073 info : Skipped 1 duplicate messages..
2025-08-23 16:54:58.663 T:4073 debug : PrepareNextRender: frameOnScreen: 24.436 renderPts: 24.587 nextFramePts: 24.566 -> diff: 0.021 render: 1 forceNext: 0
2025-08-23 16:54:58.663 T:4073 debug : CAMLCodec::ReleaseFrame idx:589, drop:0
2025-08-23 16:54:58.664 T:4252 debug : CAMLCodec::AddData: skip add data dl:15376521 fl:345975 sz:396466(396544) lv:100.3% dts:28.987 pts:29.112
2025-08-23 16:54:58.694 T:4073 info : Skipped 13 duplicate messages..
2025-08-23 16:54:58.694 T:4073 debug : CAMLCodec::PollFrame elapsed:30.317ms
2025-08-23 16:54:58.694 T:4252 debug : CAMLCodec::AddData: skip add data dl:15376137 fl:346359 sz:396466(396544) lv:100.3% dts:28.987 pts:29.112
2025-08-23 16:54:58.695 T:4252 debug : CAMLCodec::DequeueBuffer: pts:24.816 idx:595
2025-08-23 16:54:58.695 T:4252 debug : CAMLCodec::GetPicture: index: 595, pts: 24.816, dur:41.000ms ar:1.78 elf:42ms
2025-08-23 16:54:58.696 T:4252 debug : CVideoPlayerVideo::OutputPicture - ttd:347ms pts:24.816 Clock:24.469 Level:5
2025-08-23 16:54:58.698 T:4252 debug : CAMLCodec::AddData: skip add data dl:15376137 fl:346359 sz:396466(396544) lv:100.3% dts:28.987 pts:29.112
2025-08-23 16:54:58.700 T:4252 debug : CAMLCodec::AddData: skip add data dl:15375945 fl:346551 sz:396466(396544) lv:100.3% dts:28.987 pts:29.112
2025-08-23 16:54:58.705 T:4073 info : Skipped 1 duplicate messages..
2025-08-23 16:54:58.705 T:4073 debug : PrepareNextRender: frameOnScreen: 24.478 renderPts: 24.629 nextFramePts: 24.608 -> diff: 0.021 render: 1 forceNext: 0
2025-08-23 16:54:58.705 T:4252 debug : CAMLCodec::AddData: skip add data dl:15375945 fl:346551 sz:396466(396544) lv:100.3% dts:28.987 pts:29.112
2025-08-23 16:54:58.705 T:4073 debug : CAMLCodec::ReleaseFrame idx:590, drop:0
2025-08-23 16:54:58.707 T:4252 debug : CAMLCodec::AddData: skip add data dl:15375945 fl:346551 sz:396466(396544) lv:100.3% dts:28.987 pts:29.112
2025-08-23 16:54:58.720 T:4253 info : Skipped 6 duplicate messages..
2025-08-23 16:54:58.720 T:4253 debug : CVideoPlayerAudio::OutputPacket: pts:25.263 curr_pts:24.468 clock:24.493 level:100
2025-08-23 16:54:58.720 T:4252 debug : CAMLCodec::AddData: skip add data dl:15375945 fl:346551 sz:396466(396544) lv:100.3% dts:28.987 pts:29.112
2025-08-23 16:54:58.735 T:4252 info : Skipped 7 duplicate messages..
2025-08-23 16:54:58.735 T:4252 debug : CAMLCodec::DequeueBuffer: pts:24.858 idx:596
2025-08-23 16:54:58.735 T:4252 debug : CAMLCodec::GetPicture: index: 596, pts: 24.858, dur:42.000ms ar:1.78 elf:39ms
2025-08-23 16:54:58.735 T:4252 debug : CVideoPlayerVideo::OutputPicture - ttd:349ms pts:24.858 Clock:24.508 Level:5
2025-08-23 16:54:58.735 T:4073 debug : CAMLCodec::PollFrame elapsed:30.089ms
2025-08-23 16:54:58.737 T:4252 debug : CAMLCodec::AddData: skip add data dl:15375625 fl:346871 sz:396466(396544) lv:100.3% dts:28.987 pts:29.112
2025-08-23 16:54:58.742 T:4252 info : Skipped 1 duplicate messages..
2025-08-23 16:54:58.742 T:4252 debug : CAMLCodec::AddData: skip add data dl:15375369 fl:347127 sz:396466(396544) lv:100.3% dts:28.987 pts:29.112
2025-08-23 16:54:58.746 T:4073 info : Skipped 2 duplicate messages..
2025-08-23 16:54:58.746 T:4073 debug : PrepareNextRender: frameOnScreen: 24.520 renderPts: 24.671 nextFramePts: 24.650 -> diff: 0.021 render: 1 forceNext: 0
2025-08-23 16:54:58.747 T:4073 debug : CAMLCodec::ReleaseFrame idx:591, drop:0
2025-08-23 16:54:58.748 T:4252 debug : CAMLCodec::AddData: skip add data dl:15375369 fl:347127 sz:396466(396544) lv:100.3% dts:28.987 pts:29.112
2025-08-23 16:54:58.777 T:4073 info : Skipped 15 duplicate messages..
2025-08-23 16:54:58.777 T:4073 debug : CAMLCodec::PollFrame elapsed:30.121ms
2025-08-23 16:54:58.778 T:4252 debug : CAMLCodec::DequeueBuffer: pts:24.900 idx:597
2025-08-23 16:54:58.778 T:4252 debug : CAMLCodec::GetPicture: index: 597, pts: 24.900, dur:42.000ms ar:1.78 elf:42ms
2025-08-23 16:54:58.778 T:4252 debug : CVideoPlayerVideo::OutputPicture - ttd:348ms pts:24.900 Clock:24.551 Level:5
2025-08-23 16:54:58.780 T:4252 debug : CAMLCodec::AddData: skip add data dl:15375049 fl:347447 sz:396466(396544) lv:100.3% dts:28.987 pts:29.112
2025-08-23 16:54:58.784 T:4252 info : Skipped 1 duplicate messages..
