2025-08-23 16:54:45.702 T:4253 info : Skipped 13 duplicate messages..
2025-08-23 16:54:45.702 T:4253 debug : CVideoPlayerAudio::OutputPacket: pts:12.260 curr_pts:11.468 clock:11.492 level:62
2025-08-23 16:54:45.705 T:4252 debug : CAMLCodec::AddData: skip add data dl:15690281 fl:32215 sz:458134(458240) lv:102.7% dts:13.472 pts:13.597
2025-08-23 16:54:45.705 T:4073 debug : CAMLCodec::PollFrame elapsed:30.847ms
2025-08-23 16:54:45.706 T:4252 debug : CAMLCodec::DequeueBuffer: pts:11.845 idx:284
2025-08-23 16:54:45.706 T:4252 debug : CAMLCodec::GetPicture: index: 284, pts: 11.845, dur:42.000ms ar:1.78 elf:41ms
2025-08-23 16:54:45.707 T:4252 debug : CVideoPlayerVideo::OutputPicture - ttd:347ms pts:11.845 Clock:11.497 Level:5
2025-08-23 16:54:45.709 T:4252 debug : CAMLCodec::AddData: skip add data dl:15690281 fl:32215 sz:458134(458240) lv:102.7% dts:13.472 pts:13.597
2025-08-23 16:54:45.711 T:4252 debug : CAMLCodec::AddData: skip add data dl:15690089 fl:32407 sz:458134(458240) lv:102.7% dts:13.472 pts:13.597
2025-08-23 16:54:45.715 T:4073 info : Skipped 1 duplicate messages..
2025-08-23 16:54:45.715 T:4073 debug : PrepareNextRender: frameOnScreen: 11.506 renderPts: 11.657 nextFramePts: 11.637 -> diff: 0.020 render: 1 forceNext: 0
2025-08-23 16:54:45.716 T:4073 debug : CAMLCodec::ReleaseFrame idx:279, drop:0
2025-08-23 16:54:45.717 T:4252 debug : CAMLCodec::AddData: skip add data dl:15690089 fl:32407 sz:458134(458240) lv:102.7% dts:13.472 pts:13.597
2025-08-23 16:54:45.747 T:4073 info : Skipped 16 duplicate messages..
2025-08-23 16:54:45.747 T:4073 debug : CAMLCodec::PollFrame elapsed:30.988ms
2025-08-23 16:54:45.748 T:4252 debug : CAMLCodec::DequeueBuffer: pts:11.887 idx:285
2025-08-23 16:54:45.748 T:4252 debug : CAMLCodec::GetPicture: index: 285, pts: 11.887, dur:42.000ms ar:1.78 elf:41ms
2025-08-23 16:54:45.748 T:4252 debug : CVideoPlayerVideo::OutputPicture - ttd:348ms pts:11.887 Clock:11.539 Level:5
2025-08-23 16:54:45.750 T:4252 debug : CAMLCodec::AddData: skip add data dl:15689705 fl:32791 sz:458134(458240) lv:102.7% dts:13.472 pts:13.597
2025-08-23 16:54:45.758 T:4252 info : Skipped 2 duplicate messages..
2025-08-23 16:54:45.758 T:4252 debug : CAMLCodec::AddData: skip add data dl:15312425 fl:410071 sz:458134(458240) lv:100.3% dts:13.472 pts:13.597
2025-08-23 16:54:45.759 T:4073 debug : PrepareNextRender: frameOnScreen: 11.549 renderPts: 11.700 nextFramePts: 11.678 -> diff: 0.022 render: 1 forceNext: 0
2025-08-23 16:54:45.759 T:4073 debug : CAMLCodec::ReleaseFrame idx:280, drop:0
2025-08-23 16:54:45.760 T:4252 debug : CAMLCodec::AddData: skip add data dl:15312425 fl:410071 sz:458134(458240) lv:100.3% dts:13.472 pts:13.597
2025-08-23 16:54:45.789 T:4073 info : Skipped 15 duplicate messages..
2025-08-23 16:54:45.789 T:4073 debug : CAMLCodec::PollFrame elapsed:30.234ms
2025-08-23 16:54:45.790 T:4252 debug : CAMLCodec::DequeueBuffer: pts:11.929 idx:286
2025-08-23 16:54:45.790 T:4252 debug : CAMLCodec::GetPicture: index: 286, pts: 11.929, dur:42.000ms ar:1.78 elf:41ms
2025-08-23 16:54:45.790 T:4252 debug : CVideoPlayerVideo::OutputPicture - ttd:348ms pts:11.929 Clock:11.580 Level:5
2025-08-23 16:54:45.795 T:4252 debug : CAMLCodec::AddData: dl:15643625 fl:78871 sz:458134(458240) lv:99.5% dts:13.472 pts:13.597
2025-08-23 16:54:45.796 T:4252 debug : CAMLCodec::AddData: skip add data dl:15643519 fl:78977 sz:444472(444544) lv:102.3% dts:13.513 pts:13.555
2025-08-23 16:54:45.798 T:4252 debug : CAMLCodec::AddData: skip add data dl:15513599 fl:208897 sz:444472(444544) lv:101.5% dts:13.513 pts:13.555
2025-08-23 16:54:45.800 T:4073 debug : PrepareNextRender: frameOnScreen: 11.590 renderPts: 11.742 nextFramePts: 11.720 -> diff: 0.022 render: 1 forceNext: 0
2025-08-23 16:54:45.800 T:4073 debug : CAMLCodec::ReleaseFrame idx:281, drop:0
2025-08-23 16:54:45.800 T:4252 debug : CAMLCodec::AddData: skip add data dl:15513599 fl:208897 sz:444472(444544) lv:101.5% dts:13.513 pts:13.555
2025-08-23 16:54:45.802 T:4253 debug : CVideoPlayerAudio::OutputPacket: pts:12.353 curr_pts:11.568 clock:11.592 level:61
2025-08-23 16:54:45.805 T:4252 debug : CAMLCodec::AddData: skip add data dl:15513599 fl:208897 sz:444472(444544) lv:101.5% dts:13.513 pts:13.555
2025-08-23 16:54:45.831 T:4252 info : Skipped 13 duplicate messages..
2025-08-23 16:54:45.831 T:4252 debug : CAMLCodec::AddData: skip add data dl:15508543 fl:213953 sz:444472(444544) lv:101.4% dts:13.513 pts:13.555
2025-08-23 16:54:45.833 T:4252 debug : CAMLCodec::DequeueBuffer: pts:11.970 idx:287
2025-08-23 16:54:45.833 T:4252 debug : CAMLCodec::GetPicture: index: 287, pts: 11.970, dur:41.000ms ar:1.78 elf:42ms
2025-08-23 16:54:45.833 T:4252 debug : CVideoPlayerVideo::OutputPicture - ttd:346ms pts:11.970 Clock:11.623 Level:5
2025-08-23 16:54:45.835 T:4252 debug : CAMLCodec::AddData: skip add data dl:15508543 fl:213953 sz:444472(444544) lv:101.4% dts:13.513 pts:13.555
2025-08-23 16:54:45.835 T:4073 debug : CAMLCodec::PollFrame elapsed:35.271ms
2025-08-23 16:54:45.837 T:4252 debug : CAMLCodec::AddData: skip add data dl:15508543 fl:213953 sz:444472(444544) lv:101.4% dts:13.513 pts:13.555
2025-08-23 16:54:45.839 T:4252 debug : CAMLCodec::AddData: skip add data dl:15507903 fl:214593 sz:444472(444544) lv:101.4% dts:13.513 pts:13.555
2025-08-23 16:54:45.847 T:4250 info : Skipped 2 duplicate messages..
2025-08-23 16:54:45.847 T:4250 debug : CVideoPlayer::ProcessVideoData size:547867 dts:16.975 pts:17.184 dur:41.000ms, clock:11.637 level:43
2025-08-23 16:54:45.848 T:4073 debug : PrepareNextRender: frameOnScreen: 11.638 renderPts: 11.790 nextFramePts: 11.762 -> diff: 0.028 render: 1 forceNext: 0
2025-08-23 16:54:45.848 T:4252 debug : CAMLCodec::AddData: skip add data dl:15507903 fl:214593 sz:444472(444544) lv:101.4% dts:13.513 pts:13.555
2025-08-23 16:54:45.848 T:4073 debug : CAMLCodec::ReleaseFrame idx:282, drop:0
2025-08-23 16:54:45.853 T:4253 debug : CVideoPlayerAudio::OutputPacket: pts:12.445 curr_pts:11.619 clock:11.643 level:60
2025-08-23 16:54:45.853 T:4252 debug : CAMLCodec::AddData: skip add data dl:15507903 fl:214593 sz:444472(444544) lv:101.4% dts:13.513 pts:13.555
2025-08-23 16:54:45.876 T:4073 info : Skipped 8 duplicate messages..
2025-08-23 16:54:45.876 T:4073 debug : CAMLCodec::PollFrame elapsed:27.097ms
2025-08-23 16:54:45.876 T:4252 debug : CAMLCodec::AddData: skip add data dl:15507903 fl:214593 sz:444472(444544) lv:101.4% dts:13.513 pts:13.555
2025-08-23 16:54:45.886 T:4073 info : Skipped 4 duplicate messages..
2025-08-23 16:54:45.886 T:4073 debug : PrepareNextRender: frameOnScreen: 11.676 renderPts: 11.828 nextFramePts: 11.803 -> diff: 0.025 render: 1 forceNext: 0
2025-08-23 16:54:45.886 T:4073 debug : CAMLCodec::ReleaseFrame idx:283, drop:0
2025-08-23 16:54:45.887 T:4252 debug : CAMLCodec::AddData: skip add data dl:15507903 fl:214593 sz:444472(444544) lv:101.4% dts:13.513 pts:13.555
2025-08-23 16:54:45.914 T:4252 info : Skipped 14 duplicate messages..
2025-08-23 16:54:45.914 T:4252 debug : CAMLCodec::AddData: skip add data dl:15507455 fl:215041 sz:444472(444544) lv:101.4% dts:13.513 pts:13.555
2025-08-23 16:54:45.914 T:4073 debug : CAMLCodec::PollFrame elapsed:27.757ms
2025-08-23 16:54:45.915 T:4252 debug : CAMLCodec::DequeueBuffer: pts:12.012 idx:288
2025-08-23 16:54:45.915 T:4252 debug : CAMLCodec::GetPicture: index: 288, pts: 12.012, dur:42.000ms ar:1.78 elf:82ms
2025-08-23 16:54:45.915 T:4252 debug : CVideoPlayerVideo::OutputPicture - ttd:306ms pts:12.012 Clock:11.705 Level:4
2025-08-23 16:54:45.917 T:4252 debug : CAMLCodec::AddData: skip add data dl:15507455 fl:215041 sz:444472(444544) lv:101.4% dts:13.513 pts:13.555
2025-08-23 16:54:45.921 T:4252 info : Skipped 1 duplicate messages..
2025-08-23 16:54:45.921 T:4252 debug : CAMLCodec::AddData: skip add data dl:15507135 fl:215361 sz:444472(444544) lv:101.4% dts:13.513 pts:13.555
2025-08-23 16:54:45.925 T:4073 info : Skipped 1 duplicate messages..
2025-08-23 16:54:45.925 T:4073 debug : PrepareNextRender: frameOnScreen: 11.715 renderPts: 11.867 nextFramePts: 11.845 -> diff: 0.022 render: 1 forceNext: 0
2025-08-23 16:54:45.925 T:4073 debug : CAMLCodec::ReleaseFrame idx:284, drop:0
2025-08-23 16:54:45.925 T:4252 debug : CAMLCodec::AddData: skip add data dl:15507135 fl:215361 sz:444472(444544) lv:101.4% dts:13.513 pts:13.555
2025-08-23 16:54:45.952 T:4253 info : Skipped 14 duplicate messages..
2025-08-23 16:54:45.952 T:4253 debug : CVideoPlayerAudio::OutputPacket: pts:12.538 curr_pts:11.717 clock:11.743 level:59
2025-08-23 16:54:45.953 T:4252 debug : CAMLCodec::AddData: skip add data dl:15507135 fl:215361 sz:444472(444544) lv:101.4% dts:13.513 pts:13.555
2025-08-23 16:54:45.956 T:4073 info : Skipped 1 duplicate messages..
2025-08-23 16:54:45.956 T:4073 debug : CAMLCodec::PollFrame elapsed:30.917ms
2025-08-23 16:54:45.957 T:4252 debug : CAMLCodec::AddData: skip add data dl:15506815 fl:215681 sz:444472(444544) lv:101.4% dts:13.513 pts:13.555
2025-08-23 16:54:45.958 T:4252 debug : CAMLCodec::DequeueBuffer: pts:12.054 idx:289
2025-08-23 16:54:45.958 T:4252 debug : CAMLCodec::GetPicture: index: 289, pts: 12.054, dur:42.000ms ar:1.78 elf:43ms
2025-08-23 16:54:45.958 T:4252 debug : CVideoPlayerVideo::OutputPicture - ttd:305ms pts:12.054 Clock:11.748 Level:4
2025-08-23 16:54:45.960 T:4252 debug : CAMLCodec::AddData: skip add data dl:15506815 fl:215681 sz:444472(444544) lv:101.4% dts:13.513 pts:13.555
2025-08-23 16:54:45.965 T:4252 info : Skipped 1 duplicate messages..
2025-08-23 16:54:45.965 T:4252 debug : CAMLCodec::AddData: skip add data dl:15495935 fl:226561 sz:444472(444544) lv:101.3% dts:13.513 pts:13.555
2025-08-23 16:54:45.968 T:4073 info : Skipped 1 duplicate messages..
2025-08-23 16:54:45.967 T:4073 debug : PrepareNextRender: frameOnScreen: 11.758 renderPts: 11.910 nextFramePts: 11.887 -> diff: 0.023 render: 1 forceNext: 0
2025-08-23 16:54:45.968 T:4073 debug : CAMLCodec::ReleaseFrame idx:285, drop:0
2025-08-23 16:54:45.968 T:4252 debug : CAMLCodec::AddData: skip add data dl:15495935 fl:226561 sz:444472(444544) lv:101.3% dts:13.513 pts:13.555
2025-08-23 16:54:45.997 T:4252 info : Skipped 15 duplicate messages..
2025-08-23 16:54:45.997 T:4252 debug : CAMLCodec::AddData: skip add data dl:15494783 fl:227713 sz:444472(444544) lv:101.3% dts:13.513 pts:13.555
2025-08-23 16:54:45.998 T:4073 debug : CAMLCodec::PollFrame elapsed:29.643ms
2025-08-23 16:54:45.998 T:4252 debug : CAMLCodec::DequeueBuffer: pts:12.095 idx:290
2025-08-23 16:54:45.999 T:4252 debug : CAMLCodec::GetPicture: index: 290, pts: 12.095, dur:41.000ms ar:1.78 elf:40ms
2025-08-23 16:54:45.999 T:4252 debug : CVideoPlayerVideo::OutputPicture - ttd:306ms pts:12.095 Clock:11.789 Level:4
2025-08-23 16:54:46.001 T:4252 debug : CAMLCodec::AddData: skip add data dl:15494783 fl:227713 sz:444472(444544) lv:101.3% dts:13.513 pts:13.555
2025-08-23 16:54:46.007 T:4252 info : Skipped 1 duplicate messages..
2025-08-23 16:54:46.007 T:4252 debug : CAMLCodec::AddData: dl:15627327 fl:95169 sz:444472(444544) lv:99.4% dts:13.513 pts:13.555
2025-08-23 16:54:46.009 T:4252 debug : CAMLCodec::AddData: skip add data dl:15627255 fl:95241 sz:755524(755648) lv:104.2% dts:13.555 pts:13.680
2025-08-23 16:54:46.011 T:4250 debug : CVideoPlayer::ProcessVideoData size:472929 dts:17.017 pts:17.100 dur:41.000ms, clock:11.801 level:43
2025-08-23 16:54:46.013 T:4252 debug : CAMLCodec::AddData: skip add data dl:15627255 fl:95241 sz:755524(755648) lv:104.2% dts:13.555 pts:13.680
2025-08-23 16:54:46.013 T:4250 debug : CVideoPlayer::ProcessVideoData size:437810 dts:17.059 pts:17.059 dur:41.000ms, clock:11.803 level:100
2025-08-23 16:54:46.017 T:4252 debug : CAMLCodec::AddData: skip add data dl:15627255 fl:95241 sz:755524(755648) lv:104.2% dts:13.555 pts:13.680
2025-08-23 16:54:46.020 T:4073 debug : PrepareNextRender: frameOnScreen: 11.810 renderPts: 11.962 nextFramePts: 11.929 -> diff: 0.033 render: 1 forceNext: 0
2025-08-23 16:54:46.020 T:4073 debug : CAMLCodec::ReleaseFrame idx:286, drop:0
2025-08-23 16:54:46.020 T:4252 debug : CAMLCodec::AddData: skip add data dl:15627255 fl:95241 sz:755524(755648) lv:104.2% dts:13.555 pts:13.680
2025-08-23 16:54:46.039 T:4073 info : Skipped 6 duplicate messages..
2025-08-23 16:54:46.039 T:4073 debug : CAMLCodec::PollFrame elapsed:18.772ms
2025-08-23 16:54:46.041 T:4252 debug : CAMLCodec::AddData: skip add data dl:15623415 fl:99081 sz:755524(755648) lv:104.1% dts:13.555 pts:13.680
2025-08-23 16:54:46.042 T:4252 debug : CAMLCodec::DequeueBuffer: pts:12.137 idx:291
2025-08-23 16:54:46.042 T:4252 debug : CAMLCodec::GetPicture: index: 291, pts: 12.137, dur:42.000ms ar:1.78 elf:43ms
2025-08-23 16:54:46.042 T:4252 debug : CVideoPlayerVideo::OutputPicture - ttd:304ms pts:12.137 Clock:11.832 Level:4
2025-08-23 16:54:46.046 T:4252 debug : CAMLCodec::AddData: skip add data dl:15623415 fl:99081 sz:755524(755648) lv:104.1% dts:13.555 pts:13.680
2025-08-23 16:54:46.049 T:4252 debug : CAMLCodec::AddData: skip add data dl:15365367 fl:357129 sz:755524(755648) lv:102.5% dts:13.555 pts:13.680
2025-08-23 16:54:46.050 T:4073 debug : PrepareNextRender: frameOnScreen: 11.840 renderPts: 11.992 nextFramePts: 11.970 -> diff: 0.022 render: 1 forceNext: 0
2025-08-23 16:54:46.050 T:4073 debug : CAMLCodec::ReleaseFrame idx:287, drop:0
2025-08-23 16:54:46.051 T:4252 debug : CAMLCodec::AddData: skip add data dl:15365367 fl:357129 sz:755524(755648) lv:102.5% dts:13.555 pts:13.680
2025-08-23 16:54:46.053 T:4253 debug : CVideoPlayerAudio::OutputPacket: pts:12.631 curr_pts:11.818 clock:11.843 level:57
2025-08-23 16:54:46.055 T:4252 debug : CAMLCodec::AddData: skip add data dl:15365367 fl:357129 sz:755524(755648) lv:102.5% dts:13.555 pts:13.680
2025-08-23 16:54:46.081 T:4073 info : Skipped 14 duplicate messages..
2025-08-23 16:54:46.081 T:4073 debug : CAMLCodec::PollFrame elapsed:30.541ms
2025-08-23 16:54:46.082 T:4252 debug : CAMLCodec::AddData: skip add data dl:15364279 fl:358217 sz:755524(755648) lv:102.5% dts:13.555 pts:13.680
2025-08-23 16:54:46.084 T:4252 debug : CAMLCodec::DequeueBuffer: pts:12.179 idx:292
2025-08-23 16:54:46.084 T:4252 debug : CAMLCodec::GetPicture: index: 292, pts: 12.179, dur:42.000ms ar:1.78 elf:41ms
2025-08-23 16:54:46.084 T:4252 debug : CVideoPlayerVideo::OutputPicture - ttd:305ms pts:12.179 Clock:11.874 Level:4
2025-08-23 16:54:46.086 T:4252 debug : CAMLCodec::AddData: skip add data dl:15364279 fl:358217 sz:755524(755648) lv:102.5% dts:13.555 pts:13.680
2025-08-23 16:54:46.092 T:4252 info : Skipped 1 duplicate messages..
2025-08-23 16:54:46.092 T:4252 debug : CAMLCodec::AddData: skip add data dl:15003063 fl:719433 sz:755524(755648) lv:100.2% dts:13.555 pts:13.680
2025-08-23 16:54:46.094 T:4073 debug : PrepareNextRender: frameOnScreen: 11.884 renderPts: 12.036 nextFramePts: 12.012 -> diff: 0.024 render: 1 forceNext: 0
2025-08-23 16:54:46.094 T:4073 debug : CAMLCodec::ReleaseFrame idx:288, drop:0
2025-08-23 16:54:46.095 T:4252 debug : CAMLCodec::AddData: skip add data dl:15003063 fl:719433 sz:755524(755648) lv:100.2% dts:13.555 pts:13.680
2025-08-23 16:54:46.123 T:4073 info : Skipped 12 duplicate messages..
2025-08-23 16:54:46.123 T:4073 debug : CAMLCodec::PollFrame elapsed:28.229ms
2025-08-23 16:54:46.123 T:4252 debug : CAMLCodec::DequeueBuffer: pts:12.221 idx:293
2025-08-23 16:54:46.123 T:4252 debug : CAMLCodec::GetPicture: index: 293, pts: 12.221, dur:42.000ms ar:1.78 elf:39ms
2025-08-23 16:54:46.123 T:4252 debug : CVideoPlayerVideo::OutputPicture - ttd:308ms pts:12.221 Clock:11.913 Level:4
2025-08-23 16:54:46.125 T:4252 debug : CAMLCodec::AddData: skip add data dl:15001463 fl:721033 sz:755524(755648) lv:100.2% dts:13.555 pts:13.680
2025-08-23 16:54:46.134 T:4252 info : Skipped 1 duplicate messages..
2025-08-23 16:54:46.134 T:4252 debug : CAMLCodec::AddData: dl:15319415 fl:403081 sz:755524(755648) lv:97.4% dts:13.555 pts:13.680
2025-08-23 16:54:46.136 T:4252 debug : CAMLCodec::AddData: skip add data dl:15284663 fl:437833 sz:670965(671040) lv:101.4% dts:13.597 pts:14.014
2025-08-23 16:54:46.136 T:4250 debug : CVideoPlayer::ProcessVideoData size:441021 dts:17.100 pts:17.142 dur:41.000ms, clock:11.926 level:100
2025-08-23 16:54:46.137 T:4073 debug : PrepareNextRender: frameOnScreen: 11.927 renderPts: 12.079 nextFramePts: 12.054 -> diff: 0.025 render: 1 forceNext: 0
2025-08-23 16:54:46.137 T:4073 debug : CAMLCodec::ReleaseFrame idx:289, drop:0
2025-08-23 16:54:46.139 T:4252 debug : CAMLCodec::AddData: skip add data dl:15319291 fl:403205 sz:670965(671040) lv:101.7% dts:13.597 pts:14.014
2025-08-23 16:54:46.153 T:4253 info : Skipped 5 duplicate messages..
2025-08-23 16:54:46.153 T:4253 debug : CVideoPlayerAudio::OutputPacket: pts:12.725 curr_pts:11.918 clock:11.942 level:56
2025-08-23 16:54:46.154 T:4252 debug : CAMLCodec::AddData: skip add data dl:15319291 fl:403205 sz:670965(671040) lv:101.7% dts:13.597 pts:14.014
2025-08-23 16:54:46.164 T:4073 info : Skipped 4 duplicate messages..
2025-08-23 16:54:46.164 T:4073 debug : CAMLCodec::PollFrame elapsed:26.912ms
2025-08-23 16:54:46.165 T:4252 debug : CAMLCodec::AddData: skip add data dl:15209787 fl:512709 sz:670965(671040) lv:101.0% dts:13.597 pts:14.014
2025-08-23 16:54:46.167 T:4252 debug : CAMLCodec::DequeueBuffer: pts:12.262 idx:294
2025-08-23 16:54:46.167 T:4252 debug : CAMLCodec::GetPicture: index: 294, pts: 12.262, dur:41.000ms ar:1.78 elf:43ms
2025-08-23 16:54:46.167 T:4252 debug : CVideoPlayerVideo::OutputPicture - ttd:305ms pts:12.262 Clock:11.957 Level:4
2025-08-23 16:54:46.170 T:4252 debug : CAMLCodec::AddData: skip add data dl:15209787 fl:512709 sz:670965(671040) lv:101.0% dts:13.597 pts:14.014
2025-08-23 16:54:46.178 T:4073 info : Skipped 1 duplicate messages..
2025-08-23 16:54:46.178 T:4073 debug : PrepareNextRender: frameOnScreen: 11.967 renderPts: 12.119 nextFramePts: 12.095 -> diff: 0.024 render: 1 forceNext: 0
2025-08-23 16:54:46.178 T:4073 debug : CAMLCodec::ReleaseFrame idx:290, drop:0
2025-08-23 16:54:46.178 T:4252 debug : CAMLCodec::AddData: dl:15422203 fl:300293 sz:670965(671040) lv:98.1% dts:13.597 pts:14.014
2025-08-23 16:54:46.179 T:4252 debug : CAMLCodec::AddData: skip add data dl:15406523 fl:315973 sz:547799(547904) lv:101.4% dts:13.639 pts:13.847
2025-08-23 16:54:46.181 T:4252 debug : CAMLCodec::AddData: skip add data dl:15422128 fl:300368 sz:547799(547904) lv:101.5% dts:13.639 pts:13.847
2025-08-23 16:54:46.189 T:4250 info : Skipped 2 duplicate messages..
2025-08-23 16:54:46.189 T:4250 debug : CVideoPlayer::ProcessVideoData size:475225 dts:17.142 pts:17.267 dur:41.000ms, clock:11.978 level:43
2025-08-23 16:54:46.189 T:4252 debug : CAMLCodec::AddData: skip add data dl:15422128 fl:300368 sz:547799(547904) lv:101.5% dts:13.639 pts:13.847
2025-08-23 16:54:46.206 T:4073 info : Skipped 7 duplicate messages..
2025-08-23 16:54:46.206 T:4073 debug : CAMLCodec::PollFrame elapsed:28.374ms
2025-08-23 16:54:46.209 T:4252 debug : CAMLCodec::AddData: skip add data dl:15422128 fl:300368 sz:547799(547904) lv:101.5% dts:13.639 pts:13.847
2025-08-23 16:54:46.215 T:4073 info : Skipped 2 duplicate messages..
2025-08-23 16:54:46.215 T:4073 debug : PrepareNextRender: frameOnScreen: 12.005 renderPts: 12.157 nextFramePts: 12.137 -> diff: 0.020 render: 1 forceNext: 0
2025-08-23 16:54:46.215 T:4073 debug : CAMLCodec::ReleaseFrame idx:291, drop:0
2025-08-23 16:54:46.216 T:4252 debug : CAMLCodec::AddData: skip add data dl:15422128 fl:300368 sz:547799(547904) lv:101.5% dts:13.639 pts:13.847
2025-08-23 16:54:46.248 T:4073 info : Skipped 15 duplicate messages..
2025-08-23 16:54:46.248 T:4073 debug : CAMLCodec::PollFrame elapsed:32.487ms
2025-08-23 16:54:46.248 T:4252 debug : CAMLCodec::DequeueBuffer: pts:12.304 idx:295
2025-08-23 16:54:46.248 T:4252 debug : CAMLCodec::GetPicture: index: 295, pts: 12.304, dur:42.000ms ar:1.78 elf:81ms
2025-08-23 16:54:46.248 T:4252 debug : CVideoPlayerVideo::OutputPicture - ttd:265ms pts:12.304 Clock:12.038 Level:3
2025-08-23 16:54:46.250 T:4252 debug : CAMLCodec::AddData: skip add data dl:15411568 fl:310928 sz:547799(547904) lv:101.5% dts:13.639 pts:13.847
2025-08-23 16:54:46.253 T:4253 info : Skipped 1 duplicate messages..
2025-08-23 16:54:46.253 T:4253 debug : CVideoPlayerAudio::OutputPacket: pts:12.817 curr_pts:12.018 clock:12.042 level:55
2025-08-23 16:54:46.254 T:4252 debug : CAMLCodec::AddData: skip add data dl:15411568 fl:310928 sz:547799(547904) lv:101.5% dts:13.639 pts:13.847
2025-08-23 16:54:46.255 T:4073 debug : PrepareNextRender: frameOnScreen: 12.045 renderPts: 12.197 nextFramePts: 12.179 -> diff: 0.018 render: 1 forceNext: 0
2025-08-23 16:54:46.255 T:4073 debug : CAMLCodec::ReleaseFrame idx:292, drop:0
2025-08-23 16:54:46.259 T:4252 debug : CAMLCodec::AddData: dl:15570736 fl:151760 sz:547799(547904) lv:99.0% dts:13.639 pts:13.847
2025-08-23 16:54:46.259 T:4252 debug : CAMLCodec::DequeueBuffer: pts:12.346 idx:296
2025-08-23 16:54:46.259 T:4252 debug : CAMLCodec::GetPicture: index: 296, pts: 12.346, dur:42.000ms ar:1.78 elf:10ms
2025-08-23 16:54:46.259 T:4252 debug : CVideoPlayerVideo::OutputPicture - ttd:297ms pts:12.346 Clock:12.049 Level:3
2025-08-23 16:54:46.261 T:4252 debug : CAMLCodec::AddData: skip add data dl:15551431 fl:171065 sz:458905(459008) lv:101.8% dts:13.680 pts:13.764
2025-08-23 16:54:46.269 T:4252 info : Skipped 2 duplicate messages..
2025-08-23 16:54:46.269 T:4252 debug : CAMLCodec::AddData: dl:15620807 fl:101689 sz:458905(459008) lv:99.3% dts:13.680 pts:13.764
2025-08-23 16:54:46.271 T:4250 debug : CVideoPlayer::ProcessVideoData size:441704 dts:17.184 pts:17.226 dur:41.000ms, clock:12.060 level:43
2025-08-23 16:54:46.272 T:4250 debug : CVideoPlayer::ProcessVideoData size:436127 dts:17.226 pts:17.309 dur:41.000ms, clock:12.062 level:43
2025-08-23 16:54:46.272 T:4252 debug : CAMLCodec::AddData: skip add data dl:15620704 fl:101792 sz:445727(445824) lv:102.1% dts:13.722 pts:13.722
2025-08-23 16:54:46.290 T:4073 info : Skipped 8 duplicate messages..
2025-08-23 16:54:46.290 T:4073 debug : CAMLCodec::PollFrame elapsed:34.225ms
2025-08-23 16:54:46.290 T:4252 debug : CAMLCodec::DequeueBuffer: pts:12.387 idx:297
2025-08-23 16:54:46.290 T:4252 debug : CAMLCodec::GetPicture: index: 297, pts: 12.387, dur:41.000ms ar:1.78 elf:31ms
2025-08-23 16:54:46.290 T:4252 debug : CVideoPlayerVideo::OutputPicture - ttd:306ms pts:12.387 Clock:12.080 Level:4
2025-08-23 16:54:46.293 T:4252 debug : CAMLCodec::AddData: skip add data dl:15619872 fl:102624 sz:445727(445824) lv:102.1% dts:13.722 pts:13.722
2025-08-23 16:54:46.300 T:4073 info : Skipped 1 duplicate messages..
2025-08-23 16:54:46.300 T:4073 debug : PrepareNextRender: frameOnScreen: 12.090 renderPts: 12.242 nextFramePts: 12.221 -> diff: 0.021 render: 1 forceNext: 0
2025-08-23 16:54:46.301 T:4073 debug : CAMLCodec::ReleaseFrame idx:293, drop:0
2025-08-23 16:54:46.302 T:4252 debug : CAMLCodec::AddData: dl:15670496 fl:52000 sz:445727(445824) lv:99.6% dts:13.722 pts:13.722
2025-08-23 16:54:46.303 T:4250 debug : CVideoPlayer::ProcessAudioData size:9881 dts:17.369 pts:17.369 dur:92.000ms, clock:12.093 drop:0 level:55
2025-08-23 16:54:46.304 T:4252 debug : CAMLCodec::AddData: skip add data dl:15617888 fl:104608 sz:446453(446528) lv:102.1% dts:13.764 pts:13.805
2025-08-23 16:54:46.304 T:4250 debug : CVideoPlayer::ProcessAudioData size:9838 dts:17.461 pts:17.461 dur:92.000ms, clock:12.093 drop:0 level:56
2025-08-23 16:54:46.307 T:4252 debug : CAMLCodec::AddData: skip add data dl:15670399 fl:52097 sz:446453(446528) lv:102.5% dts:13.764 pts:13.805
2025-08-23 16:54:46.331 T:4073 info : Skipped 12 duplicate messages..
2025-08-23 16:54:46.331 T:4073 debug : CAMLCodec::PollFrame elapsed:30.704ms
2025-08-23 16:54:46.332 T:4252 debug : CAMLCodec::AddData: skip add data dl:15670399 fl:52097 sz:446453(446528) lv:102.5% dts:13.764 pts:13.805
2025-08-23 16:54:46.333 T:4252 debug : CAMLCodec::DequeueBuffer: pts:12.429 idx:298
2025-08-23 16:54:46.333 T:4252 debug : CAMLCodec::GetPicture: index: 298, pts: 12.429, dur:42.000ms ar:1.78 elf:42ms
2025-08-23 16:54:46.334 T:4252 debug : CVideoPlayerVideo::OutputPicture - ttd:305ms pts:12.429 Clock:12.123 Level:4
2025-08-23 16:54:46.336 T:4252 debug : CAMLCodec::AddData: skip add data dl:15669247 fl:53249 sz:446453(446528) lv:102.5% dts:13.764 pts:13.805
2025-08-23 16:54:46.341 T:4073 info : Skipped 2 duplicate messages..
2025-08-23 16:54:46.341 T:4073 debug : PrepareNextRender: frameOnScreen: 12.130 renderPts: 12.282 nextFramePts: 12.262 -> diff: 0.020 render: 1 forceNext: 0
2025-08-23 16:54:46.341 T:4073 debug : CAMLCodec::ReleaseFrame idx:294, drop:0
2025-08-23 16:54:46.344 T:4250 debug : CVideoPlayer::ProcessAudioData size:9931 dts:17.554 pts:17.554 dur:92.000ms, clock:12.134 drop:0 level:57
2025-08-23 16:54:46.347 T:4250 debug : CVideoPlayer::ProcessVideoData size:625921 dts:17.267 pts:17.643 dur:41.000ms, clock:12.137 level:43
2025-08-23 16:54:46.347 T:4252 debug : CAMLCodec::AddData: dl:15714239 fl:8257 sz:446453(446528) lv:99.9% dts:13.764 pts:13.805
2025-08-23 16:54:46.349 T:4252 debug : CAMLCodec::AddData: skip add data dl:15714164 fl:8332 sz:459294(459392) lv:102.8% dts:13.805 pts:13.931
2025-08-23 16:54:46.353 T:4253 info : Skipped 2 duplicate messages..
2025-08-23 16:54:46.353 T:4253 debug : CVideoPlayerAudio::OutputPacket: pts:12.910 curr_pts:12.118 clock:12.143 level:57
2025-08-23 16:54:46.355 T:4252 debug : CAMLCodec::AddData: skip add data dl:15714164 fl:8332 sz:459294(459392) lv:102.8% dts:13.805 pts:13.931
2025-08-23 16:54:46.373 T:4073 info : Skipped 8 duplicate messages..
2025-08-23 16:54:46.373 T:4073 debug : CAMLCodec::PollFrame elapsed:32.285ms
2025-08-23 16:54:46.375 T:4252 debug : CAMLCodec::AddData: skip add data dl:15708916 fl:13580 sz:459294(459392) lv:102.8% dts:13.805 pts:13.931
2025-08-23 16:54:46.376 T:4252 debug : CAMLCodec::DequeueBuffer: pts:12.471 idx:299
2025-08-23 16:54:46.377 T:4252 debug : CAMLCodec::GetPicture: index: 299, pts: 12.471, dur:42.000ms ar:1.78 elf:42ms
2025-08-23 16:54:46.377 T:4252 debug : CVideoPlayerVideo::OutputPicture - ttd:304ms pts:12.471 Clock:12.166 Level:4
2025-08-23 16:54:46.380 T:4252 debug : CAMLCodec::AddData: skip add data dl:15708916 fl:13580 sz:459294(459392) lv:102.8% dts:13.805 pts:13.931
2025-08-23 16:54:46.383 T:4073 debug : PrepareNextRender: frameOnScreen: 12.172 renderPts: 12.324 nextFramePts: 12.304 -> diff: 0.020 render: 1 forceNext: 0
2025-08-23 16:54:46.383 T:4073 debug : CAMLCodec::ReleaseFrame idx:295, drop:0
2025-08-23 16:54:46.384 T:4252 debug : CAMLCodec::AddData: skip add data dl:15311092 fl:411404 sz:459294(459392) lv:100.3% dts:13.805 pts:13.931
2025-08-23 16:54:46.410 T:4250 info : Skipped 12 duplicate messages..
2025-08-23 16:54:46.410 T:4250 debug : CVideoPlayer::ProcessVideoData size:553936 dts:17.309 pts:17.517 dur:41.000ms, clock:12.199 level:43
2025-08-23 16:54:46.411 T:4252 debug : CAMLCodec::AddData: skip add data dl:15311092 fl:411404 sz:459294(459392) lv:100.3% dts:13.805 pts:13.931
2025-08-23 16:54:46.415 T:4073 info : Skipped 1 duplicate messages..
2025-08-23 16:54:46.415 T:4073 debug : CAMLCodec::PollFrame elapsed:32.102ms
2025-08-23 16:54:46.416 T:4252 debug : CAMLCodec::AddData: skip add data dl:15310196 fl:412300 sz:459294(459392) lv:100.3% dts:13.805 pts:13.931
2025-08-23 16:54:46.418 T:4252 debug : CAMLCodec::DequeueBuffer: pts:12.512 idx:300
2025-08-23 16:54:46.418 T:4252 debug : CAMLCodec::GetPicture: index: 300, pts: 12.512, dur:41.000ms ar:1.78 elf:41ms
2025-08-23 16:54:46.418 T:4252 debug : CVideoPlayerVideo::OutputPicture - ttd:304ms pts:12.512 Clock:12.208 Level:4
2025-08-23 16:54:46.419 T:4252 debug : CAMLCodec::DequeueBuffer: pts:12.554 idx:301
2025-08-23 16:54:46.419 T:4252 debug : CAMLCodec::GetPicture: index: 301, pts: 12.554, dur:42.000ms ar:1.78 elf:1ms
2025-08-23 16:54:46.419 T:4252 debug : CVideoPlayerVideo::OutputPicture - ttd:345ms pts:12.554 Clock:12.209 Level:5
2025-08-23 16:54:46.420 T:4073 debug : PrepareNextRender: frameOnScreen: 12.210 renderPts: 12.362 nextFramePts: 12.346 -> diff: 0.016 render: 1 forceNext: 0
2025-08-23 16:54:46.420 T:4073 debug : CAMLCodec::ReleaseFrame idx:296, drop:0
2025-08-23 16:54:46.421 T:4252 debug : CAMLCodec::DequeueBuffer: pts:12.596 idx:302
2025-08-23 16:54:46.421 T:4252 debug : CAMLCodec::GetPicture: index: 302, pts: 12.596, dur:42.000ms ar:1.78 elf:1ms
2025-08-23 16:54:46.421 T:4252 debug : CVideoPlayerVideo::OutputPicture - ttd:385ms pts:12.596 Clock:12.210 Level:5
2025-08-23 16:54:46.422 T:4252 debug : CAMLCodec::DequeueBuffer: pts:12.638 idx:303
2025-08-23 16:54:46.422 T:4252 debug : CAMLCodec::GetPicture: index: 303, pts: 12.638, dur:42.000ms ar:1.78 elf:1ms
2025-08-23 16:54:46.422 T:4252 debug : CVideoPlayerVideo::OutputPicture - ttd:426ms pts:12.638 Clock:12.212 Level:6
2025-08-23 16:54:46.424 T:4252 debug : CAMLCodec::AddData: skip add data dl:15310196 fl:412300 sz:459294(459392) lv:100.3% dts:13.805 pts:13.931
2025-08-23 16:54:46.431 T:4252 info : Skipped 1 duplicate messages..
2025-08-23 16:54:46.431 T:4252 debug : CAMLCodec::AddData: dl:15166836 fl:555660 sz:459294(459392) lv:96.4% dts:13.805 pts:13.931
2025-08-23 16:54:46.436 T:4252 debug : CAMLCodec::AddData: dl:15444562 fl:277934 sz:448150(448256) lv:98.2% dts:13.847 pts:13.889
2025-08-23 16:54:46.437 T:4252 debug : CAMLCodec::AddData: skip add data dl:15444456 fl:278040 sz:443237(443328) lv:101.0% dts:13.889 pts:13.972
2025-08-23 16:54:46.442 T:4250 info : Skipped 1 duplicate messages..
2025-08-23 16:54:46.442 T:4250 debug : CVideoPlayer::ProcessVideoData size:482541 dts:17.351 pts:17.434 dur:41.000ms, clock:12.232 level:43
2025-08-23 16:54:46.447 T:4252 debug : CAMLCodec::AddData: dl:15317160 fl:405336 sz:443237(443328) lv:97.4% dts:13.889 pts:13.972
2025-08-23 16:54:46.449 T:4252 debug : CAMLCodec::AddData: skip add data dl:15317069 fl:405427 sz:684086(684160) lv:101.7% dts:13.931 pts:14.348
2025-08-23 16:54:46.453 T:4253 info : Skipped 1 duplicate messages..
2025-08-23 16:54:46.453 T:4253 debug : CVideoPlayerAudio::OutputPacket: pts:13.003 curr_pts:12.218 clock:12.243 level:56
2025-08-23 16:54:46.456 T:4252 debug : CAMLCodec::AddData: skip add data dl:15317069 fl:405427 sz:684086(684160) lv:101.7% dts:13.931 pts:14.348
2025-08-23 16:54:46.457 T:4073 debug : CAMLCodec::PollFrame elapsed:36.195ms
2025-08-23 16:54:46.458 T:4250 debug : CVideoPlayer::ProcessVideoData size:444782 dts:17.392 pts:17.392 dur:41.000ms, clock:12.247 level:43
2025-08-23 16:54:46.460 T:4252 debug : CAMLCodec::AddData: skip add data dl:15169293 fl:553203 sz:684086(684160) lv:100.8% dts:13.931 pts:14.348
2025-08-23 16:54:46.461 T:4250 debug : CVideoPlayer::ProcessVideoData size:445713 dts:17.434 pts:17.476 dur:41.000ms, clock:12.251 level:100
2025-08-23 16:54:46.465 T:4252 debug : CAMLCodec::AddData: skip add data dl:15169293 fl:553203 sz:684086(684160) lv:100.8% dts:13.931 pts:14.348
2025-08-23 16:54:46.467 T:4073 debug : PrepareNextRender: frameOnScreen: 12.256 renderPts: 12.408 nextFramePts: 12.387 -> diff: 0.021 render: 1 forceNext: 0
2025-08-23 16:54:46.467 T:4073 debug : CAMLCodec::ReleaseFrame idx:297, drop:0
2025-08-23 16:54:46.472 T:4252 debug : CAMLCodec::AddData: dl:15333133 fl:389363 sz:684086(684160) lv:97.5% dts:13.931 pts:14.348
2025-08-23 16:54:46.474 T:4252 debug : CAMLCodec::AddData: skip add data dl:15333059 fl:389437 sz:563345(563456) lv:101.1% dts:13.972 pts:14.181
2025-08-23 16:54:46.495 T:4250 info : Skipped 9 duplicate messages..
2025-08-23 16:54:46.495 T:4250 debug : CVideoPlayer::ProcessVideoData size:481732 dts:17.476 pts:17.601 dur:41.000ms, clock:12.284 level:100
2025-08-23 16:54:46.497 T:4252 debug : CAMLCodec::AddData: skip add data dl:15333059 fl:389437 sz:563345(563456) lv:101.1% dts:13.972 pts:14.181
2025-08-23 16:54:46.498 T:4073 debug : CAMLCodec::PollFrame elapsed:30.945ms
2025-08-23 16:54:46.499 T:4252 debug : CAMLCodec::AddData: skip add data dl:15333059 fl:389437 sz:563345(563456) lv:101.1% dts:13.972 pts:14.181
2025-08-23 16:54:46.501 T:4252 debug : CAMLCodec::AddData: skip add data dl:15304451 fl:418045 sz:563345(563456) lv:100.9% dts:13.972 pts:14.181
2025-08-23 16:54:46.505 T:4253 info : Skipped 1 duplicate messages..
2025-08-23 16:54:46.505 T:4253 debug : CVideoPlayerAudio::OutputPacket: pts:13.096 curr_pts:12.268 clock:12.294 level:55
2025-08-23 16:54:46.505 T:4252 debug : CAMLCodec::AddData: skip add data dl:15304451 fl:418045 sz:563345(563456) lv:100.9% dts:13.972 pts:14.181
2025-08-23 16:54:46.515 T:4252 info : Skipped 2 duplicate messages..
2025-08-23 16:54:46.514 T:4252 debug : CAMLCodec::AddData: dl:15421315 fl:301181 sz:563345(563456) lv:98.0% dts:13.972 pts:14.181
2025-08-23 16:54:46.516 T:4252 debug : CAMLCodec::AddData: skip add data dl:15421204 fl:301292 sz:481159(481280) lv:101.1% dts:14.014 pts:14.097
2025-08-23 16:54:46.516 T:4250 debug : CVideoPlayer::ProcessVideoData size:438162 dts:17.517 pts:17.559 dur:41.000ms, clock:12.306 level:100
2025-08-23 16:54:46.517 T:4073 debug : PrepareNextRender: frameOnScreen: 12.307 renderPts: 12.459 nextFramePts: 12.429 -> diff: 0.030 render: 1 forceNext: 0
2025-08-23 16:54:46.517 T:4073 debug : CAMLCodec::ReleaseFrame idx:298, drop:0
2025-08-23 16:54:46.518 T:4252 debug : CAMLCodec::AddData: skip add data dl:15421204 fl:301292 sz:481159(481280) lv:101.1% dts:14.014 pts:14.097
2025-08-23 16:54:46.537 T:4250 info : Skipped 10 duplicate messages..
2025-08-23 16:54:46.537 T:4250 debug : CVideoPlayer::ProcessAudioData size:9853 dts:17.647 pts:17.647 dur:92.000ms, clock:12.326 drop:0 level:55
2025-08-23 16:54:46.539 T:4252 debug : CAMLCodec::AddData: skip add data dl:15421204 fl:301292 sz:481159(481280) lv:101.1% dts:14.014 pts:14.097
2025-08-23 16:54:46.540 T:4073 debug : CAMLCodec::PollFrame elapsed:22.537ms
2025-08-23 16:54:46.541 T:4252 debug : CAMLCodec::AddData: skip add data dl:15421204 fl:301292 sz:481159(481280) lv:101.1% dts:14.014 pts:14.097
2025-08-23 16:54:46.544 T:4252 debug : CAMLCodec::AddData: skip add data dl:15411860 fl:310636 sz:481159(481280) lv:101.0% dts:14.014 pts:14.097
2025-08-23 16:54:46.545 T:4252 debug : CAMLCodec::DequeueBuffer: pts:12.679 idx:304
2025-08-23 16:54:46.545 T:4252 debug : CAMLCodec::GetPicture: index: 304, pts: 12.679, dur:41.000ms ar:1.78 elf:122ms
2025-08-23 16:54:46.545 T:4252 debug : CVideoPlayerVideo::OutputPicture - ttd:344ms pts:12.679 Clock:12.335 Level:5
2025-08-23 16:54:46.549 T:4252 debug : CAMLCodec::AddData: skip add data dl:15411860 fl:310636 sz:481159(481280) lv:101.0% dts:14.014 pts:14.097
2025-08-23 16:54:46.550 T:4073 debug : PrepareNextRender: frameOnScreen: 12.339 renderPts: 12.491 nextFramePts: 12.471 -> diff: 0.020 render: 1 forceNext: 0
2025-08-23 16:54:46.550 T:4073 debug : CAMLCodec::ReleaseFrame idx:299, drop:0
2025-08-23 16:54:46.554 T:4250 debug : CVideoPlayer::ProcessVideoData size:790187 dts:17.559 pts:17.684 dur:41.000ms, clock:12.343 level:44
2025-08-23 16:54:46.554 T:4252 debug : CAMLCodec::AddData: dl:15449748 fl:272748 sz:481159(481280) lv:98.2% dts:14.014 pts:14.097
2025-08-23 16:54:46.559 T:4252 debug : CAMLCodec::AddData: dl:15611668 fl:110828 sz:446527(446592) lv:99.3% dts:14.056 pts:14.056
2025-08-23 16:54:46.561 T:4252 debug : CAMLCodec::AddData: skip add data dl:15722496 fl:0 sz:449551(449664) lv:100.0% dts:14.097 pts:14.139
2025-08-23 16:54:46.582 T:4073 info : Skipped 10 duplicate messages..
2025-08-23 16:54:46.582 T:4073 debug : CAMLCodec::PollFrame elapsed:31.985ms
2025-08-23 16:54:46.583 T:4252 debug : CAMLCodec::AddData: skip add data dl:15721088 fl:1408 sz:449551(449664) lv:102.8% dts:14.097 pts:14.139
2025-08-23 16:54:46.584 T:4252 debug : CAMLCodec::DequeueBuffer: pts:12.721 idx:305
2025-08-23 16:54:46.584 T:4252 debug : CAMLCodec::GetPicture: index: 305, pts: 12.721, dur:42.000ms ar:1.78 elf:38ms
2025-08-23 16:54:46.584 T:4252 debug : CVideoPlayerVideo::OutputPicture - ttd:347ms pts:12.721 Clock:12.374 Level:5
2025-08-23 16:54:46.586 T:4252 debug : CAMLCodec::AddData: skip add data dl:15721088 fl:1408 sz:449551(449664) lv:102.8% dts:14.097 pts:14.139
2025-08-23 16:54:46.596 T:4250 info : Skipped 3 duplicate messages..
2025-08-23 16:54:46.596 T:4250 debug : CVideoPlayer::ProcessAudioData size:9409 dts:17.740 pts:17.740 dur:92.000ms, clock:12.386 drop:0 level:56
2025-08-23 16:54:46.597 T:4250 debug : CVideoPlayer::ProcessAudioData size:8820 dts:17.832 pts:17.832 dur:92.000ms, clock:12.386 drop:0 level:57
2025-08-23 16:54:46.597 T:4252 debug : CAMLCodec::AddData: dl:15726656 fl:-4160 sz:449551(449664) lv:100.0% dts:14.097 pts:14.139
2025-08-23 16:54:46.597 T:4250 debug : CVideoPlayer::ProcessAudioData size:8261 dts:17.925 pts:17.925 dur:92.000ms, clock:12.386 drop:0 level:59
2025-08-23 16:54:46.598 T:4252 debug : CAMLCodec::AddData: skip add data dl:15722496 fl:0 sz:492958(493056) lv:100.0% dts:14.139 pts:14.264
2025-08-23 16:54:46.602 T:4250 info : Skipped 1 duplicate messages..
2025-08-23 16:54:46.602 T:4250 debug : CVideoPlayer::ProcessVideoData size:649996 dts:17.601 pts:18.018 dur:41.000ms, clock:12.391 level:43
2025-08-23 16:54:46.603 T:4252 debug : CAMLCodec::AddData: skip add data dl:15722496 fl:0 sz:492958(493056) lv:100.0% dts:14.139 pts:14.264
2025-08-23 16:54:46.603 T:4073 debug : PrepareNextRender: frameOnScreen: 12.393 renderPts: 12.545 nextFramePts: 12.512 -> diff: 0.033 render: 1 forceNext: 0
2025-08-23 16:54:46.604 T:4073 debug : CAMLCodec::ReleaseFrame idx:300, drop:0
2025-08-23 16:54:46.605 T:4253 debug : CVideoPlayerAudio::OutputPacket: pts:13.189 curr_pts:12.370 clock:12.394 level:59
2025-08-23 16:54:46.606 T:4252 debug : CAMLCodec::AddData: skip add data dl:15722496 fl:0 sz:492958(493056) lv:100.0% dts:14.139 pts:14.264
2025-08-23 16:54:46.624 T:4073 info : Skipped 8 duplicate messages..
2025-08-23 16:54:46.624 T:4073 debug : CAMLCodec::PollFrame elapsed:19.405ms
2025-08-23 16:54:46.624 T:4252 debug : CAMLCodec::AddData: skip add data dl:15720896 fl:1600 sz:492958(493056) lv:103.1% dts:14.139 pts:14.264
2025-08-23 16:54:46.625 T:4252 debug : CAMLCodec::DequeueBuffer: pts:12.763 idx:306
2025-08-23 16:54:46.625 T:4252 debug : CAMLCodec::GetPicture: index: 306, pts: 12.763, dur:42.000ms ar:1.78 elf:41ms
2025-08-23 16:54:46.626 T:4252 debug : CVideoPlayerVideo::OutputPicture - ttd:348ms pts:12.763 Clock:12.415 Level:5
2025-08-23 16:54:46.628 T:4252 debug : CAMLCodec::AddData: skip add data dl:15720896 fl:1600 sz:492958(493056) lv:103.1% dts:14.139 pts:14.264
2025-08-23 16:54:46.639 T:4252 info : Skipped 2 duplicate messages..
2025-08-23 16:54:46.639 T:4252 debug : CAMLCodec::AddData: skip add data dl:15261952 fl:460544 sz:492958(493056) lv:100.2% dts:14.139 pts:14.264
2025-08-23 16:54:46.641 T:4073 info : Skipped 1 duplicate messages..
2025-08-23 16:54:46.641 T:4073 debug : PrepareNextRender: frameOnScreen: 12.431 renderPts: 12.583 nextFramePts: 12.554 -> diff: 0.029 render: 1 forceNext: 0
2025-08-23 16:54:46.642 T:4073 debug : CAMLCodec::ReleaseFrame idx:301, drop:0
2025-08-23 16:54:46.643 T:4252 debug : CAMLCodec::AddData: skip add data dl:15261952 fl:460544 sz:492958(493056) lv:100.2% dts:14.139 pts:14.264
2025-08-23 16:54:46.665 T:4073 info : Skipped 10 duplicate messages..
2025-08-23 16:54:46.665 T:4073 debug : CAMLCodec::PollFrame elapsed:23.708ms
2025-08-23 16:54:46.667 T:4252 debug : CAMLCodec::AddData: skip add data dl:15254592 fl:467904 sz:492958(493056) lv:100.1% dts:14.139 pts:14.264
2025-08-23 16:54:46.668 T:4252 debug : CAMLCodec::DequeueBuffer: pts:12.804 idx:307
2025-08-23 16:54:46.668 T:4252 debug : CAMLCodec::GetPicture: index: 307, pts: 12.804, dur:41.000ms ar:1.78 elf:42ms
2025-08-23 16:54:46.668 T:4252 debug : CVideoPlayerVideo::OutputPicture - ttd:346ms pts:12.804 Clock:12.457 Level:5
2025-08-23 16:54:46.671 T:4252 debug : CAMLCodec::AddData: skip add data dl:15254592 fl:467904 sz:492958(493056) lv:100.1% dts:14.139 pts:14.264
2025-08-23 16:54:46.672 T:4073 debug : PrepareNextRender: frameOnScreen: 12.461 renderPts: 12.613 nextFramePts: 12.596 -> diff: 0.017 render: 1 forceNext: 0
2025-08-23 16:54:46.672 T:4073 debug : CAMLCodec::ReleaseFrame idx:302, drop:0
2025-08-23 16:54:46.674 T:4252 debug : CAMLCodec::AddData: skip add data dl:15254592 fl:467904 sz:492958(493056) lv:100.1% dts:14.139 pts:14.264
2025-08-23 16:54:46.678 T:4252 debug : CAMLCodec::AddData: dl:15297856 fl:424640 sz:492958(493056) lv:97.3% dts:14.139 pts:14.264
2025-08-23 16:54:46.680 T:4252 debug : CAMLCodec::AddData: skip add data dl:15475463 fl:247033 sz:448404(448512) lv:101.2% dts:14.181 pts:14.223
2025-08-23 16:54:46.703 T:4253 info : Skipped 13 duplicate messages..
2025-08-23 16:54:46.703 T:4253 debug : CVideoPlayerAudio::OutputPacket: pts:13.281 curr_pts:12.468 clock:12.493 level:57
2025-08-23 16:54:46.705 T:4252 debug : CAMLCodec::AddData: skip add data dl:15475463 fl:247033 sz:448404(448512) lv:101.2% dts:14.181 pts:14.223
2025-08-23 16:54:46.707 T:4073 info : Skipped 1 duplicate messages..
2025-08-23 16:54:46.707 T:4073 debug : CAMLCodec::PollFrame elapsed:35.595ms
2025-08-23 16:54:46.709 T:4252 debug : CAMLCodec::DequeueBuffer: pts:12.846 idx:308
2025-08-23 16:54:46.709 T:4252 debug : CAMLCodec::GetPicture: index: 308, pts: 12.846, dur:42.000ms ar:1.78 elf:41ms
2025-08-23 16:54:46.709 T:4252 debug : CVideoPlayerVideo::OutputPicture - ttd:347ms pts:12.846 Clock:12.498 Level:5
2025-08-23 16:54:46.712 T:4252 debug : CAMLCodec::AddData: skip add data dl:15474183 fl:248313 sz:448404(448512) lv:101.2% dts:14.181 pts:14.223
2025-08-23 16:54:46.720 T:4250 info : Skipped 1 duplicate messages..
2025-08-23 16:54:46.720 T:4250 debug : CVideoPlayer::ProcessVideoData size:553743 dts:17.643 pts:17.851 dur:41.000ms, clock:12.509 level:43
2025-08-23 16:54:46.720 T:4073 debug : PrepareNextRender: frameOnScreen: 12.509 renderPts: 12.661 nextFramePts: 12.638 -> diff: 0.023 render: 1 forceNext: 0
2025-08-23 16:54:46.720 T:4073 debug : CAMLCodec::ReleaseFrame idx:303, drop:0
2025-08-23 16:54:46.722 T:4252 debug : CAMLCodec::AddData: dl:15471047 fl:251449 sz:448404(448512) lv:98.4% dts:14.181 pts:14.223
2025-08-23 16:54:46.723 T:4252 debug : CAMLCodec::AddData: skip add data dl:15470939 fl:251557 sz:445702(445824) lv:101.2% dts:14.223 pts:14.306
2025-08-23 16:54:46.743 T:4250 info : Skipped 9 duplicate messages..
2025-08-23 16:54:46.743 T:4250 debug : CVideoPlayer::ProcessVideoData size:484854 dts:17.684 pts:17.768 dur:41.000ms, clock:12.532 level:100
2025-08-23 16:54:46.745 T:4252 debug : CAMLCodec::AddData: skip add data dl:15470939 fl:251557 sz:445702(445824) lv:101.2% dts:14.223 pts:14.306
2025-08-23 16:54:46.749 T:4073 info : Skipped 1 duplicate messages..
2025-08-23 16:54:46.749 T:4073 debug : CAMLCodec::PollFrame elapsed:28.855ms
2025-08-23 16:54:46.750 T:4252 debug : CAMLCodec::AddData: skip add data dl:15469531 fl:252965 sz:445702(445824) lv:101.2% dts:14.223 pts:14.306
2025-08-23 16:54:46.751 T:4252 debug : CAMLCodec::DequeueBuffer: pts:12.888 idx:309
2025-08-23 16:54:46.751 T:4252 debug : CAMLCodec::GetPicture: index: 309, pts: 12.888, dur:42.000ms ar:1.78 elf:41ms
2025-08-23 16:54:46.751 T:4252 debug : CVideoPlayerVideo::OutputPicture - ttd:347ms pts:12.888 Clock:12.540 Level:5
2025-08-23 16:54:46.755 T:4252 debug : CAMLCodec::AddData: skip add data dl:15469531 fl:252965 sz:445702(445824) lv:101.2% dts:14.223 pts:14.306
2025-08-23 16:54:46.762 T:4073 info : Skipped 1 duplicate messages..
2025-08-23 16:54:46.762 T:4073 debug : PrepareNextRender: frameOnScreen: 12.551 renderPts: 12.703 nextFramePts: 12.679 -> diff: 0.024 render: 1 forceNext: 0
2025-08-23 16:54:46.762 T:4073 debug : CAMLCodec::ReleaseFrame idx:304, drop:0
2025-08-23 16:54:46.765 T:4252 debug : CAMLCodec::AddData: dl:15408411 fl:314085 sz:445702(445824) lv:98.0% dts:14.223 pts:14.306
2025-08-23 16:54:46.766 T:4252 debug : CAMLCodec::AddData: skip add data dl:15408289 fl:314207 sz:639925(640000) lv:102.0% dts:14.264 pts:14.640
2025-08-23 16:54:46.786 T:4250 info : Skipped 9 duplicate messages..
2025-08-23 16:54:46.786 T:4250 debug : CVideoPlayer::ProcessVideoData size:444785 dts:17.726 pts:17.726 dur:41.000ms, clock:12.575 level:100
2025-08-23 16:54:46.787 T:4252 debug : CAMLCodec::AddData: skip add data dl:15408289 fl:314207 sz:639925(640000) lv:102.0% dts:14.264 pts:14.640
2025-08-23 16:54:46.788 T:4250 debug : CVideoPlayer::ProcessVideoData size:444051 dts:17.768 pts:17.809 dur:41.000ms, clock:12.577 level:100
2025-08-23 16:54:46.790 T:4252 debug : CAMLCodec::AddData: skip add data dl:15408289 fl:314207 sz:639925(640000) lv:102.0% dts:14.264 pts:14.640
2025-08-23 16:54:46.791 T:4073 debug : CAMLCodec::PollFrame elapsed:28.380ms
2025-08-23 16:54:46.793 T:4252 debug : CAMLCodec::AddData: skip add data dl:15297249 fl:425247 sz:639925(640000) lv:101.3% dts:14.264 pts:14.640
2025-08-23 16:54:46.794 T:4252 debug : CAMLCodec::DequeueBuffer: pts:12.930 idx:310
2025-08-23 16:54:46.794 T:4252 debug : CAMLCodec::GetPicture: index: 310, pts: 12.930, dur:42.000ms ar:1.78 elf:43ms
2025-08-23 16:54:46.794 T:4252 debug : CVideoPlayerVideo::OutputPicture - ttd:346ms pts:12.930 Clock:12.583 Level:5
2025-08-23 16:54:46.797 T:4073 debug : PrepareNextRender: frameOnScreen: 12.586 renderPts: 12.738 nextFramePts: 12.721 -> diff: 0.017 render: 1 forceNext: 0
2025-08-23 16:54:46.798 T:4073 debug : CAMLCodec::ReleaseFrame idx:305, drop:0
2025-08-23 16:54:46.798 T:4252 debug : CAMLCodec::AddData: skip add data dl:15297249 fl:425247 sz:639925(640000) lv:101.3% dts:14.264 pts:14.640
2025-08-23 16:54:46.804 T:4253 info : Skipped 1 duplicate messages..
2025-08-23 16:54:46.804 T:4253 debug : CVideoPlayerAudio::OutputPacket: pts:13.375 curr_pts:12.568 clock:12.593 level:56
2025-08-23 16:54:46.807 T:4252 debug : CAMLCodec::AddData: dl:15419937 fl:302559 sz:639925(640000) lv:98.0% dts:14.264 pts:14.640
2025-08-23 16:54:46.809 T:4252 debug : CAMLCodec::AddData: skip add data dl:15419862 fl:302634 sz:560616(560704) lv:101.6% dts:14.306 pts:14.514
2025-08-23 16:54:46.810 T:4250 debug : CVideoPlayer::ProcessVideoData size:474209 dts:17.809 pts:17.935 dur:41.000ms, clock:12.599 level:43
2025-08-23 16:54:46.810 T:4252 debug : CAMLCodec::AddData: skip add data dl:15419862 fl:302634 sz:560616(560704) lv:101.6% dts:14.306 pts:14.514
2025-08-23 16:54:46.833 T:4073 info : Skipped 10 duplicate messages..
2025-08-23 16:54:46.833 T:4073 debug : CAMLCodec::PollFrame elapsed:34.985ms
2025-08-23 16:54:46.834 T:4252 debug : CAMLCodec::AddData: skip add data dl:15404758 fl:317738 sz:560616(560704) lv:101.5% dts:14.306 pts:14.514
2025-08-23 16:54:46.835 T:4252 debug : CAMLCodec::DequeueBuffer: pts:12.971 idx:311
2025-08-23 16:54:46.836 T:4252 debug : CAMLCodec::GetPicture: index: 311, pts: 12.971, dur:41.000ms ar:1.78 elf:40ms
2025-08-23 16:54:46.836 T:4252 debug : CVideoPlayerVideo::OutputPicture - ttd:346ms pts:12.971 Clock:12.625 Level:5
2025-08-23 16:54:46.840 T:4252 debug : CAMLCodec::AddData: skip add data dl:15404758 fl:317738 sz:560616(560704) lv:101.5% dts:14.306 pts:14.514
2025-08-23 16:54:46.848 T:4252 info : Skipped 1 duplicate messages..
2025-08-23 16:54:46.848 T:4252 debug : CAMLCodec::AddData: dl:15506518 fl:215978 sz:560616(560704) lv:98.6% dts:14.306 pts:14.514
2025-08-23 16:54:46.848 T:4073 debug : PrepareNextRender: frameOnScreen: 12.637 renderPts: 12.789 nextFramePts: 12.763 -> diff: 0.026 render: 1 forceNext: 0
2025-08-23 16:54:46.848 T:4073 debug : CAMLCodec::ReleaseFrame idx:306, drop:0
2025-08-23 16:54:46.849 T:4252 debug : CAMLCodec::AddData: skip add data dl:15506430 fl:216066 sz:487698(487808) lv:101.7% dts:14.348 pts:14.431
2025-08-23 16:54:46.852 T:4250 info : Skipped 1 duplicate messages..
2025-08-23 16:54:46.852 T:4250 debug : CVideoPlayer::ProcessVideoData size:442905 dts:17.851 pts:17.893 dur:41.000ms, clock:12.641 level:100
2025-08-23 16:54:46.853 T:4252 debug : CAMLCodec::AddData: skip add data dl:15506430 fl:216066 sz:487698(487808) lv:101.7% dts:14.348 pts:14.431
2025-08-23 16:54:46.874 T:4073 info : Skipped 10 duplicate messages..
2025-08-23 16:54:46.874 T:4073 debug : CAMLCodec::PollFrame elapsed:25.867ms
2025-08-23 16:54:46.875 T:4252 debug : CAMLCodec::AddData: skip add data dl:15506430 fl:216066 sz:487698(487808) lv:101.7% dts:14.348 pts:14.431
2025-08-23 16:54:46.885 T:4073 info : Skipped 3 duplicate messages..
2025-08-23 16:54:46.885 T:4073 debug : PrepareNextRender: frameOnScreen: 12.674 renderPts: 12.826 nextFramePts: 12.804 -> diff: 0.022 render: 1 forceNext: 0
2025-08-23 16:54:46.885 T:4073 debug : CAMLCodec::ReleaseFrame idx:307, drop:0
2025-08-23 16:54:46.886 T:4252 debug : CAMLCodec::AddData: skip add data dl:15506430 fl:216066 sz:487698(487808) lv:101.7% dts:14.348 pts:14.431
2025-08-23 16:54:46.904 T:4253 info : Skipped 8 duplicate messages..
2025-08-23 16:54:46.904 T:4253 debug : CVideoPlayerAudio::OutputPacket: pts:13.467 curr_pts:12.668 clock:12.693 level:55
2025-08-23 16:54:46.905 T:4252 debug : CAMLCodec::AddData: skip add data dl:15506430 fl:216066 sz:487698(487808) lv:101.7% dts:14.348 pts:14.431
2025-08-23 16:54:46.916 T:4073 info : Skipped 5 duplicate messages..
2025-08-23 16:54:46.916 T:4073 debug : CAMLCodec::PollFrame elapsed:30.766ms
2025-08-23 16:54:46.918 T:4252 debug : CAMLCodec::AddData: skip add data dl:15499134 fl:223362 sz:487698(487808) lv:101.6% dts:14.348 pts:14.431
2025-08-23 16:54:46.920 T:4252 debug : CAMLCodec::DequeueBuffer: pts:13.013 idx:312
2025-08-23 16:54:46.920 T:4252 debug : CAMLCodec::GetPicture: index: 312, pts: 13.013, dur:42.000ms ar:1.78 elf:83ms
2025-08-23 16:54:46.920 T:4252 debug : CVideoPlayerVideo::OutputPicture - ttd:304ms pts:13.013 Clock:12.709 Level:4
2025-08-23 16:54:46.922 T:4252 debug : CAMLCodec::AddData: skip add data dl:15499134 fl:223362 sz:487698(487808) lv:101.6% dts:14.348 pts:14.431
2025-08-23 16:54:46.930 T:4073 info : Skipped 1 duplicate messages..
2025-08-23 16:54:46.930 T:4073 debug : PrepareNextRender: frameOnScreen: 12.719 renderPts: 12.871 nextFramePts: 12.846 -> diff: 0.025 render: 1 forceNext: 0
2025-08-23 16:54:46.930 T:4073 debug : CAMLCodec::ReleaseFrame idx:308, drop:0
2025-08-23 16:54:46.931 T:4252 debug : CAMLCodec::AddData: dl:15535870 fl:186626 sz:487698(487808) lv:98.8% dts:14.348 pts:14.431
