2025-08-23 16:55:00.249 T:4252 debug : CAMLCodec::AddData: skip add data dl:15353737 fl:368759 sz:396466(396544) lv:100.1% dts:28.987 pts:29.112
2025-08-23 16:55:00.271 T:4253 info : Skipped 12 duplicate messages..
2025-08-23 16:55:00.271 T:4253 debug : CVideoPlayerAudio::OutputPacket: pts:26.842 curr_pts:26.018 clock:26.043 level:83
2025-08-23 16:55:00.272 T:4252 debug : CAMLCodec::AddData: skip add data dl:15353737 fl:368759 sz:396466(396544) lv:100.1% dts:28.987 pts:29.112
2025-08-23 16:55:00.281 T:4073 info : Skipped 4 duplicate messages..
2025-08-23 16:55:00.280 T:4073 debug : CAMLCodec::PollFrame elapsed:32.077ms
2025-08-23 16:55:00.282 T:4252 debug : CAMLCodec::AddData: skip add data dl:15353737 fl:368759 sz:396466(396544) lv:100.1% dts:28.987 pts:29.112
2025-08-23 16:55:00.284 T:4252 debug : CAMLCodec::AddData: skip add data dl:15353417 fl:369079 sz:396466(396544) lv:100.1% dts:28.987 pts:29.112
2025-08-23 16:55:00.285 T:4252 debug : CAMLCodec::DequeueBuffer: pts:26.318 idx:631
2025-08-23 16:55:00.285 T:4252 debug : CAMLCodec::GetPicture: index: 631, pts: 26.318, dur:42.000ms ar:1.78 elf:85ms
2025-08-23 16:55:00.285 T:4252 debug : CVideoPlayerVideo::OutputPicture - ttd:261ms pts:26.318 Clock:26.057 Level:3
2025-08-23 16:55:00.288 T:4252 debug : CAMLCodec::AddData: skip add data dl:15353417 fl:369079 sz:396466(396544) lv:100.1% dts:28.987 pts:29.112
2025-08-23 16:55:00.290 T:4252 debug : CAMLCodec::AddData: skip add data dl:15353161 fl:369335 sz:396466(396544) lv:100.1% dts:28.987 pts:29.112
2025-08-23 16:55:00.292 T:4252 debug : CAMLCodec::AddData: skip add data dl:15352841 fl:369655 sz:396466(396544) lv:100.1% dts:28.987 pts:29.112
2025-08-23 16:55:00.293 T:4252 debug : CAMLCodec::DequeueBuffer: pts:26.360 idx:632
2025-08-23 16:55:00.293 T:4252 debug : CAMLCodec::GetPicture: index: 632, pts: 26.360, dur:42.000ms ar:1.78 elf:7ms
2025-08-23 16:55:00.293 T:4252 debug : CVideoPlayerVideo::OutputPicture - ttd:295ms pts:26.360 Clock:26.064 Level:4
2025-08-23 16:55:00.293 T:4073 debug : PrepareNextRender: frameOnScreen: 26.065 renderPts: 26.215 nextFramePts: 26.193 -> diff: 0.022 render: 1 forceNext: 0
2025-08-23 16:55:00.293 T:4073 debug : CAMLCodec::ReleaseFrame idx:628, drop:0
2025-08-23 16:55:00.294 T:4252 debug : CAMLCodec::DequeueBuffer: pts:26.401 idx:633
2025-08-23 16:55:00.294 T:4252 debug : CAMLCodec::GetPicture: index: 633, pts: 26.401, dur:41.000ms ar:1.78 elf:1ms
2025-08-23 16:55:00.294 T:4252 debug : CVideoPlayerVideo::OutputPicture - ttd:335ms pts:26.401 Clock:26.066 Level:4
2025-08-23 16:55:00.295 T:4252 debug : CAMLCodec::DequeueBuffer: pts:26.443 idx:634
2025-08-23 16:55:00.295 T:4252 debug : CAMLCodec::GetPicture: index: 634, pts: 26.443, dur:42.000ms ar:1.78 elf:1ms
2025-08-23 16:55:00.295 T:4252 debug : CVideoPlayerVideo::OutputPicture - ttd:376ms pts:26.443 Clock:26.067 Level:5
2025-08-23 16:55:00.297 T:4252 debug : CAMLCodec::DequeueBuffer: pts:26.485 idx:635
2025-08-23 16:55:00.297 T:4252 debug : CAMLCodec::GetPicture: index: 635, pts: 26.485, dur:42.000ms ar:1.78 elf:1ms
2025-08-23 16:55:00.297 T:4252 debug : CVideoPlayerVideo::OutputPicture - ttd:417ms pts:26.485 Clock:26.068 Level:6
2025-08-23 16:55:00.298 T:4252 debug : CAMLCodec::AddData: skip add data dl:15350665 fl:371831 sz:396466(396544) lv:100.1% dts:28.987 pts:29.112
2025-08-23 16:55:00.302 T:4252 info : Skipped 1 duplicate messages..
2025-08-23 16:55:00.302 T:4252 debug : CAMLCodec::AddData: skip add data dl:15349641 fl:372855 sz:396466(396544) lv:100.1% dts:28.987 pts:29.112
2025-08-23 16:55:00.308 T:4252 info : Skipped 2 duplicate messages..
2025-08-23 16:55:00.308 T:4252 debug : CAMLCodec::AddData: skip add data dl:15349449 fl:373047 sz:396466(396544) lv:100.1% dts:28.987 pts:29.112
2025-08-23 16:55:00.323 T:4073 info : Skipped 8 duplicate messages..
2025-08-23 16:55:00.323 T:4073 debug : CAMLCodec::PollFrame elapsed:29.829ms
2025-08-23 16:55:00.325 T:4252 debug : CAMLCodec::AddData: skip add data dl:15349065 fl:373431 sz:396466(396544) lv:100.1% dts:28.987 pts:29.112
2025-08-23 16:55:00.330 T:4073 info : Skipped 2 duplicate messages..
2025-08-23 16:55:00.330 T:4073 debug : PrepareNextRender: frameOnScreen: 26.102 renderPts: 26.251 nextFramePts: 26.235 -> diff: 0.016 render: 1 forceNext: 0
2025-08-23 16:55:00.331 T:4073 debug : CAMLCodec::ReleaseFrame idx:629, drop:0
2025-08-23 16:55:00.331 T:4252 debug : CAMLCodec::AddData: skip add data dl:15348873 fl:373623 sz:396466(396544) lv:100.1% dts:28.987 pts:29.112
2025-08-23 16:55:00.364 T:4073 info : Skipped 17 duplicate messages..
2025-08-23 16:55:00.364 T:4073 debug : CAMLCodec::PollFrame elapsed:32.975ms
2025-08-23 16:55:00.365 T:4252 debug : CAMLCodec::AddData: skip add data dl:15348873 fl:373623 sz:396466(396544) lv:100.1% dts:28.987 pts:29.112
2025-08-23 16:55:00.367 T:4252 debug : CAMLCodec::AddData: skip add data dl:15348553 fl:373943 sz:396466(396544) lv:100.1% dts:28.987 pts:29.112
2025-08-23 16:55:00.372 T:4252 info : Skipped 1 duplicate messages..
2025-08-23 16:55:00.372 T:4252 debug : CAMLCodec::AddData: skip add data dl:15348297 fl:374199 sz:396466(396544) lv:100.1% dts:28.987 pts:29.112
2025-08-23 16:55:00.372 T:4253 debug : CVideoPlayerAudio::OutputPacket: pts:26.935 curr_pts:26.118 clock:26.143 level:82
2025-08-23 16:55:00.376 T:4252 debug : CAMLCodec::AddData: skip add data dl:15348297 fl:374199 sz:396466(396544) lv:100.1% dts:28.987 pts:29.112
2025-08-23 16:55:00.379 T:4073 info : Skipped 1 duplicate messages..
2025-08-23 16:55:00.379 T:4073 debug : PrepareNextRender: frameOnScreen: 26.150 renderPts: 26.300 nextFramePts: 26.276 -> diff: 0.024 render: 1 forceNext: 0
2025-08-23 16:55:00.379 T:4073 debug : CAMLCodec::ReleaseFrame idx:630, drop:0
2025-08-23 16:55:00.380 T:4252 debug : CAMLCodec::AddData: skip add data dl:15348297 fl:374199 sz:396466(396544) lv:100.1% dts:28.987 pts:29.112
2025-08-23 16:55:00.406 T:4073 info : Skipped 13 duplicate messages..
2025-08-23 16:55:00.406 T:4073 debug : CAMLCodec::PollFrame elapsed:27.363ms
2025-08-23 16:55:00.406 T:4252 debug : CAMLCodec::DequeueBuffer: pts:26.526 idx:636
2025-08-23 16:55:00.406 T:4252 debug : CAMLCodec::GetPicture: index: 636, pts: 26.526, dur:41.000ms ar:1.78 elf:109ms
2025-08-23 16:55:00.406 T:4252 debug : CVideoPlayerVideo::OutputPicture - ttd:348ms pts:26.526 Clock:26.178 Level:5
2025-08-23 16:55:00.409 T:4252 debug : CAMLCodec::AddData: skip add data dl:15347977 fl:374519 sz:396466(396544) lv:100.1% dts:28.987 pts:29.112
2025-08-23 16:55:00.413 T:4252 info : Skipped 1 duplicate messages..
2025-08-23 16:55:00.413 T:4252 debug : CAMLCodec::AddData: skip add data dl:15347721 fl:374775 sz:396466(396544) lv:100.1% dts:28.987 pts:29.112
2025-08-23 16:55:00.417 T:4073 info : Skipped 1 duplicate messages..
2025-08-23 16:55:00.417 T:4073 debug : PrepareNextRender: frameOnScreen: 26.188 renderPts: 26.338 nextFramePts: 26.318 -> diff: 0.020 render: 1 forceNext: 0
2025-08-23 16:55:00.417 T:4073 debug : CAMLCodec::ReleaseFrame idx:631, drop:0
2025-08-23 16:55:00.418 T:4252 debug : CAMLCodec::AddData: skip add data dl:15347721 fl:374775 sz:396466(396544) lv:100.1% dts:28.987 pts:29.112
2025-08-23 16:55:00.447 T:4073 info : Skipped 15 duplicate messages..
2025-08-23 16:55:00.447 T:4073 debug : CAMLCodec::PollFrame elapsed:30.143ms
2025-08-23 16:55:00.448 T:4252 debug : CAMLCodec::AddData: skip add data dl:15347721 fl:374775 sz:396466(396544) lv:100.1% dts:28.987 pts:29.112
2025-08-23 16:55:00.450 T:4252 debug : CAMLCodec::DequeueBuffer: pts:26.568 idx:637
2025-08-23 16:55:00.450 T:4252 debug : CAMLCodec::GetPicture: index: 637, pts: 26.568, dur:42.000ms ar:1.78 elf:43ms
2025-08-23 16:55:00.450 T:4252 debug : CVideoPlayerVideo::OutputPicture - ttd:347ms pts:26.568 Clock:26.221 Level:5
2025-08-23 16:55:00.452 T:4252 debug : CAMLCodec::AddData: skip add data dl:15347401 fl:375095 sz:396466(396544) lv:100.1% dts:28.987 pts:29.112
2025-08-23 16:55:00.457 T:4252 info : Skipped 1 duplicate messages..
2025-08-23 16:55:00.457 T:4252 debug : CAMLCodec::AddData: skip add data dl:15347209 fl:375287 sz:396466(396544) lv:100.1% dts:28.987 pts:29.112
2025-08-23 16:55:00.458 T:4073 debug : PrepareNextRender: frameOnScreen: 26.229 renderPts: 26.379 nextFramePts: 26.360 -> diff: 0.019 render: 1 forceNext: 0
2025-08-23 16:55:00.459 T:4073 debug : CAMLCodec::ReleaseFrame idx:632, drop:0
2025-08-23 16:55:00.459 T:4252 debug : CAMLCodec::AddData: skip add data dl:15347209 fl:375287 sz:396466(396544) lv:100.1% dts:28.987 pts:29.112
2025-08-23 16:55:00.472 T:4253 info : Skipped 6 duplicate messages..
2025-08-23 16:55:00.472 T:4253 debug : CVideoPlayerAudio::OutputPacket: pts:27.028 curr_pts:26.218 clock:26.243 level:81
2025-08-23 16:55:00.473 T:4252 debug : CAMLCodec::AddData: skip add data dl:15347209 fl:375287 sz:396466(396544) lv:100.1% dts:28.987 pts:29.112
2025-08-23 16:55:00.490 T:4073 info : Skipped 8 duplicate messages..
2025-08-23 16:55:00.490 T:4073 debug : CAMLCodec::PollFrame elapsed:30.935ms
2025-08-23 16:55:00.490 T:4252 debug : CAMLCodec::AddData: skip add data dl:15346825 fl:375671 sz:396466(396544) lv:100.1% dts:28.987 pts:29.112
2025-08-23 16:55:00.491 T:4252 debug : CAMLCodec::DequeueBuffer: pts:26.610 idx:638
2025-08-23 16:55:00.491 T:4252 debug : CAMLCodec::GetPicture: index: 638, pts: 26.610, dur:42.000ms ar:1.78 elf:41ms
2025-08-23 16:55:00.491 T:4252 debug : CVideoPlayerVideo::OutputPicture - ttd:347ms pts:26.610 Clock:26.262 Level:5
2025-08-23 16:55:00.493 T:4252 debug : CAMLCodec::AddData: skip add data dl:15346825 fl:375671 sz:396466(396544) lv:100.1% dts:28.987 pts:29.112
2025-08-23 16:55:00.496 T:4252 debug : CAMLCodec::AddData: skip add data dl:15346633 fl:375863 sz:396466(396544) lv:100.1% dts:28.987 pts:29.112
2025-08-23 16:55:00.501 T:4073 info : Skipped 2 duplicate messages..
2025-08-23 16:55:00.501 T:4073 debug : PrepareNextRender: frameOnScreen: 26.272 renderPts: 26.422 nextFramePts: 26.401 -> diff: 0.021 render: 1 forceNext: 0
2025-08-23 16:55:00.501 T:4073 debug : CAMLCodec::ReleaseFrame idx:633, drop:0
2025-08-23 16:55:00.502 T:4252 debug : CAMLCodec::AddData: skip add data dl:15346633 fl:375863 sz:396466(396544) lv:100.1% dts:28.987 pts:29.112
2025-08-23 16:55:00.531 T:4073 info : Skipped 15 duplicate messages..
2025-08-23 16:55:00.531 T:4073 debug : CAMLCodec::PollFrame elapsed:29.682ms
2025-08-23 16:55:00.532 T:4252 debug : CAMLCodec::AddData: skip add data dl:15346313 fl:376183 sz:396466(396544) lv:100.1% dts:28.987 pts:29.112
2025-08-23 16:55:00.534 T:4252 debug : CAMLCodec::DequeueBuffer: pts:26.652 idx:639
2025-08-23 16:55:00.534 T:4252 debug : CAMLCodec::GetPicture: index: 639, pts: 26.652, dur:42.000ms ar:1.78 elf:42ms
2025-08-23 16:55:00.534 T:4252 debug : CVideoPlayerVideo::OutputPicture - ttd:347ms pts:26.652 Clock:26.305 Level:5
2025-08-23 16:55:00.536 T:4252 debug : CAMLCodec::AddData: skip add data dl:15346313 fl:376183 sz:396466(396544) lv:100.1% dts:28.987 pts:29.112
2025-08-23 16:55:00.538 T:4252 debug : CAMLCodec::AddData: skip add data dl:15346057 fl:376439 sz:396466(396544) lv:100.1% dts:28.987 pts:29.112
2025-08-23 16:55:00.542 T:4073 info : Skipped 1 duplicate messages..
2025-08-23 16:55:00.542 T:4073 debug : PrepareNextRender: frameOnScreen: 26.313 renderPts: 26.462 nextFramePts: 26.443 -> diff: 0.019 render: 1 forceNext: 0
2025-08-23 16:55:00.542 T:4073 debug : CAMLCodec::ReleaseFrame idx:634, drop:0
2025-08-23 16:55:00.543 T:4252 debug : CAMLCodec::AddData: skip add data dl:15346057 fl:376439 sz:396466(396544) lv:100.1% dts:28.987 pts:29.112
2025-08-23 16:55:00.572 T:4253 info : Skipped 15 duplicate messages..
2025-08-23 16:55:00.572 T:4253 debug : CVideoPlayerAudio::OutputPacket: pts:27.121 curr_pts:26.318 clock:26.343 level:79
2025-08-23 16:55:00.573 T:4073 debug : CAMLCodec::PollFrame elapsed:30.863ms
2025-08-23 16:55:00.574 T:4252 debug : CAMLCodec::DequeueBuffer: pts:26.693 idx:640
2025-08-23 16:55:00.574 T:4252 debug : CAMLCodec::GetPicture: index: 640, pts: 26.693, dur:41.000ms ar:1.78 elf:40ms
2025-08-23 16:55:00.574 T:4252 debug : CVideoPlayerVideo::OutputPicture - ttd:347ms pts:26.693 Clock:26.345 Level:5
2025-08-23 16:55:00.576 T:4252 debug : CAMLCodec::AddData: skip add data dl:15345737 fl:376759 sz:396466(396544) lv:100.1% dts:28.987 pts:29.112
2025-08-23 16:55:00.581 T:4252 info : Skipped 1 duplicate messages..
2025-08-23 16:55:00.581 T:4252 debug : CAMLCodec::AddData: skip add data dl:15345481 fl:377015 sz:396466(396544) lv:100.1% dts:28.987 pts:29.112
2025-08-23 16:55:00.585 T:4073 info : Skipped 1 duplicate messages..
2025-08-23 16:55:00.585 T:4073 debug : PrepareNextRender: frameOnScreen: 26.356 renderPts: 26.506 nextFramePts: 26.485 -> diff: 0.021 render: 1 forceNext: 0
2025-08-23 16:55:00.585 T:4073 debug : CAMLCodec::ReleaseFrame idx:635, drop:0
2025-08-23 16:55:00.586 T:4252 debug : CAMLCodec::AddData: skip add data dl:15345481 fl:377015 sz:396466(396544) lv:100.1% dts:28.987 pts:29.112
2025-08-23 16:55:00.614 T:4073 info : Skipped 15 duplicate messages..
2025-08-23 16:55:00.614 T:4073 debug : CAMLCodec::PollFrame elapsed:29.265ms
2025-08-23 16:55:00.616 T:4252 debug : CAMLCodec::AddData: skip add data dl:15345161 fl:377335 sz:396466(396544) lv:100.1% dts:28.987 pts:29.112
2025-08-23 16:55:00.617 T:4252 debug : CAMLCodec::DequeueBuffer: pts:26.735 idx:641
2025-08-23 16:55:00.617 T:4252 debug : CAMLCodec::GetPicture: index: 641, pts: 26.735, dur:42.000ms ar:1.78 elf:42ms
2025-08-23 16:55:00.617 T:4252 debug : CVideoPlayerVideo::OutputPicture - ttd:346ms pts:26.735 Clock:26.388 Level:5
2025-08-23 16:55:00.620 T:4252 debug : CAMLCodec::AddData: skip add data dl:15345161 fl:377335 sz:396466(396544) lv:100.1% dts:28.987 pts:29.112
2025-08-23 16:55:00.627 T:4073 debug : PrepareNextRender: frameOnScreen: 26.398 renderPts: 26.548 nextFramePts: 26.526 -> diff: 0.022 render: 1 forceNext: 0
2025-08-23 16:55:00.628 T:4073 debug : CAMLCodec::ReleaseFrame idx:636, drop:0
2025-08-23 16:55:00.628 T:4252 debug : CAMLCodec::AddData: dl:15721481 fl:1015 sz:396466(396544) lv:100.0% dts:28.987 pts:29.112
2025-08-23 16:55:00.629 T:4252 debug : CAMLCodec::AddData: skip add data dl:15721403 fl:1093 sz:340111(340224) lv:102.1% dts:29.029 pts:29.071
2025-08-23 16:55:00.640 T:4250 info : Skipped 5 duplicate messages..
2025-08-23 16:55:00.640 T:4250 debug : CVideoPlayer::ProcessAudioData size:6612 dts:33.622 pts:33.622 dur:92.000ms, clock:26.411 drop:0 level:79
2025-08-23 16:55:00.640 T:4250 debug : CVideoPlayer::ProcessAudioData size:6927 dts:33.714 pts:33.714 dur:92.000ms, clock:26.411 drop:0 level:81
2025-08-23 16:55:00.640 T:4250 debug : CVideoPlayer::ProcessAudioData size:6531 dts:33.807 pts:33.807 dur:92.000ms, clock:26.411 drop:0 level:82
2025-08-23 16:55:00.643 T:4250 debug : CVideoPlayer::ProcessVideoData size:580823 dts:33.450 pts:33.867 dur:41.000ms, clock:26.414 level:55
2025-08-23 16:55:00.643 T:4252 debug : CAMLCodec::AddData: skip add data dl:15721403 fl:1093 sz:340111(340224) lv:102.1% dts:29.029 pts:29.071
2025-08-23 16:55:00.657 T:4073 info : Skipped 6 duplicate messages..
2025-08-23 16:55:00.657 T:4073 debug : CAMLCodec::PollFrame elapsed:29.586ms
2025-08-23 16:55:00.657 T:4252 debug : CAMLCodec::DequeueBuffer: pts:26.777 idx:642
2025-08-23 16:55:00.658 T:4252 debug : CAMLCodec::GetPicture: index: 642, pts: 26.777, dur:42.000ms ar:1.78 elf:40ms
2025-08-23 16:55:00.658 T:4252 debug : CVideoPlayerVideo::OutputPicture - ttd:348ms pts:26.777 Clock:26.428 Level:5
2025-08-23 16:55:00.660 T:4252 debug : CAMLCodec::AddData: skip add data dl:15715707 fl:6789 sz:340111(340224) lv:102.1% dts:29.029 pts:29.071
2025-08-23 16:55:00.664 T:4252 info : Skipped 1 duplicate messages..
2025-08-23 16:55:00.664 T:4252 debug : CAMLCodec::AddData: skip add data dl:15715387 fl:7109 sz:340111(340224) lv:102.1% dts:29.029 pts:29.071
2025-08-23 16:55:00.673 T:4253 info : Skipped 4 duplicate messages..
2025-08-23 16:55:00.673 T:4253 debug : CVideoPlayerAudio::OutputPacket: pts:27.214 curr_pts:26.419 clock:26.444 level:82
2025-08-23 16:55:00.674 T:4252 debug : CAMLCodec::AddData: skip add data dl:15715387 fl:7109 sz:340111(340224) lv:102.1% dts:29.029 pts:29.071
2025-08-23 16:55:00.684 T:4073 info : Skipped 4 duplicate messages..
2025-08-23 16:55:00.684 T:4073 debug : PrepareNextRender: frameOnScreen: 26.455 renderPts: 26.605 nextFramePts: 26.568 -> diff: 0.037 render: 1 forceNext: 0
2025-08-23 16:55:00.684 T:4073 debug : CAMLCodec::ReleaseFrame idx:637, drop:0
2025-08-23 16:55:00.686 T:4252 debug : CAMLCodec::AddData: skip add data dl:15715387 fl:7109 sz:340111(340224) lv:102.1% dts:29.029 pts:29.071
2025-08-23 16:55:00.702 T:4073 info : Skipped 9 duplicate messages..
2025-08-23 16:55:00.702 T:4073 debug : CAMLCodec::PollFrame elapsed:17.859ms
2025-08-23 16:55:00.703 T:4252 debug : CAMLCodec::DequeueBuffer: pts:26.818 idx:643
2025-08-23 16:55:00.703 T:4252 debug : CAMLCodec::GetPicture: index: 643, pts: 26.818, dur:41.000ms ar:1.78 elf:45ms
2025-08-23 16:55:00.703 T:4252 debug : CVideoPlayerVideo::OutputPicture - ttd:344ms pts:26.818 Clock:26.474 Level:5
2025-08-23 16:55:00.705 T:4252 debug : CAMLCodec::AddData: skip add data dl:15715067 fl:7429 sz:340111(340224) lv:102.1% dts:29.029 pts:29.071
2025-08-23 16:55:00.710 T:4073 info : Skipped 1 duplicate messages..
2025-08-23 16:55:00.710 T:4073 debug : PrepareNextRender: frameOnScreen: 26.481 renderPts: 26.631 nextFramePts: 26.610 -> diff: 0.021 render: 1 forceNext: 0
2025-08-23 16:55:00.710 T:4073 debug : CAMLCodec::ReleaseFrame idx:638, drop:0
2025-08-23 16:55:00.710 T:4252 debug : CAMLCodec::AddData: skip add data dl:15714811 fl:7685 sz:340111(340224) lv:102.1% dts:29.029 pts:29.071
2025-08-23 16:55:00.744 T:4073 info : Skipped 17 duplicate messages..
2025-08-23 16:55:00.743 T:4073 debug : CAMLCodec::PollFrame elapsed:33.119ms
2025-08-23 16:55:00.744 T:4252 debug : CAMLCodec::AddData: skip add data dl:15714811 fl:7685 sz:340111(340224) lv:102.1% dts:29.029 pts:29.071
2025-08-23 16:55:00.753 T:4073 info : Skipped 3 duplicate messages..
2025-08-23 16:55:00.753 T:4073 debug : PrepareNextRender: frameOnScreen: 26.524 renderPts: 26.673 nextFramePts: 26.652 -> diff: 0.021 render: 1 forceNext: 0
2025-08-23 16:55:00.753 T:4252 debug : CAMLCodec::AddData: skip add data dl:15714811 fl:7685 sz:340111(340224) lv:102.1% dts:29.029 pts:29.071
2025-08-23 16:55:00.753 T:4073 debug : CAMLCodec::ReleaseFrame idx:639, drop:0
2025-08-23 16:55:00.755 T:4252 debug : CAMLCodec::AddData: skip add data dl:15714811 fl:7685 sz:340111(340224) lv:102.1% dts:29.029 pts:29.071
2025-08-23 16:55:00.772 T:4253 info : Skipped 8 duplicate messages..
2025-08-23 16:55:00.772 T:4253 debug : CVideoPlayerAudio::OutputPacket: pts:27.307 curr_pts:26.518 clock:26.542 level:81
2025-08-23 16:55:00.775 T:4252 debug : CAMLCodec::AddData: skip add data dl:15714811 fl:7685 sz:340111(340224) lv:102.1% dts:29.029 pts:29.071
2025-08-23 16:55:00.782 T:4073 info : Skipped 3 duplicate messages..
2025-08-23 16:55:00.782 T:4073 debug : CAMLCodec::PollFrame elapsed:28.917ms
2025-08-23 16:55:00.782 T:4252 debug : CAMLCodec::AddData: skip add data dl:15714491 fl:8005 sz:340111(340224) lv:102.1% dts:29.029 pts:29.071
2025-08-23 16:55:00.784 T:4252 debug : CAMLCodec::DequeueBuffer: pts:26.860 idx:644
2025-08-23 16:55:00.784 T:4252 debug : CAMLCodec::GetPicture: index: 644, pts: 26.860, dur:42.000ms ar:1.78 elf:80ms
2025-08-23 16:55:00.784 T:4252 debug : CVideoPlayerVideo::OutputPicture - ttd:305ms pts:26.860 Clock:26.554 Level:4
2025-08-23 16:55:00.786 T:4252 debug : CAMLCodec::AddData: skip add data dl:15714491 fl:8005 sz:340111(340224) lv:102.1% dts:29.029 pts:29.071
2025-08-23 16:55:00.789 T:4252 debug : CAMLCodec::AddData: skip add data dl:15714235 fl:8261 sz:340111(340224) lv:102.1% dts:29.029 pts:29.071
2025-08-23 16:55:00.794 T:4073 info : Skipped 1 duplicate messages..
2025-08-23 16:55:00.794 T:4073 debug : PrepareNextRender: frameOnScreen: 26.564 renderPts: 26.714 nextFramePts: 26.693 -> diff: 0.021 render: 1 forceNext: 0
2025-08-23 16:55:00.794 T:4252 debug : CAMLCodec::AddData: skip add data dl:15714235 fl:8261 sz:340111(340224) lv:102.1% dts:29.029 pts:29.071
2025-08-23 16:55:00.794 T:4073 debug : CAMLCodec::ReleaseFrame idx:640, drop:0
2025-08-23 16:55:00.796 T:4252 debug : CAMLCodec::AddData: skip add data dl:15714235 fl:8261 sz:340111(340224) lv:102.1% dts:29.029 pts:29.071
2025-08-23 16:55:00.822 T:4253 info : Skipped 14 duplicate messages..
2025-08-23 16:55:00.822 T:4253 debug : CVideoPlayerAudio::OutputPacket: pts:27.399 curr_pts:26.569 clock:26.593 level:79
2025-08-23 16:55:00.823 T:4252 debug : CAMLCodec::AddData: skip add data dl:15714235 fl:8261 sz:340111(340224) lv:102.1% dts:29.029 pts:29.071
2025-08-23 16:55:00.824 T:4252 debug : CAMLCodec::DequeueBuffer: pts:26.902 idx:645
2025-08-23 16:55:00.824 T:4252 debug : CAMLCodec::GetPicture: index: 645, pts: 26.902, dur:42.000ms ar:1.78 elf:40ms
2025-08-23 16:55:00.825 T:4252 debug : CVideoPlayerVideo::OutputPicture - ttd:306ms pts:26.902 Clock:26.595 Level:4
2025-08-23 16:55:00.826 T:4073 debug : CAMLCodec::PollFrame elapsed:31.847ms
2025-08-23 16:55:00.827 T:4252 debug : CAMLCodec::AddData: skip add data dl:15713915 fl:8581 sz:340111(340224) lv:102.1% dts:29.029 pts:29.071
2025-08-23 16:55:00.831 T:4252 info : Skipped 1 duplicate messages..
2025-08-23 16:55:00.831 T:4252 debug : CAMLCodec::AddData: skip add data dl:15713595 fl:8901 sz:340111(340224) lv:102.1% dts:29.029 pts:29.071
2025-08-23 16:55:00.838 T:4073 info : Skipped 3 duplicate messages..
2025-08-23 16:55:00.838 T:4073 debug : PrepareNextRender: frameOnScreen: 26.608 renderPts: 26.758 nextFramePts: 26.735 -> diff: 0.023 render: 1 forceNext: 0
2025-08-23 16:55:00.838 T:4073 debug : CAMLCodec::ReleaseFrame idx:641, drop:0
2025-08-23 16:55:00.840 T:4252 debug : CAMLCodec::AddData: skip add data dl:15713595 fl:8901 sz:340111(340224) lv:102.1% dts:29.029 pts:29.071
2025-08-23 16:55:00.866 T:4073 info : Skipped 14 duplicate messages..
2025-08-23 16:55:00.866 T:4073 debug : CAMLCodec::PollFrame elapsed:27.314ms
2025-08-23 16:55:00.866 T:4252 debug : CAMLCodec::DequeueBuffer: pts:26.944 idx:646
2025-08-23 16:55:00.866 T:4252 debug : CAMLCodec::GetPicture: index: 646, pts: 26.944, dur:42.000ms ar:1.78 elf:41ms
2025-08-23 16:55:00.866 T:4252 debug : CVideoPlayerVideo::OutputPicture - ttd:307ms pts:26.944 Clock:26.637 Level:4
2025-08-23 16:55:00.868 T:4252 debug : CAMLCodec::AddData: skip add data dl:15713275 fl:9221 sz:340111(340224) lv:102.1% dts:29.029 pts:29.071
2025-08-23 16:55:00.874 T:4252 info : Skipped 1 duplicate messages..
2025-08-23 16:55:00.874 T:4252 debug : CAMLCodec::AddData: skip add data dl:15712187 fl:10309 sz:340111(340224) lv:102.1% dts:29.029 pts:29.071
2025-08-23 16:55:00.876 T:4073 debug : PrepareNextRender: frameOnScreen: 26.647 renderPts: 26.796 nextFramePts: 26.777 -> diff: 0.019 render: 1 forceNext: 0
2025-08-23 16:55:00.876 T:4073 debug : CAMLCodec::ReleaseFrame idx:642, drop:0
2025-08-23 16:55:00.876 T:4252 debug : CAMLCodec::AddData: skip add data dl:15712187 fl:10309 sz:340111(340224) lv:102.1% dts:29.029 pts:29.071
2025-08-23 16:55:00.907 T:4073 info : Skipped 17 duplicate messages..
2025-08-23 16:55:00.907 T:4073 debug : CAMLCodec::PollFrame elapsed:30.457ms
2025-08-23 16:55:00.908 T:4252 debug : CAMLCodec::AddData: skip add data dl:15711675 fl:10821 sz:340111(340224) lv:102.1% dts:29.029 pts:29.071
2025-08-23 16:55:00.909 T:4252 debug : CAMLCodec::DequeueBuffer: pts:26.985 idx:647
2025-08-23 16:55:00.909 T:4252 debug : CAMLCodec::GetPicture: index: 647, pts: 26.985, dur:41.000ms ar:1.78 elf:42ms
2025-08-23 16:55:00.909 T:4252 debug : CVideoPlayerVideo::OutputPicture - ttd:305ms pts:26.985 Clock:26.680 Level:4
2025-08-23 16:55:00.911 T:4252 debug : CAMLCodec::AddData: skip add data dl:15711675 fl:10821 sz:340111(340224) lv:102.1% dts:29.029 pts:29.071
2025-08-23 16:55:00.916 T:4252 info : Skipped 1 duplicate messages..
2025-08-23 16:55:00.916 T:4252 debug : CAMLCodec::AddData: skip add data dl:15711099 fl:11397 sz:340111(340224) lv:102.1% dts:29.029 pts:29.071
2025-08-23 16:55:00.919 T:4073 info : Skipped 1 duplicate messages..
2025-08-23 16:55:00.919 T:4073 debug : PrepareNextRender: frameOnScreen: 26.689 renderPts: 26.839 nextFramePts: 26.818 -> diff: 0.021 render: 1 forceNext: 0
2025-08-23 16:55:00.919 T:4073 debug : CAMLCodec::ReleaseFrame idx:643, drop:0
2025-08-23 16:55:00.920 T:4252 debug : CAMLCodec::AddData: skip add data dl:15711099 fl:11397 sz:340111(340224) lv:102.1% dts:29.029 pts:29.071
2025-08-23 16:55:00.922 T:4253 info : Skipped 1 duplicate messages..
2025-08-23 16:55:00.922 T:4253 debug : CVideoPlayerAudio::OutputPacket: pts:27.492 curr_pts:26.668 clock:26.693 level:78
2025-08-23 16:55:00.924 T:4252 debug : CAMLCodec::AddData: skip add data dl:15711099 fl:11397 sz:340111(340224) lv:102.1% dts:29.029 pts:29.071
2025-08-23 16:55:00.949 T:4073 info : Skipped 14 duplicate messages..
2025-08-23 16:55:00.949 T:4073 debug : CAMLCodec::PollFrame elapsed:29.490ms
2025-08-23 16:55:00.950 T:4252 debug : CAMLCodec::AddData: skip add data dl:15710715 fl:11781 sz:340111(340224) lv:102.0% dts:29.029 pts:29.071
2025-08-23 16:55:00.951 T:4252 debug : CAMLCodec::DequeueBuffer: pts:27.027 idx:648
2025-08-23 16:55:00.951 T:4252 debug : CAMLCodec::GetPicture: index: 648, pts: 27.027, dur:42.000ms ar:1.78 elf:42ms
2025-08-23 16:55:00.951 T:4252 debug : CVideoPlayerVideo::OutputPicture - ttd:305ms pts:27.027 Clock:26.722 Level:4
2025-08-23 16:55:00.953 T:4252 debug : CAMLCodec::AddData: skip add data dl:15710715 fl:11781 sz:340111(340224) lv:102.0% dts:29.029 pts:29.071
2025-08-23 16:55:00.959 T:4252 info : Skipped 1 duplicate messages..
2025-08-23 16:55:00.959 T:4252 debug : CAMLCodec::AddData: skip add data dl:15707323 fl:15173 sz:340111(340224) lv:102.0% dts:29.029 pts:29.071
2025-08-23 16:55:00.960 T:4073 debug : PrepareNextRender: frameOnScreen: 26.731 renderPts: 26.880 nextFramePts: 26.860 -> diff: 0.020 render: 1 forceNext: 0
2025-08-23 16:55:00.960 T:4073 debug : CAMLCodec::ReleaseFrame idx:644, drop:0
2025-08-23 16:55:00.961 T:4252 debug : CAMLCodec::AddData: skip add data dl:15707323 fl:15173 sz:340111(340224) lv:102.0% dts:29.029 pts:29.071
2025-08-23 16:55:00.991 T:4073 info : Skipped 15 duplicate messages..
2025-08-23 16:55:00.991 T:4073 debug : CAMLCodec::PollFrame elapsed:30.337ms
2025-08-23 16:55:00.991 T:4252 debug : CAMLCodec::AddData: skip add data dl:15706683 fl:15813 sz:340111(340224) lv:102.0% dts:29.029 pts:29.071
2025-08-23 16:55:00.992 T:4252 debug : CAMLCodec::DequeueBuffer: pts:27.069 idx:649
2025-08-23 16:55:00.992 T:4252 debug : CAMLCodec::GetPicture: index: 649, pts: 27.069, dur:42.000ms ar:1.78 elf:40ms
2025-08-23 16:55:00.992 T:4252 debug : CVideoPlayerVideo::OutputPicture - ttd:306ms pts:27.069 Clock:26.763 Level:4
2025-08-23 16:55:00.994 T:4252 debug : CAMLCodec::AddData: skip add data dl:15706683 fl:15813 sz:340111(340224) lv:102.0% dts:29.029 pts:29.071
2025-08-23 16:55:01.000 T:4252 info : Skipped 1 duplicate messages..
2025-08-23 16:55:01.000 T:4252 debug : CAMLCodec::AddData: skip add data dl:15523195 fl:199301 sz:340111(340224) lv:100.9% dts:29.029 pts:29.071
2025-08-23 16:55:01.001 T:4073 debug : PrepareNextRender: frameOnScreen: 26.772 renderPts: 26.922 nextFramePts: 26.902 -> diff: 0.020 render: 1 forceNext: 0
2025-08-23 16:55:01.001 T:4073 debug : CAMLCodec::ReleaseFrame idx:645, drop:0
2025-08-23 16:55:01.002 T:4252 debug : CAMLCodec::AddData: skip add data dl:15523195 fl:199301 sz:340111(340224) lv:100.9% dts:29.029 pts:29.071
2025-08-23 16:55:01.022 T:4253 info : Skipped 11 duplicate messages..
2025-08-23 16:55:01.022 T:4253 debug : CVideoPlayerAudio::OutputPacket: pts:27.585 curr_pts:26.768 clock:26.792 level:77
2025-08-23 16:55:01.024 T:4252 debug : CAMLCodec::AddData: skip add data dl:15523195 fl:199301 sz:340111(340224) lv:100.9% dts:29.029 pts:29.071
2025-08-23 16:55:01.033 T:4073 info : Skipped 4 duplicate messages..
2025-08-23 16:55:01.033 T:4073 debug : CAMLCodec::PollFrame elapsed:30.897ms
2025-08-23 16:55:01.033 T:4252 debug : CAMLCodec::AddData: skip add data dl:15460539 fl:261957 sz:340111(340224) lv:100.5% dts:29.029 pts:29.071
2025-08-23 16:55:01.034 T:4252 debug : CAMLCodec::DequeueBuffer: pts:27.110 idx:650
2025-08-23 16:55:01.034 T:4252 debug : CAMLCodec::GetPicture: index: 650, pts: 27.110, dur:41.000ms ar:1.78 elf:41ms
2025-08-23 16:55:01.034 T:4252 debug : CVideoPlayerVideo::OutputPicture - ttd:305ms pts:27.110 Clock:26.805 Level:4
2025-08-23 16:55:01.036 T:4252 debug : CAMLCodec::AddData: skip add data dl:15460539 fl:261957 sz:340111(340224) lv:100.5% dts:29.029 pts:29.071
2025-08-23 16:55:01.044 T:4252 info : Skipped 1 duplicate messages..
2025-08-23 16:55:01.044 T:4252 debug : CAMLCodec::AddData: dl:15628731 fl:93765 sz:340111(340224) lv:99.4% dts:29.029 pts:29.071
2025-08-23 16:55:01.045 T:4252 debug : CAMLCodec::AddData: skip add data dl:15628618 fl:93878 sz:335306(335424) lv:101.5% dts:29.071 pts:29.154
2025-08-23 16:55:01.045 T:4073 debug : PrepareNextRender: frameOnScreen: 26.815 renderPts: 26.965 nextFramePts: 26.944 -> diff: 0.021 render: 1 forceNext: 0
2025-08-23 16:55:01.045 T:4073 debug : CAMLCodec::ReleaseFrame idx:646, drop:0
2025-08-23 16:55:01.047 T:4252 debug : CAMLCodec::AddData: skip add data dl:15628618 fl:93878 sz:335306(335424) lv:101.5% dts:29.071 pts:29.154
2025-08-23 16:55:01.050 T:4250 debug : CVideoPlayer::ProcessVideoData size:451113 dts:33.492 pts:33.700 dur:41.000ms, clock:26.820 level:55
2025-08-23 16:55:01.050 T:4252 debug : CAMLCodec::AddData: skip add data dl:15628618 fl:93878 sz:335306(335424) lv:101.5% dts:29.071 pts:29.154
2025-08-23 16:55:01.076 T:4073 info : Skipped 12 duplicate messages..
2025-08-23 16:55:01.076 T:4073 debug : CAMLCodec::PollFrame elapsed:30.576ms
2025-08-23 16:55:01.077 T:4252 debug : CAMLCodec::AddData: skip add data dl:15628618 fl:93878 sz:335306(335424) lv:101.5% dts:29.071 pts:29.154
2025-08-23 16:55:01.088 T:4073 info : Skipped 4 duplicate messages..
2025-08-23 16:55:01.088 T:4073 debug : PrepareNextRender: frameOnScreen: 26.858 renderPts: 27.008 nextFramePts: 26.985 -> diff: 0.023 render: 1 forceNext: 0
2025-08-23 16:55:01.088 T:4073 debug : CAMLCodec::ReleaseFrame idx:647, drop:0
2025-08-23 16:55:01.088 T:4252 debug : CAMLCodec::AddData: skip add data dl:15628618 fl:93878 sz:335306(335424) lv:101.5% dts:29.071 pts:29.154
2025-08-23 16:55:01.116 T:4073 info : Skipped 15 duplicate messages..
2025-08-23 16:55:01.116 T:4073 debug : CAMLCodec::PollFrame elapsed:27.796ms
2025-08-23 16:55:01.117 T:4252 debug : CAMLCodec::DequeueBuffer: pts:27.152 idx:651
2025-08-23 16:55:01.117 T:4252 debug : CAMLCodec::GetPicture: index: 651, pts: 27.152, dur:42.000ms ar:1.78 elf:82ms
2025-08-23 16:55:01.117 T:4252 debug : CVideoPlayerVideo::OutputPicture - ttd:265ms pts:27.152 Clock:26.887 Level:3
2025-08-23 16:55:01.119 T:4252 debug : CAMLCodec::AddData: skip add data dl:15618954 fl:103542 sz:335306(335424) lv:101.4% dts:29.071 pts:29.154
2025-08-23 16:55:01.123 T:4253 info : Skipped 1 duplicate messages..
2025-08-23 16:55:01.123 T:4253 debug : CVideoPlayerAudio::OutputPacket: pts:27.677 curr_pts:26.868 clock:26.893 level:76
2025-08-23 16:55:01.123 T:4252 debug : CAMLCodec::AddData: skip add data dl:15618954 fl:103542 sz:335306(335424) lv:101.4% dts:29.071 pts:29.154
2025-08-23 16:55:01.126 T:4252 debug : CAMLCodec::DequeueBuffer: pts:27.194 idx:652
2025-08-23 16:55:01.126 T:4252 debug : CAMLCodec::GetPicture: index: 652, pts: 27.194, dur:42.000ms ar:1.78 elf:9ms
2025-08-23 16:55:01.126 T:4252 debug : CVideoPlayerVideo::OutputPicture - ttd:297ms pts:27.194 Clock:26.896 Level:4
2025-08-23 16:55:01.129 T:4252 debug : CAMLCodec::AddData: skip add data dl:15515850 fl:206646 sz:335306(335424) lv:100.8% dts:29.071 pts:29.154
2025-08-23 16:55:01.131 T:4073 info : Skipped 1 duplicate messages..
2025-08-23 16:55:01.131 T:4073 debug : PrepareNextRender: frameOnScreen: 26.901 renderPts: 27.051 nextFramePts: 27.027 -> diff: 0.024 render: 1 forceNext: 0
2025-08-23 16:55:01.131 T:4073 debug : CAMLCodec::ReleaseFrame idx:648, drop:0
2025-08-23 16:55:01.133 T:4252 debug : CAMLCodec::AddData: skip add data dl:15463178 fl:259318 sz:335306(335424) lv:100.4% dts:29.071 pts:29.154
2025-08-23 16:55:01.157 T:4073 info : Skipped 12 duplicate messages..
2025-08-23 16:55:01.157 T:4073 debug : CAMLCodec::PollFrame elapsed:25.842ms
2025-08-23 16:55:01.158 T:4252 debug : CAMLCodec::AddData: skip add data dl:15462346 fl:260150 sz:335306(335424) lv:100.4% dts:29.071 pts:29.154
2025-08-23 16:55:01.160 T:4252 debug : CAMLCodec::DequeueBuffer: pts:27.236 idx:653
2025-08-23 16:55:01.160 T:4252 debug : CAMLCodec::GetPicture: index: 653, pts: 27.236, dur:42.000ms ar:1.78 elf:33ms
2025-08-23 16:55:01.160 T:4252 debug : CVideoPlayerVideo::OutputPicture - ttd:305ms pts:27.236 Clock:26.930 Level:4
2025-08-23 16:55:01.162 T:4252 debug : CAMLCodec::AddData: skip add data dl:15462346 fl:260150 sz:335306(335424) lv:100.4% dts:29.071 pts:29.154
2025-08-23 16:55:01.168 T:4252 debug : CAMLCodec::AddData: dl:15663306 fl:59190 sz:335306(335424) lv:99.6% dts:29.071 pts:29.154
2025-08-23 16:55:01.169 T:4073 debug : PrepareNextRender: frameOnScreen: 26.939 renderPts: 27.089 nextFramePts: 27.069 -> diff: 0.020 render: 1 forceNext: 0
2025-08-23 16:55:01.169 T:4073 debug : CAMLCodec::ReleaseFrame idx:649, drop:0
2025-08-23 16:55:01.169 T:4252 debug : CAMLCodec::AddData: skip add data dl:15663188 fl:59308 sz:542057(542144) lv:103.0% dts:29.112 pts:29.488
2025-08-23 16:55:01.172 T:4250 debug : CVideoPlayer::ProcessVideoData size:365986 dts:33.533 pts:33.617 dur:41.000ms, clock:26.943 level:55
2025-08-23 16:55:01.173 T:4252 debug : CAMLCodec::AddData: skip add data dl:15663188 fl:59308 sz:542057(542144) lv:103.0% dts:29.112 pts:29.488
2025-08-23 16:55:01.199 T:4252 info : Skipped 10 duplicate messages..
2025-08-23 16:55:01.199 T:4252 debug : CAMLCodec::AddData: skip add data dl:15662228 fl:60268 sz:542057(542144) lv:103.0% dts:29.112 pts:29.488
2025-08-23 16:55:01.199 T:4073 debug : CAMLCodec::PollFrame elapsed:30.273ms
2025-08-23 16:55:01.201 T:4252 debug : CAMLCodec::DequeueBuffer: pts:27.277 idx:654
2025-08-23 16:55:01.201 T:4252 debug : CAMLCodec::GetPicture: index: 654, pts: 27.277, dur:41.000ms ar:1.78 elf:40ms
2025-08-23 16:55:01.201 T:4252 debug : CVideoPlayerVideo::OutputPicture - ttd:305ms pts:27.277 Clock:26.971 Level:4
2025-08-23 16:55:01.203 T:4252 debug : CAMLCodec::AddData: skip add data dl:15662228 fl:60268 sz:542057(542144) lv:103.0% dts:29.112 pts:29.488
2025-08-23 16:55:01.206 T:4252 debug : CAMLCodec::AddData: skip add data dl:15507860 fl:214636 sz:542057(542144) lv:102.0% dts:29.112 pts:29.488
2025-08-23 16:55:01.211 T:4073 info : Skipped 1 duplicate messages..
2025-08-23 16:55:01.211 T:4073 debug : PrepareNextRender: frameOnScreen: 26.981 renderPts: 27.131 nextFramePts: 27.110 -> diff: 0.021 render: 1 forceNext: 0
2025-08-23 16:55:01.211 T:4073 debug : CAMLCodec::ReleaseFrame idx:650, drop:0
2025-08-23 16:55:01.212 T:4252 debug : CAMLCodec::AddData: skip add data dl:15507860 fl:214636 sz:542057(542144) lv:102.0% dts:29.112 pts:29.488
2025-08-23 16:55:01.223 T:4253 info : Skipped 4 duplicate messages..
2025-08-23 16:55:01.223 T:4253 debug : CVideoPlayerAudio::OutputPacket: pts:27.770 curr_pts:26.967 clock:26.993 level:75
2025-08-23 16:55:01.223 T:4252 debug : CAMLCodec::AddData: skip add data dl:15507860 fl:214636 sz:542057(542144) lv:102.0% dts:29.112 pts:29.488
2025-08-23 16:55:01.241 T:4073 info : Skipped 8 duplicate messages..
2025-08-23 16:55:01.241 T:4073 debug : CAMLCodec::PollFrame elapsed:29.953ms
2025-08-23 16:55:01.242 T:4252 debug : CAMLCodec::AddData: skip add data dl:15489300 fl:233196 sz:542057(542144) lv:101.9% dts:29.112 pts:29.488
2025-08-23 16:55:01.243 T:4252 debug : CAMLCodec::DequeueBuffer: pts:27.319 idx:655
2025-08-23 16:55:01.244 T:4252 debug : CAMLCodec::GetPicture: index: 655, pts: 27.319, dur:42.000ms ar:1.78 elf:42ms
2025-08-23 16:55:01.244 T:4252 debug : CVideoPlayerVideo::OutputPicture - ttd:305ms pts:27.319 Clock:27.014 Level:4
2025-08-23 16:55:01.246 T:4252 debug : CAMLCodec::AddData: skip add data dl:15489300 fl:233196 sz:542057(542144) lv:101.9% dts:29.112 pts:29.488
2025-08-23 16:55:01.249 T:4252 debug : CAMLCodec::AddData: skip add data dl:15333716 fl:388780 sz:542057(542144) lv:100.9% dts:29.112 pts:29.488
2025-08-23 16:55:01.254 T:4073 info : Skipped 2 duplicate messages..
2025-08-23 16:55:01.254 T:4073 debug : PrepareNextRender: frameOnScreen: 27.024 renderPts: 27.174 nextFramePts: 27.152 -> diff: 0.022 render: 1 forceNext: 0
2025-08-23 16:55:01.255 T:4073 debug : CAMLCodec::ReleaseFrame idx:651, drop:0
2025-08-23 16:55:01.256 T:4252 debug : CAMLCodec::AddData: skip add data dl:15333716 fl:388780 sz:542057(542144) lv:100.9% dts:29.112 pts:29.488
2025-08-23 16:55:01.283 T:4073 info : Skipped 12 duplicate messages..
2025-08-23 16:55:01.283 T:4073 debug : CAMLCodec::PollFrame elapsed:28.039ms
2025-08-23 16:55:01.284 T:4252 debug : CAMLCodec::AddData: skip add data dl:15332244 fl:390252 sz:542057(542144) lv:100.9% dts:29.112 pts:29.488
2025-08-23 16:55:01.285 T:4252 debug : CAMLCodec::DequeueBuffer: pts:27.361 idx:656
2025-08-23 16:55:01.285 T:4252 debug : CAMLCodec::GetPicture: index: 656, pts: 27.361, dur:42.000ms ar:1.78 elf:41ms
2025-08-23 16:55:01.285 T:4252 debug : CVideoPlayerVideo::OutputPicture - ttd:305ms pts:27.361 Clock:27.055 Level:4
2025-08-23 16:55:01.287 T:4252 debug : CAMLCodec::DequeueBuffer: pts:27.402 idx:657
2025-08-23 16:55:01.287 T:4252 debug : CAMLCodec::GetPicture: index: 657, pts: 27.402, dur:41.000ms ar:1.78 elf:1ms
2025-08-23 16:55:01.287 T:4252 debug : CVideoPlayerVideo::OutputPicture - ttd:345ms pts:27.402 Clock:27.057 Level:5
2025-08-23 16:55:01.288 T:4252 debug : CAMLCodec::DequeueBuffer: pts:27.444 idx:658
2025-08-23 16:55:01.288 T:4252 debug : CAMLCodec::GetPicture: index: 658, pts: 27.444, dur:42.000ms ar:1.78 elf:1ms
2025-08-23 16:55:01.288 T:4252 debug : CVideoPlayerVideo::OutputPicture - ttd:385ms pts:27.444 Clock:27.058 Level:6
2025-08-23 16:55:01.289 T:4252 debug : CAMLCodec::DequeueBuffer: pts:27.486 idx:659
2025-08-23 16:55:01.289 T:4252 debug : CAMLCodec::GetPicture: index: 659, pts: 27.486, dur:42.000ms ar:1.78 elf:1ms
2025-08-23 16:55:01.294 T:4073 debug : PrepareNextRender: frameOnScreen: 27.064 renderPts: 27.213 nextFramePts: 27.194 -> diff: 0.019 render: 1 forceNext: 0
2025-08-23 16:55:01.294 T:4252 debug : CVideoPlayerVideo::OutputPicture - ttd:426ms pts:27.486 Clock:27.060 Level:6
2025-08-23 16:55:01.294 T:4073 debug : CAMLCodec::ReleaseFrame idx:652, drop:0
2025-08-23 16:55:01.299 T:4252 debug : CAMLCodec::AddData: dl:15438676 fl:283820 sz:542057(542144) lv:98.2% dts:29.112 pts:29.488
2025-08-23 16:55:01.300 T:4252 debug : CAMLCodec::AddData: skip add data dl:15438589 fl:283907 sz:466473(466560) lv:101.1% dts:29.154 pts:29.363
2025-08-23 16:55:01.307 T:4250 info : Skipped 2 duplicate messages..
2025-08-23 16:55:01.307 T:4250 debug : CVideoPlayer::ProcessVideoData size:342344 dts:33.575 pts:33.575 dur:41.000ms, clock:27.077 level:55
2025-08-23 16:55:01.309 T:4252 debug : CAMLCodec::AddData: dl:15497661 fl:224835 sz:466473(466560) lv:98.5% dts:29.154 pts:29.363
2025-08-23 16:55:01.310 T:4252 debug : CAMLCodec::AddData: skip add data dl:15497574 fl:224922 sz:395704(395776) lv:101.0% dts:29.196 pts:29.279
2025-08-23 16:55:01.325 T:4073 info : Skipped 4 duplicate messages..
2025-08-23 16:55:01.325 T:4073 debug : CAMLCodec::PollFrame elapsed:30.711ms
2025-08-23 16:55:01.325 T:4253 debug : CVideoPlayerAudio::OutputPacket: pts:27.864 curr_pts:27.068 clock:27.095 level:74
2025-08-23 16:55:01.326 T:4252 debug : CAMLCodec::AddData: skip add data dl:15374822 fl:347674 sz:395704(395776) lv:100.3% dts:29.196 pts:29.279
2025-08-23 16:55:01.329 T:4250 info : Skipped 1 duplicate messages..
2025-08-23 16:55:01.329 T:4250 debug : CVideoPlayer::ProcessVideoData size:339398 dts:33.617 pts:33.659 dur:41.000ms, clock:27.099 level:100
2025-08-23 16:55:01.330 T:4252 debug : CAMLCodec::AddData: skip add data dl:15374822 fl:347674 sz:395704(395776) lv:100.3% dts:29.196 pts:29.279
2025-08-23 16:55:01.337 T:4252 info : Skipped 1 duplicate messages..
2025-08-23 16:55:01.337 T:4252 debug : CAMLCodec::AddData: dl:15503974 fl:218522 sz:395704(395776) lv:98.6% dts:29.196 pts:29.279
2025-08-23 16:55:01.338 T:4252 debug : CAMLCodec::AddData: skip add data dl:15503902 fl:218594 sz:335088(335168) lv:100.7% dts:29.238 pts:29.238
2025-08-23 16:55:01.342 T:4073 info : Skipped 1 duplicate messages..
2025-08-23 16:55:01.342 T:4073 debug : PrepareNextRender: frameOnScreen: 27.112 renderPts: 27.261 nextFramePts: 27.236 -> diff: 0.025 render: 1 forceNext: 0
2025-08-23 16:55:01.342 T:4073 debug : CAMLCodec::ReleaseFrame idx:653, drop:0
2025-08-23 16:55:01.342 T:4250 debug : CVideoPlayer::ProcessVideoData size:360392 dts:33.659 pts:33.784 dur:41.000ms, clock:27.112 level:55
2025-08-23 16:55:01.342 T:4252 debug : CAMLCodec::AddData: skip add data dl:15503902 fl:218594 sz:335088(335168) lv:100.7% dts:29.238 pts:29.238
2025-08-23 16:55:01.366 T:4073 info : Skipped 14 duplicate messages..
2025-08-23 16:55:01.366 T:4073 debug : CAMLCodec::PollFrame elapsed:24.353ms
2025-08-23 16:55:01.367 T:4252 debug : CAMLCodec::AddData: skip add data dl:15503902 fl:218594 sz:335088(335168) lv:100.7% dts:29.238 pts:29.238
2025-08-23 16:55:01.369 T:4252 debug : CAMLCodec::AddData: skip add data dl:15463262 fl:259234 sz:335088(335168) lv:100.4% dts:29.238 pts:29.238
2025-08-23 16:55:01.374 T:4073 info : Skipped 2 duplicate messages..
2025-08-23 16:55:01.374 T:4073 debug : PrepareNextRender: frameOnScreen: 27.144 renderPts: 27.293 nextFramePts: 27.277 -> diff: 0.016 render: 1 forceNext: 0
2025-08-23 16:55:01.374 T:4073 debug : CAMLCodec::ReleaseFrame idx:654, drop:0
2025-08-23 16:55:01.378 T:4252 debug : CAMLCodec::AddData: dl:15595422 fl:127074 sz:335088(335168) lv:99.2% dts:29.238 pts:29.238
2025-08-23 16:55:01.378 T:4252 debug : CAMLCodec::AddData: skip add data dl:15595342 fl:127154 sz:337430(337536) lv:101.3% dts:29.279 pts:29.321
2025-08-23 16:55:01.394 T:4250 info : Skipped 9 duplicate messages..
2025-08-23 16:55:01.394 T:4250 debug : CVideoPlayer::ProcessVideoData size:341478 dts:33.700 pts:33.742 dur:41.000ms, clock:27.164 level:55
2025-08-23 16:55:01.395 T:4252 debug : CAMLCodec::AddData: skip add data dl:15595342 fl:127154 sz:337430(337536) lv:101.3% dts:29.279 pts:29.321
2025-08-23 16:55:01.408 T:4073 info : Skipped 6 duplicate messages..
2025-08-23 16:55:01.408 T:4073 debug : CAMLCodec::PollFrame elapsed:33.722ms
2025-08-23 16:55:01.408 T:4252 debug : CAMLCodec::AddData: skip add data dl:15595342 fl:127154 sz:337430(337536) lv:101.3% dts:29.279 pts:29.321
2025-08-23 16:55:01.410 T:4252 debug : CAMLCodec::DequeueBuffer: pts:27.527 idx:660
2025-08-23 16:55:01.410 T:4252 debug : CAMLCodec::GetPicture: index: 660, pts: 27.527, dur:41.000ms ar:1.78 elf:120ms
2025-08-23 16:55:01.410 T:4252 debug : CVideoPlayerVideo::OutputPicture - ttd:347ms pts:27.527 Clock:27.180 Level:5
2025-08-23 16:55:01.413 T:4252 debug : CAMLCodec::AddData: skip add data dl:15559118 fl:163378 sz:337430(337536) lv:101.1% dts:29.279 pts:29.321
2025-08-23 16:55:01.417 T:4073 debug : PrepareNextRender: frameOnScreen: 27.187 renderPts: 27.336 nextFramePts: 27.319 -> diff: 0.017 render: 1 forceNext: 0
2025-08-23 16:55:01.418 T:4073 debug : CAMLCodec::ReleaseFrame idx:655, drop:0
2025-08-23 16:55:01.419 T:4252 debug : CAMLCodec::AddData: dl:15704334 fl:18162 sz:337430(337536) lv:99.8% dts:29.279 pts:29.321
2025-08-23 16:55:01.420 T:4252 debug : CAMLCodec::AddData: skip add data dl:15704228 fl:18268 sz:390933(391040) lv:102.3% dts:29.321 pts:29.446
2025-08-23 16:55:01.422 T:4253 info : Skipped 1 duplicate messages..
2025-08-23 16:55:01.422 T:4253 debug : CVideoPlayerAudio::OutputPacket: pts:27.956 curr_pts:27.168 clock:27.192 level:72
2025-08-23 16:55:01.424 T:4252 debug : CAMLCodec::AddData: skip add data dl:15704228 fl:18268 sz:390933(391040) lv:102.3% dts:29.321 pts:29.446
2025-08-23 16:55:01.450 T:4073 info : Skipped 14 duplicate messages..
2025-08-23 16:55:01.450 T:4073 debug : CAMLCodec::PollFrame elapsed:31.680ms
2025-08-23 16:55:01.451 T:4252 debug : CAMLCodec::DequeueBuffer: pts:27.569 idx:661
2025-08-23 16:55:01.451 T:4252 debug : CAMLCodec::GetPicture: index: 661, pts: 27.569, dur:42.000ms ar:1.78 elf:40ms
2025-08-23 16:55:01.452 T:4252 debug : CVideoPlayerVideo::OutputPicture - ttd:347ms pts:27.569 Clock:27.221 Level:5
2025-08-23 16:55:01.454 T:4252 debug : CAMLCodec::AddData: skip add data dl:15699044 fl:23452 sz:390933(391040) lv:102.3% dts:29.321 pts:29.446
2025-08-23 16:55:01.457 T:4250 info : Skipped 1 duplicate messages..
2025-08-23 16:55:01.457 T:4250 debug : CVideoPlayer::ProcessVideoData size:335162 dts:33.742 pts:33.825 dur:41.000ms, clock:27.227 level:100
2025-08-23 16:55:01.458 T:4073 debug : PrepareNextRender: frameOnScreen: 27.228 renderPts: 27.377 nextFramePts: 27.361 -> diff: 0.016 render: 1 forceNext: 0
2025-08-23 16:55:01.458 T:4073 debug : CAMLCodec::ReleaseFrame idx:656, drop:0
2025-08-23 16:55:01.460 T:4252 debug : CAMLCodec::AddData: skip add data dl:15487716 fl:234780 sz:390933(391040) lv:101.0% dts:29.321 pts:29.446
2025-08-23 16:55:01.473 T:4253 info : Skipped 6 duplicate messages..
2025-08-23 16:55:01.473 T:4253 debug : CVideoPlayerAudio::OutputPacket: pts:28.049 curr_pts:27.218 clock:27.243 level:71
2025-08-23 16:55:01.475 T:4252 debug : CAMLCodec::AddData: skip add data dl:15487716 fl:234780 sz:390933(391040) lv:101.0% dts:29.321 pts:29.446
2025-08-23 16:55:01.492 T:4252 info : Skipped 8 duplicate messages..
2025-08-23 16:55:01.492 T:4252 debug : CAMLCodec::DequeueBuffer: pts:27.611 idx:662
2025-08-23 16:55:01.492 T:4073 debug : CAMLCodec::PollFrame elapsed:33.141ms
2025-08-23 16:55:01.492 T:4252 debug : CAMLCodec::GetPicture: index: 662, pts: 27.611, dur:42.000ms ar:1.78 elf:40ms
2025-08-23 16:55:01.492 T:4252 debug : CVideoPlayerVideo::OutputPicture - ttd:349ms pts:27.611 Clock:27.262 Level:5
2025-08-23 16:55:01.494 T:4252 debug : CAMLCodec::AddData: skip add data dl:15479652 fl:242844 sz:390933(391040) lv:100.9% dts:29.321 pts:29.446
2025-08-23 16:55:01.499 T:4250 info : Skipped 1 duplicate messages..
2025-08-23 16:55:01.499 T:4250 debug : CVideoPlayer::ProcessAudioData size:10124 dts:33.901 pts:33.901 dur:92.000ms, clock:27.269 drop:0 level:71
2025-08-23 16:55:01.500 T:4250 debug : CVideoPlayer::ProcessAudioData size:9703 dts:33.993 pts:33.993 dur:92.000ms, clock:27.269 drop:0 level:72
2025-08-23 16:55:01.500 T:4250 debug : CVideoPlayer::ProcessAudioData size:8318 dts:34.086 pts:34.086 dur:92.000ms, clock:27.270 drop:0 level:74
2025-08-23 16:55:01.500 T:4250 debug : CVideoPlayer::ProcessAudioData size:7568 dts:34.179 pts:34.179 dur:92.000ms, clock:27.270 drop:0 level:75
2025-08-23 16:55:01.502 T:4252 debug : CAMLCodec::AddData: dl:15630436 fl:92060 sz:390933(391040) lv:99.4% dts:29.321 pts:29.446
2025-08-23 16:55:01.504 T:4252 debug : CAMLCodec::AddData: skip add data dl:15630329 fl:92167 sz:336449(336576) lv:101.5% dts:29.363 pts:29.404
2025-08-23 16:55:01.504 T:4073 debug : PrepareNextRender: frameOnScreen: 27.274 renderPts: 27.423 nextFramePts: 27.402 -> diff: 0.021 render: 1 forceNext: 0
2025-08-23 16:55:01.505 T:4073 debug : CAMLCodec::ReleaseFrame idx:657, drop:0
2025-08-23 16:55:01.505 T:4250 debug : CVideoPlayer::ProcessVideoData size:575275 dts:33.784 pts:34.201 dur:41.000ms, clock:27.275 level:55
2025-08-23 16:55:01.507 T:4252 debug : CAMLCodec::AddData: skip add data dl:15630329 fl:92167 sz:336449(336576) lv:101.5% dts:29.363 pts:29.404
2025-08-23 16:55:01.533 T:4073 info : Skipped 12 duplicate messages..
2025-08-23 16:55:01.533 T:4073 debug : CAMLCodec::PollFrame elapsed:28.722ms
2025-08-23 16:55:01.534 T:4252 debug : CAMLCodec::AddData: skip add data dl:15589881 fl:132615 sz:336449(336576) lv:101.3% dts:29.363 pts:29.404
2025-08-23 16:55:01.535 T:4252 debug : CAMLCodec::DequeueBuffer: pts:27.653 idx:663
2025-08-23 16:55:01.535 T:4252 debug : CAMLCodec::GetPicture: index: 663, pts: 27.653, dur:42.000ms ar:1.78 elf:42ms
2025-08-23 16:55:01.535 T:4252 debug : CVideoPlayerVideo::OutputPicture - ttd:348ms pts:27.653 Clock:27.305 Level:5
2025-08-23 16:55:01.537 T:4252 debug : CAMLCodec::AddData: skip add data dl:15589881 fl:132615 sz:336449(336576) lv:101.3% dts:29.363 pts:29.404
2025-08-23 16:55:01.544 T:4252 info : Skipped 1 duplicate messages..
2025-08-23 16:55:01.544 T:4252 debug : CAMLCodec::AddData: dl:15706873 fl:15623 sz:336449(336576) lv:99.9% dts:29.363 pts:29.404
2025-08-23 16:55:01.545 T:4252 debug : CAMLCodec::AddData: skip add data dl:15706746 fl:15750 sz:687159(687232) lv:104.2% dts:29.404 pts:29.529
2025-08-23 16:55:01.550 T:4073 info : Skipped 1 duplicate messages..
2025-08-23 16:55:01.550 T:4073 debug : PrepareNextRender: frameOnScreen: 27.319 renderPts: 27.469 nextFramePts: 27.444 -> diff: 0.025 render: 1 forceNext: 0
2025-08-23 16:55:01.550 T:4073 debug : CAMLCodec::ReleaseFrame idx:658, drop:0
2025-08-23 16:55:01.551 T:4252 debug : CAMLCodec::AddData: skip add data dl:15706746 fl:15750 sz:687159(687232) lv:104.2% dts:29.404 pts:29.529
2025-08-23 16:55:01.567 T:4250 info : Skipped 6 duplicate messages..
2025-08-23 16:55:01.567 T:4250 debug : CVideoPlayer::ProcessVideoData size:423796 dts:33.825 pts:34.034 dur:41.000ms, clock:27.337 level:55
2025-08-23 16:55:01.568 T:4250 debug : CVideoPlayer::ProcessVideoData size:350202 dts:33.867 pts:33.951 dur:41.000ms, clock:27.338 level:55
2025-08-23 16:55:01.569 T:4252 debug : CAMLCodec::AddData: skip add data dl:15706746 fl:15750 sz:687159(687232) lv:104.2% dts:29.404 pts:29.529
2025-08-23 16:55:01.574 T:4253 info : Skipped 1 duplicate messages..
2025-08-23 16:55:01.574 T:4253 debug : CVideoPlayerAudio::OutputPacket: pts:28.142 curr_pts:27.318 clock:27.343 level:75
2025-08-23 16:55:01.575 T:4073 debug : CAMLCodec::PollFrame elapsed:24.815ms
2025-08-23 16:55:01.576 T:4252 debug : CAMLCodec::AddData: skip add data dl:15698618 fl:23878 sz:687159(687232) lv:104.2% dts:29.404 pts:29.529
