2025-08-23 16:55:01.577 T:4252 debug : CAMLCodec::DequeueBuffer: pts:27.694 idx:664
2025-08-23 16:55:01.577 T:4252 debug : CAMLCodec::GetPicture: index: 664, pts: 27.694, dur:41.000ms ar:1.78 elf:42ms
2025-08-23 16:55:01.578 T:4252 debug : CVideoPlayerVideo::OutputPicture - ttd:346ms pts:27.694 Clock:27.347 Level:5
2025-08-23 16:55:01.582 T:4073 debug : PrepareNextRender: frameOnScreen: 27.352 renderPts: 27.501 nextFramePts: 27.486 -> diff: 0.015 render: 1 forceNext: 0
2025-08-23 16:55:01.582 T:4073 debug : CAMLCodec::ReleaseFrame idx:659, drop:0
2025-08-23 16:55:01.583 T:4252 debug : CAMLCodec::AddData: skip add data dl:15698618 fl:23878 sz:687159(687232) lv:104.2% dts:29.404 pts:29.529
2025-08-23 16:55:01.586 T:4252 debug : CAMLCodec::AddData: skip add data dl:15460602 fl:261894 sz:687159(687232) lv:102.7% dts:29.404 pts:29.529
2025-08-23 16:55:01.617 T:4073 info : Skipped 14 duplicate messages..
2025-08-23 16:55:01.617 T:4073 debug : CAMLCodec::PollFrame elapsed:34.288ms
2025-08-23 16:55:01.618 T:4252 debug : CAMLCodec::AddData: skip add data dl:15450042 fl:272454 sz:687159(687232) lv:102.6% dts:29.404 pts:29.529
2025-08-23 16:55:01.619 T:4252 debug : CAMLCodec::DequeueBuffer: pts:27.736 idx:665
2025-08-23 16:55:01.619 T:4252 debug : CAMLCodec::GetPicture: index: 665, pts: 27.736, dur:42.000ms ar:1.78 elf:41ms
2025-08-23 16:55:01.619 T:4252 debug : CVideoPlayerVideo::OutputPicture - ttd:347ms pts:27.736 Clock:27.389 Level:5
2025-08-23 16:55:01.622 T:4252 debug : CAMLCodec::AddData: skip add data dl:15450042 fl:272454 sz:687159(687232) lv:102.6% dts:29.404 pts:29.529
2025-08-23 16:55:01.629 T:4073 info : Skipped 1 duplicate messages..
2025-08-23 16:55:01.629 T:4073 debug : PrepareNextRender: frameOnScreen: 27.399 renderPts: 27.548 nextFramePts: 27.527 -> diff: 0.021 render: 1 forceNext: 0
2025-08-23 16:55:01.630 T:4073 debug : CAMLCodec::ReleaseFrame idx:660, drop:0
2025-08-23 16:55:01.632 T:4252 debug : CAMLCodec::AddData: dl:15688634 fl:33862 sz:687159(687232) lv:99.7% dts:29.404 pts:29.529
2025-08-23 16:55:01.633 T:4252 debug : CAMLCodec::AddData: skip add data dl:15688561 fl:33935 sz:596830(596928) lv:103.5% dts:29.446 pts:29.863
2025-08-23 16:55:01.640 T:4250 info : Skipped 2 duplicate messages..
2025-08-23 16:55:01.640 T:4250 debug : CVideoPlayer::ProcessVideoData size:332847 dts:33.909 pts:33.909 dur:41.000ms, clock:27.409 level:55
2025-08-23 16:55:01.641 T:4252 debug : CAMLCodec::AddData: skip add data dl:15688561 fl:33935 sz:596830(596928) lv:103.5% dts:29.446 pts:29.863
2025-08-23 16:55:01.659 T:4073 info : Skipped 8 duplicate messages..
2025-08-23 16:55:01.659 T:4073 debug : CAMLCodec::PollFrame elapsed:28.860ms
2025-08-23 16:55:01.660 T:4252 debug : CAMLCodec::DequeueBuffer: pts:27.778 idx:666
2025-08-23 16:55:01.660 T:4252 debug : CAMLCodec::GetPicture: index: 666, pts: 27.778, dur:42.000ms ar:1.78 elf:40ms
2025-08-23 16:55:01.660 T:4252 debug : CVideoPlayerVideo::OutputPicture - ttd:348ms pts:27.778 Clock:27.430 Level:5
2025-08-23 16:55:01.662 T:4252 debug : CAMLCodec::AddData: skip add data dl:15533169 fl:189327 sz:596830(596928) lv:102.6% dts:29.446 pts:29.863
2025-08-23 16:55:01.668 T:4252 info : Skipped 1 duplicate messages..
2025-08-23 16:55:01.668 T:4252 debug : CAMLCodec::AddData: skip add data dl:15169969 fl:552527 sz:596830(596928) lv:100.2% dts:29.446 pts:29.863
2025-08-23 16:55:01.673 T:4073 info : Skipped 2 duplicate messages..
2025-08-23 16:55:01.673 T:4073 debug : PrepareNextRender: frameOnScreen: 27.442 renderPts: 27.592 nextFramePts: 27.569 -> diff: 0.023 render: 1 forceNext: 0
2025-08-23 16:55:01.673 T:4073 debug : CAMLCodec::ReleaseFrame idx:661, drop:0
2025-08-23 16:55:01.673 T:4253 debug : CVideoPlayerAudio::OutputPacket: pts:28.235 curr_pts:27.418 clock:27.443 level:74
2025-08-23 16:55:01.675 T:4252 debug : CAMLCodec::AddData: skip add data dl:15169969 fl:552527 sz:596830(596928) lv:100.2% dts:29.446 pts:29.863
2025-08-23 16:55:01.700 T:4073 info : Skipped 11 duplicate messages..
2025-08-23 16:55:01.700 T:4073 debug : CAMLCodec::PollFrame elapsed:27.149ms
2025-08-23 16:55:01.700 T:4252 debug : CAMLCodec::AddData: skip add data dl:15169969 fl:552527 sz:596830(596928) lv:100.2% dts:29.446 pts:29.863
2025-08-23 16:55:01.702 T:4252 debug : CAMLCodec::DequeueBuffer: pts:27.819 idx:667
2025-08-23 16:55:01.702 T:4252 debug : CAMLCodec::GetPicture: index: 667, pts: 27.819, dur:41.000ms ar:1.78 elf:41ms
2025-08-23 16:55:01.702 T:4252 debug : CVideoPlayerVideo::OutputPicture - ttd:347ms pts:27.819 Clock:27.471 Level:5
2025-08-23 16:55:01.707 T:4252 debug : CAMLCodec::AddData: dl:15725873 fl:-3377 sz:596830(596928) lv:100.0% dts:29.446 pts:29.863
2025-08-23 16:55:01.709 T:4252 debug : CAMLCodec::AddData: skip add data dl:15713648 fl:8592 sz:468794(468864) lv:102.9% dts:29.488 pts:29.696
2025-08-23 16:55:01.711 T:4250 debug : CVideoPlayer::ProcessVideoData size:321141 dts:33.951 pts:33.992 dur:41.000ms, clock:27.481 level:55
2025-08-23 16:55:01.713 T:4252 debug : CAMLCodec::AddData: skip add data dl:15458767 fl:263729 sz:468794(468864) lv:101.3% dts:29.488 pts:29.696
2025-08-23 16:55:01.715 T:4250 debug : CVideoPlayer::ProcessVideoData size:378885 dts:33.992 pts:34.117 dur:41.000ms, clock:27.484 level:100
2025-08-23 16:55:01.715 T:4252 debug : CAMLCodec::AddData: skip add data dl:15458767 fl:263729 sz:468794(468864) lv:101.3% dts:29.488 pts:29.696
2025-08-23 16:55:01.716 T:4073 debug : PrepareNextRender: frameOnScreen: 27.486 renderPts: 27.635 nextFramePts: 27.611 -> diff: 0.024 render: 1 forceNext: 0
2025-08-23 16:55:01.717 T:4073 debug : CAMLCodec::ReleaseFrame idx:662, drop:0
2025-08-23 16:55:01.717 T:4252 debug : CAMLCodec::AddData: skip add data dl:15458767 fl:263729 sz:468794(468864) lv:101.3% dts:29.488 pts:29.696
2025-08-23 16:55:01.742 T:4073 info : Skipped 11 duplicate messages..
2025-08-23 16:55:01.742 T:4073 debug : CAMLCodec::PollFrame elapsed:25.400ms
2025-08-23 16:55:01.743 T:4252 debug : CAMLCodec::AddData: skip add data dl:15458767 fl:263729 sz:468794(468864) lv:101.3% dts:29.488 pts:29.696
2025-08-23 16:55:01.755 T:4073 info : Skipped 6 duplicate messages..
2025-08-23 16:55:01.755 T:4073 debug : PrepareNextRender: frameOnScreen: 27.525 renderPts: 27.674 nextFramePts: 27.653 -> diff: 0.021 render: 1 forceNext: 0
2025-08-23 16:55:01.756 T:4073 debug : CAMLCodec::ReleaseFrame idx:663, drop:0
2025-08-23 16:55:01.757 T:4252 debug : CAMLCodec::AddData: skip add data dl:15458767 fl:263729 sz:468794(468864) lv:101.3% dts:29.488 pts:29.696
2025-08-23 16:55:01.773 T:4253 info : Skipped 8 duplicate messages..
2025-08-23 16:55:01.773 T:4253 debug : CVideoPlayerAudio::OutputPacket: pts:28.327 curr_pts:27.518 clock:27.543 level:72
2025-08-23 16:55:01.774 T:4252 debug : CAMLCodec::AddData: skip add data dl:15458767 fl:263729 sz:468794(468864) lv:101.3% dts:29.488 pts:29.696
2025-08-23 16:55:01.784 T:4073 info : Skipped 4 duplicate messages..
2025-08-23 16:55:01.784 T:4073 debug : CAMLCodec::PollFrame elapsed:28.013ms
2025-08-23 16:55:01.785 T:4252 debug : CAMLCodec::AddData: skip add data dl:15416207 fl:306289 sz:468794(468864) lv:101.0% dts:29.488 pts:29.696
2025-08-23 16:55:01.786 T:4252 debug : CAMLCodec::DequeueBuffer: pts:27.861 idx:668
2025-08-23 16:55:01.786 T:4252 debug : CAMLCodec::GetPicture: index: 668, pts: 27.861, dur:42.000ms ar:1.78 elf:84ms
2025-08-23 16:55:01.786 T:4252 debug : CVideoPlayerVideo::OutputPicture - ttd:305ms pts:27.861 Clock:27.556 Level:4
2025-08-23 16:55:01.789 T:4252 debug : CAMLCodec::AddData: skip add data dl:15416207 fl:306289 sz:468794(468864) lv:101.0% dts:29.488 pts:29.696
2025-08-23 16:55:01.796 T:4073 info : Skipped 1 duplicate messages..
2025-08-23 16:55:01.796 T:4073 debug : PrepareNextRender: frameOnScreen: 27.565 renderPts: 27.714 nextFramePts: 27.694 -> diff: 0.020 render: 1 forceNext: 0
2025-08-23 16:55:01.796 T:4073 debug : CAMLCodec::ReleaseFrame idx:664, drop:0
2025-08-23 16:55:01.797 T:4252 debug : CAMLCodec::AddData: dl:15645519 fl:76977 sz:468794(468864) lv:99.5% dts:29.488 pts:29.696
2025-08-23 16:55:01.798 T:4252 debug : CAMLCodec::AddData: skip add data dl:15645449 fl:77047 sz:396194(396288) lv:102.0% dts:29.529 pts:29.613
2025-08-23 16:55:01.798 T:4250 debug : CVideoPlayer::ProcessVideoData size:322488 dts:34.034 pts:34.076 dur:41.000ms, clock:27.568 level:100
2025-08-23 16:55:01.800 T:4252 debug : CAMLCodec::AddData: skip add data dl:15645449 fl:77047 sz:396194(396288) lv:102.0% dts:29.529 pts:29.613
2025-08-23 16:55:01.826 T:4073 info : Skipped 11 duplicate messages..
2025-08-23 16:55:01.826 T:4073 debug : CAMLCodec::PollFrame elapsed:29.353ms
2025-08-23 16:55:01.826 T:4252 debug : CAMLCodec::AddData: skip add data dl:15636489 fl:86007 sz:396194(396288) lv:101.9% dts:29.529 pts:29.613
2025-08-23 16:55:01.828 T:4252 debug : CAMLCodec::DequeueBuffer: pts:27.903 idx:669
2025-08-23 16:55:01.828 T:4252 debug : CAMLCodec::GetPicture: index: 669, pts: 27.903, dur:42.000ms ar:1.78 elf:41ms
2025-08-23 16:55:01.828 T:4252 debug : CVideoPlayerVideo::OutputPicture - ttd:305ms pts:27.903 Clock:27.597 Level:4
2025-08-23 16:55:01.830 T:4252 debug : CAMLCodec::AddData: skip add data dl:15636489 fl:86007 sz:396194(396288) lv:101.9% dts:29.529 pts:29.613
2025-08-23 16:55:01.837 T:4252 info : Skipped 1 duplicate messages..
2025-08-23 16:55:01.837 T:4252 debug : CAMLCodec::AddData: skip add data dl:15351177 fl:371319 sz:396194(396288) lv:100.1% dts:29.529 pts:29.613
2025-08-23 16:55:01.837 T:4073 debug : PrepareNextRender: frameOnScreen: 27.606 renderPts: 27.756 nextFramePts: 27.736 -> diff: 0.020 render: 1 forceNext: 0
2025-08-23 16:55:01.837 T:4073 debug : CAMLCodec::ReleaseFrame idx:665, drop:0
2025-08-23 16:55:01.839 T:4252 debug : CAMLCodec::AddData: skip add data dl:15351177 fl:371319 sz:396194(396288) lv:100.1% dts:29.529 pts:29.613
2025-08-23 16:55:01.867 T:4073 info : Skipped 14 duplicate messages..
2025-08-23 16:55:01.867 T:4073 debug : CAMLCodec::PollFrame elapsed:30.102ms
2025-08-23 16:55:01.868 T:4252 debug : CAMLCodec::AddData: skip add data dl:15342665 fl:379831 sz:396194(396288) lv:100.1% dts:29.529 pts:29.613
2025-08-23 16:55:01.870 T:4252 debug : CAMLCodec::DequeueBuffer: pts:27.945 idx:670
2025-08-23 16:55:01.870 T:4252 debug : CAMLCodec::GetPicture: index: 670, pts: 27.945, dur:42.000ms ar:1.78 elf:41ms
2025-08-23 16:55:01.870 T:4252 debug : CVideoPlayerVideo::OutputPicture - ttd:305ms pts:27.945 Clock:27.639 Level:4
2025-08-23 16:55:01.874 T:4253 debug : CVideoPlayerAudio::OutputPacket: pts:28.420 curr_pts:27.617 clock:27.643 level:71
2025-08-23 16:55:01.880 T:4252 debug : CAMLCodec::AddData: dl:15404553 fl:317943 sz:396194(396288) lv:97.9% dts:29.529 pts:29.613
2025-08-23 16:55:01.881 T:4252 debug : CAMLCodec::AddData: skip add data dl:15404459 fl:318037 sz:332853(332928) lv:100.1% dts:29.571 pts:29.571
2025-08-23 16:55:01.881 T:4073 debug : PrepareNextRender: frameOnScreen: 27.651 renderPts: 27.800 nextFramePts: 27.778 -> diff: 0.022 render: 1 forceNext: 0
2025-08-23 16:55:01.882 T:4073 debug : CAMLCodec::ReleaseFrame idx:666, drop:0
2025-08-23 16:55:01.883 T:4252 debug : CAMLCodec::AddData: skip add data dl:15404459 fl:318037 sz:332853(332928) lv:100.1% dts:29.571 pts:29.571
2025-08-23 16:55:01.891 T:4250 info : Skipped 3 duplicate messages..
2025-08-23 16:55:01.891 T:4250 debug : CVideoPlayer::ProcessVideoData size:318633 dts:34.076 pts:34.159 dur:41.000ms, clock:27.660 level:56
2025-08-23 16:55:01.892 T:4252 debug : CAMLCodec::AddData: skip add data dl:15404459 fl:318037 sz:332853(332928) lv:100.1% dts:29.571 pts:29.571
2025-08-23 16:55:01.909 T:4073 info : Skipped 7 duplicate messages..
2025-08-23 16:55:01.909 T:4073 debug : CAMLCodec::PollFrame elapsed:27.338ms
2025-08-23 16:55:01.913 T:4252 debug : CAMLCodec::AddData: dl:15693099 fl:29397 sz:332853(332928) lv:99.8% dts:29.571 pts:29.571
2025-08-23 16:55:01.913 T:4252 debug : CAMLCodec::DequeueBuffer: pts:27.986 idx:671
2025-08-23 16:55:01.913 T:4252 debug : CAMLCodec::GetPicture: index: 671, pts: 27.986, dur:41.000ms ar:1.78 elf:43ms
2025-08-23 16:55:01.913 T:4252 debug : CVideoPlayerVideo::OutputPicture - ttd:303ms pts:27.986 Clock:27.683 Level:4
2025-08-23 16:55:01.917 T:4252 debug : CAMLCodec::AddData: skip add data dl:15693024 fl:29472 sz:342371(342464) lv:102.0% dts:29.613 pts:29.655
2025-08-23 16:55:01.922 T:4073 debug : PrepareNextRender: frameOnScreen: 27.691 renderPts: 27.840 nextFramePts: 27.819 -> diff: 0.021 render: 1 forceNext: 0
2025-08-23 16:55:01.922 T:4073 debug : CAMLCodec::ReleaseFrame idx:667, drop:0
2025-08-23 16:55:01.923 T:4252 debug : CAMLCodec::AddData: dl:15725472 fl:-2976 sz:342371(342464) lv:100.0% dts:29.613 pts:29.655
2025-08-23 16:55:01.923 T:4252 debug : CAMLCodec::AddData: skip add data dl:15722496 fl:0 sz:390544(390656) lv:100.0% dts:29.655 pts:29.780
2025-08-23 16:55:01.924 T:4250 debug : CVideoPlayer::ProcessAudioData size:6995 dts:34.273 pts:34.273 dur:92.000ms, clock:27.693 drop:0 level:71
2025-08-23 16:55:01.924 T:4250 debug : CVideoPlayer::ProcessAudioData size:8773 dts:34.365 pts:34.365 dur:92.000ms, clock:27.693 drop:0 level:72
2025-08-23 16:55:01.924 T:4250 debug : CVideoPlayer::ProcessAudioData size:7224 dts:34.458 pts:34.458 dur:92.000ms, clock:27.693 drop:0 level:74
2025-08-23 16:55:01.926 T:4252 debug : CAMLCodec::AddData: skip add data dl:15722496 fl:0 sz:390544(390656) lv:100.0% dts:29.655 pts:29.780
2025-08-23 16:55:01.931 T:4250 info : Skipped 2 duplicate messages..
2025-08-23 16:55:01.931 T:4250 debug : CVideoPlayer::ProcessVideoData size:511343 dts:34.117 pts:34.493 dur:41.000ms, clock:27.701 level:56
2025-08-23 16:55:01.934 T:4252 debug : CAMLCodec::AddData: skip add data dl:15722496 fl:0 sz:390544(390656) lv:100.0% dts:29.655 pts:29.780
2025-08-23 16:55:01.951 T:4073 info : Skipped 8 duplicate messages..
2025-08-23 16:55:01.951 T:4073 debug : CAMLCodec::PollFrame elapsed:29.003ms
2025-08-23 16:55:01.952 T:4252 debug : CAMLCodec::DequeueBuffer: pts:28.028 idx:672
2025-08-23 16:55:01.952 T:4252 debug : CAMLCodec::GetPicture: index: 672, pts: 28.028, dur:42.000ms ar:1.78 elf:38ms
2025-08-23 16:55:01.952 T:4252 debug : CVideoPlayerVideo::OutputPicture - ttd:306ms pts:28.028 Clock:27.721 Level:4
2025-08-23 16:55:01.954 T:4252 debug : CAMLCodec::AddData: skip add data dl:15713728 fl:8768 sz:390544(390656) lv:102.4% dts:29.655 pts:29.780
2025-08-23 16:55:01.959 T:4252 info : Skipped 1 duplicate messages..
2025-08-23 16:55:01.959 T:4252 debug : CAMLCodec::AddData: skip add data dl:15385216 fl:337280 sz:390544(390656) lv:100.3% dts:29.655 pts:29.780
2025-08-23 16:55:01.962 T:4073 debug : PrepareNextRender: frameOnScreen: 27.731 renderPts: 27.881 nextFramePts: 27.861 -> diff: 0.020 render: 1 forceNext: 0
2025-08-23 16:55:01.962 T:4073 debug : CAMLCodec::ReleaseFrame idx:668, drop:0
2025-08-23 16:55:01.963 T:4250 debug : CVideoPlayer::ProcessVideoData size:432768 dts:34.159 pts:34.368 dur:41.000ms, clock:27.732 level:56
2025-08-23 16:55:01.963 T:4252 debug : CAMLCodec::AddData: skip add data dl:15385216 fl:337280 sz:390544(390656) lv:100.3% dts:29.655 pts:29.780
2025-08-23 16:55:01.974 T:4253 info : Skipped 6 duplicate messages..
2025-08-23 16:55:01.974 T:4253 debug : CVideoPlayerAudio::OutputPacket: pts:28.514 curr_pts:27.717 clock:27.744 level:74
2025-08-23 16:55:01.976 T:4252 debug : CAMLCodec::AddData: skip add data dl:15385216 fl:337280 sz:390544(390656) lv:100.3% dts:29.655 pts:29.780
2025-08-23 16:55:01.993 T:4073 info : Skipped 9 duplicate messages..
2025-08-23 16:55:01.993 T:4073 debug : CAMLCodec::PollFrame elapsed:29.982ms
2025-08-23 16:55:01.993 T:4252 debug : CAMLCodec::AddData: skip add data dl:15375872 fl:346624 sz:390544(390656) lv:100.2% dts:29.655 pts:29.780
2025-08-23 16:55:01.995 T:4252 debug : CAMLCodec::DequeueBuffer: pts:28.070 idx:673
2025-08-23 16:55:01.995 T:4252 debug : CAMLCodec::GetPicture: index: 673, pts: 28.070, dur:42.000ms ar:1.78 elf:42ms
2025-08-23 16:55:01.995 T:4252 debug : CVideoPlayerVideo::OutputPicture - ttd:306ms pts:28.070 Clock:27.764 Level:4
2025-08-23 16:55:01.997 T:4252 debug : CAMLCodec::AddData: skip add data dl:15375872 fl:346624 sz:390544(390656) lv:100.2% dts:29.655 pts:29.780
2025-08-23 16:55:01.999 T:4073 debug : PrepareNextRender: frameOnScreen: 27.768 renderPts: 27.917 nextFramePts: 27.903 -> diff: 0.014 render: 1 forceNext: 0
2025-08-23 16:55:01.999 T:4073 debug : CAMLCodec::ReleaseFrame idx:669, drop:0
2025-08-23 16:55:01.999 T:4252 debug : CAMLCodec::AddData: skip add data dl:15375872 fl:346624 sz:390544(390656) lv:100.2% dts:29.655 pts:29.780
2025-08-23 16:55:02.006 T:4252 info : Skipped 1 duplicate messages..
2025-08-23 16:55:02.006 T:4252 debug : CAMLCodec::AddData: dl:15344576 fl:377920 sz:390544(390656) lv:97.6% dts:29.655 pts:29.780
2025-08-23 16:55:02.009 T:4252 debug : CAMLCodec::AddData: dl:15686739 fl:35757 sz:339317(339392) lv:99.7% dts:29.696 pts:29.738
2025-08-23 16:55:02.010 T:4252 debug : CAMLCodec::AddData: skip add data dl:15686664 fl:35832 sz:347255(347328) lv:101.9% dts:29.738 pts:29.821
2025-08-23 16:55:02.025 T:4250 info : Skipped 8 duplicate messages..
2025-08-23 16:55:02.025 T:4250 debug : CVideoPlayer::ProcessVideoData size:341317 dts:34.201 pts:34.284 dur:41.000ms, clock:27.794 level:100
2025-08-23 16:55:02.027 T:4252 debug : CAMLCodec::AddData: skip add data dl:15686664 fl:35832 sz:347255(347328) lv:101.9% dts:29.738 pts:29.821
2025-08-23 16:55:02.034 T:4073 info : Skipped 3 duplicate messages..
2025-08-23 16:55:02.034 T:4073 debug : CAMLCodec::PollFrame elapsed:35.337ms
2025-08-23 16:55:02.035 T:4252 debug : CAMLCodec::AddData: skip add data dl:15579016 fl:143480 sz:347255(347328) lv:101.3% dts:29.738 pts:29.821
2025-08-23 16:55:02.036 T:4252 debug : CAMLCodec::DequeueBuffer: pts:28.111 idx:674
2025-08-23 16:55:02.036 T:4252 debug : CAMLCodec::GetPicture: index: 674, pts: 28.111, dur:41.000ms ar:1.78 elf:41ms
2025-08-23 16:55:02.036 T:4252 debug : CVideoPlayerVideo::OutputPicture - ttd:305ms pts:28.111 Clock:27.805 Level:4
2025-08-23 16:55:02.038 T:4252 debug : CAMLCodec::AddData: skip add data dl:15579016 fl:143480 sz:347255(347328) lv:101.3% dts:29.738 pts:29.821
2025-08-23 16:55:02.044 T:4073 info : Skipped 1 duplicate messages..
2025-08-23 16:55:02.044 T:4073 debug : PrepareNextRender: frameOnScreen: 27.813 renderPts: 27.962 nextFramePts: 27.945 -> diff: 0.017 render: 1 forceNext: 0
2025-08-23 16:55:02.044 T:4073 debug : CAMLCodec::ReleaseFrame idx:670, drop:0
2025-08-23 16:55:02.045 T:4252 debug : CAMLCodec::AddData: dl:15524680 fl:197816 sz:347255(347328) lv:98.7% dts:29.738 pts:29.821
2025-08-23 16:55:02.046 T:4252 debug : CAMLCodec::AddData: skip add data dl:15524607 fl:197889 sz:584599(584704) lv:102.4% dts:29.780 pts:30.197
2025-08-23 16:55:02.074 T:4253 info : Skipped 12 duplicate messages..
2025-08-23 16:55:02.074 T:4253 debug : CVideoPlayerAudio::OutputPacket: pts:28.607 curr_pts:27.818 clock:27.843 level:72
2025-08-23 16:55:02.074 T:4252 debug : CAMLCodec::AddData: skip add data dl:15524607 fl:197889 sz:584599(584704) lv:102.4% dts:29.780 pts:30.197
2025-08-23 16:55:02.076 T:4073 debug : CAMLCodec::PollFrame elapsed:32.179ms
2025-08-23 16:55:02.077 T:4252 debug : CAMLCodec::AddData: skip add data dl:15524607 fl:197889 sz:584599(584704) lv:102.4% dts:29.780 pts:30.197
2025-08-23 16:55:02.087 T:4250 info : Skipped 3 duplicate messages..
2025-08-23 16:55:02.087 T:4250 debug : CVideoPlayer::ProcessVideoData size:318124 dts:34.243 pts:34.243 dur:41.000ms, clock:27.856 level:55
2025-08-23 16:55:02.087 T:4073 debug : PrepareNextRender: frameOnScreen: 27.856 renderPts: 28.005 nextFramePts: 27.986 -> diff: 0.019 render: 1 forceNext: 0
2025-08-23 16:55:02.087 T:4073 debug : CAMLCodec::ReleaseFrame idx:671, drop:0
2025-08-23 16:55:02.088 T:4250 debug : CVideoPlayer::ProcessVideoData size:318382 dts:34.284 pts:34.326 dur:41.000ms, clock:27.857 level:56
2025-08-23 16:55:02.089 T:4252 debug : CAMLCodec::AddData: skip add data dl:15524607 fl:197889 sz:584599(584704) lv:102.4% dts:29.780 pts:30.197
2025-08-23 16:55:02.118 T:4073 info : Skipped 12 duplicate messages..
2025-08-23 16:55:02.118 T:4073 debug : CAMLCodec::PollFrame elapsed:30.848ms
2025-08-23 16:55:02.119 T:4252 debug : CAMLCodec::AddData: skip add data dl:15477823 fl:244673 sz:584599(584704) lv:102.1% dts:29.780 pts:30.197
2025-08-23 16:55:02.120 T:4252 debug : CAMLCodec::DequeueBuffer: pts:28.153 idx:675
2025-08-23 16:55:02.120 T:4252 debug : CAMLCodec::GetPicture: index: 675, pts: 28.153, dur:42.000ms ar:1.78 elf:83ms
2025-08-23 16:55:02.120 T:4252 debug : CVideoPlayerVideo::OutputPicture - ttd:263ms pts:28.153 Clock:27.889 Level:3
2025-08-23 16:55:02.123 T:4252 debug : CAMLCodec::AddData: skip add data dl:15477823 fl:244673 sz:584599(584704) lv:102.1% dts:29.780 pts:30.197
2025-08-23 16:55:02.124 T:4253 debug : CVideoPlayerAudio::OutputPacket: pts:28.699 curr_pts:27.868 clock:27.893 level:71
2025-08-23 16:55:02.125 T:4252 debug : CAMLCodec::AddData: skip add data dl:15477823 fl:244673 sz:584599(584704) lv:102.1% dts:29.780 pts:30.197
2025-08-23 16:55:02.131 T:4252 debug : CAMLCodec::AddData: dl:15723455 fl:-959 sz:584599(584704) lv:100.0% dts:29.780 pts:30.197
2025-08-23 16:55:02.132 T:4252 debug : CAMLCodec::DequeueBuffer: pts:28.195 idx:676
2025-08-23 16:55:02.132 T:4252 debug : CAMLCodec::GetPicture: index: 676, pts: 28.195, dur:42.000ms ar:1.78 elf:11ms
2025-08-23 16:55:02.132 T:4252 debug : CVideoPlayerVideo::OutputPicture - ttd:294ms pts:28.195 Clock:27.901 Level:4
2025-08-23 16:55:02.135 T:4252 debug : CAMLCodec::AddData: skip add data dl:15675862 fl:46634 sz:464608(464704) lv:102.6% dts:29.821 pts:30.030
2025-08-23 16:55:02.136 T:4073 debug : PrepareNextRender: frameOnScreen: 27.905 renderPts: 28.054 nextFramePts: 28.028 -> diff: 0.026 render: 1 forceNext: 0
2025-08-23 16:55:02.136 T:4073 debug : CAMLCodec::ReleaseFrame idx:672, drop:0
2025-08-23 16:55:02.137 T:4252 debug : CAMLCodec::AddData: skip add data dl:15675862 fl:46634 sz:464608(464704) lv:102.6% dts:29.821 pts:30.030
2025-08-23 16:55:02.140 T:4252 debug : CAMLCodec::AddData: skip add data dl:15345110 fl:377386 sz:464608(464704) lv:100.5% dts:29.821 pts:30.030
2025-08-23 16:55:02.141 T:4250 debug : CVideoPlayer::ProcessVideoData size:346438 dts:34.326 pts:34.451 dur:41.000ms, clock:27.910 level:100
2025-08-23 16:55:02.143 T:4252 debug : CAMLCodec::AddData: skip add data dl:15345110 fl:377386 sz:464608(464704) lv:100.5% dts:29.821 pts:30.030
2025-08-23 16:55:02.160 T:4073 info : Skipped 7 duplicate messages..
2025-08-23 16:55:02.160 T:4073 debug : CAMLCodec::PollFrame elapsed:23.016ms
2025-08-23 16:55:02.161 T:4252 debug : CAMLCodec::AddData: skip add data dl:15335318 fl:387178 sz:464608(464704) lv:100.5% dts:29.821 pts:30.030
2025-08-23 16:55:02.162 T:4252 debug : CAMLCodec::DequeueBuffer: pts:28.237 idx:677
2025-08-23 16:55:02.162 T:4252 debug : CAMLCodec::GetPicture: index: 677, pts: 28.237, dur:42.000ms ar:1.78 elf:30ms
2025-08-23 16:55:02.162 T:4252 debug : CVideoPlayerVideo::OutputPicture - ttd:305ms pts:28.237 Clock:27.931 Level:4
2025-08-23 16:55:02.165 T:4252 debug : CAMLCodec::AddData: skip add data dl:15335318 fl:387178 sz:464608(464704) lv:100.5% dts:29.821 pts:30.030
2025-08-23 16:55:02.173 T:4252 info : Skipped 1 duplicate messages..
2025-08-23 16:55:02.173 T:4252 debug : CAMLCodec::AddData: dl:15469398 fl:253098 sz:464608(464704) lv:98.4% dts:29.821 pts:30.030
2025-08-23 16:55:02.174 T:4250 debug : CVideoPlayer::ProcessVideoData size:319950 dts:34.368 pts:34.409 dur:41.000ms, clock:27.943 level:56
2025-08-23 16:55:02.174 T:4252 debug : CAMLCodec::AddData: skip add data dl:15441552 fl:280688 sz:395263(395328) lv:100.7% dts:29.863 pts:29.947
2025-08-23 16:55:02.176 T:4252 debug : CAMLCodec::AddData: skip add data dl:15469302 fl:253194 sz:395263(395328) lv:100.9% dts:29.863 pts:29.947
2025-08-23 16:55:02.183 T:4073 info : Skipped 3 duplicate messages..
2025-08-23 16:55:02.183 T:4073 debug : PrepareNextRender: frameOnScreen: 27.952 renderPts: 28.101 nextFramePts: 28.070 -> diff: 0.031 render: 1 forceNext: 0
2025-08-23 16:55:02.183 T:4073 debug : CAMLCodec::ReleaseFrame idx:673, drop:0
2025-08-23 16:55:02.185 T:4252 debug : CAMLCodec::AddData: skip add data dl:15469302 fl:253194 sz:395263(395328) lv:100.9% dts:29.863 pts:29.947
2025-08-23 16:55:02.201 T:4073 info : Skipped 8 duplicate messages..
2025-08-23 16:55:02.201 T:4073 debug : CAMLCodec::PollFrame elapsed:17.841ms
2025-08-23 16:55:02.202 T:4252 debug : CAMLCodec::AddData: skip add data dl:15458806 fl:263690 sz:395263(395328) lv:100.8% dts:29.863 pts:29.947
2025-08-23 16:55:02.203 T:4252 debug : CAMLCodec::DequeueBuffer: pts:28.278 idx:678
2025-08-23 16:55:02.204 T:4252 debug : CAMLCodec::GetPicture: index: 678, pts: 28.278, dur:41.000ms ar:1.78 elf:41ms
2025-08-23 16:55:02.204 T:4252 debug : CVideoPlayerVideo::OutputPicture - ttd:305ms pts:28.278 Clock:27.972 Level:4
2025-08-23 16:55:02.206 T:4252 debug : CAMLCodec::AddData: skip add data dl:15458806 fl:263690 sz:395263(395328) lv:100.8% dts:29.863 pts:29.947
2025-08-23 16:55:02.209 T:4250 info : Skipped 1 duplicate messages..
2025-08-23 16:55:02.209 T:4250 debug : CVideoPlayer::ProcessVideoData size:646788 dts:34.409 pts:34.534 dur:41.000ms, clock:27.978 level:100
2025-08-23 16:55:02.215 T:4073 debug : PrepareNextRender: frameOnScreen: 27.983 renderPts: 28.133 nextFramePts: 28.111 -> diff: 0.022 render: 1 forceNext: 0
2025-08-23 16:55:02.215 T:4073 debug : CAMLCodec::ReleaseFrame idx:674, drop:0
2025-08-23 16:55:02.215 T:4252 debug : CAMLCodec::AddData: dl:15522038 fl:200458 sz:395263(395328) lv:98.7% dts:29.863 pts:29.947
2025-08-23 16:55:02.216 T:4252 debug : CAMLCodec::AddData: skip add data dl:15521973 fl:200523 sz:343969(344064) lv:100.9% dts:29.905 pts:29.905
2025-08-23 16:55:02.225 T:4253 info : Skipped 4 duplicate messages..
2025-08-23 16:55:02.225 T:4253 debug : CVideoPlayerAudio::OutputPacket: pts:28.792 curr_pts:27.968 clock:27.994 level:70
2025-08-23 16:55:02.226 T:4252 debug : CAMLCodec::AddData: skip add data dl:15521973 fl:200523 sz:343969(344064) lv:100.9% dts:29.905 pts:29.905
2025-08-23 16:55:02.243 T:4073 info : Skipped 6 duplicate messages..
2025-08-23 16:55:02.243 T:4073 debug : CAMLCodec::PollFrame elapsed:28.293ms
2025-08-23 16:55:02.244 T:4252 debug : CAMLCodec::AddData: skip add data dl:15475637 fl:246859 sz:343969(344064) lv:100.6% dts:29.905 pts:29.905
2025-08-23 16:55:02.245 T:4252 debug : CAMLCodec::DequeueBuffer: pts:28.320 idx:679
2025-08-23 16:55:02.246 T:4252 debug : CAMLCodec::GetPicture: index: 679, pts: 28.320, dur:42.000ms ar:1.78 elf:41ms
2025-08-23 16:55:02.246 T:4252 debug : CVideoPlayerVideo::OutputPicture - ttd:305ms pts:28.320 Clock:28.014 Level:4
2025-08-23 16:55:02.248 T:4252 debug : CAMLCodec::AddData: skip add data dl:15475637 fl:246859 sz:343969(344064) lv:100.6% dts:29.905 pts:29.905
2025-08-23 16:55:02.255 T:4252 info : Skipped 1 duplicate messages..
2025-08-23 16:55:02.255 T:4252 debug : CAMLCodec::AddData: dl:15491765 fl:230731 sz:343969(344064) lv:98.5% dts:29.905 pts:29.905
2025-08-23 16:55:02.256 T:4252 debug : CAMLCodec::AddData: skip add data dl:15491670 fl:230826 sz:347498(347584) lv:100.7% dts:29.947 pts:29.988
2025-08-23 16:55:02.257 T:4073 debug : PrepareNextRender: frameOnScreen: 28.026 renderPts: 28.175 nextFramePts: 28.153 -> diff: 0.022 render: 1 forceNext: 0
2025-08-23 16:55:02.258 T:4073 debug : CAMLCodec::ReleaseFrame idx:675, drop:0
2025-08-23 16:55:02.258 T:4252 debug : CAMLCodec::AddData: skip add data dl:15491670 fl:230826 sz:347498(347584) lv:100.7% dts:29.947 pts:29.988
2025-08-23 16:55:02.271 T:4250 info : Skipped 7 duplicate messages..
2025-08-23 16:55:02.271 T:4250 debug : CVideoPlayer::ProcessAudioData size:6595 dts:34.551 pts:34.551 dur:92.000ms, clock:28.039 drop:0 level:70
2025-08-23 16:55:02.272 T:4252 debug : CAMLCodec::AddData: skip add data dl:15491670 fl:230826 sz:347498(347584) lv:100.7% dts:29.947 pts:29.988
2025-08-23 16:55:02.281 T:4250 info : Skipped 5 duplicate messages..
2025-08-23 16:55:02.281 T:4250 debug : CVideoPlayer::ProcessAudioData size:6432 dts:34.643 pts:34.643 dur:92.000ms, clock:28.050 drop:0 level:71
2025-08-23 16:55:02.283 T:4252 debug : CAMLCodec::AddData: skip add data dl:15491670 fl:230826 sz:347498(347584) lv:100.7% dts:29.947 pts:29.988
2025-08-23 16:55:02.285 T:4073 debug : CAMLCodec::PollFrame elapsed:27.207ms
2025-08-23 16:55:02.285 T:4252 debug : CAMLCodec::AddData: skip add data dl:15491670 fl:230826 sz:347498(347584) lv:100.7% dts:29.947 pts:29.988
2025-08-23 16:55:02.287 T:4252 debug : CAMLCodec::DequeueBuffer: pts:28.362 idx:680
2025-08-23 16:55:02.287 T:4252 debug : CAMLCodec::GetPicture: index: 680, pts: 28.362, dur:42.000ms ar:1.78 elf:41ms
2025-08-23 16:55:02.287 T:4252 debug : CVideoPlayerVideo::OutputPicture - ttd:306ms pts:28.362 Clock:28.056 Level:4
2025-08-23 16:55:02.288 T:4252 debug : CAMLCodec::DequeueBuffer: pts:28.403 idx:681
2025-08-23 16:55:02.288 T:4252 debug : CAMLCodec::GetPicture: index: 681, pts: 28.403, dur:41.000ms ar:1.78 elf:1ms
2025-08-23 16:55:02.288 T:4252 debug : CVideoPlayerVideo::OutputPicture - ttd:346ms pts:28.403 Clock:28.057 Level:5
2025-08-23 16:55:02.289 T:4252 debug : CAMLCodec::DequeueBuffer: pts:28.445 idx:682
2025-08-23 16:55:02.290 T:4252 debug : CAMLCodec::GetPicture: index: 682, pts: 28.445, dur:42.000ms ar:1.78 elf:1ms
2025-08-23 16:55:02.290 T:4252 debug : CVideoPlayerVideo::OutputPicture - ttd:386ms pts:28.445 Clock:28.058 Level:6
2025-08-23 16:55:02.291 T:4252 debug : CAMLCodec::DequeueBuffer: pts:28.487 idx:683
2025-08-23 16:55:02.291 T:4252 debug : CAMLCodec::GetPicture: index: 683, pts: 28.487, dur:42.000ms ar:1.78 elf:1ms
2025-08-23 16:55:02.294 T:4073 debug : PrepareNextRender: frameOnScreen: 28.063 renderPts: 28.212 nextFramePts: 28.195 -> diff: 0.017 render: 1 forceNext: 0
2025-08-23 16:55:02.295 T:4252 debug : CVideoPlayerVideo::OutputPicture - ttd:427ms pts:28.487 Clock:28.060 Level:6
2025-08-23 16:55:02.295 T:4073 debug : CAMLCodec::ReleaseFrame idx:676, drop:0
2025-08-23 16:55:02.298 T:4252 debug : CAMLCodec::AddData: dl:15345174 fl:377322 sz:347498(347584) lv:97.6% dts:29.947 pts:29.988
2025-08-23 16:55:02.299 T:4252 debug : CAMLCodec::AddData: skip add data dl:15345088 fl:377408 sz:391703(391808) lv:100.1% dts:29.988 pts:30.113
2025-08-23 16:55:02.302 T:4250 debug : CVideoPlayer::ProcessAudioData size:7452 dts:34.736 pts:34.736 dur:92.000ms, clock:28.070 drop:0 level:72
2025-08-23 16:55:02.302 T:4250 debug : CVideoPlayer::ProcessAudioData size:8816 dts:34.829 pts:34.829 dur:92.000ms, clock:28.071 drop:0 level:74
2025-08-23 16:55:02.304 T:4252 debug : CAMLCodec::AddData: dl:15557824 fl:164672 sz:391703(391808) lv:98.9% dts:29.988 pts:30.113
2025-08-23 16:55:02.305 T:4250 debug : CVideoPlayer::ProcessVideoData size:573573 dts:34.451 pts:34.868 dur:41.000ms, clock:28.074 level:55
2025-08-23 16:55:02.307 T:4252 debug : CAMLCodec::AddData: skip add data dl:15557719 fl:164777 sz:346500(346624) lv:101.1% dts:30.030 pts:30.072
2025-08-23 16:55:02.312 T:4252 debug : CAMLCodec::AddData: dl:15487447 fl:235049 sz:346500(346624) lv:98.5% dts:30.030 pts:30.072
2025-08-23 16:55:02.313 T:4252 debug : CAMLCodec::AddData: skip add data dl:15487323 fl:235173 sz:344832(344896) lv:100.7% dts:30.072 pts:30.155
2025-08-23 16:55:02.318 T:4250 info : Skipped 1 duplicate messages..
2025-08-23 16:55:02.318 T:4250 debug : CVideoPlayer::ProcessVideoData size:453667 dts:34.493 pts:34.701 dur:41.000ms, clock:28.087 level:55
2025-08-23 16:55:02.320 T:4252 debug : CAMLCodec::AddData: skip add data dl:15487323 fl:235173 sz:344832(344896) lv:100.7% dts:30.072 pts:30.155
2025-08-23 16:55:02.324 T:4253 info : Skipped 1 duplicate messages..
2025-08-23 16:55:02.324 T:4253 debug : CVideoPlayerAudio::OutputPacket: pts:28.886 curr_pts:28.067 clock:28.093 level:74
2025-08-23 16:55:02.325 T:4252 debug : CAMLCodec::AddData: skip add data dl:15487323 fl:235173 sz:344832(344896) lv:100.7% dts:30.072 pts:30.155
2025-08-23 16:55:02.327 T:4073 info : Skipped 1 duplicate messages..
2025-08-23 16:55:02.327 T:4073 debug : CAMLCodec::PollFrame elapsed:32.090ms
2025-08-23 16:55:02.328 T:4252 debug : CAMLCodec::AddData: skip add data dl:15487323 fl:235173 sz:344832(344896) lv:100.7% dts:30.072 pts:30.155
2025-08-23 16:55:02.332 T:4252 debug : CAMLCodec::AddData: dl:15669787 fl:52709 sz:344832(344896) lv:99.6% dts:30.072 pts:30.155
2025-08-23 16:55:02.333 T:4252 debug : CAMLCodec::AddData: skip add data dl:15669723 fl:52773 sz:512890(512960) lv:102.9% dts:30.113 pts:30.489
2025-08-23 16:55:02.337 T:4252 info : Skipped 1 duplicate messages..
2025-08-23 16:55:02.337 T:4252 debug : CAMLCodec::AddData: skip add data dl:15270043 fl:452453 sz:512890(512960) lv:100.3% dts:30.113 pts:30.489
2025-08-23 16:55:02.343 T:4250 info : Skipped 2 duplicate messages..
2025-08-23 16:55:02.343 T:4250 debug : CVideoPlayer::ProcessVideoData size:376966 dts:34.534 pts:34.618 dur:41.000ms, clock:28.112 level:55
2025-08-23 16:55:02.344 T:4073 debug : PrepareNextRender: frameOnScreen: 28.113 renderPts: 28.262 nextFramePts: 28.237 -> diff: 0.025 render: 1 forceNext: 0
2025-08-23 16:55:02.344 T:4073 debug : CAMLCodec::ReleaseFrame idx:677, drop:0
2025-08-23 16:55:02.345 T:4252 debug : CAMLCodec::AddData: skip add data dl:15270043 fl:452453 sz:512890(512960) lv:100.3% dts:30.113 pts:30.489
2025-08-23 16:55:02.364 T:4250 info : Skipped 9 duplicate messages..
2025-08-23 16:55:02.364 T:4250 debug : CVideoPlayer::ProcessVideoData size:313382 dts:34.576 pts:34.576 dur:41.000ms, clock:28.133 level:55
2025-08-23 16:55:02.364 T:4250 debug : CVideoPlayer::ProcessVideoData size:319800 dts:34.618 pts:34.660 dur:41.000ms, clock:28.133 level:56
2025-08-23 16:55:02.365 T:4252 debug : CAMLCodec::AddData: skip add data dl:15270043 fl:452453 sz:512890(512960) lv:100.3% dts:30.113 pts:30.489
2025-08-23 16:55:02.369 T:4073 info : Skipped 1 duplicate messages..
2025-08-23 16:55:02.369 T:4073 debug : CAMLCodec::PollFrame elapsed:24.563ms
2025-08-23 16:55:02.369 T:4252 debug : CAMLCodec::AddData: skip add data dl:15223387 fl:499109 sz:512890(512960) lv:100.0% dts:30.113 pts:30.489
2025-08-23 16:55:02.382 T:4252 info : Skipped 3 duplicate messages..
2025-08-23 16:55:02.382 T:4252 debug : CAMLCodec::AddData: dl:15403803 fl:318693 sz:512890(512960) lv:97.9% dts:30.113 pts:30.489
2025-08-23 16:55:02.382 T:4252 debug : CAMLCodec::AddData: skip add data dl:15403733 fl:318763 sz:445811(445888) lv:100.8% dts:30.155 pts:30.364
2025-08-23 16:55:02.385 T:4073 info : Skipped 1 duplicate messages..
2025-08-23 16:55:02.385 T:4073 debug : PrepareNextRender: frameOnScreen: 28.154 renderPts: 28.303 nextFramePts: 28.278 -> diff: 0.025 render: 1 forceNext: 0
2025-08-23 16:55:02.385 T:4073 debug : CAMLCodec::ReleaseFrame idx:678, drop:0
2025-08-23 16:55:02.386 T:4252 debug : CAMLCodec::AddData: skip add data dl:15403733 fl:318763 sz:445811(445888) lv:100.8% dts:30.155 pts:30.364
2025-08-23 16:55:02.407 T:4250 info : Skipped 12 duplicate messages..
2025-08-23 16:55:02.407 T:4250 debug : CVideoPlayer::ProcessVideoData size:359634 dts:34.660 pts:34.785 dur:41.000ms, clock:28.176 level:56
2025-08-23 16:55:02.408 T:4252 debug : CAMLCodec::AddData: skip add data dl:15403733 fl:318763 sz:445811(445888) lv:100.8% dts:30.155 pts:30.364
2025-08-23 16:55:02.410 T:4073 debug : CAMLCodec::PollFrame elapsed:24.981ms
2025-08-23 16:55:02.411 T:4252 debug : CAMLCodec::AddData: skip add data dl:15403733 fl:318763 sz:445811(445888) lv:100.8% dts:30.155 pts:30.364
2025-08-23 16:55:02.412 T:4252 debug : CAMLCodec::DequeueBuffer: pts:28.528 idx:684
2025-08-23 16:55:02.412 T:4252 debug : CAMLCodec::GetPicture: index: 684, pts: 28.528, dur:41.000ms ar:1.78 elf:120ms
2025-08-23 16:55:02.412 T:4252 debug : CVideoPlayerVideo::OutputPicture - ttd:347ms pts:28.528 Clock:28.181 Level:5
2025-08-23 16:55:02.414 T:4252 debug : CAMLCodec::AddData: skip add data dl:15357781 fl:364715 sz:445811(445888) lv:100.5% dts:30.155 pts:30.364
2025-08-23 16:55:02.424 T:4252 info : Skipped 2 duplicate messages..
2025-08-23 16:55:02.423 T:4252 debug : CAMLCodec::AddData: dl:15478549 fl:243947 sz:445811(445888) lv:98.4% dts:30.155 pts:30.364
2025-08-23 16:55:02.424 T:4253 debug : CVideoPlayerAudio::OutputPacket: pts:28.978 curr_pts:28.169 clock:28.193 level:72
2025-08-23 16:55:02.425 T:4252 debug : CAMLCodec::AddData: skip add data dl:15478472 fl:244024 sz:389473(389568) lv:100.9% dts:30.197 pts:30.280
2025-08-23 16:55:02.426 T:4073 info : Skipped 1 duplicate messages..
2025-08-23 16:55:02.426 T:4073 debug : PrepareNextRender: frameOnScreen: 28.195 renderPts: 28.344 nextFramePts: 28.320 -> diff: 0.024 render: 1 forceNext: 0
2025-08-23 16:55:02.426 T:4073 debug : CAMLCodec::ReleaseFrame idx:679, drop:0
2025-08-23 16:55:02.428 T:4252 debug : CAMLCodec::AddData: skip add data dl:15478472 fl:244024 sz:389473(389568) lv:100.9% dts:30.197 pts:30.280
2025-08-23 16:55:02.428 T:4250 debug : CVideoPlayer::ProcessVideoData size:327914 dts:34.701 pts:34.743 dur:41.000ms, clock:28.197 level:100
2025-08-23 16:55:02.430 T:4252 debug : CAMLCodec::AddData: skip add data dl:15478472 fl:244024 sz:389473(389568) lv:100.9% dts:30.197 pts:30.280
2025-08-23 16:55:02.452 T:4073 info : Skipped 12 duplicate messages..
2025-08-23 16:55:02.452 T:4073 debug : CAMLCodec::PollFrame elapsed:25.621ms
2025-08-23 16:55:02.453 T:4252 debug : CAMLCodec::DequeueBuffer: pts:28.570 idx:685
2025-08-23 16:55:02.453 T:4252 debug : CAMLCodec::GetPicture: index: 685, pts: 28.570, dur:42.000ms ar:1.78 elf:40ms
2025-08-23 16:55:02.453 T:4252 debug : CVideoPlayerVideo::OutputPicture - ttd:348ms pts:28.570 Clock:28.221 Level:5
2025-08-23 16:55:02.455 T:4252 debug : CAMLCodec::AddData: skip add data dl:15468360 fl:254136 sz:389473(389568) lv:100.8% dts:30.197 pts:30.280
2025-08-23 16:55:02.465 T:4252 info : Skipped 3 duplicate messages..
2025-08-23 16:55:02.465 T:4252 debug : CAMLCodec::AddData: dl:15532424 fl:190072 sz:389473(389568) lv:98.8% dts:30.197 pts:30.280
2025-08-23 16:55:02.466 T:4252 debug : CAMLCodec::AddData: skip add data dl:15532329 fl:190167 sz:342123(342208) lv:100.9% dts:30.239 pts:30.239
2025-08-23 16:55:02.468 T:4073 debug : PrepareNextRender: frameOnScreen: 28.236 renderPts: 28.385 nextFramePts: 28.362 -> diff: 0.023 render: 1 forceNext: 0
2025-08-23 16:55:02.468 T:4073 debug : CAMLCodec::ReleaseFrame idx:680, drop:0
2025-08-23 16:55:02.468 T:4252 debug : CAMLCodec::AddData: skip add data dl:15532329 fl:190167 sz:342123(342208) lv:100.9% dts:30.239 pts:30.239
2025-08-23 16:55:02.490 T:4250 info : Skipped 12 duplicate messages..
2025-08-23 16:55:02.490 T:4250 debug : CVideoPlayer::ProcessVideoData size:330737 dts:34.743 pts:34.826 dur:41.000ms, clock:28.259 level:100
2025-08-23 16:55:02.492 T:4252 debug : CAMLCodec::AddData: skip add data dl:15532329 fl:190167 sz:342123(342208) lv:100.9% dts:30.239 pts:30.239
2025-08-23 16:55:02.494 T:4073 debug : CAMLCodec::PollFrame elapsed:25.582ms
2025-08-23 16:55:02.494 T:4252 debug : CAMLCodec::DequeueBuffer: pts:28.612 idx:686
2025-08-23 16:55:02.494 T:4252 debug : CAMLCodec::GetPicture: index: 686, pts: 28.612, dur:42.000ms ar:1.78 elf:41ms
2025-08-23 16:55:02.494 T:4252 debug : CVideoPlayerVideo::OutputPicture - ttd:349ms pts:28.612 Clock:28.263 Level:5
2025-08-23 16:55:02.496 T:4252 debug : CAMLCodec::AddData: skip add data dl:15522601 fl:199895 sz:342123(342208) lv:100.9% dts:30.239 pts:30.239
2025-08-23 16:55:02.505 T:4252 info : Skipped 3 duplicate messages..
2025-08-23 16:55:02.505 T:4252 debug : CAMLCodec::AddData: dl:15531689 fl:190807 sz:342123(342208) lv:98.7% dts:30.239 pts:30.239
2025-08-23 16:55:02.507 T:4252 debug : CAMLCodec::AddData: skip add data dl:15531604 fl:190892 sz:333380(333504) lv:100.9% dts:30.280 pts:30.322
2025-08-23 16:55:02.509 T:4073 debug : PrepareNextRender: frameOnScreen: 28.277 renderPts: 28.427 nextFramePts: 28.403 -> diff: 0.024 render: 1 forceNext: 0
2025-08-23 16:55:02.509 T:4252 debug : CAMLCodec::AddData: skip add data dl:15531604 fl:190892 sz:333380(333504) lv:100.9% dts:30.280 pts:30.322
2025-08-23 16:55:02.509 T:4073 debug : CAMLCodec::ReleaseFrame idx:681, drop:0
2025-08-23 16:55:02.511 T:4252 debug : CAMLCodec::AddData: skip add data dl:15531604 fl:190892 sz:333380(333504) lv:100.9% dts:30.280 pts:30.322
2025-08-23 16:55:02.511 T:4250 debug : CVideoPlayer::ProcessAudioData size:7064 dts:34.923 pts:34.923 dur:92.000ms, clock:28.280 drop:0 level:72
2025-08-23 16:55:02.513 T:4252 debug : CAMLCodec::AddData: skip add data dl:15531604 fl:190892 sz:333380(333504) lv:100.9% dts:30.280 pts:30.322
2025-08-23 16:55:02.524 T:4253 info : Skipped 6 duplicate messages..
2025-08-23 16:55:02.524 T:4253 debug : CVideoPlayerAudio::OutputPacket: pts:29.071 curr_pts:28.268 clock:28.293 level:72
2025-08-23 16:55:02.525 T:4252 debug : CAMLCodec::AddData: skip add data dl:15531604 fl:190892 sz:333380(333504) lv:100.9% dts:30.280 pts:30.322
2025-08-23 16:55:02.532 T:4250 info : Skipped 3 duplicate messages..
2025-08-23 16:55:02.532 T:4250 debug : CVideoPlayer::ProcessAudioData size:6611 dts:35.015 pts:35.015 dur:92.000ms, clock:28.300 drop:0 level:72
2025-08-23 16:55:02.532 T:4250 debug : CVideoPlayer::ProcessAudioData size:6540 dts:35.108 pts:35.108 dur:92.000ms, clock:28.300 drop:0 level:74
2025-08-23 16:55:02.532 T:4252 debug : CAMLCodec::AddData: skip add data dl:15531604 fl:190892 sz:333380(333504) lv:100.9% dts:30.280 pts:30.322
2025-08-23 16:55:02.532 T:4250 debug : CVideoPlayer::ProcessAudioData size:8892 dts:35.201 pts:35.201 dur:92.000ms, clock:28.301 drop:0 level:75
2025-08-23 16:55:02.534 T:4252 debug : CAMLCodec::AddData: skip add data dl:15531604 fl:190892 sz:333380(333504) lv:100.9% dts:30.280 pts:30.322
2025-08-23 16:55:02.535 T:4073 debug : CAMLCodec::PollFrame elapsed:25.961ms
2025-08-23 16:55:02.536 T:4252 debug : CAMLCodec::AddData: skip add data dl:15531604 fl:190892 sz:333380(333504) lv:100.9% dts:30.280 pts:30.322
2025-08-23 16:55:02.537 T:4252 debug : CAMLCodec::DequeueBuffer: pts:28.654 idx:687
2025-08-23 16:55:02.538 T:4252 debug : CAMLCodec::GetPicture: index: 687, pts: 28.654, dur:42.000ms ar:1.78 elf:43ms
2025-08-23 16:55:02.538 T:4252 debug : CVideoPlayerVideo::OutputPicture - ttd:347ms pts:28.654 Clock:28.306 Level:5
2025-08-23 16:55:02.540 T:4252 debug : CAMLCodec::AddData: skip add data dl:15485588 fl:236908 sz:333380(333504) lv:100.6% dts:30.280 pts:30.322
2025-08-23 16:55:02.548 T:4073 info : Skipped 2 duplicate messages..
2025-08-23 16:55:02.548 T:4073 debug : PrepareNextRender: frameOnScreen: 28.316 renderPts: 28.466 nextFramePts: 28.445 -> diff: 0.021 render: 1 forceNext: 0
2025-08-23 16:55:02.548 T:4073 debug : CAMLCodec::ReleaseFrame idx:682, drop:0
2025-08-23 16:55:02.549 T:4252 debug : CAMLCodec::AddData: dl:15493268 fl:229228 sz:333380(333504) lv:98.5% dts:30.280 pts:30.322
2025-08-23 16:55:02.550 T:4252 debug : CAMLCodec::AddData: skip add data dl:15493144 fl:229352 sz:368004(368128) lv:100.8% dts:30.322 pts:30.447
2025-08-23 16:55:02.554 T:4250 info : Skipped 1 duplicate messages..
2025-08-23 16:55:02.554 T:4250 debug : CVideoPlayer::ProcessVideoData size:535324 dts:34.785 pts:35.202 dur:41.000ms, clock:28.323 level:56
2025-08-23 16:55:02.556 T:4252 debug : CAMLCodec::AddData: skip add data dl:15493144 fl:229352 sz:368004(368128) lv:100.8% dts:30.322 pts:30.447
2025-08-23 16:55:02.566 T:4250 info : Skipped 4 duplicate messages..
2025-08-23 16:55:02.566 T:4250 debug : CVideoPlayer::ProcessVideoData size:431457 dts:34.826 pts:35.035 dur:41.000ms, clock:28.334 level:100
2025-08-23 16:55:02.568 T:4252 debug : CAMLCodec::AddData: skip add data dl:15493144 fl:229352 sz:368004(368128) lv:100.8% dts:30.322 pts:30.447
2025-08-23 16:55:02.578 T:4073 info : Skipped 3 duplicate messages..
2025-08-23 16:55:02.578 T:4073 debug : CAMLCodec::PollFrame elapsed:29.267ms
2025-08-23 16:55:02.578 T:4252 debug : CAMLCodec::AddData: skip add data dl:15483544 fl:238952 sz:368004(368128) lv:100.8% dts:30.322 pts:30.447
2025-08-23 16:55:02.579 T:4252 debug : CAMLCodec::DequeueBuffer: pts:28.695 idx:688
2025-08-23 16:55:02.579 T:4252 debug : CAMLCodec::GetPicture: index: 688, pts: 28.695, dur:41.000ms ar:1.78 elf:41ms
2025-08-23 16:55:02.580 T:4252 debug : CVideoPlayerVideo::OutputPicture - ttd:346ms pts:28.695 Clock:28.348 Level:5
2025-08-23 16:55:02.583 T:4252 debug : CAMLCodec::AddData: skip add data dl:15483544 fl:238952 sz:368004(368128) lv:100.8% dts:30.322 pts:30.447
2025-08-23 16:55:02.588 T:4073 debug : PrepareNextRender: frameOnScreen: 28.356 renderPts: 28.506 nextFramePts: 28.487 -> diff: 0.019 render: 1 forceNext: 0
2025-08-23 16:55:02.588 T:4252 debug : CAMLCodec::AddData: dl:15525848 fl:196648 sz:368004(368128) lv:98.7% dts:30.322 pts:30.447
2025-08-23 16:55:02.588 T:4073 debug : CAMLCodec::ReleaseFrame idx:683, drop:0
2025-08-23 16:55:02.589 T:4252 debug : CAMLCodec::AddData: skip add data dl:15525724 fl:196772 sz:323326(323392) lv:100.8% dts:30.364 pts:30.405
2025-08-23 16:55:02.619 T:4073 info : Skipped 16 duplicate messages..
2025-08-23 16:55:02.619 T:4073 debug : CAMLCodec::PollFrame elapsed:30.752ms
2025-08-23 16:55:02.619 T:4252 debug : CAMLCodec::DequeueBuffer: pts:28.737 idx:689
2025-08-23 16:55:02.619 T:4252 debug : CAMLCodec::GetPicture: index: 689, pts: 28.737, dur:42.000ms ar:1.78 elf:39ms
2025-08-23 16:55:02.619 T:4252 debug : CVideoPlayerVideo::OutputPicture - ttd:349ms pts:28.737 Clock:28.388 Level:5
2025-08-23 16:55:02.621 T:4252 debug : CAMLCodec::AddData: skip add data dl:15515484 fl:207012 sz:323326(323392) lv:100.7% dts:30.364 pts:30.405
2025-08-23 16:55:02.625 T:4253 info : Skipped 1 duplicate messages..
2025-08-23 16:55:02.625 T:4253 debug : CVideoPlayerAudio::OutputPacket: pts:29.164 curr_pts:28.368 clock:28.393 level:75
2025-08-23 16:55:02.626 T:4252 debug : CAMLCodec::AddData: skip add data dl:15515484 fl:207012 sz:323326(323392) lv:100.7% dts:30.364 pts:30.405
2025-08-23 16:55:02.631 T:4252 debug : CAMLCodec::AddData: dl:15416156 fl:306340 sz:323326(323392) lv:98.0% dts:30.364 pts:30.405
2025-08-23 16:55:02.633 T:4252 debug : CAMLCodec::AddData: skip add data dl:15416090 fl:306406 sz:667053(667136) lv:102.3% dts:30.405 pts:30.530
2025-08-23 16:55:02.634 T:4073 debug : PrepareNextRender: frameOnScreen: 28.402 renderPts: 28.551 nextFramePts: 28.528 -> diff: 0.023 render: 1 forceNext: 0
2025-08-23 16:55:02.634 T:4073 debug : CAMLCodec::ReleaseFrame idx:684, drop:0
2025-08-23 16:55:02.635 T:4252 debug : CAMLCodec::AddData: skip add data dl:15416090 fl:306406 sz:667053(667136) lv:102.3% dts:30.405 pts:30.530
2025-08-23 16:55:02.638 T:4250 info : Skipped 1 duplicate messages..
2025-08-23 16:55:02.638 T:4250 debug : CVideoPlayer::ProcessVideoData size:339606 dts:34.868 pts:34.952 dur:41.000ms, clock:28.406 level:100
2025-08-23 16:55:02.641 T:4252 debug : CAMLCodec::AddData: skip add data dl:15416090 fl:306406 sz:667053(667136) lv:102.3% dts:30.405 pts:30.530
2025-08-23 16:55:02.649 T:4250 info : Skipped 2 duplicate messages..
2025-08-23 16:55:02.649 T:4250 debug : CVideoPlayer::ProcessVideoData size:314982 dts:34.910 pts:34.910 dur:41.000ms, clock:28.417 level:56
2025-08-23 16:55:02.651 T:4252 debug : CAMLCodec::AddData: skip add data dl:15416090 fl:306406 sz:667053(667136) lv:102.3% dts:30.405 pts:30.530
2025-08-23 16:55:02.661 T:4073 info : Skipped 3 duplicate messages..
2025-08-23 16:55:02.661 T:4073 debug : CAMLCodec::PollFrame elapsed:27.099ms
2025-08-23 16:55:02.664 T:4252 debug : CAMLCodec::AddData: skip add data dl:15238746 fl:483750 sz:667053(667136) lv:101.1% dts:30.405 pts:30.530
2025-08-23 16:55:02.665 T:4252 debug : CAMLCodec::DequeueBuffer: pts:28.779 idx:690
2025-08-23 16:55:02.666 T:4252 debug : CAMLCodec::GetPicture: index: 690, pts: 28.779, dur:42.000ms ar:1.78 elf:45ms
2025-08-23 16:55:02.666 T:4252 debug : CVideoPlayerVideo::OutputPicture - ttd:345ms pts:28.779 Clock:28.434 Level:5
2025-08-23 16:55:02.670 T:4252 debug : CAMLCodec::AddData: skip add data dl:15238746 fl:483750 sz:667053(667136) lv:101.1% dts:30.405 pts:30.530
2025-08-23 16:55:02.675 T:4252 debug : CAMLCodec::AddData: dl:15499738 fl:222758 sz:667053(667136) lv:98.5% dts:30.405 pts:30.530
2025-08-23 16:55:02.677 T:4073 debug : PrepareNextRender: frameOnScreen: 28.445 renderPts: 28.594 nextFramePts: 28.570 -> diff: 0.024 render: 1 forceNext: 0
2025-08-23 16:55:02.677 T:4073 debug : CAMLCodec::ReleaseFrame idx:685, drop:0
2025-08-23 16:55:02.677 T:4252 debug : CAMLCodec::AddData: skip add data dl:15225818 fl:496678 sz:572439(572544) lv:100.4% dts:30.447 pts:30.864
2025-08-23 16:55:02.680 T:4252 debug : CAMLCodec::AddData: skip add data dl:15499655 fl:222841 sz:572439(572544) lv:102.2% dts:30.447 pts:30.864
2025-08-23 16:55:02.701 T:4250 info : Skipped 10 duplicate messages..
2025-08-23 16:55:02.701 T:4250 debug : CVideoPlayer::ProcessVideoData size:316299 dts:34.952 pts:34.993 dur:41.000ms, clock:28.469 level:100
2025-08-23 16:55:02.703 T:4073 debug : CAMLCodec::PollFrame elapsed:25.371ms
2025-08-23 16:55:02.703 T:4252 debug : CAMLCodec::AddData: skip add data dl:15442695 fl:279801 sz:572439(572544) lv:101.8% dts:30.447 pts:30.864
2025-08-23 16:55:02.705 T:4252 debug : CAMLCodec::DequeueBuffer: pts:28.820 idx:691
2025-08-23 16:55:02.705 T:4252 debug : CAMLCodec::GetPicture: index: 691, pts: 28.820, dur:41.000ms ar:1.78 elf:39ms
2025-08-23 16:55:02.706 T:4252 debug : CVideoPlayerVideo::OutputPicture - ttd:346ms pts:28.820 Clock:28.474 Level:5
2025-08-23 16:55:02.709 T:4252 debug : CAMLCodec::AddData: skip add data dl:15442695 fl:279801 sz:572439(572544) lv:101.8% dts:30.447 pts:30.864
2025-08-23 16:55:02.714 T:4250 debug : CVideoPlayer::ProcessVideoData size:359618 dts:34.993 pts:35.118 dur:41.000ms, clock:28.482 level:56
2025-08-23 16:55:02.715 T:4073 debug : PrepareNextRender: frameOnScreen: 28.484 renderPts: 28.633 nextFramePts: 28.612 -> diff: 0.021 render: 1 forceNext: 0
2025-08-23 16:55:02.716 T:4073 debug : CAMLCodec::ReleaseFrame idx:686, drop:0
2025-08-23 16:55:02.718 T:4252 debug : CAMLCodec::AddData: dl:15680071 fl:42425 sz:572439(572544) lv:99.7% dts:30.447 pts:30.864
