2025-08-23 16:54:54.463 T:4250 debug : CVideoPlayer::ProcessAudioData size:8135 dts:28.886 pts:28.886 dur:92.000ms, clock:20.242 drop:0 level:97
2025-08-23 16:54:54.463 T:4250 debug : CVideoPlayer::ProcessAudioData size:6416 dts:28.978 pts:28.978 dur:92.000ms, clock:20.242 drop:0 level:98
2025-08-23 16:54:54.463 T:4250 debug : CVideoPlayer::ProcessAudioData size:5473 dts:29.071 pts:29.071 dur:92.000ms, clock:20.242 drop:0 level:99
2025-08-23 16:54:54.464 T:4250 debug : CVideoPlayer::ProcessAudioData size:5177 dts:29.164 pts:29.164 dur:92.000ms, clock:20.242 drop:0 level:100
2025-08-23 16:54:54.466 T:4252 debug : CAMLCodec::AddData: dl:15557233 fl:165263 sz:444464(444544) lv:98.9% dts:21.897 pts:21.980
2025-08-23 16:54:54.468 T:4252 debug : CAMLCodec::AddData: skip add data dl:15557153 fl:165343 sz:678713(678784) lv:103.2% dts:21.939 pts:22.356
2025-08-23 16:54:54.470 T:4250 debug : CVideoPlayer::ProcessVideoData size:600044 dts:28.779 pts:29.196 dur:41.000ms, clock:20.249 level:85
2025-08-23 16:54:54.471 T:4252 debug : CAMLCodec::AddData: skip add data dl:15557153 fl:165343 sz:678713(678784) lv:103.2% dts:21.939 pts:22.356
2025-08-23 16:54:54.473 T:4250 debug : CVideoPlayer::ProcessVideoData size:463094 dts:28.820 pts:29.029 dur:41.000ms, clock:20.252 level:85
2025-08-23 16:54:54.474 T:4252 debug : CAMLCodec::AddData: skip add data dl:15557153 fl:165343 sz:678713(678784) lv:103.2% dts:21.939 pts:22.356
2025-08-23 16:54:54.475 T:4073 debug : CAMLCodec::PollFrame elapsed:36.769ms
2025-08-23 16:54:54.477 T:4252 debug : CAMLCodec::AddData: skip add data dl:15402081 fl:320415 sz:678713(678784) lv:102.2% dts:21.939 pts:22.356
2025-08-23 16:54:54.481 T:4073 info : Skipped 1 duplicate messages..
2025-08-23 16:54:54.481 T:4073 debug : PrepareNextRender: frameOnScreen: 20.260 renderPts: 20.412 nextFramePts: 20.395 -> diff: 0.017 render: 1 forceNext: 0
2025-08-23 16:54:54.481 T:4073 debug : CAMLCodec::ReleaseFrame idx:489, drop:0
2025-08-23 16:54:54.483 T:4252 debug : CAMLCodec::AddData: skip add data dl:15402081 fl:320415 sz:678713(678784) lv:102.2% dts:21.939 pts:22.356
2025-08-23 16:54:54.491 T:4252 info : Skipped 2 duplicate messages..
2025-08-23 16:54:54.491 T:4252 debug : CAMLCodec::AddData: dl:15561249 fl:161247 sz:678713(678784) lv:98.9% dts:21.939 pts:22.356
2025-08-23 16:54:54.492 T:4252 debug : CAMLCodec::AddData: skip add data dl:15513128 fl:209248 sz:554528(554624) lv:102.2% dts:21.980 pts:22.189
2025-08-23 16:54:54.494 T:4252 debug : CAMLCodec::AddData: skip add data dl:15561178 fl:161318 sz:554528(554624) lv:102.5% dts:21.980 pts:22.189
2025-08-23 16:54:54.514 T:4253 info : Skipped 12 duplicate messages..
2025-08-23 16:54:54.514 T:4253 debug : CVideoPlayerAudio::OutputPacket: pts:21.084 curr_pts:20.267 clock:20.293 level:100
2025-08-23 16:54:54.514 T:4252 debug : CAMLCodec::AddData: skip add data dl:15561178 fl:161318 sz:554528(554624) lv:102.5% dts:21.980 pts:22.189
2025-08-23 16:54:54.517 T:4250 info : Skipped 1 duplicate messages..
2025-08-23 16:54:54.517 T:4250 debug : CVideoPlayer::ProcessVideoData size:387453 dts:28.862 pts:28.946 dur:41.000ms, clock:20.295 level:100
2025-08-23 16:54:54.517 T:4073 debug : CAMLCodec::PollFrame elapsed:35.634ms
2025-08-23 16:54:54.518 T:4252 debug : CAMLCodec::AddData: skip add data dl:15516634 fl:205862 sz:554528(554624) lv:102.2% dts:21.980 pts:22.189
2025-08-23 16:54:54.525 T:4073 info : Skipped 1 duplicate messages..
2025-08-23 16:54:54.525 T:4073 debug : PrepareNextRender: frameOnScreen: 20.303 renderPts: 20.456 nextFramePts: 20.437 -> diff: 0.019 render: 1 forceNext: 0
2025-08-23 16:54:54.525 T:4073 debug : CAMLCodec::ReleaseFrame idx:490, drop:0
2025-08-23 16:54:54.525 T:4252 debug : CAMLCodec::AddData: skip add data dl:15516634 fl:205862 sz:554528(554624) lv:102.2% dts:21.980 pts:22.189
2025-08-23 16:54:54.529 T:4250 info : Skipped 1 duplicate messages..
2025-08-23 16:54:54.529 T:4250 debug : CVideoPlayer::ProcessVideoData size:339903 dts:28.904 pts:28.904 dur:41.000ms, clock:20.308 level:86
2025-08-23 16:54:54.532 T:4252 debug : CAMLCodec::AddData: dl:15625114 fl:97382 sz:554528(554624) lv:99.3% dts:21.980 pts:22.189
2025-08-23 16:54:54.533 T:4252 debug : CAMLCodec::AddData: skip add data dl:15529896 fl:192360 sz:475933(476032) lv:101.8% dts:22.022 pts:22.105
2025-08-23 16:54:54.534 T:4252 debug : CAMLCodec::AddData: skip add data dl:15625018 fl:97478 sz:475933(476032) lv:102.4% dts:22.022 pts:22.105
2025-08-23 16:54:54.540 T:4250 info : Skipped 3 duplicate messages..
2025-08-23 16:54:54.540 T:4250 debug : CVideoPlayer::ProcessVideoData size:338034 dts:28.946 pts:28.987 dur:41.000ms, clock:20.319 level:100
2025-08-23 16:54:54.542 T:4252 debug : CAMLCodec::AddData: skip add data dl:15625018 fl:97478 sz:475933(476032) lv:102.4% dts:22.022 pts:22.105
2025-08-23 16:54:54.559 T:4073 info : Skipped 9 duplicate messages..
2025-08-23 16:54:54.559 T:4073 debug : CAMLCodec::PollFrame elapsed:34.251ms
2025-08-23 16:54:54.560 T:4252 debug : CAMLCodec::AddData: skip add data dl:15587514 fl:134982 sz:475933(476032) lv:102.1% dts:22.022 pts:22.105
2025-08-23 16:54:54.561 T:4252 debug : CAMLCodec::DequeueBuffer: pts:20.687 idx:496
2025-08-23 16:54:54.561 T:4252 debug : CAMLCodec::GetPicture: index: 496, pts: 20.687, dur:41.000ms ar:1.78 elf:121ms
2025-08-23 16:54:54.561 T:4252 debug : CVideoPlayerVideo::OutputPicture - ttd:347ms pts:20.687 Clock:20.340 Level:5
2025-08-23 16:54:54.563 T:4252 debug : CAMLCodec::AddData: skip add data dl:15587514 fl:134982 sz:475933(476032) lv:102.1% dts:22.022 pts:22.105
2025-08-23 16:54:54.573 T:4252 info : Skipped 3 duplicate messages..
2025-08-23 16:54:54.573 T:4252 debug : CAMLCodec::AddData: dl:15623738 fl:98758 sz:475933(476032) lv:99.3% dts:22.022 pts:22.105
2025-08-23 16:54:54.573 T:4252 debug : CAMLCodec::AddData: skip add data dl:15623639 fl:98857 sz:442869(442944) lv:102.1% dts:22.064 pts:22.064
2025-08-23 16:54:54.576 T:4073 info : Skipped 1 duplicate messages..
2025-08-23 16:54:54.576 T:4073 debug : PrepareNextRender: frameOnScreen: 20.354 renderPts: 20.507 nextFramePts: 20.479 -> diff: 0.028 render: 1 forceNext: 0
2025-08-23 16:54:54.576 T:4073 debug : CAMLCodec::ReleaseFrame idx:491, drop:0
2025-08-23 16:54:54.577 T:4252 debug : CAMLCodec::AddData: skip add data dl:15623639 fl:98857 sz:442869(442944) lv:102.1% dts:22.064 pts:22.064
2025-08-23 16:54:54.601 T:4073 info : Skipped 15 duplicate messages..
2025-08-23 16:54:54.601 T:4073 debug : CAMLCodec::PollFrame elapsed:24.926ms
2025-08-23 16:54:54.602 T:4252 debug : CAMLCodec::AddData: skip add data dl:15614295 fl:108201 sz:442869(442944) lv:102.1% dts:22.064 pts:22.064
2025-08-23 16:54:54.603 T:4250 debug : CVideoPlayer::ProcessVideoData size:396473 dts:28.987 pts:29.112 dur:41.000ms, clock:20.382 level:100
2025-08-23 16:54:54.604 T:4252 debug : CAMLCodec::DequeueBuffer: pts:20.729 idx:497
2025-08-23 16:54:54.604 T:4252 debug : CAMLCodec::GetPicture: index: 497, pts: 20.729, dur:42.000ms ar:1.78 elf:42ms
2025-08-23 16:54:54.604 T:4252 debug : CVideoPlayerVideo::OutputPicture - ttd:346ms pts:20.729 Clock:20.383 Level:5
2025-08-23 16:54:54.607 T:4252 debug : CAMLCodec::AddData: skip add data dl:15614295 fl:108201 sz:442869(442944) lv:102.1% dts:22.064 pts:22.064
2025-08-23 16:54:54.614 T:4252 info : Skipped 1 duplicate messages..
2025-08-23 16:54:54.614 T:4252 debug : CAMLCodec::AddData: dl:15619543 fl:102953 sz:442869(442944) lv:99.3% dts:22.064 pts:22.064
2025-08-23 16:54:54.614 T:4073 debug : PrepareNextRender: frameOnScreen: 20.393 renderPts: 20.545 nextFramePts: 20.520 -> diff: 0.025 render: 1 forceNext: 0
2025-08-23 16:54:54.614 T:4073 debug : CAMLCodec::ReleaseFrame idx:492, drop:0
2025-08-23 16:54:54.614 T:4252 debug : CAMLCodec::AddData: skip add data dl:15568144 fl:154096 sz:382195(382272) lv:101.4% dts:22.105 pts:22.147
2025-08-23 16:54:54.615 T:4253 debug : CVideoPlayerAudio::OutputPacket: pts:21.176 curr_pts:20.369 clock:20.394 level:99
2025-08-23 16:54:54.616 T:4252 debug : CAMLCodec::AddData: skip add data dl:15619468 fl:103028 sz:382195(382272) lv:101.7% dts:22.105 pts:22.147
2025-08-23 16:54:54.635 T:4250 info : Skipped 10 duplicate messages..
2025-08-23 16:54:54.635 T:4250 debug : CVideoPlayer::ProcessVideoData size:340118 dts:29.029 pts:29.071 dur:41.000ms, clock:20.414 level:86
2025-08-23 16:54:54.635 T:4252 debug : CAMLCodec::AddData: skip add data dl:15619468 fl:103028 sz:382195(382272) lv:101.7% dts:22.105 pts:22.147
2025-08-23 16:54:54.643 T:4073 info : Skipped 4 duplicate messages..
2025-08-23 16:54:54.643 T:4073 debug : CAMLCodec::PollFrame elapsed:28.263ms
2025-08-23 16:54:54.644 T:4252 debug : CAMLCodec::AddData: skip add data dl:15610636 fl:111860 sz:382195(382272) lv:101.7% dts:22.105 pts:22.147
2025-08-23 16:54:54.645 T:4252 debug : CAMLCodec::DequeueBuffer: pts:20.771 idx:498
2025-08-23 16:54:54.645 T:4252 debug : CAMLCodec::GetPicture: index: 498, pts: 20.771, dur:42.000ms ar:1.78 elf:41ms
2025-08-23 16:54:54.645 T:4252 debug : CVideoPlayerVideo::OutputPicture - ttd:347ms pts:20.771 Clock:20.424 Level:5
2025-08-23 16:54:54.647 T:4252 debug : CAMLCodec::AddData: skip add data dl:15610636 fl:111860 sz:382195(382272) lv:101.7% dts:22.105 pts:22.147
2025-08-23 16:54:54.653 T:4073 info : Skipped 2 duplicate messages..
2025-08-23 16:54:54.653 T:4073 debug : PrepareNextRender: frameOnScreen: 20.431 renderPts: 20.583 nextFramePts: 20.562 -> diff: 0.021 render: 1 forceNext: 0
2025-08-23 16:54:54.653 T:4073 debug : CAMLCodec::ReleaseFrame idx:493, drop:0
2025-08-23 16:54:54.657 T:4252 debug : CAMLCodec::AddData: dl:15552204 fl:170292 sz:382195(382272) lv:98.9% dts:22.105 pts:22.147
2025-08-23 16:54:54.657 T:4252 debug : CAMLCodec::AddData: skip add data dl:15552127 fl:170369 sz:479066(479168) lv:101.9% dts:22.147 pts:22.272
2025-08-23 16:54:54.684 T:4073 info : Skipped 15 duplicate messages..
2025-08-23 16:54:54.684 T:4073 debug : CAMLCodec::PollFrame elapsed:31.139ms
2025-08-23 16:54:54.685 T:4252 debug : CAMLCodec::AddData: skip add data dl:15552127 fl:170369 sz:479066(479168) lv:101.9% dts:22.147 pts:22.272
2025-08-23 16:54:54.686 T:4252 debug : CAMLCodec::DequeueBuffer: pts:20.812 idx:499
2025-08-23 16:54:54.686 T:4252 debug : CAMLCodec::GetPicture: index: 499, pts: 20.812, dur:41.000ms ar:1.78 elf:40ms
2025-08-23 16:54:54.686 T:4252 debug : CVideoPlayerVideo::OutputPicture - ttd:347ms pts:20.812 Clock:20.465 Level:5
2025-08-23 16:54:54.690 T:4252 debug : CAMLCodec::AddData: skip add data dl:15515583 fl:206913 sz:479066(479168) lv:101.7% dts:22.147 pts:22.272
2025-08-23 16:54:54.691 T:4073 debug : PrepareNextRender: frameOnScreen: 20.470 renderPts: 20.622 nextFramePts: 20.604 -> diff: 0.018 render: 1 forceNext: 0
2025-08-23 16:54:54.692 T:4073 debug : CAMLCodec::ReleaseFrame idx:494, drop:0
2025-08-23 16:54:54.693 T:4252 debug : CAMLCodec::AddData: skip add data dl:15515583 fl:206913 sz:479066(479168) lv:101.7% dts:22.147 pts:22.272
2025-08-23 16:54:54.698 T:4250 info : Skipped 1 duplicate messages..
2025-08-23 16:54:54.698 T:4250 debug : CVideoPlayer::ProcessVideoData size:335313 dts:29.071 pts:29.154 dur:41.000ms, clock:20.476 level:86
2025-08-23 16:54:54.699 T:4250 debug : CVideoPlayer::ProcessAudioData size:5002 dts:29.257 pts:29.257 dur:92.000ms, clock:20.477 drop:0 level:99
2025-08-23 16:54:54.699 T:4250 debug : CVideoPlayer::ProcessAudioData size:5017 dts:29.349 pts:29.349 dur:92.000ms, clock:20.478 drop:0 level:100
2025-08-23 16:54:54.700 T:4250 debug : CVideoPlayer::ProcessAudioData size:7209 dts:29.442 pts:29.442 dur:92.000ms, clock:20.478 drop:0 level:100
2025-08-23 16:54:54.701 T:4252 debug : CAMLCodec::AddData: dl:15560255 fl:162241 sz:479066(479168) lv:98.9% dts:22.147 pts:22.272
2025-08-23 16:54:54.701 T:4252 debug : CAMLCodec::AddData: skip add data dl:15560153 fl:162343 sz:381782(381888) lv:101.4% dts:22.189 pts:22.231
2025-08-23 16:54:54.704 T:4250 info : Skipped 1 duplicate messages..
2025-08-23 16:54:54.704 T:4250 debug : CVideoPlayer::ProcessVideoData size:542064 dts:29.112 pts:29.488 dur:41.000ms, clock:20.483 level:87
2025-08-23 16:54:54.706 T:4252 debug : CAMLCodec::AddData: skip add data dl:15560153 fl:162343 sz:381782(381888) lv:101.4% dts:22.189 pts:22.231
2025-08-23 16:54:54.714 T:4253 info : Skipped 6 duplicate messages..
2025-08-23 16:54:54.714 T:4253 debug : CVideoPlayerAudio::OutputPacket: pts:21.269 curr_pts:20.468 clock:20.493 level:100
2025-08-23 16:54:54.716 T:4252 debug : CAMLCodec::AddData: skip add data dl:15560153 fl:162343 sz:381782(381888) lv:101.4% dts:22.189 pts:22.231
2025-08-23 16:54:54.726 T:4073 info : Skipped 6 duplicate messages..
2025-08-23 16:54:54.726 T:4073 debug : CAMLCodec::PollFrame elapsed:34.341ms
2025-08-23 16:54:54.727 T:4252 debug : CAMLCodec::AddData: skip add data dl:15550809 fl:171687 sz:381782(381888) lv:101.3% dts:22.189 pts:22.231
2025-08-23 16:54:54.728 T:4252 debug : CAMLCodec::DequeueBuffer: pts:20.854 idx:500
2025-08-23 16:54:54.728 T:4252 debug : CAMLCodec::GetPicture: index: 500, pts: 20.854, dur:42.000ms ar:1.78 elf:41ms
2025-08-23 16:54:54.728 T:4252 debug : CVideoPlayerVideo::OutputPicture - ttd:347ms pts:20.854 Clock:20.506 Level:5
2025-08-23 16:54:54.731 T:4252 debug : CAMLCodec::AddData: skip add data dl:15550809 fl:171687 sz:381782(381888) lv:101.3% dts:22.189 pts:22.231
2025-08-23 16:54:54.733 T:4073 info : Skipped 1 duplicate messages..
2025-08-23 16:54:54.733 T:4073 debug : PrepareNextRender: frameOnScreen: 20.512 renderPts: 20.664 nextFramePts: 20.646 -> diff: 0.018 render: 1 forceNext: 0
2025-08-23 16:54:54.733 T:4073 debug : CAMLCodec::ReleaseFrame idx:495, drop:0
2025-08-23 16:54:54.735 T:4252 debug : CAMLCodec::AddData: skip add data dl:15550809 fl:171687 sz:381782(381888) lv:101.3% dts:22.189 pts:22.231
2025-08-23 16:54:54.740 T:4252 debug : CAMLCodec::AddData: dl:15500569 fl:221927 sz:381782(381888) lv:98.5% dts:22.189 pts:22.231
2025-08-23 16:54:54.741 T:4252 debug : CAMLCodec::AddData: skip add data dl:15500463 fl:222033 sz:383149(383232) lv:101.0% dts:22.231 pts:22.314
2025-08-23 16:54:54.768 T:4073 info : Skipped 15 duplicate messages..
2025-08-23 16:54:54.768 T:4073 debug : CAMLCodec::PollFrame elapsed:34.626ms
2025-08-23 16:54:54.768 T:4252 debug : CAMLCodec::DequeueBuffer: pts:20.896 idx:501
2025-08-23 16:54:54.768 T:4252 debug : CAMLCodec::GetPicture: index: 501, pts: 20.896, dur:42.000ms ar:1.78 elf:40ms
2025-08-23 16:54:54.768 T:4252 debug : CVideoPlayerVideo::OutputPicture - ttd:349ms pts:20.896 Clock:20.547 Level:5
2025-08-23 16:54:54.771 T:4252 debug : CAMLCodec::AddData: skip add data dl:15489455 fl:233041 sz:383149(383232) lv:100.9% dts:22.231 pts:22.314
2025-08-23 16:54:54.781 T:4252 info : Skipped 2 duplicate messages..
2025-08-23 16:54:54.781 T:4252 debug : CAMLCodec::AddData: dl:15366895 fl:355601 sz:383149(383232) lv:97.7% dts:22.231 pts:22.314
2025-08-23 16:54:54.782 T:4252 debug : CAMLCodec::AddData: skip add data dl:15366812 fl:355684 sz:605050(605120) lv:101.5% dts:22.272 pts:22.648
2025-08-23 16:54:54.782 T:4073 debug : PrepareNextRender: frameOnScreen: 20.561 renderPts: 20.713 nextFramePts: 20.687 -> diff: 0.026 render: 1 forceNext: 0
2025-08-23 16:54:54.782 T:4073 debug : CAMLCodec::ReleaseFrame idx:496, drop:0
2025-08-23 16:54:54.784 T:4252 debug : CAMLCodec::AddData: skip add data dl:15366812 fl:355684 sz:605050(605120) lv:101.5% dts:22.272 pts:22.648
2025-08-23 16:54:54.788 T:4250 info : Skipped 1 duplicate messages..
2025-08-23 16:54:54.788 T:4250 debug : CVideoPlayer::ProcessVideoData size:466480 dts:29.154 pts:29.363 dur:41.000ms, clock:20.567 level:85
2025-08-23 16:54:54.789 T:4250 debug : CVideoPlayer::ProcessVideoData size:395711 dts:29.196 pts:29.279 dur:41.000ms, clock:20.568 level:86
2025-08-23 16:54:54.790 T:4250 debug : CVideoPlayer::ProcessVideoData size:335095 dts:29.238 pts:29.238 dur:41.000ms, clock:20.568 level:87
2025-08-23 16:54:54.791 T:4252 debug : CAMLCodec::AddData: skip add data dl:15366812 fl:355684 sz:605050(605120) lv:101.5% dts:22.272 pts:22.648
2025-08-23 16:54:54.810 T:4073 info : Skipped 8 duplicate messages..
2025-08-23 16:54:54.810 T:4073 debug : CAMLCodec::PollFrame elapsed:27.079ms
2025-08-23 16:54:54.810 T:4252 debug : CAMLCodec::DequeueBuffer: pts:20.938 idx:502
2025-08-23 16:54:54.810 T:4252 debug : CAMLCodec::GetPicture: index: 502, pts: 20.938, dur:42.000ms ar:1.78 elf:41ms
2025-08-23 16:54:54.810 T:4252 debug : CVideoPlayerVideo::OutputPicture - ttd:349ms pts:20.938 Clock:20.588 Level:5
2025-08-23 16:54:54.813 T:4252 debug : CAMLCodec::AddData: skip add data dl:15206428 fl:516068 sz:605050(605120) lv:100.5% dts:22.272 pts:22.648
2025-08-23 16:54:54.816 T:4253 debug : CVideoPlayerAudio::OutputPacket: pts:21.362 curr_pts:20.569 clock:20.594 level:100
2025-08-23 16:54:54.817 T:4252 debug : CAMLCodec::AddData: skip add data dl:15206428 fl:516068 sz:605050(605120) lv:100.5% dts:22.272 pts:22.648
2025-08-23 16:54:54.822 T:4073 info : Skipped 1 duplicate messages..
2025-08-23 16:54:54.822 T:4073 debug : PrepareNextRender: frameOnScreen: 20.600 renderPts: 20.752 nextFramePts: 20.729 -> diff: 0.023 render: 1 forceNext: 0
2025-08-23 16:54:54.822 T:4073 debug : CAMLCodec::ReleaseFrame idx:497, drop:0
2025-08-23 16:54:54.824 T:4252 debug : CAMLCodec::AddData: dl:15303964 fl:418532 sz:605050(605120) lv:97.3% dts:22.272 pts:22.648
2025-08-23 16:54:54.825 T:4252 debug : CAMLCodec::AddData: skip add data dl:15300312 fl:421928 sz:521603(521728) lv:100.6% dts:22.314 pts:22.522
2025-08-23 16:54:54.827 T:4252 debug : CAMLCodec::AddData: skip add data dl:15303894 fl:418602 sz:521603(521728) lv:100.6% dts:22.314 pts:22.522
2025-08-23 16:54:54.842 T:4250 info : Skipped 8 duplicate messages..
2025-08-23 16:54:54.842 T:4250 debug : CVideoPlayer::ProcessVideoData size:337437 dts:29.279 pts:29.321 dur:41.000ms, clock:20.621 level:100
2025-08-23 16:54:54.844 T:4252 debug : CAMLCodec::AddData: skip add data dl:15303894 fl:418602 sz:521603(521728) lv:100.6% dts:22.314 pts:22.522
2025-08-23 16:54:54.851 T:4073 info : Skipped 4 duplicate messages..
2025-08-23 16:54:54.851 T:4073 debug : CAMLCodec::PollFrame elapsed:28.737ms
2025-08-23 16:54:54.852 T:4252 debug : CAMLCodec::DequeueBuffer: pts:20.979 idx:503
2025-08-23 16:54:54.852 T:4252 debug : CAMLCodec::GetPicture: index: 503, pts: 20.979, dur:41.000ms ar:1.78 elf:41ms
2025-08-23 16:54:54.852 T:4252 debug : CVideoPlayerVideo::OutputPicture - ttd:348ms pts:20.979 Clock:20.631 Level:5
2025-08-23 16:54:54.855 T:4252 debug : CAMLCodec::AddData: skip add data dl:15264534 fl:457962 sz:521603(521728) lv:100.4% dts:22.314 pts:22.522
2025-08-23 16:54:54.859 T:4073 info : Skipped 1 duplicate messages..
2025-08-23 16:54:54.859 T:4073 debug : PrepareNextRender: frameOnScreen: 20.638 renderPts: 20.789 nextFramePts: 20.771 -> diff: 0.018 render: 1 forceNext: 0
2025-08-23 16:54:54.859 T:4073 debug : CAMLCodec::ReleaseFrame idx:498, drop:0
2025-08-23 16:54:54.861 T:4252 debug : CAMLCodec::AddData: skip add data dl:15264534 fl:457962 sz:521603(521728) lv:100.4% dts:22.314 pts:22.522
2025-08-23 16:54:54.866 T:4252 debug : CAMLCodec::AddData: dl:15344406 fl:378090 sz:521603(521728) lv:97.6% dts:22.314 pts:22.522
2025-08-23 16:54:54.869 T:4252 debug : CAMLCodec::AddData: dl:15692432 fl:28528 sz:487057(487168) lv:99.8% dts:22.356 pts:22.439
2025-08-23 16:54:54.870 T:4252 debug : CAMLCodec::AddData: skip add data dl:15689440 fl:32872 sz:382228(382336) lv:102.2% dts:22.397 pts:22.397
2025-08-23 16:54:54.871 T:4252 debug : CAMLCodec::AddData: skip add data dl:15722496 fl:0 sz:382228(382336) lv:100.0% dts:22.397 pts:22.397
2025-08-23 16:54:54.875 T:4250 info : Skipped 1 duplicate messages..
2025-08-23 16:54:54.875 T:4250 debug : CVideoPlayer::ProcessVideoData size:390940 dts:29.321 pts:29.446 dur:41.000ms, clock:20.653 level:87
2025-08-23 16:54:54.875 T:4252 debug : CAMLCodec::AddData: skip add data dl:15722496 fl:0 sz:382228(382336) lv:100.0% dts:22.397 pts:22.397
2025-08-23 16:54:54.876 T:4250 debug : CVideoPlayer::ProcessVideoData size:336456 dts:29.363 pts:29.404 dur:41.000ms, clock:20.654 level:100
2025-08-23 16:54:54.878 T:4252 debug : CAMLCodec::AddData: skip add data dl:15722496 fl:0 sz:382228(382336) lv:100.0% dts:22.397 pts:22.397
2025-08-23 16:54:54.893 T:4073 info : Skipped 9 duplicate messages..
2025-08-23 16:54:54.893 T:4073 debug : CAMLCodec::PollFrame elapsed:33.667ms
2025-08-23 16:54:54.895 T:4252 debug : CAMLCodec::AddData: skip add data dl:15722496 fl:0 sz:382228(382336) lv:100.0% dts:22.397 pts:22.397
2025-08-23 16:54:54.899 T:4073 info : Skipped 2 duplicate messages..
2025-08-23 16:54:54.899 T:4073 debug : PrepareNextRender: frameOnScreen: 20.678 renderPts: 20.829 nextFramePts: 20.812 -> diff: 0.017 render: 1 forceNext: 0
2025-08-23 16:54:54.899 T:4073 debug : CAMLCodec::ReleaseFrame idx:499, drop:0
2025-08-23 16:54:54.901 T:4252 debug : CAMLCodec::AddData: skip add data dl:15722496 fl:0 sz:382228(382336) lv:100.0% dts:22.397 pts:22.397
2025-08-23 16:54:54.901 T:4250 debug : CVideoPlayer::ProcessVideoData size:687180 dts:29.404 pts:29.529 dur:41.000ms, clock:20.679 level:100
2025-08-23 16:54:54.903 T:4252 debug : CAMLCodec::AddData: skip add data dl:15722496 fl:0 sz:382228(382336) lv:100.0% dts:22.397 pts:22.397
2025-08-23 16:54:54.915 T:4253 info : Skipped 6 duplicate messages..
2025-08-23 16:54:54.915 T:4253 debug : CVideoPlayerAudio::OutputPacket: pts:21.454 curr_pts:20.668 clock:20.693 level:99
2025-08-23 16:54:54.915 T:4252 debug : CAMLCodec::AddData: skip add data dl:15722496 fl:0 sz:382228(382336) lv:100.0% dts:22.397 pts:22.397
2025-08-23 16:54:54.935 T:4073 info : Skipped 10 duplicate messages..
2025-08-23 16:54:54.935 T:4073 debug : CAMLCodec::PollFrame elapsed:35.298ms
2025-08-23 16:54:54.936 T:4252 debug : CAMLCodec::AddData: skip add data dl:15685440 fl:37056 sz:382228(382336) lv:102.2% dts:22.397 pts:22.397
2025-08-23 16:54:54.937 T:4252 debug : CAMLCodec::DequeueBuffer: pts:21.021 idx:504
2025-08-23 16:54:54.937 T:4252 debug : CAMLCodec::GetPicture: index: 504, pts: 21.021, dur:42.000ms ar:1.78 elf:85ms
2025-08-23 16:54:54.938 T:4252 debug : CVideoPlayerVideo::OutputPicture - ttd:305ms pts:21.021 Clock:20.716 Level:4
2025-08-23 16:54:54.940 T:4252 debug : CAMLCodec::AddData: skip add data dl:15685440 fl:37056 sz:382228(382336) lv:102.2% dts:22.397 pts:22.397
2025-08-23 16:54:54.943 T:4073 debug : PrepareNextRender: frameOnScreen: 20.721 renderPts: 20.872 nextFramePts: 20.854 -> diff: 0.018 render: 1 forceNext: 0
2025-08-23 16:54:54.943 T:4073 debug : CAMLCodec::ReleaseFrame idx:500, drop:0
2025-08-23 16:54:54.944 T:4252 debug : CAMLCodec::AddData: skip add data dl:15685440 fl:37056 sz:382228(382336) lv:102.2% dts:22.397 pts:22.397
2025-08-23 16:54:54.948 T:4252 debug : CAMLCodec::AddData: dl:15632640 fl:89856 sz:382228(382336) lv:99.4% dts:22.397 pts:22.397
2025-08-23 16:54:54.949 T:4252 debug : CAMLCodec::AddData: skip add data dl:15707432 fl:14936 sz:381410(381504) lv:102.3% dts:22.439 pts:22.481
2025-08-23 16:54:54.951 T:4252 debug : CAMLCodec::AddData: skip add data dl:15722496 fl:0 sz:381410(381504) lv:100.0% dts:22.439 pts:22.481
2025-08-23 16:54:54.965 T:4253 info : Skipped 8 duplicate messages..
2025-08-23 16:54:54.965 T:4253 debug : CVideoPlayerAudio::OutputPacket: pts:21.547 curr_pts:20.717 clock:20.743 level:98
2025-08-23 16:54:54.966 T:4252 debug : CAMLCodec::AddData: skip add data dl:15722496 fl:0 sz:381410(381504) lv:100.0% dts:22.439 pts:22.481
2025-08-23 16:54:54.977 T:4073 info : Skipped 5 duplicate messages..
2025-08-23 16:54:54.977 T:4073 debug : CAMLCodec::PollFrame elapsed:33.723ms
2025-08-23 16:54:54.977 T:4252 debug : CAMLCodec::AddData: skip add data dl:15712448 fl:10048 sz:381410(381504) lv:102.3% dts:22.439 pts:22.481
2025-08-23 16:54:54.978 T:4252 debug : CAMLCodec::DequeueBuffer: pts:21.063 idx:505
2025-08-23 16:54:54.978 T:4252 debug : CAMLCodec::GetPicture: index: 505, pts: 21.063, dur:42.000ms ar:1.78 elf:40ms
2025-08-23 16:54:54.978 T:4252 debug : CVideoPlayerVideo::OutputPicture - ttd:306ms pts:21.063 Clock:20.756 Level:4
2025-08-23 16:54:54.981 T:4252 debug : CAMLCodec::AddData: skip add data dl:15712448 fl:10048 sz:381410(381504) lv:102.3% dts:22.439 pts:22.481
2025-08-23 16:54:54.983 T:4073 info : Skipped 1 duplicate messages..
2025-08-23 16:54:54.983 T:4073 debug : PrepareNextRender: frameOnScreen: 20.762 renderPts: 20.913 nextFramePts: 20.896 -> diff: 0.017 render: 1 forceNext: 0
2025-08-23 16:54:54.983 T:4073 debug : CAMLCodec::ReleaseFrame idx:501, drop:0
2025-08-23 16:54:54.985 T:4252 debug : CAMLCodec::AddData: skip add data dl:15712448 fl:10048 sz:381410(381504) lv:102.3% dts:22.439 pts:22.481
2025-08-23 16:54:54.989 T:4252 debug : CAMLCodec::AddData: dl:15656384 fl:66112 sz:381410(381504) lv:99.5% dts:22.439 pts:22.481
2025-08-23 16:54:54.990 T:4252 debug : CAMLCodec::AddData: skip add data dl:15675168 fl:47328 sz:490661(490752) lv:102.8% dts:22.481 pts:22.606
2025-08-23 16:54:55.013 T:4250 info : Skipped 11 duplicate messages..
2025-08-23 16:54:55.013 T:4250 debug : CVideoPlayer::ProcessAudioData size:6288 dts:29.536 pts:29.536 dur:92.000ms, clock:20.791 drop:0 level:98
2025-08-23 16:54:55.013 T:4250 debug : CVideoPlayer::ProcessAudioData size:5260 dts:29.628 pts:29.628 dur:92.000ms, clock:20.791 drop:0 level:99
2025-08-23 16:54:55.013 T:4250 debug : CVideoPlayer::ProcessAudioData size:5019 dts:29.721 pts:29.721 dur:92.000ms, clock:20.791 drop:0 level:100
2025-08-23 16:54:55.013 T:4250 debug : CVideoPlayer::ProcessAudioData size:4961 dts:29.814 pts:29.814 dur:92.000ms, clock:20.791 drop:0 level:100
2025-08-23 16:54:55.015 T:4250 debug : CVideoPlayer::ProcessVideoData size:596837 dts:29.446 pts:29.863 dur:41.000ms, clock:20.794 level:87
2025-08-23 16:54:55.016 T:4252 debug : CAMLCodec::AddData: skip add data dl:15675168 fl:47328 sz:490661(490752) lv:102.8% dts:22.481 pts:22.606
2025-08-23 16:54:55.018 T:4073 info : Skipped 1 duplicate messages..
2025-08-23 16:54:55.018 T:4073 debug : CAMLCodec::PollFrame elapsed:34.816ms
2025-08-23 16:54:55.021 T:4252 debug : CAMLCodec::AddData: skip add data dl:15665824 fl:56672 sz:490661(490752) lv:102.7% dts:22.481 pts:22.606
2025-08-23 16:54:55.023 T:4252 debug : CAMLCodec::DequeueBuffer: pts:21.104 idx:506
2025-08-23 16:54:55.023 T:4252 debug : CAMLCodec::GetPicture: index: 506, pts: 21.104, dur:41.000ms ar:1.78 elf:44ms
2025-08-23 16:54:55.023 T:4252 debug : CVideoPlayerVideo::OutputPicture - ttd:303ms pts:21.104 Clock:20.801 Level:4
2025-08-23 16:54:55.025 T:4252 debug : CAMLCodec::AddData: skip add data dl:15665824 fl:56672 sz:490661(490752) lv:102.7% dts:22.481 pts:22.606
2025-08-23 16:54:55.033 T:4252 info : Skipped 1 duplicate messages..
2025-08-23 16:54:55.033 T:4252 debug : CAMLCodec::AddData: dl:15715936 fl:6560 sz:490661(490752) lv:99.9% dts:22.481 pts:22.606
2025-08-23 16:54:55.033 T:4252 debug : CAMLCodec::AddData: skip add data dl:15683936 fl:38560 sz:383561(383680) lv:102.2% dts:22.522 pts:22.564
2025-08-23 16:54:55.035 T:4073 debug : PrepareNextRender: frameOnScreen: 20.813 renderPts: 20.964 nextFramePts: 20.938 -> diff: 0.026 render: 1 forceNext: 0
2025-08-23 16:54:55.035 T:4073 debug : CAMLCodec::ReleaseFrame idx:502, drop:0
2025-08-23 16:54:55.035 T:4252 debug : CAMLCodec::AddData: skip add data dl:15715845 fl:6651 sz:383561(383680) lv:102.4% dts:22.522 pts:22.564
2025-08-23 16:54:55.060 T:4073 info : Skipped 14 duplicate messages..
2025-08-23 16:54:55.060 T:4073 debug : CAMLCodec::PollFrame elapsed:24.923ms
2025-08-23 16:54:55.061 T:4252 debug : CAMLCodec::AddData: skip add data dl:15715845 fl:6651 sz:383561(383680) lv:102.4% dts:22.522 pts:22.564
2025-08-23 16:54:55.062 T:4252 debug : CAMLCodec::DequeueBuffer: pts:21.146 idx:507
2025-08-23 16:54:55.062 T:4252 debug : CAMLCodec::GetPicture: index: 507, pts: 21.146, dur:42.000ms ar:1.78 elf:39ms
2025-08-23 16:54:55.062 T:4252 debug : CVideoPlayerVideo::OutputPicture - ttd:305ms pts:21.146 Clock:20.840 Level:4
2025-08-23 16:54:55.066 T:4253 debug : CVideoPlayerAudio::OutputPacket: pts:21.640 curr_pts:20.818 clock:20.844 level:100
2025-08-23 16:54:55.069 T:4252 debug : CAMLCodec::AddData: skip add data dl:15680261 fl:42235 sz:383561(383680) lv:102.1% dts:22.522 pts:22.564
2025-08-23 16:54:55.072 T:4073 debug : PrepareNextRender: frameOnScreen: 20.850 renderPts: 21.002 nextFramePts: 20.979 -> diff: 0.023 render: 1 forceNext: 0
2025-08-23 16:54:55.072 T:4073 debug : CAMLCodec::ReleaseFrame idx:503, drop:0
2025-08-23 16:54:55.074 T:4252 debug : CAMLCodec::AddData: dl:15629189 fl:93307 sz:383561(383680) lv:99.4% dts:22.522 pts:22.564
2025-08-23 16:54:55.075 T:4252 debug : CAMLCodec::AddData: skip add data dl:15629070 fl:93426 sz:804995(805120) lv:104.5% dts:22.564 pts:22.689
2025-08-23 16:54:55.078 T:4250 info : Skipped 1 duplicate messages..
2025-08-23 16:54:55.078 T:4250 debug : CVideoPlayer::ProcessVideoData size:468801 dts:29.488 pts:29.696 dur:41.000ms, clock:20.856 level:100
2025-08-23 16:54:55.081 T:4252 debug : CAMLCodec::AddData: skip add data dl:15629070 fl:93426 sz:804995(805120) lv:104.5% dts:22.564 pts:22.689
2025-08-23 16:54:55.102 T:4073 info : Skipped 8 duplicate messages..
2025-08-23 16:54:55.102 T:4073 debug : CAMLCodec::PollFrame elapsed:29.289ms
2025-08-23 16:54:55.104 T:4252 debug : CAMLCodec::AddData: skip add data dl:15619534 fl:102962 sz:804995(805120) lv:104.4% dts:22.564 pts:22.689
2025-08-23 16:54:55.105 T:4252 debug : CAMLCodec::DequeueBuffer: pts:21.188 idx:508
2025-08-23 16:54:55.105 T:4252 debug : CAMLCodec::GetPicture: index: 508, pts: 21.188, dur:42.000ms ar:1.78 elf:42ms
2025-08-23 16:54:55.105 T:4252 debug : CVideoPlayerVideo::OutputPicture - ttd:304ms pts:21.188 Clock:20.883 Level:4
2025-08-23 16:54:55.111 T:4252 debug : CAMLCodec::AddData: skip add data dl:15619534 fl:102962 sz:804995(805120) lv:104.4% dts:22.564 pts:22.689
2025-08-23 16:54:55.111 T:4250 debug : CVideoPlayer::ProcessVideoData size:396201 dts:29.529 pts:29.613 dur:41.000ms, clock:20.889 level:87
2025-08-23 16:54:55.114 T:4252 debug : CAMLCodec::AddData: skip add data dl:15183054 fl:539442 sz:804995(805120) lv:101.7% dts:22.564 pts:22.689
2025-08-23 16:54:55.117 T:4073 info : Skipped 1 duplicate messages..
2025-08-23 16:54:55.117 T:4073 debug : PrepareNextRender: frameOnScreen: 20.895 renderPts: 21.046 nextFramePts: 21.021 -> diff: 0.025 render: 1 forceNext: 0
2025-08-23 16:54:55.117 T:4073 debug : CAMLCodec::ReleaseFrame idx:504, drop:0
2025-08-23 16:54:55.119 T:4252 debug : CAMLCodec::AddData: skip add data dl:15183054 fl:539442 sz:804995(805120) lv:101.7% dts:22.564 pts:22.689
2025-08-23 16:54:55.144 T:4073 info : Skipped 10 duplicate messages..
2025-08-23 16:54:55.144 T:4073 debug : CAMLCodec::PollFrame elapsed:26.686ms
2025-08-23 16:54:55.145 T:4252 debug : CAMLCodec::AddData: skip add data dl:15172942 fl:549554 sz:804995(805120) lv:101.6% dts:22.564 pts:22.689
2025-08-23 16:54:55.146 T:4252 debug : CAMLCodec::DequeueBuffer: pts:21.230 idx:509
2025-08-23 16:54:55.146 T:4252 debug : CAMLCodec::GetPicture: index: 509, pts: 21.230, dur:42.000ms ar:1.78 elf:40ms
2025-08-23 16:54:55.146 T:4252 debug : CVideoPlayerVideo::OutputPicture - ttd:305ms pts:21.230 Clock:20.924 Level:4
2025-08-23 16:54:55.149 T:4252 debug : CAMLCodec::AddData: skip add data dl:15172942 fl:549554 sz:804995(805120) lv:101.6% dts:22.564 pts:22.689
2025-08-23 16:54:55.150 T:4073 debug : PrepareNextRender: frameOnScreen: 20.928 renderPts: 21.079 nextFramePts: 21.063 -> diff: 0.016 render: 1 forceNext: 0
2025-08-23 16:54:55.150 T:4073 debug : CAMLCodec::ReleaseFrame idx:505, drop:0
2025-08-23 16:54:55.152 T:4252 debug : CAMLCodec::AddData: skip add data dl:15172942 fl:549554 sz:804995(805120) lv:101.6% dts:22.564 pts:22.689
2025-08-23 16:54:55.157 T:4252 debug : CAMLCodec::AddData: dl:15471502 fl:250994 sz:804995(805120) lv:98.4% dts:22.564 pts:22.689
2025-08-23 16:54:55.159 T:4252 debug : CAMLCodec::AddData: skip add data dl:15471377 fl:251119 sz:694102(694208) lv:102.8% dts:22.606 pts:23.023
2025-08-23 16:54:55.165 T:4253 info : Skipped 2 duplicate messages..
2025-08-23 16:54:55.165 T:4253 debug : CVideoPlayerAudio::OutputPacket: pts:21.734 curr_pts:20.917 clock:20.943 level:100
2025-08-23 16:54:55.166 T:4252 debug : CAMLCodec::AddData: skip add data dl:15471377 fl:251119 sz:694102(694208) lv:102.8% dts:22.606 pts:23.023
2025-08-23 16:54:55.173 T:4250 info : Skipped 2 duplicate messages..
2025-08-23 16:54:55.173 T:4250 debug : CVideoPlayer::ProcessVideoData size:332860 dts:29.571 pts:29.571 dur:41.000ms, clock:20.950 level:87
2025-08-23 16:54:55.173 T:4252 debug : CAMLCodec::AddData: skip add data dl:15471377 fl:251119 sz:694102(694208) lv:102.8% dts:22.606 pts:23.023
2025-08-23 16:54:55.184 T:4250 info : Skipped 5 duplicate messages..
2025-08-23 16:54:55.184 T:4250 debug : CVideoPlayer::ProcessVideoData size:342378 dts:29.613 pts:29.655 dur:41.000ms, clock:20.962 level:100
2025-08-23 16:54:55.186 T:4073 debug : CAMLCodec::PollFrame elapsed:35.507ms
2025-08-23 16:54:55.186 T:4252 debug : CAMLCodec::AddData: skip add data dl:15378641 fl:343855 sz:694102(694208) lv:102.2% dts:22.606 pts:23.023
2025-08-23 16:54:55.187 T:4252 debug : CAMLCodec::DequeueBuffer: pts:21.271 idx:510
2025-08-23 16:54:55.188 T:4252 debug : CAMLCodec::GetPicture: index: 510, pts: 21.271, dur:41.000ms ar:1.78 elf:41ms
2025-08-23 16:54:55.188 T:4252 debug : CVideoPlayerVideo::OutputPicture - ttd:305ms pts:21.271 Clock:20.966 Level:4
2025-08-23 16:54:55.190 T:4252 debug : CAMLCodec::AddData: skip add data dl:15378641 fl:343855 sz:694102(694208) lv:102.2% dts:22.606 pts:23.023
2025-08-23 16:54:55.194 T:4073 info : Skipped 1 duplicate messages..
2025-08-23 16:54:55.194 T:4073 debug : PrepareNextRender: frameOnScreen: 20.972 renderPts: 21.123 nextFramePts: 21.104 -> diff: 0.019 render: 1 forceNext: 0
2025-08-23 16:54:55.194 T:4073 debug : CAMLCodec::ReleaseFrame idx:506, drop:0
2025-08-23 16:54:55.196 T:4252 debug : CAMLCodec::AddData: skip add data dl:15378641 fl:343855 sz:694102(694208) lv:102.2% dts:22.606 pts:23.023
2025-08-23 16:54:55.202 T:4252 debug : CAMLCodec::AddData: dl:15562833 fl:159663 sz:694102(694208) lv:98.9% dts:22.606 pts:23.023
2025-08-23 16:54:55.204 T:4252 debug : CAMLCodec::AddData: skip add data dl:15562727 fl:159769 sz:530902(531008) lv:102.3% dts:22.648 pts:22.856
2025-08-23 16:54:55.219 T:4250 info : Skipped 6 duplicate messages..
2025-08-23 16:54:55.219 T:4250 debug : CVideoPlayer::ProcessVideoData size:390551 dts:29.655 pts:29.780 dur:41.000ms, clock:20.997 level:87
2025-08-23 16:54:55.220 T:4252 debug : CAMLCodec::AddData: skip add data dl:15562727 fl:159769 sz:530902(531008) lv:102.3% dts:22.648 pts:22.856
2025-08-23 16:54:55.220 T:4250 debug : CVideoPlayer::ProcessVideoData size:339324 dts:29.696 pts:29.738 dur:41.000ms, clock:20.998 level:100
2025-08-23 16:54:55.223 T:4252 debug : CAMLCodec::AddData: skip add data dl:15562727 fl:159769 sz:530902(531008) lv:102.3% dts:22.648 pts:22.856
2025-08-23 16:54:55.227 T:4073 info : Skipped 2 duplicate messages..
2025-08-23 16:54:55.227 T:4073 debug : CAMLCodec::PollFrame elapsed:32.726ms
2025-08-23 16:54:55.228 T:4252 debug : CAMLCodec::AddData: skip add data dl:15562727 fl:159769 sz:530902(531008) lv:102.3% dts:22.648 pts:22.856
2025-08-23 16:54:55.238 T:4073 info : Skipped 4 duplicate messages..
2025-08-23 16:54:55.238 T:4073 debug : PrepareNextRender: frameOnScreen: 21.015 renderPts: 21.167 nextFramePts: 21.146 -> diff: 0.021 render: 1 forceNext: 0
2025-08-23 16:54:55.238 T:4073 debug : CAMLCodec::ReleaseFrame idx:507, drop:0
2025-08-23 16:54:55.238 T:4252 debug : CAMLCodec::AddData: skip add data dl:15562727 fl:159769 sz:530902(531008) lv:102.3% dts:22.648 pts:22.856
2025-08-23 16:54:55.265 T:4253 info : Skipped 13 duplicate messages..
2025-08-23 16:54:55.265 T:4253 debug : CVideoPlayerAudio::OutputPacket: pts:21.826 curr_pts:21.018 clock:21.043 level:99
2025-08-23 16:54:55.266 T:4252 debug : CAMLCodec::AddData: skip add data dl:15562727 fl:159769 sz:530902(531008) lv:102.3% dts:22.648 pts:22.856
2025-08-23 16:54:55.269 T:4073 info : Skipped 1 duplicate messages..
2025-08-23 16:54:55.269 T:4073 debug : CAMLCodec::PollFrame elapsed:31.284ms
2025-08-23 16:54:55.274 T:4252 debug : CAMLCodec::DequeueBuffer: pts:21.313 idx:511
2025-08-23 16:54:55.274 T:4252 debug : CAMLCodec::GetPicture: index: 511, pts: 21.313, dur:42.000ms ar:1.78 elf:86ms
2025-08-23 16:54:55.274 T:4252 debug : CVideoPlayerVideo::OutputPicture - ttd:261ms pts:21.313 Clock:21.052 Level:3
2025-08-23 16:54:55.275 T:4073 debug : PrepareNextRender: frameOnScreen: 21.053 renderPts: 21.204 nextFramePts: 21.188 -> diff: 0.016 render: 1 forceNext: 0
2025-08-23 16:54:55.275 T:4073 debug : CAMLCodec::ReleaseFrame idx:508, drop:0
2025-08-23 16:54:55.276 T:4252 debug : CAMLCodec::AddData: skip add data dl:15524135 fl:198361 sz:530902(531008) lv:102.1% dts:22.648 pts:22.856
2025-08-23 16:54:55.283 T:4252 info : Skipped 1 duplicate messages..
2025-08-23 16:54:55.283 T:4252 debug : CAMLCodec::AddData: dl:15613095 fl:109401 sz:530902(531008) lv:99.3% dts:22.648 pts:22.856
2025-08-23 16:54:55.283 T:4252 debug : CAMLCodec::DequeueBuffer: pts:21.355 idx:512
2025-08-23 16:54:55.283 T:4252 debug : CAMLCodec::GetPicture: index: 512, pts: 21.355, dur:42.000ms ar:1.78 elf:9ms
2025-08-23 16:54:55.284 T:4252 debug : CVideoPlayerVideo::OutputPicture - ttd:293ms pts:21.355 Clock:21.061 Level:3
2025-08-23 16:54:55.285 T:4252 debug : CAMLCodec::AddData: skip add data dl:15576125 fl:146371 sz:488670(488768) lv:102.1% dts:22.689 pts:22.773
2025-08-23 16:54:55.293 T:4250 info : Skipped 3 duplicate messages..
2025-08-23 16:54:55.293 T:4250 debug : CVideoPlayer::ProcessVideoData size:347262 dts:29.738 pts:29.821 dur:41.000ms, clock:21.071 level:88
2025-08-23 16:54:55.294 T:4252 debug : CAMLCodec::AddData: dl:15633405 fl:89091 sz:488670(488768) lv:99.4% dts:22.689 pts:22.773
2025-08-23 16:54:55.294 T:4252 debug : CAMLCodec::AddData: skip add data dl:15626296 fl:95944 sz:387895(387968) lv:101.8% dts:22.731 pts:22.731
2025-08-23 16:54:55.296 T:4252 debug : CAMLCodec::AddData: skip add data dl:15633307 fl:89189 sz:387895(387968) lv:101.9% dts:22.731 pts:22.731
2025-08-23 16:54:55.311 T:4073 info : Skipped 9 duplicate messages..
2025-08-23 16:54:55.311 T:4073 debug : CAMLCodec::PollFrame elapsed:35.408ms
2025-08-23 16:54:55.312 T:4252 debug : CAMLCodec::AddData: skip add data dl:15622683 fl:99813 sz:387895(387968) lv:101.8% dts:22.731 pts:22.731
2025-08-23 16:54:55.313 T:4252 debug : CAMLCodec::DequeueBuffer: pts:21.396 idx:513
2025-08-23 16:54:55.313 T:4252 debug : CAMLCodec::GetPicture: index: 513, pts: 21.396, dur:41.000ms ar:1.78 elf:29ms
2025-08-23 16:54:55.313 T:4252 debug : CVideoPlayerVideo::OutputPicture - ttd:305ms pts:21.396 Clock:21.091 Level:4
2025-08-23 16:54:55.319 T:4073 debug : PrepareNextRender: frameOnScreen: 21.096 renderPts: 21.248 nextFramePts: 21.230 -> diff: 0.018 render: 1 forceNext: 0
2025-08-23 16:54:55.319 T:4073 debug : CAMLCodec::ReleaseFrame idx:509, drop:0
2025-08-23 16:54:55.319 T:4252 debug : CAMLCodec::AddData: skip add data dl:15622683 fl:99813 sz:387895(387968) lv:101.8% dts:22.731 pts:22.731
2025-08-23 16:54:55.323 T:4252 debug : CAMLCodec::AddData: dl:15576923 fl:145573 sz:387895(387968) lv:99.0% dts:22.731 pts:22.731
2025-08-23 16:54:55.324 T:4250 debug : CVideoPlayer::ProcessAudioData size:4888 dts:29.907 pts:29.907 dur:92.000ms, clock:21.102 drop:0 level:99
2025-08-23 16:54:55.324 T:4250 debug : CVideoPlayer::ProcessAudioData size:8338 dts:29.999 pts:29.999 dur:92.000ms, clock:21.102 drop:0 level:100
2025-08-23 16:54:55.324 T:4250 debug : CVideoPlayer::ProcessAudioData size:9399 dts:30.092 pts:30.092 dur:92.000ms, clock:21.102 drop:0 level:100
2025-08-23 16:54:55.325 T:4250 debug : CVideoPlayer::ProcessAudioData size:7887 dts:30.185 pts:30.185 dur:92.000ms, clock:21.102 drop:0 level:100
2025-08-23 16:54:55.327 T:4250 debug : CVideoPlayer::ProcessVideoData size:584606 dts:29.780 pts:30.197 dur:41.000ms, clock:21.105 level:87
2025-08-23 16:54:55.330 T:4250 debug : CVideoPlayer::ProcessVideoData size:464615 dts:29.821 pts:30.030 dur:41.000ms, clock:21.108 level:88
2025-08-23 16:54:55.331 T:4252 debug : CAMLCodec::AddData: dl:15639835 fl:82661 sz:385252(385344) lv:99.4% dts:22.773 pts:22.814
2025-08-23 16:54:55.332 T:4252 debug : CAMLCodec::AddData: skip add data dl:15722496 fl:0 sz:487225(487296) lv:100.0% dts:22.814 pts:22.940
2025-08-23 16:54:55.353 T:4073 info : Skipped 12 duplicate messages..
2025-08-23 16:54:55.353 T:4073 debug : CAMLCodec::PollFrame elapsed:33.615ms
2025-08-23 16:54:55.354 T:4252 debug : CAMLCodec::AddData: skip add data dl:15713216 fl:9280 sz:487225(487296) lv:103.0% dts:22.814 pts:22.940
2025-08-23 16:54:55.356 T:4252 debug : CAMLCodec::DequeueBuffer: pts:21.438 idx:514
2025-08-23 16:54:55.356 T:4252 debug : CAMLCodec::GetPicture: index: 514, pts: 21.438, dur:42.000ms ar:1.78 elf:42ms
2025-08-23 16:54:55.356 T:4252 debug : CVideoPlayerVideo::OutputPicture - ttd:304ms pts:21.438 Clock:21.134 Level:4
2025-08-23 16:54:55.358 T:4252 debug : CAMLCodec::AddData: skip add data dl:15713216 fl:9280 sz:487225(487296) lv:103.0% dts:22.814 pts:22.940
2025-08-23 16:54:55.361 T:4073 info : Skipped 1 duplicate messages..
2025-08-23 16:54:55.361 T:4073 debug : PrepareNextRender: frameOnScreen: 21.139 renderPts: 21.290 nextFramePts: 21.271 -> diff: 0.019 render: 1 forceNext: 0
2025-08-23 16:54:55.361 T:4073 debug : CAMLCodec::ReleaseFrame idx:510, drop:0
2025-08-23 16:54:55.362 T:4252 debug : CAMLCodec::AddData: skip add data dl:15713216 fl:9280 sz:487225(487296) lv:103.0% dts:22.814 pts:22.940
2025-08-23 16:54:55.364 T:4252 debug : CAMLCodec::AddData: skip add data dl:15270592 fl:451904 sz:487225(487296) lv:100.2% dts:22.814 pts:22.940
2025-08-23 16:54:55.367 T:4253 info : Skipped 1 duplicate messages..
2025-08-23 16:54:55.367 T:4253 debug : CVideoPlayerAudio::OutputPacket: pts:21.919 curr_pts:21.119 clock:21.144 level:100
2025-08-23 16:54:55.368 T:4252 debug : CAMLCodec::AddData: skip add data dl:15270592 fl:451904 sz:487225(487296) lv:100.2% dts:22.814 pts:22.940
2025-08-23 16:54:55.372 T:4250 info : Skipped 1 duplicate messages..
2025-08-23 16:54:55.372 T:4250 debug : CVideoPlayer::ProcessVideoData size:395270 dts:29.863 pts:29.947 dur:41.000ms, clock:21.149 level:88
2025-08-23 16:54:55.372 T:4252 debug : CAMLCodec::AddData: skip add data dl:15270592 fl:451904 sz:487225(487296) lv:100.2% dts:22.814 pts:22.940
2025-08-23 16:54:55.394 T:4073 info : Skipped 13 duplicate messages..
2025-08-23 16:54:55.394 T:4073 debug : CAMLCodec::PollFrame elapsed:32.707ms
2025-08-23 16:54:55.398 T:4252 debug : CAMLCodec::AddData: dl:15722880 fl:-384 sz:487225(487296) lv:100.0% dts:22.814 pts:22.940
2025-08-23 16:54:55.398 T:4252 debug : CAMLCodec::DequeueBuffer: pts:21.480 idx:515
2025-08-23 16:54:55.398 T:4252 debug : CAMLCodec::GetPicture: index: 515, pts: 21.480, dur:42.000ms ar:1.78 elf:42ms
2025-08-23 16:54:55.398 T:4252 debug : CVideoPlayerVideo::OutputPicture - ttd:304ms pts:21.480 Clock:21.176 Level:4
2025-08-23 16:54:55.400 T:4252 debug : CAMLCodec::AddData: skip add data dl:15722496 fl:0 sz:384063(384128) lv:100.0% dts:22.856 pts:22.898
2025-08-23 16:54:55.401 T:4073 debug : PrepareNextRender: frameOnScreen: 21.179 renderPts: 21.330 nextFramePts: 21.313 -> diff: 0.017 render: 1 forceNext: 0
2025-08-23 16:54:55.401 T:4073 debug : CAMLCodec::ReleaseFrame idx:511, drop:0
2025-08-23 16:54:55.402 T:4252 debug : CAMLCodec::AddData: skip add data dl:15722496 fl:0 sz:384063(384128) lv:100.0% dts:22.856 pts:22.898
2025-08-23 16:54:55.405 T:4250 info : Skipped 1 duplicate messages..
2025-08-23 16:54:55.405 T:4250 debug : CVideoPlayer::ProcessVideoData size:343976 dts:29.905 pts:29.905 dur:41.000ms, clock:21.182 level:100
2025-08-23 16:54:55.409 T:4252 debug : CAMLCodec::AddData: dl:15670912 fl:51584 sz:384063(384128) lv:99.6% dts:22.856 pts:22.898
2025-08-23 16:54:55.410 T:4252 debug : CAMLCodec::AddData: skip add data dl:15722496 fl:0 sz:386106(386176) lv:100.0% dts:22.898 pts:22.981
2025-08-23 16:54:55.417 T:4250 info : Skipped 4 duplicate messages..
2025-08-23 16:54:55.417 T:4250 debug : CVideoPlayer::ProcessVideoData size:347505 dts:29.947 pts:29.988 dur:41.000ms, clock:21.194 level:100
2025-08-23 16:54:55.420 T:4252 debug : CAMLCodec::AddData: skip add data dl:15722496 fl:0 sz:386106(386176) lv:100.0% dts:22.898 pts:22.981
2025-08-23 16:54:55.436 T:4073 info : Skipped 8 duplicate messages..
2025-08-23 16:54:55.436 T:4073 debug : CAMLCodec::PollFrame elapsed:34.736ms
2025-08-23 16:54:55.437 T:4252 debug : CAMLCodec::AddData: skip add data dl:15722496 fl:0 sz:386106(386176) lv:100.0% dts:22.898 pts:22.981
2025-08-23 16:54:55.438 T:4252 debug : CAMLCodec::DequeueBuffer: pts:21.521 idx:516
2025-08-23 16:54:55.438 T:4252 debug : CAMLCodec::GetPicture: index: 516, pts: 21.521, dur:41.000ms ar:1.78 elf:39ms
2025-08-23 16:54:55.438 T:4252 debug : CVideoPlayerVideo::OutputPicture - ttd:305ms pts:21.521 Clock:21.215 Level:4
2025-08-23 16:54:55.439 T:4252 debug : CAMLCodec::DequeueBuffer: pts:21.563 idx:517
2025-08-23 16:54:55.439 T:4252 debug : CAMLCodec::GetPicture: index: 517, pts: 21.563, dur:42.000ms ar:1.78 elf:1ms
2025-08-23 16:54:55.439 T:4252 debug : CVideoPlayerVideo::OutputPicture - ttd:346ms pts:21.563 Clock:21.217 Level:5
2025-08-23 16:54:55.441 T:4252 debug : CAMLCodec::DequeueBuffer: pts:21.605 idx:518
2025-08-23 16:54:55.441 T:4252 debug : CAMLCodec::GetPicture: index: 518, pts: 21.605, dur:42.000ms ar:1.78 elf:1ms
2025-08-23 16:54:55.441 T:4252 debug : CVideoPlayerVideo::OutputPicture - ttd:386ms pts:21.605 Clock:21.218 Level:6
2025-08-23 16:54:55.442 T:4073 debug : PrepareNextRender: frameOnScreen: 21.219 renderPts: 21.371 nextFramePts: 21.355 -> diff: 0.016 render: 1 forceNext: 0
2025-08-23 16:54:55.442 T:4073 debug : CAMLCodec::ReleaseFrame idx:512, drop:0
2025-08-23 16:54:55.442 T:4252 debug : CAMLCodec::DequeueBuffer: pts:21.647 idx:519
2025-08-23 16:54:55.442 T:4252 debug : CAMLCodec::GetPicture: index: 519, pts: 21.647, dur:42.000ms ar:1.78 elf:1ms
2025-08-23 16:54:55.442 T:4252 debug : CVideoPlayerVideo::OutputPicture - ttd:427ms pts:21.647 Clock:21.220 Level:6
2025-08-23 16:54:55.444 T:4252 debug : CAMLCodec::AddData: skip add data dl:15713408 fl:9088 sz:386106(386176) lv:102.4% dts:22.898 pts:22.981
2025-08-23 16:54:55.453 T:4252 info : Skipped 2 duplicate messages..
2025-08-23 16:54:55.453 T:4252 debug : CAMLCodec::AddData: dl:15512768 fl:209728 sz:386106(386176) lv:98.6% dts:22.898 pts:22.981
2025-08-23 16:54:55.455 T:4252 debug : CAMLCodec::AddData: skip add data dl:15529640 fl:192856 sz:673089(673216) lv:103.0% dts:22.940 pts:23.357
2025-08-23 16:54:55.465 T:4253 info : Skipped 3 duplicate messages..
2025-08-23 16:54:55.465 T:4253 debug : CVideoPlayerAudio::OutputPacket: pts:22.012 curr_pts:21.217 clock:21.243 level:100
2025-08-23 16:54:55.468 T:4252 debug : CAMLCodec::AddData: dl:15686568 fl:35928 sz:673089(673216) lv:99.7% dts:22.940 pts:23.357
2025-08-23 16:54:55.470 T:4252 debug : CAMLCodec::AddData: skip add data dl:15361512 fl:360728 sz:553903(553984) lv:101.2% dts:22.981 pts:23.190
2025-08-23 16:54:55.470 T:4250 debug : CVideoPlayer::ProcessVideoData size:391710 dts:29.988 pts:30.113 dur:41.000ms, clock:21.248 level:88
2025-08-23 16:54:55.471 T:4250 debug : CVideoPlayer::ProcessVideoData size:346507 dts:30.030 pts:30.072 dur:41.000ms, clock:21.249 level:88
2025-08-23 16:54:55.474 T:4252 debug : CAMLCodec::AddData: skip add data dl:15686441 fl:36055 sz:553903(553984) lv:103.3% dts:22.981 pts:23.190
2025-08-23 16:54:55.478 T:4073 info : Skipped 1 duplicate messages..
2025-08-23 16:54:55.478 T:4073 debug : CAMLCodec::PollFrame elapsed:36.017ms
2025-08-23 16:54:55.479 T:4252 debug : CAMLCodec::AddData: skip add data dl:15528425 fl:194071 sz:553903(553984) lv:102.2% dts:22.981 pts:23.190
2025-08-23 16:54:55.488 T:4073 info : Skipped 3 duplicate messages..
2025-08-23 16:54:55.488 T:4073 debug : PrepareNextRender: frameOnScreen: 21.265 renderPts: 21.417 nextFramePts: 21.396 -> diff: 0.021 render: 1 forceNext: 0
2025-08-23 16:54:55.488 T:4073 debug : CAMLCodec::ReleaseFrame idx:513, drop:0
2025-08-23 16:54:55.492 T:4252 debug : CAMLCodec::AddData: dl:15571561 fl:150935 sz:553903(553984) lv:99.0% dts:22.981 pts:23.190
2025-08-23 16:54:55.493 T:4250 debug : CVideoPlayer::ProcessVideoData size:344839 dts:30.072 pts:30.155 dur:41.000ms, clock:21.271 level:88
2025-08-23 16:54:55.493 T:4252 debug : CAMLCodec::AddData: skip add data dl:15571480 fl:151016 sz:474163(474240) lv:102.0% dts:23.023 pts:23.106
2025-08-23 16:54:55.519 T:4073 info : Skipped 14 duplicate messages..
2025-08-23 16:54:55.519 T:4073 debug : CAMLCodec::PollFrame elapsed:31.202ms
2025-08-23 16:54:55.520 T:4252 debug : CAMLCodec::AddData: skip add data dl:15530136 fl:192360 sz:474163(474240) lv:101.8% dts:23.023 pts:23.106
2025-08-23 16:54:55.525 T:4250 info : Skipped 2 duplicate messages..
2025-08-23 16:54:55.525 T:4250 debug : CVideoPlayer::ProcessAudioData size:6826 dts:30.279 pts:30.279 dur:92.000ms, clock:21.303 drop:0 level:100
2025-08-23 16:54:55.528 T:4252 debug : CAMLCodec::AddData: skip add data dl:15530136 fl:192360 sz:474163(474240) lv:101.8% dts:23.023 pts:23.106
2025-08-23 16:54:55.532 T:4073 debug : PrepareNextRender: frameOnScreen: 21.309 renderPts: 21.461 nextFramePts: 21.438 -> diff: 0.023 render: 1 forceNext: 0
2025-08-23 16:54:55.532 T:4073 debug : CAMLCodec::ReleaseFrame idx:514, drop:0
2025-08-23 16:54:55.533 T:4252 debug : CAMLCodec::AddData: dl:15564632 fl:157864 sz:474163(474240) lv:99.0% dts:23.023 pts:23.106
2025-08-23 16:54:55.535 T:4252 debug : CAMLCodec::AddData: skip add data dl:15564555 fl:157941 sz:385540(385664) lv:101.4% dts:23.065 pts:23.065
2025-08-23 16:54:55.536 T:4250 debug : CVideoPlayer::ProcessAudioData size:6195 dts:30.371 pts:30.371 dur:92.000ms, clock:21.313 drop:0 level:100
2025-08-23 16:54:55.536 T:4250 debug : CVideoPlayer::ProcessAudioData size:5836 dts:30.464 pts:30.464 dur:92.000ms, clock:21.313 drop:0 level:100
