2025-08-23 16:54:38.142 T:4252 debug : CAMLCodec::AddData: skip add data dl:15448739 fl:273757 sz:354945(355072) lv:100.5% dts:6.298 pts:6.506
2025-08-23 16:54:38.147 T:4073 info : Skipped 1 duplicate messages..
2025-08-23 16:54:38.147 T:4073 debug : CAMLCodec::PollFrame elapsed:37.058ms
2025-08-23 16:54:38.148 T:4252 debug : CAMLCodec::DequeueBuffer: pts:4.296 idx:103
2025-08-23 16:54:38.148 T:4252 debug : CAMLCodec::GetPicture: index: 103, pts: 4.296, dur:42.000ms ar:1.78 elf:41ms
2025-08-23 16:54:38.148 T:4252 debug : CVideoPlayerVideo::OutputPicture - ttd:346ms pts:4.296 Clock:3.949 Level:5
2025-08-23 16:54:38.151 T:4252 debug : CAMLCodec::AddData: skip add data dl:15414563 fl:307933 sz:354945(355072) lv:100.3% dts:6.298 pts:6.506
2025-08-23 16:54:38.152 T:4073 debug : PrepareNextRender: frameOnScreen: 3.953 renderPts: 4.105 nextFramePts: 4.087 -> diff: 0.018 render: 1 forceNext: 0
2025-08-23 16:54:38.153 T:4073 debug : CAMLCodec::ReleaseFrame idx:98, drop:0
2025-08-23 16:54:38.153 T:4252 debug : CAMLCodec::AddData: skip add data dl:15414563 fl:307933 sz:354945(355072) lv:100.3% dts:6.298 pts:6.506
2025-08-23 16:54:38.160 T:4252 info : Skipped 1 duplicate messages..
2025-08-23 16:54:38.160 T:4252 debug : CAMLCodec::AddData: dl:15501923 fl:220573 sz:354945(355072) lv:98.6% dts:6.298 pts:6.506
2025-08-23 16:54:38.161 T:4252 debug : CAMLCodec::AddData: skip add data dl:15501796 fl:220700 sz:290688(290752) lv:100.4% dts:6.340 pts:6.423
2025-08-23 16:54:38.169 T:4250 info : Skipped 3 duplicate messages..
2025-08-23 16:54:38.169 T:4250 debug : CVideoPlayer::ProcessAudioData size:9893 dts:12.725 pts:12.725 dur:92.000ms, clock:3.970 drop:0 level:98
2025-08-23 16:54:38.169 T:4250 debug : CVideoPlayer::ProcessAudioData size:9252 dts:12.817 pts:12.817 dur:92.000ms, clock:3.970 drop:0 level:99
2025-08-23 16:54:38.169 T:4250 debug : CVideoPlayer::ProcessAudioData size:8573 dts:12.910 pts:12.910 dur:92.000ms, clock:3.970 drop:0 level:100
2025-08-23 16:54:38.169 T:4252 debug : CAMLCodec::AddData: skip add data dl:15501796 fl:220700 sz:290688(290752) lv:100.4% dts:6.340 pts:6.423
2025-08-23 16:54:38.169 T:4250 debug : CVideoPlayer::ProcessAudioData size:8162 dts:13.003 pts:13.003 dur:92.000ms, clock:3.970 drop:0 level:100
2025-08-23 16:54:38.173 T:4252 debug : CAMLCodec::AddData: skip add data dl:15501796 fl:220700 sz:290688(290752) lv:100.4% dts:6.340 pts:6.423
2025-08-23 16:54:38.174 T:4250 debug : CVideoPlayer::ProcessVideoData size:718424 dts:12.596 pts:13.013 dur:41.000ms, clock:3.975 level:78
2025-08-23 16:54:38.175 T:4252 debug : CAMLCodec::AddData: skip add data dl:15501796 fl:220700 sz:290688(290752) lv:100.4% dts:6.340 pts:6.423
2025-08-23 16:54:38.189 T:4073 info : Skipped 5 duplicate messages..
2025-08-23 16:54:38.189 T:4073 debug : CAMLCodec::PollFrame elapsed:35.894ms
2025-08-23 16:54:38.190 T:4252 debug : CAMLCodec::AddData: skip add data dl:15501796 fl:220700 sz:290688(290752) lv:100.4% dts:6.340 pts:6.423
2025-08-23 16:54:38.196 T:4073 info : Skipped 1 duplicate messages..
2025-08-23 16:54:38.196 T:4073 debug : PrepareNextRender: frameOnScreen: 3.997 renderPts: 4.149 nextFramePts: 4.129 -> diff: 0.020 render: 1 forceNext: 0
2025-08-23 16:54:38.196 T:4252 debug : CAMLCodec::AddData: skip add data dl:15501796 fl:220700 sz:290688(290752) lv:100.4% dts:6.340 pts:6.423
2025-08-23 16:54:38.196 T:4073 debug : CAMLCodec::ReleaseFrame idx:99, drop:0
2025-08-23 16:54:38.198 T:4252 debug : CAMLCodec::AddData: skip add data dl:15501796 fl:220700 sz:290688(290752) lv:100.4% dts:6.340 pts:6.423
2025-08-23 16:54:38.231 T:4073 info : Skipped 16 duplicate messages..
2025-08-23 16:54:38.231 T:4073 debug : CAMLCodec::PollFrame elapsed:34.250ms
2025-08-23 16:54:38.232 T:4252 debug : CAMLCodec::DequeueBuffer: pts:4.338 idx:104
2025-08-23 16:54:38.232 T:4252 debug : CAMLCodec::GetPicture: index: 104, pts: 4.338, dur:42.000ms ar:1.78 elf:83ms
2025-08-23 16:54:38.232 T:4252 debug : CVideoPlayerVideo::OutputPicture - ttd:305ms pts:4.338 Clock:4.033 Level:4
2025-08-23 16:54:38.235 T:4252 debug : CAMLCodec::AddData: skip add data dl:15474404 fl:248092 sz:290688(290752) lv:100.2% dts:6.340 pts:6.423
2025-08-23 16:54:38.237 T:4073 info : Skipped 1 duplicate messages..
2025-08-23 16:54:38.237 T:4073 debug : PrepareNextRender: frameOnScreen: 4.038 renderPts: 4.190 nextFramePts: 4.171 -> diff: 0.019 render: 1 forceNext: 0
2025-08-23 16:54:38.237 T:4073 debug : CAMLCodec::ReleaseFrame idx:100, drop:0
2025-08-23 16:54:38.239 T:4252 debug : CAMLCodec::AddData: skip add data dl:15474404 fl:248092 sz:290688(290752) lv:100.2% dts:6.340 pts:6.423
2025-08-23 16:54:38.242 T:4253 debug : CVideoPlayerAudio::OutputPacket: pts:4.829 curr_pts:4.018 clock:4.043 level:100
2025-08-23 16:54:38.245 T:4252 debug : CAMLCodec::AddData: dl:15506532 fl:215964 sz:290688(290752) lv:98.6% dts:6.340 pts:6.423
2025-08-23 16:54:38.245 T:4252 debug : CAMLCodec::AddData: skip add data dl:15506468 fl:216028 sz:273993(274112) lv:100.3% dts:6.381 pts:6.381
2025-08-23 16:54:38.273 T:4073 info : Skipped 14 duplicate messages..
2025-08-23 16:54:38.273 T:4073 debug : CAMLCodec::PollFrame elapsed:35.216ms
2025-08-23 16:54:38.274 T:4252 debug : CAMLCodec::AddData: skip add data dl:15500068 fl:222428 sz:273993(274112) lv:100.3% dts:6.381 pts:6.381
2025-08-23 16:54:38.275 T:4252 debug : CAMLCodec::DequeueBuffer: pts:4.379 idx:105
2025-08-23 16:54:38.275 T:4252 debug : CAMLCodec::GetPicture: index: 105, pts: 4.379, dur:41.000ms ar:1.78 elf:43ms
2025-08-23 16:54:38.275 T:4252 debug : CVideoPlayerVideo::OutputPicture - ttd:302ms pts:4.379 Clock:4.076 Level:4
2025-08-23 16:54:38.278 T:4252 debug : CAMLCodec::AddData: skip add data dl:15500068 fl:222428 sz:273993(274112) lv:100.3% dts:6.381 pts:6.381
2025-08-23 16:54:38.278 T:4073 debug : PrepareNextRender: frameOnScreen: 4.079 renderPts: 4.231 nextFramePts: 4.213 -> diff: 0.018 render: 1 forceNext: 0
2025-08-23 16:54:38.278 T:4073 debug : CAMLCodec::ReleaseFrame idx:101, drop:0
2025-08-23 16:54:38.280 T:4252 debug : CAMLCodec::AddData: skip add data dl:15500068 fl:222428 sz:273993(274112) lv:100.3% dts:6.381 pts:6.381
2025-08-23 16:54:38.284 T:4252 debug : CAMLCodec::AddData: dl:15514340 fl:208156 sz:273993(274112) lv:98.6% dts:6.381 pts:6.381
2025-08-23 16:54:38.285 T:4252 debug : CAMLCodec::AddData: skip add data dl:15514221 fl:208275 sz:262563(262656) lv:100.3% dts:6.423 pts:6.465
2025-08-23 16:54:38.288 T:4250 debug : CVideoPlayer::ProcessVideoData size:548934 dts:12.638 pts:12.846 dur:41.000ms, clock:4.089 level:78
2025-08-23 16:54:38.290 T:4252 debug : CAMLCodec::AddData: skip add data dl:15514221 fl:208275 sz:262563(262656) lv:100.3% dts:6.423 pts:6.465
2025-08-23 16:54:38.314 T:4073 info : Skipped 11 duplicate messages..
2025-08-23 16:54:38.314 T:4073 debug : CAMLCodec::PollFrame elapsed:36.001ms
2025-08-23 16:54:38.315 T:4252 debug : CAMLCodec::DequeueBuffer: pts:4.421 idx:106
2025-08-23 16:54:38.315 T:4252 debug : CAMLCodec::GetPicture: index: 106, pts: 4.421, dur:42.000ms ar:1.78 elf:39ms
2025-08-23 16:54:38.316 T:4252 debug : CVideoPlayerVideo::OutputPicture - ttd:304ms pts:4.421 Clock:4.116 Level:4
2025-08-23 16:54:38.319 T:4252 debug : CAMLCodec::AddData: skip add data dl:15508269 fl:214227 sz:262563(262656) lv:100.3% dts:6.423 pts:6.465
2025-08-23 16:54:38.323 T:4073 info : Skipped 1 duplicate messages..
2025-08-23 16:54:38.323 T:4073 debug : PrepareNextRender: frameOnScreen: 4.124 renderPts: 4.275 nextFramePts: 4.254 -> diff: 0.021 render: 1 forceNext: 0
2025-08-23 16:54:38.323 T:4252 debug : CAMLCodec::AddData: skip add data dl:15508269 fl:214227 sz:262563(262656) lv:100.3% dts:6.423 pts:6.465
2025-08-23 16:54:38.323 T:4073 debug : CAMLCodec::ReleaseFrame idx:102, drop:0
2025-08-23 16:54:38.327 T:4252 debug : CAMLCodec::AddData: dl:15508525 fl:213971 sz:262563(262656) lv:98.6% dts:6.423 pts:6.465
2025-08-23 16:54:38.328 T:4252 debug : CAMLCodec::AddData: skip add data dl:15508432 fl:214064 sz:290007(290112) lv:100.4% dts:6.465 pts:6.590
2025-08-23 16:54:38.342 T:4253 info : Skipped 8 duplicate messages..
2025-08-23 16:54:38.342 T:4253 debug : CVideoPlayerAudio::OutputPacket: pts:4.922 curr_pts:4.117 clock:4.143 level:100
2025-08-23 16:54:38.343 T:4252 debug : CAMLCodec::AddData: skip add data dl:15508432 fl:214064 sz:290007(290112) lv:100.4% dts:6.465 pts:6.590
2025-08-23 16:54:38.356 T:4073 info : Skipped 8 duplicate messages..
2025-08-23 16:54:38.356 T:4073 debug : CAMLCodec::PollFrame elapsed:32.752ms
2025-08-23 16:54:38.359 T:4252 debug : CAMLCodec::DequeueBuffer: pts:4.463 idx:107
2025-08-23 16:54:38.359 T:4252 debug : CAMLCodec::GetPicture: index: 107, pts: 4.463, dur:42.000ms ar:1.78 elf:43ms
2025-08-23 16:54:38.359 T:4252 debug : CVideoPlayerVideo::OutputPicture - ttd:303ms pts:4.463 Clock:4.159 Level:4
2025-08-23 16:54:38.362 T:4252 debug : CAMLCodec::AddData: skip add data dl:15479440 fl:243056 sz:290007(290112) lv:100.3% dts:6.465 pts:6.590
2025-08-23 16:54:38.362 T:4073 debug : PrepareNextRender: frameOnScreen: 4.163 renderPts: 4.315 nextFramePts: 4.296 -> diff: 0.019 render: 1 forceNext: 0
2025-08-23 16:54:38.362 T:4073 debug : CAMLCodec::ReleaseFrame idx:103, drop:0
2025-08-23 16:54:38.363 T:4252 debug : CAMLCodec::AddData: skip add data dl:15479440 fl:243056 sz:290007(290112) lv:100.3% dts:6.465 pts:6.590
2025-08-23 16:54:38.368 T:4252 debug : CAMLCodec::AddData: dl:15512656 fl:209840 sz:290007(290112) lv:98.6% dts:6.465 pts:6.590
2025-08-23 16:54:38.369 T:4252 debug : CAMLCodec::AddData: skip add data dl:15512551 fl:209945 sz:263351(263424) lv:100.3% dts:6.506 pts:6.548
2025-08-23 16:54:38.370 T:4250 debug : CVideoPlayer::ProcessVideoData size:455958 dts:12.679 pts:12.763 dur:41.000ms, clock:4.171 level:77
2025-08-23 16:54:38.372 T:4252 debug : CAMLCodec::AddData: skip add data dl:15512551 fl:209945 sz:263351(263424) lv:100.3% dts:6.506 pts:6.548
2025-08-23 16:54:38.398 T:4073 info : Skipped 11 duplicate messages..
2025-08-23 16:54:38.398 T:4073 debug : CAMLCodec::PollFrame elapsed:35.334ms
2025-08-23 16:54:38.398 T:4252 debug : CAMLCodec::DequeueBuffer: pts:4.504 idx:108
2025-08-23 16:54:38.399 T:4252 debug : CAMLCodec::GetPicture: index: 108, pts: 4.504, dur:41.000ms ar:1.78 elf:39ms
2025-08-23 16:54:38.399 T:4252 debug : CVideoPlayerVideo::OutputPicture - ttd:304ms pts:4.504 Clock:4.199 Level:4
2025-08-23 16:54:38.400 T:4252 debug : CAMLCodec::AddData: skip add data dl:15506215 fl:216281 sz:263351(263424) lv:100.3% dts:6.506 pts:6.548
2025-08-23 16:54:38.405 T:4073 info : Skipped 2 duplicate messages..
2025-08-23 16:54:38.405 T:4073 debug : PrepareNextRender: frameOnScreen: 4.205 renderPts: 4.357 nextFramePts: 4.338 -> diff: 0.019 render: 1 forceNext: 0
2025-08-23 16:54:38.405 T:4073 debug : CAMLCodec::ReleaseFrame idx:104, drop:0
2025-08-23 16:54:38.406 T:4252 debug : CAMLCodec::AddData: skip add data dl:15506215 fl:216281 sz:263351(263424) lv:100.3% dts:6.506 pts:6.548
2025-08-23 16:54:38.410 T:4252 debug : CAMLCodec::AddData: dl:15509799 fl:212697 sz:263351(263424) lv:98.6% dts:6.506 pts:6.548
2025-08-23 16:54:38.411 T:4252 debug : CAMLCodec::AddData: skip add data dl:15509726 fl:212770 sz:269650(269760) lv:100.3% dts:6.548 pts:6.632
2025-08-23 16:54:38.413 T:4250 debug : CVideoPlayer::ProcessVideoData size:444834 dts:12.721 pts:12.721 dur:41.000ms, clock:4.213 level:77
2025-08-23 16:54:38.413 T:4252 debug : CAMLCodec::AddData: skip add data dl:15509726 fl:212770 sz:269650(269760) lv:100.3% dts:6.548 pts:6.632
2025-08-23 16:54:38.440 T:4073 info : Skipped 13 duplicate messages..
2025-08-23 16:54:38.440 T:4073 debug : CAMLCodec::PollFrame elapsed:34.723ms
2025-08-23 16:54:38.440 T:4252 debug : CAMLCodec::AddData: skip add data dl:15502750 fl:219746 sz:269650(269760) lv:100.3% dts:6.548 pts:6.632
2025-08-23 16:54:38.443 T:4253 debug : CVideoPlayerAudio::OutputPacket: pts:5.016 curr_pts:4.218 clock:4.243 level:99
2025-08-23 16:54:38.446 T:4252 debug : CAMLCodec::DequeueBuffer: pts:4.546 idx:109
2025-08-23 16:54:38.446 T:4252 debug : CAMLCodec::GetPicture: index: 109, pts: 4.546, dur:42.000ms ar:1.78 elf:47ms
2025-08-23 16:54:38.446 T:4252 debug : CVideoPlayerVideo::OutputPicture - ttd:299ms pts:4.546 Clock:4.247 Level:4
2025-08-23 16:54:38.447 T:4073 debug : PrepareNextRender: frameOnScreen: 4.247 renderPts: 4.399 nextFramePts: 4.379 -> diff: 0.020 render: 1 forceNext: 0
2025-08-23 16:54:38.447 T:4073 debug : CAMLCodec::ReleaseFrame idx:105, drop:0
2025-08-23 16:54:38.448 T:4252 debug : CAMLCodec::AddData: skip add data dl:15502750 fl:219746 sz:269650(269760) lv:100.3% dts:6.548 pts:6.632
2025-08-23 16:54:38.453 T:4252 debug : CAMLCodec::AddData: dl:15453790 fl:268706 sz:269650(269760) lv:98.3% dts:6.548 pts:6.632
2025-08-23 16:54:38.453 T:4252 debug : CAMLCodec::AddData: skip add data dl:15453680 fl:268816 sz:403474(403584) lv:100.8% dts:6.590 pts:6.965
2025-08-23 16:54:38.455 T:4250 debug : CVideoPlayer::ProcessVideoData size:445652 dts:12.763 pts:12.804 dur:41.000ms, clock:4.255 level:77
2025-08-23 16:54:38.456 T:4252 debug : CAMLCodec::AddData: skip add data dl:15453680 fl:268816 sz:403474(403584) lv:100.8% dts:6.590 pts:6.965
2025-08-23 16:54:38.483 T:4073 info : Skipped 11 duplicate messages..
2025-08-23 16:54:38.481 T:4073 debug : CAMLCodec::PollFrame elapsed:34.286ms
2025-08-23 16:54:38.483 T:4252 debug : CAMLCodec::AddData: skip add data dl:15372336 fl:350160 sz:403474(403584) lv:100.3% dts:6.590 pts:6.965
2025-08-23 16:54:38.485 T:4252 debug : CAMLCodec::DequeueBuffer: pts:4.588 idx:110
2025-08-23 16:54:38.485 T:4252 debug : CAMLCodec::GetPicture: index: 110, pts: 4.588, dur:42.000ms ar:1.78 elf:38ms
2025-08-23 16:54:38.485 T:4252 debug : CVideoPlayerVideo::OutputPicture - ttd:302ms pts:4.588 Clock:4.285 Level:4
2025-08-23 16:54:38.488 T:4252 debug : CAMLCodec::AddData: skip add data dl:15372336 fl:350160 sz:403474(403584) lv:100.3% dts:6.590 pts:6.965
2025-08-23 16:54:38.488 T:4073 debug : PrepareNextRender: frameOnScreen: 4.289 renderPts: 4.440 nextFramePts: 4.421 -> diff: 0.019 render: 1 forceNext: 0
2025-08-23 16:54:38.488 T:4073 debug : CAMLCodec::ReleaseFrame idx:106, drop:0
2025-08-23 16:54:38.490 T:4252 debug : CAMLCodec::AddData: skip add data dl:15372336 fl:350160 sz:403474(403584) lv:100.3% dts:6.590 pts:6.965
2025-08-23 16:54:38.498 T:4252 debug : CAMLCodec::AddData: dl:15447408 fl:275088 sz:403474(403584) lv:98.2% dts:6.590 pts:6.965
2025-08-23 16:54:38.499 T:4252 debug : CAMLCodec::AddData: skip add data dl:15447298 fl:275198 sz:363612(363712) lv:100.5% dts:6.632 pts:6.840
2025-08-23 16:54:38.507 T:4250 info : Skipped 3 duplicate messages..
2025-08-23 16:54:38.507 T:4250 debug : CVideoPlayer::ProcessVideoData size:466353 dts:12.804 pts:12.930 dur:41.000ms, clock:4.308 level:77
2025-08-23 16:54:38.507 T:4252 debug : CAMLCodec::AddData: skip add data dl:15447298 fl:275198 sz:363612(363712) lv:100.5% dts:6.632 pts:6.840
2025-08-23 16:54:38.523 T:4073 info : Skipped 6 duplicate messages..
2025-08-23 16:54:38.523 T:4073 debug : CAMLCodec::PollFrame elapsed:34.799ms
2025-08-23 16:54:38.524 T:4252 debug : CAMLCodec::AddData: skip add data dl:15447298 fl:275198 sz:363612(363712) lv:100.5% dts:6.632 pts:6.840
2025-08-23 16:54:38.528 T:4073 info : Skipped 1 duplicate messages..
2025-08-23 16:54:38.528 T:4073 debug : PrepareNextRender: frameOnScreen: 4.328 renderPts: 4.480 nextFramePts: 4.463 -> diff: 0.017 render: 1 forceNext: 0
2025-08-23 16:54:38.528 T:4073 debug : CAMLCodec::ReleaseFrame idx:107, drop:0
2025-08-23 16:54:38.528 T:4252 debug : CAMLCodec::AddData: skip add data dl:15447298 fl:275198 sz:363612(363712) lv:100.5% dts:6.632 pts:6.840
2025-08-23 16:54:38.542 T:4253 info : Skipped 7 duplicate messages..
2025-08-23 16:54:38.542 T:4253 debug : CVideoPlayerAudio::OutputPacket: pts:5.108 curr_pts:4.319 clock:4.343 level:98
2025-08-23 16:54:38.543 T:4252 debug : CAMLCodec::AddData: skip add data dl:15447298 fl:275198 sz:363612(363712) lv:100.5% dts:6.632 pts:6.840
2025-08-23 16:54:38.565 T:4073 info : Skipped 10 duplicate messages..
2025-08-23 16:54:38.565 T:4073 debug : CAMLCodec::PollFrame elapsed:37.184ms
2025-08-23 16:54:38.566 T:4252 debug : CAMLCodec::AddData: skip add data dl:15408706 fl:313790 sz:363612(363712) lv:100.3% dts:6.632 pts:6.840
2025-08-23 16:54:38.568 T:4252 debug : CAMLCodec::DequeueBuffer: pts:4.630 idx:111
2025-08-23 16:54:38.568 T:4252 debug : CAMLCodec::GetPicture: index: 111, pts: 4.630, dur:42.000ms ar:1.78 elf:82ms
2025-08-23 16:54:38.568 T:4252 debug : CVideoPlayerVideo::OutputPicture - ttd:261ms pts:4.630 Clock:4.368 Level:3
2025-08-23 16:54:38.570 T:4252 debug : CAMLCodec::AddData: skip add data dl:15408706 fl:313790 sz:363612(363712) lv:100.3% dts:6.632 pts:6.840
2025-08-23 16:54:38.572 T:4073 debug : PrepareNextRender: frameOnScreen: 4.372 renderPts: 4.524 nextFramePts: 4.504 -> diff: 0.020 render: 1 forceNext: 0
2025-08-23 16:54:38.572 T:4252 debug : CAMLCodec::AddData: skip add data dl:15408706 fl:313790 sz:363612(363712) lv:100.3% dts:6.632 pts:6.840
2025-08-23 16:54:38.572 T:4073 debug : CAMLCodec::ReleaseFrame idx:108, drop:0
2025-08-23 16:54:38.574 T:4252 debug : CAMLCodec::AddData: skip add data dl:15408706 fl:313790 sz:363612(363712) lv:100.3% dts:6.632 pts:6.840
2025-08-23 16:54:38.579 T:4252 debug : CAMLCodec::AddData: dl:15503746 fl:218750 sz:363612(363712) lv:98.6% dts:6.632 pts:6.840
2025-08-23 16:54:38.579 T:4252 debug : CAMLCodec::DequeueBuffer: pts:4.671 idx:112
2025-08-23 16:54:38.579 T:4252 debug : CAMLCodec::GetPicture: index: 112, pts: 4.671, dur:41.000ms ar:1.78 elf:11ms
2025-08-23 16:54:38.579 T:4252 debug : CVideoPlayerVideo::OutputPicture - ttd:291ms pts:4.671 Clock:4.379 Level:3
2025-08-23 16:54:38.581 T:4252 debug : CAMLCodec::AddData: skip add data dl:15474206 fl:248290 sz:291125(291200) lv:100.2% dts:6.673 pts:6.757
2025-08-23 16:54:38.590 T:4252 info : Skipped 2 duplicate messages..
2025-08-23 16:54:38.589 T:4252 debug : CAMLCodec::AddData: dl:15508830 fl:213666 sz:291125(291200) lv:98.6% dts:6.673 pts:6.757
2025-08-23 16:54:38.590 T:4252 debug : CAMLCodec::AddData: skip add data dl:15508755 fl:213741 sz:266784(266880) lv:100.3% dts:6.715 pts:6.715
2025-08-23 16:54:38.607 T:4073 info : Skipped 8 duplicate messages..
2025-08-23 16:54:38.607 T:4073 debug : CAMLCodec::PollFrame elapsed:34.520ms
2025-08-23 16:54:38.607 T:4252 debug : CAMLCodec::DequeueBuffer: pts:4.713 idx:113
2025-08-23 16:54:38.607 T:4252 debug : CAMLCodec::GetPicture: index: 113, pts: 4.713, dur:42.000ms ar:1.78 elf:28ms
2025-08-23 16:54:38.607 T:4252 debug : CVideoPlayerVideo::OutputPicture - ttd:305ms pts:4.713 Clock:4.408 Level:4
2025-08-23 16:54:38.610 T:4252 debug : CAMLCodec::AddData: skip add data dl:15501395 fl:221101 sz:266784(266880) lv:100.3% dts:6.715 pts:6.715
2025-08-23 16:54:38.612 T:4073 info : Skipped 1 duplicate messages..
2025-08-23 16:54:38.612 T:4073 debug : PrepareNextRender: frameOnScreen: 4.413 renderPts: 4.564 nextFramePts: 4.546 -> diff: 0.018 render: 1 forceNext: 0
2025-08-23 16:54:38.613 T:4073 debug : CAMLCodec::ReleaseFrame idx:109, drop:0
2025-08-23 16:54:38.614 T:4252 debug : CAMLCodec::AddData: skip add data dl:15501395 fl:221101 sz:266784(266880) lv:100.3% dts:6.715 pts:6.715
2025-08-23 16:54:38.618 T:4252 debug : CAMLCodec::AddData: dl:15499923 fl:222573 sz:266784(266880) lv:98.5% dts:6.715 pts:6.715
2025-08-23 16:54:38.620 T:4250 debug : CVideoPlayer::ProcessVideoData size:451036 dts:12.846 pts:12.888 dur:41.000ms, clock:4.420 level:76
2025-08-23 16:54:38.622 T:4250 debug : CVideoPlayer::ProcessVideoData size:453090 dts:12.888 pts:12.971 dur:41.000ms, clock:4.422 level:76
2025-08-23 16:54:38.622 T:4252 debug : CAMLCodec::AddData: skip add data dl:15499827 fl:222669 sz:265312(265408) lv:100.2% dts:6.757 pts:6.798
2025-08-23 16:54:38.642 T:4253 info : Skipped 11 duplicate messages..
2025-08-23 16:54:38.642 T:4253 debug : CVideoPlayerAudio::OutputPacket: pts:5.201 curr_pts:4.418 clock:4.443 level:97
2025-08-23 16:54:38.642 T:4252 debug : CAMLCodec::AddData: skip add data dl:15499827 fl:222669 sz:265312(265408) lv:100.2% dts:6.757 pts:6.798
2025-08-23 16:54:38.648 T:4073 info : Skipped 1 duplicate messages..
2025-08-23 16:54:38.648 T:4073 debug : CAMLCodec::PollFrame elapsed:35.717ms
2025-08-23 16:54:38.650 T:4252 debug : CAMLCodec::AddData: skip add data dl:15491891 fl:230605 sz:265312(265408) lv:100.2% dts:6.757 pts:6.798
2025-08-23 16:54:38.651 T:4252 debug : CAMLCodec::DequeueBuffer: pts:4.755 idx:114
2025-08-23 16:54:38.652 T:4252 debug : CAMLCodec::GetPicture: index: 114, pts: 4.755, dur:42.000ms ar:1.78 elf:43ms
2025-08-23 16:54:38.652 T:4252 debug : CVideoPlayerVideo::OutputPicture - ttd:303ms pts:4.755 Clock:4.452 Level:4
2025-08-23 16:54:38.654 T:4252 debug : CAMLCodec::AddData: skip add data dl:15491891 fl:230605 sz:265312(265408) lv:100.2% dts:6.757 pts:6.798
2025-08-23 16:54:38.661 T:4073 info : Skipped 1 duplicate messages..
2025-08-23 16:54:38.661 T:4073 debug : PrepareNextRender: frameOnScreen: 4.461 renderPts: 4.613 nextFramePts: 4.588 -> diff: 0.025 render: 1 forceNext: 0
2025-08-23 16:54:38.661 T:4073 debug : CAMLCodec::ReleaseFrame idx:110, drop:0
2025-08-23 16:54:38.662 T:4252 debug : CAMLCodec::AddData: dl:15491251 fl:231245 sz:265312(265408) lv:98.5% dts:6.757 pts:6.798
2025-08-23 16:54:38.663 T:4252 debug : CAMLCodec::AddData: skip add data dl:15491155 fl:231341 sz:293752(293824) lv:100.4% dts:6.798 pts:6.924
2025-08-23 16:54:38.691 T:4252 info : Skipped 12 duplicate messages..
2025-08-23 16:54:38.691 T:4252 debug : CAMLCodec::AddData: skip add data dl:15462099 fl:260397 sz:293752(293824) lv:100.2% dts:6.798 pts:6.924
2025-08-23 16:54:38.691 T:4073 debug : CAMLCodec::PollFrame elapsed:28.747ms
2025-08-23 16:54:38.692 T:4252 debug : CAMLCodec::DequeueBuffer: pts:4.796 idx:115
2025-08-23 16:54:38.692 T:4252 debug : CAMLCodec::GetPicture: index: 115, pts: 4.796, dur:41.000ms ar:1.78 elf:40ms
2025-08-23 16:54:38.693 T:4252 debug : CVideoPlayerVideo::OutputPicture - ttd:303ms pts:4.796 Clock:4.493 Level:4
2025-08-23 16:54:38.693 T:4253 debug : CVideoPlayerAudio::OutputPacket: pts:5.294 curr_pts:4.468 clock:4.493 level:96
2025-08-23 16:54:38.694 T:4252 debug : CAMLCodec::AddData: skip add data dl:15462099 fl:260397 sz:293752(293824) lv:100.2% dts:6.798 pts:6.924
2025-08-23 16:54:38.695 T:4073 debug : PrepareNextRender: frameOnScreen: 4.495 renderPts: 4.647 nextFramePts: 4.630 -> diff: 0.017 render: 1 forceNext: 0
2025-08-23 16:54:38.695 T:4073 debug : CAMLCodec::ReleaseFrame idx:111, drop:0
2025-08-23 16:54:38.697 T:4252 debug : CAMLCodec::AddData: skip add data dl:15462099 fl:260397 sz:293752(293824) lv:100.2% dts:6.798 pts:6.924
2025-08-23 16:54:38.703 T:4252 info : Skipped 1 duplicate messages..
2025-08-23 16:54:38.703 T:4252 debug : CAMLCodec::AddData: dl:15493523 fl:228973 sz:293752(293824) lv:98.5% dts:6.798 pts:6.924
2025-08-23 16:54:38.703 T:4250 debug : CVideoPlayer::ProcessAudioData size:8058 dts:13.096 pts:13.096 dur:92.000ms, clock:4.503 drop:0 level:96
2025-08-23 16:54:38.704 T:4250 debug : CVideoPlayer::ProcessAudioData size:8139 dts:13.189 pts:13.189 dur:92.000ms, clock:4.504 drop:0 level:97
2025-08-23 16:54:38.704 T:4250 debug : CVideoPlayer::ProcessAudioData size:8347 dts:13.281 pts:13.281 dur:92.000ms, clock:4.504 drop:0 level:98
2025-08-23 16:54:38.706 T:4250 debug : CVideoPlayer::ProcessVideoData size:618001 dts:12.930 pts:13.347 dur:41.000ms, clock:4.506 level:76
2025-08-23 16:54:38.707 T:4252 debug : CAMLCodec::AddData: skip add data dl:15493451 fl:229045 sz:270547(270656) lv:100.2% dts:6.840 pts:6.882
2025-08-23 16:54:38.732 T:4073 info : Skipped 12 duplicate messages..
2025-08-23 16:54:38.732 T:4073 debug : CAMLCodec::PollFrame elapsed:36.990ms
2025-08-23 16:54:38.734 T:4252 debug : CAMLCodec::AddData: skip add data dl:15486475 fl:236021 sz:270547(270656) lv:100.2% dts:6.840 pts:6.882
2025-08-23 16:54:38.735 T:4252 debug : CAMLCodec::DequeueBuffer: pts:4.838 idx:116
2025-08-23 16:54:38.735 T:4252 debug : CAMLCodec::GetPicture: index: 116, pts: 4.838, dur:42.000ms ar:1.78 elf:42ms
2025-08-23 16:54:38.735 T:4252 debug : CVideoPlayerVideo::OutputPicture - ttd:302ms pts:4.838 Clock:4.535 Level:4
2025-08-23 16:54:38.736 T:4252 debug : CAMLCodec::DequeueBuffer: pts:4.880 idx:117
2025-08-23 16:54:38.736 T:4252 debug : CAMLCodec::GetPicture: index: 117, pts: 4.880, dur:42.000ms ar:1.78 elf:1ms
2025-08-23 16:54:38.736 T:4252 debug : CVideoPlayerVideo::OutputPicture - ttd:343ms pts:4.880 Clock:4.536 Level:5
2025-08-23 16:54:38.738 T:4252 debug : CAMLCodec::DequeueBuffer: pts:4.922 idx:118
2025-08-23 16:54:38.738 T:4252 debug : CAMLCodec::GetPicture: index: 118, pts: 4.922, dur:42.000ms ar:1.78 elf:1ms
2025-08-23 16:54:38.738 T:4252 debug : CVideoPlayerVideo::OutputPicture - ttd:384ms pts:4.922 Clock:4.538 Level:6
2025-08-23 16:54:38.738 T:4073 debug : PrepareNextRender: frameOnScreen: 4.538 renderPts: 4.690 nextFramePts: 4.671 -> diff: 0.019 render: 1 forceNext: 0
2025-08-23 16:54:38.738 T:4073 debug : CAMLCodec::ReleaseFrame idx:112, drop:0
2025-08-23 16:54:38.739 T:4252 debug : CAMLCodec::DequeueBuffer: pts:4.963 idx:119
2025-08-23 16:54:38.739 T:4252 debug : CAMLCodec::GetPicture: index: 119, pts: 4.963, dur:41.000ms ar:1.78 elf:1ms
2025-08-23 16:54:38.739 T:4252 debug : CVideoPlayerVideo::OutputPicture - ttd:423ms pts:4.963 Clock:4.539 Level:6
2025-08-23 16:54:38.741 T:4252 debug : CAMLCodec::AddData: skip add data dl:15486475 fl:236021 sz:270547(270656) lv:100.2% dts:6.840 pts:6.882
2025-08-23 16:54:38.746 T:4252 info : Skipped 1 duplicate messages..
2025-08-23 16:54:38.746 T:4252 debug : CAMLCodec::AddData: dl:15221067 fl:501429 sz:270547(270656) lv:96.8% dts:6.840 pts:6.882
2025-08-23 16:54:38.748 T:4252 debug : CAMLCodec::AddData: skip add data dl:15061662 fl:660834 sz:674437(674560) lv:100.0% dts:6.882 pts:7.007
2025-08-23 16:54:38.759 T:4250 info : Skipped 3 duplicate messages..
2025-08-23 16:54:38.759 T:4250 debug : CVideoPlayer::ProcessVideoData size:532431 dts:12.971 pts:13.180 dur:41.000ms, clock:4.559 level:76
2025-08-23 16:54:38.763 T:4252 debug : CAMLCodec::AddData: dl:15384478 fl:338018 sz:674437(674560) lv:97.8% dts:6.882 pts:7.007
2025-08-23 16:54:38.765 T:4252 debug : CAMLCodec::AddData: skip add data dl:15384355 fl:338141 sz:473707(473792) lv:100.8% dts:6.924 pts:7.341
2025-08-23 16:54:38.771 T:4250 info : Skipped 2 duplicate messages..
2025-08-23 16:54:38.771 T:4250 debug : CVideoPlayer::ProcessVideoData size:466235 dts:13.013 pts:13.096 dur:41.000ms, clock:4.571 level:100
2025-08-23 16:54:38.775 T:4073 debug : CAMLCodec::PollFrame elapsed:36.681ms
2025-08-23 16:54:38.776 T:4252 debug : CAMLCodec::AddData: dl:15727395 fl:-4899 sz:473707(473792) lv:100.0% dts:6.924 pts:7.341
2025-08-23 16:54:38.777 T:4252 debug : CAMLCodec::AddData: skip add data dl:15646819 fl:75677 sz:359734(359808) lv:101.8% dts:6.965 pts:7.174
2025-08-23 16:54:38.781 T:4252 debug : CAMLCodec::AddData: skip add data dl:15388352 fl:334144 sz:359734(359808) lv:100.1% dts:6.965 pts:7.174
2025-08-23 16:54:38.783 T:4073 info : Skipped 1 duplicate messages..
2025-08-23 16:54:38.783 T:4073 debug : PrepareNextRender: frameOnScreen: 4.583 renderPts: 4.735 nextFramePts: 4.713 -> diff: 0.022 render: 1 forceNext: 0
2025-08-23 16:54:38.783 T:4073 debug : CAMLCodec::ReleaseFrame idx:113, drop:0
2025-08-23 16:54:38.784 T:4252 debug : CAMLCodec::AddData: skip add data dl:15388352 fl:334144 sz:359734(359808) lv:100.1% dts:6.965 pts:7.174
2025-08-23 16:54:38.793 T:4253 info : Skipped 4 duplicate messages..
2025-08-23 16:54:38.793 T:4253 debug : CVideoPlayerAudio::OutputPacket: pts:5.387 curr_pts:4.568 clock:4.593 level:98
2025-08-23 16:54:38.795 T:4252 debug : CAMLCodec::AddData: skip add data dl:15388352 fl:334144 sz:359734(359808) lv:100.1% dts:6.965 pts:7.174
2025-08-23 16:54:38.816 T:4073 info : Skipped 9 duplicate messages..
2025-08-23 16:54:38.816 T:4073 debug : CAMLCodec::PollFrame elapsed:32.549ms
2025-08-23 16:54:38.820 T:4252 debug : CAMLCodec::AddData: dl:15713280 fl:9216 sz:359734(359808) lv:99.9% dts:6.965 pts:7.174
2025-08-23 16:54:38.821 T:4252 debug : CAMLCodec::AddData: skip add data dl:15607880 fl:114488 sz:292212(292288) lv:101.1% dts:7.007 pts:7.090
2025-08-23 16:54:38.826 T:4250 debug : CVideoPlayer::ProcessVideoData size:452395 dts:13.055 pts:13.055 dur:41.000ms, clock:4.626 level:75
2025-08-23 16:54:38.826 T:4073 debug : PrepareNextRender: frameOnScreen: 4.626 renderPts: 4.778 nextFramePts: 4.755 -> diff: 0.023 render: 1 forceNext: 0
2025-08-23 16:54:38.826 T:4252 debug : CAMLCodec::AddData: skip add data dl:15452292 fl:270204 sz:292212(292288) lv:100.1% dts:7.007 pts:7.090
2025-08-23 16:54:38.827 T:4073 debug : CAMLCodec::ReleaseFrame idx:114, drop:0
2025-08-23 16:54:38.828 T:4252 debug : CAMLCodec::AddData: skip add data dl:15452292 fl:270204 sz:292212(292288) lv:100.1% dts:7.007 pts:7.090
2025-08-23 16:54:38.858 T:4073 info : Skipped 13 duplicate messages..
2025-08-23 16:54:38.858 T:4073 debug : CAMLCodec::PollFrame elapsed:31.352ms
2025-08-23 16:54:38.858 T:4252 debug : CAMLCodec::DequeueBuffer: pts:5.005 idx:120
2025-08-23 16:54:38.859 T:4252 debug : CAMLCodec::GetPicture: index: 120, pts: 5.005, dur:42.000ms ar:1.78 elf:118ms
2025-08-23 16:54:38.859 T:4252 debug : CVideoPlayerVideo::OutputPicture - ttd:346ms pts:5.005 Clock:4.659 Level:5
2025-08-23 16:54:38.864 T:4252 debug : CAMLCodec::AddData: dl:15717316 fl:5180 sz:292212(292288) lv:99.9% dts:7.007 pts:7.090
2025-08-23 16:54:38.865 T:4073 debug : PrepareNextRender: frameOnScreen: 4.665 renderPts: 4.817 nextFramePts: 4.796 -> diff: 0.021 render: 1 forceNext: 0
2025-08-23 16:54:38.865 T:4073 debug : CAMLCodec::ReleaseFrame idx:115, drop:0
2025-08-23 16:54:38.867 T:4252 debug : CAMLCodec::AddData: dl:15715512 fl:6984 sz:264542(264640) lv:99.9% dts:7.049 pts:7.049
2025-08-23 16:54:38.868 T:4252 debug : CAMLCodec::AddData: skip add data dl:15715414 fl:7082 sz:265303(265408) lv:101.6% dts:7.090 pts:7.132
2025-08-23 16:54:38.870 T:4250 info : Skipped 1 duplicate messages..
2025-08-23 16:54:38.870 T:4250 debug : CVideoPlayer::ProcessVideoData size:450473 dts:13.096 pts:13.138 dur:41.000ms, clock:4.670 level:75
2025-08-23 16:54:38.871 T:4252 debug : CAMLCodec::AddData: skip add data dl:15715414 fl:7082 sz:265303(265408) lv:101.6% dts:7.090 pts:7.132
2025-08-23 16:54:38.893 T:4253 info : Skipped 10 duplicate messages..
2025-08-23 16:54:38.893 T:4253 debug : CVideoPlayerAudio::OutputPacket: pts:5.479 curr_pts:4.668 clock:4.693 level:97
2025-08-23 16:54:38.895 T:4252 debug : CAMLCodec::AddData: skip add data dl:15715414 fl:7082 sz:265303(265408) lv:101.6% dts:7.090 pts:7.132
2025-08-23 16:54:38.900 T:4073 debug : CAMLCodec::PollFrame elapsed:34.029ms
2025-08-23 16:54:38.906 T:4073 debug : PrepareNextRender: frameOnScreen: 4.706 renderPts: 4.857 nextFramePts: 4.838 -> diff: 0.019 render: 1 forceNext: 0
2025-08-23 16:54:38.906 T:4073 debug : CAMLCodec::ReleaseFrame idx:116, drop:0
2025-08-23 16:54:38.906 T:4252 debug : CAMLCodec::DequeueBuffer: pts:5.047 idx:121
2025-08-23 16:54:38.906 T:4252 debug : CAMLCodec::GetPicture: index: 121, pts: 5.047, dur:42.000ms ar:1.78 elf:47ms
2025-08-23 16:54:38.906 T:4252 debug : CPtsTracker: detected pattern of length 1: 41708.24, frameduration: 41708.333333
2025-08-23 16:54:38.906 T:4252 debug : CVideoPlayerVideo::OutputPicture - ttd:340ms pts:5.047 Clock:4.706 Level:4
2025-08-23 16:54:38.911 T:4252 debug : CAMLCodec::AddData: dl:15711894 fl:10602 sz:265303(265408) lv:99.9% dts:7.090 pts:7.132
2025-08-23 16:54:38.911 T:4252 debug : CAMLCodec::AddData: skip add data dl:15711789 fl:10707 sz:287404(287488) lv:101.7% dts:7.132 pts:7.257
2025-08-23 16:54:38.942 T:4073 info : Skipped 15 duplicate messages..
2025-08-23 16:54:38.941 T:4073 debug : CAMLCodec::PollFrame elapsed:35.229ms
2025-08-23 16:54:38.943 T:4252 debug : CAMLCodec::AddData: skip add data dl:15706221 fl:16275 sz:287404(287488) lv:101.7% dts:7.132 pts:7.257
2025-08-23 16:54:38.944 T:4252 debug : CAMLCodec::DequeueBuffer: pts:5.088 idx:122
2025-08-23 16:54:38.944 T:4252 debug : CAMLCodec::GetPicture: index: 122, pts: 5.088, dur:41.000ms ar:1.78 elf:37ms
2025-08-23 16:54:38.944 T:4252 debug : CVideoPlayerVideo::OutputPicture - ttd:343ms pts:5.088 Clock:4.744 Level:5
2025-08-23 16:54:38.945 T:4250 debug : CVideoPlayer::ProcessVideoData size:453944 dts:13.138 pts:13.263 dur:41.000ms, clock:4.745 level:100
2025-08-23 16:54:38.950 T:4252 debug : CAMLCodec::AddData: dl:15724141 fl:-1645 sz:287404(287488) lv:100.0% dts:7.132 pts:7.257
2025-08-23 16:54:38.951 T:4073 debug : PrepareNextRender: frameOnScreen: 4.751 renderPts: 4.903 nextFramePts: 4.880 -> diff: 0.023 render: 1 forceNext: 0
2025-08-23 16:54:38.951 T:4252 debug : CAMLCodec::AddData: skip add data dl:15722496 fl:0 sz:258185(258304) lv:100.0% dts:7.174 pts:7.216
2025-08-23 16:54:38.951 T:4073 debug : CAMLCodec::ReleaseFrame idx:117, drop:0
2025-08-23 16:54:38.953 T:4252 debug : CAMLCodec::AddData: skip add data dl:15722496 fl:0 sz:258185(258304) lv:100.0% dts:7.174 pts:7.216
2025-08-23 16:54:38.983 T:4073 info : Skipped 14 duplicate messages..
2025-08-23 16:54:38.983 T:4073 debug : CAMLCodec::PollFrame elapsed:31.697ms
2025-08-23 16:54:38.984 T:4252 debug : CAMLCodec::AddData: skip add data dl:15693504 fl:28992 sz:258185(258304) lv:101.4% dts:7.174 pts:7.216
2025-08-23 16:54:38.985 T:4252 debug : CAMLCodec::DequeueBuffer: pts:5.130 idx:123
2025-08-23 16:54:38.985 T:4252 debug : CAMLCodec::GetPicture: index: 123, pts: 5.130, dur:42.000ms ar:1.78 elf:40ms
2025-08-23 16:54:38.985 T:4252 debug : CVideoPlayerVideo::OutputPicture - ttd:344ms pts:5.130 Clock:4.785 Level:5
2025-08-23 16:54:38.989 T:4252 debug : CAMLCodec::AddData: skip add data dl:15693504 fl:28992 sz:258185(258304) lv:101.4% dts:7.174 pts:7.216
2025-08-23 16:54:38.990 T:4250 debug : CVideoPlayer::ProcessVideoData size:441779 dts:13.180 pts:13.222 dur:41.000ms, clock:4.790 level:100
2025-08-23 16:54:38.991 T:4073 debug : PrepareNextRender: frameOnScreen: 4.791 renderPts: 4.943 nextFramePts: 4.922 -> diff: 0.021 render: 1 forceNext: 0
2025-08-23 16:54:38.992 T:4073 debug : CAMLCodec::ReleaseFrame idx:118, drop:0
2025-08-23 16:54:38.993 T:4253 debug : CVideoPlayerAudio::OutputPacket: pts:5.572 curr_pts:4.767 clock:4.793 level:96
2025-08-23 16:54:38.995 T:4252 debug : CAMLCodec::AddData: dl:15691072 fl:31424 sz:258185(258304) lv:99.8% dts:7.174 pts:7.216
2025-08-23 16:54:38.996 T:4252 debug : CAMLCodec::AddData: skip add data dl:15692514 fl:29982 sz:264665(264768) lv:101.5% dts:7.216 pts:7.299
2025-08-23 16:54:39.025 T:4073 info : Skipped 14 duplicate messages..
2025-08-23 16:54:39.025 T:4073 debug : CAMLCodec::PollFrame elapsed:33.137ms
2025-08-23 16:54:39.025 T:4252 debug : CAMLCodec::DequeueBuffer: pts:5.172 idx:124
2025-08-23 16:54:39.025 T:4252 debug : CAMLCodec::GetPicture: index: 124, pts: 5.172, dur:42.000ms ar:1.78 elf:40ms
2025-08-23 16:54:39.026 T:4252 debug : CVideoPlayerVideo::OutputPicture - ttd:346ms pts:5.172 Clock:4.825 Level:5
2025-08-23 16:54:39.028 T:4252 debug : CAMLCodec::AddData: skip add data dl:15687266 fl:35230 sz:264665(264768) lv:101.4% dts:7.216 pts:7.299
2025-08-23 16:54:39.031 T:4073 debug : PrepareNextRender: frameOnScreen: 4.830 renderPts: 4.982 nextFramePts: 4.963 -> diff: 0.019 render: 1 forceNext: 0
2025-08-23 16:54:39.031 T:4252 debug : CAMLCodec::AddData: skip add data dl:15687266 fl:35230 sz:264665(264768) lv:101.4% dts:7.216 pts:7.299
2025-08-23 16:54:39.031 T:4073 debug : CAMLCodec::ReleaseFrame idx:119, drop:0
2025-08-23 16:54:39.035 T:4252 debug : CAMLCodec::AddData: dl:15692002 fl:30494 sz:264665(264768) lv:99.8% dts:7.216 pts:7.299
2025-08-23 16:54:39.036 T:4252 debug : CAMLCodec::AddData: skip add data dl:15691899 fl:30597 sz:441083(441152) lv:102.6% dts:7.257 pts:7.674
2025-08-23 16:54:39.052 T:4250 info : Skipped 7 duplicate messages..
2025-08-23 16:54:39.052 T:4250 debug : CVideoPlayer::ProcessVideoData size:442478 dts:13.222 pts:13.305 dur:41.000ms, clock:4.852 level:74
2025-08-23 16:54:39.053 T:4252 debug : CAMLCodec::AddData: skip add data dl:15691899 fl:30597 sz:441083(441152) lv:102.6% dts:7.257 pts:7.674
2025-08-23 16:54:39.067 T:4073 info : Skipped 4 duplicate messages..
2025-08-23 16:54:39.067 T:4073 debug : CAMLCodec::PollFrame elapsed:35.859ms
2025-08-23 16:54:39.068 T:4252 debug : CAMLCodec::AddData: skip add data dl:15683835 fl:38661 sz:441083(441152) lv:102.5% dts:7.257 pts:7.674
2025-08-23 16:54:39.069 T:4252 debug : CAMLCodec::DequeueBuffer: pts:5.214 idx:125
2025-08-23 16:54:39.069 T:4252 debug : CAMLCodec::GetPicture: index: 125, pts: 5.214, dur:42.000ms ar:1.78 elf:43ms
2025-08-23 16:54:39.070 T:4252 debug : CVideoPlayerVideo::OutputPicture - ttd:344ms pts:5.214 Clock:4.869 Level:5
2025-08-23 16:54:39.075 T:4252 debug : CAMLCodec::AddData: skip add data dl:15357435 fl:365061 sz:441083(441152) lv:100.4% dts:7.257 pts:7.674
2025-08-23 16:54:39.076 T:4073 debug : PrepareNextRender: frameOnScreen: 4.876 renderPts: 5.028 nextFramePts: 5.005 -> diff: 0.023 render: 1 forceNext: 0
2025-08-23 16:54:39.077 T:4073 debug : CAMLCodec::ReleaseFrame idx:120, drop:0
2025-08-23 16:54:39.077 T:4252 debug : CAMLCodec::AddData: skip add data dl:15357435 fl:365061 sz:441083(441152) lv:100.4% dts:7.257 pts:7.674
2025-08-23 16:54:39.093 T:4253 info : Skipped 7 duplicate messages..
2025-08-23 16:54:39.093 T:4253 debug : CVideoPlayerAudio::OutputPacket: pts:5.665 curr_pts:4.867 clock:4.893 level:95
2025-08-23 16:54:39.094 T:4252 debug : CAMLCodec::AddData: skip add data dl:15357435 fl:365061 sz:441083(441152) lv:100.4% dts:7.257 pts:7.674
2025-08-23 16:54:39.109 T:4073 info : Skipped 5 duplicate messages..
2025-08-23 16:54:39.109 T:4073 debug : CAMLCodec::PollFrame elapsed:30.392ms
2025-08-23 16:54:39.112 T:4252 debug : CAMLCodec::AddData: dl:15669755 fl:52741 sz:441083(441152) lv:99.6% dts:7.257 pts:7.674
2025-08-23 16:54:39.113 T:4252 debug : CAMLCodec::DequeueBuffer: pts:5.255 idx:126
2025-08-23 16:54:39.113 T:4252 debug : CAMLCodec::GetPicture: index: 126, pts: 5.255, dur:41.000ms ar:1.78 elf:43ms
2025-08-23 16:54:39.113 T:4252 debug : CVideoPlayerVideo::OutputPicture - ttd:342ms pts:5.255 Clock:4.912 Level:5
2025-08-23 16:54:39.114 T:4073 debug : PrepareNextRender: frameOnScreen: 4.914 renderPts: 5.066 nextFramePts: 5.047 -> diff: 0.019 render: 1 forceNext: 0
2025-08-23 16:54:39.115 T:4073 debug : CAMLCodec::ReleaseFrame idx:121, drop:0
2025-08-23 16:54:39.118 T:4252 debug : CAMLCodec::AddData: dl:15686646 fl:35850 sz:344451(344576) lv:99.7% dts:7.299 pts:7.507
2025-08-23 16:54:39.119 T:4252 debug : CAMLCodec::AddData: skip add data dl:15686521 fl:35975 sz:290646(290752) lv:101.6% dts:7.341 pts:7.424
2025-08-23 16:54:39.124 T:4250 info : Skipped 3 duplicate messages..
2025-08-23 16:54:39.124 T:4250 debug : CVideoPlayer::ProcessAudioData size:8658 dts:13.375 pts:13.375 dur:92.000ms, clock:4.924 drop:0 level:95
2025-08-23 16:54:39.124 T:4250 debug : CVideoPlayer::ProcessAudioData size:8833 dts:13.467 pts:13.467 dur:92.000ms, clock:4.924 drop:0 level:96
2025-08-23 16:54:39.124 T:4250 debug : CVideoPlayer::ProcessAudioData size:9135 dts:13.560 pts:13.560 dur:92.000ms, clock:4.924 drop:0 level:97
2025-08-23 16:54:39.126 T:4252 debug : CAMLCodec::AddData: skip add data dl:15686521 fl:35975 sz:290646(290752) lv:101.6% dts:7.341 pts:7.424
2025-08-23 16:54:39.127 T:4250 debug : CVideoPlayer::ProcessVideoData size:599408 dts:13.263 pts:13.639 dur:41.000ms, clock:4.926 level:74
2025-08-23 16:54:39.129 T:4252 debug : CAMLCodec::AddData: skip add data dl:15686521 fl:35975 sz:290646(290752) lv:101.6% dts:7.341 pts:7.424
2025-08-23 16:54:39.148 T:4252 info : Skipped 9 duplicate messages..
2025-08-23 16:54:39.148 T:4252 debug : CAMLCodec::DequeueBuffer: pts:5.297 idx:127
2025-08-23 16:54:39.148 T:4252 debug : CAMLCodec::GetPicture: index: 127, pts: 5.297, dur:42.000ms ar:1.78 elf:35ms
2025-08-23 16:54:39.149 T:4252 debug : CVideoPlayerVideo::OutputPicture - ttd:348ms pts:5.297 Clock:4.948 Level:5
2025-08-23 16:54:39.150 T:4252 debug : CAMLCodec::AddData: skip add data dl:15651385 fl:71111 sz:290646(290752) lv:101.4% dts:7.341 pts:7.424
2025-08-23 16:54:39.151 T:4073 debug : CAMLCodec::PollFrame elapsed:35.710ms
2025-08-23 16:54:39.152 T:4252 debug : CAMLCodec::AddData: skip add data dl:15651385 fl:71111 sz:290646(290752) lv:101.4% dts:7.341 pts:7.424
2025-08-23 16:54:39.157 T:4073 info : Skipped 2 duplicate messages..
2025-08-23 16:54:39.157 T:4073 debug : PrepareNextRender: frameOnScreen: 4.957 renderPts: 5.109 nextFramePts: 5.088 -> diff: 0.021 render: 1 forceNext: 0
2025-08-23 16:54:39.158 T:4073 debug : CAMLCodec::ReleaseFrame idx:122, drop:0
2025-08-23 16:54:39.161 T:4252 debug : CAMLCodec::AddData: dl:15670265 fl:52231 sz:290646(290752) lv:99.6% dts:7.341 pts:7.424
2025-08-23 16:54:39.161 T:4252 debug : CAMLCodec::AddData: skip add data dl:15670159 fl:52337 sz:257662(257728) lv:101.3% dts:7.382 pts:7.382
2025-08-23 16:54:39.173 T:4250 info : Skipped 5 duplicate messages..
2025-08-23 16:54:39.173 T:4250 debug : CVideoPlayer::ProcessVideoData size:526290 dts:13.305 pts:13.513 dur:41.000ms, clock:4.972 level:73
2025-08-23 16:54:39.173 T:4252 debug : CAMLCodec::AddData: skip add data dl:15670159 fl:52337 sz:257662(257728) lv:101.3% dts:7.382 pts:7.382
2025-08-23 16:54:39.191 T:4073 info : Skipped 8 duplicate messages..
2025-08-23 16:54:39.191 T:4073 debug : CAMLCodec::PollFrame elapsed:33.689ms
2025-08-23 16:54:39.193 T:4252 debug : CAMLCodec::AddData: skip add data dl:15670159 fl:52337 sz:257662(257728) lv:101.3% dts:7.382 pts:7.382
2025-08-23 16:54:39.194 T:4253 debug : CVideoPlayerAudio::OutputPacket: pts:5.759 curr_pts:4.968 clock:4.993 level:97
2025-08-23 16:54:39.194 T:4252 debug : CAMLCodec::AddData: skip add data dl:15670159 fl:52337 sz:257662(257728) lv:101.3% dts:7.382 pts:7.382
2025-08-23 16:54:39.196 T:4073 info : Skipped 1 duplicate messages..
2025-08-23 16:54:39.196 T:4073 debug : PrepareNextRender: frameOnScreen: 4.996 renderPts: 5.148 nextFramePts: 5.130 -> diff: 0.018 render: 1 forceNext: 0
2025-08-23 16:54:39.196 T:4073 debug : CAMLCodec::ReleaseFrame idx:123, drop:0
2025-08-23 16:54:39.198 T:4252 debug : CAMLCodec::AddData: skip add data dl:15670159 fl:52337 sz:257662(257728) lv:101.3% dts:7.382 pts:7.382
2025-08-23 16:54:39.231 T:4252 info : Skipped 20 duplicate messages..
2025-08-23 16:54:39.231 T:4252 debug : CAMLCodec::DequeueBuffer: pts:5.339 idx:128
2025-08-23 16:54:39.231 T:4252 debug : CAMLCodec::GetPicture: index: 128, pts: 5.339, dur:42.000ms ar:1.78 elf:82ms
2025-08-23 16:54:39.231 T:4252 debug : CVideoPlayerVideo::OutputPicture - ttd:308ms pts:5.339 Clock:5.031 Level:4
2025-08-23 16:54:39.233 T:4252 debug : CAMLCodec::AddData: skip add data dl:15639695 fl:82801 sz:257662(257728) lv:101.1% dts:7.382 pts:7.382
2025-08-23 16:54:39.234 T:4073 debug : CAMLCodec::PollFrame elapsed:37.841ms
2025-08-23 16:54:39.235 T:4252 debug : CAMLCodec::AddData: skip add data dl:15639695 fl:82801 sz:257662(257728) lv:101.1% dts:7.382 pts:7.382
2025-08-23 16:54:39.239 T:4073 info : Skipped 1 duplicate messages..
2025-08-23 16:54:39.239 T:4073 debug : PrepareNextRender: frameOnScreen: 5.038 renderPts: 5.190 nextFramePts: 5.172 -> diff: 0.018 render: 1 forceNext: 0
2025-08-23 16:54:39.239 T:4073 debug : CAMLCodec::ReleaseFrame idx:124, drop:0
2025-08-23 16:54:39.240 T:4252 debug : CAMLCodec::AddData: skip add data dl:15639695 fl:82801 sz:257662(257728) lv:101.1% dts:7.382 pts:7.382
2025-08-23 16:54:39.245 T:4252 debug : CAMLCodec::AddData: dl:15627855 fl:94641 sz:257662(257728) lv:99.4% dts:7.382 pts:7.382
2025-08-23 16:54:39.246 T:4252 debug : CAMLCodec::AddData: skip add data dl:15627789 fl:94707 sz:267017(267136) lv:101.1% dts:7.424 pts:7.466
2025-08-23 16:54:39.273 T:4073 info : Skipped 16 duplicate messages..
2025-08-23 16:54:39.273 T:4073 debug : CAMLCodec::PollFrame elapsed:33.323ms
2025-08-23 16:54:39.274 T:4252 debug : CAMLCodec::AddData: skip add data dl:15621261 fl:101235 sz:267017(267136) lv:101.0% dts:7.424 pts:7.466
2025-08-23 16:54:39.275 T:4252 debug : CAMLCodec::DequeueBuffer: pts:5.380 idx:129
2025-08-23 16:54:39.275 T:4252 debug : CAMLCodec::GetPicture: index: 129, pts: 5.380, dur:41.000ms ar:1.78 elf:43ms
2025-08-23 16:54:39.275 T:4252 debug : CVideoPlayerVideo::OutputPicture - ttd:305ms pts:5.380 Clock:5.075 Level:4
2025-08-23 16:54:39.277 T:4252 debug : CAMLCodec::AddData: skip add data dl:15621261 fl:101235 sz:267017(267136) lv:101.0% dts:7.424 pts:7.466
2025-08-23 16:54:39.278 T:4073 debug : PrepareNextRender: frameOnScreen: 5.077 renderPts: 5.229 nextFramePts: 5.214 -> diff: 0.015 render: 1 forceNext: 0
2025-08-23 16:54:39.278 T:4073 debug : CAMLCodec::ReleaseFrame idx:125, drop:0
2025-08-23 16:54:39.279 T:4252 debug : CAMLCodec::AddData: skip add data dl:15621261 fl:101235 sz:267017(267136) lv:101.0% dts:7.424 pts:7.466
2025-08-23 16:54:39.286 T:4252 info : Skipped 1 duplicate messages..
2025-08-23 16:54:39.286 T:4252 debug : CAMLCodec::AddData: dl:15629069 fl:93427 sz:267017(267136) lv:99.4% dts:7.424 pts:7.466
2025-08-23 16:54:39.286 T:4252 debug : CAMLCodec::AddData: skip add data dl:15628950 fl:93546 sz:285087(285184) lv:101.2% dts:7.466 pts:7.591
2025-08-23 16:54:39.293 T:4253 info : Skipped 3 duplicate messages..
2025-08-23 16:54:39.293 T:4253 debug : CVideoPlayerAudio::OutputPacket: pts:5.851 curr_pts:5.069 clock:5.093 level:96
2025-08-23 16:54:39.297 T:4250 debug : CVideoPlayer::ProcessVideoData size:453567 dts:13.347 pts:13.430 dur:41.000ms, clock:5.097 level:73
2025-08-23 16:54:39.298 T:4252 debug : CAMLCodec::AddData: skip add data dl:15628950 fl:93546 sz:285087(285184) lv:101.2% dts:7.466 pts:7.591
2025-08-23 16:54:39.315 T:4073 info : Skipped 7 duplicate messages..
2025-08-23 16:54:39.315 T:4073 debug : CAMLCodec::PollFrame elapsed:36.520ms
2025-08-23 16:54:39.315 T:4252 debug : CAMLCodec::AddData: skip add data dl:15623574 fl:98922 sz:285087(285184) lv:101.1% dts:7.466 pts:7.591
2025-08-23 16:54:39.317 T:4252 debug : CAMLCodec::DequeueBuffer: pts:5.422 idx:130
2025-08-23 16:54:39.317 T:4252 debug : CAMLCodec::GetPicture: index: 130, pts: 5.422, dur:42.000ms ar:1.78 elf:41ms
2025-08-23 16:54:39.317 T:4252 debug : CVideoPlayerVideo::OutputPicture - ttd:305ms pts:5.422 Clock:5.116 Level:4
2025-08-23 16:54:39.321 T:4252 debug : CAMLCodec::AddData: skip add data dl:15623574 fl:98922 sz:285087(285184) lv:101.1% dts:7.466 pts:7.591
2025-08-23 16:54:39.322 T:4073 debug : PrepareNextRender: frameOnScreen: 5.122 renderPts: 5.275 nextFramePts: 5.255 -> diff: 0.020 render: 1 forceNext: 0
2025-08-23 16:54:39.323 T:4073 debug : CAMLCodec::ReleaseFrame idx:126, drop:0
2025-08-23 16:54:39.323 T:4252 debug : CAMLCodec::AddData: skip add data dl:15623574 fl:98922 sz:285087(285184) lv:101.1% dts:7.466 pts:7.591
2025-08-23 16:54:39.327 T:4252 debug : CAMLCodec::AddData: dl:15641046 fl:81450 sz:285087(285184) lv:99.4% dts:7.466 pts:7.591
2025-08-23 16:54:39.329 T:4250 debug : CVideoPlayer::ProcessVideoData size:443870 dts:13.388 pts:13.388 dur:41.000ms, clock:5.128 level:73
2025-08-23 16:54:39.329 T:4252 debug : CAMLCodec::AddData: skip add data dl:15640949 fl:81547 sz:261807(261888) lv:101.1% dts:7.507 pts:7.549
2025-08-23 16:54:39.343 T:4253 info : Skipped 7 duplicate messages..
2025-08-23 16:54:39.343 T:4253 debug : CVideoPlayerAudio::OutputPacket: pts:5.944 curr_pts:5.118 clock:5.143 level:95
2025-08-23 16:54:39.347 T:4252 debug : CAMLCodec::AddData: skip add data dl:15640949 fl:81547 sz:261807(261888) lv:101.1% dts:7.507 pts:7.549
2025-08-23 16:54:39.357 T:4073 info : Skipped 5 duplicate messages..
2025-08-23 16:54:39.356 T:4073 debug : CAMLCodec::PollFrame elapsed:33.642ms
2025-08-23 16:54:39.357 T:4252 debug : CAMLCodec::AddData: skip add data dl:15640949 fl:81547 sz:261807(261888) lv:101.1% dts:7.507 pts:7.549
2025-08-23 16:54:39.358 T:4252 debug : CAMLCodec::DequeueBuffer: pts:5.464 idx:131
2025-08-23 16:54:39.359 T:4252 debug : CAMLCodec::GetPicture: index: 131, pts: 5.464, dur:42.000ms ar:1.78 elf:41ms
2025-08-23 16:54:39.359 T:4252 debug : CVideoPlayerVideo::OutputPicture - ttd:306ms pts:5.464 Clock:5.158 Level:4
2025-08-23 16:54:39.361 T:4252 debug : CAMLCodec::AddData: skip add data dl:15612469 fl:110027 sz:261807(261888) lv:100.9% dts:7.507 pts:7.549
2025-08-23 16:54:39.361 T:4073 debug : PrepareNextRender: frameOnScreen: 5.161 renderPts: 5.314 nextFramePts: 5.297 -> diff: 0.017 render: 1 forceNext: 0
2025-08-23 16:54:39.362 T:4073 debug : CAMLCodec::ReleaseFrame idx:127, drop:0
2025-08-23 16:54:39.363 T:4252 debug : CAMLCodec::AddData: skip add data dl:15612469 fl:110027 sz:261807(261888) lv:100.9% dts:7.507 pts:7.549
2025-08-23 16:54:39.370 T:4252 info : Skipped 2 duplicate messages..
2025-08-23 16:54:39.370 T:4252 debug : CAMLCodec::AddData: dl:15606453 fl:116043 sz:261807(261888) lv:99.2% dts:7.507 pts:7.549
2025-08-23 16:54:39.371 T:4252 debug : CAMLCodec::AddData: skip add data dl:15606372 fl:116124 sz:262536(262656) lv:100.9% dts:7.549 pts:7.633
2025-08-23 16:54:39.398 T:4073 info : Skipped 16 duplicate messages..
2025-08-23 16:54:39.398 T:4073 debug : CAMLCodec::PollFrame elapsed:36.549ms
2025-08-23 16:54:39.399 T:4252 debug : CAMLCodec::AddData: skip add data dl:15606372 fl:116124 sz:262536(262656) lv:100.9% dts:7.549 pts:7.633
2025-08-23 16:54:39.400 T:4252 debug : CAMLCodec::DequeueBuffer: pts:5.505 idx:132
2025-08-23 16:54:39.400 T:4252 debug : CAMLCodec::GetPicture: index: 132, pts: 5.505, dur:41.000ms ar:1.78 elf:41ms
2025-08-23 16:54:39.400 T:4252 debug : CVideoPlayerVideo::OutputPicture - ttd:305ms pts:5.505 Clock:5.200 Level:4
2025-08-23 16:54:39.402 T:4252 debug : CAMLCodec::AddData: skip add data dl:15600100 fl:122396 sz:262536(262656) lv:100.9% dts:7.549 pts:7.633
2025-08-23 16:54:39.404 T:4073 info : Skipped 1 duplicate messages..
2025-08-23 16:54:39.404 T:4073 debug : PrepareNextRender: frameOnScreen: 5.204 renderPts: 5.357 nextFramePts: 5.339 -> diff: 0.018 render: 1 forceNext: 0
2025-08-23 16:54:39.405 T:4073 debug : CAMLCodec::ReleaseFrame idx:128, drop:0
