2025-08-23 16:54:56.650 T:4252 debug : CAMLCodec::GetPicture: index: 546, pts: 22.773, dur:42.000ms ar:1.78 elf:42ms
2025-08-23 16:54:56.650 T:4252 debug : CVideoPlayerVideo::OutputPicture - ttd:346ms pts:22.773 Clock:22.426 Level:5
2025-08-23 16:54:56.653 T:4073 debug : PrepareNextRender: frameOnScreen: 22.429 renderPts: 22.581 nextFramePts: 22.564 -> diff: 0.017 render: 1 forceNext: 0
2025-08-23 16:54:56.653 T:4073 debug : CAMLCodec::ReleaseFrame idx:541, drop:0
2025-08-23 16:54:56.654 T:4252 debug : CAMLCodec::AddData: skip add data dl:15449272 fl:273224 sz:469172(469248) lv:101.2% dts:24.149 pts:24.274
2025-08-23 16:54:56.661 T:4252 info : Skipped 1 duplicate messages..
2025-08-23 16:54:56.661 T:4252 debug : CAMLCodec::AddData: dl:15474104 fl:248392 sz:469172(469248) lv:98.4% dts:24.149 pts:24.274
2025-08-23 16:54:56.662 T:4252 debug : CAMLCodec::AddData: skip add data dl:15466960 fl:255304 sz:425011(425088) lv:101.0% dts:24.191 pts:24.233
2025-08-23 16:54:56.663 T:4252 debug : CAMLCodec::AddData: skip add data dl:15474028 fl:248468 sz:425011(425088) lv:101.1% dts:24.191 pts:24.233
2025-08-23 16:54:56.667 T:4253 info : Skipped 2 duplicate messages..
2025-08-23 16:54:56.667 T:4253 debug : CVideoPlayerAudio::OutputPacket: pts:23.219 curr_pts:22.418 clock:22.443 level:100
2025-08-23 16:54:56.668 T:4252 debug : CAMLCodec::AddData: skip add data dl:15474028 fl:248468 sz:425011(425088) lv:101.1% dts:24.191 pts:24.233
2025-08-23 16:54:56.689 T:4073 info : Skipped 10 duplicate messages..
2025-08-23 16:54:56.689 T:4073 debug : CAMLCodec::PollFrame elapsed:35.599ms
2025-08-23 16:54:56.689 T:4252 debug : CAMLCodec::AddData: skip add data dl:15474028 fl:248468 sz:425011(425088) lv:101.1% dts:24.191 pts:24.233
2025-08-23 16:54:56.690 T:4252 debug : CAMLCodec::DequeueBuffer: pts:22.814 idx:547
2025-08-23 16:54:56.691 T:4252 debug : CAMLCodec::GetPicture: index: 547, pts: 22.814, dur:41.000ms ar:1.78 elf:39ms
2025-08-23 16:54:56.691 T:4252 debug : CVideoPlayerVideo::OutputPicture - ttd:347ms pts:22.814 Clock:22.467 Level:5
2025-08-23 16:54:56.694 T:4252 debug : CAMLCodec::AddData: skip add data dl:15431212 fl:291284 sz:425011(425088) lv:100.8% dts:24.191 pts:24.233
2025-08-23 16:54:56.698 T:4250 info : Skipped 1 duplicate messages..
2025-08-23 16:54:56.698 T:4250 debug : CVideoPlayer::ProcessVideoData size:351747 dts:31.531 pts:31.615 dur:41.000ms, clock:22.474 level:100
2025-08-23 16:54:56.699 T:4073 debug : PrepareNextRender: frameOnScreen: 22.475 renderPts: 22.627 nextFramePts: 22.606 -> diff: 0.021 render: 1 forceNext: 0
2025-08-23 16:54:56.699 T:4073 debug : CAMLCodec::ReleaseFrame idx:542, drop:0
2025-08-23 16:54:56.701 T:4252 debug : CAMLCodec::AddData: dl:15487340 fl:235156 sz:425011(425088) lv:98.5% dts:24.191 pts:24.233
2025-08-23 16:54:56.702 T:4252 debug : CAMLCodec::AddData: skip add data dl:15487263 fl:235233 sz:415852(415936) lv:101.1% dts:24.233 pts:24.316
2025-08-23 16:54:56.731 T:4073 info : Skipped 14 duplicate messages..
2025-08-23 16:54:56.731 T:4073 debug : CAMLCodec::PollFrame elapsed:31.340ms
2025-08-23 16:54:56.731 T:4252 debug : CAMLCodec::AddData: skip add data dl:15487263 fl:235233 sz:415852(415936) lv:101.1% dts:24.233 pts:24.316
2025-08-23 16:54:56.732 T:4252 debug : CAMLCodec::DequeueBuffer: pts:22.856 idx:548
2025-08-23 16:54:56.732 T:4252 debug : CAMLCodec::GetPicture: index: 548, pts: 22.856, dur:42.000ms ar:1.78 elf:41ms
2025-08-23 16:54:56.732 T:4252 debug : CVideoPlayerVideo::OutputPicture - ttd:347ms pts:22.856 Clock:22.508 Level:5
2025-08-23 16:54:56.735 T:4252 debug : CAMLCodec::AddData: skip add data dl:15472159 fl:250337 sz:415852(415936) lv:101.0% dts:24.233 pts:24.316
2025-08-23 16:54:56.737 T:4073 debug : PrepareNextRender: frameOnScreen: 22.513 renderPts: 22.665 nextFramePts: 22.648 -> diff: 0.017 render: 1 forceNext: 0
2025-08-23 16:54:56.737 T:4073 debug : CAMLCodec::ReleaseFrame idx:543, drop:0
2025-08-23 16:54:56.738 T:4252 debug : CAMLCodec::AddData: skip add data dl:15472159 fl:250337 sz:415852(415936) lv:101.0% dts:24.233 pts:24.316
2025-08-23 16:54:56.743 T:4252 debug : CAMLCodec::AddData: dl:15518431 fl:204065 sz:415852(415936) lv:98.7% dts:24.233 pts:24.316
2025-08-23 16:54:56.746 T:4252 debug : CAMLCodec::AddData: dl:15710795 fl:11701 sz:192377(192448) lv:99.9% dts:24.274 pts:24.650
2025-08-23 16:54:56.746 T:4252 debug : CAMLCodec::AddData: skip add data dl:15710724 fl:11772 sz:200396(200512) lv:101.2% dts:24.316 pts:24.524
2025-08-23 16:54:56.750 T:4250 info : Skipped 1 duplicate messages..
2025-08-23 16:54:56.750 T:4250 debug : CVideoPlayer::ProcessVideoData size:311632 dts:31.573 pts:31.573 dur:41.000ms, clock:22.525 level:91
2025-08-23 16:54:56.750 T:4250 debug : CVideoPlayer::ProcessVideoData size:326914 dts:31.615 pts:31.657 dur:41.000ms, clock:22.526 level:91
2025-08-23 16:54:56.752 T:4252 debug : CAMLCodec::AddData: skip add data dl:15710724 fl:11772 sz:200396(200512) lv:101.2% dts:24.316 pts:24.524
2025-08-23 16:54:56.767 T:4253 info : Skipped 8 duplicate messages..
2025-08-23 16:54:56.767 T:4253 debug : CVideoPlayerAudio::OutputPacket: pts:23.312 curr_pts:22.517 clock:22.543 level:100
2025-08-23 16:54:56.768 T:4252 debug : CAMLCodec::AddData: skip add data dl:15710724 fl:11772 sz:200396(200512) lv:101.2% dts:24.316 pts:24.524
2025-08-23 16:54:56.772 T:4073 info : Skipped 1 duplicate messages..
2025-08-23 16:54:56.772 T:4073 debug : CAMLCodec::PollFrame elapsed:35.260ms
2025-08-23 16:54:56.773 T:4250 debug : CVideoPlayer::ProcessVideoData size:358209 dts:31.657 pts:31.782 dur:41.000ms, clock:22.549 level:91
2025-08-23 16:54:56.773 T:4252 debug : CAMLCodec::AddData: skip add data dl:15710724 fl:11772 sz:200396(200512) lv:101.2% dts:24.316 pts:24.524
2025-08-23 16:54:56.775 T:4252 debug : CAMLCodec::DequeueBuffer: pts:22.898 idx:549
2025-08-23 16:54:56.775 T:4252 debug : CAMLCodec::GetPicture: index: 549, pts: 22.898, dur:42.000ms ar:1.78 elf:42ms
2025-08-23 16:54:56.775 T:4252 debug : CVideoPlayerVideo::OutputPicture - ttd:347ms pts:22.898 Clock:22.551 Level:5
2025-08-23 16:54:56.777 T:4252 debug : CAMLCodec::AddData: skip add data dl:15694340 fl:28156 sz:200396(200512) lv:101.1% dts:24.316 pts:24.524
2025-08-23 16:54:56.780 T:4073 info : Skipped 1 duplicate messages..
2025-08-23 16:54:56.780 T:4073 debug : PrepareNextRender: frameOnScreen: 22.556 renderPts: 22.708 nextFramePts: 22.689 -> diff: 0.019 render: 1 forceNext: 0
2025-08-23 16:54:56.780 T:4073 debug : CAMLCodec::ReleaseFrame idx:544, drop:0
2025-08-23 16:54:56.782 T:4252 debug : CAMLCodec::AddData: skip add data dl:15694340 fl:28156 sz:200396(200512) lv:101.1% dts:24.316 pts:24.524
2025-08-23 16:54:56.788 T:4252 info : Skipped 1 duplicate messages..
2025-08-23 16:54:56.788 T:4252 debug : CAMLCodec::AddData: dl:15381252 fl:341244 sz:200396(200512) lv:97.8% dts:24.316 pts:24.524
2025-08-23 16:54:56.791 T:4252 debug : CAMLCodec::AddData: dl:15699088 fl:23408 sz:317881(317952) lv:99.8% dts:24.358 pts:24.441
2025-08-23 16:54:56.792 T:4252 debug : CAMLCodec::AddData: skip add data dl:15699017 fl:23479 sz:356823(356928) lv:102.1% dts:24.399 pts:24.399
2025-08-23 16:54:56.795 T:4250 info : Skipped 1 duplicate messages..
2025-08-23 16:54:56.794 T:4250 debug : CVideoPlayer::ProcessVideoData size:326478 dts:31.698 pts:31.740 dur:41.000ms, clock:22.570 level:91
2025-08-23 16:54:56.797 T:4252 debug : CAMLCodec::AddData: skip add data dl:15699017 fl:23479 sz:356823(356928) lv:102.1% dts:24.399 pts:24.399
2025-08-23 16:54:56.814 T:4073 info : Skipped 8 duplicate messages..
2025-08-23 16:54:56.814 T:4073 debug : CAMLCodec::PollFrame elapsed:34.059ms
2025-08-23 16:54:56.815 T:4252 debug : CAMLCodec::AddData: skip add data dl:15699017 fl:23479 sz:356823(356928) lv:102.1% dts:24.399 pts:24.399
2025-08-23 16:54:56.816 T:4252 debug : CAMLCodec::DequeueBuffer: pts:22.940 idx:550
2025-08-23 16:54:56.816 T:4252 debug : CAMLCodec::GetPicture: index: 550, pts: 22.940, dur:42.000ms ar:1.78 elf:41ms
2025-08-23 16:54:56.816 T:4252 debug : CVideoPlayerVideo::OutputPicture - ttd:347ms pts:22.940 Clock:22.592 Level:5
2025-08-23 16:54:56.818 T:4252 debug : CAMLCodec::AddData: skip add data dl:15539529 fl:182967 sz:356823(356928) lv:101.1% dts:24.399 pts:24.399
2025-08-23 16:54:56.821 T:4073 debug : PrepareNextRender: frameOnScreen: 22.596 renderPts: 22.748 nextFramePts: 22.731 -> diff: 0.017 render: 1 forceNext: 0
2025-08-23 16:54:56.821 T:4073 debug : CAMLCodec::ReleaseFrame idx:545, drop:0
2025-08-23 16:54:56.822 T:4252 debug : CAMLCodec::AddData: skip add data dl:15539529 fl:182967 sz:356823(356928) lv:101.1% dts:24.399 pts:24.399
2025-08-23 16:54:56.831 T:4252 info : Skipped 2 duplicate messages..
2025-08-23 16:54:56.831 T:4252 debug : CAMLCodec::AddData: dl:15380681 fl:341815 sz:356823(356928) lv:97.8% dts:24.399 pts:24.399
2025-08-23 16:54:56.834 T:4252 debug : CAMLCodec::AddData: dl:15624928 fl:97568 sz:244258(244352) lv:99.3% dts:24.441 pts:24.483
2025-08-23 16:54:56.834 T:4252 debug : CAMLCodec::AddData: dl:15648258 fl:74238 sz:23331(23424) lv:99.5% dts:24.483 pts:24.608
2025-08-23 16:54:56.835 T:4252 debug : CAMLCodec::AddData: dl:15678437 fl:44059 sz:30159(30272) lv:99.7% dts:24.524 pts:24.566
2025-08-23 16:54:56.835 T:4252 debug : CAMLCodec::AddData: dl:15682420 fl:40076 sz:3174(4096) lv:99.7% dts:24.566 pts:24.691
2025-08-23 16:54:56.836 T:4250 debug : CVideoPlayer::ProcessVideoData size:328598 dts:31.740 pts:31.823 dur:41.000ms, clock:22.612 level:89
2025-08-23 16:54:56.837 T:4250 debug : CVideoPlayer::ProcessAudioData size:6476 dts:31.951 pts:31.951 dur:92.000ms, clock:22.612 drop:0 level:100
2025-08-23 16:54:56.837 T:4250 debug : CVideoPlayer::ProcessAudioData size:6759 dts:32.043 pts:32.043 dur:92.000ms, clock:22.612 drop:0 level:100
2025-08-23 16:54:56.837 T:4250 debug : CVideoPlayer::ProcessAudioData size:10449 dts:32.136 pts:32.136 dur:92.000ms, clock:22.613 drop:0 level:100
2025-08-23 16:54:56.837 T:4252 debug : CAMLCodec::AddData: dl:15685594 fl:36902 sz:543(4096) lv:99.7% dts:24.608 pts:25.025
2025-08-23 16:54:56.837 T:4252 debug : CAMLCodec::AddData: dl:15686137 fl:36359 sz:559(4096) lv:99.7% dts:24.650 pts:24.858
2025-08-23 16:54:56.837 T:4252 debug : CAMLCodec::AddData: dl:15686137 fl:36359 sz:561(4096) lv:99.7% dts:24.691 pts:24.775
2025-08-23 16:54:56.838 T:4252 debug : CAMLCodec::AddData: dl:15687257 fl:35239 sz:561(4096) lv:99.7% dts:24.733 pts:24.733
2025-08-23 16:54:56.838 T:4252 debug : CAMLCodec::AddData: dl:15687818 fl:34678 sz:561(4096) lv:99.7% dts:24.775 pts:24.816
2025-08-23 16:54:56.838 T:4252 debug : CAMLCodec::AddData: dl:15688379 fl:34117 sz:561(4096) lv:99.7% dts:24.816 pts:24.942
2025-08-23 16:54:56.838 T:4252 debug : CAMLCodec::AddData: dl:15688940 fl:33556 sz:561(4096) lv:99.7% dts:24.858 pts:24.900
2025-08-23 16:54:56.839 T:4252 debug : CAMLCodec::AddData: dl:15689501 fl:32995 sz:561(4096) lv:99.8% dts:24.900 pts:24.983
2025-08-23 16:54:56.839 T:4252 debug : CAMLCodec::AddData: dl:15690062 fl:32434 sz:549(4096) lv:99.8% dts:24.942 pts:25.359
2025-08-23 16:54:56.840 T:4252 debug : CAMLCodec::AddData: dl:15690611 fl:31885 sz:563(4096) lv:99.8% dts:24.983 pts:25.192
2025-08-23 16:54:56.840 T:4250 debug : CVideoPlayer::ProcessVideoData size:549091 dts:31.782 pts:32.199 dur:41.000ms, clock:22.615 level:84
2025-08-23 16:54:56.840 T:4252 debug : CAMLCodec::AddData: dl:15691174 fl:31322 sz:563(4096) lv:99.8% dts:25.025 pts:25.108
2025-08-23 16:54:56.840 T:4252 debug : CAMLCodec::AddData: dl:15691737 fl:30759 sz:563(4096) lv:99.8% dts:25.067 pts:25.067
2025-08-23 16:54:56.840 T:4252 debug : CAMLCodec::AddData: dl:15692300 fl:30196 sz:563(4096) lv:99.8% dts:25.108 pts:25.150
2025-08-23 16:54:56.840 T:4252 debug : CAMLCodec::AddData: dl:15692863 fl:29633 sz:563(4096) lv:99.8% dts:25.150 pts:25.275
2025-08-23 16:54:56.840 T:4252 debug : CAMLCodec::AddData: dl:15693426 fl:29070 sz:563(4096) lv:99.8% dts:25.192 pts:25.234
2025-08-23 16:54:56.840 T:4252 debug : CAMLCodec::AddData: dl:15693989 fl:28507 sz:562(4096) lv:99.8% dts:25.234 pts:25.317
2025-08-23 16:54:56.841 T:4252 debug : CAMLCodec::AddData: dl:15694551 fl:27945 sz:549(4096) lv:99.8% dts:25.275 pts:25.651
2025-08-23 16:54:56.841 T:4252 debug : CAMLCodec::AddData: dl:15695100 fl:27396 sz:565(4096) lv:99.8% dts:25.317 pts:25.525
2025-08-23 16:54:56.841 T:4252 debug : CAMLCodec::AddData: dl:15695665 fl:26831 sz:563(4096) lv:99.8% dts:25.359 pts:25.442
2025-08-23 16:54:56.841 T:4252 debug : CAMLCodec::AddData: dl:15696228 fl:26268 sz:563(4096) lv:99.8% dts:25.400 pts:25.400
2025-08-23 16:54:56.841 T:4252 debug : CAMLCodec::AddData: dl:15696791 fl:25705 sz:563(4096) lv:99.8% dts:25.442 pts:25.484
2025-08-23 16:54:56.841 T:4252 debug : CAMLCodec::AddData: dl:15697354 fl:25142 sz:563(4096) lv:99.8% dts:25.484 pts:25.609
2025-08-23 16:54:56.841 T:4252 debug : CAMLCodec::AddData: dl:15697917 fl:24579 sz:563(4096) lv:99.8% dts:25.525 pts:25.567
2025-08-23 16:54:56.841 T:4252 debug : CAMLCodec::AddData: dl:15698480 fl:24016 sz:3174(4096) lv:99.8% dts:25.567 pts:25.692
2025-08-23 16:54:56.841 T:4252 debug : CAMLCodec::AddData: dl:15701654 fl:20842 sz:543(4096) lv:99.8% dts:25.609 pts:26.026
2025-08-23 16:54:56.842 T:4252 debug : CAMLCodec::AddData: dl:15702197 fl:20299 sz:559(4096) lv:99.8% dts:25.651 pts:25.859
2025-08-23 16:54:56.842 T:4252 debug : CAMLCodec::AddData: dl:15702756 fl:19740 sz:561(4096) lv:99.8% dts:25.692 pts:25.776
2025-08-23 16:54:56.842 T:4252 debug : CAMLCodec::AddData: dl:15703317 fl:19179 sz:561(4096) lv:99.8% dts:25.734 pts:25.734
2025-08-23 16:54:56.842 T:4252 debug : CAMLCodec::AddData: dl:15703878 fl:18618 sz:561(4096) lv:99.8% dts:25.776 pts:25.817
2025-08-23 16:54:56.842 T:4252 debug : CAMLCodec::AddData: dl:15704439 fl:18057 sz:561(4096) lv:99.8% dts:25.817 pts:25.943
2025-08-23 16:54:56.842 T:4252 debug : CAMLCodec::AddData: dl:15705000 fl:17496 sz:561(4096) lv:99.8% dts:25.859 pts:25.901
2025-08-23 16:54:56.842 T:4252 debug : CAMLCodec::AddData: dl:15705561 fl:16935 sz:561(4096) lv:99.9% dts:25.901 pts:25.984
2025-08-23 16:54:56.842 T:4252 debug : CAMLCodec::AddData: dl:15706122 fl:16374 sz:549(4096) lv:99.9% dts:25.943 pts:26.360
2025-08-23 16:54:56.842 T:4252 debug : CAMLCodec::AddData: dl:15706671 fl:15825 sz:563(4096) lv:99.9% dts:25.984 pts:26.193
2025-08-23 16:54:56.843 T:4252 debug : CAMLCodec::AddData: dl:15707234 fl:15262 sz:563(4096) lv:99.9% dts:26.026 pts:26.109
2025-08-23 16:54:56.843 T:4252 debug : CAMLCodec::AddData: dl:15707797 fl:14699 sz:563(4096) lv:99.9% dts:26.068 pts:26.068
2025-08-23 16:54:56.843 T:4252 debug : CAMLCodec::AddData: dl:15708360 fl:14136 sz:563(4096) lv:99.9% dts:26.109 pts:26.151
2025-08-23 16:54:56.843 T:4252 debug : CAMLCodec::AddData: dl:15708923 fl:13573 sz:563(4096) lv:99.9% dts:26.151 pts:26.276
2025-08-23 16:54:56.843 T:4252 debug : CAMLCodec::AddData: dl:15709486 fl:13010 sz:563(4096) lv:99.9% dts:26.193 pts:26.235
2025-08-23 16:54:56.843 T:4252 debug : CAMLCodec::AddData: dl:15710049 fl:12447 sz:562(4096) lv:99.9% dts:26.235 pts:26.318
2025-08-23 16:54:56.843 T:4252 debug : CAMLCodec::AddData: dl:15710611 fl:11885 sz:549(4096) lv:99.9% dts:26.276 pts:26.485
2025-08-23 16:54:56.844 T:4252 debug : CAMLCodec::AddData: dl:15711160 fl:11336 sz:563(4096) lv:99.9% dts:26.318 pts:26.443
2025-08-23 16:54:56.844 T:4252 debug : CAMLCodec::AddData: dl:15711723 fl:10773 sz:561(4096) lv:99.9% dts:26.360 pts:26.401
2025-08-23 16:54:56.844 T:4252 debug : CAMLCodec::AddData: dl:15712284 fl:10212 sz:3173(4096) lv:99.9% dts:26.401 pts:26.526
2025-08-23 16:54:56.844 T:4252 debug : CAMLCodec::AddData: dl:15715457 fl:7039 sz:558(4096) lv:99.9% dts:26.443 pts:26.860
2025-08-23 16:54:56.844 T:4252 debug : CAMLCodec::AddData: dl:15716015 fl:6481 sz:559(4096) lv:99.9% dts:26.485 pts:26.693
2025-08-23 16:54:56.844 T:4252 debug : CAMLCodec::AddData: dl:15716574 fl:5922 sz:561(4096) lv:99.9% dts:26.526 pts:26.610
2025-08-23 16:54:56.844 T:4252 debug : CAMLCodec::AddData: dl:15717135 fl:5361 sz:561(4096) lv:99.9% dts:26.568 pts:26.568
2025-08-23 16:54:56.844 T:4252 debug : CAMLCodec::AddData: dl:15717696 fl:4800 sz:561(4096) lv:99.9% dts:26.610 pts:26.652
2025-08-23 16:54:56.844 T:4252 debug : CAMLCodec::AddData: dl:15717696 fl:4800 sz:561(4096) lv:99.9% dts:26.652 pts:26.777
2025-08-23 16:54:56.845 T:4252 debug : CAMLCodec::AddData: dl:15718818 fl:3678 sz:561(4096) lv:99.9% dts:26.693 pts:26.735
2025-08-23 16:54:56.845 T:4252 debug : CAMLCodec::AddData: dl:15719379 fl:3117 sz:561(4096) lv:99.9% dts:26.735 pts:26.818
2025-08-23 16:54:56.845 T:4252 debug : CAMLCodec::AddData: skip add data dl:15715844 fl:6652 sz:25913(25984) lv:100.1% dts:26.777 pts:27.194
2025-08-23 16:54:56.856 T:4252 info : Skipped 8 duplicate messages..
2025-08-23 16:54:56.856 T:4252 debug : CAMLCodec::AddData: dl:15703684 fl:18812 sz:25913(25984) lv:99.8% dts:26.777 pts:27.194
2025-08-23 16:54:56.856 T:4073 debug : CAMLCodec::PollFrame elapsed:35.211ms
2025-08-23 16:54:56.856 T:4252 debug : CAMLCodec::AddData: dl:15690496 fl:31808 sz:658(4096) lv:99.8% dts:26.818 pts:27.027
2025-08-23 16:54:56.857 T:4252 debug : CAMLCodec::AddData: dl:15708367 fl:14129 sz:595(4096) lv:99.9% dts:26.860 pts:26.944
2025-08-23 16:54:56.857 T:4252 debug : CAMLCodec::DequeueBuffer: pts:22.981 idx:551
2025-08-23 16:54:56.857 T:4252 debug : CAMLCodec::GetPicture: index: 551, pts: 22.981, dur:41.000ms ar:1.78 elf:40ms
2025-08-23 16:54:56.857 T:4252 debug : CVideoPlayerVideo::OutputPicture - ttd:348ms pts:22.981 Clock:22.633 Level:5
2025-08-23 16:54:56.858 T:4252 debug : CAMLCodec::AddData: dl:15708962 fl:13534 sz:585(4096) lv:99.9% dts:26.902 pts:26.902
2025-08-23 16:54:56.859 T:4252 debug : CAMLCodec::AddData: dl:15709547 fl:12949 sz:633(4096) lv:99.9% dts:26.944 pts:26.985
2025-08-23 16:54:56.859 T:4252 debug : CAMLCodec::AddData: dl:15710180 fl:12316 sz:1583(4096) lv:99.9% dts:26.985 pts:27.110
2025-08-23 16:54:56.859 T:4252 debug : CAMLCodec::AddData: dl:15711763 fl:10733 sz:961(4096) lv:99.9% dts:27.027 pts:27.069
2025-08-23 16:54:56.859 T:4252 debug : CAMLCodec::AddData: dl:15716820 fl:5676 sz:4032(8192) lv:99.9% dts:27.069 pts:27.152
2025-08-23 16:54:56.861 T:4252 debug : CAMLCodec::AddData: skip add data dl:15712660 fl:9836 sz:246108(246208) lv:101.5% dts:27.110 pts:27.486
2025-08-23 16:54:56.863 T:4073 info : Skipped 1 duplicate messages..
2025-08-23 16:54:56.863 T:4073 debug : PrepareNextRender: frameOnScreen: 22.639 renderPts: 22.791 nextFramePts: 22.773 -> diff: 0.018 render: 1 forceNext: 0
2025-08-23 16:54:56.864 T:4073 debug : CAMLCodec::ReleaseFrame idx:546, drop:0
2025-08-23 16:54:56.865 T:4252 debug : CAMLCodec::AddData: skip add data dl:15712660 fl:9836 sz:246108(246208) lv:101.5% dts:27.110 pts:27.486
2025-08-23 16:54:56.868 T:4253 debug : CVideoPlayerAudio::OutputPacket: pts:23.406 curr_pts:22.618 clock:22.643 level:100
2025-08-23 16:54:56.870 T:4252 debug : CAMLCodec::AddData: dl:15516820 fl:205676 sz:246108(246208) lv:98.7% dts:27.110 pts:27.486
2025-08-23 16:54:56.872 T:4250 debug : CVideoPlayer::ProcessVideoData size:457777 dts:31.823 pts:32.032 dur:41.000ms, clock:22.648 level:58
2025-08-23 16:54:56.875 T:4252 debug : CAMLCodec::AddData: dl:15698544 fl:23952 sz:181754(181824) lv:99.8% dts:27.152 pts:27.361
2025-08-23 16:54:56.875 T:4252 debug : CAMLCodec::AddData: skip add data dl:15698474 fl:24022 sz:103063(103168) lv:100.5% dts:27.194 pts:27.277
2025-08-23 16:54:56.898 T:4073 info : Skipped 16 duplicate messages..
2025-08-23 16:54:56.898 T:4073 debug : CAMLCodec::PollFrame elapsed:33.699ms
2025-08-23 16:54:56.898 T:4252 debug : CAMLCodec::AddData: skip add data dl:15698474 fl:24022 sz:103063(103168) lv:100.5% dts:27.194 pts:27.277
2025-08-23 16:54:56.910 T:4073 info : Skipped 8 duplicate messages..
2025-08-23 16:54:56.910 T:4073 debug : PrepareNextRender: frameOnScreen: 22.686 renderPts: 22.838 nextFramePts: 22.814 -> diff: 0.024 render: 1 forceNext: 0
2025-08-23 16:54:56.910 T:4073 debug : CAMLCodec::ReleaseFrame idx:547, drop:0
2025-08-23 16:54:56.911 T:4252 debug : CAMLCodec::AddData: skip add data dl:15698474 fl:24022 sz:103063(103168) lv:100.5% dts:27.194 pts:27.277
2025-08-23 16:54:56.917 T:4253 info : Skipped 4 duplicate messages..
2025-08-23 16:54:56.917 T:4253 debug : CVideoPlayerAudio::OutputPacket: pts:23.498 curr_pts:22.668 clock:22.692 level:100
2025-08-23 16:54:56.917 T:4252 debug : CAMLCodec::AddData: skip add data dl:15698474 fl:24022 sz:103063(103168) lv:100.5% dts:27.194 pts:27.277
2025-08-23 16:54:56.939 T:4073 info : Skipped 17 duplicate messages..
2025-08-23 16:54:56.939 T:4073 debug : CAMLCodec::PollFrame elapsed:28.726ms
2025-08-23 16:54:56.940 T:4252 debug : CAMLCodec::DequeueBuffer: pts:23.023 idx:552
2025-08-23 16:54:56.940 T:4252 debug : CAMLCodec::GetPicture: index: 552, pts: 23.023, dur:42.000ms ar:1.78 elf:82ms
2025-08-23 16:54:56.940 T:4252 debug : CVideoPlayerVideo::OutputPicture - ttd:307ms pts:23.023 Clock:22.716 Level:4
2025-08-23 16:54:56.942 T:4252 debug : CAMLCodec::AddData: skip add data dl:15666346 fl:56150 sz:103063(103168) lv:100.3% dts:27.194 pts:27.277
2025-08-23 16:54:56.951 T:4252 info : Skipped 3 duplicate messages..
2025-08-23 16:54:56.951 T:4252 debug : CAMLCodec::AddData: dl:15399786 fl:322710 sz:103063(103168) lv:97.9% dts:27.194 pts:27.277
2025-08-23 16:54:56.953 T:4252 debug : CAMLCodec::AddData: dl:15453313 fl:269183 sz:53521(53632) lv:98.2% dts:27.236 pts:27.236
2025-08-23 16:54:56.954 T:4073 debug : PrepareNextRender: frameOnScreen: 22.729 renderPts: 22.882 nextFramePts: 22.856 -> diff: 0.026 render: 1 forceNext: 0
2025-08-23 16:54:56.954 T:4073 debug : CAMLCodec::ReleaseFrame idx:548, drop:0
2025-08-23 16:54:56.956 T:4252 debug : CAMLCodec::AddData: dl:15588690 fl:133806 sz:135423(135488) lv:99.1% dts:27.277 pts:27.319
2025-08-23 16:54:56.956 T:4252 debug : CAMLCodec::AddData: skip add data dl:15588625 fl:133871 sz:172907(172992) lv:100.2% dts:27.319 pts:27.444
2025-08-23 16:54:56.964 T:4250 info : Skipped 4 duplicate messages..
2025-08-23 16:54:56.964 T:4250 debug : CVideoPlayer::ProcessVideoData size:365899 dts:31.865 pts:31.949 dur:41.000ms, clock:22.740 level:56
2025-08-23 16:54:56.964 T:4252 debug : CAMLCodec::AddData: skip add data dl:15588625 fl:133871 sz:172907(172992) lv:100.2% dts:27.319 pts:27.444
2025-08-23 16:54:56.981 T:4073 info : Skipped 8 duplicate messages..
2025-08-23 16:54:56.981 T:4073 debug : CAMLCodec::PollFrame elapsed:26.970ms
2025-08-23 16:54:56.982 T:4252 debug : CAMLCodec::AddData: skip add data dl:15572817 fl:149679 sz:172907(172992) lv:100.1% dts:27.319 pts:27.444
2025-08-23 16:54:56.984 T:4252 debug : CAMLCodec::DequeueBuffer: pts:23.065 idx:553
2025-08-23 16:54:56.984 T:4252 debug : CAMLCodec::GetPicture: index: 553, pts: 23.065, dur:42.000ms ar:1.78 elf:43ms
2025-08-23 16:54:56.984 T:4252 debug : CVideoPlayerVideo::OutputPicture - ttd:305ms pts:23.065 Clock:22.760 Level:4
2025-08-23 16:54:56.986 T:4252 debug : CAMLCodec::AddData: skip add data dl:15572817 fl:149679 sz:172907(172992) lv:100.1% dts:27.319 pts:27.444
2025-08-23 16:54:56.995 T:4252 info : Skipped 2 duplicate messages..
2025-08-23 16:54:56.995 T:4252 debug : CAMLCodec::AddData: dl:15376401 fl:346095 sz:172907(172992) lv:97.8% dts:27.319 pts:27.444
2025-08-23 16:54:56.998 T:4073 debug : PrepareNextRender: frameOnScreen: 22.774 renderPts: 22.926 nextFramePts: 22.898 -> diff: 0.028 render: 1 forceNext: 0
2025-08-23 16:54:56.998 T:4073 debug : CAMLCodec::ReleaseFrame idx:549, drop:0
2025-08-23 16:54:56.999 T:4252 debug : CAMLCodec::AddData: dl:15533500 fl:188996 sz:157068(157184) lv:98.8% dts:27.361 pts:27.402
2025-08-23 16:54:57.000 T:4252 debug : CAMLCodec::AddData: skip add data dl:15533384 fl:189112 sz:435699(435776) lv:101.5% dts:27.402 pts:27.527
2025-08-23 16:54:57.016 T:4250 info : Skipped 8 duplicate messages..
2025-08-23 16:54:57.016 T:4250 debug : CVideoPlayer::ProcessVideoData size:334977 dts:31.907 pts:31.907 dur:41.000ms, clock:22.791 level:100
2025-08-23 16:54:57.018 T:4253 debug : CVideoPlayerAudio::OutputPacket: pts:23.591 curr_pts:22.768 clock:22.793 level:100
2025-08-23 16:54:57.018 T:4252 debug : CAMLCodec::AddData: skip add data dl:15533384 fl:189112 sz:435699(435776) lv:101.5% dts:27.402 pts:27.527
2025-08-23 16:54:57.023 T:4073 info : Skipped 1 duplicate messages..
2025-08-23 16:54:57.023 T:4073 debug : CAMLCodec::PollFrame elapsed:24.445ms
2025-08-23 16:54:57.023 T:4252 debug : CAMLCodec::AddData: skip add data dl:15533384 fl:189112 sz:435699(435776) lv:101.5% dts:27.402 pts:27.527
2025-08-23 16:54:57.025 T:4252 debug : CAMLCodec::DequeueBuffer: pts:23.106 idx:554
2025-08-23 16:54:57.025 T:4252 debug : CAMLCodec::GetPicture: index: 554, pts: 23.106, dur:41.000ms ar:1.78 elf:41ms
2025-08-23 16:54:57.025 T:4252 debug : CVideoPlayerVideo::OutputPicture - ttd:305ms pts:23.106 Clock:22.801 Level:4
2025-08-23 16:54:57.028 T:4252 debug : CAMLCodec::AddData: skip add data dl:15519240 fl:203256 sz:435699(435776) lv:101.4% dts:27.402 pts:27.527
2025-08-23 16:54:57.041 T:4252 info : Skipped 2 duplicate messages..
2025-08-23 16:54:57.041 T:4252 debug : CAMLCodec::AddData: dl:15519880 fl:202616 sz:435699(435776) lv:98.7% dts:27.402 pts:27.527
2025-08-23 16:54:57.042 T:4073 debug : PrepareNextRender: frameOnScreen: 22.817 renderPts: 22.969 nextFramePts: 22.940 -> diff: 0.029 render: 1 forceNext: 0
2025-08-23 16:54:57.042 T:4073 debug : CAMLCodec::ReleaseFrame idx:550, drop:0
2025-08-23 16:54:57.042 T:4252 debug : CAMLCodec::AddData: skip add data dl:15519803 fl:202693 sz:530264(530368) lv:102.0% dts:27.444 pts:27.861
2025-08-23 16:54:57.065 T:4073 info : Skipped 10 duplicate messages..
2025-08-23 16:54:57.065 T:4073 debug : CAMLCodec::PollFrame elapsed:22.367ms
2025-08-23 16:54:57.066 T:4252 debug : CAMLCodec::AddData: skip add data dl:15483067 fl:239429 sz:530264(530368) lv:101.8% dts:27.444 pts:27.861
2025-08-23 16:54:57.067 T:4252 debug : CAMLCodec::DequeueBuffer: pts:23.148 idx:555
2025-08-23 16:54:57.068 T:4252 debug : CAMLCodec::GetPicture: index: 555, pts: 23.148, dur:42.000ms ar:1.78 elf:41ms
2025-08-23 16:54:57.068 T:4252 debug : CVideoPlayerVideo::OutputPicture - ttd:304ms pts:23.148 Clock:22.843 Level:4
2025-08-23 16:54:57.071 T:4073 debug : PrepareNextRender: frameOnScreen: 22.846 renderPts: 22.998 nextFramePts: 22.981 -> diff: 0.017 render: 1 forceNext: 0
2025-08-23 16:54:57.071 T:4073 debug : CAMLCodec::ReleaseFrame idx:551, drop:0
2025-08-23 16:54:57.071 T:4252 debug : CAMLCodec::AddData: skip add data dl:15483067 fl:239429 sz:530264(530368) lv:101.8% dts:27.444 pts:27.861
2025-08-23 16:54:57.078 T:4250 info : Skipped 1 duplicate messages..
2025-08-23 16:54:57.078 T:4250 debug : CVideoPlayer::ProcessVideoData size:342103 dts:31.949 pts:31.990 dur:41.000ms, clock:22.853 level:56
2025-08-23 16:54:57.078 T:4250 debug : CVideoPlayer::ProcessVideoData size:376334 dts:31.990 pts:32.115 dur:41.000ms, clock:22.854 level:56
2025-08-23 16:54:57.079 T:4252 debug : CAMLCodec::AddData: dl:15588091 fl:134405 sz:530264(530368) lv:99.1% dts:27.444 pts:27.861
2025-08-23 16:54:57.080 T:4252 debug : CAMLCodec::AddData: skip add data dl:15431224 fl:291016 sz:307227(307328) lv:100.1% dts:27.486 pts:27.694
2025-08-23 16:54:57.081 T:4252 debug : CAMLCodec::AddData: skip add data dl:15587987 fl:134509 sz:307227(307328) lv:101.1% dts:27.486 pts:27.694
2025-08-23 16:54:57.100 T:4250 info : Skipped 8 duplicate messages..
2025-08-23 16:54:57.100 T:4250 debug : CVideoPlayer::ProcessVideoData size:347198 dts:32.032 pts:32.074 dur:41.000ms, clock:22.875 level:100
2025-08-23 16:54:57.103 T:4252 debug : CAMLCodec::AddData: skip add data dl:15587987 fl:134509 sz:307227(307328) lv:101.1% dts:27.486 pts:27.694
2025-08-23 16:54:57.106 T:4073 info : Skipped 2 duplicate messages..
2025-08-23 16:54:57.106 T:4073 debug : CAMLCodec::PollFrame elapsed:35.367ms
2025-08-23 16:54:57.107 T:4252 debug : CAMLCodec::AddData: skip add data dl:15578771 fl:143725 sz:307227(307328) lv:101.0% dts:27.486 pts:27.694
2025-08-23 16:54:57.109 T:4252 debug : CAMLCodec::DequeueBuffer: pts:23.190 idx:556
2025-08-23 16:54:57.109 T:4252 debug : CAMLCodec::GetPicture: index: 556, pts: 23.190, dur:42.000ms ar:1.78 elf:41ms
2025-08-23 16:54:57.109 T:4252 debug : CVideoPlayerVideo::OutputPicture - ttd:305ms pts:23.190 Clock:22.884 Level:4
2025-08-23 16:54:57.112 T:4252 debug : CAMLCodec::AddData: skip add data dl:15578771 fl:143725 sz:307227(307328) lv:101.0% dts:27.486 pts:27.694
2025-08-23 16:54:57.117 T:4073 info : Skipped 2 duplicate messages..
2025-08-23 16:54:57.117 T:4073 debug : PrepareNextRender: frameOnScreen: 22.893 renderPts: 23.045 nextFramePts: 23.023 -> diff: 0.022 render: 1 forceNext: 0
2025-08-23 16:54:57.117 T:4073 debug : CAMLCodec::ReleaseFrame idx:552, drop:0
2025-08-23 16:54:57.120 T:4253 debug : CVideoPlayerAudio::OutputPacket: pts:23.684 curr_pts:22.869 clock:22.895 level:100
2025-08-23 16:54:57.121 T:4252 debug : CAMLCodec::AddData: dl:15466707 fl:255789 sz:307227(307328) lv:98.3% dts:27.486 pts:27.694
2025-08-23 16:54:57.124 T:4252 debug : CAMLCodec::AddData: dl:15705966 fl:16530 sz:239241(239360) lv:99.9% dts:27.527 pts:27.611
2025-08-23 16:54:57.124 T:4252 debug : CAMLCodec::AddData: skip add data dl:15705847 fl:16649 sz:197515(197632) lv:101.1% dts:27.569 pts:27.569
2025-08-23 16:54:57.132 T:4250 info : Skipped 3 duplicate messages..
2025-08-23 16:54:57.132 T:4250 debug : CVideoPlayer::ProcessVideoData size:337502 dts:32.074 pts:32.157 dur:41.000ms, clock:22.907 level:56
2025-08-23 16:54:57.132 T:4252 debug : CAMLCodec::AddData: skip add data dl:15705847 fl:16649 sz:197515(197632) lv:101.1% dts:27.569 pts:27.569
2025-08-23 16:54:57.148 T:4073 info : Skipped 9 duplicate messages..
2025-08-23 16:54:57.148 T:4073 debug : CAMLCodec::PollFrame elapsed:30.722ms
2025-08-23 16:54:57.149 T:4252 debug : CAMLCodec::AddData: skip add data dl:15705847 fl:16649 sz:197515(197632) lv:101.1% dts:27.569 pts:27.569
2025-08-23 16:54:57.150 T:4252 debug : CAMLCodec::DequeueBuffer: pts:23.232 idx:557
2025-08-23 16:54:57.150 T:4252 debug : CAMLCodec::GetPicture: index: 557, pts: 23.232, dur:42.000ms ar:1.78 elf:41ms
2025-08-23 16:54:57.150 T:4252 debug : CVideoPlayerVideo::OutputPicture - ttd:306ms pts:23.232 Clock:22.926 Level:4
2025-08-23 16:54:57.152 T:4252 debug : CAMLCodec::AddData: skip add data dl:15695799 fl:26697 sz:197515(197632) lv:101.0% dts:27.569 pts:27.569
2025-08-23 16:54:57.154 T:4073 debug : PrepareNextRender: frameOnScreen: 22.929 renderPts: 23.082 nextFramePts: 23.065 -> diff: 0.017 render: 1 forceNext: 0
2025-08-23 16:54:57.154 T:4252 debug : CAMLCodec::AddData: skip add data dl:15695799 fl:26697 sz:197515(197632) lv:101.0% dts:27.569 pts:27.569
2025-08-23 16:54:57.154 T:4073 debug : CAMLCodec::ReleaseFrame idx:553, drop:0
2025-08-23 16:54:57.156 T:4252 debug : CAMLCodec::AddData: skip add data dl:15695799 fl:26697 sz:197515(197632) lv:101.0% dts:27.569 pts:27.569
2025-08-23 16:54:57.163 T:4252 info : Skipped 2 duplicate messages..
2025-08-23 16:54:57.163 T:4252 debug : CAMLCodec::AddData: dl:15399287 fl:323209 sz:197515(197632) lv:97.9% dts:27.569 pts:27.569
2025-08-23 16:54:57.167 T:4252 debug : CAMLCodec::AddData: dl:15618690 fl:103806 sz:219407(219520) lv:99.3% dts:27.611 pts:27.653
2025-08-23 16:54:57.167 T:4252 debug : CAMLCodec::AddData: skip add data dl:15618577 fl:103919 sz:280703(280768) lv:101.1% dts:27.653 pts:27.778
2025-08-23 16:54:57.173 T:4250 info : Skipped 2 duplicate messages..
2025-08-23 16:54:57.173 T:4250 debug : CVideoPlayer::ProcessAudioData size:8872 dts:32.229 pts:32.229 dur:92.000ms, clock:22.948 drop:0 level:100
2025-08-23 16:54:57.173 T:4250 debug : CVideoPlayer::ProcessAudioData size:7549 dts:32.321 pts:32.321 dur:92.000ms, clock:22.948 drop:0 level:100
2025-08-23 16:54:57.173 T:4250 debug : CVideoPlayer::ProcessAudioData size:6950 dts:32.414 pts:32.414 dur:92.000ms, clock:22.948 drop:0 level:100
2025-08-23 16:54:57.175 T:4250 debug : CVideoPlayer::ProcessVideoData size:514487 dts:32.115 pts:32.491 dur:41.000ms, clock:22.950 level:55
2025-08-23 16:54:57.176 T:4252 debug : CAMLCodec::AddData: skip add data dl:15618577 fl:103919 sz:280703(280768) lv:101.1% dts:27.653 pts:27.778
2025-08-23 16:54:57.190 T:4073 info : Skipped 8 duplicate messages..
2025-08-23 16:54:57.190 T:4073 debug : CAMLCodec::PollFrame elapsed:35.638ms
2025-08-23 16:54:57.191 T:4252 debug : CAMLCodec::AddData: skip add data dl:15525265 fl:197231 sz:280703(280768) lv:100.5% dts:27.653 pts:27.778
2025-08-23 16:54:57.193 T:4252 debug : CAMLCodec::DequeueBuffer: pts:23.273 idx:558
2025-08-23 16:54:57.193 T:4252 debug : CAMLCodec::GetPicture: index: 558, pts: 23.273, dur:41.000ms ar:1.78 elf:42ms
2025-08-23 16:54:57.193 T:4252 debug : CVideoPlayerVideo::OutputPicture - ttd:304ms pts:23.273 Clock:22.968 Level:4
2025-08-23 16:54:57.195 T:4252 debug : CAMLCodec::AddData: skip add data dl:15525265 fl:197231 sz:280703(280768) lv:100.5% dts:27.653 pts:27.778
2025-08-23 16:54:57.201 T:4073 info : Skipped 2 duplicate messages..
2025-08-23 16:54:57.201 T:4073 debug : PrepareNextRender: frameOnScreen: 22.976 renderPts: 23.128 nextFramePts: 23.106 -> diff: 0.022 render: 1 forceNext: 0
2025-08-23 16:54:57.201 T:4073 debug : CAMLCodec::ReleaseFrame idx:554, drop:0
2025-08-23 16:54:57.202 T:4252 debug : CAMLCodec::AddData: skip add data dl:15525265 fl:197231 sz:280703(280768) lv:100.5% dts:27.653 pts:27.778
2025-08-23 16:54:57.207 T:4252 debug : CAMLCodec::AddData: dl:15302801 fl:419695 sz:280703(280768) lv:97.3% dts:27.653 pts:27.778
2025-08-23 16:54:57.210 T:4252 debug : CAMLCodec::AddData: dl:15530512 fl:191984 sz:227709(227776) lv:98.7% dts:27.694 pts:27.736
2025-08-23 16:54:57.210 T:4252 debug : CAMLCodec::AddData: skip add data dl:15530445 fl:192051 sz:248556(248640) lv:100.3% dts:27.736 pts:27.819
2025-08-23 16:54:57.222 T:4253 info : Skipped 6 duplicate messages..
2025-08-23 16:54:57.222 T:4253 debug : CVideoPlayerAudio::OutputPacket: pts:23.777 curr_pts:22.972 clock:22.997 level:100
2025-08-23 16:54:57.222 T:4252 debug : CAMLCodec::AddData: skip add data dl:15530445 fl:192051 sz:248556(248640) lv:100.3% dts:27.736 pts:27.819
2025-08-23 16:54:57.232 T:4073 info : Skipped 4 duplicate messages..
2025-08-23 16:54:57.232 T:4073 debug : CAMLCodec::PollFrame elapsed:30.750ms
2025-08-23 16:54:57.236 T:4252 debug : CAMLCodec::AddData: skip add data dl:15530445 fl:192051 sz:248556(248640) lv:100.3% dts:27.736 pts:27.819
2025-08-23 16:54:57.237 T:4073 debug : PrepareNextRender: frameOnScreen: 23.012 renderPts: 23.164 nextFramePts: 23.148 -> diff: 0.016 render: 1 forceNext: 0
2025-08-23 16:54:57.237 T:4073 debug : CAMLCodec::ReleaseFrame idx:555, drop:0
2025-08-23 16:54:57.238 T:4252 debug : CAMLCodec::AddData: skip add data dl:15530445 fl:192051 sz:248556(248640) lv:100.3% dts:27.736 pts:27.819
2025-08-23 16:54:57.273 T:4252 info : Skipped 19 duplicate messages..
2025-08-23 16:54:57.273 T:4252 debug : CAMLCodec::AddData: skip add data dl:15488525 fl:233971 sz:248556(248640) lv:100.1% dts:27.736 pts:27.819
2025-08-23 16:54:57.274 T:4073 debug : CAMLCodec::PollFrame elapsed:36.640ms
2025-08-23 16:54:57.275 T:4252 debug : CAMLCodec::DequeueBuffer: pts:23.315 idx:559
2025-08-23 16:54:57.275 T:4252 debug : CAMLCodec::GetPicture: index: 559, pts: 23.315, dur:42.000ms ar:1.78 elf:81ms
2025-08-23 16:54:57.275 T:4252 debug : CVideoPlayerVideo::OutputPicture - ttd:264ms pts:23.315 Clock:23.050 Level:3
2025-08-23 16:54:57.277 T:4252 debug : CAMLCodec::AddData: skip add data dl:15488525 fl:233971 sz:248556(248640) lv:100.1% dts:27.736 pts:27.819
2025-08-23 16:54:57.285 T:4073 info : Skipped 2 duplicate messages..
2025-08-23 16:54:57.285 T:4073 debug : PrepareNextRender: frameOnScreen: 23.060 renderPts: 23.212 nextFramePts: 23.190 -> diff: 0.022 render: 1 forceNext: 0
2025-08-23 16:54:57.285 T:4073 debug : CAMLCodec::ReleaseFrame idx:556, drop:0
2025-08-23 16:54:57.286 T:4252 debug : CAMLCodec::AddData: dl:15303309 fl:419187 sz:248556(248640) lv:97.3% dts:27.736 pts:27.819
2025-08-23 16:54:57.288 T:4252 debug : CAMLCodec::AddData: skip add data dl:15265529 fl:456967 sz:604061(604160) lv:100.9% dts:27.778 pts:28.195
2025-08-23 16:54:57.289 T:4252 debug : CAMLCodec::DequeueBuffer: pts:23.357 idx:560
2025-08-23 16:54:57.289 T:4252 debug : CAMLCodec::GetPicture: index: 560, pts: 23.357, dur:42.000ms ar:1.78 elf:14ms
2025-08-23 16:54:57.289 T:4252 debug : CVideoPlayerVideo::OutputPicture - ttd:292ms pts:23.357 Clock:23.064 Level:3
2025-08-23 16:54:57.291 T:4252 debug : CAMLCodec::AddData: skip add data dl:15265529 fl:456967 sz:604061(604160) lv:100.9% dts:27.778 pts:28.195
2025-08-23 16:54:57.295 T:4250 info : Skipped 1 duplicate messages..
2025-08-23 16:54:57.295 T:4250 debug : CVideoPlayer::ProcessVideoData size:427341 dts:32.157 pts:32.366 dur:41.000ms, clock:23.070 level:55
2025-08-23 16:54:57.301 T:4252 debug : CAMLCodec::AddData: dl:15450489 fl:272007 sz:604061(604160) lv:98.2% dts:27.778 pts:28.195
2025-08-23 16:54:57.303 T:4252 debug : CAMLCodec::AddData: skip add data dl:15450390 fl:272106 sz:404212(404288) lv:100.8% dts:27.819 pts:28.028
2025-08-23 16:54:57.306 T:4250 info : Skipped 1 duplicate messages..
2025-08-23 16:54:57.306 T:4250 debug : CVideoPlayer::ProcessVideoData size:356326 dts:32.199 pts:32.282 dur:41.000ms, clock:23.082 level:54
2025-08-23 16:54:57.308 T:4252 debug : CAMLCodec::AddData: skip add data dl:15450390 fl:272106 sz:404212(404288) lv:100.8% dts:27.819 pts:28.028
2025-08-23 16:54:57.308 T:4250 debug : CVideoPlayer::ProcessVideoData size:329770 dts:32.241 pts:32.241 dur:41.000ms, clock:23.083 level:55
2025-08-23 16:54:57.311 T:4252 debug : CAMLCodec::AddData: skip add data dl:15450390 fl:272106 sz:404212(404288) lv:100.8% dts:27.819 pts:28.028
2025-08-23 16:54:57.315 T:4073 info : Skipped 1 duplicate messages..
2025-08-23 16:54:57.315 T:4073 debug : CAMLCodec::PollFrame elapsed:29.762ms
2025-08-23 16:54:57.317 T:4252 debug : CAMLCodec::AddData: skip add data dl:15440470 fl:282026 sz:404212(404288) lv:100.7% dts:27.819 pts:28.028
2025-08-23 16:54:57.318 T:4252 debug : CAMLCodec::DequeueBuffer: pts:23.398 idx:561
2025-08-23 16:54:57.318 T:4252 debug : CAMLCodec::GetPicture: index: 561, pts: 23.398, dur:41.000ms ar:1.78 elf:28ms
2025-08-23 16:54:57.318 T:4252 debug : CVideoPlayerVideo::OutputPicture - ttd:304ms pts:23.398 Clock:23.094 Level:4
2025-08-23 16:54:57.319 T:4253 debug : CVideoPlayerAudio::OutputPacket: pts:23.869 curr_pts:23.069 clock:23.094 level:100
2025-08-23 16:54:57.321 T:4252 debug : CAMLCodec::AddData: skip add data dl:15440470 fl:282026 sz:404212(404288) lv:100.7% dts:27.819 pts:28.028
2025-08-23 16:54:57.330 T:4250 info : Skipped 2 duplicate messages..
2025-08-23 16:54:57.330 T:4250 debug : CVideoPlayer::ProcessVideoData size:326570 dts:32.282 pts:32.324 dur:41.000ms, clock:23.105 level:55
2025-08-23 16:54:57.330 T:4252 debug : CAMLCodec::AddData: dl:15421654 fl:300842 sz:404212(404288) lv:98.0% dts:27.819 pts:28.028
2025-08-23 16:54:57.331 T:4252 debug : CAMLCodec::AddData: skip add data dl:15421578 fl:300918 sz:309587(309696) lv:100.0% dts:27.861 pts:27.945
2025-08-23 16:54:57.334 T:4073 info : Skipped 1 duplicate messages..
2025-08-23 16:54:57.334 T:4073 debug : PrepareNextRender: frameOnScreen: 23.109 renderPts: 23.261 nextFramePts: 23.232 -> diff: 0.029 render: 1 forceNext: 0
2025-08-23 16:54:57.334 T:4073 debug : CAMLCodec::ReleaseFrame idx:557, drop:0
2025-08-23 16:54:57.335 T:4252 debug : CAMLCodec::AddData: skip add data dl:15421578 fl:300918 sz:309587(309696) lv:100.0% dts:27.861 pts:27.945
2025-08-23 16:54:57.341 T:4250 info : Skipped 3 duplicate messages..
2025-08-23 16:54:57.341 T:4250 debug : CVideoPlayer::ProcessVideoData size:344485 dts:32.324 pts:32.449 dur:41.000ms, clock:23.116 level:100
2025-08-23 16:54:57.342 T:4252 debug : CAMLCodec::AddData: skip add data dl:15421578 fl:300918 sz:309587(309696) lv:100.0% dts:27.861 pts:27.945
2025-08-23 16:54:57.357 T:4073 info : Skipped 7 duplicate messages..
2025-08-23 16:54:57.357 T:4073 debug : CAMLCodec::PollFrame elapsed:22.426ms
2025-08-23 16:54:57.358 T:4252 debug : CAMLCodec::AddData: skip add data dl:15421578 fl:300918 sz:309587(309696) lv:100.0% dts:27.861 pts:27.945
2025-08-23 16:54:57.361 T:4252 debug : CAMLCodec::DequeueBuffer: pts:23.440 idx:562
2025-08-23 16:54:57.361 T:4252 debug : CAMLCodec::GetPicture: index: 562, pts: 23.440, dur:42.000ms ar:1.78 elf:41ms
2025-08-23 16:54:57.362 T:4252 debug : CVideoPlayerVideo::OutputPicture - ttd:303ms pts:23.440 Clock:23.137 Level:4
2025-08-23 16:54:57.368 T:4252 debug : CAMLCodec::AddData: dl:15721930 fl:566 sz:309587(309696) lv:100.0% dts:27.861 pts:27.945
2025-08-23 16:54:57.371 T:4252 debug : CAMLCodec::AddData: dl:15540381 fl:182115 sz:248525(248640) lv:98.8% dts:27.903 pts:27.903
2025-08-23 16:54:57.373 T:4252 debug : CAMLCodec::AddData: skip add data dl:15540266 fl:182230 sz:293806(293888) lv:100.7% dts:27.945 pts:27.986
2025-08-23 16:54:57.373 T:4250 debug : CVideoPlayer::ProcessVideoData size:321039 dts:32.366 pts:32.407 dur:41.000ms, clock:23.148 level:55
2025-08-23 16:54:57.373 T:4073 debug : PrepareNextRender: frameOnScreen: 23.148 renderPts: 23.300 nextFramePts: 23.273 -> diff: 0.027 render: 1 forceNext: 0
2025-08-23 16:54:57.374 T:4073 debug : CAMLCodec::ReleaseFrame idx:558, drop:0
2025-08-23 16:54:57.376 T:4252 debug : CAMLCodec::AddData: skip add data dl:15540266 fl:182230 sz:293806(293888) lv:100.7% dts:27.945 pts:27.986
2025-08-23 16:54:57.399 T:4073 info : Skipped 12 duplicate messages..
2025-08-23 16:54:57.399 T:4073 debug : CAMLCodec::PollFrame elapsed:25.132ms
2025-08-23 16:54:57.399 T:4252 debug : CAMLCodec::AddData: skip add data dl:15540266 fl:182230 sz:293806(293888) lv:100.7% dts:27.945 pts:27.986
2025-08-23 16:54:57.400 T:4252 debug : CAMLCodec::DequeueBuffer: pts:23.482 idx:563
2025-08-23 16:54:57.401 T:4252 debug : CAMLCodec::GetPicture: index: 563, pts: 23.482, dur:42.000ms ar:1.78 elf:38ms
2025-08-23 16:54:57.401 T:4252 debug : CVideoPlayerVideo::OutputPicture - ttd:306ms pts:23.482 Clock:23.176 Level:4
2025-08-23 16:54:57.403 T:4252 debug : CAMLCodec::AddData: skip add data dl:15503786 fl:218710 sz:293806(293888) lv:100.4% dts:27.945 pts:27.986
2025-08-23 16:54:57.407 T:4073 debug : PrepareNextRender: frameOnScreen: 23.182 renderPts: 23.334 nextFramePts: 23.315 -> diff: 0.019 render: 1 forceNext: 0
2025-08-23 16:54:57.407 T:4073 debug : CAMLCodec::ReleaseFrame idx:559, drop:0
2025-08-23 16:54:57.407 T:4252 debug : CAMLCodec::AddData: skip add data dl:15503786 fl:218710 sz:293806(293888) lv:100.4% dts:27.945 pts:27.986
2025-08-23 16:54:57.411 T:4252 debug : CAMLCodec::AddData: dl:15377706 fl:344790 sz:293806(293888) lv:97.8% dts:27.945 pts:27.986
2025-08-23 16:54:57.412 T:4252 debug : CAMLCodec::AddData: skip add data dl:15377624 fl:344872 sz:378663(378752) lv:100.2% dts:27.986 pts:28.111
2025-08-23 16:54:57.414 T:4250 debug : CVideoPlayer::ProcessAudioData size:6648 dts:32.508 pts:32.508 dur:92.000ms, clock:23.189 drop:0 level:100
2025-08-23 16:54:57.417 T:4252 debug : CAMLCodec::AddData: skip add data dl:15377624 fl:344872 sz:378663(378752) lv:100.2% dts:27.986 pts:28.111
2025-08-23 16:54:57.418 T:4250 debug : CVideoPlayer::ProcessVideoData size:667132 dts:32.407 pts:32.532 dur:41.000ms, clock:23.193 level:100
2025-08-23 16:54:57.418 T:4253 debug : CVideoPlayerAudio::OutputPacket: pts:23.962 curr_pts:23.167 clock:23.193 level:100
2025-08-23 16:54:57.419 T:4252 debug : CAMLCodec::AddData: skip add data dl:15377624 fl:344872 sz:378663(378752) lv:100.2% dts:27.986 pts:28.111
2025-08-23 16:54:57.441 T:4073 info : Skipped 12 duplicate messages..
2025-08-23 16:54:57.441 T:4073 debug : CAMLCodec::PollFrame elapsed:33.779ms
2025-08-23 16:54:57.442 T:4252 debug : CAMLCodec::AddData: skip add data dl:15368472 fl:354024 sz:378663(378752) lv:100.1% dts:27.986 pts:28.111
2025-08-23 16:54:57.443 T:4252 debug : CAMLCodec::DequeueBuffer: pts:23.523 idx:564
2025-08-23 16:54:57.443 T:4252 debug : CAMLCodec::GetPicture: index: 564, pts: 23.523, dur:41.000ms ar:1.78 elf:42ms
2025-08-23 16:54:57.443 T:4252 debug : CVideoPlayerVideo::OutputPicture - ttd:304ms pts:23.523 Clock:23.218 Level:4
2025-08-23 16:54:57.444 T:4252 debug : CAMLCodec::DequeueBuffer: pts:23.565 idx:565
2025-08-23 16:54:57.444 T:4252 debug : CAMLCodec::GetPicture: index: 565, pts: 23.565, dur:42.000ms ar:1.78 elf:1ms
2025-08-23 16:54:57.444 T:4252 debug : CVideoPlayerVideo::OutputPicture - ttd:345ms pts:23.565 Clock:23.219 Level:5
2025-08-23 16:54:57.446 T:4252 debug : CAMLCodec::DequeueBuffer: pts:23.607 idx:566
2025-08-23 16:54:57.446 T:4252 debug : CAMLCodec::GetPicture: index: 566, pts: 23.607, dur:42.000ms ar:1.78 elf:1ms
2025-08-23 16:54:57.446 T:4252 debug : CVideoPlayerVideo::OutputPicture - ttd:386ms pts:23.607 Clock:23.221 Level:6
2025-08-23 16:54:57.447 T:4252 debug : CAMLCodec::DequeueBuffer: pts:23.649 idx:567
2025-08-23 16:54:57.447 T:4252 debug : CAMLCodec::GetPicture: index: 567, pts: 23.649, dur:42.000ms ar:1.78 elf:1ms
2025-08-23 16:54:57.452 T:4073 debug : PrepareNextRender: frameOnScreen: 23.227 renderPts: 23.378 nextFramePts: 23.357 -> diff: 0.021 render: 1 forceNext: 0
2025-08-23 16:54:57.452 T:4252 debug : CVideoPlayerVideo::OutputPicture - ttd:426ms pts:23.649 Clock:23.222 Level:6
2025-08-23 16:54:57.452 T:4073 debug : CAMLCodec::ReleaseFrame idx:560, drop:0
2025-08-23 16:54:57.453 T:4252 debug : CAMLCodec::AddData: skip add data dl:15368472 fl:354024 sz:378663(378752) lv:100.1% dts:27.986 pts:28.111
2025-08-23 16:54:57.458 T:4252 debug : CAMLCodec::AddData: dl:15144792 fl:577704 sz:378663(378752) lv:96.3% dts:27.986 pts:28.111
2025-08-23 16:54:57.460 T:4252 debug : CAMLCodec::AddData: dl:15463615 fl:258881 sz:318824(318912) lv:98.3% dts:28.028 pts:28.070
2025-08-23 16:54:57.460 T:4250 debug : CVideoPlayer::ProcessAudioData size:8594 dts:32.601 pts:32.601 dur:92.000ms, clock:23.235 drop:0 level:100
2025-08-23 16:54:57.461 T:4250 debug : CVideoPlayer::ProcessAudioData size:7191 dts:32.693 pts:32.693 dur:92.000ms, clock:23.236 drop:0 level:100
2025-08-23 16:54:57.462 T:4250 debug : CVideoPlayer::ProcessAudioData size:6469 dts:32.786 pts:32.786 dur:92.000ms, clock:23.236 drop:0 level:100
2025-08-23 16:54:57.463 T:4252 debug : CAMLCodec::AddData: dl:15622887 fl:99609 sz:337803(337920) lv:99.3% dts:28.070 pts:28.153
2025-08-23 16:54:57.464 T:4252 debug : CAMLCodec::AddData: skip add data dl:15622770 fl:99726 sz:529634(529728) lv:102.7% dts:28.111 pts:28.487
2025-08-23 16:54:57.468 T:4250 debug : CVideoPlayer::ProcessVideoData size:562053 dts:32.449 pts:32.866 dur:41.000ms, clock:23.243 level:54
2025-08-23 16:54:57.469 T:4250 debug : CVideoPlayer::ProcessVideoData size:430808 dts:32.491 pts:32.699 dur:41.000ms, clock:23.244 level:54
2025-08-23 16:54:57.472 T:4252 debug : CAMLCodec::AddData: dl:15648178 fl:74318 sz:529634(529728) lv:99.5% dts:28.111 pts:28.487
2025-08-23 16:54:57.474 T:4252 debug : CAMLCodec::AddData: skip add data dl:15648084 fl:74412 sz:448419(448512) lv:102.3% dts:28.153 pts:28.362
2025-08-23 16:54:57.482 T:4073 info : Skipped 3 duplicate messages..
2025-08-23 16:54:57.482 T:4073 debug : CAMLCodec::PollFrame elapsed:30.339ms
2025-08-23 16:54:57.483 T:4252 debug : CAMLCodec::AddData: skip add data dl:15648084 fl:74412 sz:448419(448512) lv:102.3% dts:28.153 pts:28.362
2025-08-23 16:54:57.485 T:4252 debug : CAMLCodec::AddData: skip add data dl:15488148 fl:234348 sz:448419(448512) lv:101.3% dts:28.153 pts:28.362
2025-08-23 16:54:57.497 T:4252 info : Skipped 4 duplicate messages..
2025-08-23 16:54:57.497 T:4252 debug : CAMLCodec::AddData: dl:15447380 fl:275116 sz:448419(448512) lv:98.2% dts:28.153 pts:28.362
2025-08-23 16:54:57.498 T:4252 debug : CAMLCodec::AddData: skip add data dl:15447287 fl:275209 sz:386571(386688) lv:100.7% dts:28.195 pts:28.278
2025-08-23 16:54:57.501 T:4073 info : Skipped 1 duplicate messages..
2025-08-23 16:54:57.501 T:4073 debug : PrepareNextRender: frameOnScreen: 23.276 renderPts: 23.427 nextFramePts: 23.398 -> diff: 0.029 render: 1 forceNext: 0
2025-08-23 16:54:57.501 T:4073 debug : CAMLCodec::ReleaseFrame idx:561, drop:0
2025-08-23 16:54:57.502 T:4252 debug : CAMLCodec::AddData: skip add data dl:15447287 fl:275209 sz:386571(386688) lv:100.7% dts:28.195 pts:28.278
2025-08-23 16:54:57.502 T:4250 debug : CVideoPlayer::ProcessVideoData size:338157 dts:32.532 pts:32.616 dur:41.000ms, clock:23.277 level:54
2025-08-23 16:54:57.504 T:4250 debug : CVideoPlayer::ProcessVideoData size:313275 dts:32.574 pts:32.574 dur:41.000ms, clock:23.279 level:55
2025-08-23 16:54:57.504 T:4252 debug : CAMLCodec::AddData: skip add data dl:15447287 fl:275209 sz:386571(386688) lv:100.7% dts:28.195 pts:28.278
2025-08-23 16:54:57.505 T:4250 debug : CVideoPlayer::ProcessVideoData size:309776 dts:32.616 pts:32.658 dur:41.000ms, clock:23.280 level:100
2025-08-23 16:54:57.507 T:4252 debug : CAMLCodec::AddData: skip add data dl:15447287 fl:275209 sz:386571(386688) lv:100.7% dts:28.195 pts:28.278
2025-08-23 16:54:57.518 T:4253 info : Skipped 6 duplicate messages..
2025-08-23 16:54:57.518 T:4253 debug : CVideoPlayerAudio::OutputPacket: pts:24.056 curr_pts:23.267 clock:23.293 level:100
2025-08-23 16:54:57.518 T:4252 debug : CAMLCodec::AddData: skip add data dl:15447287 fl:275209 sz:386571(386688) lv:100.7% dts:28.195 pts:28.278
2025-08-23 16:54:57.524 T:4073 info : Skipped 3 duplicate messages..
2025-08-23 16:54:57.524 T:4073 debug : CAMLCodec::PollFrame elapsed:22.559ms
2025-08-23 16:54:57.526 T:4252 debug : CAMLCodec::AddData: skip add data dl:15400119 fl:322377 sz:386571(386688) lv:100.4% dts:28.195 pts:28.278
2025-08-23 16:54:57.531 T:4073 info : Skipped 1 duplicate messages..
2025-08-23 16:54:57.531 T:4073 debug : PrepareNextRender: frameOnScreen: 23.306 renderPts: 23.457 nextFramePts: 23.440 -> diff: 0.017 render: 1 forceNext: 0
2025-08-23 16:54:57.532 T:4073 debug : CAMLCodec::ReleaseFrame idx:562, drop:0
2025-08-23 16:54:57.532 T:4252 debug : CAMLCodec::AddData: skip add data dl:15400119 fl:322377 sz:386571(386688) lv:100.4% dts:28.195 pts:28.278
2025-08-23 16:54:57.539 T:4252 info : Skipped 1 duplicate messages..
