2025-08-23 16:54:48.044 T:4252 debug : CAMLCodec::GetPicture: index: 339, pts: 14.139, dur:42.000ms ar:1.78 elf:38ms
2025-08-23 16:54:48.044 T:4252 debug : CVideoPlayerVideo::OutputPicture - ttd:307ms pts:14.139 Clock:13.832 Level:4
2025-08-23 16:54:48.047 T:4252 debug : CAMLCodec::AddData: skip add data dl:15501633 fl:220863 sz:478365(478464) lv:101.6% dts:15.474 pts:15.599
2025-08-23 16:54:48.055 T:4073 info : Skipped 1 duplicate messages..
2025-08-23 16:54:48.055 T:4073 debug : PrepareNextRender: frameOnScreen: 13.842 renderPts: 13.991 nextFramePts: 13.972 -> diff: 0.019 render: 1 forceNext: 0
2025-08-23 16:54:48.055 T:4073 debug : CAMLCodec::ReleaseFrame idx:335, drop:0
2025-08-23 16:54:48.055 T:4252 debug : CAMLCodec::AddData: dl:15536385 fl:186111 sz:478365(478464) lv:98.8% dts:15.474 pts:15.599
2025-08-23 16:54:48.057 T:4252 debug : CAMLCodec::AddData: skip add data dl:15536286 fl:186210 sz:436821(436928) lv:101.6% dts:15.515 pts:15.557
2025-08-23 16:54:48.085 T:4073 info : Skipped 14 duplicate messages..
2025-08-23 16:54:48.085 T:4073 debug : CAMLCodec::PollFrame elapsed:30.636ms
2025-08-23 16:54:48.086 T:4252 debug : CAMLCodec::AddData: skip add data dl:15531614 fl:190882 sz:436821(436928) lv:101.5% dts:15.515 pts:15.557
2025-08-23 16:54:48.087 T:4252 debug : CAMLCodec::DequeueBuffer: pts:14.181 idx:340
2025-08-23 16:54:48.087 T:4252 debug : CAMLCodec::GetPicture: index: 340, pts: 14.181, dur:42.000ms ar:1.78 elf:42ms
2025-08-23 16:54:48.087 T:4252 debug : CVideoPlayerVideo::OutputPicture - ttd:306ms pts:14.181 Clock:13.874 Level:4
2025-08-23 16:54:48.089 T:4252 debug : CAMLCodec::AddData: skip add data dl:15531614 fl:190882 sz:436821(436928) lv:101.5% dts:15.515 pts:15.557
2025-08-23 16:54:48.092 T:4073 debug : PrepareNextRender: frameOnScreen: 13.879 renderPts: 14.028 nextFramePts: 14.014 -> diff: 0.014 render: 1 forceNext: 0
2025-08-23 16:54:48.092 T:4073 debug : CAMLCodec::ReleaseFrame idx:336, drop:0
2025-08-23 16:54:48.092 T:4252 debug : CAMLCodec::AddData: skip add data dl:15531614 fl:190882 sz:436821(436928) lv:101.5% dts:15.515 pts:15.557
2025-08-23 16:54:48.099 T:4252 info : Skipped 1 duplicate messages..
2025-08-23 16:54:48.099 T:4252 debug : CAMLCodec::AddData: dl:15529886 fl:192610 sz:436821(436928) lv:98.7% dts:15.515 pts:15.557
2025-08-23 16:54:48.100 T:4252 debug : CAMLCodec::AddData: skip add data dl:15529779 fl:192717 sz:757302(757376) lv:103.6% dts:15.557 pts:15.682
2025-08-23 16:54:48.105 T:4253 info : Skipped 1 duplicate messages..
2025-08-23 16:54:48.105 T:4253 debug : CVideoPlayerAudio::OutputPacket: pts:14.675 curr_pts:13.867 clock:13.893 level:57
2025-08-23 16:54:48.106 T:4252 debug : CAMLCodec::AddData: skip add data dl:15529779 fl:192717 sz:757302(757376) lv:103.6% dts:15.557 pts:15.682
2025-08-23 16:54:48.124 T:4250 info : Skipped 7 duplicate messages..
2025-08-23 16:54:48.124 T:4250 debug : CVideoPlayer::ProcessVideoData size:476242 dts:19.019 pts:19.102 dur:41.000ms, clock:13.912 level:43
2025-08-23 16:54:48.126 T:4252 debug : CAMLCodec::AddData: skip add data dl:15529779 fl:192717 sz:757302(757376) lv:103.6% dts:15.557 pts:15.682
2025-08-23 16:54:48.126 T:4250 debug : CVideoPlayer::ProcessVideoData size:431368 dts:19.061 pts:19.061 dur:41.000ms, clock:13.913 level:43
2025-08-23 16:54:48.127 T:4073 debug : CAMLCodec::PollFrame elapsed:35.545ms
2025-08-23 16:54:48.127 T:4252 debug : CAMLCodec::DequeueBuffer: pts:14.223 idx:341
2025-08-23 16:54:48.128 T:4252 debug : CAMLCodec::GetPicture: index: 341, pts: 14.223, dur:42.000ms ar:1.78 elf:40ms
2025-08-23 16:54:48.128 T:4252 debug : CVideoPlayerVideo::OutputPicture - ttd:308ms pts:14.223 Clock:13.915 Level:4
2025-08-23 16:54:48.131 T:4252 debug : CAMLCodec::AddData: skip add data dl:15522739 fl:199757 sz:757302(757376) lv:103.5% dts:15.557 pts:15.682
2025-08-23 16:54:48.140 T:4252 info : Skipped 2 duplicate messages..
2025-08-23 16:54:48.140 T:4252 debug : CAMLCodec::AddData: skip add data dl:14996339 fl:726157 sz:757302(757376) lv:100.2% dts:15.557 pts:15.682
2025-08-23 16:54:48.143 T:4073 info : Skipped 1 duplicate messages..
2025-08-23 16:54:48.143 T:4073 debug : PrepareNextRender: frameOnScreen: 13.930 renderPts: 14.079 nextFramePts: 14.056 -> diff: 0.023 render: 1 forceNext: 0
2025-08-23 16:54:48.143 T:4073 debug : CAMLCodec::ReleaseFrame idx:337, drop:0
2025-08-23 16:54:48.144 T:4252 debug : CAMLCodec::AddData: skip add data dl:14996339 fl:726157 sz:757302(757376) lv:100.2% dts:15.557 pts:15.682
2025-08-23 16:54:48.169 T:4073 info : Skipped 14 duplicate messages..
2025-08-23 16:54:48.169 T:4073 debug : CAMLCodec::PollFrame elapsed:25.909ms
2025-08-23 16:54:48.170 T:4252 debug : CAMLCodec::DequeueBuffer: pts:14.264 idx:342
2025-08-23 16:54:48.170 T:4252 debug : CAMLCodec::GetPicture: index: 342, pts: 14.264, dur:41.000ms ar:1.78 elf:41ms
2025-08-23 16:54:48.170 T:4252 debug : CVideoPlayerVideo::OutputPicture - ttd:307ms pts:14.264 Clock:13.957 Level:4
2025-08-23 16:54:48.175 T:4252 debug : CAMLCodec::AddData: dl:15640179 fl:82317 sz:757302(757376) lv:99.4% dts:15.557 pts:15.682
2025-08-23 16:54:48.176 T:4252 debug : CAMLCodec::AddData: skip add data dl:15394800 fl:327440 sz:673659(673728) lv:102.2% dts:15.599 pts:16.016
2025-08-23 16:54:48.178 T:4252 debug : CAMLCodec::AddData: skip add data dl:15640105 fl:82391 sz:673659(673728) lv:103.7% dts:15.599 pts:16.016
2025-08-23 16:54:48.178 T:4073 debug : PrepareNextRender: frameOnScreen: 13.965 renderPts: 14.115 nextFramePts: 14.097 -> diff: 0.018 render: 1 forceNext: 0
2025-08-23 16:54:48.178 T:4073 debug : CAMLCodec::ReleaseFrame idx:338, drop:0
2025-08-23 16:54:48.180 T:4252 debug : CAMLCodec::AddData: skip add data dl:15640105 fl:82391 sz:673659(673728) lv:103.7% dts:15.599 pts:16.016
2025-08-23 16:54:48.181 T:4252 debug : CAMLCodec::AddData: skip add data dl:15120745 fl:601751 sz:673659(673728) lv:100.4% dts:15.599 pts:16.016
2025-08-23 16:54:48.198 T:4250 info : Skipped 10 duplicate messages..
2025-08-23 16:54:48.198 T:4250 debug : CVideoPlayer::ProcessVideoData size:432171 dts:19.102 pts:19.144 dur:41.000ms, clock:13.985 level:100
2025-08-23 16:54:48.200 T:4252 debug : CAMLCodec::AddData: skip add data dl:15120745 fl:601751 sz:673659(673728) lv:100.4% dts:15.599 pts:16.016
2025-08-23 16:54:48.205 T:4253 info : Skipped 2 duplicate messages..
2025-08-23 16:54:48.205 T:4253 debug : CVideoPlayerAudio::OutputPacket: pts:14.768 curr_pts:13.968 clock:13.992 level:56
2025-08-23 16:54:48.205 T:4252 debug : CAMLCodec::AddData: skip add data dl:15120745 fl:601751 sz:673659(673728) lv:100.4% dts:15.599 pts:16.016
2025-08-23 16:54:48.211 T:4073 info : Skipped 2 duplicate messages..
2025-08-23 16:54:48.211 T:4073 debug : CAMLCodec::PollFrame elapsed:32.438ms
2025-08-23 16:54:48.212 T:4252 debug : CAMLCodec::AddData: skip add data dl:15120745 fl:601751 sz:673659(673728) lv:100.4% dts:15.599 pts:16.016
2025-08-23 16:54:48.218 T:4073 info : Skipped 3 duplicate messages..
2025-08-23 16:54:48.218 T:4073 debug : PrepareNextRender: frameOnScreen: 14.005 renderPts: 14.155 nextFramePts: 14.139 -> diff: 0.016 render: 1 forceNext: 0
2025-08-23 16:54:48.218 T:4073 debug : CAMLCodec::ReleaseFrame idx:339, drop:0
2025-08-23 16:54:48.220 T:4252 debug : CAMLCodec::AddData: skip add data dl:15120745 fl:601751 sz:673659(673728) lv:100.4% dts:15.599 pts:16.016
2025-08-23 16:54:48.252 T:4073 info : Skipped 15 duplicate messages..
2025-08-23 16:54:48.252 T:4073 debug : CAMLCodec::PollFrame elapsed:34.000ms
2025-08-23 16:54:48.253 T:4252 debug : CAMLCodec::AddData: skip add data dl:15079465 fl:643031 sz:673659(673728) lv:100.2% dts:15.599 pts:16.016
2025-08-23 16:54:48.255 T:4252 debug : CAMLCodec::DequeueBuffer: pts:14.306 idx:343
2025-08-23 16:54:48.255 T:4252 debug : CAMLCodec::GetPicture: index: 343, pts: 14.306, dur:42.000ms ar:1.78 elf:84ms
2025-08-23 16:54:48.255 T:4252 debug : CVideoPlayerVideo::OutputPicture - ttd:264ms pts:14.306 Clock:14.042 Level:3
2025-08-23 16:54:48.258 T:4252 debug : CAMLCodec::AddData: skip add data dl:15079465 fl:643031 sz:673659(673728) lv:100.2% dts:15.599 pts:16.016
2025-08-23 16:54:48.259 T:4073 debug : PrepareNextRender: frameOnScreen: 14.046 renderPts: 14.195 nextFramePts: 14.181 -> diff: 0.014 render: 1 forceNext: 0
2025-08-23 16:54:48.259 T:4073 debug : CAMLCodec::ReleaseFrame idx:340, drop:0
2025-08-23 16:54:48.260 T:4252 debug : CAMLCodec::AddData: skip add data dl:15079465 fl:643031 sz:673659(673728) lv:100.2% dts:15.599 pts:16.016
2025-08-23 16:54:48.265 T:4252 debug : CAMLCodec::AddData: dl:15306601 fl:415895 sz:673659(673728) lv:97.3% dts:15.599 pts:16.016
2025-08-23 16:54:48.266 T:4252 debug : CAMLCodec::AddData: skip add data dl:15217864 fl:504496 sz:542094(542208) lv:100.2% dts:15.641 pts:15.849
2025-08-23 16:54:48.267 T:4252 debug : CAMLCodec::DequeueBuffer: pts:14.348 idx:344
2025-08-23 16:54:48.267 T:4252 debug : CAMLCodec::GetPicture: index: 344, pts: 14.348, dur:42.000ms ar:1.78 elf:12ms
2025-08-23 16:54:48.267 T:4252 debug : CVideoPlayerVideo::OutputPicture - ttd:293ms pts:14.348 Clock:14.054 Level:3
2025-08-23 16:54:48.271 T:4250 debug : CVideoPlayer::ProcessVideoData size:476937 dts:19.144 pts:19.269 dur:41.000ms, clock:14.058 level:43
2025-08-23 16:54:48.273 T:4250 debug : CVideoPlayer::ProcessVideoData size:432581 dts:19.186 pts:19.228 dur:41.000ms, clock:14.060 level:44
2025-08-23 16:54:48.273 T:4252 debug : CAMLCodec::AddData: skip add data dl:15265444 fl:457052 sz:542094(542208) lv:100.5% dts:15.641 pts:15.849
2025-08-23 16:54:48.277 T:4252 debug : CAMLCodec::AddData: dl:15364772 fl:357724 sz:542094(542208) lv:97.7% dts:15.641 pts:15.849
2025-08-23 16:54:48.279 T:4252 debug : CAMLCodec::AddData: skip add data dl:15346852 fl:375644 sz:464423(464512) lv:100.5% dts:15.682 pts:15.766
2025-08-23 16:54:48.281 T:4252 debug : CAMLCodec::AddData: skip add data dl:15364658 fl:357838 sz:464423(464512) lv:100.6% dts:15.682 pts:15.766
2025-08-23 16:54:48.294 T:4073 info : Skipped 7 duplicate messages..
2025-08-23 16:54:48.294 T:4073 debug : CAMLCodec::PollFrame elapsed:35.220ms
2025-08-23 16:54:48.296 T:4252 debug : CAMLCodec::AddData: skip add data dl:15357234 fl:365262 sz:464423(464512) lv:100.6% dts:15.682 pts:15.766
2025-08-23 16:54:48.297 T:4252 debug : CAMLCodec::DequeueBuffer: pts:14.389 idx:345
2025-08-23 16:54:48.297 T:4252 debug : CAMLCodec::GetPicture: index: 345, pts: 14.389, dur:41.000ms ar:1.78 elf:30ms
2025-08-23 16:54:48.298 T:4252 debug : CVideoPlayerVideo::OutputPicture - ttd:304ms pts:14.389 Clock:14.085 Level:4
2025-08-23 16:54:48.300 T:4252 debug : CAMLCodec::AddData: skip add data dl:15357234 fl:365262 sz:464423(464512) lv:100.6% dts:15.682 pts:15.766
2025-08-23 16:54:48.309 T:4252 info : Skipped 2 duplicate messages..
2025-08-23 16:54:48.309 T:4252 debug : CAMLCodec::AddData: dl:15379122 fl:343374 sz:464423(464512) lv:97.8% dts:15.682 pts:15.766
2025-08-23 16:54:48.310 T:4253 debug : CVideoPlayerAudio::OutputPacket: pts:14.860 curr_pts:14.072 clock:14.097 level:55
2025-08-23 16:54:48.311 T:4073 debug : PrepareNextRender: frameOnScreen: 14.098 renderPts: 14.247 nextFramePts: 14.223 -> diff: 0.024 render: 1 forceNext: 0
2025-08-23 16:54:48.311 T:4073 debug : CAMLCodec::ReleaseFrame idx:341, drop:0
2025-08-23 16:54:48.311 T:4252 debug : CAMLCodec::AddData: skip add data dl:15379033 fl:343463 sz:428358(428480) lv:100.5% dts:15.724 pts:15.724
2025-08-23 16:54:48.311 T:4250 debug : CVideoPlayer::ProcessVideoData size:433853 dts:19.228 pts:19.311 dur:41.000ms, clock:14.098 level:43
2025-08-23 16:54:48.313 T:4252 debug : CAMLCodec::AddData: skip add data dl:15379033 fl:343463 sz:428358(428480) lv:100.5% dts:15.724 pts:15.724
2025-08-23 16:54:48.336 T:4073 info : Skipped 11 duplicate messages..
2025-08-23 16:54:48.336 T:4073 debug : CAMLCodec::PollFrame elapsed:24.787ms
2025-08-23 16:54:48.338 T:4252 debug : CAMLCodec::AddData: skip add data dl:15372761 fl:349735 sz:428358(428480) lv:100.5% dts:15.724 pts:15.724
2025-08-23 16:54:48.339 T:4252 debug : CAMLCodec::DequeueBuffer: pts:14.431 idx:346
2025-08-23 16:54:48.340 T:4252 debug : CAMLCodec::GetPicture: index: 346, pts: 14.431, dur:42.000ms ar:1.78 elf:42ms
2025-08-23 16:54:48.340 T:4252 debug : CVideoPlayerVideo::OutputPicture - ttd:304ms pts:14.431 Clock:14.127 Level:4
2025-08-23 16:54:48.342 T:4252 debug : CAMLCodec::AddData: skip add data dl:15372761 fl:349735 sz:428358(428480) lv:100.5% dts:15.724 pts:15.724
2025-08-23 16:54:48.346 T:4073 info : Skipped 1 duplicate messages..
2025-08-23 16:54:48.346 T:4073 debug : PrepareNextRender: frameOnScreen: 14.133 renderPts: 14.282 nextFramePts: 14.264 -> diff: 0.018 render: 1 forceNext: 0
2025-08-23 16:54:48.346 T:4073 debug : CAMLCodec::ReleaseFrame idx:342, drop:0
2025-08-23 16:54:48.350 T:4252 debug : CAMLCodec::AddData: dl:15354457 fl:368039 sz:428358(428480) lv:97.6% dts:15.724 pts:15.724
2025-08-23 16:54:48.350 T:4252 debug : CAMLCodec::AddData: skip add data dl:15354335 fl:368161 sz:425631(425728) lv:100.3% dts:15.766 pts:15.807
2025-08-23 16:54:48.353 T:4250 info : Skipped 1 duplicate messages..
2025-08-23 16:54:48.353 T:4250 debug : CVideoPlayer::ProcessAudioData size:9769 dts:19.412 pts:19.412 dur:92.000ms, clock:14.140 drop:0 level:55
2025-08-23 16:54:48.353 T:4250 debug : CVideoPlayer::ProcessAudioData size:8146 dts:19.504 pts:19.504 dur:92.000ms, clock:14.140 drop:0 level:56
2025-08-23 16:54:48.353 T:4250 debug : CVideoPlayer::ProcessAudioData size:9945 dts:19.597 pts:19.597 dur:92.000ms, clock:14.140 drop:0 level:57
2025-08-23 16:54:48.354 T:4252 debug : CAMLCodec::AddData: skip add data dl:15354335 fl:368161 sz:425631(425728) lv:100.3% dts:15.766 pts:15.807
2025-08-23 16:54:48.356 T:4250 debug : CVideoPlayer::ProcessVideoData size:626494 dts:19.269 pts:19.645 dur:41.000ms, clock:14.143 level:43
2025-08-23 16:54:48.357 T:4252 debug : CAMLCodec::AddData: skip add data dl:15354335 fl:368161 sz:425631(425728) lv:100.3% dts:15.766 pts:15.807
2025-08-23 16:54:48.378 T:4073 info : Skipped 10 duplicate messages..
2025-08-23 16:54:48.378 T:4073 debug : CAMLCodec::PollFrame elapsed:31.798ms
2025-08-23 16:54:48.378 T:4252 debug : CAMLCodec::AddData: skip add data dl:15354335 fl:368161 sz:425631(425728) lv:100.3% dts:15.766 pts:15.807
2025-08-23 16:54:48.379 T:4252 debug : CAMLCodec::DequeueBuffer: pts:14.473 idx:347
2025-08-23 16:54:48.379 T:4252 debug : CAMLCodec::GetPicture: index: 347, pts: 14.473, dur:42.000ms ar:1.78 elf:39ms
2025-08-23 16:54:48.379 T:4252 debug : CVideoPlayerVideo::OutputPicture - ttd:306ms pts:14.473 Clock:14.166 Level:4
2025-08-23 16:54:48.382 T:4252 debug : CAMLCodec::AddData: skip add data dl:15307743 fl:414753 sz:425631(425728) lv:100.0% dts:15.766 pts:15.807
2025-08-23 16:54:48.393 T:4252 info : Skipped 3 duplicate messages..
2025-08-23 16:54:48.393 T:4252 debug : CAMLCodec::AddData: dl:15290655 fl:431841 sz:425631(425728) lv:97.2% dts:15.766 pts:15.807
2025-08-23 16:54:48.394 T:4252 debug : CAMLCodec::AddData: skip add data dl:15290558 fl:431938 sz:470401(470528) lv:100.2% dts:15.807 pts:15.933
2025-08-23 16:54:48.396 T:4073 info : Skipped 1 duplicate messages..
2025-08-23 16:54:48.396 T:4073 debug : PrepareNextRender: frameOnScreen: 14.182 renderPts: 14.334 nextFramePts: 14.306 -> diff: 0.028 render: 1 forceNext: 0
2025-08-23 16:54:48.396 T:4073 debug : CAMLCodec::ReleaseFrame idx:343, drop:0
2025-08-23 16:54:48.398 T:4252 debug : CAMLCodec::AddData: skip add data dl:15290558 fl:431938 sz:470401(470528) lv:100.2% dts:15.807 pts:15.933
2025-08-23 16:54:48.398 T:4250 debug : CVideoPlayer::ProcessVideoData size:559101 dts:19.311 pts:19.519 dur:41.000ms, clock:14.185 level:100
2025-08-23 16:54:48.401 T:4252 debug : CAMLCodec::AddData: skip add data dl:15290558 fl:431938 sz:470401(470528) lv:100.2% dts:15.807 pts:15.933
2025-08-23 16:54:48.406 T:4253 info : Skipped 2 duplicate messages..
2025-08-23 16:54:48.406 T:4253 debug : CVideoPlayerAudio::OutputPacket: pts:14.953 curr_pts:14.167 clock:14.193 level:57
2025-08-23 16:54:48.407 T:4252 debug : CAMLCodec::AddData: skip add data dl:15290558 fl:431938 sz:470401(470528) lv:100.2% dts:15.807 pts:15.933
2025-08-23 16:54:48.420 T:4073 info : Skipped 5 duplicate messages..
2025-08-23 16:54:48.420 T:4073 debug : CAMLCodec::PollFrame elapsed:23.646ms
2025-08-23 16:54:48.420 T:4252 debug : CAMLCodec::AddData: skip add data dl:15290558 fl:431938 sz:470401(470528) lv:100.2% dts:15.807 pts:15.933
2025-08-23 16:54:48.421 T:4252 debug : CAMLCodec::DequeueBuffer: pts:14.514 idx:348
2025-08-23 16:54:48.421 T:4252 debug : CAMLCodec::GetPicture: index: 348, pts: 14.514, dur:41.000ms ar:1.78 elf:41ms
2025-08-23 16:54:48.421 T:4252 debug : CVideoPlayerVideo::OutputPicture - ttd:305ms pts:14.514 Clock:14.208 Level:4
2025-08-23 16:54:48.423 T:4252 debug : CAMLCodec::DequeueBuffer: pts:14.556 idx:349
2025-08-23 16:54:48.423 T:4252 debug : CAMLCodec::GetPicture: index: 349, pts: 14.556, dur:42.000ms ar:1.78 elf:1ms
2025-08-23 16:54:48.423 T:4252 debug : CVideoPlayerVideo::OutputPicture - ttd:346ms pts:14.556 Clock:14.209 Level:5
2025-08-23 16:54:48.424 T:4252 debug : CAMLCodec::DequeueBuffer: pts:14.598 idx:350
2025-08-23 16:54:48.424 T:4252 debug : CAMLCodec::GetPicture: index: 350, pts: 14.598, dur:42.000ms ar:1.78 elf:1ms
2025-08-23 16:54:48.424 T:4252 debug : CVideoPlayerVideo::OutputPicture - ttd:387ms pts:14.598 Clock:14.211 Level:6
2025-08-23 16:54:48.425 T:4252 debug : CAMLCodec::DequeueBuffer: pts:14.640 idx:351
2025-08-23 16:54:48.425 T:4252 debug : CAMLCodec::GetPicture: index: 351, pts: 14.640, dur:42.000ms ar:1.78 elf:1ms
2025-08-23 16:54:48.425 T:4073 debug : PrepareNextRender: frameOnScreen: 14.212 renderPts: 14.363 nextFramePts: 14.348 -> diff: 0.015 render: 1 forceNext: 0
2025-08-23 16:54:48.426 T:4252 debug : CVideoPlayerVideo::OutputPicture - ttd:427ms pts:14.640 Clock:14.212 Level:6
2025-08-23 16:54:48.426 T:4073 debug : CAMLCodec::ReleaseFrame idx:344, drop:0
2025-08-23 16:54:48.428 T:4252 debug : CAMLCodec::AddData: skip add data dl:15283326 fl:439170 sz:470401(470528) lv:100.2% dts:15.807 pts:15.933
2025-08-23 16:54:48.436 T:4252 info : Skipped 2 duplicate messages..
2025-08-23 16:54:48.436 T:4252 debug : CAMLCodec::AddData: dl:15169086 fl:553410 sz:470401(470528) lv:96.4% dts:15.807 pts:15.933
2025-08-23 16:54:48.440 T:4250 debug : CVideoPlayer::ProcessVideoData size:484582 dts:19.353 pts:19.436 dur:41.000ms, clock:14.227 level:43
2025-08-23 16:54:48.440 T:4252 debug : CAMLCodec::AddData: dl:15418495 fl:304001 sz:432558(432640) lv:98.0% dts:15.849 pts:15.891
2025-08-23 16:54:48.441 T:4252 debug : CAMLCodec::AddData: skip add data dl:15418413 fl:304083 sz:437125(437248) lv:100.8% dts:15.891 pts:15.974
2025-08-23 16:54:48.451 T:4252 info : Skipped 2 duplicate messages..
2025-08-23 16:54:48.451 T:4252 debug : CAMLCodec::AddData: dl:15342573 fl:379923 sz:437125(437248) lv:97.5% dts:15.891 pts:15.974
2025-08-23 16:54:48.452 T:4250 debug : CVideoPlayer::ProcessVideoData size:435707 dts:19.394 pts:19.394 dur:41.000ms, clock:14.239 level:43
2025-08-23 16:54:48.453 T:4252 debug : CAMLCodec::AddData: skip add data dl:15342450 fl:380046 sz:674316(674432) lv:101.8% dts:15.933 pts:16.350
2025-08-23 16:54:48.453 T:4250 debug : CVideoPlayer::ProcessVideoData size:434341 dts:19.436 pts:19.478 dur:41.000ms, clock:14.240 level:100
2025-08-23 16:54:48.456 T:4253 debug : CVideoPlayerAudio::OutputPacket: pts:15.047 curr_pts:14.218 clock:14.243 level:56
2025-08-23 16:54:48.457 T:4252 debug : CAMLCodec::AddData: skip add data dl:15342450 fl:380046 sz:674316(674432) lv:101.8% dts:15.933 pts:16.350
2025-08-23 16:54:48.462 T:4073 info : Skipped 1 duplicate messages..
2025-08-23 16:54:48.462 T:4073 debug : CAMLCodec::PollFrame elapsed:35.782ms
2025-08-23 16:54:48.463 T:4252 debug : CAMLCodec::AddData: skip add data dl:15181426 fl:541070 sz:674316(674432) lv:100.8% dts:15.933 pts:16.350
2025-08-23 16:54:48.472 T:4073 info : Skipped 2 duplicate messages..
2025-08-23 16:54:48.472 T:4073 debug : PrepareNextRender: frameOnScreen: 14.259 renderPts: 14.410 nextFramePts: 14.389 -> diff: 0.021 render: 1 forceNext: 0
2025-08-23 16:54:48.472 T:4073 debug : CAMLCodec::ReleaseFrame idx:345, drop:0
2025-08-23 16:54:48.476 T:4252 debug : CAMLCodec::AddData: dl:15356274 fl:366222 sz:674316(674432) lv:97.6% dts:15.933 pts:16.350
2025-08-23 16:54:48.477 T:4252 debug : CAMLCodec::AddData: skip add data dl:15356158 fl:366338 sz:550967(551040) lv:101.1% dts:15.974 pts:16.183
2025-08-23 16:54:48.503 T:4073 info : Skipped 15 duplicate messages..
2025-08-23 16:54:48.503 T:4073 debug : CAMLCodec::PollFrame elapsed:30.534ms
2025-08-23 16:54:48.506 T:4252 debug : CAMLCodec::AddData: skip add data dl:15316542 fl:405954 sz:550967(551040) lv:100.9% dts:15.974 pts:16.183
2025-08-23 16:54:48.511 T:4250 info : Skipped 1 duplicate messages..
2025-08-23 16:54:48.511 T:4250 debug : CVideoPlayer::ProcessVideoData size:482987 dts:19.478 pts:19.603 dur:41.000ms, clock:14.298 level:100
2025-08-23 16:54:48.516 T:4252 debug : CAMLCodec::AddData: dl:15437182 fl:285314 sz:550967(551040) lv:98.1% dts:15.974 pts:16.183
2025-08-23 16:54:48.517 T:4252 debug : CAMLCodec::AddData: skip add data dl:15391192 fl:331144 sz:480746(480832) lv:100.9% dts:16.016 pts:16.099
2025-08-23 16:54:48.520 T:4252 debug : CAMLCodec::AddData: skip add data dl:15437109 fl:285387 sz:480746(480832) lv:101.2% dts:16.016 pts:16.099
2025-08-23 16:54:48.523 T:4250 info : Skipped 1 duplicate messages..
2025-08-23 16:54:48.523 T:4250 debug : CVideoPlayer::ProcessVideoData size:435342 dts:19.519 pts:19.561 dur:41.000ms, clock:14.309 level:44
2025-08-23 16:54:48.523 T:4073 debug : PrepareNextRender: frameOnScreen: 14.310 renderPts: 14.461 nextFramePts: 14.431 -> diff: 0.030 render: 1 forceNext: 0
2025-08-23 16:54:48.524 T:4073 debug : CAMLCodec::ReleaseFrame idx:346, drop:0
2025-08-23 16:54:48.525 T:4252 debug : CAMLCodec::AddData: skip add data dl:15437109 fl:285387 sz:480746(480832) lv:101.2% dts:16.016 pts:16.099
2025-08-23 16:54:48.545 T:4073 info : Skipped 9 duplicate messages..
2025-08-23 16:54:48.545 T:4073 debug : CAMLCodec::PollFrame elapsed:21.286ms
2025-08-23 16:54:48.545 T:4252 debug : CAMLCodec::AddData: skip add data dl:15397365 fl:325131 sz:480746(480832) lv:101.0% dts:16.016 pts:16.099
2025-08-23 16:54:48.547 T:4252 debug : CAMLCodec::DequeueBuffer: pts:14.681 idx:352
2025-08-23 16:54:48.547 T:4252 debug : CAMLCodec::GetPicture: index: 352, pts: 14.681, dur:41.000ms ar:1.78 elf:121ms
2025-08-23 16:54:48.547 T:4252 debug : CVideoPlayerVideo::OutputPicture - ttd:347ms pts:14.681 Clock:14.334 Level:5
2025-08-23 16:54:48.549 T:4252 debug : CAMLCodec::AddData: skip add data dl:15397365 fl:325131 sz:480746(480832) lv:101.0% dts:16.016 pts:16.099
2025-08-23 16:54:48.558 T:4073 info : Skipped 2 duplicate messages..
2025-08-23 16:54:48.558 T:4073 debug : PrepareNextRender: frameOnScreen: 14.345 renderPts: 14.496 nextFramePts: 14.473 -> diff: 0.023 render: 1 forceNext: 0
2025-08-23 16:54:48.558 T:4073 debug : CAMLCodec::ReleaseFrame idx:347, drop:0
2025-08-23 16:54:48.558 T:4253 debug : CVideoPlayerAudio::OutputPacket: pts:15.139 curr_pts:14.320 clock:14.345 level:55
2025-08-23 16:54:48.559 T:4252 debug : CAMLCodec::AddData: dl:15454837 fl:267659 sz:480746(480832) lv:98.3% dts:16.016 pts:16.099
2025-08-23 16:54:48.560 T:4252 debug : CAMLCodec::AddData: skip add data dl:15343448 fl:378832 sz:440047(440128) lv:100.3% dts:16.058 pts:16.058
2025-08-23 16:54:48.562 T:4252 debug : CAMLCodec::AddData: skip add data dl:15432757 fl:289739 sz:440047(440128) lv:100.9% dts:16.058 pts:16.058
2025-08-23 16:54:48.563 T:4252 debug : CAMLCodec::AddData: skip add data dl:15454751 fl:267745 sz:440047(440128) lv:101.1% dts:16.058 pts:16.058
2025-08-23 16:54:48.567 T:4250 info : Skipped 1 duplicate messages..
2025-08-23 16:54:48.567 T:4250 debug : CVideoPlayer::ProcessVideoData size:743589 dts:19.561 pts:19.686 dur:41.000ms, clock:14.353 level:44
2025-08-23 16:54:48.568 T:4252 debug : CAMLCodec::AddData: skip add data dl:15454751 fl:267745 sz:440047(440128) lv:101.1% dts:16.058 pts:16.058
2025-08-23 16:54:48.587 T:4073 info : Skipped 10 duplicate messages..
2025-08-23 16:54:48.587 T:4073 debug : CAMLCodec::PollFrame elapsed:28.201ms
2025-08-23 16:54:48.589 T:4252 debug : CAMLCodec::AddData: skip add data dl:15447391 fl:275105 sz:440047(440128) lv:101.0% dts:16.058 pts:16.058
2025-08-23 16:54:48.590 T:4252 debug : CAMLCodec::DequeueBuffer: pts:14.723 idx:353
2025-08-23 16:54:48.591 T:4252 debug : CAMLCodec::GetPicture: index: 353, pts: 14.723, dur:42.000ms ar:1.78 elf:43ms
2025-08-23 16:54:48.591 T:4252 debug : CVideoPlayerVideo::OutputPicture - ttd:345ms pts:14.723 Clock:14.378 Level:5
2025-08-23 16:54:48.594 T:4252 debug : CAMLCodec::AddData: skip add data dl:15447391 fl:275105 sz:440047(440128) lv:101.0% dts:16.058 pts:16.058
2025-08-23 16:54:48.595 T:4073 debug : PrepareNextRender: frameOnScreen: 14.381 renderPts: 14.533 nextFramePts: 14.514 -> diff: 0.019 render: 1 forceNext: 0
2025-08-23 16:54:48.595 T:4073 debug : CAMLCodec::ReleaseFrame idx:348, drop:0
2025-08-23 16:54:48.596 T:4252 debug : CAMLCodec::AddData: skip add data dl:15447391 fl:275105 sz:440047(440128) lv:101.0% dts:16.058 pts:16.058
2025-08-23 16:54:48.601 T:4252 debug : CAMLCodec::AddData: dl:15467551 fl:254945 sz:440047(440128) lv:98.3% dts:16.058 pts:16.058
2025-08-23 16:54:48.602 T:4252 debug : CAMLCodec::AddData: skip add data dl:15467470 fl:255026 sz:442467(442560) lv:101.2% dts:16.099 pts:16.141
2025-08-23 16:54:48.608 T:4250 info : Skipped 2 duplicate messages..
2025-08-23 16:54:48.608 T:4250 debug : CVideoPlayer::ProcessAudioData size:10268 dts:19.691 pts:19.691 dur:92.000ms, clock:14.394 drop:0 level:55
2025-08-23 16:54:48.608 T:4250 debug : CVideoPlayer::ProcessAudioData size:8790 dts:19.783 pts:19.783 dur:92.000ms, clock:14.395 drop:0 level:56
2025-08-23 16:54:48.608 T:4250 debug : CVideoPlayer::ProcessAudioData size:8437 dts:19.876 pts:19.876 dur:92.000ms, clock:14.395 drop:0 level:57
2025-08-23 16:54:48.608 T:4250 debug : CVideoPlayer::ProcessAudioData size:9245 dts:19.969 pts:19.969 dur:92.000ms, clock:14.395 drop:0 level:59
2025-08-23 16:54:48.608 T:4252 debug : CAMLCodec::AddData: skip add data dl:15467470 fl:255026 sz:442467(442560) lv:101.2% dts:16.099 pts:16.141
2025-08-23 16:54:48.628 T:4073 info : Skipped 10 duplicate messages..
2025-08-23 16:54:48.628 T:4073 debug : CAMLCodec::PollFrame elapsed:33.318ms
2025-08-23 16:54:48.630 T:4252 debug : CAMLCodec::AddData: skip add data dl:15459662 fl:262834 sz:442467(442560) lv:101.1% dts:16.099 pts:16.141
2025-08-23 16:54:48.631 T:4252 debug : CAMLCodec::DequeueBuffer: pts:14.765 idx:354
2025-08-23 16:54:48.631 T:4252 debug : CAMLCodec::GetPicture: index: 354, pts: 14.765, dur:42.000ms ar:1.78 elf:40ms
2025-08-23 16:54:48.631 T:4252 debug : CVideoPlayerVideo::OutputPicture - ttd:347ms pts:14.765 Clock:14.418 Level:5
2025-08-23 16:54:48.634 T:4073 debug : PrepareNextRender: frameOnScreen: 14.421 renderPts: 14.572 nextFramePts: 14.556 -> diff: 0.016 render: 1 forceNext: 0
2025-08-23 16:54:48.634 T:4073 debug : CAMLCodec::ReleaseFrame idx:349, drop:0
2025-08-23 16:54:48.635 T:4252 debug : CAMLCodec::AddData: skip add data dl:15459662 fl:262834 sz:442467(442560) lv:101.1% dts:16.099 pts:16.141
2025-08-23 16:54:48.642 T:4252 info : Skipped 1 duplicate messages..
2025-08-23 16:54:48.642 T:4252 debug : CAMLCodec::AddData: dl:15467790 fl:254706 sz:442467(442560) lv:98.3% dts:16.099 pts:16.141
2025-08-23 16:54:48.643 T:4250 debug : CVideoPlayer::ProcessVideoData size:672069 dts:19.603 pts:20.020 dur:41.000ms, clock:14.430 level:43
2025-08-23 16:54:48.643 T:4252 debug : CAMLCodec::AddData: skip add data dl:15352910 fl:369586 sz:475232(475328) lv:100.6% dts:16.141 pts:16.266
2025-08-23 16:54:48.645 T:4250 debug : CVideoPlayer::ProcessVideoData size:545482 dts:19.645 pts:19.853 dur:41.000ms, clock:14.432 level:43
2025-08-23 16:54:48.646 T:4252 debug : CAMLCodec::AddData: skip add data dl:15467697 fl:254799 sz:475232(475328) lv:101.4% dts:16.141 pts:16.266
2025-08-23 16:54:48.657 T:4253 info : Skipped 4 duplicate messages..
2025-08-23 16:54:48.657 T:4253 debug : CVideoPlayerAudio::OutputPacket: pts:15.232 curr_pts:14.418 clock:14.443 level:59
2025-08-23 16:54:48.657 T:4252 debug : CAMLCodec::AddData: skip add data dl:15467697 fl:254799 sz:475232(475328) lv:101.4% dts:16.141 pts:16.266
2025-08-23 16:54:48.670 T:4073 info : Skipped 5 duplicate messages..
2025-08-23 16:54:48.670 T:4073 debug : CAMLCodec::PollFrame elapsed:35.724ms
2025-08-23 16:54:48.671 T:4252 debug : CAMLCodec::AddData: skip add data dl:15467697 fl:254799 sz:475232(475328) lv:101.4% dts:16.141 pts:16.266
2025-08-23 16:54:48.673 T:4252 debug : CAMLCodec::DequeueBuffer: pts:14.806 idx:355
2025-08-23 16:54:48.673 T:4252 debug : CAMLCodec::GetPicture: index: 355, pts: 14.806, dur:41.000ms ar:1.78 elf:41ms
2025-08-23 16:54:48.673 T:4252 debug : CVideoPlayerVideo::OutputPicture - ttd:346ms pts:14.806 Clock:14.460 Level:5
2025-08-23 16:54:48.678 T:4252 debug : CAMLCodec::AddData: skip add data dl:15421361 fl:301135 sz:475232(475328) lv:101.1% dts:16.141 pts:16.266
2025-08-23 16:54:48.680 T:4073 debug : PrepareNextRender: frameOnScreen: 14.466 renderPts: 14.617 nextFramePts: 14.598 -> diff: 0.019 render: 1 forceNext: 0
2025-08-23 16:54:48.680 T:4073 debug : CAMLCodec::ReleaseFrame idx:350, drop:0
2025-08-23 16:54:48.681 T:4252 debug : CAMLCodec::AddData: skip add data dl:15421361 fl:726351 sz:475232(475328) lv:101.1% dts:16.141 pts:16.266
2025-08-23 16:54:48.686 T:4252 debug : CAMLCodec::AddData: dl:15471473 fl:251023 sz:475232(475328) lv:98.4% dts:16.141 pts:16.266
2025-08-23 16:54:48.687 T:4252 debug : CAMLCodec::AddData: skip add data dl:15471377 fl:251119 sz:438564(438656) lv:101.2% dts:16.183 pts:16.225
2025-08-23 16:54:48.713 T:4252 info : Skipped 12 duplicate messages..
2025-08-23 16:54:48.713 T:4252 debug : CAMLCodec::AddData: skip add data dl:15463697 fl:258799 sz:438564(438656) lv:101.1% dts:16.183 pts:16.225
2025-08-23 16:54:48.713 T:4073 debug : CAMLCodec::PollFrame elapsed:32.478ms
2025-08-23 16:54:48.714 T:4252 debug : CAMLCodec::DequeueBuffer: pts:14.848 idx:356
2025-08-23 16:54:48.714 T:4252 debug : CAMLCodec::GetPicture: index: 356, pts: 14.848, dur:42.000ms ar:1.78 elf:40ms
2025-08-23 16:54:48.714 T:4252 debug : CVideoPlayerVideo::OutputPicture - ttd:347ms pts:14.848 Clock:14.501 Level:5
2025-08-23 16:54:48.717 T:4252 debug : CAMLCodec::AddData: skip add data dl:15463697 fl:258799 sz:438564(438656) lv:101.1% dts:16.183 pts:16.225
2025-08-23 16:54:48.720 T:4073 info : Skipped 1 duplicate messages..
2025-08-23 16:54:48.720 T:4073 debug : PrepareNextRender: frameOnScreen: 14.507 renderPts: 14.658 nextFramePts: 14.640 -> diff: 0.018 render: 1 forceNext: 0
2025-08-23 16:54:48.720 T:4073 debug : CAMLCodec::ReleaseFrame idx:351, drop:0
2025-08-23 16:54:48.721 T:4252 debug : CAMLCodec::AddData: skip add data dl:15463697 fl:258799 sz:438564(438656) lv:101.1% dts:16.183 pts:16.225
2025-08-23 16:54:48.726 T:4252 debug : CAMLCodec::AddData: dl:15478929 fl:243567 sz:438564(438656) lv:98.4% dts:16.183 pts:16.225
2025-08-23 16:54:48.727 T:4252 debug : CAMLCodec::AddData: skip add data dl:15478837 fl:243659 sz:438795(438912) lv:101.2% dts:16.225 pts:16.308
2025-08-23 16:54:48.739 T:4250 info : Skipped 5 duplicate messages..
2025-08-23 16:54:48.739 T:4250 debug : CVideoPlayer::ProcessVideoData size:471290 dts:19.686 pts:19.770 dur:41.000ms, clock:14.526 level:43
2025-08-23 16:54:48.740 T:4252 debug : CAMLCodec::AddData: skip add data dl:15478837 fl:243659 sz:438795(438912) lv:101.2% dts:16.225 pts:16.308
2025-08-23 16:54:48.754 T:4073 info : Skipped 6 duplicate messages..
2025-08-23 16:54:48.754 T:4073 debug : CAMLCodec::PollFrame elapsed:33.350ms
2025-08-23 16:54:48.754 T:4252 debug : CAMLCodec::AddData: skip add data dl:15470517 fl:251979 sz:438795(438912) lv:101.1% dts:16.225 pts:16.308
2025-08-23 16:54:48.756 T:4252 debug : CAMLCodec::DequeueBuffer: pts:14.890 idx:357
2025-08-23 16:54:48.756 T:4252 debug : CAMLCodec::GetPicture: index: 357, pts: 14.890, dur:42.000ms ar:1.78 elf:41ms
2025-08-23 16:54:48.756 T:4252 debug : CVideoPlayerVideo::OutputPicture - ttd:347ms pts:14.890 Clock:14.542 Level:5
2025-08-23 16:54:48.757 T:4253 debug : CVideoPlayerAudio::OutputPacket: pts:15.325 curr_pts:14.519 clock:14.543 level:57
2025-08-23 16:54:48.760 T:4252 debug : CAMLCodec::AddData: skip add data dl:15470517 fl:251979 sz:438795(438912) lv:101.1% dts:16.225 pts:16.308
2025-08-23 16:54:48.763 T:4073 info : Skipped 1 duplicate messages..
2025-08-23 16:54:48.763 T:4073 debug : PrepareNextRender: frameOnScreen: 14.550 renderPts: 14.701 nextFramePts: 14.681 -> diff: 0.020 render: 1 forceNext: 0
2025-08-23 16:54:48.763 T:4073 debug : CAMLCodec::ReleaseFrame idx:352, drop:0
2025-08-23 16:54:48.764 T:4252 debug : CAMLCodec::AddData: skip add data dl:15470517 fl:251979 sz:438795(438912) lv:101.1% dts:16.225 pts:16.308
2025-08-23 16:54:48.769 T:4252 debug : CAMLCodec::AddData: dl:15401653 fl:320843 sz:438795(438912) lv:97.9% dts:16.225 pts:16.308
2025-08-23 16:54:48.771 T:4250 debug : CVideoPlayer::ProcessVideoData size:429571 dts:19.728 pts:19.728 dur:41.000ms, clock:14.557 level:43
2025-08-23 16:54:48.773 T:4250 debug : CVideoPlayer::ProcessVideoData size:435894 dts:19.770 pts:19.811 dur:41.000ms, clock:14.559 level:43
2025-08-23 16:54:48.773 T:4252 debug : CAMLCodec::AddData: skip add data dl:15401536 fl:320960 sz:619746(619840) lv:101.9% dts:16.266 pts:16.642
2025-08-23 16:54:48.796 T:4252 info : Skipped 10 duplicate messages..
2025-08-23 16:54:48.796 T:4252 debug : CAMLCodec::DequeueBuffer: pts:14.932 idx:358
2025-08-23 16:54:48.796 T:4073 debug : CAMLCodec::PollFrame elapsed:32.171ms
2025-08-23 16:54:48.796 T:4252 debug : CAMLCodec::GetPicture: index: 358, pts: 14.932, dur:42.000ms ar:1.78 elf:39ms
2025-08-23 16:54:48.796 T:4252 debug : CVideoPlayerVideo::OutputPicture - ttd:349ms pts:14.932 Clock:14.582 Level:5
2025-08-23 16:54:48.798 T:4252 debug : CAMLCodec::AddData: skip add data dl:15238592 fl:483904 sz:619746(619840) lv:100.8% dts:16.266 pts:16.642
2025-08-23 16:54:48.808 T:4252 info : Skipped 2 duplicate messages..
2025-08-23 16:54:48.808 T:4252 debug : CAMLCodec::AddData: dl:15356544 fl:365952 sz:619746(619840) lv:97.6% dts:16.266 pts:16.642
2025-08-23 16:54:48.809 T:4073 debug : PrepareNextRender: frameOnScreen: 14.595 renderPts: 14.747 nextFramePts: 14.723 -> diff: 0.024 render: 1 forceNext: 0
2025-08-23 16:54:48.809 T:4073 debug : CAMLCodec::ReleaseFrame idx:353, drop:0
2025-08-23 16:54:48.813 T:4252 debug : CAMLCodec::AddData: dl:15692480 fl:30016 sz:562439(562560) lv:99.8% dts:16.308 pts:16.516
2025-08-23 16:54:48.814 T:4250 debug : CVideoPlayer::ProcessVideoData size:474365 dts:19.811 pts:19.937 dur:41.000ms, clock:14.601 level:43
2025-08-23 16:54:48.815 T:4250 debug : CVideoPlayer::ProcessVideoData size:443018 dts:19.853 pts:19.895 dur:41.000ms, clock:14.601 level:43
2025-08-23 16:54:48.815 T:4252 debug : CAMLCodec::AddData: skip add data dl:15722496 fl:0 sz:485542(485632) lv:100.0% dts:16.350 pts:16.433
2025-08-23 16:54:48.837 T:4073 info : Skipped 12 duplicate messages..
2025-08-23 16:54:48.837 T:4073 debug : CAMLCodec::PollFrame elapsed:28.031ms
2025-08-23 16:54:48.838 T:4252 debug : CAMLCodec::DequeueBuffer: pts:14.973 idx:359
2025-08-23 16:54:48.838 T:4252 debug : CAMLCodec::GetPicture: index: 359, pts: 14.973, dur:41.000ms ar:1.78 elf:41ms
2025-08-23 16:54:48.838 T:4252 debug : CVideoPlayerVideo::OutputPicture - ttd:348ms pts:14.973 Clock:14.624 Level:5
2025-08-23 16:54:48.840 T:4252 debug : CAMLCodec::AddData: skip add data dl:15678208 fl:44288 sz:485542(485632) lv:102.8% dts:16.350 pts:16.433
2025-08-23 16:54:48.846 T:4252 info : Skipped 2 duplicate messages..
2025-08-23 16:54:48.846 T:4252 debug : CAMLCodec::AddData: skip add data dl:15245632 fl:476864 sz:485542(485632) lv:100.0% dts:16.350 pts:16.433
2025-08-23 16:54:48.856 T:4073 info : Skipped 5 duplicate messages..
2025-08-23 16:54:48.856 T:4073 debug : PrepareNextRender: frameOnScreen: 14.642 renderPts: 14.794 nextFramePts: 14.765 -> diff: 0.029 render: 1 forceNext: 0
2025-08-23 16:54:48.856 T:4073 debug : CAMLCodec::ReleaseFrame idx:354, drop:0
2025-08-23 16:54:48.857 T:4253 debug : CVideoPlayerAudio::OutputPacket: pts:15.418 curr_pts:14.619 clock:14.644 level:56
2025-08-23 16:54:48.858 T:4252 debug : CAMLCodec::AddData: skip add data dl:15245632 fl:476864 sz:485542(485632) lv:100.0% dts:16.350 pts:16.433
2025-08-23 16:54:48.879 T:4073 info : Skipped 11 duplicate messages..
2025-08-23 16:54:48.879 T:4073 debug : CAMLCodec::PollFrame elapsed:22.686ms
2025-08-23 16:54:48.880 T:4252 debug : CAMLCodec::AddData: skip add data dl:15245632 fl:476864 sz:485542(485632) lv:100.0% dts:16.350 pts:16.433
2025-08-23 16:54:48.887 T:4073 info : Skipped 3 duplicate messages..
2025-08-23 16:54:48.887 T:4073 debug : PrepareNextRender: frameOnScreen: 14.674 renderPts: 14.825 nextFramePts: 14.806 -> diff: 0.019 render: 1 forceNext: 0
2025-08-23 16:54:48.888 T:4073 debug : CAMLCodec::ReleaseFrame idx:355, drop:0
2025-08-23 16:54:48.888 T:4252 debug : CAMLCodec::AddData: skip add data dl:15245632 fl:476864 sz:485542(485632) lv:100.0% dts:16.350 pts:16.433
2025-08-23 16:54:48.916 T:4252 info : Skipped 14 duplicate messages..
2025-08-23 16:54:48.916 T:4252 debug : CAMLCodec::AddData: skip add data dl:15434336 fl:287904 sz:485542(485632) lv:101.2% dts:16.350 pts:16.433
2025-08-23 16:54:48.918 T:4252 debug : CAMLCodec::AddData: skip add data dl:15442025 fl:280471 sz:485542(485632) lv:101.3% dts:16.350 pts:16.433
2025-08-23 16:54:48.921 T:4073 info : Skipped 1 duplicate messages..
2025-08-23 16:54:48.921 T:4073 debug : CAMLCodec::PollFrame elapsed:33.253ms
2025-08-23 16:54:48.923 T:4252 debug : CAMLCodec::AddData: skip add data dl:15399465 fl:323031 sz:485542(485632) lv:101.0% dts:16.350 pts:16.433
2025-08-23 16:54:48.924 T:4252 debug : CAMLCodec::DequeueBuffer: pts:15.015 idx:360
2025-08-23 16:54:48.924 T:4252 debug : CAMLCodec::GetPicture: index: 360, pts: 15.015, dur:42.000ms ar:1.78 elf:86ms
2025-08-23 16:54:48.924 T:4252 debug : CVideoPlayerVideo::OutputPicture - ttd:304ms pts:15.015 Clock:14.710 Level:4
2025-08-23 16:54:48.927 T:4252 debug : CAMLCodec::AddData: skip add data dl:15399465 fl:323031 sz:485542(485632) lv:101.0% dts:16.350 pts:16.433
2025-08-23 16:54:48.934 T:4073 info : Skipped 1 duplicate messages..
2025-08-23 16:54:48.934 T:4073 debug : PrepareNextRender: frameOnScreen: 14.720 renderPts: 14.871 nextFramePts: 14.848 -> diff: 0.023 render: 1 forceNext: 0
2025-08-23 16:54:48.934 T:4073 debug : CAMLCodec::ReleaseFrame idx:356, drop:0
2025-08-23 16:54:48.935 T:4252 debug : CAMLCodec::AddData: dl:15457705 fl:264791 sz:485542(485632) lv:98.3% dts:16.350 pts:16.433
2025-08-23 16:54:48.936 T:4252 debug : CAMLCodec::AddData: skip add data dl:15457615 fl:264881 sz:442327(442432) lv:101.1% dts:16.391 pts:16.391
2025-08-23 16:54:48.950 T:4250 info : Skipped 7 duplicate messages..
2025-08-23 16:54:48.950 T:4250 debug : CVideoPlayer::ProcessVideoData size:439542 dts:19.895 pts:19.978 dur:41.000ms, clock:14.736 level:100
2025-08-23 16:54:48.951 T:4252 debug : CAMLCodec::AddData: skip add data dl:15457615 fl:264881 sz:442327(442432) lv:101.1% dts:16.391 pts:16.391
2025-08-23 16:54:48.957 T:4253 info : Skipped 2 duplicate messages..
2025-08-23 16:54:48.957 T:4253 debug : CVideoPlayerAudio::OutputPacket: pts:15.510 curr_pts:14.718 clock:14.743 level:55
2025-08-23 16:54:48.957 T:4252 debug : CAMLCodec::AddData: skip add data dl:15457615 fl:264881 sz:442327(442432) lv:101.1% dts:16.391 pts:16.391
2025-08-23 16:54:48.964 T:4073 info : Skipped 2 duplicate messages..
2025-08-23 16:54:48.963 T:4073 debug : CAMLCodec::PollFrame elapsed:28.138ms
2025-08-23 16:54:48.964 T:4252 debug : CAMLCodec::AddData: skip add data dl:15448399 fl:274097 sz:442327(442432) lv:101.0% dts:16.391 pts:16.391
2025-08-23 16:54:48.965 T:4252 debug : CAMLCodec::DequeueBuffer: pts:15.057 idx:361
2025-08-23 16:54:48.965 T:4252 debug : CAMLCodec::GetPicture: index: 361, pts: 15.057, dur:42.000ms ar:1.78 elf:41ms
2025-08-23 16:54:48.965 T:4252 debug : CVideoPlayerVideo::OutputPicture - ttd:305ms pts:15.057 Clock:14.752 Level:4
2025-08-23 16:54:48.967 T:4252 debug : CAMLCodec::AddData: skip add data dl:15448399 fl:274097 sz:442327(442432) lv:101.0% dts:16.391 pts:16.391
2025-08-23 16:54:48.978 T:4252 info : Skipped 1 duplicate messages..
2025-08-23 16:54:48.978 T:4252 debug : CAMLCodec::AddData: dl:15465551 fl:256945 sz:442327(442432) lv:98.3% dts:16.391 pts:16.391
2025-08-23 16:54:48.980 T:4252 debug : CAMLCodec::AddData: skip add data dl:15465446 fl:257050 sz:439709(439808) lv:101.1% dts:16.433 pts:16.475
2025-08-23 16:54:48.980 T:4073 debug : PrepareNextRender: frameOnScreen: 14.767 renderPts: 14.918 nextFramePts: 14.890 -> diff: 0.028 render: 1 forceNext: 0
2025-08-23 16:54:48.981 T:4073 debug : CAMLCodec::ReleaseFrame idx:357, drop:0
2025-08-23 16:54:48.982 T:4252 debug : CAMLCodec::AddData: skip add data dl:15465446 fl:257050 sz:439709(439808) lv:101.1% dts:16.433 pts:16.475
2025-08-23 16:54:48.992 T:4250 info : Skipped 4 duplicate messages..
2025-08-23 16:54:48.992 T:4250 debug : CVideoPlayer::ProcessAudioData size:9384 dts:20.062 pts:20.062 dur:92.000ms, clock:14.778 drop:0 level:55
2025-08-23 16:54:48.992 T:4250 debug : CVideoPlayer::ProcessAudioData size:9141 dts:20.154 pts:20.154 dur:92.000ms, clock:14.778 drop:0 level:56
2025-08-23 16:54:48.992 T:4250 debug : CVideoPlayer::ProcessAudioData size:8900 dts:20.248 pts:20.248 dur:92.000ms, clock:14.778 drop:0 level:57
2025-08-23 16:54:48.992 T:4250 debug : CVideoPlayer::ProcessAudioData size:8754 dts:20.340 pts:20.340 dur:92.000ms, clock:14.779 drop:0 level:59
2025-08-23 16:54:48.995 T:4250 debug : CVideoPlayer::ProcessVideoData size:680408 dts:19.937 pts:20.354 dur:41.000ms, clock:14.781 level:43
2025-08-23 16:54:48.995 T:4252 debug : CAMLCodec::AddData: skip add data dl:15465446 fl:257050 sz:439709(439808) lv:101.1% dts:16.433 pts:16.475
2025-08-23 16:54:49.004 T:4073 info : Skipped 4 duplicate messages..
2025-08-23 16:54:49.004 T:4073 debug : CAMLCodec::PollFrame elapsed:23.606ms
2025-08-23 16:54:49.005 T:4252 debug : CAMLCodec::AddData: skip add data dl:15456742 fl:265754 sz:439709(439808) lv:101.1% dts:16.433 pts:16.475
2025-08-23 16:54:49.007 T:4252 debug : CAMLCodec::DequeueBuffer: pts:15.098 idx:362
2025-08-23 16:54:49.007 T:4252 debug : CAMLCodec::GetPicture: index: 362, pts: 15.098, dur:41.000ms ar:1.78 elf:41ms
2025-08-23 16:54:49.007 T:4252 debug : CVideoPlayerVideo::OutputPicture - ttd:304ms pts:15.098 Clock:14.793 Level:4
2025-08-23 16:54:49.011 T:4252 debug : CAMLCodec::AddData: skip add data dl:15456742 fl:265754 sz:439709(439808) lv:101.1% dts:16.433 pts:16.475
2025-08-23 16:54:49.012 T:4073 debug : PrepareNextRender: frameOnScreen: 14.798 renderPts: 14.949 nextFramePts: 14.932 -> diff: 0.017 render: 1 forceNext: 0
2025-08-23 16:54:49.012 T:4073 debug : CAMLCodec::ReleaseFrame idx:358, drop:0
2025-08-23 16:54:49.013 T:4252 debug : CAMLCodec::AddData: skip add data dl:15456742 fl:265754 sz:439709(439808) lv:101.1% dts:16.433 pts:16.475
2025-08-23 16:54:49.019 T:4252 debug : CAMLCodec::AddData: dl:15463398 fl:259098 sz:439709(439808) lv:98.3% dts:16.433 pts:16.475
2025-08-23 16:54:49.020 T:4252 debug : CAMLCodec::AddData: skip add data dl:15463299 fl:259197 sz:481938(482048) lv:101.4% dts:16.475 pts:16.600
2025-08-23 16:54:49.046 T:4252 info : Skipped 13 duplicate messages..
2025-08-23 16:54:49.046 T:4252 debug : CAMLCodec::DequeueBuffer: pts:15.140 idx:363
2025-08-23 16:54:49.046 T:4252 debug : CAMLCodec::GetPicture: index: 363, pts: 15.140, dur:42.000ms ar:1.78 elf:39ms
2025-08-23 16:54:49.046 T:4252 debug : CVideoPlayerVideo::OutputPicture - ttd:307ms pts:15.140 Clock:14.832 Level:4
2025-08-23 16:54:49.046 T:4073 debug : CAMLCodec::PollFrame elapsed:34.067ms
2025-08-23 16:54:49.052 T:4252 debug : CAMLCodec::AddData: skip add data dl:15419011 fl:303485 sz:481938(482048) lv:101.1% dts:16.475 pts:16.600
2025-08-23 16:54:49.053 T:4073 debug : PrepareNextRender: frameOnScreen: 14.839 renderPts: 14.990 nextFramePts: 14.973 -> diff: 0.017 render: 1 forceNext: 0
2025-08-23 16:54:49.053 T:4073 debug : CAMLCodec::ReleaseFrame idx:359, drop:0
2025-08-23 16:54:49.057 T:4253 debug : CVideoPlayerAudio::OutputPacket: pts:15.603 curr_pts:14.817 clock:14.843 level:59
2025-08-23 16:54:49.058 T:4252 debug : CAMLCodec::AddData: dl:15474947 fl:247549 sz:481938(482048) lv:98.4% dts:16.475 pts:16.600
2025-08-23 16:54:49.061 T:4252 debug : CAMLCodec::AddData: skip add data dl:15386115 fl:336381 sz:442140(442240) lv:100.6% dts:16.516 pts:16.558
2025-08-23 16:54:49.062 T:4250 debug : CVideoPlayer::ProcessVideoData size:553947 dts:19.978 pts:20.187 dur:41.000ms, clock:14.848 level:43
2025-08-23 16:54:49.063 T:4252 debug : CAMLCodec::AddData: skip add data dl:15474837 fl:247659 sz:442140(442240) lv:101.2% dts:16.516 pts:16.558
2025-08-23 16:54:49.088 T:4073 info : Skipped 14 duplicate messages..
2025-08-23 16:54:49.088 T:4073 debug : CAMLCodec::PollFrame elapsed:35.290ms
2025-08-23 16:54:49.089 T:4252 debug : CAMLCodec::AddData: skip add data dl:15466453 fl:256043 sz:442140(442240) lv:101.1% dts:16.516 pts:16.558
2025-08-23 16:54:49.090 T:4252 debug : CAMLCodec::DequeueBuffer: pts:15.182 idx:364
2025-08-23 16:54:49.090 T:4252 debug : CAMLCodec::GetPicture: index: 364, pts: 15.182, dur:42.000ms ar:1.78 elf:43ms
2025-08-23 16:54:49.090 T:4252 debug : CVideoPlayerVideo::OutputPicture - ttd:305ms pts:15.182 Clock:14.876 Level:4
2025-08-23 16:54:49.092 T:4252 debug : CAMLCodec::AddData: skip add data dl:15466453 fl:256043 sz:442140(442240) lv:101.1% dts:16.516 pts:16.558
2025-08-23 16:54:49.102 T:4073 info : Skipped 2 duplicate messages..
2025-08-23 16:54:49.102 T:4073 debug : PrepareNextRender: frameOnScreen: 14.888 renderPts: 15.039 nextFramePts: 15.015 -> diff: 0.024 render: 1 forceNext: 0
2025-08-23 16:54:49.102 T:4073 debug : CAMLCodec::ReleaseFrame idx:360, drop:0
2025-08-23 16:54:49.102 T:4252 debug : CAMLCodec::AddData: dl:15489493 fl:233003 sz:442140(442240) lv:98.5% dts:16.516 pts:16.558
2025-08-23 16:54:49.104 T:4252 debug : CAMLCodec::AddData: skip add data dl:15489393 fl:233103 sz:757120(757184) lv:103.3% dts:16.558 pts:16.683
2025-08-23 16:54:49.107 T:4253 info : Skipped 1 duplicate messages..
2025-08-23 16:54:49.107 T:4253 debug : CVideoPlayerAudio::OutputPacket: pts:15.697 curr_pts:14.867 clock:14.893 level:57
2025-08-23 16:54:49.108 T:4252 debug : CAMLCodec::AddData: skip add data dl:15489393 fl:233103 sz:757120(757184) lv:103.3% dts:16.558 pts:16.683
2025-08-23 16:54:49.115 T:4250 info : Skipped 2 duplicate messages..
2025-08-23 16:54:49.115 T:4250 debug : CVideoPlayer::ProcessVideoData size:478878 dts:20.020 pts:20.103 dur:41.000ms, clock:14.901 level:43
2025-08-23 16:54:49.115 T:4252 debug : CAMLCodec::AddData: skip add data dl:15489393 fl:233103 sz:757120(757184) lv:103.3% dts:16.558 pts:16.683
2025-08-23 16:54:49.116 T:4250 debug : CVideoPlayer::ProcessVideoData size:440348 dts:20.062 pts:20.062 dur:41.000ms, clock:14.902 level:100
2025-08-23 16:54:49.119 T:4252 debug : CAMLCodec::AddData: skip add data dl:15489393 fl:233103 sz:757120(757184) lv:103.3% dts:16.558 pts:16.683
2025-08-23 16:54:49.129 T:4252 info : Skipped 4 duplicate messages..
2025-08-23 16:54:49.129 T:4252 debug : CAMLCodec::DequeueBuffer: pts:15.224 idx:365
2025-08-23 16:54:49.130 T:4252 debug : CAMLCodec::GetPicture: index: 365, pts: 15.224, dur:42.000ms ar:1.78 elf:39ms
2025-08-23 16:54:49.130 T:4252 debug : CVideoPlayerVideo::OutputPicture - ttd:308ms pts:15.224 Clock:14.916 Level:4
2025-08-23 16:54:49.130 T:4073 debug : CAMLCodec::PollFrame elapsed:27.495ms
2025-08-23 16:54:49.133 T:4252 debug : CAMLCodec::AddData: skip add data dl:15479921 fl:242575 sz:757120(757184) lv:103.2% dts:16.558 pts:16.683
2025-08-23 16:54:49.138 T:4073 info : Skipped 1 duplicate messages..
2025-08-23 16:54:49.138 T:4073 debug : PrepareNextRender: frameOnScreen: 14.924 renderPts: 15.075 nextFramePts: 15.057 -> diff: 0.018 render: 1 forceNext: 0
2025-08-23 16:54:49.138 T:4073 debug : CAMLCodec::ReleaseFrame idx:361, drop:0
2025-08-23 16:54:49.139 T:4252 debug : CAMLCodec::AddData: skip add data dl:15479921 fl:242575 sz:757120(757184) lv:103.2% dts:16.558 pts:16.683
2025-08-23 16:54:49.145 T:4252 debug : CAMLCodec::AddData: dl:15725681 fl:-3185 sz:757120(757184) lv:100.0% dts:16.558 pts:16.683
2025-08-23 16:54:49.146 T:4252 debug : CAMLCodec::AddData: skip add data dl:15623857 fl:98639 sz:677711(677824) lv:103.6% dts:16.600 pts:17.017
2025-08-23 16:54:49.148 T:4250 debug : CVideoPlayer::ProcessVideoData size:445941 dts:20.103 pts:20.145 dur:41.000ms, clock:14.934 level:43
2025-08-23 16:54:49.149 T:4252 debug : CAMLCodec::AddData: skip add data dl:15722496 fl:0 sz:677711(677824) lv:100.0% dts:16.600 pts:17.017
2025-08-23 16:54:49.171 T:4073 info : Skipped 11 duplicate messages..
2025-08-23 16:54:49.171 T:4073 debug : CAMLCodec::PollFrame elapsed:32.937ms
2025-08-23 16:54:49.173 T:4252 debug : CAMLCodec::AddData: skip add data dl:15617216 fl:105280 sz:677711(677824) lv:103.6% dts:16.600 pts:17.017
2025-08-23 16:54:49.174 T:4252 debug : CAMLCodec::DequeueBuffer: pts:15.265 idx:366
2025-08-23 16:54:49.174 T:4252 debug : CAMLCodec::GetPicture: index: 366, pts: 15.265, dur:41.000ms ar:1.78 elf:44ms
2025-08-23 16:54:49.174 T:4252 debug : CVideoPlayerVideo::OutputPicture - ttd:304ms pts:15.265 Clock:14.960 Level:4
2025-08-23 16:54:49.178 T:4252 debug : CAMLCodec::AddData: skip add data dl:15617216 fl:105280 sz:677711(677824) lv:103.6% dts:16.600 pts:17.017
2025-08-23 16:54:49.181 T:4073 debug : PrepareNextRender: frameOnScreen: 14.966 renderPts: 15.118 nextFramePts: 15.098 -> diff: 0.020 render: 1 forceNext: 0
2025-08-23 16:54:49.181 T:4073 debug : CAMLCodec::ReleaseFrame idx:362, drop:0
2025-08-23 16:54:49.181 T:4252 debug : CAMLCodec::AddData: skip add data dl:15617216 fl:105280 sz:677711(677824) lv:103.6% dts:16.600 pts:17.017
