2025-08-23 16:54:40.654 T:4252 debug : CAMLCodec::DequeueBuffer: pts:6.757 idx:162
2025-08-23 16:54:40.654 T:4252 debug : CAMLCodec::GetPicture: index: 162, pts: 6.757, dur:42.000ms ar:1.78 elf:40ms
2025-08-23 16:54:40.654 T:4252 debug : CVideoPlayerVideo::OutputPicture - ttd:305ms pts:6.757 Clock:6.451 Level:4
2025-08-23 16:54:40.657 T:4252 debug : CAMLCodec::AddData: skip add data dl:15550634 fl:171862 sz:305474(305600) lv:100.8% dts:8.800 pts:8.926
2025-08-23 16:54:40.662 T:4073 info : Skipped 2 duplicate messages..
2025-08-23 16:54:40.662 T:4073 debug : PrepareNextRender: frameOnScreen: 6.459 renderPts: 6.612 nextFramePts: 6.590 -> diff: 0.022 render: 1 forceNext: 0
2025-08-23 16:54:40.662 T:4073 debug : CAMLCodec::ReleaseFrame idx:158, drop:0
2025-08-23 16:54:40.665 T:4252 debug : CAMLCodec::AddData: dl:15590762 fl:131734 sz:305474(305600) lv:99.1% dts:8.800 pts:8.926
2025-08-23 16:54:40.666 T:4252 debug : CAMLCodec::AddData: skip add data dl:15590636 fl:131860 sz:271372(271488) lv:100.8% dts:8.842 pts:8.884
2025-08-23 16:54:40.693 T:4073 info : Skipped 16 duplicate messages..
2025-08-23 16:54:40.693 T:4073 debug : CAMLCodec::PollFrame elapsed:31.149ms
2025-08-23 16:54:40.698 T:4252 debug : CAMLCodec::AddData: skip add data dl:15562348 fl:160148 sz:271372(271488) lv:100.7% dts:8.842 pts:8.884
2025-08-23 16:54:40.699 T:4250 debug : CVideoPlayer::ProcessVideoData size:445709 dts:14.223 pts:14.306 dur:41.000ms, clock:6.497 level:100
2025-08-23 16:54:40.699 T:4252 debug : CAMLCodec::DequeueBuffer: pts:6.798 idx:163
2025-08-23 16:54:40.700 T:4252 debug : CAMLCodec::GetPicture: index: 163, pts: 6.798, dur:41.000ms ar:1.78 elf:45ms
2025-08-23 16:54:40.700 T:4252 debug : CVideoPlayerVideo::OutputPicture - ttd:300ms pts:6.798 Clock:6.497 Level:4
2025-08-23 16:54:40.706 T:4252 debug : CAMLCodec::AddData: dl:15569196 fl:153300 sz:271372(271488) lv:99.0% dts:8.842 pts:8.884
2025-08-23 16:54:40.708 T:4252 debug : CAMLCodec::AddData: skip add data dl:15569080 fl:153416 sz:681798(681920) lv:103.3% dts:8.884 pts:9.009
2025-08-23 16:54:40.709 T:4073 debug : PrepareNextRender: frameOnScreen: 6.507 renderPts: 6.660 nextFramePts: 6.632 -> diff: 0.028 render: 1 forceNext: 0
2025-08-23 16:54:40.711 T:4252 debug : CAMLCodec::AddData: skip add data dl:15569080 fl:153416 sz:681798(681920) lv:103.3% dts:8.884 pts:9.009
2025-08-23 16:54:40.711 T:4073 debug : CAMLCodec::ReleaseFrame idx:159, drop:0
2025-08-23 16:54:40.714 T:4252 debug : CAMLCodec::AddData: skip add data dl:15569080 fl:153416 sz:681798(681920) lv:103.3% dts:8.884 pts:9.009
2025-08-23 16:54:40.735 T:4073 info : Skipped 8 duplicate messages..
2025-08-23 16:54:40.735 T:4073 debug : CAMLCodec::PollFrame elapsed:23.609ms
2025-08-23 16:54:40.736 T:4252 debug : CAMLCodec::AddData: skip add data dl:15563192 fl:159304 sz:681798(681920) lv:103.3% dts:8.884 pts:9.009
2025-08-23 16:54:40.737 T:4252 debug : CAMLCodec::DequeueBuffer: pts:6.840 idx:164
2025-08-23 16:54:40.738 T:4252 debug : CAMLCodec::GetPicture: index: 164, pts: 6.840, dur:42.000ms ar:1.78 elf:37ms
2025-08-23 16:54:40.738 T:4252 debug : CVideoPlayerVideo::OutputPicture - ttd:304ms pts:6.840 Clock:6.535 Level:4
2025-08-23 16:54:40.739 T:4252 debug : CAMLCodec::DequeueBuffer: pts:6.882 idx:165
2025-08-23 16:54:40.739 T:4252 debug : CAMLCodec::GetPicture: index: 165, pts: 6.882, dur:42.000ms ar:1.78 elf:1ms
2025-08-23 16:54:40.739 T:4252 debug : CVideoPlayerVideo::OutputPicture - ttd:345ms pts:6.882 Clock:6.536 Level:5
2025-08-23 16:54:40.740 T:4252 debug : CAMLCodec::DequeueBuffer: pts:6.924 idx:166
2025-08-23 16:54:40.740 T:4252 debug : CAMLCodec::GetPicture: index: 166, pts: 6.924, dur:42.000ms ar:1.78 elf:1ms
2025-08-23 16:54:40.740 T:4252 debug : CVideoPlayerVideo::OutputPicture - ttd:386ms pts:6.924 Clock:6.538 Level:6
2025-08-23 16:54:40.741 T:4252 debug : CAMLCodec::DequeueBuffer: pts:6.965 idx:167
2025-08-23 16:54:40.742 T:4252 debug : CAMLCodec::GetPicture: index: 167, pts: 6.965, dur:41.000ms ar:1.78 elf:1ms
2025-08-23 16:54:40.742 T:4073 debug : PrepareNextRender: frameOnScreen: 6.540 renderPts: 6.693 nextFramePts: 6.673 -> diff: 0.020 render: 1 forceNext: 0
2025-08-23 16:54:40.743 T:4252 debug : CVideoPlayerVideo::OutputPicture - ttd:425ms pts:6.965 Clock:6.539 Level:6
2025-08-23 16:54:40.743 T:4073 debug : CAMLCodec::ReleaseFrame idx:160, drop:0
2025-08-23 16:54:40.745 T:4253 debug : CVideoPlayerAudio::OutputPacket: pts:7.337 curr_pts:6.518 clock:6.543 level:86
2025-08-23 16:54:40.746 T:4252 debug : CAMLCodec::AddData: skip add data dl:15563192 fl:159304 sz:681798(681920) lv:103.3% dts:8.884 pts:9.009
2025-08-23 16:54:40.751 T:4252 debug : CAMLCodec::AddData: dl:15726392 fl:-3896 sz:681798(681920) lv:100.0% dts:8.884 pts:9.009
2025-08-23 16:54:40.752 T:4252 debug : CAMLCodec::AddData: skip add data dl:15570558 fl:151938 sz:469850(469952) lv:102.0% dts:8.926 pts:9.343
2025-08-23 16:54:40.752 T:4250 debug : CVideoPlayer::ProcessAudioData size:9959 dts:14.396 pts:14.396 dur:92.000ms, clock:6.549 drop:0 level:86
2025-08-23 16:54:40.752 T:4250 debug : CVideoPlayer::ProcessAudioData size:9261 dts:14.488 pts:14.488 dur:92.000ms, clock:6.549 drop:0 level:88
2025-08-23 16:54:40.752 T:4250 debug : CVideoPlayer::ProcessAudioData size:8623 dts:14.581 pts:14.581 dur:92.000ms, clock:6.550 drop:0 level:89
2025-08-23 16:54:40.755 T:4250 debug : CVideoPlayer::ProcessVideoData size:639932 dts:14.264 pts:14.640 dur:41.000ms, clock:6.552 level:66
2025-08-23 16:54:40.758 T:4250 debug : CVideoPlayer::ProcessVideoData size:560623 dts:14.306 pts:14.514 dur:41.000ms, clock:6.556 level:67
2025-08-23 16:54:40.763 T:4252 debug : CAMLCodec::AddData: dl:15699774 fl:22722 sz:469850(469952) lv:99.8% dts:8.926 pts:9.343
2025-08-23 16:54:40.764 T:4252 debug : CAMLCodec::AddData: skip add data dl:15699672 fl:22824 sz:367968(368064) lv:102.2% dts:8.967 pts:9.176
2025-08-23 16:54:40.777 T:4073 info : Skipped 5 duplicate messages..
2025-08-23 16:54:40.777 T:4073 debug : CAMLCodec::PollFrame elapsed:33.776ms
2025-08-23 16:54:40.777 T:4252 debug : CAMLCodec::AddData: skip add data dl:15699672 fl:22824 sz:367968(368064) lv:102.2% dts:8.967 pts:9.176
2025-08-23 16:54:40.780 T:4250 debug : CVideoPlayer::ProcessVideoData size:487705 dts:14.348 pts:14.431 dur:41.000ms, clock:6.577 level:67
2025-08-23 16:54:40.780 T:4252 debug : CAMLCodec::AddData: skip add data dl:15566680 fl:155816 sz:367968(368064) lv:101.3% dts:8.967 pts:9.176
2025-08-23 16:54:40.788 T:4073 info : Skipped 1 duplicate messages..
2025-08-23 16:54:40.788 T:4073 debug : PrepareNextRender: frameOnScreen: 6.586 renderPts: 6.739 nextFramePts: 6.715 -> diff: 0.024 render: 1 forceNext: 0
2025-08-23 16:54:40.788 T:4073 debug : CAMLCodec::ReleaseFrame idx:161, drop:0
2025-08-23 16:54:40.789 T:4252 debug : CAMLCodec::AddData: dl:15609560 fl:112936 sz:367968(368064) lv:99.2% dts:8.967 pts:9.176
2025-08-23 16:54:40.790 T:4252 debug : CAMLCodec::AddData: skip add data dl:15609464 fl:113032 sz:295005(295104) lv:101.1% dts:9.009 pts:9.092
2025-08-23 16:54:40.818 T:4073 info : Skipped 15 duplicate messages..
2025-08-23 16:54:40.818 T:4073 debug : CAMLCodec::PollFrame elapsed:29.800ms
2025-08-23 16:54:40.820 T:4252 debug : CAMLCodec::AddData: skip add data dl:15574904 fl:147592 sz:295005(295104) lv:100.9% dts:9.009 pts:9.092
2025-08-23 16:54:40.830 T:4252 info : Skipped 3 duplicate messages..
2025-08-23 16:54:40.830 T:4252 debug : CAMLCodec::AddData: dl:15605688 fl:116808 sz:295005(295104) lv:99.2% dts:9.009 pts:9.092
2025-08-23 16:54:40.831 T:4252 debug : CAMLCodec::AddData: skip add data dl:15605589 fl:116907 sz:272269(272384) lv:100.9% dts:9.051 pts:9.051
2025-08-23 16:54:40.834 T:4250 info : Skipped 1 duplicate messages..
2025-08-23 16:54:40.833 T:4250 debug : CVideoPlayer::ProcessVideoData size:450281 dts:14.389 pts:14.389 dur:41.000ms, clock:6.631 level:100
2025-08-23 16:54:40.834 T:4252 debug : CAMLCodec::AddData: skip add data dl:15605589 fl:116907 sz:272269(272384) lv:100.9% dts:9.051 pts:9.051
2025-08-23 16:54:40.837 T:4073 info : Skipped 1 duplicate messages..
2025-08-23 16:54:40.837 T:4073 debug : PrepareNextRender: frameOnScreen: 6.634 renderPts: 6.787 nextFramePts: 6.757 -> diff: 0.030 render: 1 forceNext: 0
2025-08-23 16:54:40.837 T:4073 debug : CAMLCodec::ReleaseFrame idx:162, drop:0
2025-08-23 16:54:40.837 T:4252 debug : CAMLCodec::AddData: skip add data dl:15605589 fl:116907 sz:272269(272384) lv:100.9% dts:9.051 pts:9.051
2025-08-23 16:54:40.846 T:4253 info : Skipped 4 duplicate messages..
2025-08-23 16:54:40.846 T:4253 debug : CVideoPlayerAudio::OutputPacket: pts:7.430 curr_pts:6.618 clock:6.643 level:89
2025-08-23 16:54:40.847 T:4252 debug : CAMLCodec::AddData: skip add data dl:15605589 fl:116907 sz:272269(272384) lv:100.9% dts:9.051 pts:9.051
2025-08-23 16:54:40.860 T:4073 info : Skipped 7 duplicate messages..
2025-08-23 16:54:40.860 T:4073 debug : CAMLCodec::PollFrame elapsed:23.370ms
2025-08-23 16:54:40.861 T:4252 debug : CAMLCodec::DequeueBuffer: pts:7.007 idx:168
2025-08-23 16:54:40.862 T:4252 debug : CAMLCodec::GetPicture: index: 168, pts: 7.007, dur:42.000ms ar:1.78 elf:119ms
2025-08-23 16:54:40.862 T:4252 debug : CVideoPlayerVideo::OutputPicture - ttd:348ms pts:7.007 Clock:6.659 Level:5
2025-08-23 16:54:40.865 T:4252 debug : CAMLCodec::AddData: skip add data dl:15577685 fl:144811 sz:272269(272384) lv:100.8% dts:9.051 pts:9.051
2025-08-23 16:54:40.869 T:4073 info : Skipped 1 duplicate messages..
2025-08-23 16:54:40.869 T:4073 debug : PrepareNextRender: frameOnScreen: 6.666 renderPts: 6.819 nextFramePts: 6.798 -> diff: 0.021 render: 1 forceNext: 0
2025-08-23 16:54:40.869 T:4073 debug : CAMLCodec::ReleaseFrame idx:163, drop:0
2025-08-23 16:54:40.872 T:4252 debug : CAMLCodec::AddData: dl:15591637 fl:130859 sz:272269(272384) lv:99.1% dts:9.051 pts:9.051
2025-08-23 16:54:40.872 T:4252 debug : CAMLCodec::AddData: skip add data dl:15591522 fl:130974 sz:271858(271936) lv:100.9% dts:9.092 pts:9.134
2025-08-23 16:54:40.902 T:4073 info : Skipped 17 duplicate messages..
2025-08-23 16:54:40.902 T:4073 debug : CAMLCodec::PollFrame elapsed:33.011ms
2025-08-23 16:54:40.902 T:4252 debug : CAMLCodec::DequeueBuffer: pts:7.049 idx:169
2025-08-23 16:54:40.902 T:4252 debug : CAMLCodec::GetPicture: index: 169, pts: 7.049, dur:42.000ms ar:1.78 elf:40ms
2025-08-23 16:54:40.902 T:4252 debug : CVideoPlayerVideo::OutputPicture - ttd:349ms pts:7.049 Clock:6.699 Level:5
2025-08-23 16:54:40.904 T:4252 debug : CAMLCodec::AddData: skip add data dl:15585442 fl:137054 sz:271858(271936) lv:100.8% dts:9.092 pts:9.134
2025-08-23 16:54:40.912 T:4073 info : Skipped 2 duplicate messages..
2025-08-23 16:54:40.912 T:4073 debug : PrepareNextRender: frameOnScreen: 6.709 renderPts: 6.862 nextFramePts: 6.840 -> diff: 0.022 render: 1 forceNext: 0
2025-08-23 16:54:40.912 T:4073 debug : CAMLCodec::ReleaseFrame idx:164, drop:0
2025-08-23 16:54:40.913 T:4252 debug : CAMLCodec::AddData: dl:15597282 fl:125214 sz:271858(271936) lv:99.2% dts:9.092 pts:9.134
2025-08-23 16:54:40.914 T:4252 debug : CAMLCodec::AddData: skip add data dl:15597204 fl:125292 sz:293625(293696) lv:101.0% dts:9.134 pts:9.259
2025-08-23 16:54:40.916 T:4250 info : Skipped 1 duplicate messages..
2025-08-23 16:54:40.916 T:4250 debug : CVideoPlayer::ProcessVideoData size:448938 dts:14.431 pts:14.473 dur:41.000ms, clock:6.713 level:66
2025-08-23 16:54:40.918 T:4252 debug : CAMLCodec::AddData: skip add data dl:15597204 fl:125292 sz:293625(293696) lv:101.0% dts:9.134 pts:9.259
2025-08-23 16:54:40.944 T:4073 info : Skipped 13 duplicate messages..
2025-08-23 16:54:40.944 T:4073 debug : CAMLCodec::PollFrame elapsed:31.067ms
2025-08-23 16:54:40.945 T:4252 debug : CAMLCodec::AddData: skip add data dl:15597204 fl:125292 sz:293625(293696) lv:101.0% dts:9.134 pts:9.259
2025-08-23 16:54:40.946 T:4253 debug : CVideoPlayerAudio::OutputPacket: pts:7.522 curr_pts:6.718 clock:6.743 level:88
2025-08-23 16:54:40.946 T:4252 debug : CAMLCodec::DequeueBuffer: pts:7.090 idx:170
2025-08-23 16:54:40.946 T:4252 debug : CAMLCodec::GetPicture: index: 170, pts: 7.090, dur:41.000ms ar:1.78 elf:43ms
2025-08-23 16:54:40.946 T:4252 debug : CVideoPlayerVideo::OutputPicture - ttd:346ms pts:7.090 Clock:6.743 Level:5
2025-08-23 16:54:40.948 T:4252 debug : CAMLCodec::AddData: skip add data dl:15591956 fl:130540 sz:293625(293696) lv:101.0% dts:9.134 pts:9.259
2025-08-23 16:54:40.957 T:4073 info : Skipped 2 duplicate messages..
2025-08-23 16:54:40.957 T:4073 debug : PrepareNextRender: frameOnScreen: 6.754 renderPts: 6.908 nextFramePts: 6.882 -> diff: 0.026 render: 1 forceNext: 0
2025-08-23 16:54:40.957 T:4073 debug : CAMLCodec::ReleaseFrame idx:165, drop:0
2025-08-23 16:54:40.958 T:4252 debug : CAMLCodec::AddData: dl:15625556 fl:96940 sz:293625(293696) lv:99.3% dts:9.134 pts:9.259
2025-08-23 16:54:40.959 T:4252 debug : CAMLCodec::AddData: skip add data dl:15625485 fl:97011 sz:265655(265728) lv:101.0% dts:9.176 pts:9.218
2025-08-23 16:54:40.980 T:4250 info : Skipped 11 duplicate messages..
2025-08-23 16:54:40.980 T:4250 debug : CVideoPlayer::ProcessVideoData size:493346 dts:14.473 pts:14.598 dur:41.000ms, clock:6.777 level:66
2025-08-23 16:54:40.981 T:4252 debug : CAMLCodec::AddData: skip add data dl:15625485 fl:97011 sz:265655(265728) lv:101.0% dts:9.176 pts:9.218
2025-08-23 16:54:40.986 T:4073 info : Skipped 2 duplicate messages..
2025-08-23 16:54:40.986 T:4073 debug : CAMLCodec::PollFrame elapsed:27.960ms
2025-08-23 16:54:40.986 T:4252 debug : CAMLCodec::AddData: skip add data dl:15625485 fl:97011 sz:265655(265728) lv:101.0% dts:9.176 pts:9.218
2025-08-23 16:54:40.988 T:4252 debug : CAMLCodec::DequeueBuffer: pts:7.132 idx:171
2025-08-23 16:54:40.988 T:4252 debug : CAMLCodec::GetPicture: index: 171, pts: 7.132, dur:42.000ms ar:1.78 elf:41ms
2025-08-23 16:54:40.989 T:4252 debug : CVideoPlayerVideo::OutputPicture - ttd:346ms pts:7.132 Clock:6.786 Level:5
2025-08-23 16:54:40.991 T:4252 debug : CAMLCodec::AddData: skip add data dl:15598221 fl:124275 sz:265655(265728) lv:100.9% dts:9.176 pts:9.218
2025-08-23 16:54:40.993 T:4073 debug : PrepareNextRender: frameOnScreen: 6.790 renderPts: 6.943 nextFramePts: 6.924 -> diff: 0.019 render: 1 forceNext: 0
2025-08-23 16:54:40.993 T:4073 debug : CAMLCodec::ReleaseFrame idx:166, drop:0
2025-08-23 16:54:40.994 T:4252 debug : CAMLCodec::AddData: skip add data dl:15598221 fl:124275 sz:265655(265728) lv:100.9% dts:9.176 pts:9.218
2025-08-23 16:54:40.999 T:4252 debug : CAMLCodec::AddData: dl:15610957 fl:111539 sz:265655(265728) lv:99.3% dts:9.176 pts:9.218
2025-08-23 16:54:41.000 T:4252 debug : CAMLCodec::AddData: skip add data dl:15610884 fl:111612 sz:265024(265088) lv:100.9% dts:9.218 pts:9.301
2025-08-23 16:54:41.027 T:4073 info : Skipped 16 duplicate messages..
2025-08-23 16:54:41.027 T:4073 debug : CAMLCodec::PollFrame elapsed:34.282ms
2025-08-23 16:54:41.028 T:4252 debug : CAMLCodec::AddData: skip add data dl:15610884 fl:111612 sz:265024(265088) lv:100.9% dts:9.218 pts:9.301
2025-08-23 16:54:41.029 T:4252 debug : CAMLCodec::DequeueBuffer: pts:7.174 idx:172
2025-08-23 16:54:41.029 T:4252 debug : CAMLCodec::GetPicture: index: 172, pts: 7.174, dur:42.000ms ar:1.78 elf:40ms
2025-08-23 16:54:41.029 T:4252 debug : CVideoPlayerVideo::OutputPicture - ttd:347ms pts:7.174 Clock:6.826 Level:5
2025-08-23 16:54:41.032 T:4252 debug : CAMLCodec::AddData: skip add data dl:15605700 fl:116796 sz:265024(265088) lv:100.9% dts:9.218 pts:9.301
2025-08-23 16:54:41.036 T:4073 info : Skipped 1 duplicate messages..
2025-08-23 16:54:41.036 T:4073 debug : PrepareNextRender: frameOnScreen: 6.833 renderPts: 6.986 nextFramePts: 6.965 -> diff: 0.021 render: 1 forceNext: 0
2025-08-23 16:54:41.036 T:4073 debug : CAMLCodec::ReleaseFrame idx:167, drop:0
2025-08-23 16:54:41.036 T:4252 debug : CAMLCodec::AddData: skip add data dl:15605700 fl:116796 sz:265024(265088) lv:100.9% dts:9.218 pts:9.301
2025-08-23 16:54:41.040 T:4252 debug : CAMLCodec::AddData: dl:15613188 fl:109308 sz:265024(265088) lv:99.3% dts:9.218 pts:9.301
2025-08-23 16:54:41.042 T:4250 debug : CVideoPlayer::ProcessVideoData size:450093 dts:14.514 pts:14.556 dur:41.000ms, clock:6.839 level:65
2025-08-23 16:54:41.043 T:4252 debug : CAMLCodec::AddData: skip add data dl:15613124 fl:109372 sz:438453(438528) lv:102.1% dts:9.259 pts:9.676
2025-08-23 16:54:41.046 T:4253 info : Skipped 1 duplicate messages..
2025-08-23 16:54:41.046 T:4253 debug : CVideoPlayerAudio::OutputPacket: pts:7.615 curr_pts:6.817 clock:6.843 level:86
2025-08-23 16:54:41.048 T:4252 debug : CAMLCodec::AddData: skip add data dl:15613124 fl:109372 sz:438453(438528) lv:102.1% dts:9.259 pts:9.676
2025-08-23 16:54:41.069 T:4073 info : Skipped 10 duplicate messages..
2025-08-23 16:54:41.069 T:4073 debug : CAMLCodec::PollFrame elapsed:32.708ms
2025-08-23 16:54:41.070 T:4252 debug : CAMLCodec::DequeueBuffer: pts:7.216 idx:173
2025-08-23 16:54:41.070 T:4252 debug : CAMLCodec::GetPicture: index: 173, pts: 7.216, dur:42.000ms ar:1.78 elf:40ms
2025-08-23 16:54:41.070 T:4252 debug : CVideoPlayerVideo::OutputPicture - ttd:348ms pts:7.216 Clock:6.867 Level:5
2025-08-23 16:54:41.073 T:4252 debug : CAMLCodec::AddData: skip add data dl:15606020 fl:116476 sz:438453(438528) lv:102.0% dts:9.259 pts:9.676
2025-08-23 16:54:41.078 T:4073 info : Skipped 1 duplicate messages..
2025-08-23 16:54:41.078 T:4073 debug : PrepareNextRender: frameOnScreen: 6.875 renderPts: 7.028 nextFramePts: 7.007 -> diff: 0.021 render: 1 forceNext: 0
2025-08-23 16:54:41.078 T:4073 debug : CAMLCodec::ReleaseFrame idx:168, drop:0
2025-08-23 16:54:41.079 T:4252 debug : CAMLCodec::AddData: skip add data dl:15292292 fl:430204 sz:438453(438528) lv:100.0% dts:9.259 pts:9.676
2025-08-23 16:54:41.111 T:4073 info : Skipped 16 duplicate messages..
2025-08-23 16:54:41.111 T:4073 debug : CAMLCodec::PollFrame elapsed:32.062ms
2025-08-23 16:54:41.114 T:4252 debug : CAMLCodec::AddData: dl:15603460 fl:119036 sz:438453(438528) lv:99.2% dts:9.259 pts:9.676
2025-08-23 16:54:41.114 T:4252 debug : CAMLCodec::DequeueBuffer: pts:7.257 idx:174
2025-08-23 16:54:41.114 T:4252 debug : CAMLCodec::GetPicture: index: 174, pts: 7.257, dur:41.000ms ar:1.78 elf:43ms
2025-08-23 16:54:41.114 T:4252 debug : CVideoPlayerVideo::OutputPicture - ttd:345ms pts:7.257 Clock:6.911 Level:5
2025-08-23 16:54:41.118 T:4252 debug : CAMLCodec::AddData: skip add data dl:15603385 fl:119111 sz:356471(356544) lv:101.5% dts:9.301 pts:9.509
2025-08-23 16:54:41.122 T:4073 debug : PrepareNextRender: frameOnScreen: 6.918 renderPts: 7.072 nextFramePts: 7.049 -> diff: 0.023 render: 1 forceNext: 0
2025-08-23 16:54:41.122 T:4073 debug : CAMLCodec::ReleaseFrame idx:169, drop:0
2025-08-23 16:54:41.122 T:4252 debug : CAMLCodec::AddData: dl:15648505 fl:73991 sz:356471(356544) lv:99.5% dts:9.301 pts:9.509
2025-08-23 16:54:41.123 T:4252 debug : CAMLCodec::AddData: skip add data dl:15648432 fl:74064 sz:287222(287296) lv:101.3% dts:9.343 pts:9.426
2025-08-23 16:54:41.124 T:4250 debug : CVideoPlayer::ProcessAudioData size:8597 dts:14.675 pts:14.675 dur:92.000ms, clock:6.921 drop:0 level:86
2025-08-23 16:54:41.125 T:4252 debug : CAMLCodec::AddData: skip add data dl:15648432 fl:74064 sz:287222(287296) lv:101.3% dts:9.343 pts:9.426
2025-08-23 16:54:41.127 T:4250 debug : CVideoPlayer::ProcessVideoData size:767874 dts:14.556 pts:14.681 dur:41.000ms, clock:6.923 level:65
2025-08-23 16:54:41.127 T:4252 debug : CAMLCodec::AddData: skip add data dl:15648432 fl:74064 sz:287222(287296) lv:101.3% dts:9.343 pts:9.426
2025-08-23 16:54:41.146 T:4253 info : Skipped 9 duplicate messages..
2025-08-23 16:54:41.146 T:4253 debug : CVideoPlayerAudio::OutputPacket: pts:7.709 curr_pts:6.918 clock:6.943 level:86
2025-08-23 16:54:41.148 T:4252 debug : CAMLCodec::AddData: skip add data dl:15648432 fl:74064 sz:287222(287296) lv:101.3% dts:9.343 pts:9.426
2025-08-23 16:54:41.153 T:4073 info : Skipped 2 duplicate messages..
2025-08-23 16:54:41.153 T:4073 debug : CAMLCodec::PollFrame elapsed:30.532ms
2025-08-23 16:54:41.154 T:4252 debug : CAMLCodec::AddData: skip add data dl:15615408 fl:107088 sz:287222(287296) lv:101.1% dts:9.343 pts:9.426
2025-08-23 16:54:41.155 T:4252 debug : CAMLCodec::DequeueBuffer: pts:7.299 idx:175
2025-08-23 16:54:41.156 T:4252 debug : CAMLCodec::GetPicture: index: 175, pts: 7.299, dur:42.000ms ar:1.78 elf:40ms
2025-08-23 16:54:41.156 T:4252 debug : CVideoPlayerVideo::OutputPicture - ttd:346ms pts:7.299 Clock:6.953 Level:5
2025-08-23 16:54:41.159 T:4252 debug : CAMLCodec::AddData: skip add data dl:15615408 fl:107088 sz:287222(287296) lv:101.1% dts:9.343 pts:9.426
2025-08-23 16:54:41.166 T:4252 info : Skipped 1 duplicate messages..
2025-08-23 16:54:41.166 T:4252 debug : CAMLCodec::AddData: dl:15641008 fl:81488 sz:287222(287296) lv:99.4% dts:9.343 pts:9.426
2025-08-23 16:54:41.167 T:4073 debug : PrepareNextRender: frameOnScreen: 6.964 renderPts: 7.117 nextFramePts: 7.090 -> diff: 0.027 render: 1 forceNext: 0
2025-08-23 16:54:41.167 T:4252 debug : CAMLCodec::AddData: skip add data dl:15640934 fl:81562 sz:262738(262848) lv:101.1% dts:9.384 pts:9.384
2025-08-23 16:54:41.167 T:4073 debug : CAMLCodec::ReleaseFrame idx:170, drop:0
2025-08-23 16:54:41.169 T:4252 debug : CAMLCodec::AddData: skip add data dl:15640934 fl:81562 sz:262738(262848) lv:101.1% dts:9.384 pts:9.384
2025-08-23 16:54:41.195 T:4073 info : Skipped 16 duplicate messages..
2025-08-23 16:54:41.194 T:4073 debug : CAMLCodec::PollFrame elapsed:26.907ms
2025-08-23 16:54:41.199 T:4252 debug : CAMLCodec::AddData: skip add data dl:15640934 fl:81562 sz:262738(262848) lv:101.1% dts:9.384 pts:9.384
2025-08-23 16:54:41.201 T:4250 debug : CVideoPlayer::ProcessAudioData size:10039 dts:14.768 pts:14.768 dur:92.000ms, clock:6.998 drop:0 level:86
2025-08-23 16:54:41.201 T:4250 debug : CVideoPlayer::ProcessAudioData size:10604 dts:14.860 pts:14.860 dur:92.000ms, clock:6.998 drop:0 level:88
2025-08-23 16:54:41.201 T:4250 debug : CVideoPlayer::ProcessAudioData size:10395 dts:14.953 pts:14.953 dur:92.000ms, clock:6.998 drop:0 level:89
2025-08-23 16:54:41.204 T:4073 debug : PrepareNextRender: frameOnScreen: 7.000 renderPts: 7.153 nextFramePts: 7.132 -> diff: 0.021 render: 1 forceNext: 0
2025-08-23 16:54:41.204 T:4073 debug : CAMLCodec::ReleaseFrame idx:171, drop:0
2025-08-23 16:54:41.204 T:4252 debug : CAMLCodec::AddData: skip add data dl:15640934 fl:81562 sz:262738(262848) lv:101.1% dts:9.384 pts:9.384
2025-08-23 16:54:41.204 T:4250 debug : CVideoPlayer::ProcessVideoData size:674122 dts:14.598 pts:15.015 dur:41.000ms, clock:7.001 level:100
2025-08-23 16:54:41.206 T:4252 debug : CAMLCodec::AddData: skip add data dl:15640934 fl:81562 sz:262738(262848) lv:101.1% dts:9.384 pts:9.384
2025-08-23 16:54:41.236 T:4073 info : Skipped 18 duplicate messages..
2025-08-23 16:54:41.236 T:4073 debug : CAMLCodec::PollFrame elapsed:32.032ms
2025-08-23 16:54:41.237 T:4252 debug : CAMLCodec::AddData: skip add data dl:15612006 fl:110490 sz:262738(262848) lv:100.9% dts:9.384 pts:9.384
2025-08-23 16:54:41.238 T:4252 debug : CAMLCodec::DequeueBuffer: pts:7.341 idx:176
2025-08-23 16:54:41.238 T:4252 debug : CAMLCodec::GetPicture: index: 176, pts: 7.341, dur:42.000ms ar:1.78 elf:82ms
2025-08-23 16:54:41.238 T:4252 debug : CVideoPlayerVideo::OutputPicture - ttd:306ms pts:7.341 Clock:7.035 Level:4
2025-08-23 16:54:41.240 T:4252 debug : CAMLCodec::AddData: skip add data dl:15612006 fl:110490 sz:262738(262848) lv:100.9% dts:9.384 pts:9.384
2025-08-23 16:54:41.246 T:4253 info : Skipped 2 duplicate messages..
2025-08-23 16:54:41.246 T:4253 debug : CVideoPlayerAudio::OutputPacket: pts:7.801 curr_pts:7.018 clock:7.043 level:89
2025-08-23 16:54:41.250 T:4252 debug : CAMLCodec::AddData: dl:15623270 fl:99226 sz:262738(262848) lv:99.3% dts:9.384 pts:9.384
2025-08-23 16:54:41.251 T:4252 debug : CAMLCodec::AddData: skip add data dl:15623160 fl:99336 sz:265178(265280) lv:101.0% dts:9.426 pts:9.468
2025-08-23 16:54:41.251 T:4073 debug : PrepareNextRender: frameOnScreen: 7.048 renderPts: 7.201 nextFramePts: 7.174 -> diff: 0.027 render: 1 forceNext: 0
2025-08-23 16:54:41.251 T:4073 debug : CAMLCodec::ReleaseFrame idx:172, drop:0
2025-08-23 16:54:41.252 T:4252 debug : CAMLCodec::AddData: skip add data dl:15623160 fl:99336 sz:265178(265280) lv:101.0% dts:9.426 pts:9.468
2025-08-23 16:54:41.278 T:4073 info : Skipped 15 duplicate messages..
2025-08-23 16:54:41.278 T:4073 debug : CAMLCodec::PollFrame elapsed:26.328ms
2025-08-23 16:54:41.278 T:4252 debug : CAMLCodec::AddData: skip add data dl:15623160 fl:99336 sz:265178(265280) lv:101.0% dts:9.426 pts:9.468
2025-08-23 16:54:41.280 T:4252 debug : CAMLCodec::AddData: skip add data dl:15617080 fl:105416 sz:265178(265280) lv:101.0% dts:9.426 pts:9.468
2025-08-23 16:54:41.281 T:4252 debug : CAMLCodec::DequeueBuffer: pts:7.382 idx:177
2025-08-23 16:54:41.281 T:4252 debug : CAMLCodec::GetPicture: index: 177, pts: 7.382, dur:41.000ms ar:1.78 elf:42ms
2025-08-23 16:54:41.281 T:4252 debug : CVideoPlayerVideo::OutputPicture - ttd:304ms pts:7.382 Clock:7.078 Level:4
2025-08-23 16:54:41.284 T:4252 debug : CAMLCodec::AddData: skip add data dl:15617080 fl:105416 sz:265178(265280) lv:101.0% dts:9.426 pts:9.468
2025-08-23 16:54:41.286 T:4073 info : Skipped 1 duplicate messages..
2025-08-23 16:54:41.286 T:4073 debug : PrepareNextRender: frameOnScreen: 7.083 renderPts: 7.236 nextFramePts: 7.216 -> diff: 0.020 render: 1 forceNext: 0
2025-08-23 16:54:41.287 T:4073 debug : CAMLCodec::ReleaseFrame idx:173, drop:0
2025-08-23 16:54:41.287 T:4252 debug : CAMLCodec::AddData: skip add data dl:15617080 fl:105416 sz:265178(265280) lv:101.0% dts:9.426 pts:9.468
2025-08-23 16:54:41.292 T:4252 debug : CAMLCodec::AddData: dl:15621112 fl:101384 sz:265178(265280) lv:99.3% dts:9.426 pts:9.468
2025-08-23 16:54:41.292 T:4252 debug : CAMLCodec::AddData: skip add data dl:15621010 fl:101486 sz:289930(290048) lv:101.2% dts:9.468 pts:9.593
2025-08-23 16:54:41.296 T:4253 info : Skipped 1 duplicate messages..
2025-08-23 16:54:41.296 T:4253 debug : CVideoPlayerAudio::OutputPacket: pts:7.894 curr_pts:7.067 clock:7.093 level:88
2025-08-23 16:54:41.297 T:4252 debug : CAMLCodec::AddData: skip add data dl:15621010 fl:101486 sz:289930(290048) lv:101.2% dts:9.468 pts:9.593
2025-08-23 16:54:41.320 T:4073 info : Skipped 13 duplicate messages..
2025-08-23 16:54:41.320 T:4073 debug : CAMLCodec::PollFrame elapsed:32.784ms
2025-08-23 16:54:41.325 T:4252 debug : CAMLCodec::DequeueBuffer: pts:7.424 idx:178
2025-08-23 16:54:41.326 T:4252 debug : CAMLCodec::GetPicture: index: 178, pts: 7.424, dur:42.000ms ar:1.78 elf:44ms
2025-08-23 16:54:41.326 T:4252 debug : CVideoPlayerVideo::OutputPicture - ttd:301ms pts:7.424 Clock:7.122 Level:4
2025-08-23 16:54:41.326 T:4073 debug : PrepareNextRender: frameOnScreen: 7.123 renderPts: 7.276 nextFramePts: 7.257 -> diff: 0.019 render: 1 forceNext: 0
2025-08-23 16:54:41.327 T:4073 debug : CAMLCodec::ReleaseFrame idx:174, drop:0
2025-08-23 16:54:41.328 T:4252 debug : CAMLCodec::AddData: skip add data dl:15615250 fl:107246 sz:289930(290048) lv:101.1% dts:9.468 pts:9.593
2025-08-23 16:54:41.332 T:4252 debug : CAMLCodec::AddData: dl:15647890 fl:74606 sz:289930(290048) lv:99.5% dts:9.468 pts:9.593
2025-08-23 16:54:41.332 T:4252 debug : CAMLCodec::AddData: skip add data dl:15647772 fl:74724 sz:263602(263680) lv:101.2% dts:9.509 pts:9.551
2025-08-23 16:54:41.337 T:4250 info : Skipped 1 duplicate messages..
2025-08-23 16:54:41.337 T:4250 debug : CVideoPlayer::ProcessVideoData size:539193 dts:14.640 pts:14.848 dur:41.000ms, clock:7.134 level:64
2025-08-23 16:54:41.338 T:4252 debug : CAMLCodec::AddData: skip add data dl:15647772 fl:74724 sz:263602(263680) lv:101.2% dts:9.509 pts:9.551
2025-08-23 16:54:41.361 T:4073 info : Skipped 12 duplicate messages..
2025-08-23 16:54:41.361 T:4073 debug : CAMLCodec::PollFrame elapsed:34.579ms
2025-08-23 16:54:41.363 T:4252 debug : CAMLCodec::AddData: skip add data dl:15620060 fl:102436 sz:263602(263680) lv:101.0% dts:9.509 pts:9.551
2025-08-23 16:54:41.364 T:4252 debug : CAMLCodec::DequeueBuffer: pts:7.466 idx:179
2025-08-23 16:54:41.364 T:4252 debug : CAMLCodec::GetPicture: index: 179, pts: 7.466, dur:42.000ms ar:1.78 elf:38ms
2025-08-23 16:54:41.364 T:4252 debug : CVideoPlayerVideo::OutputPicture - ttd:305ms pts:7.466 Clock:7.161 Level:4
2025-08-23 16:54:41.366 T:4252 debug : CAMLCodec::AddData: skip add data dl:15620060 fl:102436 sz:263602(263680) lv:101.0% dts:9.509 pts:9.551
2025-08-23 16:54:41.371 T:4073 info : Skipped 2 duplicate messages..
2025-08-23 16:54:41.371 T:4073 debug : PrepareNextRender: frameOnScreen: 7.167 renderPts: 7.320 nextFramePts: 7.299 -> diff: 0.021 render: 1 forceNext: 0
2025-08-23 16:54:41.371 T:4073 debug : CAMLCodec::ReleaseFrame idx:175, drop:0
2025-08-23 16:54:41.375 T:4252 debug : CAMLCodec::AddData: dl:15627612 fl:94884 sz:263602(263680) lv:99.4% dts:9.509 pts:9.551
2025-08-23 16:54:41.376 T:4252 debug : CAMLCodec::AddData: skip add data dl:15627534 fl:94962 sz:263121(263232) lv:101.0% dts:9.551 pts:9.635
2025-08-23 16:54:41.396 T:4253 info : Skipped 12 duplicate messages..
2025-08-23 16:54:41.396 T:4253 debug : CVideoPlayerAudio::OutputPacket: pts:7.988 curr_pts:7.167 clock:7.193 level:86
2025-08-23 16:54:41.397 T:4252 debug : CAMLCodec::AddData: skip add data dl:15627534 fl:94962 sz:263121(263232) lv:101.0% dts:9.551 pts:9.635
2025-08-23 16:54:41.403 T:4073 info : Skipped 3 duplicate messages..
2025-08-23 16:54:41.403 T:4073 debug : CAMLCodec::PollFrame elapsed:32.083ms
2025-08-23 16:54:41.404 T:4252 debug : CAMLCodec::AddData: skip add data dl:15621902 fl:100594 sz:263121(263232) lv:101.0% dts:9.551 pts:9.635
2025-08-23 16:54:41.405 T:4252 debug : CAMLCodec::DequeueBuffer: pts:7.507 idx:180
2025-08-23 16:54:41.406 T:4252 debug : CAMLCodec::GetPicture: index: 180, pts: 7.507, dur:41.000ms ar:1.78 elf:41ms
2025-08-23 16:54:41.406 T:4252 debug : CVideoPlayerVideo::OutputPicture - ttd:304ms pts:7.507 Clock:7.202 Level:4
2025-08-23 16:54:41.408 T:4252 debug : CAMLCodec::AddData: skip add data dl:15621902 fl:100594 sz:263121(263232) lv:101.0% dts:9.551 pts:9.635
2025-08-23 16:54:41.412 T:4073 info : Skipped 1 duplicate messages..
2025-08-23 16:54:41.412 T:4073 debug : PrepareNextRender: frameOnScreen: 7.208 renderPts: 7.361 nextFramePts: 7.341 -> diff: 0.020 render: 1 forceNext: 0
2025-08-23 16:54:41.412 T:4073 debug : CAMLCodec::ReleaseFrame idx:176, drop:0
2025-08-23 16:54:41.412 T:4252 debug : CAMLCodec::AddData: skip add data dl:15621902 fl:100594 sz:263121(263232) lv:101.0% dts:9.551 pts:9.635
2025-08-23 16:54:41.417 T:4252 debug : CAMLCodec::AddData: dl:15629326 fl:93170 sz:263121(263232) lv:99.4% dts:9.551 pts:9.635
2025-08-23 16:54:41.417 T:4252 debug : CAMLCodec::AddData: skip add data dl:15629215 fl:93281 sz:395755(395840) lv:101.9% dts:9.593 pts:9.968
2025-08-23 16:54:41.440 T:4250 info : Skipped 11 duplicate messages..
2025-08-23 16:54:41.440 T:4250 debug : CVideoPlayer::ProcessVideoData size:470196 dts:14.681 pts:14.765 dur:41.000ms, clock:7.236 level:63
2025-08-23 16:54:41.441 T:4252 debug : CAMLCodec::AddData: skip add data dl:15629215 fl:93281 sz:395755(395840) lv:101.9% dts:9.593 pts:9.968
2025-08-23 16:54:41.445 T:4073 info : Skipped 2 duplicate messages..
2025-08-23 16:54:41.445 T:4073 debug : CAMLCodec::PollFrame elapsed:32.594ms
2025-08-23 16:54:41.446 T:4252 debug : CAMLCodec::DequeueBuffer: pts:7.549 idx:181
2025-08-23 16:54:41.446 T:4252 debug : CAMLCodec::GetPicture: index: 181, pts: 7.549, dur:42.000ms ar:1.78 elf:40ms
2025-08-23 16:54:41.446 T:4252 debug : CVideoPlayerVideo::OutputPicture - ttd:306ms pts:7.549 Clock:7.242 Level:4
2025-08-23 16:54:41.448 T:4252 debug : CAMLCodec::AddData: skip add data dl:15622431 fl:100065 sz:395755(395840) lv:101.8% dts:9.593 pts:9.968
2025-08-23 16:54:41.459 T:4252 info : Skipped 3 duplicate messages..
2025-08-23 16:54:41.459 T:4252 debug : CAMLCodec::AddData: dl:15707359 fl:15137 sz:395755(395840) lv:99.9% dts:9.593 pts:9.968
2025-08-23 16:54:41.459 T:4073 debug : PrepareNextRender: frameOnScreen: 7.256 renderPts: 7.409 nextFramePts: 7.382 -> diff: 0.027 render: 1 forceNext: 0
2025-08-23 16:54:41.460 T:4252 debug : CAMLCodec::AddData: skip add data dl:15707274 fl:15222 sz:359586(359680) lv:102.2% dts:9.635 pts:9.843
2025-08-23 16:54:41.460 T:4073 debug : CAMLCodec::ReleaseFrame idx:177, drop:0
2025-08-23 16:54:41.461 T:4252 debug : CAMLCodec::AddData: skip add data dl:15707274 fl:15222 sz:359586(359680) lv:102.2% dts:9.635 pts:9.843
2025-08-23 16:54:41.487 T:4252 info : Skipped 13 duplicate messages..
2025-08-23 16:54:41.487 T:4252 debug : CAMLCodec::AddData: skip add data dl:15628874 fl:93622 sz:359586(359680) lv:101.7% dts:9.635 pts:9.843
2025-08-23 16:54:41.487 T:4073 debug : CAMLCodec::PollFrame elapsed:27.115ms
2025-08-23 16:54:41.488 T:4252 debug : CAMLCodec::DequeueBuffer: pts:7.591 idx:182
2025-08-23 16:54:41.488 T:4252 debug : CAMLCodec::GetPicture: index: 182, pts: 7.591, dur:42.000ms ar:1.78 elf:42ms
2025-08-23 16:54:41.488 T:4252 debug : CVideoPlayerVideo::OutputPicture - ttd:306ms pts:7.591 Clock:7.285 Level:4
2025-08-23 16:54:41.491 T:4252 debug : CAMLCodec::AddData: skip add data dl:15628874 fl:93622 sz:359586(359680) lv:101.7% dts:9.635 pts:9.843
2025-08-23 16:54:41.492 T:4250 debug : CVideoPlayer::ProcessVideoData size:430713 dts:14.723 pts:14.723 dur:41.000ms, clock:7.289 level:63
2025-08-23 16:54:41.496 T:4253 debug : CVideoPlayerAudio::OutputPacket: pts:8.081 curr_pts:7.268 clock:7.293 level:85
2025-08-23 16:54:41.497 T:4073 debug : PrepareNextRender: frameOnScreen: 7.294 renderPts: 7.447 nextFramePts: 7.424 -> diff: 0.023 render: 1 forceNext: 0
2025-08-23 16:54:41.498 T:4073 debug : CAMLCodec::ReleaseFrame idx:178, drop:0
2025-08-23 16:54:41.500 T:4252 debug : CAMLCodec::AddData: dl:15675402 fl:47094 sz:359586(359680) lv:99.7% dts:9.635 pts:9.843
2025-08-23 16:54:41.502 T:4252 debug : CAMLCodec::AddData: skip add data dl:15675308 fl:47188 sz:289832(289920) lv:101.5% dts:9.676 pts:9.760
2025-08-23 16:54:41.505 T:4250 info : Skipped 1 duplicate messages..
2025-08-23 16:54:41.505 T:4250 debug : CVideoPlayer::ProcessVideoData size:427749 dts:14.765 pts:14.806 dur:41.000ms, clock:7.302 level:100
2025-08-23 16:54:41.507 T:4252 debug : CAMLCodec::AddData: skip add data dl:15675308 fl:47188 sz:289832(289920) lv:101.5% dts:9.676 pts:9.760
2025-08-23 16:54:41.528 T:4073 info : Skipped 10 duplicate messages..
2025-08-23 16:54:41.528 T:4073 debug : CAMLCodec::PollFrame elapsed:30.601ms
2025-08-23 16:54:41.530 T:4252 debug : CAMLCodec::AddData: skip add data dl:15675308 fl:47188 sz:289832(289920) lv:101.5% dts:9.676 pts:9.760
2025-08-23 16:54:41.540 T:4073 info : Skipped 6 duplicate messages..
2025-08-23 16:54:41.540 T:4073 debug : PrepareNextRender: frameOnScreen: 7.336 renderPts: 7.490 nextFramePts: 7.466 -> diff: 0.024 render: 1 forceNext: 0
2025-08-23 16:54:41.540 T:4073 debug : CAMLCodec::ReleaseFrame idx:179, drop:0
2025-08-23 16:54:41.542 T:4252 debug : CAMLCodec::AddData: skip add data dl:15675308 fl:47188 sz:289832(289920) lv:101.5% dts:9.676 pts:9.760
2025-08-23 16:54:41.570 T:4073 info : Skipped 16 duplicate messages..
2025-08-23 16:54:41.570 T:4073 debug : CAMLCodec::PollFrame elapsed:28.701ms
2025-08-23 16:54:41.571 T:4252 debug : CAMLCodec::AddData: skip add data dl:15675308 fl:47188 sz:289832(289920) lv:101.5% dts:9.676 pts:9.760
2025-08-23 16:54:41.572 T:4252 debug : CAMLCodec::DequeueBuffer: pts:7.633 idx:183
2025-08-23 16:54:41.572 T:4252 debug : CAMLCodec::GetPicture: index: 183, pts: 7.633, dur:42.000ms ar:1.78 elf:83ms
2025-08-23 16:54:41.572 T:4252 debug : CVideoPlayerVideo::OutputPicture - ttd:264ms pts:7.633 Clock:7.368 Level:3
2025-08-23 16:54:41.575 T:4252 debug : CAMLCodec::AddData: skip add data dl:15640556 fl:81940 sz:289832(289920) lv:101.3% dts:9.676 pts:9.760
2025-08-23 16:54:41.580 T:4073 info : Skipped 2 duplicate messages..
2025-08-23 16:54:41.580 T:4073 debug : PrepareNextRender: frameOnScreen: 7.376 renderPts: 7.529 nextFramePts: 7.507 -> diff: 0.022 render: 1 forceNext: 0
2025-08-23 16:54:41.580 T:4073 debug : CAMLCodec::ReleaseFrame idx:180, drop:0
2025-08-23 16:54:41.583 T:4252 debug : CAMLCodec::AddData: dl:15676204 fl:46292 sz:289832(289920) lv:99.7% dts:9.676 pts:9.760
2025-08-23 16:54:41.584 T:4252 debug : CAMLCodec::AddData: skip add data dl:15648148 fl:74348 sz:261729(261824) lv:101.2% dts:9.718 pts:9.718
2025-08-23 16:54:41.585 T:4252 debug : CAMLCodec::DequeueBuffer: pts:7.674 idx:184
2025-08-23 16:54:41.585 T:4252 debug : CAMLCodec::GetPicture: index: 184, pts: 7.674, dur:41.000ms ar:1.78 elf:12ms
2025-08-23 16:54:41.585 T:4252 debug : CVideoPlayerVideo::OutputPicture - ttd:292ms pts:7.674 Clock:7.381 Level:3
2025-08-23 16:54:41.587 T:4252 debug : CAMLCodec::AddData: skip add data dl:15648148 fl:74348 sz:261729(261824) lv:101.2% dts:9.718 pts:9.718
2025-08-23 16:54:41.595 T:4252 info : Skipped 2 duplicate messages..
2025-08-23 16:54:41.595 T:4252 debug : CAMLCodec::AddData: dl:15650964 fl:71532 sz:261729(261824) lv:99.5% dts:9.718 pts:9.718
2025-08-23 16:54:41.596 T:4252 debug : CAMLCodec::AddData: skip add data dl:15650869 fl:71627 sz:264008(264128) lv:101.2% dts:9.760 pts:9.801
2025-08-23 16:54:41.596 T:4253 debug : CVideoPlayerAudio::OutputPacket: pts:8.173 curr_pts:7.368 clock:7.392 level:84
2025-08-23 16:54:41.598 T:4252 debug : CAMLCodec::AddData: skip add data dl:15650869 fl:71627 sz:264008(264128) lv:101.2% dts:9.760 pts:9.801
2025-08-23 16:54:41.612 T:4073 info : Skipped 8 duplicate messages..
2025-08-23 16:54:41.612 T:4073 debug : CAMLCodec::PollFrame elapsed:31.743ms
2025-08-23 16:54:41.612 T:4252 debug : CAMLCodec::DequeueBuffer: pts:7.716 idx:185
2025-08-23 16:54:41.612 T:4252 debug : CAMLCodec::GetPicture: index: 185, pts: 7.716, dur:42.000ms ar:1.78 elf:26ms
2025-08-23 16:54:41.612 T:4252 debug : CVideoPlayerVideo::OutputPicture - ttd:307ms pts:7.716 Clock:7.408 Level:4
2025-08-23 16:54:41.614 T:4252 debug : CAMLCodec::AddData: skip add data dl:15643317 fl:79179 sz:264008(264128) lv:101.1% dts:9.760 pts:9.801
2025-08-23 16:54:41.623 T:4073 info : Skipped 2 duplicate messages..
2025-08-23 16:54:41.623 T:4073 debug : PrepareNextRender: frameOnScreen: 7.419 renderPts: 7.572 nextFramePts: 7.549 -> diff: 0.023 render: 1 forceNext: 0
2025-08-23 16:54:41.623 T:4073 debug : CAMLCodec::ReleaseFrame idx:181, drop:0
2025-08-23 16:54:41.624 T:4252 debug : CAMLCodec::AddData: dl:15652149 fl:70347 sz:264008(264128) lv:99.5% dts:9.760 pts:9.801
2025-08-23 16:54:41.624 T:4252 debug : CAMLCodec::AddData: skip add data dl:15652029 fl:70467 sz:290083(290176) lv:101.4% dts:9.801 pts:9.927
2025-08-23 16:54:41.628 T:4250 info : Skipped 1 duplicate messages..
2025-08-23 16:54:41.628 T:4250 debug : CVideoPlayer::ProcessVideoData size:480827 dts:14.806 pts:14.932 dur:41.000ms, clock:7.424 level:62
2025-08-23 16:54:41.628 T:4252 debug : CAMLCodec::AddData: skip add data dl:15652029 fl:70467 sz:290083(290176) lv:101.4% dts:9.801 pts:9.927
2025-08-23 16:54:41.654 T:4073 info : Skipped 12 duplicate messages..
2025-08-23 16:54:41.654 T:4073 debug : CAMLCodec::PollFrame elapsed:30.795ms
2025-08-23 16:54:41.655 T:4252 debug : CAMLCodec::AddData: skip add data dl:15646589 fl:75907 sz:290083(290176) lv:101.3% dts:9.801 pts:9.927
2025-08-23 16:54:41.656 T:4252 debug : CAMLCodec::DequeueBuffer: pts:7.758 idx:186
2025-08-23 16:54:41.656 T:4252 debug : CAMLCodec::GetPicture: index: 186, pts: 7.758, dur:42.000ms ar:1.78 elf:43ms
2025-08-23 16:54:41.656 T:4252 debug : CVideoPlayerVideo::OutputPicture - ttd:305ms pts:7.758 Clock:7.452 Level:4
2025-08-23 16:54:41.660 T:4252 debug : CAMLCodec::AddData: skip add data dl:15646589 fl:75907 sz:290083(290176) lv:101.3% dts:9.801 pts:9.927
2025-08-23 16:54:41.662 T:4073 info : Skipped 1 duplicate messages..
2025-08-23 16:54:41.662 T:4073 debug : PrepareNextRender: frameOnScreen: 7.458 renderPts: 7.611 nextFramePts: 7.591 -> diff: 0.020 render: 1 forceNext: 0
2025-08-23 16:54:41.662 T:4073 debug : CAMLCodec::ReleaseFrame idx:182, drop:0
2025-08-23 16:54:41.666 T:4252 debug : CAMLCodec::AddData: dl:15675133 fl:47363 sz:290083(290176) lv:99.7% dts:9.801 pts:9.927
2025-08-23 16:54:41.666 T:4252 debug : CAMLCodec::AddData: skip add data dl:15675040 fl:47456 sz:262627(262720) lv:101.3% dts:9.843 pts:9.885
2025-08-23 16:54:41.690 T:4250 info : Skipped 12 duplicate messages..
2025-08-23 16:54:41.690 T:4250 debug : CVideoPlayer::ProcessVideoData size:432843 dts:14.848 pts:14.890 dur:41.000ms, clock:7.486 level:62
2025-08-23 16:54:41.690 T:4252 debug : CAMLCodec::AddData: skip add data dl:15675040 fl:47456 sz:262627(262720) lv:101.3% dts:9.843 pts:9.885
2025-08-23 16:54:41.696 T:4073 info : Skipped 2 duplicate messages..
2025-08-23 16:54:41.696 T:4073 debug : CAMLCodec::PollFrame elapsed:33.001ms
2025-08-23 16:54:41.698 T:4252 debug : CAMLCodec::AddData: skip add data dl:15646880 fl:75616 sz:262627(262720) lv:101.2% dts:9.843 pts:9.885
2025-08-23 16:54:41.698 T:4253 debug : CVideoPlayerAudio::OutputPacket: pts:8.266 curr_pts:7.469 clock:7.494 level:83
2025-08-23 16:54:41.702 T:4252 debug : CAMLCodec::DequeueBuffer: pts:7.799 idx:187
2025-08-23 16:54:41.703 T:4252 debug : CAMLCodec::GetPicture: index: 187, pts: 7.799, dur:41.000ms ar:1.78 elf:46ms
2025-08-23 16:54:41.704 T:4252 debug : CVideoPlayerVideo::OutputPicture - ttd:299ms pts:7.799 Clock:7.500 Level:4
2025-08-23 16:54:41.710 T:4252 debug : CAMLCodec::AddData: dl:15659680 fl:62816 sz:262627(262720) lv:99.6% dts:9.843 pts:9.885
2025-08-23 16:54:41.712 T:4252 debug : CAMLCodec::AddData: skip add data dl:15659587 fl:62909 sz:687364(687488) lv:103.9% dts:9.885 pts:10.010
2025-08-23 16:54:41.712 T:4073 debug : PrepareNextRender: frameOnScreen: 7.508 renderPts: 7.661 nextFramePts: 7.633 -> diff: 0.028 render: 1 forceNext: 0
2025-08-23 16:54:41.712 T:4073 debug : CAMLCodec::ReleaseFrame idx:183, drop:0
2025-08-23 16:54:41.714 T:4252 debug : CAMLCodec::AddData: skip add data dl:15659587 fl:62909 sz:687364(687488) lv:103.9% dts:9.885 pts:10.010
2025-08-23 16:54:41.721 T:4250 info : Skipped 2 duplicate messages..
2025-08-23 16:54:41.721 T:4250 debug : CVideoPlayer::ProcessVideoData size:431812 dts:14.890 pts:14.973 dur:41.000ms, clock:7.517 level:62
2025-08-23 16:54:41.722 T:4250 debug : CVideoPlayer::ProcessAudioData size:9038 dts:15.047 pts:15.047 dur:92.000ms, clock:7.518 drop:0 level:83
2025-08-23 16:54:41.722 T:4250 debug : CVideoPlayer::ProcessAudioData size:8092 dts:15.139 pts:15.139 dur:92.000ms, clock:7.518 drop:0 level:84
2025-08-23 16:54:41.722 T:4250 debug : CVideoPlayer::ProcessAudioData size:9671 dts:15.232 pts:15.232 dur:92.000ms, clock:7.518 drop:0 level:85
2025-08-23 16:54:41.723 T:4250 debug : CVideoPlayer::ProcessAudioData size:10581 dts:15.325 pts:15.325 dur:92.000ms, clock:7.519 drop:0 level:86
2025-08-23 16:54:41.725 T:4252 debug : CAMLCodec::AddData: skip add data dl:15659587 fl:62909 sz:687364(687488) lv:103.9% dts:9.885 pts:10.010
2025-08-23 16:54:41.726 T:4250 debug : CVideoPlayer::ProcessVideoData size:670695 dts:14.932 pts:15.349 dur:41.000ms, clock:7.522 level:100
2025-08-23 16:54:41.729 T:4252 debug : CAMLCodec::AddData: skip add data dl:15659587 fl:62909 sz:687364(687488) lv:103.9% dts:9.885 pts:10.010
2025-08-23 16:54:41.737 T:4073 info : Skipped 3 duplicate messages..
2025-08-23 16:54:41.737 T:4073 debug : CAMLCodec::PollFrame elapsed:25.332ms
2025-08-23 16:54:41.739 T:4252 debug : CAMLCodec::AddData: skip add data dl:15654531 fl:67965 sz:687364(687488) lv:103.9% dts:9.885 pts:10.010
2025-08-23 16:54:41.740 T:4252 debug : CAMLCodec::DequeueBuffer: pts:7.841 idx:188
2025-08-23 16:54:41.740 T:4252 debug : CAMLCodec::GetPicture: index: 188, pts: 7.841, dur:42.000ms ar:1.78 elf:36ms
2025-08-23 16:54:41.740 T:4252 debug : CVideoPlayerVideo::OutputPicture - ttd:304ms pts:7.841 Clock:7.536 Level:4
2025-08-23 16:54:41.741 T:4252 debug : CAMLCodec::DequeueBuffer: pts:7.883 idx:189
2025-08-23 16:54:41.741 T:4252 debug : CAMLCodec::GetPicture: index: 189, pts: 7.883, dur:42.000ms ar:1.78 elf:1ms
2025-08-23 16:54:41.741 T:4252 debug : CVideoPlayerVideo::OutputPicture - ttd:345ms pts:7.883 Clock:7.537 Level:5
2025-08-23 16:54:41.743 T:4252 debug : CAMLCodec::DequeueBuffer: pts:7.925 idx:190
2025-08-23 16:54:41.743 T:4252 debug : CAMLCodec::GetPicture: index: 190, pts: 7.925, dur:42.000ms ar:1.78 elf:1ms
2025-08-23 16:54:41.743 T:4252 debug : CVideoPlayerVideo::OutputPicture - ttd:386ms pts:7.925 Clock:7.539 Level:6
2025-08-23 16:54:41.744 T:4252 debug : CAMLCodec::DequeueBuffer: pts:7.966 idx:191
2025-08-23 16:54:41.744 T:4252 debug : CAMLCodec::GetPicture: index: 191, pts: 7.966, dur:41.000ms ar:1.78 elf:1ms
2025-08-23 16:54:41.746 T:4073 debug : PrepareNextRender: frameOnScreen: 7.542 renderPts: 7.695 nextFramePts: 7.674 -> diff: 0.021 render: 1 forceNext: 0
2025-08-23 16:54:41.746 T:4252 debug : CVideoPlayerVideo::OutputPicture - ttd:426ms pts:7.966 Clock:7.540 Level:6
2025-08-23 16:54:41.746 T:4073 debug : CAMLCodec::ReleaseFrame idx:184, drop:0
2025-08-23 16:54:41.750 T:4252 debug : CAMLCodec::AddData: skip add data dl:15127043 fl:595453 sz:687364(687488) lv:100.5% dts:9.885 pts:10.010
2025-08-23 16:54:41.758 T:4252 info : Skipped 1 duplicate messages..
2025-08-23 16:54:41.758 T:4252 debug : CAMLCodec::AddData: dl:15658307 fl:64189 sz:687364(687488) lv:99.6% dts:9.885 pts:10.010
2025-08-23 16:54:41.760 T:4252 debug : CAMLCodec::AddData: skip add data dl:15658183 fl:64313 sz:480519(480640) lv:102.6% dts:9.927 pts:10.344
2025-08-23 16:54:41.762 T:4252 debug : CAMLCodec::AddData: skip add data dl:15306951 fl:415545 sz:480519(480640) lv:100.4% dts:9.927 pts:10.344
2025-08-23 16:54:41.779 T:4073 info : Skipped 8 duplicate messages..
2025-08-23 16:54:41.779 T:4073 debug : CAMLCodec::PollFrame elapsed:30.333ms
2025-08-23 16:54:41.784 T:4252 debug : CAMLCodec::AddData: dl:15654407 fl:68089 sz:480519(480640) lv:99.5% dts:9.927 pts:10.344
2025-08-23 16:54:41.786 T:4252 debug : CAMLCodec::AddData: skip add data dl:15654286 fl:68210 sz:368389(368512) lv:101.9% dts:9.968 pts:10.177
2025-08-23 16:54:41.790 T:4073 info : Skipped 1 duplicate messages..
2025-08-23 16:54:41.790 T:4073 debug : PrepareNextRender: frameOnScreen: 7.585 renderPts: 7.739 nextFramePts: 7.716 -> diff: 0.023 render: 1 forceNext: 0
2025-08-23 16:54:41.790 T:4073 debug : CAMLCodec::ReleaseFrame idx:185, drop:0
2025-08-23 16:54:41.793 T:4252 debug : CAMLCodec::AddData: dl:15684558 fl:37938 sz:368389(368512) lv:99.7% dts:9.968 pts:10.177
2025-08-23 16:54:41.794 T:4252 debug : CAMLCodec::AddData: skip add data dl:15684435 fl:38061 sz:299163(299264) lv:101.6% dts:10.010 pts:10.093
2025-08-23 16:54:41.798 T:4253 info : Skipped 1 duplicate messages..
2025-08-23 16:54:41.798 T:4253 debug : CVideoPlayerAudio::OutputPacket: pts:8.359 curr_pts:7.569 clock:7.594 level:86
2025-08-23 16:54:41.801 T:4252 debug : CAMLCodec::AddData: skip add data dl:15684435 fl:38061 sz:299163(299264) lv:101.6% dts:10.010 pts:10.093
2025-08-23 16:54:41.802 T:4250 debug : CVideoPlayer::ProcessVideoData size:546214 dts:14.973 pts:15.182 dur:41.000ms, clock:7.598 level:62
2025-08-23 16:54:41.804 T:4252 debug : CAMLCodec::AddData: skip add data dl:15684435 fl:38061 sz:299163(299264) lv:101.6% dts:10.010 pts:10.093
2025-08-23 16:54:41.821 T:4073 info : Skipped 8 duplicate messages..
2025-08-23 16:54:41.821 T:4073 debug : CAMLCodec::PollFrame elapsed:30.037ms
2025-08-23 16:54:41.821 T:4252 debug : CAMLCodec::AddData: skip add data dl:15648723 fl:73773 sz:299163(299264) lv:101.4% dts:10.010 pts:10.093
2025-08-23 16:54:41.832 T:4073 info : Skipped 3 duplicate messages..
2025-08-23 16:54:41.832 T:4073 debug : PrepareNextRender: frameOnScreen: 7.628 renderPts: 7.781 nextFramePts: 7.758 -> diff: 0.023 render: 1 forceNext: 0
2025-08-23 16:54:41.832 T:4073 debug : CAMLCodec::ReleaseFrame idx:186, drop:0
2025-08-23 16:54:41.834 T:4252 debug : CAMLCodec::AddData: dl:15681683 fl:40813 sz:299163(299264) lv:99.7% dts:10.010 pts:10.093
2025-08-23 16:54:41.834 T:4252 debug : CAMLCodec::AddData: skip add data dl:15681582 fl:40914 sz:274284(274368) lv:101.4% dts:10.052 pts:10.052
2025-08-23 16:54:41.862 T:4073 info : Skipped 15 duplicate messages..
2025-08-23 16:54:41.862 T:4073 debug : CAMLCodec::PollFrame elapsed:30.450ms
2025-08-23 16:54:41.863 T:4252 debug : CAMLCodec::AddData: skip add data dl:15681582 fl:40914 sz:274284(274368) lv:101.4% dts:10.052 pts:10.052
2025-08-23 16:54:41.864 T:4252 debug : CAMLCodec::DequeueBuffer: pts:8.008 idx:192
2025-08-23 16:54:41.864 T:4252 debug : CAMLCodec::GetPicture: index: 192, pts: 8.008, dur:41.999ms ar:1.78 elf:120ms
2025-08-23 16:54:41.865 T:4252 debug : CVideoPlayerVideo::OutputPicture - ttd:347ms pts:8.008 Clock:7.660 Level:5
2025-08-23 16:54:41.868 T:4252 debug : CAMLCodec::AddData: skip add data dl:15654062 fl:68434 sz:274284(274368) lv:101.3% dts:10.052 pts:10.052
2025-08-23 16:54:41.871 T:4073 info : Skipped 1 duplicate messages..
2025-08-23 16:54:41.871 T:4073 debug : PrepareNextRender: frameOnScreen: 7.667 renderPts: 7.820 nextFramePts: 7.799 -> diff: 0.021 render: 1 forceNext: 0
2025-08-23 16:54:41.871 T:4073 debug : CAMLCodec::ReleaseFrame idx:187, drop:0
2025-08-23 16:54:41.872 T:4252 debug : CAMLCodec::AddData: skip add data dl:15654062 fl:68434 sz:274284(274368) lv:101.3% dts:10.052 pts:10.052
2025-08-23 16:54:41.876 T:4250 debug : CVideoPlayer::ProcessVideoData size:475116 dts:15.015 pts:15.098 dur:41.000ms, clock:7.671 level:61
2025-08-23 16:54:41.877 T:4252 debug : CAMLCodec::AddData: dl:15669614 fl:52882 sz:274284(274368) lv:99.6% dts:10.052 pts:10.052
2025-08-23 16:54:41.878 T:4252 debug : CAMLCodec::AddData: skip add data dl:15669530 fl:52966 sz:273800(273920) lv:101.4% dts:10.093 pts:10.135
2025-08-23 16:54:41.897 T:4253 info : Skipped 10 duplicate messages..
2025-08-23 16:54:41.897 T:4253 debug : CVideoPlayerAudio::OutputPacket: pts:8.451 curr_pts:7.668 clock:7.693 level:85
2025-08-23 16:54:41.898 T:4252 debug : CAMLCodec::AddData: skip add data dl:15669530 fl:52966 sz:273800(273920) lv:101.4% dts:10.093 pts:10.135
2025-08-23 16:54:41.904 T:4073 info : Skipped 2 duplicate messages..
2025-08-23 16:54:41.904 T:4073 debug : CAMLCodec::PollFrame elapsed:32.835ms
