2025-08-23 16:54:52.598 T:4252 debug : CAMLCodec::DequeueBuffer: pts:18.727 idx:449
2025-08-23 16:54:52.598 T:4252 debug : CAMLCodec::GetPicture: index: 449, pts: 18.727, dur:42.000ms ar:1.78 elf:41ms
2025-08-23 16:54:52.598 T:4252 debug : CVideoPlayerVideo::OutputPicture - ttd:347ms pts:18.727 Clock:18.379 Level:5
2025-08-23 16:54:52.602 T:4252 debug : CAMLCodec::AddData: skip add data dl:15558911 fl:163585 sz:440341(440448) lv:101.7% dts:20.062 pts:20.062
2025-08-23 16:54:52.603 T:4073 debug : PrepareNextRender: frameOnScreen: 18.384 renderPts: 18.535 nextFramePts: 18.518 -> diff: 0.017 render: 1 forceNext: 0
2025-08-23 16:54:52.603 T:4073 debug : CAMLCodec::ReleaseFrame idx:444, drop:0
2025-08-23 16:54:52.603 T:4252 debug : CAMLCodec::AddData: skip add data dl:15558911 fl:163585 sz:440341(440448) lv:101.7% dts:20.062 pts:20.062
2025-08-23 16:54:52.608 T:4250 debug : CVideoPlayer::ProcessAudioData size:6236 dts:23.777 pts:23.777 dur:92.000ms, clock:18.389 drop:0 level:56
2025-08-23 16:54:52.608 T:4252 debug : CAMLCodec::AddData: dl:15564159 fl:158337 sz:440341(440448) lv:99.0% dts:20.062 pts:20.062
2025-08-23 16:54:52.608 T:4250 debug : CVideoPlayer::ProcessAudioData size:5907 dts:23.869 pts:23.869 dur:92.000ms, clock:18.389 drop:0 level:57
2025-08-23 16:54:52.608 T:4250 debug : CVideoPlayer::ProcessAudioData size:5538 dts:23.962 pts:23.962 dur:92.000ms, clock:18.389 drop:0 level:59
2025-08-23 16:54:52.609 T:4252 debug : CAMLCodec::AddData: skip add data dl:15385855 fl:336641 sz:445934(446016) lv:100.7% dts:20.103 pts:20.145
2025-08-23 16:54:52.611 T:4252 debug : CAMLCodec::AddData: skip add data dl:15564052 fl:158444 sz:445934(446016) lv:101.8% dts:20.103 pts:20.145
2025-08-23 16:54:52.613 T:4250 debug : CVideoPlayer::ProcessVideoData size:664259 dts:23.607 pts:24.024 dur:41.000ms, clock:18.394 level:43
2025-08-23 16:54:52.613 T:4252 debug : CAMLCodec::AddData: skip add data dl:15564052 fl:158444 sz:445934(446016) lv:101.8% dts:20.103 pts:20.145
2025-08-23 16:54:52.616 T:4250 info : Skipped 1 duplicate messages..
2025-08-23 16:54:52.615 T:4250 debug : CVideoPlayer::ProcessVideoData size:536494 dts:23.649 pts:23.857 dur:41.000ms, clock:18.397 level:100
2025-08-23 16:54:52.617 T:4252 debug : CAMLCodec::AddData: skip add data dl:15564052 fl:158444 sz:445934(446016) lv:101.8% dts:20.103 pts:20.145
2025-08-23 16:54:52.638 T:4252 info : Skipped 11 duplicate messages..
2025-08-23 16:54:52.638 T:4252 debug : CAMLCodec::DequeueBuffer: pts:18.769 idx:450
2025-08-23 16:54:52.638 T:4252 debug : CAMLCodec::GetPicture: index: 450, pts: 18.769, dur:42.000ms ar:1.78 elf:39ms
2025-08-23 16:54:52.638 T:4073 debug : CAMLCodec::PollFrame elapsed:35.057ms
2025-08-23 16:54:52.638 T:4252 debug : CVideoPlayerVideo::OutputPicture - ttd:349ms pts:18.769 Clock:18.419 Level:5
2025-08-23 16:54:52.643 T:4252 debug : CAMLCodec::AddData: skip add data dl:15558036 fl:164460 sz:445934(446016) lv:101.8% dts:20.103 pts:20.145
2025-08-23 16:54:52.646 T:4073 info : Skipped 1 duplicate messages..
2025-08-23 16:54:52.646 T:4073 debug : PrepareNextRender: frameOnScreen: 18.427 renderPts: 18.578 nextFramePts: 18.560 -> diff: 0.018 render: 1 forceNext: 0
2025-08-23 16:54:52.646 T:4073 debug : CAMLCodec::ReleaseFrame idx:445, drop:0
2025-08-23 16:54:52.647 T:4252 debug : CAMLCodec::AddData: skip add data dl:15558036 fl:164460 sz:445934(446016) lv:101.8% dts:20.103 pts:20.145
2025-08-23 16:54:52.651 T:4252 debug : CAMLCodec::AddData: dl:15571092 fl:151404 sz:445934(446016) lv:99.0% dts:20.103 pts:20.145
2025-08-23 16:54:52.652 T:4252 debug : CAMLCodec::AddData: skip add data dl:15571010 fl:151486 sz:486336(486400) lv:102.1% dts:20.145 pts:20.270
2025-08-23 16:54:52.662 T:4253 info : Skipped 6 duplicate messages..
2025-08-23 16:54:52.662 T:4253 debug : CVideoPlayerAudio::OutputPacket: pts:19.225 curr_pts:18.418 clock:18.444 level:59
2025-08-23 16:54:52.664 T:4252 debug : CAMLCodec::AddData: skip add data dl:15571010 fl:151486 sz:486336(486400) lv:102.1% dts:20.145 pts:20.270
2025-08-23 16:54:52.680 T:4073 info : Skipped 9 duplicate messages..
2025-08-23 16:54:52.680 T:4073 debug : CAMLCodec::PollFrame elapsed:33.584ms
2025-08-23 16:54:52.681 T:4252 debug : CAMLCodec::AddData: skip add data dl:15522434 fl:200062 sz:486336(486400) lv:101.8% dts:20.145 pts:20.270
2025-08-23 16:54:52.682 T:4252 debug : CAMLCodec::DequeueBuffer: pts:18.810 idx:451
2025-08-23 16:54:52.682 T:4252 debug : CAMLCodec::GetPicture: index: 451, pts: 18.810, dur:41.000ms ar:1.78 elf:43ms
2025-08-23 16:54:52.682 T:4252 debug : CVideoPlayerVideo::OutputPicture - ttd:346ms pts:18.810 Clock:18.463 Level:5
2025-08-23 16:54:52.684 T:4252 debug : CAMLCodec::AddData: skip add data dl:15522434 fl:200062 sz:486336(486400) lv:101.8% dts:20.145 pts:20.270
2025-08-23 16:54:52.693 T:4073 info : Skipped 2 duplicate messages..
2025-08-23 16:54:52.693 T:4073 debug : PrepareNextRender: frameOnScreen: 18.474 renderPts: 18.625 nextFramePts: 18.602 -> diff: 0.023 render: 1 forceNext: 0
2025-08-23 16:54:52.693 T:4073 debug : CAMLCodec::ReleaseFrame idx:446, drop:0
2025-08-23 16:54:52.694 T:4252 debug : CAMLCodec::AddData: dl:15579266 fl:143230 sz:486336(486400) lv:99.1% dts:20.145 pts:20.270
2025-08-23 16:54:52.695 T:4252 debug : CAMLCodec::AddData: skip add data dl:15579202 fl:143294 sz:447054(447168) lv:101.9% dts:20.187 pts:20.229
2025-08-23 16:54:52.698 T:4250 info : Skipped 1 duplicate messages..
2025-08-23 16:54:52.698 T:4250 debug : CVideoPlayer::ProcessVideoData size:454029 dts:23.690 pts:23.774 dur:41.000ms, clock:18.479 level:100
2025-08-23 16:54:52.700 T:4252 debug : CAMLCodec::AddData: skip add data dl:15579202 fl:143294 sz:447054(447168) lv:101.9% dts:20.187 pts:20.229
2025-08-23 16:54:52.721 T:4073 info : Skipped 12 duplicate messages..
2025-08-23 16:54:52.721 T:4073 debug : CAMLCodec::PollFrame elapsed:28.606ms
2025-08-23 16:54:52.723 T:4252 debug : CAMLCodec::DequeueBuffer: pts:18.852 idx:452
2025-08-23 16:54:52.723 T:4252 debug : CAMLCodec::GetPicture: index: 452, pts: 18.852, dur:42.000ms ar:1.78 elf:40ms
2025-08-23 16:54:52.723 T:4252 debug : CVideoPlayerVideo::OutputPicture - ttd:348ms pts:18.852 Clock:18.504 Level:5
2025-08-23 16:54:52.725 T:4252 debug : CAMLCodec::AddData: skip add data dl:15567938 fl:154558 sz:447054(447168) lv:101.8% dts:20.187 pts:20.229
2025-08-23 16:54:52.733 T:4073 info : Skipped 2 duplicate messages..
2025-08-23 16:54:52.733 T:4073 debug : PrepareNextRender: frameOnScreen: 18.514 renderPts: 18.665 nextFramePts: 18.644 -> diff: 0.021 render: 1 forceNext: 0
2025-08-23 16:54:52.733 T:4073 debug : CAMLCodec::ReleaseFrame idx:447, drop:0
2025-08-23 16:54:52.735 T:4252 debug : CAMLCodec::AddData: dl:15596930 fl:125566 sz:447054(447168) lv:99.2% dts:20.187 pts:20.229
2025-08-23 16:54:52.736 T:4252 debug : CAMLCodec::AddData: skip add data dl:15596816 fl:125680 sz:445207(445312) lv:102.0% dts:20.229 pts:20.312
2025-08-23 16:54:52.750 T:4250 info : Skipped 7 duplicate messages..
2025-08-23 16:54:52.750 T:4250 debug : CVideoPlayer::ProcessVideoData size:426341 dts:23.732 pts:23.732 dur:41.000ms, clock:18.531 level:100
2025-08-23 16:54:52.752 T:4252 debug : CAMLCodec::AddData: skip add data dl:15596816 fl:125680 sz:445207(445312) lv:102.0% dts:20.229 pts:20.312
2025-08-23 16:54:52.763 T:4073 info : Skipped 6 duplicate messages..
2025-08-23 16:54:52.763 T:4073 debug : CAMLCodec::PollFrame elapsed:30.258ms
2025-08-23 16:54:52.763 T:4253 debug : CVideoPlayerAudio::OutputPacket: pts:19.319 curr_pts:18.517 clock:18.543 level:57
2025-08-23 16:54:52.764 T:4252 debug : CAMLCodec::AddData: skip add data dl:15583056 fl:139440 sz:445207(445312) lv:101.9% dts:20.229 pts:20.312
2025-08-23 16:54:52.766 T:4252 debug : CAMLCodec::DequeueBuffer: pts:18.894 idx:453
2025-08-23 16:54:52.766 T:4252 debug : CAMLCodec::GetPicture: index: 453, pts: 18.894, dur:42.000ms ar:1.78 elf:43ms
2025-08-23 16:54:52.767 T:4252 debug : CVideoPlayerVideo::OutputPicture - ttd:346ms pts:18.894 Clock:18.548 Level:5
2025-08-23 16:54:52.769 T:4252 debug : CAMLCodec::AddData: skip add data dl:15583056 fl:139440 sz:445207(445312) lv:101.9% dts:20.229 pts:20.312
2025-08-23 16:54:52.774 T:4073 info : Skipped 1 duplicate messages..
2025-08-23 16:54:52.774 T:4073 debug : PrepareNextRender: frameOnScreen: 18.555 renderPts: 18.707 nextFramePts: 18.685 -> diff: 0.022 render: 1 forceNext: 0
2025-08-23 16:54:52.774 T:4073 debug : CAMLCodec::ReleaseFrame idx:448, drop:0
2025-08-23 16:54:52.777 T:4252 debug : CAMLCodec::AddData: dl:15519952 fl:202544 sz:445207(445312) lv:98.7% dts:20.229 pts:20.312
2025-08-23 16:54:52.778 T:4252 debug : CAMLCodec::AddData: skip add data dl:15519847 fl:202649 sz:607043(607168) lv:102.5% dts:20.270 pts:20.646
2025-08-23 16:54:52.781 T:4250 info : Skipped 1 duplicate messages..
2025-08-23 16:54:52.781 T:4250 debug : CVideoPlayer::ProcessVideoData size:415924 dts:23.774 pts:23.815 dur:41.000ms, clock:18.562 level:44
2025-08-23 16:54:52.784 T:4252 debug : CAMLCodec::AddData: skip add data dl:15519847 fl:202649 sz:607043(607168) lv:102.5% dts:20.270 pts:20.646
2025-08-23 16:54:52.793 T:4250 info : Skipped 4 duplicate messages..
2025-08-23 16:54:52.793 T:4250 debug : CVideoPlayer::ProcessVideoData size:451391 dts:23.815 pts:23.941 dur:41.000ms, clock:18.574 level:100
2025-08-23 16:54:52.795 T:4252 debug : CAMLCodec::AddData: skip add data dl:15519847 fl:202649 sz:607043(607168) lv:102.5% dts:20.270 pts:20.646
2025-08-23 16:54:52.805 T:4073 info : Skipped 4 duplicate messages..
2025-08-23 16:54:52.805 T:4073 debug : CAMLCodec::PollFrame elapsed:30.070ms
2025-08-23 16:54:52.806 T:4252 debug : CAMLCodec::AddData: skip add data dl:15337191 fl:385305 sz:607043(607168) lv:101.4% dts:20.270 pts:20.646
2025-08-23 16:54:52.808 T:4252 debug : CAMLCodec::DequeueBuffer: pts:18.936 idx:454
2025-08-23 16:54:52.808 T:4252 debug : CAMLCodec::GetPicture: index: 454, pts: 18.936, dur:42.000ms ar:1.78 elf:40ms
2025-08-23 16:54:52.808 T:4252 debug : CVideoPlayerVideo::OutputPicture - ttd:346ms pts:18.936 Clock:18.589 Level:5
2025-08-23 16:54:52.810 T:4252 debug : CAMLCodec::AddData: skip add data dl:15337191 fl:385305 sz:607043(607168) lv:101.4% dts:20.270 pts:20.646
2025-08-23 16:54:52.813 T:4073 debug : PrepareNextRender: frameOnScreen: 18.594 renderPts: 18.746 nextFramePts: 18.727 -> diff: 0.019 render: 1 forceNext: 0
2025-08-23 16:54:52.813 T:4252 debug : CAMLCodec::AddData: skip add data dl:15337191 fl:385305 sz:607043(607168) lv:101.4% dts:20.270 pts:20.646
2025-08-23 16:54:52.814 T:4073 debug : CAMLCodec::ReleaseFrame idx:449, drop:0
2025-08-23 16:54:52.818 T:4252 debug : CAMLCodec::AddData: dl:15442087 fl:280409 sz:607043(607168) lv:98.2% dts:20.270 pts:20.646
2025-08-23 16:54:52.820 T:4252 debug : CAMLCodec::AddData: skip add data dl:15441962 fl:280534 sz:552236(552320) lv:101.7% dts:20.312 pts:20.520
2025-08-23 16:54:52.835 T:4250 info : Skipped 8 duplicate messages..
2025-08-23 16:54:52.835 T:4250 debug : CVideoPlayer::ProcessVideoData size:418636 dts:23.857 pts:23.899 dur:41.000ms, clock:18.616 level:100
2025-08-23 16:54:52.837 T:4252 debug : CAMLCodec::AddData: skip add data dl:15441962 fl:280534 sz:552236(552320) lv:101.7% dts:20.312 pts:20.520
2025-08-23 16:54:52.847 T:4073 info : Skipped 4 duplicate messages..
2025-08-23 16:54:52.847 T:4073 debug : CAMLCodec::PollFrame elapsed:32.931ms
2025-08-23 16:54:52.847 T:4252 debug : CAMLCodec::DequeueBuffer: pts:18.977 idx:455
2025-08-23 16:54:52.847 T:4252 debug : CAMLCodec::GetPicture: index: 455, pts: 18.977, dur:41.000ms ar:1.78 elf:38ms
2025-08-23 16:54:52.847 T:4252 debug : CVideoPlayerVideo::OutputPicture - ttd:349ms pts:18.977 Clock:18.628 Level:5
2025-08-23 16:54:52.849 T:4252 debug : CAMLCodec::AddData: skip add data dl:15380458 fl:342038 sz:552236(552320) lv:101.3% dts:20.312 pts:20.520
2025-08-23 16:54:52.855 T:4073 info : Skipped 1 duplicate messages..
2025-08-23 16:54:52.855 T:4073 debug : PrepareNextRender: frameOnScreen: 18.636 renderPts: 18.787 nextFramePts: 18.769 -> diff: 0.018 render: 1 forceNext: 0
2025-08-23 16:54:52.855 T:4073 debug : CAMLCodec::ReleaseFrame idx:450, drop:0
2025-08-23 16:54:52.859 T:4252 debug : CAMLCodec::AddData: dl:15508330 fl:214166 sz:552236(552320) lv:98.6% dts:20.312 pts:20.520
2025-08-23 16:54:52.860 T:4252 debug : CAMLCodec::AddData: skip add data dl:15476712 fl:245528 sz:482597(482688) lv:101.5% dts:20.354 pts:20.437
2025-08-23 16:54:52.861 T:4252 debug : CAMLCodec::AddData: skip add data dl:15508246 fl:214250 sz:482597(482688) lv:101.7% dts:20.354 pts:20.437
2025-08-23 16:54:52.862 T:4253 debug : CVideoPlayerAudio::OutputPacket: pts:19.412 curr_pts:18.618 clock:18.643 level:56
2025-08-23 16:54:52.863 T:4252 debug : CAMLCodec::AddData: skip add data dl:15508246 fl:214250 sz:482597(482688) lv:101.7% dts:20.354 pts:20.437
2025-08-23 16:54:52.887 T:4250 info : Skipped 13 duplicate messages..
2025-08-23 16:54:52.887 T:4250 debug : CVideoPlayer::ProcessVideoData size:419320 dts:23.899 pts:23.982 dur:41.000ms, clock:18.668 level:100
2025-08-23 16:54:52.888 T:4073 debug : CAMLCodec::PollFrame elapsed:32.962ms
2025-08-23 16:54:52.889 T:4252 debug : CAMLCodec::AddData: skip add data dl:15508246 fl:214250 sz:482597(482688) lv:101.7% dts:20.354 pts:20.437
2025-08-23 16:54:52.893 T:4073 info : Skipped 1 duplicate messages..
2025-08-23 16:54:52.893 T:4073 debug : PrepareNextRender: frameOnScreen: 18.674 renderPts: 18.826 nextFramePts: 18.810 -> diff: 0.016 render: 1 forceNext: 0
2025-08-23 16:54:52.893 T:4073 debug : CAMLCodec::ReleaseFrame idx:451, drop:0
2025-08-23 16:54:52.893 T:4252 debug : CAMLCodec::AddData: skip add data dl:15508246 fl:214250 sz:482597(482688) lv:101.7% dts:20.354 pts:20.437
2025-08-23 16:54:52.931 T:4073 info : Skipped 17 duplicate messages..
2025-08-23 16:54:52.931 T:4073 debug : CAMLCodec::PollFrame elapsed:37.379ms
2025-08-23 16:54:52.931 T:4252 debug : CAMLCodec::AddData: skip add data dl:15456470 fl:266026 sz:482597(482688) lv:101.3% dts:20.354 pts:20.437
2025-08-23 16:54:52.932 T:4252 debug : CAMLCodec::DequeueBuffer: pts:19.019 idx:456
2025-08-23 16:54:52.933 T:4252 debug : CAMLCodec::GetPicture: index: 456, pts: 19.019, dur:42.000ms ar:1.78 elf:85ms
2025-08-23 16:54:52.933 T:4252 debug : CVideoPlayerVideo::OutputPicture - ttd:305ms pts:19.019 Clock:18.714 Level:4
2025-08-23 16:54:52.935 T:4252 debug : CAMLCodec::AddData: skip add data dl:15456470 fl:266026 sz:482597(482688) lv:101.3% dts:20.354 pts:20.437
2025-08-23 16:54:52.942 T:4252 info : Skipped 1 duplicate messages..
2025-08-23 16:54:52.942 T:4252 debug : CAMLCodec::AddData: dl:15525078 fl:197418 sz:482597(482688) lv:98.7% dts:20.354 pts:20.437
2025-08-23 16:54:52.943 T:4252 debug : CAMLCodec::AddData: skip add data dl:15501142 fl:221354 sz:445523(445632) lv:101.4% dts:20.395 pts:20.395
2025-08-23 16:54:52.944 T:4073 debug : PrepareNextRender: frameOnScreen: 18.725 renderPts: 18.876 nextFramePts: 18.852 -> diff: 0.024 render: 1 forceNext: 0
2025-08-23 16:54:52.944 T:4073 debug : CAMLCodec::ReleaseFrame idx:452, drop:0
2025-08-23 16:54:52.945 T:4252 debug : CAMLCodec::AddData: skip add data dl:15524987 fl:197509 sz:445523(445632) lv:101.5% dts:20.395 pts:20.395
2025-08-23 16:54:52.949 T:4250 info : Skipped 1 duplicate messages..
2025-08-23 16:54:52.949 T:4250 debug : CVideoPlayer::ProcessAudioData size:5308 dts:24.056 pts:24.056 dur:92.000ms, clock:18.729 drop:0 level:56
2025-08-23 16:54:52.949 T:4250 debug : CVideoPlayer::ProcessAudioData size:5114 dts:24.148 pts:24.148 dur:92.000ms, clock:18.730 drop:0 level:57
2025-08-23 16:54:52.949 T:4250 debug : CVideoPlayer::ProcessAudioData size:5010 dts:24.241 pts:24.241 dur:92.000ms, clock:18.730 drop:0 level:59
2025-08-23 16:54:52.949 T:4250 debug : CVideoPlayer::ProcessAudioData size:4843 dts:24.334 pts:24.334 dur:92.000ms, clock:18.730 drop:0 level:60
2025-08-23 16:54:52.952 T:4250 debug : CVideoPlayer::ProcessVideoData size:614617 dts:23.941 pts:24.358 dur:41.000ms, clock:18.732 level:44
2025-08-23 16:54:52.952 T:4252 debug : CAMLCodec::AddData: skip add data dl:15524987 fl:197509 sz:445523(445632) lv:101.5% dts:20.395 pts:20.395
2025-08-23 16:54:52.963 T:4253 info : Skipped 4 duplicate messages..
2025-08-23 16:54:52.963 T:4253 debug : CVideoPlayerAudio::OutputPacket: pts:19.504 curr_pts:18.719 clock:18.743 level:60
2025-08-23 16:54:52.963 T:4252 debug : CAMLCodec::AddData: skip add data dl:15524987 fl:197509 sz:445523(445632) lv:101.5% dts:20.395 pts:20.395
2025-08-23 16:54:52.972 T:4073 info : Skipped 3 duplicate messages..
2025-08-23 16:54:52.972 T:4073 debug : CAMLCodec::PollFrame elapsed:28.070ms
2025-08-23 16:54:52.974 T:4252 debug : CAMLCodec::AddData: skip add data dl:15507707 fl:214789 sz:445523(445632) lv:101.4% dts:20.395 pts:20.395
2025-08-23 16:54:52.975 T:4252 debug : CAMLCodec::DequeueBuffer: pts:19.061 idx:457
2025-08-23 16:54:52.975 T:4252 debug : CAMLCodec::GetPicture: index: 457, pts: 19.061, dur:42.000ms ar:1.78 elf:42ms
2025-08-23 16:54:52.975 T:4252 debug : CVideoPlayerVideo::OutputPicture - ttd:304ms pts:19.061 Clock:18.756 Level:4
2025-08-23 16:54:52.978 T:4252 debug : CAMLCodec::AddData: skip add data dl:15507707 fl:214789 sz:445523(445632) lv:101.4% dts:20.395 pts:20.395
2025-08-23 16:54:52.981 T:4073 info : Skipped 1 duplicate messages..
2025-08-23 16:54:52.981 T:4073 debug : PrepareNextRender: frameOnScreen: 18.762 renderPts: 18.914 nextFramePts: 18.894 -> diff: 0.020 render: 1 forceNext: 0
2025-08-23 16:54:52.981 T:4073 debug : CAMLCodec::ReleaseFrame idx:453, drop:0
2025-08-23 16:54:52.986 T:4252 debug : CAMLCodec::AddData: dl:15539003 fl:183493 sz:445523(445632) lv:98.8% dts:20.395 pts:20.395
2025-08-23 16:54:52.987 T:4252 debug : CAMLCodec::AddData: skip add data dl:15538894 fl:183602 sz:450513(450624) lv:101.7% dts:20.437 pts:20.479
2025-08-23 16:54:53.012 T:4253 info : Skipped 11 duplicate messages..
2025-08-23 16:54:53.012 T:4253 debug : CVideoPlayerAudio::OutputPacket: pts:19.597 curr_pts:18.767 clock:18.793 level:59
2025-08-23 16:54:53.013 T:4252 debug : CAMLCodec::AddData: skip add data dl:15538894 fl:183602 sz:450513(450624) lv:101.7% dts:20.437 pts:20.479
2025-08-23 16:54:53.014 T:4073 debug : CAMLCodec::PollFrame elapsed:31.640ms
2025-08-23 16:54:53.015 T:4252 debug : CAMLCodec::DequeueBuffer: pts:19.102 idx:458
2025-08-23 16:54:53.016 T:4252 debug : CAMLCodec::GetPicture: index: 458, pts: 19.102, dur:41.000ms ar:1.78 elf:40ms
2025-08-23 16:54:53.016 T:4252 debug : CVideoPlayerVideo::OutputPicture - ttd:305ms pts:19.102 Clock:18.796 Level:4
2025-08-23 16:54:53.018 T:4252 debug : CAMLCodec::AddData: skip add data dl:15521038 fl:201458 sz:450513(450624) lv:101.5% dts:20.437 pts:20.479
2025-08-23 16:54:53.023 T:4073 info : Skipped 1 duplicate messages..
2025-08-23 16:54:53.023 T:4073 debug : PrepareNextRender: frameOnScreen: 18.804 renderPts: 18.955 nextFramePts: 18.936 -> diff: 0.019 render: 1 forceNext: 0
2025-08-23 16:54:53.023 T:4073 debug : CAMLCodec::ReleaseFrame idx:454, drop:0
2025-08-23 16:54:53.027 T:4250 debug : CVideoPlayer::ProcessVideoData size:539505 dts:23.982 pts:24.191 dur:41.000ms, clock:18.807 level:44
2025-08-23 16:54:53.027 T:4252 debug : CAMLCodec::AddData: dl:15551758 fl:170738 sz:450513(450624) lv:98.9% dts:20.437 pts:20.479
2025-08-23 16:54:53.028 T:4252 debug : CAMLCodec::AddData: skip add data dl:15551647 fl:170849 sz:482035(482112) lv:101.9% dts:20.479 pts:20.604
2025-08-23 16:54:53.055 T:4073 info : Skipped 11 duplicate messages..
2025-08-23 16:54:53.055 T:4073 debug : CAMLCodec::PollFrame elapsed:32.441ms
2025-08-23 16:54:53.057 T:4252 debug : CAMLCodec::AddData: skip add data dl:15494623 fl:227873 sz:482035(482112) lv:101.6% dts:20.479 pts:20.604
2025-08-23 16:54:53.058 T:4252 debug : CAMLCodec::DequeueBuffer: pts:19.144 idx:459
2025-08-23 16:54:53.058 T:4252 debug : CAMLCodec::GetPicture: index: 459, pts: 19.144, dur:42.000ms ar:1.78 elf:42ms
2025-08-23 16:54:53.058 T:4252 debug : CVideoPlayerVideo::OutputPicture - ttd:305ms pts:19.144 Clock:18.839 Level:4
2025-08-23 16:54:53.063 T:4252 debug : CAMLCodec::AddData: skip add data dl:15494623 fl:227873 sz:482035(482112) lv:101.6% dts:20.479 pts:20.604
2025-08-23 16:54:53.067 T:4073 debug : PrepareNextRender: frameOnScreen: 18.848 renderPts: 18.999 nextFramePts: 18.977 -> diff: 0.022 render: 1 forceNext: 0
2025-08-23 16:54:53.067 T:4073 debug : CAMLCodec::ReleaseFrame idx:455, drop:0
2025-08-23 16:54:53.069 T:4250 debug : CVideoPlayer::ProcessVideoData size:461207 dts:24.024 pts:24.107 dur:41.000ms, clock:18.849 level:44
2025-08-23 16:54:53.071 T:4252 debug : CAMLCodec::AddData: dl:15563615 fl:158881 sz:482035(482112) lv:99.0% dts:20.479 pts:20.604
2025-08-23 16:54:53.073 T:4252 debug : CAMLCodec::AddData: skip add data dl:15563538 fl:158958 sz:451242(451328) lv:101.8% dts:20.520 pts:20.562
2025-08-23 16:54:53.080 T:4250 info : Skipped 3 duplicate messages..
2025-08-23 16:54:53.080 T:4250 debug : CVideoPlayer::ProcessVideoData size:417927 dts:24.066 pts:24.066 dur:41.000ms, clock:18.861 level:100
2025-08-23 16:54:53.082 T:4252 debug : CAMLCodec::AddData: skip add data dl:15563538 fl:158958 sz:451242(451328) lv:101.8% dts:20.520 pts:20.562
2025-08-23 16:54:53.097 T:4073 info : Skipped 7 duplicate messages..
2025-08-23 16:54:53.097 T:4073 debug : CAMLCodec::PollFrame elapsed:29.496ms
2025-08-23 16:54:53.099 T:4252 debug : CAMLCodec::AddData: skip add data dl:15544082 fl:178414 sz:451242(451328) lv:101.7% dts:20.520 pts:20.562
2025-08-23 16:54:53.101 T:4252 debug : CAMLCodec::DequeueBuffer: pts:19.186 idx:460
2025-08-23 16:54:53.101 T:4252 debug : CAMLCodec::GetPicture: index: 460, pts: 19.186, dur:42.000ms ar:1.78 elf:42ms
2025-08-23 16:54:53.101 T:4252 debug : CVideoPlayerVideo::OutputPicture - ttd:304ms pts:19.186 Clock:18.881 Level:4
2025-08-23 16:54:53.103 T:4252 debug : CAMLCodec::AddData: skip add data dl:15544082 fl:178414 sz:451242(451328) lv:101.7% dts:20.520 pts:20.562
2025-08-23 16:54:53.111 T:4252 info : Skipped 2 duplicate messages..
2025-08-23 16:54:53.111 T:4252 debug : CAMLCodec::AddData: dl:15580818 fl:141678 sz:451242(451328) lv:99.1% dts:20.520 pts:20.562
2025-08-23 16:54:53.112 T:4253 debug : CVideoPlayerAudio::OutputPacket: pts:19.691 curr_pts:18.868 clock:18.893 level:57
2025-08-23 16:54:53.116 T:4252 debug : CAMLCodec::AddData: skip add data dl:15580732 fl:141764 sz:775676(775744) lv:104.0% dts:20.562 pts:20.687
2025-08-23 16:54:53.117 T:4073 debug : PrepareNextRender: frameOnScreen: 18.898 renderPts: 19.049 nextFramePts: 19.019 -> diff: 0.030 render: 1 forceNext: 0
2025-08-23 16:54:53.117 T:4073 debug : CAMLCodec::ReleaseFrame idx:456, drop:0
2025-08-23 16:54:53.119 T:4252 debug : CAMLCodec::AddData: skip add data dl:15580732 fl:141764 sz:775676(775744) lv:104.0% dts:20.562 pts:20.687
2025-08-23 16:54:53.122 T:4250 debug : CVideoPlayer::ProcessVideoData size:424850 dts:24.107 pts:24.149 dur:41.000ms, clock:18.902 level:44
2025-08-23 16:54:53.123 T:4252 debug : CAMLCodec::AddData: skip add data dl:15580732 fl:141764 sz:775676(775744) lv:104.0% dts:20.562 pts:20.687
2025-08-23 16:54:53.123 T:4250 debug : CVideoPlayer::ProcessVideoData size:469179 dts:24.149 pts:24.274 dur:41.000ms, clock:18.904 level:44
2025-08-23 16:54:53.125 T:4252 debug : CAMLCodec::AddData: skip add data dl:15580732 fl:141764 sz:775676(775744) lv:104.0% dts:20.562 pts:20.687
2025-08-23 16:54:53.139 T:4073 info : Skipped 6 duplicate messages..
2025-08-23 16:54:53.139 T:4073 debug : CAMLCodec::PollFrame elapsed:21.688ms
2025-08-23 16:54:53.139 T:4252 debug : CAMLCodec::DequeueBuffer: pts:19.228 idx:461
2025-08-23 16:54:53.139 T:4252 debug : CAMLCodec::GetPicture: index: 461, pts: 19.228, dur:42.000ms ar:1.78 elf:37ms
2025-08-23 16:54:53.140 T:4252 debug : CVideoPlayerVideo::OutputPicture - ttd:307ms pts:19.228 Clock:18.920 Level:4
2025-08-23 16:54:53.144 T:4252 debug : CAMLCodec::AddData: skip add data dl:15561532 fl:160964 sz:775676(775744) lv:103.9% dts:20.562 pts:20.687
2025-08-23 16:54:53.150 T:4252 info : Skipped 1 duplicate messages..
2025-08-23 16:54:53.150 T:4252 debug : CAMLCodec::AddData: skip add data dl:15051324 fl:671172 sz:775676(775744) lv:100.6% dts:20.562 pts:20.687
2025-08-23 16:54:53.150 T:4073 debug : PrepareNextRender: frameOnScreen: 18.930 renderPts: 19.082 nextFramePts: 19.061 -> diff: 0.021 render: 1 forceNext: 0
2025-08-23 16:54:53.150 T:4073 debug : CAMLCodec::ReleaseFrame idx:457, drop:0
2025-08-23 16:54:53.152 T:4252 debug : CAMLCodec::AddData: skip add data dl:15051324 fl:671172 sz:775676(775744) lv:100.6% dts:20.562 pts:20.687
2025-08-23 16:54:53.181 T:4073 info : Skipped 16 duplicate messages..
2025-08-23 16:54:53.181 T:4073 debug : CAMLCodec::PollFrame elapsed:30.666ms
2025-08-23 16:54:53.182 T:4252 debug : CAMLCodec::DequeueBuffer: pts:19.269 idx:462
2025-08-23 16:54:53.182 T:4252 debug : CAMLCodec::GetPicture: index: 462, pts: 19.269, dur:41.000ms ar:1.78 elf:42ms
2025-08-23 16:54:53.182 T:4252 debug : CVideoPlayerVideo::OutputPicture - ttd:306ms pts:19.269 Clock:18.963 Level:4
2025-08-23 16:54:53.187 T:4252 debug : CAMLCodec::AddData: dl:15710780 fl:11716 sz:775676(775744) lv:99.9% dts:20.562 pts:20.687
2025-08-23 16:54:53.188 T:4252 debug : CAMLCodec::AddData: skip add data dl:15502328 fl:219912 sz:681291(681408) lv:102.9% dts:20.604 pts:21.021
2025-08-23 16:54:53.191 T:4252 debug : CAMLCodec::AddData: skip add data dl:15710712 fl:11784 sz:681291(681408) lv:104.2% dts:20.604 pts:21.021
2025-08-23 16:54:53.193 T:4252 debug : CAMLCodec::AddData: skip add data dl:15209784 fl:512712 sz:681291(681408) lv:101.0% dts:20.604 pts:21.021
2025-08-23 16:54:53.195 T:4073 debug : PrepareNextRender: frameOnScreen: 18.975 renderPts: 19.127 nextFramePts: 19.102 -> diff: 0.025 render: 1 forceNext: 0
2025-08-23 16:54:53.195 T:4073 debug : CAMLCodec::ReleaseFrame idx:458, drop:0
2025-08-23 16:54:53.195 T:4252 debug : CAMLCodec::AddData: skip add data dl:15209784 fl:512712 sz:681291(681408) lv:101.0% dts:20.604 pts:21.021
2025-08-23 16:54:53.206 T:4250 info : Skipped 6 duplicate messages..
2025-08-23 16:54:53.206 T:4250 debug : CVideoPlayer::ProcessVideoData size:425018 dts:24.191 pts:24.233 dur:41.000ms, clock:18.987 level:100
2025-08-23 16:54:53.208 T:4252 debug : CAMLCodec::AddData: skip add data dl:15209784 fl:512712 sz:681291(681408) lv:101.0% dts:20.604 pts:21.021
2025-08-23 16:54:53.213 T:4253 info : Skipped 2 duplicate messages..
2025-08-23 16:54:53.213 T:4253 debug : CVideoPlayerAudio::OutputPacket: pts:19.783 curr_pts:18.969 clock:18.993 level:56
2025-08-23 16:54:53.213 T:4252 debug : CAMLCodec::AddData: skip add data dl:15209784 fl:512712 sz:681291(681408) lv:101.0% dts:20.604 pts:21.021
2025-08-23 16:54:53.222 T:4073 info : Skipped 4 duplicate messages..
2025-08-23 16:54:53.222 T:4073 debug : CAMLCodec::PollFrame elapsed:27.713ms
2025-08-23 16:54:53.223 T:4252 debug : CAMLCodec::AddData: skip add data dl:15209784 fl:512712 sz:681291(681408) lv:101.0% dts:20.604 pts:21.021
2025-08-23 16:54:53.232 T:4073 info : Skipped 3 duplicate messages..
2025-08-23 16:54:53.232 T:4073 debug : PrepareNextRender: frameOnScreen: 19.012 renderPts: 19.164 nextFramePts: 19.144 -> diff: 0.020 render: 1 forceNext: 0
2025-08-23 16:54:53.232 T:4252 debug : CAMLCodec::AddData: skip add data dl:15209784 fl:512712 sz:681291(681408) lv:101.0% dts:20.604 pts:21.021
2025-08-23 16:54:53.232 T:4073 debug : CAMLCodec::ReleaseFrame idx:459, drop:0
2025-08-23 16:54:53.234 T:4252 debug : CAMLCodec::AddData: skip add data dl:15209784 fl:512712 sz:681291(681408) lv:101.0% dts:20.604 pts:21.021
2025-08-23 16:54:53.265 T:4073 info : Skipped 17 duplicate messages..
2025-08-23 16:54:53.265 T:4073 debug : CAMLCodec::PollFrame elapsed:32.232ms
2025-08-23 16:54:53.265 T:4252 debug : CAMLCodec::AddData: skip add data dl:15151608 fl:570888 sz:681291(681408) lv:100.7% dts:20.604 pts:21.021
2025-08-23 16:54:53.267 T:4252 debug : CAMLCodec::DequeueBuffer: pts:19.311 idx:463
2025-08-23 16:54:53.267 T:4252 debug : CAMLCodec::GetPicture: index: 463, pts: 19.311, dur:42.000ms ar:1.78 elf:84ms
2025-08-23 16:54:53.267 T:4252 debug : CVideoPlayerVideo::OutputPicture - ttd:263ms pts:19.311 Clock:19.047 Level:3
2025-08-23 16:54:53.269 T:4252 debug : CAMLCodec::AddData: skip add data dl:15151608 fl:570888 sz:681291(681408) lv:100.7% dts:20.604 pts:21.021
2025-08-23 16:54:53.274 T:4073 info : Skipped 1 duplicate messages..
2025-08-23 16:54:53.274 T:4073 debug : PrepareNextRender: frameOnScreen: 19.055 renderPts: 19.206 nextFramePts: 19.186 -> diff: 0.020 render: 1 forceNext: 0
2025-08-23 16:54:53.274 T:4073 debug : CAMLCodec::ReleaseFrame idx:460, drop:0
2025-08-23 16:54:53.278 T:4252 debug : CAMLCodec::AddData: dl:15408120 fl:314376 sz:681291(681408) lv:98.0% dts:20.604 pts:21.021
2025-08-23 16:54:53.278 T:4252 debug : CAMLCodec::DequeueBuffer: pts:19.353 idx:464
2025-08-23 16:54:53.278 T:4252 debug : CAMLCodec::GetPicture: index: 464, pts: 19.353, dur:42.000ms ar:1.78 elf:11ms
2025-08-23 16:54:53.278 T:4252 debug : CVideoPlayerVideo::OutputPicture - ttd:294ms pts:19.353 Clock:19.058 Level:3
2025-08-23 16:54:53.280 T:4252 debug : CAMLCodec::AddData: skip add data dl:15348291 fl:374205 sz:564140(564224) lv:101.2% dts:20.646 pts:20.854
2025-08-23 16:54:53.289 T:4250 info : Skipped 2 duplicate messages..
2025-08-23 16:54:53.288 T:4250 debug : CVideoPlayer::ProcessVideoData size:415859 dts:24.233 pts:24.316 dur:41.000ms, clock:19.069 level:44
2025-08-23 16:54:53.289 T:4252 debug : CAMLCodec::AddData: dl:15496579 fl:225917 sz:564140(564224) lv:98.5% dts:20.646 pts:20.854
2025-08-23 16:54:53.289 T:4250 debug : CVideoPlayer::ProcessAudioData size:4730 dts:24.427 pts:24.427 dur:92.000ms, clock:19.070 drop:0 level:56
2025-08-23 16:54:53.289 T:4250 debug : CVideoPlayer::ProcessAudioData size:4546 dts:24.519 pts:24.519 dur:92.000ms, clock:19.070 drop:0 level:57
2025-08-23 16:54:53.289 T:4250 debug : CVideoPlayer::ProcessAudioData size:4422 dts:24.612 pts:24.612 dur:92.000ms, clock:19.070 drop:0 level:59
2025-08-23 16:54:53.291 T:4250 debug : CVideoPlayer::ProcessVideoData size:192384 dts:24.274 pts:24.650 dur:41.000ms, clock:19.071 level:44
2025-08-23 16:54:53.291 T:4250 debug : CVideoPlayer::ProcessVideoData size:200403 dts:24.316 pts:24.524 dur:41.000ms, clock:19.072 level:45
2025-08-23 16:54:53.292 T:4250 debug : CVideoPlayer::ProcessVideoData size:317888 dts:24.358 pts:24.441 dur:41.000ms, clock:19.072 level:45
2025-08-23 16:54:53.295 T:4252 debug : CAMLCodec::AddData: dl:15547203 fl:175293 sz:483657(483776) lv:98.8% dts:20.687 pts:20.771
2025-08-23 16:54:53.295 T:4252 debug : CAMLCodec::AddData: skip add data dl:15722496 fl:0 sz:449192(449280) lv:100.0% dts:20.729 pts:20.729
2025-08-23 16:54:53.306 T:4073 info : Skipped 6 duplicate messages..
2025-08-23 16:54:53.306 T:4073 debug : CAMLCodec::PollFrame elapsed:31.726ms
2025-08-23 16:54:53.307 T:4252 debug : CAMLCodec::AddData: skip add data dl:15702784 fl:19712 sz:449192(449280) lv:102.7% dts:20.729 pts:20.729
2025-08-23 16:54:53.308 T:4252 debug : CAMLCodec::DequeueBuffer: pts:19.394 idx:465
2025-08-23 16:54:53.308 T:4252 debug : CAMLCodec::GetPicture: index: 465, pts: 19.394, dur:41.000ms ar:1.78 elf:29ms
2025-08-23 16:54:53.308 T:4252 debug : CVideoPlayerVideo::OutputPicture - ttd:305ms pts:19.394 Clock:19.088 Level:4
2025-08-23 16:54:53.310 T:4252 debug : CAMLCodec::AddData: skip add data dl:15702784 fl:19712 sz:449192(449280) lv:102.7% dts:20.729 pts:20.729
2025-08-23 16:54:53.312 T:4253 debug : CVideoPlayerAudio::OutputPacket: pts:19.876 curr_pts:19.067 clock:19.093 level:59
2025-08-23 16:54:53.314 T:4252 debug : CAMLCodec::AddData: skip add data dl:15702784 fl:19712 sz:449192(449280) lv:102.7% dts:20.729 pts:20.729
2025-08-23 16:54:53.317 T:4250 debug : CVideoPlayer::ProcessVideoData size:356830 dts:24.399 pts:24.399 dur:41.000ms, clock:19.097 level:45
2025-08-23 16:54:53.317 T:4252 debug : CAMLCodec::AddData: skip add data dl:15286528 fl:435968 sz:449192(449280) lv:100.0% dts:20.729 pts:20.729
2025-08-23 16:54:53.318 T:4073 debug : PrepareNextRender: frameOnScreen: 19.099 renderPts: 19.250 nextFramePts: 19.228 -> diff: 0.022 render: 1 forceNext: 0
2025-08-23 16:54:53.318 T:4073 debug : CAMLCodec::ReleaseFrame idx:461, drop:0
2025-08-23 16:54:53.319 T:4252 debug : CAMLCodec::AddData: skip add data dl:15286528 fl:435968 sz:449192(449280) lv:100.0% dts:20.729 pts:20.729
2025-08-23 16:54:53.348 T:4073 info : Skipped 15 duplicate messages..
2025-08-23 16:54:53.348 T:4073 debug : CAMLCodec::PollFrame elapsed:29.347ms
2025-08-23 16:54:53.352 T:4252 debug : CAMLCodec::AddData: dl:15717696 fl:4800 sz:449192(449280) lv:99.9% dts:20.729 pts:20.729
2025-08-23 16:54:53.352 T:4252 debug : CAMLCodec::DequeueBuffer: pts:19.436 idx:466
2025-08-23 16:54:53.352 T:4252 debug : CAMLCodec::GetPicture: index: 466, pts: 19.436, dur:42.000ms ar:1.78 elf:43ms
2025-08-23 16:54:53.352 T:4252 debug : CVideoPlayerVideo::OutputPicture - ttd:303ms pts:19.436 Clock:19.132 Level:4
2025-08-23 16:54:53.354 T:4073 debug : PrepareNextRender: frameOnScreen: 19.134 renderPts: 19.285 nextFramePts: 19.269 -> diff: 0.016 render: 1 forceNext: 0
2025-08-23 16:54:53.354 T:4073 debug : CAMLCodec::ReleaseFrame idx:462, drop:0
2025-08-23 16:54:53.355 T:4252 debug : CAMLCodec::AddData: skip add data dl:15722496 fl:0 sz:446488(446592) lv:100.0% dts:20.771 pts:20.812
2025-08-23 16:54:53.357 T:4252 debug : CAMLCodec::AddData: skip add data dl:15294336 fl:428160 sz:446488(446592) lv:100.1% dts:20.771 pts:20.812
2025-08-23 16:54:53.379 T:4250 info : Skipped 10 duplicate messages..
2025-08-23 16:54:53.379 T:4250 debug : CVideoPlayer::ProcessVideoData size:244265 dts:24.441 pts:24.483 dur:41.000ms, clock:19.159 level:100
2025-08-23 16:54:53.382 T:4252 debug : CAMLCodec::AddData: skip add data dl:15294336 fl:428160 sz:446488(446592) lv:100.1% dts:20.771 pts:20.812
2025-08-23 16:54:53.390 T:4073 info : Skipped 3 duplicate messages..
2025-08-23 16:54:53.390 T:4073 debug : CAMLCodec::PollFrame elapsed:35.723ms
2025-08-23 16:54:53.390 T:4250 debug : CVideoPlayer::ProcessVideoData size:23338 dts:24.483 pts:24.608 dur:41.000ms, clock:19.170 level:46
2025-08-23 16:54:53.390 T:4250 debug : CVideoPlayer::ProcessVideoData size:30166 dts:24.524 pts:24.566 dur:41.000ms, clock:19.170 level:46
2025-08-23 16:54:53.390 T:4252 debug : CAMLCodec::AddData: skip add data dl:15294336 fl:428160 sz:446488(446592) lv:100.1% dts:20.771 pts:20.812
2025-08-23 16:54:53.392 T:4252 debug : CAMLCodec::DequeueBuffer: pts:19.478 idx:467
2025-08-23 16:54:53.392 T:4252 debug : CAMLCodec::GetPicture: index: 467, pts: 19.478, dur:42.000ms ar:1.78 elf:39ms
2025-08-23 16:54:53.392 T:4252 debug : CVideoPlayerVideo::OutputPicture - ttd:306ms pts:19.478 Clock:19.172 Level:4
2025-08-23 16:54:53.397 T:4252 debug : CAMLCodec::AddData: dl:15686144 fl:36352 sz:446488(446592) lv:99.7% dts:20.771 pts:20.812
2025-08-23 16:54:53.398 T:4073 debug : PrepareNextRender: frameOnScreen: 19.178 renderPts: 19.329 nextFramePts: 19.311 -> diff: 0.018 render: 1 forceNext: 0
2025-08-23 16:54:53.398 T:4073 debug : CAMLCodec::ReleaseFrame idx:463, drop:0
2025-08-23 16:54:53.400 T:4252 debug : CAMLCodec::AddData: skip add data dl:15722496 fl:0 sz:477271(477376) lv:100.0% dts:20.812 pts:20.938
2025-08-23 16:54:53.401 T:4250 debug : CVideoPlayer::ProcessVideoData size:3195 dts:24.566 pts:24.691 dur:41.000ms, clock:19.181 level:47
2025-08-23 16:54:53.402 T:4250 debug : CVideoPlayer::ProcessAudioData size:4255 dts:24.706 pts:24.706 dur:92.000ms, clock:19.182 drop:0 level:59
2025-08-23 16:54:53.402 T:4250 debug : CVideoPlayer::ProcessAudioData size:4126 dts:24.798 pts:24.798 dur:92.000ms, clock:19.182 drop:0 level:60
2025-08-23 16:54:53.402 T:4250 debug : CVideoPlayer::ProcessAudioData size:3986 dts:24.891 pts:24.891 dur:92.000ms, clock:19.182 drop:0 level:61
2025-08-23 16:54:53.402 T:4250 debug : CVideoPlayer::ProcessAudioData size:3912 dts:24.984 pts:24.984 dur:92.000ms, clock:19.182 drop:0 level:62
2025-08-23 16:54:53.402 T:4250 debug : CVideoPlayer::ProcessAudioData size:3812 dts:25.077 pts:25.077 dur:92.000ms, clock:19.182 drop:0 level:63
2025-08-23 16:54:53.402 T:4250 debug : CVideoPlayer::ProcessAudioData size:3702 dts:25.170 pts:25.170 dur:92.000ms, clock:19.182 drop:0 level:64
2025-08-23 16:54:53.402 T:4250 debug : CVideoPlayer::ProcessAudioData size:3614 dts:25.263 pts:25.263 dur:92.000ms, clock:19.183 drop:0 level:66
2025-08-23 16:54:53.402 T:4250 debug : CVideoPlayer::ProcessAudioData size:3613 dts:25.356 pts:25.356 dur:92.000ms, clock:19.183 drop:0 level:67
2025-08-23 16:54:53.403 T:4252 debug : CAMLCodec::AddData: skip add data dl:15303488 fl:419008 sz:477271(477376) lv:100.3% dts:20.812 pts:20.938
2025-08-23 16:54:53.405 T:4250 debug : CVideoPlayer::ProcessVideoData size:550 dts:24.608 pts:25.025 dur:41.000ms, clock:19.185 level:47
2025-08-23 16:54:53.405 T:4250 debug : CVideoPlayer::ProcessVideoData size:566 dts:24.650 pts:24.858 dur:41.000ms, clock:19.185 level:47
2025-08-23 16:54:53.405 T:4250 debug : CVideoPlayer::ProcessVideoData size:568 dts:24.691 pts:24.775 dur:41.000ms, clock:19.185 level:48
2025-08-23 16:54:53.405 T:4252 debug : CAMLCodec::AddData: skip add data dl:15303488 fl:419008 sz:477271(477376) lv:100.3% dts:20.812 pts:20.938
2025-08-23 16:54:53.405 T:4250 debug : CVideoPlayer::ProcessVideoData size:568 dts:24.733 pts:24.733 dur:41.000ms, clock:19.186 level:49
2025-08-23 16:54:53.405 T:4250 debug : CVideoPlayer::ProcessVideoData size:568 dts:24.775 pts:24.816 dur:41.000ms, clock:19.186 level:50
2025-08-23 16:54:53.405 T:4250 debug : CVideoPlayer::ProcessVideoData size:568 dts:24.816 pts:24.942 dur:41.000ms, clock:19.186 level:50
2025-08-23 16:54:53.405 T:4250 debug : CVideoPlayer::ProcessVideoData size:568 dts:24.858 pts:24.900 dur:41.000ms, clock:19.186 level:51
2025-08-23 16:54:53.406 T:4250 debug : CVideoPlayer::ProcessVideoData size:568 dts:24.900 pts:24.983 dur:41.000ms, clock:19.186 level:51
2025-08-23 16:54:53.407 T:4250 debug : CVideoPlayer::ProcessVideoData size:556 dts:24.942 pts:25.359 dur:41.000ms, clock:19.187 level:52
2025-08-23 16:54:53.407 T:4250 debug : CVideoPlayer::ProcessVideoData size:570 dts:24.983 pts:25.192 dur:41.000ms, clock:19.187 level:52
2025-08-23 16:54:53.407 T:4250 debug : CVideoPlayer::ProcessVideoData size:570 dts:25.025 pts:25.108 dur:41.000ms, clock:19.187 level:53
2025-08-23 16:54:53.408 T:4250 debug : CVideoPlayer::ProcessVideoData size:570 dts:25.067 pts:25.067 dur:41.000ms, clock:19.188 level:53
2025-08-23 16:54:53.408 T:4250 debug : CVideoPlayer::ProcessVideoData size:570 dts:25.108 pts:25.150 dur:41.000ms, clock:19.188 level:54
2025-08-23 16:54:53.408 T:4250 debug : CVideoPlayer::ProcessVideoData size:570 dts:25.150 pts:25.275 dur:41.000ms, clock:19.189 level:54
2025-08-23 16:54:53.409 T:4250 debug : CVideoPlayer::ProcessVideoData size:570 dts:25.192 pts:25.234 dur:41.000ms, clock:19.189 level:55
2025-08-23 16:54:53.409 T:4250 debug : CVideoPlayer::ProcessVideoData size:569 dts:25.234 pts:25.317 dur:41.000ms, clock:19.189 level:55
2025-08-23 16:54:53.410 T:4250 debug : CVideoPlayer::ProcessAudioData size:3536 dts:25.449 pts:25.449 dur:92.000ms, clock:19.190 drop:0 level:68
2025-08-23 16:54:53.410 T:4250 debug : CVideoPlayer::ProcessAudioData size:3479 dts:25.541 pts:25.541 dur:92.000ms, clock:19.190 drop:0 level:69
2025-08-23 16:54:53.410 T:4250 debug : CVideoPlayer::ProcessAudioData size:3500 dts:25.634 pts:25.634 dur:92.000ms, clock:19.190 drop:0 level:70
2025-08-23 16:54:53.411 T:4252 debug : CAMLCodec::AddData: skip add data dl:15303488 fl:419008 sz:477271(477376) lv:100.3% dts:20.812 pts:20.938
2025-08-23 16:54:53.412 T:4253 debug : CVideoPlayerAudio::OutputPacket: pts:19.969 curr_pts:19.168 clock:19.193 level:70
2025-08-23 16:54:53.413 T:4252 debug : CAMLCodec::AddData: skip add data dl:15303488 fl:419008 sz:477271(477376) lv:100.3% dts:20.812 pts:20.938
2025-08-23 16:54:53.414 T:4250 debug : CVideoPlayer::ProcessVideoData size:556 dts:25.275 pts:25.651 dur:41.000ms, clock:19.194 level:56
2025-08-23 16:54:53.414 T:4250 debug : CVideoPlayer::ProcessVideoData size:572 dts:25.317 pts:25.525 dur:41.000ms, clock:19.194 level:56
2025-08-23 16:54:53.414 T:4250 debug : CVideoPlayer::ProcessVideoData size:570 dts:25.359 pts:25.442 dur:41.000ms, clock:19.194 level:57
2025-08-23 16:54:53.414 T:4250 debug : CVideoPlayer::ProcessVideoData size:570 dts:25.400 pts:25.400 dur:41.000ms, clock:19.194 level:57
2025-08-23 16:54:53.414 T:4250 debug : CVideoPlayer::ProcessVideoData size:570 dts:25.442 pts:25.484 dur:41.000ms, clock:19.194 level:58
2025-08-23 16:54:53.414 T:4250 debug : CVideoPlayer::ProcessVideoData size:570 dts:25.484 pts:25.609 dur:41.000ms, clock:19.194 level:58
2025-08-23 16:54:53.414 T:4250 debug : CVideoPlayer::ProcessVideoData size:570 dts:25.525 pts:25.567 dur:41.000ms, clock:19.194 level:59
2025-08-23 16:54:53.414 T:4250 debug : CVideoPlayer::ProcessVideoData size:3195 dts:25.567 pts:25.692 dur:41.000ms, clock:19.194 level:59
2025-08-23 16:54:53.414 T:4250 debug : CVideoPlayer::ProcessAudioData size:3484 dts:25.728 pts:25.728 dur:92.000ms, clock:19.195 drop:0 level:70
2025-08-23 16:54:53.414 T:4250 debug : CVideoPlayer::ProcessAudioData size:3511 dts:25.820 pts:25.820 dur:92.000ms, clock:19.195 drop:0 level:71
2025-08-23 16:54:53.414 T:4250 debug : CVideoPlayer::ProcessAudioData size:3555 dts:25.913 pts:25.913 dur:92.000ms, clock:19.195 drop:0 level:72
2025-08-23 16:54:53.414 T:4250 debug : CVideoPlayer::ProcessAudioData size:3608 dts:26.006 pts:26.006 dur:92.000ms, clock:19.195 drop:0 level:74
2025-08-23 16:54:53.414 T:4250 debug : CVideoPlayer::ProcessAudioData size:3634 dts:26.099 pts:26.099 dur:92.000ms, clock:19.195 drop:0 level:75
2025-08-23 16:54:53.414 T:4250 debug : CVideoPlayer::ProcessAudioData size:3637 dts:26.192 pts:26.192 dur:92.000ms, clock:19.195 drop:0 level:76
2025-08-23 16:54:53.414 T:4250 debug : CVideoPlayer::ProcessAudioData size:3670 dts:26.285 pts:26.285 dur:92.000ms, clock:19.195 drop:0 level:77
2025-08-23 16:54:53.414 T:4250 debug : CVideoPlayer::ProcessAudioData size:3696 dts:26.378 pts:26.378 dur:92.000ms, clock:19.195 drop:0 level:78
2025-08-23 16:54:53.415 T:4250 debug : CVideoPlayer::ProcessVideoData size:550 dts:25.609 pts:26.026 dur:41.000ms, clock:19.195 level:60
2025-08-23 16:54:53.415 T:4250 debug : CVideoPlayer::ProcessVideoData size:566 dts:25.651 pts:25.859 dur:41.000ms, clock:19.195 level:60
2025-08-23 16:54:53.415 T:4250 debug : CVideoPlayer::ProcessVideoData size:568 dts:25.692 pts:25.776 dur:41.000ms, clock:19.195 level:61
2025-08-23 16:54:53.415 T:4250 debug : CVideoPlayer::ProcessVideoData size:568 dts:25.734 pts:25.734 dur:41.000ms, clock:19.196 level:61
2025-08-23 16:54:53.416 T:4250 debug : CVideoPlayer::ProcessVideoData size:568 dts:25.776 pts:25.817 dur:41.000ms, clock:19.196 level:62
2025-08-23 16:54:53.416 T:4250 debug : CVideoPlayer::ProcessVideoData size:568 dts:25.817 pts:25.943 dur:41.000ms, clock:19.196 level:63
2025-08-23 16:54:53.416 T:4250 debug : CVideoPlayer::ProcessVideoData size:568 dts:25.859 pts:25.901 dur:41.000ms, clock:19.197 level:63
2025-08-23 16:54:53.417 T:4250 debug : CVideoPlayer::ProcessVideoData size:568 dts:25.901 pts:25.984 dur:41.000ms, clock:19.197 level:64
2025-08-23 16:54:53.419 T:4250 debug : CVideoPlayer::ProcessVideoData size:556 dts:25.943 pts:26.360 dur:41.000ms, clock:19.199 level:64
2025-08-23 16:54:53.419 T:4252 debug : CAMLCodec::AddData: skip add data dl:15303488 fl:419008 sz:477271(477376) lv:100.3% dts:20.812 pts:20.938
2025-08-23 16:54:53.419 T:4250 debug : CVideoPlayer::ProcessVideoData size:570 dts:25.984 pts:26.193 dur:41.000ms, clock:19.199 level:64
2025-08-23 16:54:53.419 T:4250 debug : CVideoPlayer::ProcessVideoData size:570 dts:26.026 pts:26.109 dur:41.000ms, clock:19.199 level:65
2025-08-23 16:54:53.419 T:4250 debug : CVideoPlayer::ProcessVideoData size:570 dts:26.068 pts:26.068 dur:41.000ms, clock:19.199 level:66
2025-08-23 16:54:53.419 T:4250 debug : CVideoPlayer::ProcessVideoData size:570 dts:26.109 pts:26.151 dur:41.000ms, clock:19.199 level:66
2025-08-23 16:54:53.419 T:4250 debug : CVideoPlayer::ProcessVideoData size:570 dts:26.151 pts:26.276 dur:41.000ms, clock:19.199 level:67
2025-08-23 16:54:53.419 T:4250 debug : CVideoPlayer::ProcessVideoData size:570 dts:26.193 pts:26.235 dur:41.000ms, clock:19.199 level:67
2025-08-23 16:54:53.420 T:4250 debug : CVideoPlayer::ProcessVideoData size:569 dts:26.235 pts:26.318 dur:41.000ms, clock:19.200 level:68
2025-08-23 16:54:53.422 T:4252 debug : CAMLCodec::AddData: skip add data dl:15303488 fl:419008 sz:477271(477376) lv:100.3% dts:20.812 pts:20.938
2025-08-23 16:54:53.422 T:4250 debug : CVideoPlayer::ProcessAudioData size:3736 dts:26.471 pts:26.471 dur:92.000ms, clock:19.203 drop:0 level:79
2025-08-23 16:54:53.423 T:4250 debug : CVideoPlayer::ProcessVideoData size:556 dts:26.276 pts:26.485 dur:41.000ms, clock:19.203 level:68
2025-08-23 16:54:53.423 T:4250 debug : CVideoPlayer::ProcessVideoData size:570 dts:26.318 pts:26.443 dur:41.000ms, clock:19.203 level:69
2025-08-23 16:54:53.423 T:4250 debug : CVideoPlayer::ProcessVideoData size:568 dts:26.360 pts:26.401 dur:41.000ms, clock:19.203 level:69
2025-08-23 16:54:53.423 T:4250 debug : CVideoPlayer::ProcessVideoData size:3194 dts:26.401 pts:26.526 dur:41.000ms, clock:19.204 level:70
2025-08-23 16:54:53.424 T:4250 debug : CVideoPlayer::ProcessAudioData size:6339 dts:26.564 pts:26.564 dur:92.000ms, clock:19.204 drop:0 level:81
2025-08-23 16:54:53.424 T:4250 debug : CVideoPlayer::ProcessAudioData size:5702 dts:26.656 pts:26.656 dur:92.000ms, clock:19.204 drop:0 level:82
2025-08-23 16:54:53.424 T:4250 debug : CVideoPlayer::ProcessAudioData size:4779 dts:26.749 pts:26.749 dur:92.000ms, clock:19.204 drop:0 level:83
2025-08-23 16:54:53.424 T:4250 debug : CVideoPlayer::ProcessAudioData size:4550 dts:26.842 pts:26.842 dur:92.000ms, clock:19.204 drop:0 level:84
2025-08-23 16:54:53.424 T:4250 debug : CVideoPlayer::ProcessAudioData size:4373 dts:26.935 pts:26.935 dur:92.000ms, clock:19.204 drop:0 level:85
2025-08-23 16:54:53.424 T:4250 debug : CVideoPlayer::ProcessAudioData size:4324 dts:27.028 pts:27.028 dur:92.000ms, clock:19.204 drop:0 level:86
2025-08-23 16:54:53.424 T:4250 debug : CVideoPlayer::ProcessAudioData size:4410 dts:27.121 pts:27.121 dur:92.000ms, clock:19.204 drop:0 level:88
2025-08-23 16:54:53.424 T:4250 debug : CVideoPlayer::ProcessAudioData size:6491 dts:27.214 pts:27.214 dur:92.000ms, clock:19.204 drop:0 level:89
2025-08-23 16:54:53.424 T:4250 debug : CVideoPlayer::ProcessVideoData size:565 dts:26.443 pts:26.860 dur:41.000ms, clock:19.205 level:70
2025-08-23 16:54:53.424 T:4250 debug : CVideoPlayer::ProcessVideoData size:566 dts:26.485 pts:26.693 dur:41.000ms, clock:19.205 level:71
2025-08-23 16:54:53.424 T:4250 debug : CVideoPlayer::ProcessVideoData size:568 dts:26.526 pts:26.610 dur:41.000ms, clock:19.205 level:71
2025-08-23 16:54:53.424 T:4250 debug : CVideoPlayer::ProcessVideoData size:568 dts:26.568 pts:26.568 dur:41.000ms, clock:19.205 level:72
2025-08-23 16:54:53.426 T:4252 debug : CAMLCodec::AddData: skip add data dl:15303488 fl:419008 sz:477271(477376) lv:100.3% dts:20.812 pts:20.938
2025-08-23 16:54:53.431 T:4073 info : Skipped 2 duplicate messages..
2025-08-23 16:54:53.431 T:4073 debug : CAMLCodec::PollFrame elapsed:33.675ms
2025-08-23 16:54:53.432 T:4252 debug : CAMLCodec::AddData: skip add data dl:15287104 fl:435392 sz:477271(477376) lv:100.2% dts:20.812 pts:20.938
2025-08-23 16:54:53.433 T:4252 debug : CAMLCodec::DequeueBuffer: pts:19.519 idx:468
2025-08-23 16:54:53.433 T:4252 debug : CAMLCodec::GetPicture: index: 468, pts: 19.519, dur:41.000ms ar:1.78 elf:41ms
2025-08-23 16:54:53.433 T:4252 debug : CVideoPlayerVideo::OutputPicture - ttd:305ms pts:19.519 Clock:19.214 Level:4
2025-08-23 16:54:53.435 T:4252 debug : CAMLCodec::DequeueBuffer: pts:19.561 idx:469
2025-08-23 16:54:53.435 T:4252 debug : CAMLCodec::GetPicture: index: 469, pts: 19.561, dur:42.000ms ar:1.78 elf:1ms
2025-08-23 16:54:53.435 T:4252 debug : CVideoPlayerVideo::OutputPicture - ttd:346ms pts:19.561 Clock:19.215 Level:5
2025-08-23 16:54:53.437 T:4252 debug : CAMLCodec::DequeueBuffer: pts:19.603 idx:470
2025-08-23 16:54:53.437 T:4252 debug : CAMLCodec::GetPicture: index: 470, pts: 19.603, dur:42.000ms ar:1.78 elf:2ms
2025-08-23 16:54:53.437 T:4252 debug : CVideoPlayerVideo::OutputPicture - ttd:385ms pts:19.603 Clock:19.217 Level:6
2025-08-23 16:54:53.438 T:4073 debug : PrepareNextRender: frameOnScreen: 19.218 renderPts: 19.370 nextFramePts: 19.353 -> diff: 0.017 render: 1 forceNext: 0
2025-08-23 16:54:53.438 T:4073 debug : CAMLCodec::ReleaseFrame idx:464, drop:0
2025-08-23 16:54:53.438 T:4252 debug : CAMLCodec::DequeueBuffer: pts:19.645 idx:471
2025-08-23 16:54:53.438 T:4252 debug : CAMLCodec::GetPicture: index: 471, pts: 19.645, dur:42.000ms ar:1.78 elf:1ms
2025-08-23 16:54:53.438 T:4252 debug : CVideoPlayerVideo::OutputPicture - ttd:426ms pts:19.645 Clock:19.219 Level:6
2025-08-23 16:54:53.441 T:4252 debug : CAMLCodec::AddData: skip add data dl:15287104 fl:435392 sz:477271(477376) lv:100.2% dts:20.812 pts:20.938
2025-08-23 16:54:53.445 T:4252 debug : CAMLCodec::AddData: dl:15204352 fl:518144 sz:477271(477376) lv:96.7% dts:20.812 pts:20.938
2025-08-23 16:54:53.445 T:4250 debug : CVideoPlayer::ProcessVideoData size:568 dts:26.610 pts:26.652 dur:41.000ms, clock:19.225 level:72
2025-08-23 16:54:53.445 T:4250 debug : CVideoPlayer::ProcessVideoData size:568 dts:26.652 pts:26.777 dur:41.000ms, clock:19.225 level:72
2025-08-23 16:54:53.445 T:4250 debug : CVideoPlayer::ProcessVideoData size:568 dts:26.693 pts:26.735 dur:41.000ms, clock:19.225 level:72
2025-08-23 16:54:53.446 T:4250 debug : CVideoPlayer::ProcessVideoData size:568 dts:26.735 pts:26.818 dur:41.000ms, clock:19.226 level:73
2025-08-23 16:54:53.449 T:4250 debug : CVideoPlayer::ProcessVideoData size:25920 dts:26.777 pts:27.194 dur:41.000ms, clock:19.229 level:73
2025-08-23 16:54:53.449 T:4252 debug : CAMLCodec::AddData: dl:15657456 fl:64904 sz:443854(443968) lv:99.5% dts:20.854 pts:20.896
