2025-08-23 16:54:35.733 T:4252 debug : CAMLCodec::AddData: skip add data dl:15440344 fl:282152 sz:360556(360640) lv:100.5% dts:3.962 pts:4.171
2025-08-23 16:54:35.738 T:4226 info : Skipped 2 duplicate messages..
2025-08-23 16:54:35.738 T:4226 debug : Python interpreter stopped
2025-08-23 16:54:35.738 T:4226 debug : Thread LanguageInvoker 3483349504 terminating
2025-08-23 16:54:35.739 T:4252 debug : CAMLCodec::AddData: skip add data dl:15440344 fl:282152 sz:360556(360640) lv:100.5% dts:3.962 pts:4.171
2025-08-23 16:54:35.739 T:4253 debug : CVideoPlayerAudio::OutputPacket: pts:2.321 curr_pts:1.517 clock:1.543 level:91
2025-08-23 16:54:35.742 T:4250 debug : CVideoPlayer::ProcessVideoData size:287229 dts:9.343 pts:9.426 dur:41.000ms, clock:1.546 level:67
2025-08-23 16:54:35.743 T:4252 debug : CAMLCodec::AddData: dl:15445720 fl:276776 sz:360556(360640) lv:98.2% dts:3.962 pts:4.171
2025-08-23 16:54:35.744 T:4252 debug : CAMLCodec::AddData: skip add data dl:15445636 fl:276860 sz:291738(291840) lv:100.1% dts:4.004 pts:4.087
2025-08-23 16:54:35.747 T:4214 info : Skipped 1 duplicate messages..
2025-08-23 16:54:35.747 T:4214 debug : trying to load setting definitions from old format...
2025-08-23 16:54:35.747 T:4252 debug : CAMLCodec::AddData: skip add data dl:15445636 fl:276860 sz:291738(291840) lv:100.1% dts:4.004 pts:4.087
2025-08-23 16:54:35.751 T:4214 info : Skipped 2 duplicate messages..
2025-08-23 16:54:35.751 T:4214 debug : requested setting (server_speed_check_data) was not found.
2025-08-23 16:54:35.751 T:4252 debug : CAMLCodec::AddData: skip add data dl:15445636 fl:276860 sz:291738(291840) lv:100.1% dts:4.004 pts:4.087
2025-08-23 16:54:35.752 T:4250 debug : CVideoPlayer::ProcessVideoData size:262745 dts:9.384 pts:9.384 dur:41.000ms, clock:1.556 level:67
2025-08-23 16:54:35.754 T:4252 debug : CAMLCodec::AddData: skip add data dl:15445636 fl:276860 sz:291738(291840) lv:100.1% dts:4.004 pts:4.087
2025-08-23 16:54:35.755 T:4214 info : Skipped 1 duplicate messages..
2025-08-23 16:54:35.755 T:4214 debug : trying to load setting definitions from old format...
2025-08-23 16:54:35.757 T:4252 debug : CAMLCodec::AddData: skip add data dl:15445636 fl:276860 sz:291738(291840) lv:100.1% dts:4.004 pts:4.087
2025-08-23 16:54:35.760 T:4214 info : Skipped 2 duplicate messages..
2025-08-23 16:54:35.760 T:4214 debug : requested setting (server_speed_check_data) was not found.
2025-08-23 16:54:35.761 T:4252 debug : CAMLCodec::AddData: skip add data dl:15445636 fl:276860 sz:291738(291840) lv:100.1% dts:4.004 pts:4.087
2025-08-23 16:54:35.762 T:4214 debug : trying to load setting definitions from old format...
2025-08-23 16:54:35.763 T:4252 debug : CAMLCodec::AddData: skip add data dl:15445636 fl:276860 sz:291738(291840) lv:100.1% dts:4.004 pts:4.087
2025-08-23 16:54:35.765 T:4214 debug : requested setting (server_speed_check_data) was not found.
2025-08-23 16:54:35.766 T:4214 debug : trying to load setting definitions from old format...
2025-08-23 16:54:35.767 T:4073 debug : CAMLCodec::PollFrame elapsed:37.694ms
2025-08-23 16:54:35.768 T:4214 debug : requested setting (server_speed_check_data) was not found.
2025-08-23 16:54:35.771 T:4252 debug : CAMLCodec::AddData: dl:15600900 fl:121596 sz:291738(291840) lv:99.2% dts:4.004 pts:4.087
2025-08-23 16:54:35.772 T:4252 debug : CAMLCodec::AddData: skip add data dl:15600798 fl:121698 sz:264406(264512) lv:100.9% dts:4.046 pts:4.046
2025-08-23 16:54:35.773 T:4250 debug : CVideoPlayer::ProcessVideoData size:265185 dts:9.426 pts:9.468 dur:41.000ms, clock:1.578 level:67
2025-08-23 16:54:35.777 T:4073 debug : PrepareNextRender: frameOnScreen: 1.582 renderPts: 1.732 nextFramePts: 1.710 -> diff: 0.022 render: 1 forceNext: 0
2025-08-23 16:54:35.778 T:4073 debug : CAMLCodec::ReleaseFrame idx:41, drop:0
2025-08-23 16:54:35.778 T:4252 debug : CAMLCodec::AddData: dl:15565022 fl:157474 sz:264406(264512) lv:99.0% dts:4.046 pts:4.046
2025-08-23 16:54:35.778 T:4252 debug : CAMLCodec::AddData: skip add data dl:15564916 fl:157580 sz:266171(266240) lv:100.7% dts:4.087 pts:4.129
2025-08-23 16:54:35.784 T:4250 info : Skipped 2 duplicate messages..
2025-08-23 16:54:35.784 T:4250 debug : CVideoPlayer::ProcessVideoData size:289937 dts:9.468 pts:9.593 dur:41.000ms, clock:1.589 level:67
2025-08-23 16:54:35.785 T:4252 debug : CAMLCodec::AddData: skip add data dl:15564916 fl:157580 sz:266171(266240) lv:100.7% dts:4.087 pts:4.129
2025-08-23 16:54:35.790 T:4250 info : Skipped 3 duplicate messages..
2025-08-23 16:54:35.790 T:4250 debug : CVideoPlayer::ProcessVideoData size:263609 dts:9.509 pts:9.551 dur:41.000ms, clock:1.594 level:100
2025-08-23 16:54:35.792 T:4252 debug : CAMLCodec::AddData: skip add data dl:15564916 fl:157580 sz:266171(266240) lv:100.7% dts:4.087 pts:4.129
2025-08-23 16:54:35.808 T:4252 info : Skipped 9 duplicate messages..
2025-08-23 16:54:35.808 T:4252 debug : CAMLCodec::AddData: skip add data dl:15534836 fl:187660 sz:266171(266240) lv:100.5% dts:4.087 pts:4.129
2025-08-23 16:54:35.809 T:4073 debug : CAMLCodec::PollFrame elapsed:30.763ms
2025-08-23 16:54:35.811 T:4252 debug : CAMLCodec::AddData: skip add data dl:15534836 fl:187660 sz:266171(266240) lv:100.5% dts:4.087 pts:4.129
2025-08-23 16:54:35.813 T:4073 debug : PrepareNextRender: frameOnScreen: 1.617 renderPts: 1.767 nextFramePts: 1.752 -> diff: 0.015 render: 1 forceNext: 0
2025-08-23 16:54:35.813 T:4073 debug : CAMLCodec::ReleaseFrame idx:42, drop:0
2025-08-23 16:54:35.813 T:4252 debug : CAMLCodec::AddData: skip add data dl:15534836 fl:187660 sz:266171(266240) lv:100.5% dts:4.087 pts:4.129
2025-08-23 16:54:35.818 T:4252 debug : CAMLCodec::AddData: dl:15612788 fl:109708 sz:266171(266240) lv:99.3% dts:4.087 pts:4.129
2025-08-23 16:54:35.818 T:4252 debug : CVideoPlayerVideo - CDVDMsg::DEMUXER_PACKET - checking interlace vfmt: null
2025-08-23 16:54:35.818 T:4252 debug : CAMLCodec::AddData: skip add data dl:15612719 fl:109777 sz:292496(292608) lv:101.1% dts:4.129 pts:4.254
2025-08-23 16:54:35.831 T:4250 info : Skipped 6 duplicate messages..
2025-08-23 16:54:35.831 T:4250 debug : CVideoPlayer::ProcessVideoData size:263128 dts:9.551 pts:9.635 dur:41.000ms, clock:1.636 level:67
2025-08-23 16:54:35.832 T:4252 debug : CAMLCodec::AddData: skip add data dl:15612719 fl:109777 sz:292496(292608) lv:101.1% dts:4.129 pts:4.254
2025-08-23 16:54:35.838 T:4253 info : Skipped 4 duplicate messages..
2025-08-23 16:54:35.838 T:4253 debug : CVideoPlayerAudio::OutputPacket: pts:2.415 curr_pts:1.617 clock:1.643 level:90
2025-08-23 16:54:35.840 T:4252 debug : CAMLCodec::AddData: skip add data dl:15612719 fl:109777 sz:292496(292608) lv:101.1% dts:4.129 pts:4.254
2025-08-23 16:54:35.850 T:4073 info : Skipped 4 duplicate messages..
2025-08-23 16:54:35.850 T:4073 debug : CAMLCodec::PollFrame elapsed:37.299ms
2025-08-23 16:54:35.850 T:4252 debug : CAMLCodec::DequeueBuffer: pts:2.002 idx:48
2025-08-23 16:54:35.850 T:4252 debug : CAMLCodec::GetPicture: index: 48, pts: 2.002, dur:41.999ms ar:1.78 elf:121ms
2025-08-23 16:54:35.850 T:4252 debug : CVideoPlayerVideo::OutputPicture - ttd:347ms pts:2.002 Clock:1.655 Level:5
2025-08-23 16:54:35.852 T:4252 debug : CAMLCodec::AddData: skip add data dl:15601583 fl:120913 sz:292496(292608) lv:101.1% dts:4.129 pts:4.254
2025-08-23 16:54:35.856 T:4252 info : Skipped 1 duplicate messages..
2025-08-23 16:54:35.856 T:4252 debug : CAMLCodec::AddData: skip add data dl:15526831 fl:195665 sz:292496(292608) lv:100.6% dts:4.129 pts:4.254
2025-08-23 16:54:35.857 T:4073 debug : PrepareNextRender: frameOnScreen: 1.661 renderPts: 1.811 nextFramePts: 1.793 -> diff: 0.018 render: 1 forceNext: 0
2025-08-23 16:54:35.857 T:4073 debug : CAMLCodec::ReleaseFrame idx:43, drop:0
2025-08-23 16:54:35.858 T:4252 debug : CAMLCodec::AddData: skip add data dl:15526831 fl:195665 sz:292496(292608) lv:100.6% dts:4.129 pts:4.254
2025-08-23 16:54:35.891 T:4252 info : Skipped 18 duplicate messages..
2025-08-23 16:54:35.891 T:4252 debug : CAMLCodec::DequeueBuffer: pts:2.044 idx:49
2025-08-23 16:54:35.891 T:4252 debug : CAMLCodec::GetPicture: index: 49, pts: 2.044, dur:42.001ms ar:1.78 elf:40ms
2025-08-23 16:54:35.891 T:4252 debug : CVideoPlayerVideo::OutputPicture - ttd:349ms pts:2.044 Clock:1.695 Level:5
2025-08-23 16:54:35.892 T:4073 debug : CAMLCodec::PollFrame elapsed:35.551ms
2025-08-23 16:54:35.893 T:4252 debug : CAMLCodec::AddData: skip add data dl:15525103 fl:197393 sz:292496(292608) lv:100.6% dts:4.129 pts:4.254
2025-08-23 16:54:35.898 T:4073 info : Skipped 2 duplicate messages..
2025-08-23 16:54:35.898 T:4073 debug : PrepareNextRender: frameOnScreen: 1.702 renderPts: 1.852 nextFramePts: 1.835 -> diff: 0.017 render: 1 forceNext: 0
2025-08-23 16:54:35.898 T:4073 debug : CAMLCodec::ReleaseFrame idx:44, drop:0
2025-08-23 16:54:35.901 T:4252 debug : CAMLCodec::AddData: dl:15566191 fl:156305 sz:292496(292608) lv:99.0% dts:4.129 pts:4.254
2025-08-23 16:54:35.902 T:4252 debug : CAMLCodec::AddData: skip add data dl:15566079 fl:156417 sz:262868(262976) lv:100.6% dts:4.171 pts:4.213
2025-08-23 16:54:35.934 T:4073 info : Skipped 16 duplicate messages..
2025-08-23 16:54:35.934 T:4073 debug : CAMLCodec::PollFrame elapsed:35.839ms
2025-08-23 16:54:35.936 T:4250 debug : CVideoPlayer::ProcessAudioData size:3436 dts:9.752 pts:9.752 dur:92.000ms, clock:1.740 drop:0 level:90
2025-08-23 16:54:35.936 T:4250 debug : CVideoPlayer::ProcessAudioData size:3329 dts:9.844 pts:9.844 dur:92.000ms, clock:1.740 drop:0 level:91
2025-08-23 16:54:35.936 T:4250 debug : CVideoPlayer::ProcessAudioData size:3319 dts:9.937 pts:9.937 dur:92.000ms, clock:1.741 drop:0 level:92
2025-08-23 16:54:35.939 T:4253 debug : CVideoPlayerAudio::OutputPacket: pts:2.507 curr_pts:1.718 clock:1.743 level:92
2025-08-23 16:54:35.936 T:4252 debug : CAMLCodec::AddData: skip add data dl:15561023 fl:161473 sz:262868(262976) lv:100.6% dts:4.171 pts:4.213
2025-08-23 16:54:35.940 T:4252 debug : CAMLCodec::DequeueBuffer: pts:2.085 idx:50
2025-08-23 16:54:35.940 T:4252 debug : CAMLCodec::GetPicture: index: 50, pts: 2.085, dur:41.000ms ar:1.78 elf:49ms
2025-08-23 16:54:35.940 T:4252 debug : CVideoPlayerVideo::OutputPicture - ttd:340ms pts:2.085 Clock:1.744 Level:5
2025-08-23 16:54:35.942 T:4073 debug : PrepareNextRender: frameOnScreen: 1.746 renderPts: 1.896 nextFramePts: 1.877 -> diff: 0.019 render: 1 forceNext: 0
2025-08-23 16:54:35.942 T:4073 debug : CAMLCodec::ReleaseFrame idx:45, drop:0
2025-08-23 16:54:35.943 T:4250 debug : CVideoPlayer::ProcessVideoData size:395762 dts:9.593 pts:9.968 dur:41.000ms, clock:1.747 level:67
2025-08-23 16:54:35.946 T:4252 debug : CAMLCodec::AddData: dl:15569983 fl:152513 sz:262868(262976) lv:99.0% dts:4.171 pts:4.213
2025-08-23 16:54:35.946 T:4252 debug : CAMLCodec::AddData: skip add data dl:15569875 fl:152621 sz:266462(266560) lv:100.7% dts:4.213 pts:4.296
2025-08-23 16:54:35.975 T:4252 info : Skipped 18 duplicate messages..
2025-08-23 16:54:35.975 T:4252 debug : CAMLCodec::DequeueBuffer: pts:2.127 idx:51
2025-08-23 16:54:35.975 T:4252 debug : CAMLCodec::GetPicture: index: 51, pts: 2.127, dur:42.000ms ar:1.78 elf:34ms
2025-08-23 16:54:35.975 T:4252 debug : CVideoPlayerVideo::OutputPicture - ttd:347ms pts:2.127 Clock:1.779 Level:5
2025-08-23 16:54:35.976 T:4073 debug : CAMLCodec::PollFrame elapsed:33.025ms
2025-08-23 16:54:35.977 T:4252 debug : CAMLCodec::AddData: skip add data dl:15540819 fl:181677 sz:266462(266560) lv:100.5% dts:4.213 pts:4.296
2025-08-23 16:54:35.983 T:4073 info : Skipped 2 duplicate messages..
2025-08-23 16:54:35.983 T:4073 debug : PrepareNextRender: frameOnScreen: 1.787 renderPts: 1.937 nextFramePts: 1.919 -> diff: 0.018 render: 1 forceNext: 0
2025-08-23 16:54:35.983 T:4073 debug : CAMLCodec::ReleaseFrame idx:46, drop:0
2025-08-23 16:54:35.987 T:4252 debug : CAMLCodec::AddData: dl:15537939 fl:184557 sz:266462(266560) lv:98.8% dts:4.213 pts:4.296
2025-08-23 16:54:35.988 T:4252 debug : CAMLCodec::AddData: skip add data dl:15537841 fl:184655 sz:444324(444416) lv:101.6% dts:4.254 pts:4.671
2025-08-23 16:54:35.994 T:4250 info : Skipped 3 duplicate messages..
2025-08-23 16:54:35.994 T:4250 debug : CVideoPlayer::ProcessVideoData size:359593 dts:9.635 pts:9.843 dur:41.000ms, clock:1.798 level:100
2025-08-23 16:54:35.997 T:4252 debug : CAMLCodec::AddData: skip add data dl:15537841 fl:184655 sz:444324(444416) lv:101.6% dts:4.254 pts:4.671
2025-08-23 16:54:36.018 T:4073 info : Skipped 9 duplicate messages..
2025-08-23 16:54:36.018 T:4073 debug : CAMLCodec::PollFrame elapsed:34.916ms
2025-08-23 16:54:36.018 T:4252 debug : CAMLCodec::DequeueBuffer: pts:2.169 idx:52
2025-08-23 16:54:36.019 T:4252 debug : CAMLCodec::GetPicture: index: 52, pts: 2.169, dur:42.000ms ar:1.78 elf:42ms
2025-08-23 16:54:36.019 T:4252 debug : CVideoPlayerVideo::OutputPicture - ttd:346ms pts:2.169 Clock:1.823 Level:5
2025-08-23 16:54:36.021 T:4252 debug : CAMLCodec::AddData: skip add data dl:15529777 fl:192719 sz:444324(444416) lv:101.6% dts:4.254 pts:4.671
2025-08-23 16:54:36.023 T:4252 debug : CAMLCodec::AddData: skip add data dl:15286257 fl:436239 sz:444324(444416) lv:100.0% dts:4.254 pts:4.671
2025-08-23 16:54:36.026 T:4073 info : Skipped 1 duplicate messages..
2025-08-23 16:54:36.026 T:4073 debug : PrepareNextRender: frameOnScreen: 1.829 renderPts: 1.979 nextFramePts: 1.960 -> diff: 0.019 render: 1 forceNext: 0
2025-08-23 16:54:36.026 T:4073 debug : CAMLCodec::ReleaseFrame idx:47, drop:0
2025-08-23 16:54:36.027 T:4252 debug : CAMLCodec::AddData: skip add data dl:15286257 fl:436239 sz:444324(444416) lv:100.0% dts:4.254 pts:4.671
2025-08-23 16:54:36.038 T:4253 info : Skipped 5 duplicate messages..
2025-08-23 16:54:36.038 T:4253 debug : CVideoPlayerAudio::OutputPacket: pts:2.600 curr_pts:1.817 clock:1.842 level:91
2025-08-23 16:54:36.039 T:4252 debug : CAMLCodec::AddData: skip add data dl:15286257 fl:436239 sz:444324(444416) lv:100.0% dts:4.254 pts:4.671
2025-08-23 16:54:36.059 T:4073 info : Skipped 9 duplicate messages..
2025-08-23 16:54:36.059 T:4073 debug : CAMLCodec::PollFrame elapsed:33.195ms
2025-08-23 16:54:36.059 T:4252 debug : CAMLCodec::DequeueBuffer: pts:2.211 idx:53
2025-08-23 16:54:36.060 T:4252 debug : CAMLCodec::GetPicture: index: 53, pts: 2.211, dur:42.000ms ar:1.78 elf:40ms
2025-08-23 16:54:36.060 T:4252 debug : CVideoPlayerVideo::OutputPicture - ttd:347ms pts:2.211 Clock:1.863 Level:5
2025-08-23 16:54:36.064 T:4252 debug : CAMLCodec::AddData: dl:15721649 fl:847 sz:444324(444416) lv:100.0% dts:4.254 pts:4.671
2025-08-23 16:54:36.066 T:4250 debug : CVideoPlayer::ProcessVideoData size:289839 dts:9.676 pts:9.760 dur:41.000ms, clock:1.870 level:67
2025-08-23 16:54:36.067 T:4250 debug : CVideoPlayer::ProcessVideoData size:261736 dts:9.718 pts:9.718 dur:41.000ms, clock:1.871 level:67
2025-08-23 16:54:36.068 T:4073 debug : PrepareNextRender: frameOnScreen: 1.871 renderPts: 2.021 nextFramePts: 2.002 -> diff: 0.019 render: 1 forceNext: 0
2025-08-23 16:54:36.068 T:4252 debug : CAMLCodec::AddData: skip add data dl:15409685 fl:312811 sz:357035(357120) lv:100.2% dts:4.296 pts:4.504
2025-08-23 16:54:36.068 T:4073 debug : CAMLCodec::ReleaseFrame idx:48, drop:0
2025-08-23 16:54:36.070 T:4252 debug : CAMLCodec::AddData: skip add data dl:15409685 fl:312811 sz:357035(357120) lv:100.2% dts:4.296 pts:4.504
2025-08-23 16:54:36.089 T:4253 info : Skipped 9 duplicate messages..
2025-08-23 16:54:36.089 T:4253 debug : CVideoPlayerAudio::OutputPacket: pts:2.694 curr_pts:1.867 clock:1.893 level:90
2025-08-23 16:54:36.090 T:4252 debug : CAMLCodec::AddData: skip add data dl:15409685 fl:312811 sz:357035(357120) lv:100.2% dts:4.296 pts:4.504
2025-08-23 16:54:36.102 T:4073 info : Skipped 4 duplicate messages..
2025-08-23 16:54:36.102 T:4073 debug : CAMLCodec::PollFrame elapsed:34.093ms
2025-08-23 16:54:36.102 T:4252 debug : CAMLCodec::DequeueBuffer: pts:2.252 idx:54
2025-08-23 16:54:36.102 T:4252 debug : CAMLCodec::GetPicture: index: 54, pts: 2.252, dur:41.000ms ar:1.78 elf:42ms
2025-08-23 16:54:36.102 T:4252 debug : CVideoPlayerVideo::OutputPicture - ttd:345ms pts:2.252 Clock:1.906 Level:5
2025-08-23 16:54:36.107 T:4252 debug : CAMLCodec::AddData: dl:15625429 fl:97067 sz:357035(357120) lv:99.3% dts:4.296 pts:4.504
2025-08-23 16:54:36.108 T:4252 debug : CVideoPlayerVideo - CDVDMsg::DEMUXER_PACKET - checking interlace vfmt: null
2025-08-23 16:54:36.111 T:4073 debug : PrepareNextRender: frameOnScreen: 1.915 renderPts: 2.065 nextFramePts: 2.044 -> diff: 0.021 render: 1 forceNext: 0
2025-08-23 16:54:36.112 T:4073 debug : CAMLCodec::ReleaseFrame idx:49, drop:0
2025-08-23 16:54:36.112 T:4252 debug : CAMLCodec::AddData: dl:15614208 fl:108288 sz:295131(295232) lv:99.3% dts:4.338 pts:4.421
2025-08-23 16:54:36.113 T:4252 debug : CAMLCodec::AddData: skip add data dl:15614107 fl:108389 sz:265017(265088) lv:101.0% dts:4.379 pts:4.379
2025-08-23 16:54:36.119 T:4250 info : Skipped 3 duplicate messages..
2025-08-23 16:54:36.119 T:4250 debug : CVideoPlayer::ProcessVideoData size:264015 dts:9.760 pts:9.801 dur:41.000ms, clock:1.923 level:67
2025-08-23 16:54:36.121 T:4252 debug : CAMLCodec::AddData: skip add data dl:15614107 fl:108389 sz:265017(265088) lv:101.0% dts:4.379 pts:4.379
2025-08-23 16:54:36.130 T:4250 info : Skipped 4 duplicate messages..
2025-08-23 16:54:36.130 T:4250 debug : CVideoPlayer::ProcessVideoData size:290090 dts:9.801 pts:9.927 dur:41.000ms, clock:1.934 level:67
2025-08-23 16:54:36.130 T:4252 debug : CAMLCodec::AddData: skip add data dl:15614107 fl:108389 sz:265017(265088) lv:101.0% dts:4.379 pts:4.379
2025-08-23 16:54:36.140 T:4252 info : Skipped 5 duplicate messages..
2025-08-23 16:54:36.140 T:4252 debug : CAMLCodec::DequeueBuffer: pts:2.294 idx:55
2025-08-23 16:54:36.141 T:4252 debug : CAMLCodec::GetPicture: index: 55, pts: 2.294, dur:42.000ms ar:1.78 elf:38ms
2025-08-23 16:54:36.141 T:4252 debug : CVideoPlayerVideo::OutputPicture - ttd:349ms pts:2.294 Clock:1.944 Level:5
2025-08-23 16:54:36.146 T:4073 debug : CAMLCodec::PollFrame elapsed:34.381ms
2025-08-23 16:54:36.150 T:4252 debug : CAMLCodec::AddData: dl:15603355 fl:119141 sz:265017(265088) lv:99.2% dts:4.379 pts:4.379
2025-08-23 16:54:36.152 T:4252 debug : CAMLCodec::AddData: skip add data dl:15603284 fl:119212 sz:265809(265920) lv:100.9% dts:4.421 pts:4.463
2025-08-23 16:54:36.155 T:4073 info : Skipped 1 duplicate messages..
2025-08-23 16:54:36.155 T:4073 debug : PrepareNextRender: frameOnScreen: 1.958 renderPts: 2.108 nextFramePts: 2.085 -> diff: 0.023 render: 1 forceNext: 0
2025-08-23 16:54:36.155 T:4073 debug : CAMLCodec::ReleaseFrame idx:50, drop:0
2025-08-23 16:54:36.155 T:4252 debug : CAMLCodec::AddData: skip add data dl:15603284 fl:119212 sz:265809(265920) lv:100.9% dts:4.421 pts:4.463
2025-08-23 16:54:36.157 T:4250 debug : CVideoPlayer::ProcessVideoData size:262634 dts:9.843 pts:9.885 dur:41.000ms, clock:1.961 level:67
2025-08-23 16:54:36.158 T:4252 debug : CAMLCodec::AddData: skip add data dl:15603284 fl:119212 sz:265809(265920) lv:100.9% dts:4.421 pts:4.463
2025-08-23 16:54:36.186 T:4073 info : Skipped 18 duplicate messages..
2025-08-23 16:54:36.186 T:4073 debug : CAMLCodec::PollFrame elapsed:31.388ms
2025-08-23 16:54:36.187 T:4252 debug : CAMLCodec::AddData: skip add data dl:15603284 fl:119212 sz:265809(265920) lv:100.9% dts:4.421 pts:4.463
2025-08-23 16:54:36.190 T:4253 debug : CVideoPlayerAudio::OutputPacket: pts:2.786 curr_pts:1.969 clock:1.993 level:89
2025-08-23 16:54:36.192 T:4252 debug : CAMLCodec::AddData: skip add data dl:15603284 fl:119212 sz:265809(265920) lv:100.9% dts:4.421 pts:4.463
2025-08-23 16:54:36.194 T:4073 info : Skipped 1 duplicate messages..
2025-08-23 16:54:36.194 T:4073 debug : PrepareNextRender: frameOnScreen: 1.998 renderPts: 2.148 nextFramePts: 2.127 -> diff: 0.021 render: 1 forceNext: 0
2025-08-23 16:54:36.194 T:4073 debug : CAMLCodec::ReleaseFrame idx:51, drop:0
2025-08-23 16:54:36.195 T:4252 debug : CAMLCodec::AddData: skip add data dl:15603284 fl:119212 sz:265809(265920) lv:100.9% dts:4.421 pts:4.463
2025-08-23 16:54:36.226 T:4073 info : Skipped 15 duplicate messages..
2025-08-23 16:54:36.226 T:4073 debug : CAMLCodec::PollFrame elapsed:31.801ms
2025-08-23 16:54:36.226 T:4252 debug : CAMLCodec::DequeueBuffer: pts:2.336 idx:56
2025-08-23 16:54:36.226 T:4252 debug : CAMLCodec::GetPicture: index: 56, pts: 2.336, dur:42.000ms ar:1.78 elf:85ms
2025-08-23 16:54:36.227 T:4252 debug : CVideoPlayerVideo::OutputPicture - ttd:305ms pts:2.336 Clock:2.030 Level:4
2025-08-23 16:54:36.229 T:4252 debug : CAMLCodec::AddData: skip add data dl:15575956 fl:146540 sz:265809(265920) lv:100.7% dts:4.421 pts:4.463
2025-08-23 16:54:36.235 T:4073 info : Skipped 2 duplicate messages..
2025-08-23 16:54:36.235 T:4073 debug : PrepareNextRender: frameOnScreen: 2.038 renderPts: 2.188 nextFramePts: 2.169 -> diff: 0.019 render: 1 forceNext: 0
2025-08-23 16:54:36.235 T:4073 debug : CAMLCodec::ReleaseFrame idx:52, drop:0
2025-08-23 16:54:36.237 T:4252 debug : CAMLCodec::AddData: dl:15604948 fl:117548 sz:265809(265920) lv:99.2% dts:4.421 pts:4.463
2025-08-23 16:54:36.237 T:4252 debug : CAMLCodec::AddData: skip add data dl:15604837 fl:117659 sz:291380(291456) lv:101.1% dts:4.463 pts:4.588
2025-08-23 16:54:36.241 T:4250 debug : CVideoPlayer::ProcessVideoData size:687385 dts:9.885 pts:10.010 dur:41.000ms, clock:2.045 level:67
2025-08-23 16:54:36.242 T:4252 debug : CAMLCodec::AddData: skip add data dl:15604837 fl:117659 sz:291380(291456) lv:101.1% dts:4.463 pts:4.588
2025-08-23 16:54:36.269 T:4073 info : Skipped 12 duplicate messages..
2025-08-23 16:54:36.269 T:4073 debug : CAMLCodec::PollFrame elapsed:32.982ms
2025-08-23 16:54:36.269 T:4252 debug : CAMLCodec::DequeueBuffer: pts:2.377 idx:57
2025-08-23 16:54:36.269 T:4252 debug : CAMLCodec::GetPicture: index: 57, pts: 2.377, dur:41.000ms ar:1.78 elf:42ms
2025-08-23 16:54:36.269 T:4252 debug : CVideoPlayerVideo::OutputPicture - ttd:304ms pts:2.377 Clock:2.073 Level:4
2025-08-23 16:54:36.271 T:4252 debug : CAMLCodec::AddData: skip add data dl:15599781 fl:122715 sz:291380(291456) lv:101.0% dts:4.463 pts:4.588
2025-08-23 16:54:36.278 T:4252 info : Skipped 1 duplicate messages..
2025-08-23 16:54:36.278 T:4252 debug : CAMLCodec::AddData: dl:15649957 fl:72539 sz:291380(291456) lv:99.5% dts:4.463 pts:4.588
2025-08-23 16:54:36.278 T:4073 debug : PrepareNextRender: frameOnScreen: 2.082 renderPts: 2.232 nextFramePts: 2.211 -> diff: 0.021 render: 1 forceNext: 0
2025-08-23 16:54:36.278 T:4073 debug : CAMLCodec::ReleaseFrame idx:53, drop:0
2025-08-23 16:54:36.278 T:4252 debug : CAMLCodec::AddData: skip add data dl:15649881 fl:72615 sz:263221(263296) lv:101.2% dts:4.504 pts:4.546
2025-08-23 16:54:36.289 T:4253 info : Skipped 5 duplicate messages..
2025-08-23 16:54:36.289 T:4253 debug : CVideoPlayerAudio::OutputPacket: pts:2.879 curr_pts:2.068 clock:2.093 level:88
2025-08-23 16:54:36.290 T:4252 debug : CAMLCodec::AddData: skip add data dl:15649881 fl:72615 sz:263221(263296) lv:101.2% dts:4.504 pts:4.546
2025-08-23 16:54:36.311 T:4073 info : Skipped 9 duplicate messages..
2025-08-23 16:54:36.311 T:4073 debug : CAMLCodec::PollFrame elapsed:32.390ms
2025-08-23 16:54:36.311 T:4252 debug : CAMLCodec::DequeueBuffer: pts:2.419 idx:58
2025-08-23 16:54:36.312 T:4252 debug : CAMLCodec::GetPicture: index: 58, pts: 2.419, dur:42.000ms ar:1.78 elf:42ms
2025-08-23 16:54:36.312 T:4252 debug : CVideoPlayerVideo::OutputPicture - ttd:303ms pts:2.419 Clock:2.115 Level:4
2025-08-23 16:54:36.313 T:4252 debug : CAMLCodec::AddData: skip add data dl:15643545 fl:78951 sz:263221(263296) lv:101.1% dts:4.504 pts:4.546
2025-08-23 16:54:36.319 T:4252 info : Skipped 1 duplicate messages..
2025-08-23 16:54:36.319 T:4252 debug : CAMLCodec::AddData: dl:15654489 fl:68007 sz:263221(263296) lv:99.5% dts:4.504 pts:4.546
2025-08-23 16:54:36.319 T:4073 debug : PrepareNextRender: frameOnScreen: 2.123 renderPts: 2.273 nextFramePts: 2.252 -> diff: 0.021 render: 1 forceNext: 0
2025-08-23 16:54:36.319 T:4073 debug : CAMLCodec::ReleaseFrame idx:54, drop:0
2025-08-23 16:54:36.319 T:4252 debug : CVideoPlayerVideo - CDVDMsg::DEMUXER_PACKET - checking interlace vfmt: null
2025-08-23 16:54:36.320 T:4252 debug : CAMLCodec::AddData: skip add data dl:15654414 fl:68082 sz:266782(266880) lv:101.2% dts:4.546 pts:4.630
2025-08-23 16:54:36.336 T:4250 info : Skipped 9 duplicate messages..
2025-08-23 16:54:36.336 T:4250 debug : CVideoPlayer::ProcessAudioData size:3378 dts:10.031 pts:10.031 dur:92.000ms, clock:2.140 drop:0 level:88
2025-08-23 16:54:36.336 T:4250 debug : CVideoPlayer::ProcessAudioData size:3352 dts:10.123 pts:10.123 dur:92.000ms, clock:2.140 drop:0 level:89
2025-08-23 16:54:36.336 T:4250 debug : CVideoPlayer::ProcessAudioData size:3415 dts:10.216 pts:10.216 dur:92.000ms, clock:2.140 drop:0 level:90
2025-08-23 16:54:36.336 T:4250 debug : CVideoPlayer::ProcessAudioData size:3412 dts:10.309 pts:10.309 dur:92.000ms, clock:2.140 drop:0 level:91
2025-08-23 16:54:36.338 T:4250 debug : CVideoPlayer::ProcessVideoData size:480526 dts:9.927 pts:10.344 dur:41.000ms, clock:2.142 level:67
2025-08-23 16:54:36.338 T:4252 debug : CAMLCodec::AddData: skip add data dl:15654414 fl:68082 sz:266782(266880) lv:101.2% dts:4.546 pts:4.630
2025-08-23 16:54:36.351 T:4252 info : Skipped 6 duplicate messages..
2025-08-23 16:54:36.351 T:4252 debug : CAMLCodec::DequeueBuffer: pts:2.461 idx:59
2025-08-23 16:54:36.351 T:4252 debug : CAMLCodec::GetPicture: index: 59, pts: 2.461, dur:42.000ms ar:1.78 elf:39ms
2025-08-23 16:54:36.351 T:4252 debug : CVideoPlayerVideo::OutputPicture - ttd:306ms pts:2.461 Clock:2.154 Level:4
2025-08-23 16:54:36.352 T:4073 debug : CAMLCodec::PollFrame elapsed:32.563ms
2025-08-23 16:54:36.354 T:4252 debug : CAMLCodec::AddData: skip add data dl:15623182 fl:99314 sz:266782(266880) lv:101.0% dts:4.546 pts:4.630
2025-08-23 16:54:36.359 T:4073 info : Skipped 2 duplicate messages..
2025-08-23 16:54:36.359 T:4073 debug : PrepareNextRender: frameOnScreen: 2.163 renderPts: 2.313 nextFramePts: 2.294 -> diff: 0.019 render: 1 forceNext: 0
2025-08-23 16:54:36.360 T:4073 debug : CAMLCodec::ReleaseFrame idx:55, drop:0
2025-08-23 16:54:36.363 T:4252 debug : CAMLCodec::AddData: dl:15641038 fl:81458 sz:266782(266880) lv:99.4% dts:4.546 pts:4.630
2025-08-23 16:54:36.364 T:4252 debug : CAMLCodec::AddData: skip add data dl:15640940 fl:81556 sz:400111(400192) lv:102.0% dts:4.588 pts:4.963
2025-08-23 16:54:36.389 T:4253 info : Skipped 12 duplicate messages..
2025-08-23 16:54:36.389 T:4253 debug : CVideoPlayerAudio::OutputPacket: pts:2.972 curr_pts:2.168 clock:2.193 level:91
2025-08-23 16:54:36.390 T:4252 debug : CAMLCodec::AddData: skip add data dl:15640940 fl:81556 sz:400111(400192) lv:102.0% dts:4.588 pts:4.963
2025-08-23 16:54:36.394 T:4073 debug : CAMLCodec::PollFrame elapsed:33.491ms
2025-08-23 16:54:36.395 T:4252 debug : CAMLCodec::DequeueBuffer: pts:2.502 idx:60
2025-08-23 16:54:36.396 T:4252 debug : CAMLCodec::GetPicture: index: 60, pts: 2.502, dur:41.000ms ar:1.78 elf:44ms
2025-08-23 16:54:36.396 T:4252 debug : CVideoPlayerVideo::OutputPicture - ttd:302ms pts:2.502 Clock:2.199 Level:4
2025-08-23 16:54:36.398 T:4073 debug : PrepareNextRender: frameOnScreen: 2.201 renderPts: 2.351 nextFramePts: 2.336 -> diff: 0.015 render: 1 forceNext: 0
2025-08-23 16:54:36.398 T:4073 debug : CAMLCodec::ReleaseFrame idx:56, drop:0
2025-08-23 16:54:36.398 T:4252 debug : CAMLCodec::AddData: skip add data dl:15634092 fl:88404 sz:400111(400192) lv:101.9% dts:4.588 pts:4.963
2025-08-23 16:54:36.400 T:4252 debug : CAMLCodec::AddData: skip add data dl:15382124 fl:340372 sz:400111(400192) lv:100.3% dts:4.588 pts:4.963
2025-08-23 16:54:36.434 T:4252 info : Skipped 17 duplicate messages..
2025-08-23 16:54:36.434 T:4252 debug : CAMLCodec::AddData: skip add data dl:15373484 fl:349012 sz:400111(400192) lv:100.3% dts:4.588 pts:4.963
2025-08-23 16:54:36.435 T:4252 debug : CAMLCodec::DequeueBuffer: pts:2.544 idx:61
2025-08-23 16:54:36.435 T:4252 debug : CAMLCodec::GetPicture: index: 61, pts: 2.544, dur:42.000ms ar:1.78 elf:39ms
2025-08-23 16:54:36.435 T:4252 debug : CVideoPlayerVideo::OutputPicture - ttd:305ms pts:2.544 Clock:2.238 Level:4
2025-08-23 16:54:36.436 T:4073 debug : CAMLCodec::PollFrame elapsed:37.330ms
2025-08-23 16:54:36.437 T:4252 debug : CAMLCodec::AddData: skip add data dl:15373484 fl:349012 sz:400111(400192) lv:100.3% dts:4.588 pts:4.963
2025-08-23 16:54:36.443 T:4073 info : Skipped 1 duplicate messages..
2025-08-23 16:54:36.442 T:4073 debug : PrepareNextRender: frameOnScreen: 2.246 renderPts: 2.396 nextFramePts: 2.377 -> diff: 0.019 render: 1 forceNext: 0
2025-08-23 16:54:36.443 T:4073 debug : CAMLCodec::ReleaseFrame idx:57, drop:0
2025-08-23 16:54:36.443 T:4252 debug : CAMLCodec::AddData: dl:15476972 fl:245524 sz:400111(400192) lv:98.4% dts:4.588 pts:4.963
2025-08-23 16:54:36.444 T:4252 debug : CAMLCodec::AddData: skip add data dl:15476891 fl:245605 sz:367099(367168) lv:100.7% dts:4.630 pts:4.838
2025-08-23 16:54:36.450 T:4250 info : Skipped 2 duplicate messages..
2025-08-23 16:54:36.450 T:4250 debug : CVideoPlayer::ProcessVideoData size:368396 dts:9.968 pts:10.177 dur:41.000ms, clock:2.254 level:66
2025-08-23 16:54:36.451 T:4252 debug : CAMLCodec::AddData: skip add data dl:15476891 fl:245605 sz:367099(367168) lv:100.7% dts:4.630 pts:4.838
2025-08-23 16:54:36.476 T:4252 info : Skipped 11 duplicate messages..
2025-08-23 16:54:36.476 T:4252 debug : CAMLCodec::AddData: skip add data dl:15393947 fl:328549 sz:367099(367168) lv:100.2% dts:4.630 pts:4.838
2025-08-23 16:54:36.477 T:4252 debug : CAMLCodec::DequeueBuffer: pts:2.586 idx:62
2025-08-23 16:54:36.477 T:4252 debug : CAMLCodec::GetPicture: index: 62, pts: 2.586, dur:42.000ms ar:1.78 elf:41ms
2025-08-23 16:54:36.477 T:4252 debug : CVideoPlayerVideo::OutputPicture - ttd:305ms pts:2.586 Clock:2.280 Level:4
2025-08-23 16:54:36.478 T:4073 debug : CAMLCodec::PollFrame elapsed:34.447ms
2025-08-23 16:54:36.479 T:4252 debug : CAMLCodec::AddData: skip add data dl:15393947 fl:328549 sz:367099(367168) lv:100.2% dts:4.630 pts:4.838
2025-08-23 16:54:36.483 T:4073 info : Skipped 1 duplicate messages..
2025-08-23 16:54:36.483 T:4073 debug : PrepareNextRender: frameOnScreen: 2.287 renderPts: 2.437 nextFramePts: 2.419 -> diff: 0.018 render: 1 forceNext: 0
2025-08-23 16:54:36.484 T:4073 debug : CAMLCodec::ReleaseFrame idx:58, drop:0
2025-08-23 16:54:36.487 T:4252 debug : CAMLCodec::AddData: dl:15459227 fl:263269 sz:367099(367168) lv:98.3% dts:4.630 pts:4.838
2025-08-23 16:54:36.487 T:4252 debug : CAMLCodec::AddData: skip add data dl:15459158 fl:263338 sz:298100(298176) lv:100.2% dts:4.671 pts:4.755
2025-08-23 16:54:36.489 T:4253 info : Skipped 1 duplicate messages..
2025-08-23 16:54:36.489 T:4253 debug : CVideoPlayerAudio::OutputPacket: pts:3.065 curr_pts:2.268 clock:2.293 level:90
2025-08-23 16:54:36.491 T:4252 debug : CAMLCodec::AddData: skip add data dl:15459158 fl:263338 sz:298100(298176) lv:100.2% dts:4.671 pts:4.755
2025-08-23 16:54:36.518 T:4073 info : Skipped 14 duplicate messages..
2025-08-23 16:54:36.518 T:4073 debug : CAMLCodec::PollFrame elapsed:34.303ms
2025-08-23 16:54:36.519 T:4252 debug : CAMLCodec::AddData: skip add data dl:15459158 fl:263338 sz:298100(298176) lv:100.2% dts:4.671 pts:4.755
2025-08-23 16:54:36.523 T:4073 info : Skipped 2 duplicate messages..
2025-08-23 16:54:36.523 T:4073 debug : PrepareNextRender: frameOnScreen: 2.327 renderPts: 2.477 nextFramePts: 2.461 -> diff: 0.016 render: 1 forceNext: 0
2025-08-23 16:54:36.524 T:4073 debug : CAMLCodec::ReleaseFrame idx:59, drop:0
2025-08-23 16:54:36.525 T:4252 debug : CAMLCodec::AddData: skip add data dl:15459158 fl:263338 sz:298100(298176) lv:100.2% dts:4.671 pts:4.755
2025-08-23 16:54:36.561 T:4073 info : Skipped 18 duplicate messages..
2025-08-23 16:54:36.561 T:4073 debug : CAMLCodec::PollFrame elapsed:37.516ms
2025-08-23 16:54:36.563 T:4250 debug : CVideoPlayer::ProcessVideoData size:299170 dts:10.010 pts:10.093 dur:41.000ms, clock:2.367 level:66
2025-08-23 16:54:36.567 T:4073 debug : PrepareNextRender: frameOnScreen: 2.370 renderPts: 2.520 nextFramePts: 2.502 -> diff: 0.018 render: 1 forceNext: 0
2025-08-23 16:54:36.567 T:4073 debug : CAMLCodec::ReleaseFrame idx:60, drop:0
2025-08-23 16:54:36.567 T:4252 debug : CAMLCodec::AddData: dl:15719382 fl:3114 sz:298100(298176) lv:99.9% dts:4.671 pts:4.755
2025-08-23 16:54:36.567 T:4252 debug : CAMLCodec::DequeueBuffer: pts:2.628 idx:63
2025-08-23 16:54:36.567 T:4252 debug : CAMLCodec::GetPicture: index: 63, pts: 2.628, dur:42.000ms ar:1.78 elf:90ms
2025-08-23 16:54:36.567 T:4252 debug : CVideoPlayerVideo::OutputPicture - ttd:257ms pts:2.628 Clock:2.370 Level:2
2025-08-23 16:54:36.571 T:4252 debug : CAMLCodec::AddData: dl:15701386 fl:21110 sz:263958(264064) lv:99.8% dts:4.713 pts:4.713
2025-08-23 16:54:36.572 T:4252 debug : CAMLCodec::DequeueBuffer: pts:2.669 idx:64
2025-08-23 16:54:36.572 T:4252 debug : CAMLCodec::GetPicture: index: 64, pts: 2.669, dur:41.000ms ar:1.78 elf:4ms
2025-08-23 16:54:36.572 T:4252 debug : CVideoPlayerVideo::OutputPicture - ttd:293ms pts:2.669 Clock:2.375 Level:3
2025-08-23 16:54:36.575 T:4250 debug : CVideoPlayer::ProcessVideoData size:274291 dts:10.052 pts:10.052 dur:41.000ms, clock:2.378 level:66
2025-08-23 16:54:36.576 T:4250 debug : CVideoPlayer::ProcessVideoData size:273807 dts:10.093 pts:10.135 dur:41.000ms, clock:2.379 level:66
2025-08-23 16:54:36.577 T:4252 debug : CAMLCodec::AddData: skip add data dl:15454880 fl:267616 sz:276261(276352) lv:100.0% dts:4.755 pts:4.796
2025-08-23 16:54:36.590 T:4253 info : Skipped 6 duplicate messages..
2025-08-23 16:54:36.590 T:4253 debug : CVideoPlayerAudio::OutputPacket: pts:3.157 curr_pts:2.369 clock:2.393 level:89
2025-08-23 16:54:36.591 T:4252 debug : CAMLCodec::AddData: skip add data dl:15454880 fl:267616 sz:276261(276352) lv:100.0% dts:4.755 pts:4.796
2025-08-23 16:54:36.603 T:4073 info : Skipped 4 duplicate messages..
2025-08-23 16:54:36.603 T:4073 debug : CAMLCodec::PollFrame elapsed:35.498ms
2025-08-23 16:54:36.603 T:4252 debug : CAMLCodec::DequeueBuffer: pts:2.711 idx:65
2025-08-23 16:54:36.603 T:4252 debug : CAMLCodec::GetPicture: index: 65, pts: 2.711, dur:42.000ms ar:1.78 elf:30ms
2025-08-23 16:54:36.603 T:4252 debug : CVideoPlayerVideo::OutputPicture - ttd:304ms pts:2.711 Clock:2.407 Level:4
2025-08-23 16:54:36.609 T:4252 debug : CAMLCodec::AddData: dl:15722784 fl:-288 sz:276261(276352) lv:100.0% dts:4.755 pts:4.796
2025-08-23 16:54:36.609 T:4073 debug : PrepareNextRender: frameOnScreen: 2.413 renderPts: 2.562 nextFramePts: 2.544 -> diff: 0.018 render: 1 forceNext: 0
2025-08-23 16:54:36.609 T:4073 debug : CAMLCodec::ReleaseFrame idx:61, drop:0
2025-08-23 16:54:36.610 T:4252 debug : CAMLCodec::AddData: skip add data dl:15474501 fl:247995 sz:295090(295168) lv:100.3% dts:4.796 pts:4.922
2025-08-23 16:54:36.644 T:4073 info : Skipped 17 duplicate messages..
2025-08-23 16:54:36.644 T:4073 debug : CAMLCodec::PollFrame elapsed:34.242ms
2025-08-23 16:54:36.644 T:4252 debug : CAMLCodec::DequeueBuffer: pts:2.753 idx:66
2025-08-23 16:54:36.644 T:4252 debug : CAMLCodec::GetPicture: index: 66, pts: 2.753, dur:42.000ms ar:1.78 elf:40ms
2025-08-23 16:54:36.644 T:4252 debug : CVideoPlayerVideo::OutputPicture - ttd:305ms pts:2.753 Clock:2.447 Level:4
2025-08-23 16:54:36.647 T:4252 debug : CAMLCodec::AddData: skip add data dl:15468037 fl:254459 sz:295090(295168) lv:100.2% dts:4.796 pts:4.922
2025-08-23 16:54:36.649 T:4073 info : Skipped 1 duplicate messages..
2025-08-23 16:54:36.649 T:4073 debug : PrepareNextRender: frameOnScreen: 2.452 renderPts: 2.602 nextFramePts: 2.586 -> diff: 0.016 render: 1 forceNext: 0
2025-08-23 16:54:36.650 T:4073 debug : CAMLCodec::ReleaseFrame idx:62, drop:0
2025-08-23 16:54:36.651 T:4252 debug : CAMLCodec::AddData: skip add data dl:15468037 fl:254459 sz:295090(295168) lv:100.2% dts:4.796 pts:4.922
2025-08-23 16:54:36.655 T:4252 debug : CAMLCodec::AddData: dl:15517573 fl:204923 sz:295090(295168) lv:98.7% dts:4.796 pts:4.922
2025-08-23 16:54:36.656 T:4252 debug : CAMLCodec::AddData: skip add data dl:15517495 fl:205001 sz:269396(269504) lv:100.4% dts:4.838 pts:4.880
2025-08-23 16:54:36.659 T:4250 info : Skipped 1 duplicate messages..
2025-08-23 16:54:36.659 T:4250 debug : CVideoPlayer::ProcessVideoData size:302442 dts:10.135 pts:10.260 dur:41.000ms, clock:2.462 level:66
2025-08-23 16:54:36.660 T:4252 debug : CAMLCodec::AddData: skip add data dl:15517495 fl:205001 sz:269396(269504) lv:100.4% dts:4.838 pts:4.880
2025-08-23 16:54:36.660 T:4250 debug : CVideoPlayer::ProcessVideoData size:266964 dts:10.177 pts:10.219 dur:41.000ms, clock:2.463 level:100
2025-08-23 16:54:36.662 T:4252 debug : CAMLCodec::AddData: skip add data dl:15517495 fl:205001 sz:269396(269504) lv:100.4% dts:4.838 pts:4.880
2025-08-23 16:54:36.683 T:4252 info : Skipped 11 duplicate messages..
2025-08-23 16:54:36.683 T:4252 debug : CAMLCodec::AddData: skip add data dl:15487863 fl:234633 sz:269396(269504) lv:100.2% dts:4.838 pts:4.880
2025-08-23 16:54:36.685 T:4252 debug : CAMLCodec::DequeueBuffer: pts:2.794 idx:67
2025-08-23 16:54:36.685 T:4252 debug : CAMLCodec::GetPicture: index: 67, pts: 2.794, dur:41.000ms ar:1.78 elf:40ms
2025-08-23 16:54:36.685 T:4252 debug : CVideoPlayerVideo::OutputPicture - ttd:306ms pts:2.794 Clock:2.488 Level:4
2025-08-23 16:54:36.687 T:4252 debug : CAMLCodec::AddData: skip add data dl:15487863 fl:234633 sz:269396(269504) lv:100.2% dts:4.838 pts:4.880
2025-08-23 16:54:36.687 T:4073 debug : CAMLCodec::PollFrame elapsed:37.551ms
2025-08-23 16:54:36.690 T:4253 debug : CVideoPlayerAudio::OutputPacket: pts:3.250 curr_pts:2.468 clock:2.493 level:88
2025-08-23 16:54:36.698 T:4252 debug : CAMLCodec::AddData: dl:15511991 fl:210505 sz:269396(269504) lv:98.6% dts:4.838 pts:4.880
2025-08-23 16:54:36.700 T:4073 debug : PrepareNextRender: frameOnScreen: 2.503 renderPts: 2.653 nextFramePts: 2.628 -> diff: 0.025 render: 1 forceNext: 0
2025-08-23 16:54:36.700 T:4252 debug : CAMLCodec::AddData: skip add data dl:15511883 fl:210613 sz:695385(695488) lv:103.0% dts:4.880 pts:5.005
2025-08-23 16:54:36.701 T:4250 debug : CVideoPlayer::ProcessVideoData size:274473 dts:10.219 pts:10.302 dur:41.000ms, clock:2.504 level:66
2025-08-23 16:54:36.702 T:4073 debug : CAMLCodec::ReleaseFrame idx:63, drop:0
2025-08-23 16:54:36.704 T:4252 debug : CAMLCodec::AddData: skip add data dl:15511883 fl:210613 sz:695385(695488) lv:103.0% dts:4.880 pts:5.005
2025-08-23 16:54:36.727 T:4073 info : Skipped 9 duplicate messages..
2025-08-23 16:54:36.727 T:4073 debug : CAMLCodec::PollFrame elapsed:25.139ms
2025-08-23 16:54:36.727 T:4252 debug : CAMLCodec::DequeueBuffer: pts:2.836 idx:68
2025-08-23 16:54:36.728 T:4252 debug : CAMLCodec::GetPicture: index: 68, pts: 2.836, dur:42.000ms ar:1.78 elf:42ms
2025-08-23 16:54:36.728 T:4252 debug : CVideoPlayerVideo::OutputPicture - ttd:305ms pts:2.836 Clock:2.531 Level:4
2025-08-23 16:54:36.729 T:4252 debug : CAMLCodec::DequeueBuffer: pts:2.878 idx:69
2025-08-23 16:54:36.729 T:4252 debug : CAMLCodec::GetPicture: index: 69, pts: 2.878, dur:42.000ms ar:1.78 elf:1ms
2025-08-23 16:54:36.729 T:4252 debug : CVideoPlayerVideo::OutputPicture - ttd:345ms pts:2.878 Clock:2.532 Level:5
2025-08-23 16:54:36.730 T:4252 debug : CAMLCodec::DequeueBuffer: pts:2.920 idx:70
2025-08-23 16:54:36.730 T:4252 debug : CAMLCodec::GetPicture: index: 70, pts: 2.920, dur:42.000ms ar:1.78 elf:1ms
2025-08-23 16:54:36.731 T:4252 debug : CVideoPlayerVideo::OutputPicture - ttd:386ms pts:2.920 Clock:2.533 Level:6
2025-08-23 16:54:36.732 T:4252 debug : CAMLCodec::DequeueBuffer: pts:2.961 idx:71
2025-08-23 16:54:36.732 T:4252 debug : CAMLCodec::GetPicture: index: 71, pts: 2.961, dur:41.000ms ar:1.78 elf:1ms
2025-08-23 16:54:36.732 T:4073 debug : PrepareNextRender: frameOnScreen: 2.535 renderPts: 2.688 nextFramePts: 2.669 -> diff: 0.019 render: 1 forceNext: 0
2025-08-23 16:54:36.732 T:4073 debug : CAMLCodec::ReleaseFrame idx:64, drop:0
2025-08-23 16:54:36.732 T:4252 debug : CVideoPlayerVideo::OutputPicture - ttd:426ms pts:2.961 Clock:2.535 Level:6
2025-08-23 16:54:36.735 T:4252 debug : CAMLCodec::AddData: skip add data dl:15506251 fl:216245 sz:695385(695488) lv:103.0% dts:4.880 pts:5.005
2025-08-23 16:54:36.740 T:4253 debug : CVideoPlayerAudio::OutputPacket: pts:3.344 curr_pts:2.517 clock:2.543 level:86
2025-08-23 16:54:36.741 T:4252 debug : CAMLCodec::AddData: dl:15662539 fl:59957 sz:695385(695488) lv:99.6% dts:4.880 pts:5.005
2025-08-23 16:54:36.743 T:4250 debug : CVideoPlayer::ProcessAudioData size:3349 dts:10.403 pts:10.403 dur:92.000ms, clock:2.546 drop:0 level:86
2025-08-23 16:54:36.744 T:4250 debug : CVideoPlayer::ProcessAudioData size:3459 dts:10.495 pts:10.495 dur:92.000ms, clock:2.546 drop:0 level:88
2025-08-23 16:54:36.744 T:4250 debug : CVideoPlayer::ProcessAudioData size:3375 dts:10.588 pts:10.588 dur:92.000ms, clock:2.547 drop:0 level:89
2025-08-23 16:54:36.746 T:4250 debug : CVideoPlayer::ProcessVideoData size:467765 dts:10.260 pts:10.677 dur:41.000ms, clock:2.549 level:66
2025-08-23 16:54:36.748 T:4250 debug : CVideoPlayer::ProcessVideoData size:372415 dts:10.302 pts:10.510 dur:41.000ms, clock:2.551 level:67
2025-08-23 16:54:36.753 T:4252 debug : CAMLCodec::AddData: dl:15486603 fl:235893 sz:482478(482560) lv:98.5% dts:4.922 pts:5.339
2025-08-23 16:54:36.754 T:4252 debug : CAMLCodec::AddData: skip add data dl:15630354 fl:92142 sz:368990(369088) lv:101.7% dts:4.963 pts:5.172
2025-08-23 16:54:36.770 T:4073 info : Skipped 6 duplicate messages..
2025-08-23 16:54:36.770 T:4073 debug : CAMLCodec::PollFrame elapsed:37.366ms
2025-08-23 16:54:36.772 T:4252 debug : CAMLCodec::AddData: skip add data dl:15503122 fl:219374 sz:368990(369088) lv:100.9% dts:4.963 pts:5.172
2025-08-23 16:54:36.778 T:4250 info : Skipped 1 duplicate messages..
2025-08-23 16:54:36.778 T:4250 debug : CVideoPlayer::ProcessVideoData size:301007 dts:10.344 pts:10.427 dur:41.000ms, clock:2.581 level:67
2025-08-23 16:54:36.779 T:4250 debug : CVideoPlayer::ProcessVideoData size:268644 dts:10.385 pts:10.385 dur:41.000ms, clock:2.582 level:67
2025-08-23 16:54:36.780 T:4073 debug : PrepareNextRender: frameOnScreen: 2.582 renderPts: 2.735 nextFramePts: 2.711 -> diff: 0.024 render: 1 forceNext: 0
2025-08-23 16:54:36.780 T:4073 debug : CAMLCodec::ReleaseFrame idx:65, drop:0
2025-08-23 16:54:36.781 T:4252 debug : CAMLCodec::AddData: dl:15540306 fl:182190 sz:368990(369088) lv:98.8% dts:4.963 pts:5.172
2025-08-23 16:54:36.782 T:4252 debug : CAMLCodec::AddData: skip add data dl:15540208 fl:182288 sz:292997(293120) lv:100.7% dts:5.005 pts:5.088
2025-08-23 16:54:36.800 T:4250 info : Skipped 10 duplicate messages..
2025-08-23 16:54:36.800 T:4250 debug : CVideoPlayer::ProcessVideoData size:277044 dts:10.427 pts:10.469 dur:41.000ms, clock:2.603 level:100
2025-08-23 16:54:36.802 T:4252 debug : CAMLCodec::AddData: skip add data dl:15540208 fl:182288 sz:292997(293120) lv:100.7% dts:5.005 pts:5.088
2025-08-23 16:54:36.812 T:4073 info : Skipped 3 duplicate messages..
2025-08-23 16:54:36.812 T:4073 debug : CAMLCodec::PollFrame elapsed:31.747ms
2025-08-23 16:54:36.812 T:4252 debug : CAMLCodec::AddData: skip add data dl:15504880 fl:217616 sz:292997(293120) lv:100.4% dts:5.005 pts:5.088
2025-08-23 16:54:36.818 T:4073 info : Skipped 2 duplicate messages..
2025-08-23 16:54:36.818 T:4073 debug : PrepareNextRender: frameOnScreen: 2.621 renderPts: 2.774 nextFramePts: 2.753 -> diff: 0.021 render: 1 forceNext: 0
2025-08-23 16:54:36.818 T:4073 debug : CAMLCodec::ReleaseFrame idx:66, drop:0
2025-08-23 16:54:36.822 T:4252 debug : CAMLCodec::AddData: dl:15528752 fl:193744 sz:292997(293120) lv:98.7% dts:5.005 pts:5.088
2025-08-23 16:54:36.823 T:4250 debug : CVideoPlayer::ProcessVideoData size:305163 dts:10.469 pts:10.594 dur:41.000ms, clock:2.626 level:67
2025-08-23 16:54:36.823 T:4252 debug : CAMLCodec::AddData: skip add data dl:15528629 fl:193867 sz:272930(273024) lv:100.5% dts:5.047 pts:5.047
2025-08-23 16:54:36.840 T:4253 info : Skipped 9 duplicate messages..
2025-08-23 16:54:36.840 T:4253 debug : CVideoPlayerAudio::OutputPacket: pts:3.436 curr_pts:2.618 clock:2.643 level:89
2025-08-23 16:54:36.840 T:4252 debug : CAMLCodec::AddData: skip add data dl:15528629 fl:193867 sz:272930(273024) lv:100.5% dts:5.047 pts:5.047
2025-08-23 16:54:36.853 T:4073 info : Skipped 4 duplicate messages..
2025-08-23 16:54:36.853 T:4073 debug : CAMLCodec::PollFrame elapsed:34.789ms
2025-08-23 16:54:36.854 T:4252 debug : CAMLCodec::AddData: skip add data dl:15500469 fl:222027 sz:272930(273024) lv:100.3% dts:5.047 pts:5.047
2025-08-23 16:54:36.855 T:4252 debug : CAMLCodec::DequeueBuffer: pts:3.003 idx:72
2025-08-23 16:54:36.855 T:4252 debug : CAMLCodec::GetPicture: index: 72, pts: 3.003, dur:42.000ms ar:1.78 elf:122ms
2025-08-23 16:54:36.855 T:4252 debug : CVideoPlayerVideo::OutputPicture - ttd:345ms pts:3.003 Clock:2.658 Level:5
2025-08-23 16:54:36.858 T:4252 debug : CAMLCodec::AddData: skip add data dl:15500469 fl:222027 sz:272930(273024) lv:100.3% dts:5.047 pts:5.047
2025-08-23 16:54:36.858 T:4073 debug : PrepareNextRender: frameOnScreen: 2.661 renderPts: 2.814 nextFramePts: 2.794 -> diff: 0.020 render: 1 forceNext: 0
2025-08-23 16:54:36.859 T:4073 debug : CAMLCodec::ReleaseFrame idx:67, drop:0
2025-08-23 16:54:36.863 T:4252 debug : CAMLCodec::AddData: dl:15514037 fl:208459 sz:272930(273024) lv:98.6% dts:5.047 pts:5.047
2025-08-23 16:54:36.864 T:4252 debug : CAMLCodec::AddData: skip add data dl:15513943 fl:208553 sz:267941(268032) lv:100.3% dts:5.088 pts:5.130
2025-08-23 16:54:36.864 T:4250 debug : CVideoPlayer::ProcessVideoData size:270702 dts:10.510 pts:10.552 dur:41.000ms, clock:2.667 level:100
2025-08-23 16:54:36.866 T:4252 debug : CAMLCodec::AddData: skip add data dl:15513943 fl:208553 sz:267941(268032) lv:100.3% dts:5.088 pts:5.130
2025-08-23 16:54:36.895 T:4073 info : Skipped 14 duplicate messages..
2025-08-23 16:54:36.895 T:4073 debug : CAMLCodec::PollFrame elapsed:36.258ms
2025-08-23 16:54:36.896 T:4252 debug : CAMLCodec::AddData: skip add data dl:15507991 fl:214505 sz:267941(268032) lv:100.3% dts:5.088 pts:5.130
2025-08-23 16:54:36.897 T:4252 debug : CAMLCodec::DequeueBuffer: pts:3.045 idx:73
2025-08-23 16:54:36.897 T:4252 debug : CAMLCodec::GetPicture: index: 73, pts: 3.045, dur:42.000ms ar:1.78 elf:42ms
2025-08-23 16:54:36.897 T:4252 debug : CVideoPlayerVideo::OutputPicture - ttd:344ms pts:3.045 Clock:2.700 Level:5
2025-08-23 16:54:36.903 T:4073 debug : PrepareNextRender: frameOnScreen: 2.705 renderPts: 2.858 nextFramePts: 2.836 -> diff: 0.022 render: 1 forceNext: 0
2025-08-23 16:54:36.903 T:4073 debug : CAMLCodec::ReleaseFrame idx:68, drop:0
2025-08-23 16:54:36.903 T:4252 debug : CAMLCodec::AddData: dl:15519895 fl:202601 sz:267941(268032) lv:98.7% dts:5.088 pts:5.130
2025-08-23 16:54:36.904 T:4252 debug : CAMLCodec::AddData: skip add data dl:15519804 fl:202692 sz:298578(298688) lv:100.6% dts:5.130 pts:5.255
2025-08-23 16:54:36.906 T:4250 debug : CVideoPlayer::ProcessVideoData size:283681 dts:10.552 pts:10.636 dur:41.000ms, clock:2.708 level:67
2025-08-23 16:54:36.906 T:4252 debug : CAMLCodec::AddData: skip add data dl:15519804 fl:202692 sz:298578(298688) lv:100.6% dts:5.130 pts:5.255
2025-08-23 16:54:36.936 T:4073 info : Skipped 15 duplicate messages..
2025-08-23 16:54:36.936 T:4073 debug : CAMLCodec::PollFrame elapsed:33.452ms
2025-08-23 16:54:36.937 T:4252 debug : CAMLCodec::DequeueBuffer: pts:3.086 idx:74
2025-08-23 16:54:36.937 T:4252 debug : CAMLCodec::GetPicture: index: 74, pts: 3.086, dur:41.000ms ar:1.78 elf:39ms
2025-08-23 16:54:36.937 T:4252 debug : CVideoPlayerVideo::OutputPicture - ttd:346ms pts:3.086 Clock:2.739 Level:5
2025-08-23 16:54:36.940 T:4253 debug : CVideoPlayerAudio::OutputPacket: pts:3.529 curr_pts:2.718 clock:2.743 level:88
2025-08-23 16:54:36.941 T:4252 debug : CAMLCodec::AddData: skip add data dl:15514236 fl:208260 sz:298578(298688) lv:100.5% dts:5.130 pts:5.255
2025-08-23 16:54:36.947 T:4073 debug : PrepareNextRender: frameOnScreen: 2.750 renderPts: 2.902 nextFramePts: 2.878 -> diff: 0.024 render: 1 forceNext: 0
2025-08-23 16:54:36.947 T:4252 debug : CAMLCodec::AddData: dl:15548732 fl:173764 sz:298578(298688) lv:98.9% dts:5.130 pts:5.255
2025-08-23 16:54:36.947 T:4073 debug : CAMLCodec::ReleaseFrame idx:69, drop:0
2025-08-23 16:54:36.948 T:4252 debug : CAMLCodec::AddData: skip add data dl:15548622 fl:173874 sz:266013(266112) lv:100.5% dts:5.172 pts:5.214
2025-08-23 16:54:36.968 T:4250 info : Skipped 10 duplicate messages..
2025-08-23 16:54:36.968 T:4250 debug : CVideoPlayer::ProcessAudioData size:3386 dts:10.681 pts:10.681 dur:92.000ms, clock:2.770 drop:0 level:88
2025-08-23 16:54:36.968 T:4252 debug : CAMLCodec::AddData: skip add data dl:15548622 fl:173874 sz:266013(266112) lv:100.5% dts:5.172 pts:5.214
2025-08-23 16:54:36.968 T:4250 debug : CVideoPlayer::ProcessAudioData size:3178 dts:10.773 pts:10.773 dur:92.000ms, clock:2.770 drop:0 level:89
2025-08-23 16:54:36.969 T:4252 debug : CAMLCodec::AddData: skip add data dl:15548622 fl:173874 sz:266013(266112) lv:100.5% dts:5.172 pts:5.214
2025-08-23 16:54:36.977 T:4252 info : Skipped 3 duplicate messages..
2025-08-23 16:54:36.977 T:4252 debug : CAMLCodec::AddData: skip add data dl:15519630 fl:202866 sz:266013(266112) lv:100.4% dts:5.172 pts:5.214
2025-08-23 16:54:36.978 T:4252 debug : CAMLCodec::DequeueBuffer: pts:3.128 idx:75
2025-08-23 16:54:36.978 T:4252 debug : CAMLCodec::GetPicture: index: 75, pts: 3.128, dur:42.000ms ar:1.78 elf:41ms
2025-08-23 16:54:36.978 T:4252 debug : CVideoPlayerVideo::OutputPicture - ttd:347ms pts:3.128 Clock:2.781 Level:5
2025-08-23 16:54:36.979 T:4073 debug : CAMLCodec::PollFrame elapsed:31.089ms
2025-08-23 16:54:36.981 T:4252 debug : CAMLCodec::AddData: skip add data dl:15519630 fl:202866 sz:266013(266112) lv:100.4% dts:5.172 pts:5.214
2025-08-23 16:54:36.985 T:4073 info : Skipped 1 duplicate messages..
2025-08-23 16:54:36.985 T:4073 debug : PrepareNextRender: frameOnScreen: 2.788 renderPts: 2.940 nextFramePts: 2.920 -> diff: 0.020 render: 1 forceNext: 0
2025-08-23 16:54:36.985 T:4252 debug : CAMLCodec::AddData: skip add data dl:15519630 fl:202866 sz:266013(266112) lv:100.4% dts:5.172 pts:5.214
2025-08-23 16:54:36.985 T:4073 debug : CAMLCodec::ReleaseFrame idx:70, drop:0
