2025-08-23 16:54:44.376 T:4252 debug : CAMLCodec::AddData: skip add data dl:15339448 fl:383048 sz:450466(450560) lv:100.4% dts:13.096 pts:13.138
2025-08-23 16:54:44.382 T:4252 debug : CAMLCodec::AddData: dl:15526392 fl:196104 sz:450466(450560) lv:98.7% dts:13.096 pts:13.138
2025-08-23 16:54:44.384 T:4252 debug : CAMLCodec::AddData: skip add data dl:15526298 fl:196198 sz:453937(454016) lv:101.6% dts:13.138 pts:13.263
2025-08-23 16:54:44.384 T:4073 debug : PrepareNextRender: frameOnScreen: 10.176 renderPts: 10.327 nextFramePts: 10.302 -> diff: 0.025 render: 1 forceNext: 0
2025-08-23 16:54:44.384 T:4073 debug : CAMLCodec::ReleaseFrame idx:247, drop:0
2025-08-23 16:54:44.386 T:4252 debug : CAMLCodec::AddData: skip add data dl:15526298 fl:196198 sz:453937(454016) lv:101.6% dts:13.138 pts:13.263
2025-08-23 16:54:44.401 T:4253 info : Skipped 8 duplicate messages..
2025-08-23 16:54:44.401 T:4253 debug : CVideoPlayerAudio::OutputPacket: pts:10.959 curr_pts:10.168 clock:10.193 level:75
2025-08-23 16:54:44.402 T:4252 debug : CAMLCodec::AddData: skip add data dl:15526298 fl:196198 sz:453937(454016) lv:101.6% dts:13.138 pts:13.263
2025-08-23 16:54:44.410 T:4073 info : Skipped 3 duplicate messages..
2025-08-23 16:54:44.410 T:4073 debug : CAMLCodec::PollFrame elapsed:25.869ms
2025-08-23 16:54:44.411 T:4252 debug : CAMLCodec::AddData: skip add data dl:15519258 fl:203238 sz:453937(454016) lv:101.6% dts:13.138 pts:13.263
2025-08-23 16:54:44.412 T:4252 debug : CAMLCodec::DequeueBuffer: pts:10.510 idx:252
2025-08-23 16:54:44.413 T:4252 debug : CAMLCodec::GetPicture: index: 252, pts: 10.510, dur:41.000ms ar:1.78 elf:41ms
2025-08-23 16:54:44.413 T:4252 debug : CVideoPlayerVideo::OutputPicture - ttd:305ms pts:10.510 Clock:10.205 Level:4
2025-08-23 16:54:44.414 T:4252 debug : CAMLCodec::AddData: skip add data dl:15519258 fl:203238 sz:453937(454016) lv:101.6% dts:13.138 pts:13.263
2025-08-23 16:54:44.423 T:4073 info : Skipped 1 duplicate messages..
2025-08-23 16:54:44.423 T:4073 debug : PrepareNextRender: frameOnScreen: 10.215 renderPts: 10.365 nextFramePts: 10.344 -> diff: 0.021 render: 1 forceNext: 0
2025-08-23 16:54:44.423 T:4073 debug : CAMLCodec::ReleaseFrame idx:248, drop:0
2025-08-23 16:54:44.424 T:4252 debug : CAMLCodec::AddData: dl:15699546 fl:22950 sz:453937(454016) lv:99.8% dts:13.138 pts:13.263
2025-08-23 16:54:44.424 T:4252 debug : CAMLCodec::AddData: skip add data dl:15699467 fl:23029 sz:441772(441856) lv:102.6% dts:13.180 pts:13.222
2025-08-23 16:54:44.435 T:4250 info : Skipped 4 duplicate messages..
2025-08-23 16:54:44.435 T:4250 debug : CVideoPlayer::ProcessVideoData size:543582 dts:16.642 pts:16.850 dur:41.000ms, clock:10.227 level:43
2025-08-23 16:54:44.436 T:4252 debug : CAMLCodec::AddData: skip add data dl:15699467 fl:23029 sz:441772(441856) lv:102.6% dts:13.180 pts:13.222
2025-08-23 16:54:44.452 T:4073 info : Skipped 8 duplicate messages..
2025-08-23 16:54:44.452 T:4073 debug : CAMLCodec::PollFrame elapsed:29.098ms
2025-08-23 16:54:44.452 T:4252 debug : CAMLCodec::AddData: skip add data dl:15699467 fl:23029 sz:441772(441856) lv:102.6% dts:13.180 pts:13.222
2025-08-23 16:54:44.454 T:4252 debug : CAMLCodec::DequeueBuffer: pts:10.552 idx:253
2025-08-23 16:54:44.454 T:4252 debug : CAMLCodec::GetPicture: index: 253, pts: 10.552, dur:42.000ms ar:1.78 elf:41ms
2025-08-23 16:54:44.454 T:4252 debug : CVideoPlayerVideo::OutputPicture - ttd:305ms pts:10.552 Clock:10.246 Level:4
2025-08-23 16:54:44.456 T:4252 debug : CAMLCodec::AddData: skip add data dl:15689483 fl:33013 sz:441772(441856) lv:102.6% dts:13.180 pts:13.222
2025-08-23 16:54:44.463 T:4252 info : Skipped 2 duplicate messages..
2025-08-23 16:54:44.463 T:4252 debug : CAMLCodec::AddData: skip add data dl:15363147 fl:359349 sz:441772(441856) lv:100.5% dts:13.180 pts:13.222
2025-08-23 16:54:44.469 T:4073 info : Skipped 2 duplicate messages..
2025-08-23 16:54:44.469 T:4073 debug : PrepareNextRender: frameOnScreen: 10.261 renderPts: 10.412 nextFramePts: 10.385 -> diff: 0.027 render: 1 forceNext: 0
2025-08-23 16:54:44.469 T:4252 debug : CAMLCodec::AddData: skip add data dl:15363147 fl:359349 sz:441772(441856) lv:100.5% dts:13.180 pts:13.222
2025-08-23 16:54:44.469 T:4073 debug : CAMLCodec::ReleaseFrame idx:249, drop:0
2025-08-23 16:54:44.472 T:4252 debug : CAMLCodec::AddData: skip add data dl:15363147 fl:359349 sz:441772(441856) lv:100.5% dts:13.180 pts:13.222
2025-08-23 16:54:44.494 T:4073 info : Skipped 11 duplicate messages..
2025-08-23 16:54:44.494 T:4073 debug : CAMLCodec::PollFrame elapsed:23.993ms
2025-08-23 16:54:44.494 T:4252 debug : CAMLCodec::AddData: skip add data dl:15363147 fl:359349 sz:441772(441856) lv:100.5% dts:13.180 pts:13.222
2025-08-23 16:54:44.496 T:4252 debug : CAMLCodec::DequeueBuffer: pts:10.594 idx:254
2025-08-23 16:54:44.496 T:4252 debug : CAMLCodec::GetPicture: index: 254, pts: 10.594, dur:42.000ms ar:1.78 elf:41ms
2025-08-23 16:54:44.496 T:4252 debug : CVideoPlayerVideo::OutputPicture - ttd:306ms pts:10.594 Clock:10.288 Level:4
2025-08-23 16:54:44.498 T:4252 debug : CAMLCodec::AddData: skip add data dl:15293451 fl:429045 sz:441772(441856) lv:100.0% dts:13.180 pts:13.222
2025-08-23 16:54:44.501 T:4253 debug : CVideoPlayerAudio::OutputPacket: pts:11.053 curr_pts:10.267 clock:10.293 level:74
2025-08-23 16:54:44.508 T:4073 debug : PrepareNextRender: frameOnScreen: 10.300 renderPts: 10.451 nextFramePts: 10.427 -> diff: 0.024 render: 1 forceNext: 0
2025-08-23 16:54:44.508 T:4073 debug : CAMLCodec::ReleaseFrame idx:250, drop:0
2025-08-23 16:54:44.509 T:4252 debug : CAMLCodec::AddData: dl:15387019 fl:335477 sz:441772(441856) lv:97.8% dts:13.180 pts:13.222
2025-08-23 16:54:44.510 T:4252 debug : CAMLCodec::AddData: skip add data dl:15386935 fl:335561 sz:442471(442560) lv:100.6% dts:13.222 pts:13.305
2025-08-23 16:54:44.528 T:4250 info : Skipped 8 duplicate messages..
2025-08-23 16:54:44.528 T:4250 debug : CVideoPlayer::ProcessVideoData size:465643 dts:16.683 pts:16.767 dur:41.000ms, clock:10.320 level:43
2025-08-23 16:54:44.529 T:4252 debug : CAMLCodec::AddData: skip add data dl:15386935 fl:335561 sz:442471(442560) lv:100.6% dts:13.222 pts:13.305
2025-08-23 16:54:44.536 T:4073 info : Skipped 2 duplicate messages..
2025-08-23 16:54:44.535 T:4073 debug : CAMLCodec::PollFrame elapsed:27.126ms
2025-08-23 16:54:44.536 T:4252 debug : CAMLCodec::AddData: skip add data dl:15386935 fl:335561 sz:442471(442560) lv:100.6% dts:13.222 pts:13.305
2025-08-23 16:54:44.537 T:4073 debug : ------ Window Deinit (DialogPlayerProcessInfo.xml) ------
2025-08-23 16:54:44.539 T:4252 debug : CAMLCodec::AddData: skip add data dl:15386935 fl:335561 sz:442471(442560) lv:100.6% dts:13.222 pts:13.305
2025-08-23 16:54:44.542 T:4073 info : Skipped 1 duplicate messages..
2025-08-23 16:54:44.542 T:4073 debug : PrepareNextRender: frameOnScreen: 10.335 renderPts: 10.485 nextFramePts: 10.469 -> diff: 0.016 render: 1 forceNext: 0
2025-08-23 16:54:44.543 T:4073 debug : CAMLCodec::ReleaseFrame idx:251, drop:0
2025-08-23 16:54:44.544 T:4252 debug : CAMLCodec::AddData: skip add data dl:15386935 fl:335561 sz:442471(442560) lv:100.6% dts:13.222 pts:13.305
2025-08-23 16:54:44.551 T:4253 info : Skipped 3 duplicate messages..
2025-08-23 16:54:44.551 T:4253 debug : CVideoPlayerAudio::OutputPacket: pts:11.145 curr_pts:10.319 clock:10.343 level:72
2025-08-23 16:54:44.552 T:4252 debug : CAMLCodec::AddData: skip add data dl:15386935 fl:335561 sz:442471(442560) lv:100.6% dts:13.222 pts:13.305
2025-08-23 16:54:44.577 T:4073 info : Skipped 12 duplicate messages..
2025-08-23 16:54:44.577 T:4073 debug : CAMLCodec::PollFrame elapsed:34.600ms
2025-08-23 16:54:44.578 T:4252 debug : CAMLCodec::AddData: skip add data dl:15348087 fl:374409 sz:442471(442560) lv:100.4% dts:13.222 pts:13.305
2025-08-23 16:54:44.579 T:4252 debug : CAMLCodec::DequeueBuffer: pts:10.636 idx:255
2025-08-23 16:54:44.579 T:4252 debug : CAMLCodec::GetPicture: index: 255, pts: 10.636, dur:42.000ms ar:1.78 elf:83ms
2025-08-23 16:54:44.579 T:4252 debug : CVideoPlayerVideo::OutputPicture - ttd:264ms pts:10.636 Clock:10.371 Level:3
2025-08-23 16:54:44.582 T:4252 debug : CAMLCodec::AddData: skip add data dl:15348087 fl:374409 sz:442471(442560) lv:100.4% dts:13.222 pts:13.305
2025-08-23 16:54:44.584 T:4073 debug : PrepareNextRender: frameOnScreen: 10.376 renderPts: 10.527 nextFramePts: 10.510 -> diff: 0.017 render: 1 forceNext: 0
2025-08-23 16:54:44.584 T:4073 debug : CAMLCodec::ReleaseFrame idx:252, drop:0
2025-08-23 16:54:44.585 T:4252 debug : CAMLCodec::AddData: skip add data dl:15348087 fl:374409 sz:442471(442560) lv:100.4% dts:13.222 pts:13.305
2025-08-23 16:54:44.590 T:4252 debug : CAMLCodec::AddData: dl:15498679 fl:223817 sz:442471(442560) lv:98.5% dts:13.222 pts:13.305
2025-08-23 16:54:44.590 T:4252 debug : CAMLCodec::DequeueBuffer: pts:10.677 idx:256
2025-08-23 16:54:44.590 T:4252 debug : CAMLCodec::GetPicture: index: 256, pts: 10.677, dur:41.000ms ar:1.78 elf:10ms
2025-08-23 16:54:44.590 T:4252 debug : CVideoPlayerVideo::OutputPicture - ttd:294ms pts:10.677 Clock:10.382 Level:3
2025-08-23 16:54:44.593 T:4252 debug : CAMLCodec::AddData: skip add data dl:15464542 fl:257954 sz:599401(599488) lv:102.1% dts:13.263 pts:13.639
2025-08-23 16:54:44.601 T:4252 info : Skipped 2 duplicate messages..
2025-08-23 16:54:44.601 T:4252 debug : CAMLCodec::AddData: skip add data dl:15180638 fl:541858 sz:599401(599488) lv:100.3% dts:13.263 pts:13.639
2025-08-23 16:54:44.602 T:4250 debug : CVideoPlayer::ProcessVideoData size:428065 dts:16.725 pts:16.725 dur:41.000ms, clock:10.394 level:100
2025-08-23 16:54:44.603 T:4252 debug : CAMLCodec::AddData: skip add data dl:15180638 fl:541858 sz:599401(599488) lv:100.3% dts:13.263 pts:13.639
2025-08-23 16:54:44.615 T:4250 info : Skipped 4 duplicate messages..
2025-08-23 16:54:44.615 T:4250 debug : CVideoPlayer::ProcessVideoData size:430436 dts:16.767 pts:16.808 dur:41.000ms, clock:10.407 level:43
2025-08-23 16:54:44.616 T:4252 debug : CAMLCodec::AddData: skip add data dl:15180638 fl:541858 sz:599401(599488) lv:100.3% dts:13.263 pts:13.639
2025-08-23 16:54:44.619 T:4073 debug : CAMLCodec::PollFrame elapsed:33.965ms
2025-08-23 16:54:44.619 T:4252 debug : CAMLCodec::AddData: skip add data dl:15180638 fl:541858 sz:599401(599488) lv:100.3% dts:13.263 pts:13.639
2025-08-23 16:54:44.621 T:4252 debug : CAMLCodec::DequeueBuffer: pts:10.719 idx:257
2025-08-23 16:54:44.621 T:4252 debug : CAMLCodec::GetPicture: index: 257, pts: 10.719, dur:42.000ms ar:1.78 elf:30ms
2025-08-23 16:54:44.621 T:4252 debug : CVideoPlayerVideo::OutputPicture - ttd:305ms pts:10.719 Clock:10.413 Level:4
2025-08-23 16:54:44.624 T:4252 debug : CAMLCodec::AddData: skip add data dl:15170334 fl:552162 sz:599401(599488) lv:100.3% dts:13.263 pts:13.639
2025-08-23 16:54:44.633 T:4252 info : Skipped 1 duplicate messages..
2025-08-23 16:54:44.633 T:4252 debug : CAMLCodec::AddData: dl:15488606 fl:233890 sz:599401(599488) lv:98.5% dts:13.263 pts:13.639
2025-08-23 16:54:44.634 T:4073 debug : PrepareNextRender: frameOnScreen: 10.426 renderPts: 10.576 nextFramePts: 10.552 -> diff: 0.024 render: 1 forceNext: 0
2025-08-23 16:54:44.634 T:4073 debug : CAMLCodec::ReleaseFrame idx:253, drop:0
2025-08-23 16:54:44.635 T:4252 debug : CAMLCodec::AddData: skip add data dl:15488519 fl:233977 sz:526283(526400) lv:101.8% dts:13.305 pts:13.513
2025-08-23 16:54:44.639 T:4250 info : Skipped 1 duplicate messages..
2025-08-23 16:54:44.639 T:4250 debug : CVideoPlayer::ProcessVideoData size:473237 dts:16.808 pts:16.934 dur:41.000ms, clock:10.431 level:100
2025-08-23 16:54:44.641 T:4252 debug : CAMLCodec::AddData: skip add data dl:15488519 fl:233977 sz:526283(526400) lv:101.8% dts:13.305 pts:13.513
2025-08-23 16:54:44.651 T:4253 info : Skipped 4 duplicate messages..
2025-08-23 16:54:44.651 T:4253 debug : CVideoPlayerAudio::OutputPacket: pts:11.238 curr_pts:10.418 clock:10.443 level:71
2025-08-23 16:54:44.652 T:4252 debug : CAMLCodec::AddData: skip add data dl:15488519 fl:233977 sz:526283(526400) lv:101.8% dts:13.305 pts:13.513
2025-08-23 16:54:44.661 T:4073 info : Skipped 4 duplicate messages..
2025-08-23 16:54:44.661 T:4073 debug : CAMLCodec::PollFrame elapsed:26.855ms
2025-08-23 16:54:44.662 T:4252 debug : CAMLCodec::AddData: skip add data dl:15479879 fl:242617 sz:526283(526400) lv:101.8% dts:13.305 pts:13.513
2025-08-23 16:54:44.664 T:4252 debug : CAMLCodec::DequeueBuffer: pts:10.761 idx:258
2025-08-23 16:54:44.664 T:4252 debug : CAMLCodec::GetPicture: index: 258, pts: 10.761, dur:42.000ms ar:1.78 elf:42ms
2025-08-23 16:54:44.664 T:4252 debug : CVideoPlayerVideo::OutputPicture - ttd:305ms pts:10.761 Clock:10.456 Level:4
2025-08-23 16:54:44.667 T:4252 debug : CAMLCodec::AddData: skip add data dl:15479879 fl:242617 sz:526283(526400) lv:101.8% dts:13.305 pts:13.513
2025-08-23 16:54:44.672 T:4073 debug : PrepareNextRender: frameOnScreen: 10.464 renderPts: 10.614 nextFramePts: 10.594 -> diff: 0.020 render: 1 forceNext: 0
2025-08-23 16:54:44.672 T:4073 debug : CAMLCodec::ReleaseFrame idx:254, drop:0
2025-08-23 16:54:44.672 T:4252 debug : CAMLCodec::AddData: dl:15718407 fl:4089 sz:526283(526400) lv:99.9% dts:13.305 pts:13.513
2025-08-23 16:54:44.674 T:4252 debug : CAMLCodec::AddData: skip add data dl:15718290 fl:4206 sz:453560(453632) lv:102.8% dts:13.347 pts:13.430
2025-08-23 16:54:44.680 T:4250 info : Skipped 2 duplicate messages..
2025-08-23 16:54:44.680 T:4250 debug : CVideoPlayer::ProcessVideoData size:432882 dts:16.850 pts:16.892 dur:41.000ms, clock:10.472 level:43
2025-08-23 16:54:44.680 T:4252 debug : CAMLCodec::AddData: skip add data dl:15718290 fl:4206 sz:453560(453632) lv:102.8% dts:13.347 pts:13.430
2025-08-23 16:54:44.703 T:4073 info : Skipped 10 duplicate messages..
2025-08-23 16:54:44.703 T:4073 debug : CAMLCodec::PollFrame elapsed:30.622ms
2025-08-23 16:54:44.703 T:4252 debug : CAMLCodec::AddData: skip add data dl:15718290 fl:4206 sz:453560(453632) lv:102.8% dts:13.347 pts:13.430
2025-08-23 16:54:44.705 T:4252 debug : CAMLCodec::DequeueBuffer: pts:10.802 idx:259
2025-08-23 16:54:44.705 T:4252 debug : CAMLCodec::GetPicture: index: 259, pts: 10.802, dur:41.000ms ar:1.78 elf:40ms
2025-08-23 16:54:44.705 T:4252 debug : CVideoPlayerVideo::OutputPicture - ttd:305ms pts:10.802 Clock:10.497 Level:4
2025-08-23 16:54:44.708 T:4252 debug : CAMLCodec::AddData: skip add data dl:15686482 fl:36014 sz:453560(453632) lv:102.6% dts:13.347 pts:13.430
2025-08-23 16:54:44.708 T:4073 debug : PrepareNextRender: frameOnScreen: 10.500 renderPts: 10.650 nextFramePts: 10.636 -> diff: 0.014 render: 1 forceNext: 0
2025-08-23 16:54:44.708 T:4073 debug : CAMLCodec::ReleaseFrame idx:255, drop:0
2025-08-23 16:54:44.710 T:4252 debug : CAMLCodec::AddData: skip add data dl:15686482 fl:36014 sz:453560(453632) lv:102.6% dts:13.347 pts:13.430
2025-08-23 16:54:44.714 T:4252 info : Skipped 1 duplicate messages..
2025-08-23 16:54:44.714 T:4252 debug : CAMLCodec::AddData: skip add data dl:15399122 fl:323374 sz:453560(453632) lv:100.8% dts:13.347 pts:13.430
2025-08-23 16:54:44.744 T:4073 info : Skipped 15 duplicate messages..
2025-08-23 16:54:44.744 T:4073 debug : CAMLCodec::PollFrame elapsed:36.028ms
2025-08-23 16:54:44.745 T:4252 debug : CAMLCodec::AddData: skip add data dl:15399122 fl:323374 sz:453560(453632) lv:100.8% dts:13.347 pts:13.430
2025-08-23 16:54:44.746 T:4252 debug : CAMLCodec::DequeueBuffer: pts:10.844 idx:260
2025-08-23 16:54:44.746 T:4252 debug : CAMLCodec::GetPicture: index: 260, pts: 10.844, dur:42.000ms ar:1.78 elf:41ms
2025-08-23 16:54:44.746 T:4252 debug : CVideoPlayerVideo::OutputPicture - ttd:305ms pts:10.844 Clock:10.538 Level:4
2025-08-23 16:54:44.747 T:4252 debug : CAMLCodec::DequeueBuffer: pts:10.886 idx:261
2025-08-23 16:54:44.748 T:4252 debug : CAMLCodec::GetPicture: index: 261, pts: 10.886, dur:42.000ms ar:1.78 elf:1ms
2025-08-23 16:54:44.748 T:4252 debug : CVideoPlayerVideo::OutputPicture - ttd:346ms pts:10.886 Clock:10.539 Level:5
2025-08-23 16:54:44.748 T:4073 debug : PrepareNextRender: frameOnScreen: 10.540 renderPts: 10.691 nextFramePts: 10.677 -> diff: 0.014 render: 1 forceNext: 0
2025-08-23 16:54:44.749 T:4073 debug : CAMLCodec::ReleaseFrame idx:256, drop:0
2025-08-23 16:54:44.749 T:4252 debug : CAMLCodec::DequeueBuffer: pts:10.928 idx:262
2025-08-23 16:54:44.749 T:4252 debug : CAMLCodec::GetPicture: index: 262, pts: 10.928, dur:42.000ms ar:1.78 elf:1ms
2025-08-23 16:54:44.749 T:4252 debug : CVideoPlayerVideo::OutputPicture - ttd:387ms pts:10.928 Clock:10.541 Level:5
2025-08-23 16:54:44.750 T:4252 debug : CAMLCodec::DequeueBuffer: pts:10.969 idx:263
2025-08-23 16:54:44.750 T:4252 debug : CAMLCodec::GetPicture: index: 263, pts: 10.969, dur:41.000ms ar:1.78 elf:1ms
2025-08-23 16:54:44.750 T:4252 debug : CVideoPlayerVideo::OutputPicture - ttd:426ms pts:10.969 Clock:10.542 Level:6
2025-08-23 16:54:44.751 T:4253 debug : CVideoPlayerAudio::OutputPacket: pts:11.331 curr_pts:10.518 clock:10.542 level:70
2025-08-23 16:54:44.752 T:4252 debug : CAMLCodec::AddData: skip add data dl:15390482 fl:332014 sz:453560(453632) lv:100.7% dts:13.347 pts:13.430
2025-08-23 16:54:44.759 T:4252 info : Skipped 1 duplicate messages..
2025-08-23 16:54:44.759 T:4252 debug : CAMLCodec::AddData: dl:15347794 fl:374702 sz:453560(453632) lv:97.6% dts:13.347 pts:13.430
2025-08-23 16:54:44.763 T:4252 debug : CAMLCodec::AddData: dl:15674570 fl:47926 sz:443863(443968) lv:99.7% dts:13.388 pts:13.388
2025-08-23 16:54:44.763 T:4250 debug : CVideoPlayer::ProcessVideoData size:437694 dts:16.892 pts:16.975 dur:41.000ms, clock:10.554 level:43
2025-08-23 16:54:44.767 T:4252 debug : CAMLCodec::AddData: skip add data dl:15548769 fl:173727 sz:445064(445184) lv:101.7% dts:13.430 pts:13.472
2025-08-23 16:54:44.774 T:4250 info : Skipped 2 duplicate messages..
2025-08-23 16:54:44.774 T:4250 debug : CVideoPlayer::ProcessAudioData size:8727 dts:17.090 pts:17.090 dur:92.000ms, clock:10.566 drop:0 level:70
2025-08-23 16:54:44.774 T:4250 debug : CVideoPlayer::ProcessAudioData size:9536 dts:17.182 pts:17.182 dur:92.000ms, clock:10.566 drop:0 level:71
2025-08-23 16:54:44.775 T:4250 debug : CVideoPlayer::ProcessAudioData size:9763 dts:17.276 pts:17.276 dur:92.000ms, clock:10.567 drop:0 level:72
2025-08-23 16:54:44.779 T:4250 debug : CVideoPlayer::ProcessVideoData size:675607 dts:16.934 pts:17.351 dur:41.000ms, clock:10.570 level:43
2025-08-23 16:54:44.780 T:4252 debug : CAMLCodec::AddData: skip add data dl:15548769 fl:173727 sz:445064(445184) lv:101.7% dts:13.430 pts:13.472
2025-08-23 16:54:44.786 T:4073 info : Skipped 3 duplicate messages..
2025-08-23 16:54:44.786 T:4073 debug : CAMLCodec::PollFrame elapsed:37.399ms
2025-08-23 16:54:44.787 T:4252 debug : CAMLCodec::AddData: skip add data dl:15545889 fl:176607 sz:445064(445184) lv:101.7% dts:13.430 pts:13.472
2025-08-23 16:54:44.794 T:4252 info : Skipped 2 duplicate messages..
2025-08-23 16:54:44.794 T:4252 debug : CAMLCodec::AddData: skip add data dl:15543073 fl:179423 sz:445064(445184) lv:101.7% dts:13.430 pts:13.472
2025-08-23 16:54:44.794 T:4073 debug : PrepareNextRender: frameOnScreen: 10.586 renderPts: 10.736 nextFramePts: 10.719 -> diff: 0.017 render: 1 forceNext: 0
2025-08-23 16:54:44.794 T:4073 debug : CAMLCodec::ReleaseFrame idx:257, drop:0
2025-08-23 16:54:44.796 T:4252 debug : CAMLCodec::AddData: skip add data dl:15543073 fl:179423 sz:445064(445184) lv:101.7% dts:13.430 pts:13.472
2025-08-23 16:54:44.828 T:4073 info : Skipped 15 duplicate messages..
2025-08-23 16:54:44.828 T:4073 debug : CAMLCodec::PollFrame elapsed:33.728ms
2025-08-23 16:54:44.830 T:4252 debug : CAMLCodec::AddData: skip add data dl:15542561 fl:179935 sz:445064(445184) lv:101.6% dts:13.430 pts:13.472
2025-08-23 16:54:44.834 T:4073 info : Skipped 1 duplicate messages..
2025-08-23 16:54:44.834 T:4073 debug : PrepareNextRender: frameOnScreen: 10.626 renderPts: 10.777 nextFramePts: 10.761 -> diff: 0.016 render: 1 forceNext: 0
2025-08-23 16:54:44.834 T:4073 debug : CAMLCodec::ReleaseFrame idx:258, drop:0
2025-08-23 16:54:44.835 T:4252 debug : CAMLCodec::AddData: skip add data dl:15542561 fl:179935 sz:445064(445184) lv:101.6% dts:13.430 pts:13.472
2025-08-23 16:54:44.837 T:4252 debug : CAMLCodec::AddData: skip add data dl:15478625 fl:243871 sz:445064(445184) lv:101.2% dts:13.430 pts:13.472
2025-08-23 16:54:44.851 T:4253 info : Skipped 6 duplicate messages..
2025-08-23 16:54:44.851 T:4253 debug : CVideoPlayerAudio::OutputPacket: pts:11.424 curr_pts:10.618 clock:10.643 level:72
2025-08-23 16:54:44.855 T:4252 debug : CAMLCodec::AddData: skip add data dl:15478625 fl:243871 sz:445064(445184) lv:101.2% dts:13.430 pts:13.472
2025-08-23 16:54:44.870 T:4073 info : Skipped 7 duplicate messages..
2025-08-23 16:54:44.870 T:4073 debug : CAMLCodec::PollFrame elapsed:35.083ms
2025-08-23 16:54:44.870 T:4252 debug : CAMLCodec::AddData: skip add data dl:15475361 fl:247135 sz:445064(445184) lv:101.2% dts:13.430 pts:13.472
2025-08-23 16:54:44.871 T:4252 debug : CAMLCodec::DequeueBuffer: pts:11.011 idx:264
2025-08-23 16:54:44.872 T:4252 debug : CAMLCodec::GetPicture: index: 264, pts: 11.011, dur:42.000ms ar:1.78 elf:121ms
2025-08-23 16:54:44.872 T:4252 debug : CVideoPlayerVideo::OutputPicture - ttd:347ms pts:11.011 Clock:10.663 Level:5
2025-08-23 16:54:44.874 T:4073 debug : PrepareNextRender: frameOnScreen: 10.666 renderPts: 10.816 nextFramePts: 10.802 -> diff: 0.014 render: 1 forceNext: 0
2025-08-23 16:54:44.874 T:4252 debug : CAMLCodec::AddData: skip add data dl:15475361 fl:247135 sz:445064(445184) lv:101.2% dts:13.430 pts:13.472
2025-08-23 16:54:44.874 T:4073 debug : CAMLCodec::ReleaseFrame idx:259, drop:0
2025-08-23 16:54:44.876 T:4252 debug : CAMLCodec::AddData: skip add data dl:15475361 fl:247135 sz:445064(445184) lv:101.2% dts:13.430 pts:13.472
2025-08-23 16:54:44.881 T:4252 debug : CAMLCodec::AddData: dl:15720993 fl:1503 sz:445064(445184) lv:100.0% dts:13.430 pts:13.472
2025-08-23 16:54:44.882 T:4252 debug : CAMLCodec::AddData: skip add data dl:15720873 fl:1623 sz:458134(458240) lv:102.9% dts:13.472 pts:13.597
2025-08-23 16:54:44.911 T:4073 info : Skipped 15 duplicate messages..
2025-08-23 16:54:44.911 T:4073 debug : CAMLCodec::PollFrame elapsed:36.910ms
2025-08-23 16:54:44.912 T:4252 debug : CAMLCodec::AddData: skip add data dl:15718185 fl:4311 sz:458134(458240) lv:102.8% dts:13.472 pts:13.597
2025-08-23 16:54:44.914 T:4252 debug : CAMLCodec::DequeueBuffer: pts:11.053 idx:265
2025-08-23 16:54:44.914 T:4252 debug : CAMLCodec::GetPicture: index: 265, pts: 11.053, dur:42.000ms ar:1.78 elf:41ms
2025-08-23 16:54:44.914 T:4252 debug : CVideoPlayerVideo::OutputPicture - ttd:347ms pts:11.053 Clock:10.705 Level:5
2025-08-23 16:54:44.916 T:4073 debug : PrepareNextRender: frameOnScreen: 10.707 renderPts: 10.858 nextFramePts: 10.844 -> diff: 0.014 render: 1 forceNext: 0
2025-08-23 16:54:44.916 T:4073 debug : CAMLCodec::ReleaseFrame idx:260, drop:0
2025-08-23 16:54:44.916 T:4252 debug : CAMLCodec::AddData: skip add data dl:15718185 fl:4311 sz:458134(458240) lv:102.8% dts:13.472 pts:13.597
2025-08-23 16:54:44.918 T:4252 debug : CAMLCodec::AddData: skip add data dl:15711657 fl:10839 sz:458134(458240) lv:102.8% dts:13.472 pts:13.597
2025-08-23 16:54:44.951 T:4253 info : Skipped 17 duplicate messages..
2025-08-23 16:54:44.951 T:4253 debug : CVideoPlayerAudio::OutputPacket: pts:11.517 curr_pts:10.718 clock:10.742 level:71
2025-08-23 16:54:44.953 T:4252 debug : CAMLCodec::AddData: skip add data dl:15711657 fl:10839 sz:458134(458240) lv:102.8% dts:13.472 pts:13.597
2025-08-23 16:54:44.953 T:4073 debug : CAMLCodec::PollFrame elapsed:36.993ms
2025-08-23 16:54:44.955 T:4252 debug : CAMLCodec::DequeueBuffer: pts:11.094 idx:266
2025-08-23 16:54:44.955 T:4252 debug : CAMLCodec::GetPicture: index: 266, pts: 11.094, dur:41.000ms ar:1.78 elf:40ms
2025-08-23 16:54:44.955 T:4252 debug : CVideoPlayerVideo::OutputPicture - ttd:347ms pts:11.094 Clock:10.746 Level:5
2025-08-23 16:54:44.957 T:4073 debug : PrepareNextRender: frameOnScreen: 10.748 renderPts: 10.899 nextFramePts: 10.886 -> diff: 0.013 render: 1 forceNext: 0
2025-08-23 16:54:44.957 T:4073 debug : CAMLCodec::ReleaseFrame idx:261, drop:0
2025-08-23 16:54:44.958 T:4252 debug : CAMLCodec::AddData: skip add data dl:15711017 fl:11479 sz:458134(458240) lv:102.8% dts:13.472 pts:13.597
2025-08-23 16:54:44.962 T:4252 info : Skipped 1 duplicate messages..
2025-08-23 16:54:44.962 T:4252 debug : CAMLCodec::AddData: skip add data dl:15706537 fl:15959 sz:458134(458240) lv:102.8% dts:13.472 pts:13.597
2025-08-23 16:54:44.995 T:4073 info : Skipped 16 duplicate messages..
2025-08-23 16:54:44.995 T:4073 debug : CAMLCodec::PollFrame elapsed:37.766ms
2025-08-23 16:54:44.995 T:4252 debug : CAMLCodec::AddData: skip add data dl:15706089 fl:16407 sz:458134(458240) lv:102.8% dts:13.472 pts:13.597
2025-08-23 16:54:44.996 T:4252 debug : CAMLCodec::DequeueBuffer: pts:11.136 idx:267
2025-08-23 16:54:44.996 T:4252 debug : CAMLCodec::GetPicture: index: 267, pts: 11.136, dur:42.000ms ar:1.78 elf:41ms
2025-08-23 16:54:44.996 T:4252 debug : CVideoPlayerVideo::OutputPicture - ttd:348ms pts:11.136 Clock:10.788 Level:5
2025-08-23 16:54:44.999 T:4073 debug : PrepareNextRender: frameOnScreen: 10.790 renderPts: 10.941 nextFramePts: 10.928 -> diff: 0.013 render: 1 forceNext: 0
2025-08-23 16:54:44.999 T:4073 debug : CAMLCodec::ReleaseFrame idx:262, drop:0
2025-08-23 16:54:44.999 T:4080 debug : CLibInputKeyboard::ProcessKey - using delay: 400ms repeat: 80ms
2025-08-23 16:54:45.000 T:4301 debug : Thread Timer start, auto delete: false
2025-08-23 16:54:45.000 T:4252 debug : CAMLCodec::AddData: skip add data dl:15706089 fl:16407 sz:458134(458240) lv:102.8% dts:13.472 pts:13.597
2025-08-23 16:54:45.005 T:4252 debug : CAMLCodec::AddData: skip add data dl:15705065 fl:17431 sz:458134(458240) lv:102.8% dts:13.472 pts:13.597
2025-08-23 16:54:45.037 T:4073 info : Skipped 16 duplicate messages..
2025-08-23 16:54:45.037 T:4073 debug : CAMLCodec::PollFrame elapsed:37.224ms
2025-08-23 16:54:45.038 T:4252 debug : CAMLCodec::AddData: skip add data dl:15704745 fl:17751 sz:458134(458240) lv:102.8% dts:13.472 pts:13.597
2025-08-23 16:54:45.039 T:4252 debug : CAMLCodec::DequeueBuffer: pts:11.178 idx:268
2025-08-23 16:54:45.039 T:4252 debug : CAMLCodec::GetPicture: index: 268, pts: 11.178, dur:42.000ms ar:1.78 elf:42ms
2025-08-23 16:54:45.039 T:4252 debug : CVideoPlayerVideo::OutputPicture - ttd:347ms pts:11.178 Clock:10.830 Level:5
2025-08-23 16:54:45.039 T:4073 debug : Keyboard: scancode: 0x3d, sym: 0x11c (f3), unicode: 0x00, modifier: 0x0
2025-08-23 16:54:45.040 T:4073 debug : HandleKey: f3 (0xf092) pressed, window 12005, action is PlayerDebug
2025-08-23 16:54:45.040 T:4073 info : CDVDSubtitlesLibass: Using libass version 1701000
2025-08-23 16:54:45.040 T:4073 info : CDVDSubtitlesLibass: Creating ASS library structure
2025-08-23 16:54:45.040 T:4073 info : CDVDSubtitlesLibass: Initializing ASS Renderer
2025-08-23 16:54:45.040 T:4073 debug : CDVDSubtitlesLibass: [ass] libass API version: 0x1701000
2025-08-23 16:54:45.040 T:4073 debug : CDVDSubtitlesLibass: [ass] libass source: tarball: 0.17.1
2025-08-23 16:54:45.040 T:4073 debug : CDVDSubtitlesLibass: [ass] Shaper: FriBidi 1.0.13 (SIMPLE) HarfBuzz-ng 8.3.1 (COMPLEX)
2025-08-23 16:54:45.040 T:4073 info : CDVDSubtitlesLibass: Initializing ASS library font settings
2025-08-23 16:54:45.042 T:4252 debug : CAMLCodec::AddData: skip add data dl:15704745 fl:17751 sz:458134(458240) lv:102.8% dts:13.472 pts:13.597
2025-08-23 16:54:45.045 T:4252 debug : CAMLCodec::AddData: skip add data dl:15703593 fl:18903 sz:458134(458240) lv:102.8% dts:13.472 pts:13.597
2025-08-23 16:54:45.051 T:4253 info : Skipped 2 duplicate messages..
2025-08-23 16:54:45.051 T:4253 debug : CVideoPlayerAudio::OutputPacket: pts:11.610 curr_pts:10.818 clock:10.843 level:70
2025-08-23 16:54:45.052 T:4252 debug : CAMLCodec::AddData: skip add data dl:15703593 fl:18903 sz:458134(458240) lv:102.8% dts:13.472 pts:13.597
2025-08-23 16:54:45.072 T:4073 info : Skipped 9 duplicate messages..
2025-08-23 16:54:45.072 T:4073 debug : CDVDSubtitlesLibass: [ass] Using font provider fontconfig
2025-08-23 16:54:45.072 T:4073 info : CDVDSubtitlesLibass: Creating new ASS track
2025-08-23 16:54:45.072 T:4252 debug : CAMLCodec::AddData: skip add data dl:15703593 fl:18903 sz:458134(458240) lv:102.8% dts:13.472 pts:13.597
2025-08-23 16:54:45.075 T:4073 info : Skipped 1 duplicate messages..
2025-08-23 16:54:45.075 T:4073 debug : PrepareNextRender: frameOnScreen: 10.866 renderPts: 11.017 nextFramePts: 10.969 -> diff: 0.048 render: 1 forceNext: 0
2025-08-23 16:54:45.075 T:4073 debug : CAMLCodec::ReleaseFrame idx:263, drop:0
2025-08-23 16:54:45.076 T:4252 debug : CAMLCodec::AddData: skip add data dl:15703593 fl:18903 sz:458134(458240) lv:102.8% dts:13.472 pts:13.597
2025-08-23 16:54:45.078 T:4073 debug : CAMLCodec::PollFrame elapsed:3.543ms
2025-08-23 16:54:45.079 T:4073 debug : ApplyStyle - Start setting up the LibAss style
2025-08-23 16:54:45.079 T:4252 debug : CAMLCodec::AddData: skip add data dl:15703593 fl:18903 sz:458134(458240) lv:102.8% dts:13.472 pts:13.597
2025-08-23 16:54:45.080 T:4252 debug : CAMLCodec::DequeueBuffer: pts:11.220 idx:269
2025-08-23 16:54:45.080 T:4252 debug : CAMLCodec::GetPicture: index: 269, pts: 11.220, dur:42.000ms ar:1.78 elf:41ms
2025-08-23 16:54:45.080 T:4252 debug : CVideoPlayerVideo::OutputPicture - ttd:348ms pts:11.220 Clock:10.872 Level:5
2025-08-23 16:54:45.081 T:4073 debug : CDVDSubtitlesLibass: [ass] fontselect: (DejaVu Sans, 400, 0) -> DejaVuSans, 0, DejaVuSans
2025-08-23 16:54:45.082 T:4252 debug : CAMLCodec::AddData: skip add data dl:15703209 fl:19287 sz:458134(458240) lv:102.8% dts:13.472 pts:13.597
2025-08-23 16:54:45.086 T:4252 info : Skipped 1 duplicate messages..
2025-08-23 16:54:45.086 T:4252 debug : CAMLCodec::AddData: skip add data dl:15702057 fl:20439 sz:458134(458240) lv:102.7% dts:13.472 pts:13.597
2025-08-23 16:54:45.096 T:4073 info : Skipped 4 duplicate messages..
2025-08-23 16:54:45.096 T:4073 debug : PrepareNextRender: frameOnScreen: 10.887 renderPts: 11.038 nextFramePts: 11.011 -> diff: 0.027 render: 1 forceNext: 0
2025-08-23 16:54:45.096 T:4073 debug : CAMLCodec::ReleaseFrame idx:264, drop:0
2025-08-23 16:54:45.097 T:4252 debug : CAMLCodec::AddData: skip add data dl:15702057 fl:20439 sz:458134(458240) lv:102.7% dts:13.472 pts:13.597
2025-08-23 16:54:45.120 T:4073 info : Skipped 12 duplicate messages..
2025-08-23 16:54:45.120 T:4073 debug : CAMLCodec::PollFrame elapsed:24.027ms
2025-08-23 16:54:45.121 T:4252 debug : CAMLCodec::AddData: skip add data dl:15702057 fl:20439 sz:458134(458240) lv:102.7% dts:13.472 pts:13.597
2025-08-23 16:54:45.122 T:4252 debug : CAMLCodec::DequeueBuffer: pts:11.261 idx:270
2025-08-23 16:54:45.122 T:4252 debug : CAMLCodec::GetPicture: index: 270, pts: 11.261, dur:41.000ms ar:1.78 elf:41ms
2025-08-23 16:54:45.122 T:4252 debug : CVideoPlayerVideo::OutputPicture - ttd:347ms pts:11.261 Clock:10.914 Level:5
2025-08-23 16:54:45.125 T:4252 debug : CAMLCodec::AddData: skip add data dl:15701353 fl:21143 sz:458134(458240) lv:102.7% dts:13.472 pts:13.597
2025-08-23 16:54:45.126 T:4073 debug : PrepareNextRender: frameOnScreen: 10.917 renderPts: 11.068 nextFramePts: 11.053 -> diff: 0.015 render: 1 forceNext: 0
2025-08-23 16:54:45.126 T:4073 debug : CAMLCodec::ReleaseFrame idx:265, drop:0
2025-08-23 16:54:45.127 T:4252 debug : CAMLCodec::AddData: skip add data dl:15701353 fl:21143 sz:458134(458240) lv:102.7% dts:13.472 pts:13.597
2025-08-23 16:54:45.130 T:4301 debug : Thread Timer 3708797440 terminating
2025-08-23 16:54:45.130 T:4252 debug : CAMLCodec::AddData: skip add data dl:15700969 fl:21527 sz:458134(458240) lv:102.7% dts:13.472 pts:13.597
2025-08-23 16:54:45.151 T:4253 info : Skipped 11 duplicate messages..
2025-08-23 16:54:45.151 T:4253 debug : CVideoPlayerAudio::OutputPacket: pts:11.703 curr_pts:10.918 clock:10.942 level:69
2025-08-23 16:54:45.153 T:4252 debug : CAMLCodec::AddData: skip add data dl:15700969 fl:21527 sz:458134(458240) lv:102.7% dts:13.472 pts:13.597
2025-08-23 16:54:45.162 T:4073 info : Skipped 4 duplicate messages..
2025-08-23 16:54:45.162 T:4073 debug : CAMLCodec::PollFrame elapsed:35.651ms
2025-08-23 16:54:45.162 T:4252 debug : CAMLCodec::DequeueBuffer: pts:11.303 idx:271
2025-08-23 16:54:45.162 T:4252 debug : CAMLCodec::GetPicture: index: 271, pts: 11.303, dur:42.000ms ar:1.78 elf:39ms
2025-08-23 16:54:45.162 T:4252 debug : CVideoPlayerVideo::OutputPicture - ttd:349ms pts:11.303 Clock:10.954 Level:5
2025-08-23 16:54:45.164 T:4252 debug : CAMLCodec::AddData: skip add data dl:15700521 fl:21975 sz:458134(458240) lv:102.7% dts:13.472 pts:13.597
2025-08-23 16:54:45.166 T:4073 debug : Keyboard: scancode: 0x3d, sym: 0x11c (f3), unicode: 0x00, modifier: 0x0
2025-08-23 16:54:45.167 T:4252 debug : CAMLCodec::AddData: skip add data dl:15700521 fl:21975 sz:458134(458240) lv:102.7% dts:13.472 pts:13.597
2025-08-23 16:54:45.169 T:4252 debug : CAMLCodec::AddData: skip add data dl:15700265 fl:22231 sz:458134(458240) lv:102.7% dts:13.472 pts:13.597
2025-08-23 16:54:45.170 T:4073 debug : PrepareNextRender: frameOnScreen: 10.961 renderPts: 11.112 nextFramePts: 11.094 -> diff: 0.018 render: 1 forceNext: 0
2025-08-23 16:54:45.170 T:4073 debug : CAMLCodec::ReleaseFrame idx:266, drop:0
2025-08-23 16:54:45.171 T:4252 debug : CAMLCodec::AddData: skip add data dl:15700265 fl:22231 sz:458134(458240) lv:102.7% dts:13.472 pts:13.597
2025-08-23 16:54:45.201 T:4253 info : Skipped 15 duplicate messages..
2025-08-23 16:54:45.201 T:4253 debug : CVideoPlayerAudio::OutputPacket: pts:11.795 curr_pts:10.968 clock:10.992 level:68
2025-08-23 16:54:45.204 T:4073 debug : CAMLCodec::PollFrame elapsed:33.997ms
2025-08-23 16:54:45.204 T:4252 debug : CAMLCodec::AddData: skip add data dl:15700265 fl:22231 sz:458134(458240) lv:102.7% dts:13.472 pts:13.597
2025-08-23 16:54:45.215 T:4073 info : Skipped 5 duplicate messages..
2025-08-23 16:54:45.215 T:4073 debug : PrepareNextRender: frameOnScreen: 11.006 renderPts: 11.157 nextFramePts: 11.136 -> diff: 0.021 render: 1 forceNext: 0
2025-08-23 16:54:45.215 T:4073 debug : CAMLCodec::ReleaseFrame idx:267, drop:0
2025-08-23 16:54:45.217 T:4252 debug : CAMLCodec::AddData: skip add data dl:15700265 fl:22231 sz:458134(458240) lv:102.7% dts:13.472 pts:13.597
2025-08-23 16:54:45.246 T:4073 info : Skipped 15 duplicate messages..
2025-08-23 16:54:45.246 T:4073 debug : CAMLCodec::PollFrame elapsed:29.993ms
2025-08-23 16:54:45.247 T:4252 debug : CAMLCodec::AddData: skip add data dl:15699881 fl:22615 sz:458134(458240) lv:102.7% dts:13.472 pts:13.597
2025-08-23 16:54:45.248 T:4252 debug : CAMLCodec::DequeueBuffer: pts:11.345 idx:272
2025-08-23 16:54:45.248 T:4252 debug : CAMLCodec::GetPicture: index: 272, pts: 11.345, dur:42.000ms ar:1.78 elf:85ms
2025-08-23 16:54:45.248 T:4252 debug : CVideoPlayerVideo::OutputPicture - ttd:305ms pts:11.345 Clock:11.039 Level:4
2025-08-23 16:54:45.255 T:4252 debug : CAMLCodec::AddData: skip add data dl:15699625 fl:22871 sz:458134(458240) lv:102.7% dts:13.472 pts:13.597
2025-08-23 16:54:45.257 T:4073 info : Skipped 1 duplicate messages..
2025-08-23 16:54:45.257 T:4073 debug : PrepareNextRender: frameOnScreen: 11.048 renderPts: 11.199 nextFramePts: 11.178 -> diff: 0.021 render: 1 forceNext: 0
2025-08-23 16:54:45.257 T:4073 debug : CAMLCodec::ReleaseFrame idx:268, drop:0
2025-08-23 16:54:45.259 T:4252 debug : CAMLCodec::AddData: skip add data dl:15699625 fl:22871 sz:458134(458240) lv:102.7% dts:13.472 pts:13.597
2025-08-23 16:54:45.287 T:4252 info : Skipped 14 duplicate messages..
2025-08-23 16:54:45.287 T:4252 debug : CAMLCodec::AddData: skip add data dl:15699241 fl:23255 sz:458134(458240) lv:102.7% dts:13.472 pts:13.597
2025-08-23 16:54:45.287 T:4073 debug : CAMLCodec::PollFrame elapsed:30.176ms
2025-08-23 16:54:45.288 T:4252 debug : CAMLCodec::DequeueBuffer: pts:11.386 idx:273
2025-08-23 16:54:45.288 T:4252 debug : CAMLCodec::GetPicture: index: 273, pts: 11.386, dur:41.000ms ar:1.78 elf:40ms
2025-08-23 16:54:45.289 T:4252 debug : CVideoPlayerVideo::OutputPicture - ttd:306ms pts:11.386 Clock:11.080 Level:4
2025-08-23 16:54:45.291 T:4252 debug : CAMLCodec::AddData: skip add data dl:15699241 fl:23255 sz:458134(458240) lv:102.7% dts:13.472 pts:13.597
2025-08-23 16:54:45.293 T:4252 debug : CAMLCodec::AddData: skip add data dl:15698985 fl:23511 sz:458134(458240) lv:102.7% dts:13.472 pts:13.597
2025-08-23 16:54:45.297 T:4073 info : Skipped 1 duplicate messages..
2025-08-23 16:54:45.297 T:4073 debug : PrepareNextRender: frameOnScreen: 11.088 renderPts: 11.238 nextFramePts: 11.220 -> diff: 0.018 render: 1 forceNext: 0
2025-08-23 16:54:45.297 T:4073 debug : CAMLCodec::ReleaseFrame idx:269, drop:0
2025-08-23 16:54:45.298 T:4252 debug : CAMLCodec::AddData: skip add data dl:15698985 fl:23511 sz:458134(458240) lv:102.7% dts:13.472 pts:13.597
2025-08-23 16:54:45.302 T:4253 debug : CVideoPlayerAudio::OutputPacket: pts:11.888 curr_pts:11.067 clock:11.093 level:67
2025-08-23 16:54:45.304 T:4252 debug : CAMLCodec::AddData: skip add data dl:15698985 fl:23511 sz:458134(458240) lv:102.7% dts:13.472 pts:13.597
2025-08-23 16:54:45.329 T:4073 info : Skipped 13 duplicate messages..
2025-08-23 16:54:45.329 T:4073 debug : CAMLCodec::PollFrame elapsed:32.039ms
2025-08-23 16:54:45.330 T:4252 debug : CAMLCodec::AddData: skip add data dl:15698665 fl:23831 sz:458134(458240) lv:102.7% dts:13.472 pts:13.597
2025-08-23 16:54:45.331 T:4252 debug : CAMLCodec::DequeueBuffer: pts:11.428 idx:274
2025-08-23 16:54:45.331 T:4252 debug : CAMLCodec::GetPicture: index: 274, pts: 11.428, dur:42.000ms ar:1.78 elf:42ms
2025-08-23 16:54:45.332 T:4252 debug : CVideoPlayerVideo::OutputPicture - ttd:305ms pts:11.428 Clock:11.123 Level:4
2025-08-23 16:54:45.334 T:4252 debug : CAMLCodec::AddData: skip add data dl:15698665 fl:23831 sz:458134(458240) lv:102.7% dts:13.472 pts:13.597
2025-08-23 16:54:45.336 T:4252 debug : CAMLCodec::AddData: skip add data dl:15698281 fl:24215 sz:458134(458240) lv:102.7% dts:13.472 pts:13.597
2025-08-23 16:54:45.340 T:4073 info : Skipped 1 duplicate messages..
2025-08-23 16:54:45.340 T:4073 debug : PrepareNextRender: frameOnScreen: 11.131 renderPts: 11.282 nextFramePts: 11.261 -> diff: 0.021 render: 1 forceNext: 0
2025-08-23 16:54:45.341 T:4252 debug : CAMLCodec::AddData: skip add data dl:15698281 fl:24215 sz:458134(458240) lv:102.7% dts:13.472 pts:13.597
2025-08-23 16:54:45.341 T:4073 debug : CAMLCodec::ReleaseFrame idx:270, drop:0
2025-08-23 16:54:45.343 T:4252 debug : CAMLCodec::AddData: skip add data dl:15698281 fl:24215 sz:458134(458240) lv:102.7% dts:13.472 pts:13.597
2025-08-23 16:54:45.371 T:4252 info : Skipped 13 duplicate messages..
2025-08-23 16:54:45.371 T:4252 debug : CAMLCodec::AddData: skip add data dl:15697961 fl:24535 sz:458134(458240) lv:102.7% dts:13.472 pts:13.597
2025-08-23 16:54:45.371 T:4073 debug : CAMLCodec::PollFrame elapsed:30.189ms
2025-08-23 16:54:45.372 T:4252 debug : CAMLCodec::DequeueBuffer: pts:11.470 idx:275
2025-08-23 16:54:45.372 T:4252 debug : CAMLCodec::GetPicture: index: 275, pts: 11.470, dur:42.000ms ar:1.78 elf:40ms
2025-08-23 16:54:45.372 T:4252 debug : CVideoPlayerVideo::OutputPicture - ttd:306ms pts:11.470 Clock:11.163 Level:4
2025-08-23 16:54:45.375 T:4252 debug : CAMLCodec::AddData: skip add data dl:15697961 fl:24535 sz:458134(458240) lv:102.7% dts:13.472 pts:13.597
2025-08-23 16:54:45.377 T:4252 debug : CAMLCodec::AddData: skip add data dl:15697705 fl:24791 sz:458134(458240) lv:102.7% dts:13.472 pts:13.597
2025-08-23 16:54:45.380 T:4073 info : Skipped 1 duplicate messages..
2025-08-23 16:54:45.380 T:4073 debug : PrepareNextRender: frameOnScreen: 11.171 renderPts: 11.322 nextFramePts: 11.303 -> diff: 0.019 render: 1 forceNext: 0
2025-08-23 16:54:45.381 T:4073 debug : CAMLCodec::ReleaseFrame idx:271, drop:0
2025-08-23 16:54:45.382 T:4252 debug : CAMLCodec::AddData: skip add data dl:15697705 fl:24791 sz:458134(458240) lv:102.7% dts:13.472 pts:13.597
2025-08-23 16:54:45.402 T:4253 info : Skipped 9 duplicate messages..
2025-08-23 16:54:45.402 T:4253 debug : CVideoPlayerAudio::OutputPacket: pts:11.981 curr_pts:11.167 clock:11.193 level:66
2025-08-23 16:54:45.405 T:4252 debug : CAMLCodec::AddData: skip add data dl:15697705 fl:24791 sz:458134(458240) lv:102.7% dts:13.472 pts:13.597
2025-08-23 16:54:45.413 T:4073 info : Skipped 4 duplicate messages..
2025-08-23 16:54:45.413 T:4073 debug : CAMLCodec::PollFrame elapsed:31.900ms
2025-08-23 16:54:45.414 T:4252 debug : CAMLCodec::AddData: skip add data dl:15697385 fl:25111 sz:458134(458240) lv:102.7% dts:13.472 pts:13.597
2025-08-23 16:54:45.415 T:4252 debug : CAMLCodec::DequeueBuffer: pts:11.511 idx:276
2025-08-23 16:54:45.415 T:4252 debug : CAMLCodec::GetPicture: index: 276, pts: 11.511, dur:41.000ms ar:1.78 elf:42ms
2025-08-23 16:54:45.416 T:4252 debug : CVideoPlayerVideo::OutputPicture - ttd:304ms pts:11.511 Clock:11.207 Level:4
2025-08-23 16:54:45.417 T:4252 debug : CAMLCodec::DequeueBuffer: pts:11.553 idx:277
2025-08-23 16:54:45.417 T:4252 debug : CAMLCodec::GetPicture: index: 277, pts: 11.553, dur:42.000ms ar:1.78 elf:1ms
2025-08-23 16:54:45.417 T:4252 debug : CVideoPlayerVideo::OutputPicture - ttd:345ms pts:11.553 Clock:11.208 Level:5
2025-08-23 16:54:45.418 T:4252 debug : CAMLCodec::DequeueBuffer: pts:11.595 idx:278
2025-08-23 16:54:45.418 T:4252 debug : CAMLCodec::GetPicture: index: 278, pts: 11.595, dur:42.000ms ar:1.78 elf:1ms
2025-08-23 16:54:45.418 T:4252 debug : CVideoPlayerVideo::OutputPicture - ttd:385ms pts:11.595 Clock:11.209 Level:6
2025-08-23 16:54:45.420 T:4252 debug : CAMLCodec::DequeueBuffer: pts:11.637 idx:279
2025-08-23 16:54:45.420 T:4252 debug : CAMLCodec::GetPicture: index: 279, pts: 11.637, dur:42.000ms ar:1.78 elf:1ms
2025-08-23 16:54:45.422 T:4073 debug : PrepareNextRender: frameOnScreen: 11.213 renderPts: 11.363 nextFramePts: 11.345 -> diff: 0.018 render: 1 forceNext: 0
2025-08-23 16:54:45.422 T:4073 debug : CAMLCodec::ReleaseFrame idx:272, drop:0
2025-08-23 16:54:45.422 T:4252 debug : CVideoPlayerVideo::OutputPicture - ttd:426ms pts:11.637 Clock:11.211 Level:6
2025-08-23 16:54:45.424 T:4252 debug : CAMLCodec::AddData: skip add data dl:15694185 fl:28311 sz:458134(458240) lv:102.7% dts:13.472 pts:13.597
2025-08-23 16:54:45.428 T:4252 info : Skipped 1 duplicate messages..
2025-08-23 16:54:45.428 T:4252 debug : CAMLCodec::AddData: skip add data dl:15693993 fl:28503 sz:458134(458240) lv:102.7% dts:13.472 pts:13.597
2025-08-23 16:54:45.454 T:4073 info : Skipped 12 duplicate messages..
2025-08-23 16:54:45.454 T:4073 debug : CAMLCodec::PollFrame elapsed:32.328ms
2025-08-23 16:54:45.456 T:4252 debug : CAMLCodec::AddData: skip add data dl:15693673 fl:28823 sz:458134(458240) lv:102.7% dts:13.472 pts:13.597
2025-08-23 16:54:45.461 T:4252 info : Skipped 1 duplicate messages..
2025-08-23 16:54:45.461 T:4252 debug : CAMLCodec::AddData: skip add data dl:15693417 fl:29079 sz:458134(458240) lv:102.7% dts:13.472 pts:13.597
2025-08-23 16:54:45.464 T:4073 info : Skipped 1 duplicate messages..
2025-08-23 16:54:45.464 T:4073 debug : PrepareNextRender: frameOnScreen: 11.255 renderPts: 11.406 nextFramePts: 11.386 -> diff: 0.020 render: 1 forceNext: 0
2025-08-23 16:54:45.464 T:4073 debug : CAMLCodec::ReleaseFrame idx:273, drop:0
2025-08-23 16:54:45.466 T:4252 debug : CAMLCodec::AddData: skip add data dl:15693417 fl:29079 sz:458134(458240) lv:102.7% dts:13.472 pts:13.597
2025-08-23 16:54:45.496 T:4073 info : Skipped 16 duplicate messages..
2025-08-23 16:54:45.496 T:4073 debug : CAMLCodec::PollFrame elapsed:31.723ms
2025-08-23 16:54:45.498 T:4252 debug : CAMLCodec::AddData: skip add data dl:15693097 fl:29399 sz:458134(458240) lv:102.7% dts:13.472 pts:13.597
2025-08-23 16:54:45.502 T:4253 info : Skipped 1 duplicate messages..
2025-08-23 16:54:45.502 T:4253 debug : CVideoPlayerAudio::OutputPacket: pts:12.074 curr_pts:11.268 clock:11.293 level:64
2025-08-23 16:54:45.505 T:4252 debug : CAMLCodec::AddData: skip add data dl:15692905 fl:29591 sz:458134(458240) lv:102.7% dts:13.472 pts:13.597
2025-08-23 16:54:45.509 T:4073 info : Skipped 1 duplicate messages..
2025-08-23 16:54:45.509 T:4073 debug : PrepareNextRender: frameOnScreen: 11.300 renderPts: 11.451 nextFramePts: 11.428 -> diff: 0.023 render: 1 forceNext: 0
2025-08-23 16:54:45.509 T:4073 debug : CAMLCodec::ReleaseFrame idx:274, drop:0
2025-08-23 16:54:45.510 T:4252 debug : CAMLCodec::AddData: skip add data dl:15692905 fl:29591 sz:458134(458240) lv:102.7% dts:13.472 pts:13.597
2025-08-23 16:54:45.538 T:4252 info : Skipped 14 duplicate messages..
2025-08-23 16:54:45.538 T:4252 debug : CAMLCodec::DequeueBuffer: pts:11.678 idx:280
2025-08-23 16:54:45.538 T:4073 debug : CAMLCodec::PollFrame elapsed:28.511ms
2025-08-23 16:54:45.538 T:4252 debug : CAMLCodec::GetPicture: index: 280, pts: 11.678, dur:41.000ms ar:1.78 elf:118ms
2025-08-23 16:54:45.538 T:4252 debug : CVideoPlayerVideo::OutputPicture - ttd:349ms pts:11.678 Clock:11.329 Level:5
2025-08-23 16:54:45.540 T:4252 debug : CAMLCodec::AddData: skip add data dl:15692521 fl:29975 sz:458134(458240) lv:102.7% dts:13.472 pts:13.597
2025-08-23 16:54:45.545 T:4252 info : Skipped 1 duplicate messages..
2025-08-23 16:54:45.545 T:4252 debug : CAMLCodec::AddData: skip add data dl:15692329 fl:30167 sz:458134(458240) lv:102.7% dts:13.472 pts:13.597
2025-08-23 16:54:45.549 T:4073 info : Skipped 1 duplicate messages..
2025-08-23 16:54:45.549 T:4073 debug : PrepareNextRender: frameOnScreen: 11.339 renderPts: 11.490 nextFramePts: 11.470 -> diff: 0.020 render: 1 forceNext: 0
2025-08-23 16:54:45.549 T:4073 debug : CAMLCodec::ReleaseFrame idx:275, drop:0
2025-08-23 16:54:45.550 T:4252 debug : CAMLCodec::AddData: skip add data dl:15692329 fl:30167 sz:458134(458240) lv:102.7% dts:13.472 pts:13.597
2025-08-23 16:54:45.580 T:4073 info : Skipped 14 duplicate messages..
2025-08-23 16:54:45.580 T:4073 debug : CAMLCodec::PollFrame elapsed:30.674ms
2025-08-23 16:54:45.581 T:4252 debug : CAMLCodec::AddData: skip add data dl:15692009 fl:30487 sz:458134(458240) lv:102.7% dts:13.472 pts:13.597
2025-08-23 16:54:45.582 T:4252 debug : CAMLCodec::DequeueBuffer: pts:11.720 idx:281
2025-08-23 16:54:45.582 T:4252 debug : CAMLCodec::GetPicture: index: 281, pts: 11.720, dur:42.000ms ar:1.78 elf:43ms
2025-08-23 16:54:45.582 T:4252 debug : CVideoPlayerVideo::OutputPicture - ttd:347ms pts:11.720 Clock:11.373 Level:5
2025-08-23 16:54:45.584 T:4252 debug : CAMLCodec::AddData: skip add data dl:15692009 fl:30487 sz:458134(458240) lv:102.7% dts:13.472 pts:13.597
2025-08-23 16:54:45.587 T:4252 debug : CAMLCodec::AddData: skip add data dl:15691753 fl:30743 sz:458134(458240) lv:102.7% dts:13.472 pts:13.597
2025-08-23 16:54:45.589 T:4073 debug : PrepareNextRender: frameOnScreen: 11.380 renderPts: 11.531 nextFramePts: 11.511 -> diff: 0.020 render: 1 forceNext: 0
2025-08-23 16:54:45.589 T:4252 debug : CAMLCodec::AddData: skip add data dl:15691753 fl:30743 sz:458134(458240) lv:102.7% dts:13.472 pts:13.597
2025-08-23 16:54:45.590 T:4073 debug : CAMLCodec::ReleaseFrame idx:276, drop:0
2025-08-23 16:54:45.592 T:4252 debug : CAMLCodec::AddData: skip add data dl:15691753 fl:30743 sz:458134(458240) lv:102.7% dts:13.472 pts:13.597
2025-08-23 16:54:45.602 T:4253 info : Skipped 4 duplicate messages..
2025-08-23 16:54:45.602 T:4253 debug : CVideoPlayerAudio::OutputPacket: pts:12.167 curr_pts:11.368 clock:11.393 level:63
2025-08-23 16:54:45.605 T:4252 debug : CAMLCodec::AddData: skip add data dl:15691753 fl:30743 sz:458134(458240) lv:102.7% dts:13.472 pts:13.597
2025-08-23 16:54:45.621 T:4073 info : Skipped 8 duplicate messages..
2025-08-23 16:54:45.621 T:4073 debug : CAMLCodec::PollFrame elapsed:31.771ms
2025-08-23 16:54:45.622 T:4252 debug : CAMLCodec::AddData: skip add data dl:15691433 fl:31063 sz:458134(458240) lv:102.7% dts:13.472 pts:13.597
2025-08-23 16:54:45.623 T:4252 debug : CAMLCodec::DequeueBuffer: pts:11.762 idx:282
2025-08-23 16:54:45.623 T:4252 debug : CAMLCodec::GetPicture: index: 282, pts: 11.762, dur:42.000ms ar:1.78 elf:41ms
2025-08-23 16:54:45.624 T:4252 debug : CVideoPlayerVideo::OutputPicture - ttd:347ms pts:11.762 Clock:11.414 Level:5
2025-08-23 16:54:45.626 T:4252 debug : CAMLCodec::AddData: skip add data dl:15691433 fl:31063 sz:458134(458240) lv:102.7% dts:13.472 pts:13.597
2025-08-23 16:54:45.628 T:4252 debug : CAMLCodec::AddData: skip add data dl:15691177 fl:31319 sz:458134(458240) lv:102.7% dts:13.472 pts:13.597
2025-08-23 16:54:45.632 T:4073 info : Skipped 1 duplicate messages..
2025-08-23 16:54:45.632 T:4073 debug : PrepareNextRender: frameOnScreen: 11.423 renderPts: 11.574 nextFramePts: 11.553 -> diff: 0.021 render: 1 forceNext: 0
2025-08-23 16:54:45.633 T:4073 debug : CAMLCodec::ReleaseFrame idx:277, drop:0
2025-08-23 16:54:45.633 T:4252 debug : CAMLCodec::AddData: skip add data dl:15691177 fl:31319 sz:458134(458240) lv:102.7% dts:13.472 pts:13.597
2025-08-23 16:54:45.663 T:4073 info : Skipped 14 duplicate messages..
2025-08-23 16:54:45.663 T:4073 debug : CAMLCodec::PollFrame elapsed:30.305ms
2025-08-23 16:54:45.664 T:4252 debug : CAMLCodec::AddData: skip add data dl:15691177 fl:31319 sz:458134(458240) lv:102.7% dts:13.472 pts:13.597
2025-08-23 16:54:45.665 T:4252 debug : CAMLCodec::DequeueBuffer: pts:11.803 idx:283
2025-08-23 16:54:45.665 T:4252 debug : CAMLCodec::GetPicture: index: 283, pts: 11.803, dur:41.000ms ar:1.78 elf:41ms
2025-08-23 16:54:45.665 T:4252 debug : CVideoPlayerVideo::OutputPicture - ttd:347ms pts:11.803 Clock:11.456 Level:5
2025-08-23 16:54:45.668 T:4252 debug : CAMLCodec::AddData: skip add data dl:15690857 fl:31639 sz:458134(458240) lv:102.7% dts:13.472 pts:13.597
2025-08-23 16:54:45.670 T:4252 debug : CAMLCodec::AddData: skip add data dl:15690601 fl:31895 sz:458134(458240) lv:102.7% dts:13.472 pts:13.597
2025-08-23 16:54:45.674 T:4073 info : Skipped 1 duplicate messages..
2025-08-23 16:54:45.674 T:4073 debug : PrepareNextRender: frameOnScreen: 11.465 renderPts: 11.615 nextFramePts: 11.595 -> diff: 0.020 render: 1 forceNext: 0
2025-08-23 16:54:45.674 T:4073 debug : CAMLCodec::ReleaseFrame idx:278, drop:0
2025-08-23 16:54:45.675 T:4252 debug : CAMLCodec::AddData: skip add data dl:15690601 fl:31895 sz:458134(458240) lv:102.7% dts:13.472 pts:13.597
