2025-08-23 16:54:51.436 T:4073 debug : PrepareNextRender: frameOnScreen: 17.219 renderPts: 17.370 nextFramePts: 17.351 -> diff: 0.019 render: 1 forceNext: 0
2025-08-23 16:54:51.437 T:4252 debug : CVideoPlayerVideo::OutputPicture - ttd:425ms pts:17.643 Clock:17.217 Level:6
2025-08-23 16:54:51.437 T:4073 debug : CAMLCodec::ReleaseFrame idx:416, drop:0
2025-08-23 16:54:51.442 T:4250 debug : CVideoPlayer::ProcessVideoData size:521610 dts:22.314 pts:22.522 dur:41.000ms, clock:17.224 level:43
2025-08-23 16:54:51.442 T:4252 debug : CAMLCodec::AddData: dl:15239057 fl:483439 sz:481539(481664) lv:96.9% dts:18.810 pts:18.936
2025-08-23 16:54:51.445 T:4252 debug : CAMLCodec::AddData: dl:15491092 fl:231404 sz:440802(440896) lv:98.5% dts:18.852 pts:18.894
2025-08-23 16:54:51.447 T:4252 debug : CAMLCodec::AddData: skip add data dl:15490998 fl:231498 sz:431929(432000) lv:101.2% dts:18.894 pts:18.977
2025-08-23 16:54:51.453 T:4250 info : Skipped 2 duplicate messages..
2025-08-23 16:54:51.453 T:4250 debug : CVideoPlayer::ProcessVideoData size:487064 dts:22.356 pts:22.439 dur:41.000ms, clock:17.236 level:43
2025-08-23 16:54:51.454 T:4250 debug : CVideoPlayer::ProcessVideoData size:382235 dts:22.397 pts:22.397 dur:41.000ms, clock:17.237 level:43
2025-08-23 16:54:51.455 T:4252 debug : CAMLCodec::AddData: dl:15446518 fl:275978 sz:431929(432000) lv:98.2% dts:18.894 pts:18.977
2025-08-23 16:54:51.457 T:4252 debug : CAMLCodec::AddData: skip add data dl:15446447 fl:276049 sz:691120(691200) lv:102.6% dts:18.936 pts:19.353
2025-08-23 16:54:51.461 T:4253 info : Skipped 1 duplicate messages..
2025-08-23 16:54:51.461 T:4253 debug : CVideoPlayerAudio::OutputPacket: pts:18.019 curr_pts:17.218 clock:17.243 level:56
2025-08-23 16:54:51.461 T:4252 debug : CAMLCodec::AddData: skip add data dl:15446447 fl:276049 sz:691120(691200) lv:102.6% dts:18.936 pts:19.353
2025-08-23 16:54:51.468 T:4073 info : Skipped 3 duplicate messages..
2025-08-23 16:54:51.468 T:4073 debug : CAMLCodec::PollFrame elapsed:31.752ms
2025-08-23 16:54:51.470 T:4252 debug : CAMLCodec::AddData: skip add data dl:15272943 fl:449553 sz:691120(691200) lv:101.5% dts:18.936 pts:19.353
2025-08-23 16:54:51.478 T:4073 info : Skipped 2 duplicate messages..
2025-08-23 16:54:51.478 T:4073 debug : PrepareNextRender: frameOnScreen: 17.261 renderPts: 17.412 nextFramePts: 17.392 -> diff: 0.020 render: 1 forceNext: 0
2025-08-23 16:54:51.478 T:4073 debug : CAMLCodec::ReleaseFrame idx:417, drop:0
2025-08-23 16:54:51.479 T:4252 debug : CAMLCodec::AddData: skip add data dl:15272943 fl:449553 sz:691120(691200) lv:101.5% dts:18.936 pts:19.353
2025-08-23 16:54:51.484 T:4252 debug : CAMLCodec::AddData: dl:15452591 fl:269905 sz:691120(691200) lv:98.2% dts:18.936 pts:19.353
2025-08-23 16:54:51.485 T:4252 debug : CAMLCodec::AddData: skip add data dl:15351215 fl:371281 sz:563742(563840) lv:101.2% dts:18.977 pts:19.186
2025-08-23 16:54:51.485 T:4250 debug : CVideoPlayer::ProcessVideoData size:381417 dts:22.439 pts:22.481 dur:41.000ms, clock:17.268 level:43
2025-08-23 16:54:51.487 T:4252 debug : CAMLCodec::AddData: skip add data dl:15452511 fl:269985 sz:563742(563840) lv:101.8% dts:18.977 pts:19.186
2025-08-23 16:54:51.488 T:4250 debug : CVideoPlayer::ProcessVideoData size:490668 dts:22.481 pts:22.606 dur:41.000ms, clock:17.271 level:44
2025-08-23 16:54:51.490 T:4252 debug : CAMLCodec::AddData: skip add data dl:15452511 fl:269985 sz:563742(563840) lv:101.8% dts:18.977 pts:19.186
2025-08-23 16:54:51.510 T:4073 info : Skipped 11 duplicate messages..
2025-08-23 16:54:51.510 T:4073 debug : CAMLCodec::PollFrame elapsed:31.962ms
2025-08-23 16:54:51.511 T:4252 debug : CAMLCodec::AddData: skip add data dl:15410335 fl:312161 sz:563742(563840) lv:101.6% dts:18.977 pts:19.186
2025-08-23 16:54:51.518 T:4073 info : Skipped 2 duplicate messages..
2025-08-23 16:54:51.518 T:4073 debug : PrepareNextRender: frameOnScreen: 17.301 renderPts: 17.452 nextFramePts: 17.434 -> diff: 0.018 render: 1 forceNext: 0
2025-08-23 16:54:51.519 T:4073 debug : CAMLCodec::ReleaseFrame idx:418, drop:0
2025-08-23 16:54:51.521 T:4250 debug : CVideoPlayer::ProcessVideoData size:383568 dts:22.522 pts:22.564 dur:41.000ms, clock:17.304 level:44
2025-08-23 16:54:51.523 T:4252 debug : CAMLCodec::AddData: dl:15531103 fl:191393 sz:563742(563840) lv:98.7% dts:18.977 pts:19.186
2025-08-23 16:54:51.523 T:4252 debug : CAMLCodec::AddData: skip add data dl:15377624 fl:344616 sz:476235(476352) lv:100.8% dts:19.019 pts:19.102
2025-08-23 16:54:51.525 T:4252 debug : CAMLCodec::AddData: skip add data dl:15531005 fl:191491 sz:476235(476352) lv:101.8% dts:19.019 pts:19.102
2025-08-23 16:54:51.552 T:4252 info : Skipped 16 duplicate messages..
2025-08-23 16:54:51.552 T:4252 debug : CAMLCodec::DequeueBuffer: pts:17.684 idx:424
2025-08-23 16:54:51.552 T:4252 debug : CAMLCodec::GetPicture: index: 424, pts: 17.684, dur:41.000ms ar:1.78 elf:117ms
2025-08-23 16:54:51.552 T:4252 debug : CVideoPlayerVideo::OutputPicture - ttd:349ms pts:17.684 Clock:17.335 Level:5
2025-08-23 16:54:51.552 T:4073 debug : CAMLCodec::PollFrame elapsed:33.473ms
2025-08-23 16:54:51.554 T:4252 debug : CAMLCodec::AddData: skip add data dl:15489213 fl:233283 sz:476235(476352) lv:101.5% dts:19.019 pts:19.102
2025-08-23 16:54:51.561 T:4073 info : Skipped 2 duplicate messages..
2025-08-23 16:54:51.561 T:4073 debug : PrepareNextRender: frameOnScreen: 17.344 renderPts: 17.494 nextFramePts: 17.476 -> diff: 0.018 render: 1 forceNext: 0
2025-08-23 16:54:51.561 T:4073 debug : CAMLCodec::ReleaseFrame idx:419, drop:0
2025-08-23 16:54:51.562 T:4253 debug : CVideoPlayerAudio::OutputPacket: pts:18.111 curr_pts:17.320 clock:17.345 level:55
2025-08-23 16:54:51.564 T:4252 debug : CAMLCodec::AddData: dl:15529917 fl:192579 sz:476235(476352) lv:98.7% dts:19.019 pts:19.102
2025-08-23 16:54:51.564 T:4250 debug : CVideoPlayer::ProcessAudioData size:7434 dts:22.663 pts:22.663 dur:92.000ms, clock:17.347 drop:0 level:55
2025-08-23 16:54:51.566 T:4250 debug : CVideoPlayer::ProcessVideoData size:805016 dts:22.564 pts:22.689 dur:41.000ms, clock:17.349 level:44
2025-08-23 16:54:51.567 T:4252 debug : CAMLCodec::AddData: skip add data dl:15529800 fl:192696 sz:431361(431488) lv:101.5% dts:19.061 pts:19.061
2025-08-23 16:54:51.594 T:4073 info : Skipped 16 duplicate messages..
2025-08-23 16:54:51.594 T:4073 debug : CAMLCodec::PollFrame elapsed:32.479ms
2025-08-23 16:54:51.594 T:4252 debug : CAMLCodec::DequeueBuffer: pts:17.726 idx:425
2025-08-23 16:54:51.595 T:4252 debug : CAMLCodec::GetPicture: index: 425, pts: 17.726, dur:42.000ms ar:1.78 elf:42ms
2025-08-23 16:54:51.595 T:4252 debug : CVideoPlayerVideo::OutputPicture - ttd:348ms pts:17.726 Clock:17.377 Level:5
2025-08-23 16:54:51.597 T:4252 debug : CAMLCodec::AddData: skip add data dl:15520712 fl:201784 sz:431361(431488) lv:101.4% dts:19.061 pts:19.061
2025-08-23 16:54:51.603 T:4073 info : Skipped 2 duplicate messages..
2025-08-23 16:54:51.603 T:4073 debug : PrepareNextRender: frameOnScreen: 17.385 renderPts: 17.536 nextFramePts: 17.517 -> diff: 0.019 render: 1 forceNext: 0
2025-08-23 16:54:51.603 T:4073 debug : CAMLCodec::ReleaseFrame idx:420, drop:0
2025-08-23 16:54:51.607 T:4252 debug : CAMLCodec::AddData: dl:15517064 fl:205432 sz:431361(431488) lv:98.7% dts:19.061 pts:19.061
2025-08-23 16:54:51.607 T:4252 debug : CAMLCodec::AddData: skip add data dl:15516937 fl:205559 sz:432164(432256) lv:101.4% dts:19.102 pts:19.144
2025-08-23 16:54:51.635 T:4073 info : Skipped 16 duplicate messages..
2025-08-23 16:54:51.635 T:4073 debug : CAMLCodec::PollFrame elapsed:32.410ms
2025-08-23 16:54:51.636 T:4252 debug : CAMLCodec::DequeueBuffer: pts:17.768 idx:426
2025-08-23 16:54:51.636 T:4252 debug : CAMLCodec::GetPicture: index: 426, pts: 17.768, dur:42.000ms ar:1.78 elf:41ms
2025-08-23 16:54:51.636 T:4252 debug : CVideoPlayerVideo::OutputPicture - ttd:349ms pts:17.768 Clock:17.419 Level:5
2025-08-23 16:54:51.638 T:4252 debug : CAMLCodec::AddData: skip add data dl:15507977 fl:214519 sz:432164(432256) lv:101.3% dts:19.102 pts:19.144
2025-08-23 16:54:51.638 T:4250 debug : CVideoPlayer::ProcessAudioData size:7172 dts:22.756 pts:22.756 dur:92.000ms, clock:17.421 drop:0 level:56
2025-08-23 16:54:51.640 T:4252 debug : CAMLCodec::AddData: skip add data dl:15507977 fl:214519 sz:432164(432256) lv:101.3% dts:19.102 pts:19.144
2025-08-23 16:54:51.643 T:4073 info : Skipped 1 duplicate messages..
2025-08-23 16:54:51.643 T:4073 debug : PrepareNextRender: frameOnScreen: 17.426 renderPts: 17.577 nextFramePts: 17.559 -> diff: 0.018 render: 1 forceNext: 0
2025-08-23 16:54:51.644 T:4073 debug : CAMLCodec::ReleaseFrame idx:421, drop:0
2025-08-23 16:54:51.645 T:4252 debug : CAMLCodec::AddData: skip add data dl:15507977 fl:214519 sz:432164(432256) lv:101.3% dts:19.102 pts:19.144
2025-08-23 16:54:51.649 T:4250 debug : CVideoPlayer::ProcessAudioData size:7326 dts:22.848 pts:22.848 dur:92.000ms, clock:17.431 drop:0 level:57
2025-08-23 16:54:51.649 T:4250 debug : CVideoPlayer::ProcessAudioData size:7004 dts:22.941 pts:22.941 dur:92.000ms, clock:17.432 drop:0 level:59
2025-08-23 16:54:51.649 T:4252 debug : CAMLCodec::AddData: dl:15510473 fl:212023 sz:432164(432256) lv:98.6% dts:19.102 pts:19.144
2025-08-23 16:54:51.650 T:4252 debug : CAMLCodec::AddData: skip add data dl:15405897 fl:316599 sz:476930(477056) lv:101.0% dts:19.144 pts:19.269
2025-08-23 16:54:51.652 T:4252 debug : CAMLCodec::AddData: skip add data dl:15510381 fl:212115 sz:476930(477056) lv:101.6% dts:19.144 pts:19.269
2025-08-23 16:54:51.653 T:4250 debug : CVideoPlayer::ProcessVideoData size:694109 dts:22.606 pts:23.023 dur:41.000ms, clock:17.435 level:43
2025-08-23 16:54:51.655 T:4252 debug : CAMLCodec::AddData: skip add data dl:15510381 fl:212115 sz:476930(477056) lv:101.6% dts:19.144 pts:19.269
2025-08-23 16:54:51.661 T:4253 info : Skipped 3 duplicate messages..
2025-08-23 16:54:51.661 T:4253 debug : CVideoPlayerAudio::OutputPacket: pts:18.204 curr_pts:17.418 clock:17.443 level:59
2025-08-23 16:54:51.661 T:4252 debug : CAMLCodec::AddData: skip add data dl:15510381 fl:212115 sz:476930(477056) lv:101.6% dts:19.144 pts:19.269
2025-08-23 16:54:51.665 T:4250 info : Skipped 2 duplicate messages..
2025-08-23 16:54:51.665 T:4250 debug : CVideoPlayer::ProcessVideoData size:530909 dts:22.648 pts:22.856 dur:41.000ms, clock:17.448 level:43
2025-08-23 16:54:51.667 T:4252 debug : CAMLCodec::AddData: skip add data dl:15510381 fl:212115 sz:476930(477056) lv:101.6% dts:19.144 pts:19.269
2025-08-23 16:54:51.677 T:4073 info : Skipped 5 duplicate messages..
2025-08-23 16:54:51.677 T:4073 debug : CAMLCodec::PollFrame elapsed:33.582ms
2025-08-23 16:54:51.678 T:4252 debug : CAMLCodec::AddData: skip add data dl:15465965 fl:256531 sz:476930(477056) lv:101.4% dts:19.144 pts:19.269
2025-08-23 16:54:51.680 T:4252 debug : CAMLCodec::DequeueBuffer: pts:17.809 idx:427
2025-08-23 16:54:51.680 T:4252 debug : CAMLCodec::GetPicture: index: 427, pts: 17.809, dur:41.000ms ar:1.78 elf:43ms
2025-08-23 16:54:51.680 T:4252 debug : CVideoPlayerVideo::OutputPicture - ttd:346ms pts:17.809 Clock:17.462 Level:5
2025-08-23 16:54:51.682 T:4252 debug : CAMLCodec::AddData: skip add data dl:15465965 fl:256531 sz:476930(477056) lv:101.4% dts:19.144 pts:19.269
2025-08-23 16:54:51.687 T:4073 info : Skipped 1 duplicate messages..
2025-08-23 16:54:51.687 T:4073 debug : PrepareNextRender: frameOnScreen: 17.469 renderPts: 17.620 nextFramePts: 17.601 -> diff: 0.019 render: 1 forceNext: 0
2025-08-23 16:54:51.687 T:4073 debug : CAMLCodec::ReleaseFrame idx:422, drop:0
2025-08-23 16:54:51.687 T:4252 debug : CAMLCodec::AddData: skip add data dl:15465965 fl:256531 sz:476930(477056) lv:101.4% dts:19.144 pts:19.269
2025-08-23 16:54:51.691 T:4252 debug : CAMLCodec::AddData: dl:15509485 fl:213011 sz:476930(477056) lv:98.6% dts:19.144 pts:19.269
2025-08-23 16:54:51.692 T:4252 debug : CAMLCodec::AddData: skip add data dl:15509359 fl:213137 sz:432574(432640) lv:101.4% dts:19.186 pts:19.228
2025-08-23 16:54:51.712 T:4253 info : Skipped 11 duplicate messages..
2025-08-23 16:54:51.712 T:4253 debug : CVideoPlayerAudio::OutputPacket: pts:18.297 curr_pts:17.469 clock:17.495 level:57
2025-08-23 16:54:51.713 T:4252 debug : CAMLCodec::AddData: skip add data dl:15509359 fl:213137 sz:432574(432640) lv:101.4% dts:19.186 pts:19.228
2025-08-23 16:54:51.718 T:4250 info : Skipped 1 duplicate messages..
2025-08-23 16:54:51.718 T:4250 debug : CVideoPlayer::ProcessVideoData size:488677 dts:22.689 pts:22.773 dur:41.000ms, clock:17.500 level:43
2025-08-23 16:54:51.718 T:4252 debug : CAMLCodec::AddData: skip add data dl:15509359 fl:213137 sz:432574(432640) lv:101.4% dts:19.186 pts:19.228
2025-08-23 16:54:51.719 T:4073 debug : CAMLCodec::PollFrame elapsed:31.983ms
2025-08-23 16:54:51.720 T:4252 debug : CAMLCodec::AddData: skip add data dl:15500015 fl:222481 sz:432574(432640) lv:101.3% dts:19.186 pts:19.228
2025-08-23 16:54:51.721 T:4252 debug : CAMLCodec::DequeueBuffer: pts:17.851 idx:428
2025-08-23 16:54:51.721 T:4252 debug : CAMLCodec::GetPicture: index: 428, pts: 17.851, dur:42.000ms ar:1.78 elf:41ms
2025-08-23 16:54:51.721 T:4252 debug : CVideoPlayerVideo::OutputPicture - ttd:347ms pts:17.851 Clock:17.504 Level:5
2025-08-23 16:54:51.723 T:4252 debug : CAMLCodec::AddData: skip add data dl:15500015 fl:222481 sz:432574(432640) lv:101.3% dts:19.186 pts:19.228
2025-08-23 16:54:51.733 T:4252 info : Skipped 2 duplicate messages..
2025-08-23 16:54:51.733 T:4252 debug : CAMLCodec::AddData: dl:15509935 fl:212561 sz:432574(432640) lv:98.6% dts:19.186 pts:19.228
2025-08-23 16:54:51.734 T:4252 debug : CAMLCodec::AddData: skip add data dl:15509869 fl:212627 sz:433846(433920) lv:101.4% dts:19.228 pts:19.311
2025-08-23 16:54:51.735 T:4073 debug : PrepareNextRender: frameOnScreen: 17.518 renderPts: 17.668 nextFramePts: 17.643 -> diff: 0.025 render: 1 forceNext: 0
2025-08-23 16:54:51.736 T:4073 debug : CAMLCodec::ReleaseFrame idx:423, drop:0
2025-08-23 16:54:51.736 T:4252 debug : CAMLCodec::AddData: skip add data dl:15509869 fl:212627 sz:433846(433920) lv:101.4% dts:19.228 pts:19.311
2025-08-23 16:54:51.761 T:4073 info : Skipped 13 duplicate messages..
2025-08-23 16:54:51.761 T:4073 debug : CAMLCodec::PollFrame elapsed:25.018ms
2025-08-23 16:54:51.761 T:4252 debug : CAMLCodec::AddData: skip add data dl:15499757 fl:222739 sz:433846(433920) lv:101.3% dts:19.228 pts:19.311
2025-08-23 16:54:51.763 T:4252 debug : CAMLCodec::DequeueBuffer: pts:17.893 idx:429
2025-08-23 16:54:51.763 T:4252 debug : CAMLCodec::GetPicture: index: 429, pts: 17.893, dur:42.000ms ar:1.78 elf:41ms
2025-08-23 16:54:51.763 T:4252 debug : CVideoPlayerVideo::OutputPicture - ttd:347ms pts:17.893 Clock:17.545 Level:5
2025-08-23 16:54:51.766 T:4252 debug : CAMLCodec::AddData: skip add data dl:15499757 fl:222739 sz:433846(433920) lv:101.3% dts:19.228 pts:19.311
2025-08-23 16:54:51.771 T:4073 info : Skipped 2 duplicate messages..
2025-08-23 16:54:51.771 T:4073 debug : PrepareNextRender: frameOnScreen: 17.554 renderPts: 17.704 nextFramePts: 17.684 -> diff: 0.020 render: 1 forceNext: 0
2025-08-23 16:54:51.771 T:4073 debug : CAMLCodec::ReleaseFrame idx:424, drop:0
2025-08-23 16:54:51.775 T:4252 debug : CAMLCodec::AddData: dl:15438765 fl:283731 sz:433846(433920) lv:98.2% dts:19.228 pts:19.311
2025-08-23 16:54:51.776 T:4252 debug : CAMLCodec::AddData: skip add data dl:15438691 fl:283805 sz:626487(626560) lv:102.1% dts:19.269 pts:19.645
2025-08-23 16:54:51.800 T:4250 info : Skipped 11 duplicate messages..
2025-08-23 16:54:51.800 T:4250 debug : CVideoPlayer::ProcessVideoData size:387902 dts:22.731 pts:22.731 dur:41.000ms, clock:17.582 level:100
2025-08-23 16:54:51.802 T:4073 debug : CAMLCodec::PollFrame elapsed:30.913ms
2025-08-23 16:54:51.803 T:4252 debug : CAMLCodec::AddData: skip add data dl:15269283 fl:453213 sz:626487(626560) lv:101.1% dts:19.269 pts:19.645
2025-08-23 16:54:51.804 T:4252 debug : CAMLCodec::DequeueBuffer: pts:17.935 idx:430
2025-08-23 16:54:51.805 T:4252 debug : CAMLCodec::GetPicture: index: 430, pts: 17.935, dur:42.000ms ar:1.78 elf:41ms
2025-08-23 16:54:51.805 T:4252 debug : CVideoPlayerVideo::OutputPicture - ttd:347ms pts:17.935 Clock:17.587 Level:5
2025-08-23 16:54:51.808 T:4252 debug : CAMLCodec::AddData: skip add data dl:15269283 fl:453213 sz:626487(626560) lv:101.1% dts:19.269 pts:19.645
2025-08-23 16:54:51.810 T:4073 debug : PrepareNextRender: frameOnScreen: 17.592 renderPts: 17.743 nextFramePts: 17.726 -> diff: 0.017 render: 1 forceNext: 0
2025-08-23 16:54:51.810 T:4073 debug : CAMLCodec::ReleaseFrame idx:425, drop:0
2025-08-23 16:54:51.812 T:4252 debug : CAMLCodec::AddData: skip add data dl:15269283 fl:453213 sz:626487(626560) lv:101.1% dts:19.269 pts:19.645
2025-08-23 16:54:51.813 T:4250 debug : CVideoPlayer::ProcessVideoData size:385259 dts:22.773 pts:22.814 dur:41.000ms, clock:17.595 level:100
2025-08-23 16:54:51.814 T:4253 debug : CVideoPlayerAudio::OutputPacket: pts:18.390 curr_pts:17.572 clock:17.596 level:56
2025-08-23 16:54:51.818 T:4252 debug : CAMLCodec::AddData: dl:15393059 fl:329437 sz:626487(626560) lv:97.9% dts:19.269 pts:19.645
2025-08-23 16:54:51.820 T:4252 debug : CAMLCodec::AddData: skip add data dl:15392986 fl:329510 sz:559094(559168) lv:101.4% dts:19.311 pts:19.519
2025-08-23 16:54:51.825 T:4250 info : Skipped 1 duplicate messages..
2025-08-23 16:54:51.825 T:4250 debug : CVideoPlayer::ProcessVideoData size:487232 dts:22.814 pts:22.940 dur:41.000ms, clock:17.607 level:43
2025-08-23 16:54:51.825 T:4252 debug : CAMLCodec::AddData: skip add data dl:15392986 fl:329510 sz:559094(559168) lv:101.4% dts:19.311 pts:19.519
2025-08-23 16:54:51.844 T:4073 info : Skipped 10 duplicate messages..
2025-08-23 16:54:51.844 T:4073 debug : CAMLCodec::PollFrame elapsed:34.178ms
2025-08-23 16:54:51.845 T:4252 debug : CAMLCodec::AddData: skip add data dl:15392986 fl:329510 sz:559094(559168) lv:101.4% dts:19.311 pts:19.519
2025-08-23 16:54:51.847 T:4252 debug : CAMLCodec::DequeueBuffer: pts:17.976 idx:431
2025-08-23 16:54:51.847 T:4252 debug : CAMLCodec::GetPicture: index: 431, pts: 17.976, dur:41.000ms ar:1.78 elf:41ms
2025-08-23 16:54:51.847 T:4252 debug : CVideoPlayerVideo::OutputPicture - ttd:346ms pts:17.976 Clock:17.629 Level:5
2025-08-23 16:54:51.849 T:4252 debug : CAMLCodec::AddData: skip add data dl:15349530 fl:372966 sz:559094(559168) lv:101.1% dts:19.311 pts:19.519
2025-08-23 16:54:51.855 T:4073 info : Skipped 2 duplicate messages..
2025-08-23 16:54:51.855 T:4073 debug : PrepareNextRender: frameOnScreen: 17.638 renderPts: 17.788 nextFramePts: 17.768 -> diff: 0.020 render: 1 forceNext: 0
2025-08-23 16:54:51.855 T:4073 debug : CAMLCodec::ReleaseFrame idx:426, drop:0
2025-08-23 16:54:51.860 T:4252 debug : CAMLCodec::AddData: dl:15480090 fl:242406 sz:559094(559168) lv:98.4% dts:19.311 pts:19.519
2025-08-23 16:54:51.862 T:4252 debug : CAMLCodec::AddData: skip add data dl:15480016 fl:242480 sz:484575(484672) lv:101.5% dts:19.353 pts:19.436
2025-08-23 16:54:51.886 T:4073 info : Skipped 15 duplicate messages..
2025-08-23 16:54:51.886 T:4073 debug : CAMLCodec::PollFrame elapsed:30.565ms
2025-08-23 16:54:51.887 T:4250 debug : CVideoPlayer::ProcessVideoData size:384070 dts:22.856 pts:22.898 dur:41.000ms, clock:17.669 level:43
2025-08-23 16:54:51.887 T:4252 debug : CAMLCodec::AddData: skip add data dl:15480016 fl:242480 sz:484575(484672) lv:101.5% dts:19.353 pts:19.436
2025-08-23 16:54:51.891 T:4073 info : Skipped 1 duplicate messages..
2025-08-23 16:54:51.891 T:4073 debug : PrepareNextRender: frameOnScreen: 17.673 renderPts: 17.824 nextFramePts: 17.809 -> diff: 0.015 render: 1 forceNext: 0
2025-08-23 16:54:51.891 T:4073 debug : CAMLCodec::ReleaseFrame idx:427, drop:0
2025-08-23 16:54:51.892 T:4252 debug : CAMLCodec::AddData: skip add data dl:15480016 fl:242480 sz:484575(484672) lv:101.5% dts:19.353 pts:19.436
2025-08-23 16:54:51.910 T:4253 info : Skipped 9 duplicate messages..
2025-08-23 16:54:51.910 T:4253 debug : CVideoPlayerAudio::OutputPacket: pts:18.482 curr_pts:17.668 clock:17.693 level:55
2025-08-23 16:54:51.912 T:4252 debug : CAMLCodec::AddData: skip add data dl:15480016 fl:242480 sz:484575(484672) lv:101.5% dts:19.353 pts:19.436
2025-08-23 16:54:51.928 T:4073 info : Skipped 8 duplicate messages..
2025-08-23 16:54:51.928 T:4073 debug : CAMLCodec::PollFrame elapsed:37.060ms
2025-08-23 16:54:51.929 T:4252 debug : CAMLCodec::AddData: skip add data dl:15436048 fl:286448 sz:484575(484672) lv:101.2% dts:19.353 pts:19.436
2025-08-23 16:54:51.930 T:4252 debug : CAMLCodec::DequeueBuffer: pts:18.018 idx:432
2025-08-23 16:54:51.930 T:4252 debug : CAMLCodec::GetPicture: index: 432, pts: 18.018, dur:42.000ms ar:1.78 elf:83ms
2025-08-23 16:54:51.930 T:4252 debug : CVideoPlayerVideo::OutputPicture - ttd:305ms pts:18.018 Clock:17.712 Level:4
2025-08-23 16:54:51.932 T:4252 debug : CAMLCodec::AddData: skip add data dl:15436048 fl:286448 sz:484575(484672) lv:101.2% dts:19.353 pts:19.436
2025-08-23 16:54:51.942 T:4073 info : Skipped 2 duplicate messages..
2025-08-23 16:54:51.942 T:4073 debug : PrepareNextRender: frameOnScreen: 17.724 renderPts: 17.875 nextFramePts: 17.851 -> diff: 0.024 render: 1 forceNext: 0
2025-08-23 16:54:51.942 T:4073 debug : CAMLCodec::ReleaseFrame idx:428, drop:0
2025-08-23 16:54:51.942 T:4252 debug : CAMLCodec::AddData: dl:15495760 fl:226736 sz:484575(484672) lv:98.5% dts:19.353 pts:19.436
2025-08-23 16:54:51.943 T:4252 debug : CAMLCodec::AddData: skip add data dl:15495663 fl:226833 sz:435700(435776) lv:101.3% dts:19.394 pts:19.394
2025-08-23 16:54:51.950 T:4250 info : Skipped 3 duplicate messages..
2025-08-23 16:54:51.950 T:4250 debug : CVideoPlayer::ProcessVideoData size:386113 dts:22.898 pts:22.981 dur:41.000ms, clock:17.732 level:100
2025-08-23 16:54:51.952 T:4252 debug : CAMLCodec::AddData: skip add data dl:15495663 fl:226833 sz:435700(435776) lv:101.3% dts:19.394 pts:19.394
2025-08-23 16:54:51.970 T:4073 info : Skipped 8 duplicate messages..
2025-08-23 16:54:51.970 T:4073 debug : CAMLCodec::PollFrame elapsed:27.200ms
2025-08-23 16:54:51.970 T:4252 debug : CAMLCodec::AddData: skip add data dl:15495663 fl:226833 sz:435700(435776) lv:101.3% dts:19.394 pts:19.394
2025-08-23 16:54:51.971 T:4252 debug : CAMLCodec::DequeueBuffer: pts:18.060 idx:433
2025-08-23 16:54:51.971 T:4252 debug : CAMLCodec::GetPicture: index: 433, pts: 18.060, dur:42.000ms ar:1.78 elf:41ms
2025-08-23 16:54:51.972 T:4252 debug : CVideoPlayerVideo::OutputPicture - ttd:306ms pts:18.060 Clock:17.754 Level:4
2025-08-23 16:54:51.975 T:4252 debug : CAMLCodec::AddData: skip add data dl:15485167 fl:237329 sz:435700(435776) lv:101.2% dts:19.394 pts:19.394
2025-08-23 16:54:51.978 T:4073 info : Skipped 1 duplicate messages..
2025-08-23 16:54:51.978 T:4073 debug : PrepareNextRender: frameOnScreen: 17.760 renderPts: 17.910 nextFramePts: 17.893 -> diff: 0.017 render: 1 forceNext: 0
2025-08-23 16:54:51.978 T:4073 debug : CAMLCodec::ReleaseFrame idx:429, drop:0
2025-08-23 16:54:51.978 T:4252 debug : CAMLCodec::AddData: skip add data dl:15485167 fl:237329 sz:435700(435776) lv:101.2% dts:19.394 pts:19.394
2025-08-23 16:54:51.981 T:4250 debug : CVideoPlayer::ProcessAudioData size:7190 dts:23.034 pts:23.034 dur:92.000ms, clock:17.763 drop:0 level:55
2025-08-23 16:54:51.981 T:4250 debug : CVideoPlayer::ProcessAudioData size:7103 dts:23.126 pts:23.126 dur:92.000ms, clock:17.763 drop:0 level:56
2025-08-23 16:54:51.982 T:4250 debug : CVideoPlayer::ProcessAudioData size:7061 dts:23.219 pts:23.219 dur:92.000ms, clock:17.764 drop:0 level:57
2025-08-23 16:54:51.982 T:4250 debug : CVideoPlayer::ProcessAudioData size:7221 dts:23.312 pts:23.312 dur:92.000ms, clock:17.764 drop:0 level:59
2025-08-23 16:54:51.984 T:4252 debug : CAMLCodec::AddData: dl:15493743 fl:228753 sz:435700(435776) lv:98.5% dts:19.394 pts:19.394
2025-08-23 16:54:51.985 T:4250 debug : CVideoPlayer::ProcessVideoData size:673096 dts:22.940 pts:23.357 dur:41.000ms, clock:17.767 level:43
2025-08-23 16:54:51.989 T:4252 debug : CAMLCodec::AddData: dl:15623471 fl:99025 sz:434334(434432) lv:99.3% dts:19.436 pts:19.478
2025-08-23 16:54:51.991 T:4252 debug : CAMLCodec::AddData: skip add data dl:15722496 fl:0 sz:482980(483072) lv:100.0% dts:19.478 pts:19.603
2025-08-23 16:54:52.008 T:4250 info : Skipped 7 duplicate messages..
2025-08-23 16:54:52.008 T:4250 debug : CVideoPlayer::ProcessVideoData size:553910 dts:22.981 pts:23.190 dur:41.000ms, clock:17.790 level:43
2025-08-23 16:54:52.009 T:4252 debug : CAMLCodec::AddData: skip add data dl:15722496 fl:0 sz:482980(483072) lv:100.0% dts:19.478 pts:19.603
2025-08-23 16:54:52.011 T:4252 debug : CAMLCodec::AddData: skip add data dl:15714176 fl:8320 sz:482980(483072) lv:103.0% dts:19.478 pts:19.603
2025-08-23 16:54:52.012 T:4073 debug : CAMLCodec::PollFrame elapsed:33.837ms
2025-08-23 16:54:52.012 T:4253 debug : CVideoPlayerAudio::OutputPacket: pts:18.575 curr_pts:17.767 clock:17.794 level:59
2025-08-23 16:54:52.013 T:4252 debug : CAMLCodec::DequeueBuffer: pts:18.101 idx:434
2025-08-23 16:54:52.013 T:4252 debug : CAMLCodec::GetPicture: index: 434, pts: 18.101, dur:41.000ms ar:1.78 elf:41ms
2025-08-23 16:54:52.013 T:4252 debug : CVideoPlayerVideo::OutputPicture - ttd:305ms pts:18.101 Clock:17.796 Level:4
2025-08-23 16:54:52.016 T:4252 debug : CAMLCodec::AddData: skip add data dl:15714176 fl:8320 sz:482980(483072) lv:103.0% dts:19.478 pts:19.603
2025-08-23 16:54:52.020 T:4073 info : Skipped 1 duplicate messages..
2025-08-23 16:54:52.020 T:4073 debug : PrepareNextRender: frameOnScreen: 17.802 renderPts: 17.953 nextFramePts: 17.935 -> diff: 0.018 render: 1 forceNext: 0
2025-08-23 16:54:52.020 T:4073 debug : CAMLCodec::ReleaseFrame idx:430, drop:0
2025-08-23 16:54:52.022 T:4252 debug : CAMLCodec::AddData: skip add data dl:15280896 fl:441600 sz:482980(483072) lv:100.2% dts:19.478 pts:19.603
2025-08-23 16:54:52.053 T:4073 info : Skipped 18 duplicate messages..
2025-08-23 16:54:52.053 T:4073 debug : CAMLCodec::PollFrame elapsed:32.461ms
2025-08-23 16:54:52.057 T:4252 debug : CAMLCodec::AddData: dl:15718464 fl:4032 sz:482980(483072) lv:99.9% dts:19.478 pts:19.603
2025-08-23 16:54:52.057 T:4252 debug : CAMLCodec::DequeueBuffer: pts:18.143 idx:435
2025-08-23 16:54:52.057 T:4252 debug : CAMLCodec::GetPicture: index: 435, pts: 18.143, dur:42.000ms ar:1.78 elf:43ms
2025-08-23 16:54:52.057 T:4252 debug : CVideoPlayerVideo::OutputPicture - ttd:303ms pts:18.143 Clock:17.839 Level:4
2025-08-23 16:54:52.059 T:4073 debug : PrepareNextRender: frameOnScreen: 17.841 renderPts: 17.991 nextFramePts: 17.976 -> diff: 0.015 render: 1 forceNext: 0
2025-08-23 16:54:52.059 T:4073 debug : CAMLCodec::ReleaseFrame idx:431, drop:0
2025-08-23 16:54:52.061 T:4252 debug : CAMLCodec::AddData: skip add data dl:15722496 fl:0 sz:435335(435456) lv:100.0% dts:19.519 pts:19.561
2025-08-23 16:54:52.062 T:4250 debug : CVideoPlayer::ProcessVideoData size:474170 dts:23.023 pts:23.106 dur:41.000ms, clock:17.844 level:100
2025-08-23 16:54:52.064 T:4252 debug : CAMLCodec::AddData: skip add data dl:15298624 fl:423872 sz:435335(435456) lv:100.0% dts:19.519 pts:19.561
2025-08-23 16:54:52.095 T:4073 info : Skipped 16 duplicate messages..
2025-08-23 16:54:52.095 T:4073 debug : CAMLCodec::PollFrame elapsed:35.773ms
2025-08-23 16:54:52.098 T:4252 debug : CAMLCodec::AddData: dl:15725952 fl:-3456 sz:435335(435456) lv:100.0% dts:19.519 pts:19.561
2025-08-23 16:54:52.098 T:4252 debug : CAMLCodec::DequeueBuffer: pts:18.185 idx:436
2025-08-23 16:54:52.098 T:4252 debug : CAMLCodec::GetPicture: index: 436, pts: 18.185, dur:42.000ms ar:1.78 elf:40ms
2025-08-23 16:54:52.098 T:4252 debug : CVideoPlayerVideo::OutputPicture - ttd:304ms pts:18.185 Clock:17.880 Level:4
2025-08-23 16:54:52.101 T:4252 debug : CAMLCodec::AddData: skip add data dl:15722496 fl:0 sz:743568(743680) lv:100.0% dts:19.561 pts:19.686
2025-08-23 16:54:52.108 T:4073 info : Skipped 1 duplicate messages..
2025-08-23 16:54:52.108 T:4073 debug : PrepareNextRender: frameOnScreen: 17.890 renderPts: 18.040 nextFramePts: 18.018 -> diff: 0.022 render: 1 forceNext: 0
2025-08-23 16:54:52.108 T:4073 debug : CAMLCodec::ReleaseFrame idx:432, drop:0
2025-08-23 16:54:52.108 T:4252 debug : CAMLCodec::AddData: skip add data dl:15293184 fl:429312 sz:743568(743680) lv:102.0% dts:19.561 pts:19.686
2025-08-23 16:54:52.111 T:4253 info : Skipped 1 duplicate messages..
2025-08-23 16:54:52.111 T:4253 debug : CVideoPlayerAudio::OutputPacket: pts:18.669 curr_pts:17.867 clock:17.893 level:57
2025-08-23 16:54:52.113 T:4252 debug : CAMLCodec::AddData: skip add data dl:15293184 fl:429312 sz:743568(743680) lv:102.0% dts:19.561 pts:19.686
2025-08-23 16:54:52.113 T:4250 debug : CVideoPlayer::ProcessVideoData size:385547 dts:23.065 pts:23.065 dur:41.000ms, clock:17.895 level:100
2025-08-23 16:54:52.115 T:4252 debug : CAMLCodec::AddData: skip add data dl:15293184 fl:429312 sz:743568(743680) lv:102.0% dts:19.561 pts:19.686
2025-08-23 16:54:52.134 T:4250 info : Skipped 9 duplicate messages..
2025-08-23 16:54:52.134 T:4250 debug : CVideoPlayer::ProcessVideoData size:383534 dts:23.106 pts:23.148 dur:41.000ms, clock:17.916 level:44
2025-08-23 16:54:52.135 T:4252 debug : CAMLCodec::AddData: skip add data dl:15293184 fl:429312 sz:743568(743680) lv:102.0% dts:19.561 pts:19.686
2025-08-23 16:54:52.137 T:4073 debug : CAMLCodec::PollFrame elapsed:28.628ms
2025-08-23 16:54:52.137 T:4252 debug : CAMLCodec::AddData: skip add data dl:15293184 fl:429312 sz:743568(743680) lv:102.0% dts:19.561 pts:19.686
2025-08-23 16:54:52.142 T:4252 debug : CAMLCodec::DequeueBuffer: pts:18.227 idx:437
2025-08-23 16:54:52.143 T:4252 debug : CAMLCodec::GetPicture: index: 437, pts: 18.227, dur:42.000ms ar:1.78 elf:44ms
2025-08-23 16:54:52.143 T:4252 debug : CVideoPlayerVideo::OutputPicture - ttd:302ms pts:18.227 Clock:17.924 Level:4
2025-08-23 16:54:52.144 T:4073 debug : PrepareNextRender: frameOnScreen: 17.926 renderPts: 18.076 nextFramePts: 18.060 -> diff: 0.016 render: 1 forceNext: 0
2025-08-23 16:54:52.144 T:4073 debug : CAMLCodec::ReleaseFrame idx:433, drop:0
2025-08-23 16:54:52.145 T:4252 debug : CAMLCodec::AddData: skip add data dl:15283456 fl:439040 sz:743568(743680) lv:101.9% dts:19.561 pts:19.686
2025-08-23 16:54:52.152 T:4252 info : Skipped 1 duplicate messages..
2025-08-23 16:54:52.152 T:4252 debug : CAMLCodec::AddData: dl:15538112 fl:184384 sz:743568(743680) lv:98.8% dts:19.561 pts:19.686
2025-08-23 16:54:52.153 T:4252 debug : CAMLCodec::AddData: skip add data dl:15401192 fl:321176 sz:672062(672128) lv:102.2% dts:19.603 pts:20.020
2025-08-23 16:54:52.155 T:4252 debug : CAMLCodec::AddData: skip add data dl:15722496 fl:0 sz:672062(672128) lv:100.0% dts:19.603 pts:20.020
2025-08-23 16:54:52.176 T:4250 info : Skipped 13 duplicate messages..
2025-08-23 16:54:52.176 T:4250 debug : CVideoPlayer::ProcessVideoData size:471927 dts:23.148 pts:23.273 dur:41.000ms, clock:17.958 level:100
2025-08-23 16:54:52.178 T:4252 debug : CAMLCodec::AddData: skip add data dl:15722496 fl:0 sz:672062(672128) lv:100.0% dts:19.603 pts:20.020
2025-08-23 16:54:52.179 T:4073 debug : CAMLCodec::PollFrame elapsed:34.490ms
2025-08-23 16:54:52.180 T:4252 debug : CAMLCodec::AddData: skip add data dl:15625600 fl:96896 sz:672062(672128) lv:103.6% dts:19.603 pts:20.020
2025-08-23 16:54:52.181 T:4252 debug : CAMLCodec::DequeueBuffer: pts:18.268 idx:438
2025-08-23 16:54:52.181 T:4252 debug : CAMLCodec::GetPicture: index: 438, pts: 18.268, dur:41.000ms ar:1.78 elf:38ms
2025-08-23 16:54:52.181 T:4252 debug : CVideoPlayerVideo::OutputPicture - ttd:304ms pts:18.268 Clock:17.963 Level:4
2025-08-23 16:54:52.184 T:4252 debug : CAMLCodec::AddData: skip add data dl:15625600 fl:96896 sz:672062(672128) lv:103.6% dts:19.603 pts:20.020
2025-08-23 16:54:52.191 T:4252 info : Skipped 2 duplicate messages..
2025-08-23 16:54:52.191 T:4252 debug : CAMLCodec::AddData: skip add data dl:15118720 fl:603776 sz:672062(672128) lv:100.4% dts:19.603 pts:20.020
2025-08-23 16:54:52.194 T:4073 info : Skipped 1 duplicate messages..
2025-08-23 16:54:52.194 T:4073 debug : PrepareNextRender: frameOnScreen: 17.976 renderPts: 18.126 nextFramePts: 18.101 -> diff: 0.025 render: 1 forceNext: 0
2025-08-23 16:54:52.194 T:4073 debug : CAMLCodec::ReleaseFrame idx:434, drop:0
2025-08-23 16:54:52.195 T:4252 debug : CAMLCodec::AddData: skip add data dl:15118720 fl:603776 sz:672062(672128) lv:100.4% dts:19.603 pts:20.020
2025-08-23 16:54:52.211 T:4253 info : Skipped 8 duplicate messages..
2025-08-23 16:54:52.211 T:4253 debug : CVideoPlayerAudio::OutputPacket: pts:18.762 curr_pts:17.968 clock:17.993 level:56
2025-08-23 16:54:52.211 T:4252 debug : CAMLCodec::AddData: skip add data dl:15118720 fl:603776 sz:672062(672128) lv:100.4% dts:19.603 pts:20.020
2025-08-23 16:54:52.220 T:4073 info : Skipped 5 duplicate messages..
2025-08-23 16:54:52.220 T:4073 debug : CAMLCodec::PollFrame elapsed:25.668ms
2025-08-23 16:54:52.221 T:4252 debug : CAMLCodec::AddData: skip add data dl:15118720 fl:603776 sz:672062(672128) lv:100.4% dts:19.603 pts:20.020
2025-08-23 16:54:52.230 T:4073 info : Skipped 4 duplicate messages..
2025-08-23 16:54:52.230 T:4073 debug : PrepareNextRender: frameOnScreen: 18.011 renderPts: 18.162 nextFramePts: 18.143 -> diff: 0.019 render: 1 forceNext: 0
2025-08-23 16:54:52.230 T:4073 debug : CAMLCodec::ReleaseFrame idx:435, drop:0
2025-08-23 16:54:52.230 T:4252 debug : CAMLCodec::AddData: skip add data dl:15118720 fl:603776 sz:672062(672128) lv:100.4% dts:19.603 pts:20.020
2025-08-23 16:54:52.256 T:4252 info : Skipped 15 duplicate messages..
2025-08-23 16:54:52.256 T:4252 debug : CAMLCodec::AddData: skip add data dl:15138940 fl:583556 sz:672062(672128) lv:100.5% dts:19.603 pts:20.020
2025-08-23 16:54:52.262 T:4073 info : Skipped 3 duplicate messages..
2025-08-23 16:54:52.262 T:4073 debug : CAMLCodec::PollFrame elapsed:32.270ms
2025-08-23 16:54:52.264 T:4252 debug : CAMLCodec::AddData: skip add data dl:15099964 fl:622532 sz:672062(672128) lv:100.3% dts:19.603 pts:20.020
2025-08-23 16:54:52.265 T:4252 debug : CAMLCodec::DequeueBuffer: pts:18.310 idx:439
2025-08-23 16:54:52.265 T:4252 debug : CAMLCodec::GetPicture: index: 439, pts: 18.310, dur:42.000ms ar:1.78 elf:83ms
2025-08-23 16:54:52.265 T:4252 debug : CVideoPlayerVideo::OutputPicture - ttd:262ms pts:18.310 Clock:18.047 Level:3
2025-08-23 16:54:52.268 T:4252 debug : CAMLCodec::AddData: skip add data dl:15099964 fl:622532 sz:672062(672128) lv:100.3% dts:19.603 pts:20.020
2025-08-23 16:54:52.275 T:4252 info : Skipped 1 duplicate messages..
2025-08-23 16:54:52.275 T:4252 debug : CAMLCodec::AddData: dl:15330812 fl:391684 sz:672062(672128) lv:97.5% dts:19.603 pts:20.020
2025-08-23 16:54:52.275 T:4073 debug : PrepareNextRender: frameOnScreen: 18.057 renderPts: 18.208 nextFramePts: 18.185 -> diff: 0.023 render: 1 forceNext: 0
2025-08-23 16:54:52.276 T:4073 debug : CAMLCodec::ReleaseFrame idx:436, drop:0
2025-08-23 16:54:52.279 T:4250 debug : CVideoPlayer::ProcessVideoData size:434534 dts:23.190 pts:23.232 dur:41.000ms, clock:18.061 level:44
2025-08-23 16:54:52.280 T:4252 debug : CAMLCodec::AddData: dl:15650488 fl:71752 sz:545475(545600) lv:99.5% dts:19.645 pts:19.853
2025-08-23 16:54:52.280 T:4252 debug : CAMLCodec::DequeueBuffer: pts:18.352 idx:440
2025-08-23 16:54:52.280 T:4252 debug : CAMLCodec::GetPicture: index: 440, pts: 18.352, dur:42.000ms ar:1.78 elf:14ms
2025-08-23 16:54:52.280 T:4252 debug : CVideoPlayerVideo::OutputPicture - ttd:290ms pts:18.352 Clock:18.062 Level:3
2025-08-23 16:54:52.282 T:4252 debug : CAMLCodec::AddData: skip add data dl:15722496 fl:0 sz:471283(471360) lv:100.0% dts:19.686 pts:19.770
2025-08-23 16:54:52.286 T:4252 info : Skipped 1 duplicate messages..
2025-08-23 16:54:52.286 T:4252 debug : CAMLCodec::AddData: skip add data dl:15292864 fl:429632 sz:471283(471360) lv:100.2% dts:19.686 pts:19.770
2025-08-23 16:54:52.301 T:4250 info : Skipped 8 duplicate messages..
2025-08-23 16:54:52.301 T:4250 debug : CVideoPlayer::ProcessVideoData size:429458 dts:23.232 pts:23.315 dur:41.000ms, clock:18.082 level:100
2025-08-23 16:54:52.303 T:4252 debug : CAMLCodec::AddData: skip add data dl:15292864 fl:429632 sz:471283(471360) lv:100.2% dts:19.686 pts:19.770
2025-08-23 16:54:52.304 T:4073 debug : CAMLCodec::PollFrame elapsed:28.071ms
2025-08-23 16:54:52.305 T:4252 debug : CAMLCodec::AddData: skip add data dl:15283008 fl:439488 sz:471283(471360) lv:100.2% dts:19.686 pts:19.770
2025-08-23 16:54:52.307 T:4252 debug : CAMLCodec::DequeueBuffer: pts:18.393 idx:441
2025-08-23 16:54:52.307 T:4252 debug : CAMLCodec::GetPicture: index: 441, pts: 18.393, dur:41.000ms ar:1.78 elf:26ms
2025-08-23 16:54:52.307 T:4252 debug : CVideoPlayerVideo::OutputPicture - ttd:304ms pts:18.393 Clock:18.089 Level:4
2025-08-23 16:54:52.310 T:4252 debug : CAMLCodec::AddData: skip add data dl:15283008 fl:439488 sz:471283(471360) lv:100.2% dts:19.686 pts:19.770
2025-08-23 16:54:52.312 T:4253 debug : CVideoPlayerAudio::OutputPacket: pts:18.854 curr_pts:18.069 clock:18.093 level:55
2025-08-23 16:54:52.314 T:4073 debug : PrepareNextRender: frameOnScreen: 18.095 renderPts: 18.247 nextFramePts: 18.227 -> diff: 0.020 render: 1 forceNext: 0
2025-08-23 16:54:52.314 T:4073 debug : CAMLCodec::ReleaseFrame idx:437, drop:0
2025-08-23 16:54:52.317 T:4252 debug : CAMLCodec::AddData: dl:15316288 fl:406208 sz:471283(471360) lv:97.4% dts:19.686 pts:19.770
2025-08-23 16:54:52.317 T:4252 debug : CAMLCodec::AddData: skip add data dl:15346813 fl:375683 sz:429564(429632) lv:100.3% dts:19.728 pts:19.728
2025-08-23 16:54:52.319 T:4252 debug : CAMLCodec::AddData: skip add data dl:15424880 fl:297616 sz:429564(429632) lv:100.8% dts:19.728 pts:19.728
2025-08-23 16:54:52.323 T:4250 info : Skipped 2 duplicate messages..
2025-08-23 16:54:52.323 T:4250 debug : CVideoPlayer::ProcessAudioData size:7390 dts:23.406 pts:23.406 dur:92.000ms, clock:18.104 drop:0 level:55
2025-08-23 16:54:52.323 T:4250 debug : CVideoPlayer::ProcessAudioData size:7509 dts:23.498 pts:23.498 dur:92.000ms, clock:18.105 drop:0 level:56
2025-08-23 16:54:52.323 T:4250 debug : CVideoPlayer::ProcessAudioData size:7265 dts:23.591 pts:23.591 dur:92.000ms, clock:18.105 drop:0 level:57
2025-08-23 16:54:52.324 T:4252 debug : CAMLCodec::AddData: skip add data dl:15424880 fl:297616 sz:429564(429632) lv:100.8% dts:19.728 pts:19.728
2025-08-23 16:54:52.328 T:4250 info : Skipped 1 duplicate messages..
2025-08-23 16:54:52.328 T:4250 debug : CVideoPlayer::ProcessVideoData size:587482 dts:23.273 pts:23.649 dur:41.000ms, clock:18.109 level:44
2025-08-23 16:54:52.328 T:4252 debug : CAMLCodec::AddData: skip add data dl:15424880 fl:297616 sz:429564(429632) lv:100.8% dts:19.728 pts:19.728
2025-08-23 16:54:52.345 T:4073 info : Skipped 10 duplicate messages..
2025-08-23 16:54:52.345 T:4073 debug : CAMLCodec::PollFrame elapsed:31.702ms
2025-08-23 16:54:52.346 T:4252 debug : CAMLCodec::DequeueBuffer: pts:18.435 idx:442
2025-08-23 16:54:52.346 T:4252 debug : CAMLCodec::GetPicture: index: 442, pts: 18.435, dur:42.000ms ar:1.78 elf:38ms
2025-08-23 16:54:52.346 T:4252 debug : CVideoPlayerVideo::OutputPicture - ttd:307ms pts:18.435 Clock:18.127 Level:4
2025-08-23 16:54:52.349 T:4252 debug : CAMLCodec::AddData: skip add data dl:15417328 fl:305168 sz:429564(429632) lv:100.8% dts:19.728 pts:19.728
2025-08-23 16:54:52.354 T:4073 info : Skipped 2 duplicate messages..
2025-08-23 16:54:52.354 T:4073 debug : PrepareNextRender: frameOnScreen: 18.136 renderPts: 18.287 nextFramePts: 18.268 -> diff: 0.019 render: 1 forceNext: 0
2025-08-23 16:54:52.354 T:4073 debug : CAMLCodec::ReleaseFrame idx:438, drop:0
2025-08-23 16:54:52.358 T:4252 debug : CAMLCodec::AddData: dl:15414640 fl:307856 sz:429564(429632) lv:98.0% dts:19.728 pts:19.728
2025-08-23 16:54:52.360 T:4250 debug : CVideoPlayer::ProcessVideoData size:545129 dts:23.315 pts:23.523 dur:41.000ms, clock:18.141 level:44
2025-08-23 16:54:52.360 T:4252 debug : CAMLCodec::AddData: skip add data dl:15414572 fl:307924 sz:435887(435968) lv:100.8% dts:19.770 pts:19.811
2025-08-23 16:54:52.361 T:4253 debug : CVideoPlayerAudio::OutputPacket: pts:18.947 curr_pts:18.118 clock:18.143 level:57
2025-08-23 16:54:52.362 T:4252 debug : CAMLCodec::AddData: skip add data dl:15414572 fl:307924 sz:435887(435968) lv:100.8% dts:19.770 pts:19.811
2025-08-23 16:54:52.387 T:4073 info : Skipped 16 duplicate messages..
2025-08-23 16:54:52.387 T:4073 debug : CAMLCodec::PollFrame elapsed:32.977ms
2025-08-23 16:54:52.388 T:4252 debug : CAMLCodec::AddData: skip add data dl:15378604 fl:343892 sz:435887(435968) lv:100.5% dts:19.770 pts:19.811
2025-08-23 16:54:52.389 T:4252 debug : CAMLCodec::DequeueBuffer: pts:18.477 idx:443
2025-08-23 16:54:52.389 T:4252 debug : CAMLCodec::GetPicture: index: 443, pts: 18.477, dur:42.000ms ar:1.78 elf:43ms
2025-08-23 16:54:52.389 T:4252 debug : CVideoPlayerVideo::OutputPicture - ttd:306ms pts:18.477 Clock:18.171 Level:4
2025-08-23 16:54:52.392 T:4252 debug : CAMLCodec::AddData: skip add data dl:15378604 fl:343892 sz:435887(435968) lv:100.5% dts:19.770 pts:19.811
2025-08-23 16:54:52.393 T:4073 debug : PrepareNextRender: frameOnScreen: 18.175 renderPts: 18.326 nextFramePts: 18.310 -> diff: 0.016 render: 1 forceNext: 0
2025-08-23 16:54:52.393 T:4073 debug : CAMLCodec::ReleaseFrame idx:439, drop:0
2025-08-23 16:54:52.395 T:4252 debug : CAMLCodec::AddData: skip add data dl:15378604 fl:343892 sz:435887(435968) lv:100.5% dts:19.770 pts:19.811
2025-08-23 16:54:52.401 T:4252 info : Skipped 1 duplicate messages..
2025-08-23 16:54:52.401 T:4252 debug : CAMLCodec::AddData: dl:15380716 fl:341780 sz:435887(435968) lv:97.8% dts:19.770 pts:19.811
2025-08-23 16:54:52.402 T:4252 debug : CAMLCodec::AddData: skip add data dl:15380635 fl:341861 sz:474358(474432) lv:100.8% dts:19.811 pts:19.937
2025-08-23 16:54:52.429 T:4073 info : Skipped 14 duplicate messages..
2025-08-23 16:54:52.429 T:4073 debug : CAMLCodec::PollFrame elapsed:35.880ms
2025-08-23 16:54:52.430 T:4252 debug : CAMLCodec::DequeueBuffer: pts:18.518 idx:444
2025-08-23 16:54:52.430 T:4252 debug : CAMLCodec::GetPicture: index: 444, pts: 18.518, dur:41.000ms ar:1.78 elf:40ms
2025-08-23 16:54:52.430 T:4252 debug : CVideoPlayerVideo::OutputPicture - ttd:306ms pts:18.518 Clock:18.212 Level:4
2025-08-23 16:54:52.431 T:4252 debug : CAMLCodec::DequeueBuffer: pts:18.560 idx:445
2025-08-23 16:54:52.431 T:4252 debug : CAMLCodec::GetPicture: index: 445, pts: 18.560, dur:42.000ms ar:1.78 elf:1ms
2025-08-23 16:54:52.431 T:4252 debug : CVideoPlayerVideo::OutputPicture - ttd:347ms pts:18.560 Clock:18.213 Level:5
2025-08-23 16:54:52.433 T:4252 debug : CAMLCodec::DequeueBuffer: pts:18.602 idx:446
2025-08-23 16:54:52.433 T:4252 debug : CAMLCodec::GetPicture: index: 446, pts: 18.602, dur:42.000ms ar:1.78 elf:1ms
2025-08-23 16:54:52.433 T:4252 debug : CVideoPlayerVideo::OutputPicture - ttd:387ms pts:18.602 Clock:18.214 Level:6
2025-08-23 16:54:52.434 T:4252 debug : CAMLCodec::DequeueBuffer: pts:18.644 idx:447
2025-08-23 16:54:52.434 T:4252 debug : CAMLCodec::GetPicture: index: 447, pts: 18.644, dur:42.000ms ar:1.78 elf:1ms
2025-08-23 16:54:52.438 T:4073 debug : PrepareNextRender: frameOnScreen: 18.220 renderPts: 18.371 nextFramePts: 18.352 -> diff: 0.019 render: 1 forceNext: 0
2025-08-23 16:54:52.438 T:4252 debug : CVideoPlayerVideo::OutputPicture - ttd:428ms pts:18.644 Clock:18.215 Level:6
2025-08-23 16:54:52.438 T:4073 debug : CAMLCodec::ReleaseFrame idx:440, drop:0
2025-08-23 16:54:52.440 T:4252 debug : CAMLCodec::AddData: skip add data dl:15373403 fl:349093 sz:474358(474432) lv:100.8% dts:19.811 pts:19.937
2025-08-23 16:54:52.445 T:4252 debug : CAMLCodec::AddData: dl:15273627 fl:448869 sz:474358(474432) lv:97.1% dts:19.811 pts:19.937
2025-08-23 16:54:52.449 T:4252 debug : CAMLCodec::AddData: dl:15552913 fl:169583 sz:443011(443136) lv:98.9% dts:19.853 pts:19.895
2025-08-23 16:54:52.450 T:4252 debug : CAMLCodec::AddData: skip add data dl:15552788 fl:169708 sz:439535(439616) lv:101.7% dts:19.895 pts:19.978
2025-08-23 16:54:52.452 T:4250 debug : CVideoPlayer::ProcessVideoData size:471574 dts:23.357 pts:23.440 dur:41.000ms, clock:18.234 level:43
2025-08-23 16:54:52.454 T:4250 debug : CVideoPlayer::ProcessVideoData size:429134 dts:23.398 pts:23.398 dur:41.000ms, clock:18.235 level:44
2025-08-23 16:54:52.458 T:4252 debug : CAMLCodec::AddData: dl:15481748 fl:240748 sz:439535(439616) lv:98.4% dts:19.895 pts:19.978
2025-08-23 16:54:52.459 T:4252 debug : CAMLCodec::AddData: skip add data dl:15481667 fl:240829 sz:680401(680512) lv:102.8% dts:19.937 pts:20.354
2025-08-23 16:54:52.461 T:4253 debug : CVideoPlayerAudio::OutputPacket: pts:19.040 curr_pts:18.218 clock:18.243 level:56
2025-08-23 16:54:52.461 T:4252 debug : CAMLCodec::AddData: skip add data dl:15481667 fl:240829 sz:680401(680512) lv:102.8% dts:19.937 pts:20.354
2025-08-23 16:54:52.466 T:4250 info : Skipped 2 duplicate messages..
2025-08-23 16:54:52.466 T:4250 debug : CVideoPlayer::ProcessVideoData size:432431 dts:23.440 pts:23.482 dur:41.000ms, clock:18.247 level:44
2025-08-23 16:54:52.468 T:4252 debug : CAMLCodec::AddData: skip add data dl:15481667 fl:240829 sz:680401(680512) lv:102.8% dts:19.937 pts:20.354
2025-08-23 16:54:52.471 T:4073 info : Skipped 1 duplicate messages..
2025-08-23 16:54:52.471 T:4073 debug : CAMLCodec::PollFrame elapsed:32.155ms
2025-08-23 16:54:52.472 T:4252 debug : CAMLCodec::AddData: skip add data dl:15309187 fl:413309 sz:680401(680512) lv:101.7% dts:19.937 pts:20.354
2025-08-23 16:54:52.478 T:4250 info : Skipped 2 duplicate messages..
2025-08-23 16:54:52.478 T:4250 debug : CVideoPlayer::ProcessVideoData size:466606 dts:23.482 pts:23.607 dur:41.000ms, clock:18.260 level:100
2025-08-23 16:54:52.479 T:4252 debug : CAMLCodec::AddData: skip add data dl:15309187 fl:413309 sz:680401(680512) lv:101.7% dts:19.937 pts:20.354
2025-08-23 16:54:52.482 T:4073 info : Skipped 1 duplicate messages..
2025-08-23 16:54:52.482 T:4073 debug : PrepareNextRender: frameOnScreen: 18.263 renderPts: 18.415 nextFramePts: 18.393 -> diff: 0.022 render: 1 forceNext: 0
2025-08-23 16:54:52.482 T:4073 debug : CAMLCodec::ReleaseFrame idx:441, drop:0
2025-08-23 16:54:52.487 T:4252 debug : CAMLCodec::AddData: dl:15480579 fl:241917 sz:680401(680512) lv:98.4% dts:19.937 pts:20.354
2025-08-23 16:54:52.488 T:4252 debug : CAMLCodec::AddData: skip add data dl:15452736 fl:269504 sz:553940(554048) lv:101.8% dts:19.978 pts:20.187
2025-08-23 16:54:52.490 T:4252 debug : CAMLCodec::AddData: skip add data dl:15480468 fl:242028 sz:553940(554048) lv:101.9% dts:19.978 pts:20.187
2025-08-23 16:54:52.512 T:4073 info : Skipped 13 duplicate messages..
2025-08-23 16:54:52.512 T:4073 debug : CAMLCodec::PollFrame elapsed:30.198ms
2025-08-23 16:54:52.513 T:4252 debug : CAMLCodec::AddData: skip add data dl:15441492 fl:281004 sz:553940(554048) lv:101.7% dts:19.978 pts:20.187
2025-08-23 16:54:52.521 T:4073 info : Skipped 3 duplicate messages..
2025-08-23 16:54:52.521 T:4073 debug : PrepareNextRender: frameOnScreen: 18.303 renderPts: 18.454 nextFramePts: 18.435 -> diff: 0.019 render: 1 forceNext: 0
2025-08-23 16:54:52.522 T:4073 debug : CAMLCodec::ReleaseFrame idx:442, drop:0
2025-08-23 16:54:52.526 T:4252 debug : CAMLCodec::AddData: dl:15556948 fl:165548 sz:553940(554048) lv:98.9% dts:19.978 pts:20.187
2025-08-23 16:54:52.526 T:4252 debug : CAMLCodec::AddData: skip add data dl:15527188 fl:195308 sz:478871(478976) lv:101.8% dts:20.020 pts:20.103
2025-08-23 16:54:52.528 T:4252 debug : CAMLCodec::AddData: skip add data dl:15556840 fl:165656 sz:478871(478976) lv:102.0% dts:20.020 pts:20.103
2025-08-23 16:54:52.530 T:4250 info : Skipped 1 duplicate messages..
2025-08-23 16:54:52.530 T:4250 debug : CVideoPlayer::ProcessVideoData size:429088 dts:23.523 pts:23.565 dur:41.000ms, clock:18.312 level:44
2025-08-23 16:54:52.531 T:4250 debug : CVideoPlayer::ProcessAudioData size:6868 dts:23.684 pts:23.684 dur:92.000ms, clock:18.312 drop:0 level:56
2025-08-23 16:54:52.532 T:4252 debug : CAMLCodec::AddData: skip add data dl:15556840 fl:165656 sz:478871(478976) lv:102.0% dts:20.020 pts:20.103
2025-08-23 16:54:52.535 T:4250 info : Skipped 1 duplicate messages..
2025-08-23 16:54:52.535 T:4250 debug : CVideoPlayer::ProcessVideoData size:781009 dts:23.565 pts:23.690 dur:41.000ms, clock:18.316 level:44
2025-08-23 16:54:52.535 T:4252 debug : CAMLCodec::AddData: skip add data dl:15556840 fl:165656 sz:478871(478976) lv:102.0% dts:20.020 pts:20.103
2025-08-23 16:54:52.554 T:4073 info : Skipped 11 duplicate messages..
2025-08-23 16:54:52.554 T:4073 debug : CAMLCodec::PollFrame elapsed:32.496ms
2025-08-23 16:54:52.555 T:4252 debug : CAMLCodec::AddData: skip add data dl:15556840 fl:165656 sz:478871(478976) lv:102.0% dts:20.020 pts:20.103
2025-08-23 16:54:52.556 T:4252 debug : CAMLCodec::DequeueBuffer: pts:18.685 idx:448
2025-08-23 16:54:52.556 T:4252 debug : CAMLCodec::GetPicture: index: 448, pts: 18.685, dur:41.000ms ar:1.78 elf:122ms
2025-08-23 16:54:52.556 T:4252 debug : CVideoPlayerVideo::OutputPicture - ttd:347ms pts:18.685 Clock:18.337 Level:5
2025-08-23 16:54:52.558 T:4252 debug : CAMLCodec::AddData: skip add data dl:15519848 fl:202648 sz:478871(478976) lv:101.7% dts:20.020 pts:20.103
2025-08-23 16:54:52.562 T:4253 info : Skipped 1 duplicate messages..
2025-08-23 16:54:52.562 T:4253 debug : CVideoPlayerAudio::OutputPacket: pts:19.132 curr_pts:18.318 clock:18.343 level:56
2025-08-23 16:54:52.562 T:4073 debug : PrepareNextRender: frameOnScreen: 18.344 renderPts: 18.495 nextFramePts: 18.477 -> diff: 0.018 render: 1 forceNext: 0
2025-08-23 16:54:52.562 T:4073 debug : CAMLCodec::ReleaseFrame idx:443, drop:0
2025-08-23 16:54:52.564 T:4252 debug : CAMLCodec::AddData: skip add data dl:15519848 fl:202648 sz:478871(478976) lv:101.7% dts:20.020 pts:20.103
2025-08-23 16:54:52.568 T:4252 debug : CAMLCodec::AddData: dl:15565096 fl:157400 sz:478871(478976) lv:99.0% dts:20.020 pts:20.103
2025-08-23 16:54:52.569 T:4252 debug : CAMLCodec::AddData: skip add data dl:15564991 fl:157505 sz:440341(440448) lv:101.8% dts:20.062 pts:20.062
2025-08-23 16:54:52.596 T:4073 info : Skipped 16 duplicate messages..
2025-08-23 16:54:52.596 T:4073 debug : CAMLCodec::PollFrame elapsed:33.620ms
2025-08-23 16:54:52.596 T:4252 debug : CAMLCodec::AddData: skip add data dl:15558911 fl:163585 sz:440341(440448) lv:101.7% dts:20.062 pts:20.062
