2025-08-23 16:54:41.905 T:4252 debug : CAMLCodec::AddData: skip add data dl:15669530 fl:52966 sz:273800(273920) lv:101.4% dts:10.093 pts:10.135
2025-08-23 16:54:41.906 T:4252 debug : CAMLCodec::DequeueBuffer: pts:8.050 idx:193
2025-08-23 16:54:41.906 T:4252 debug : CAMLCodec::GetPicture: index: 193, pts: 8.050, dur:42.001ms ar:1.78 elf:41ms
2025-08-23 16:54:41.907 T:4252 debug : CVideoPlayerVideo::OutputPicture - ttd:347ms pts:8.050 Clock:7.703 Level:5
2025-08-23 16:54:41.909 T:4252 debug : CAMLCodec::AddData: skip add data dl:15662874 fl:59622 sz:273800(273920) lv:101.3% dts:10.093 pts:10.135
2025-08-23 16:54:41.917 T:4073 info : Skipped 2 duplicate messages..
2025-08-23 16:54:41.917 T:4073 debug : PrepareNextRender: frameOnScreen: 7.713 renderPts: 7.864 nextFramePts: 7.841 -> diff: 0.023 render: 1 forceNext: 0
2025-08-23 16:54:41.917 T:4073 debug : CAMLCodec::ReleaseFrame idx:188, drop:0
2025-08-23 16:54:41.917 T:4252 debug : CAMLCodec::AddData: dl:15676954 fl:45542 sz:273800(273920) lv:99.7% dts:10.093 pts:10.135
2025-08-23 16:54:41.918 T:4250 debug : CVideoPlayer::ProcessVideoData size:436626 dts:15.057 pts:15.057 dur:41.000ms, clock:7.713 level:61
2025-08-23 16:54:41.918 T:4252 debug : CAMLCodec::AddData: skip add data dl:15676834 fl:45662 sz:302435(302528) lv:101.6% dts:10.135 pts:10.260
2025-08-23 16:54:41.946 T:4073 info : Skipped 14 duplicate messages..
2025-08-23 16:54:41.946 T:4073 debug : CAMLCodec::PollFrame elapsed:28.400ms
2025-08-23 16:54:41.946 T:4252 debug : CAMLCodec::AddData: skip add data dl:15676834 fl:45662 sz:302435(302528) lv:101.6% dts:10.135 pts:10.260
2025-08-23 16:54:41.948 T:4253 debug : CVideoPlayerAudio::OutputPacket: pts:8.544 curr_pts:7.718 clock:7.743 level:84
2025-08-23 16:54:41.950 T:4252 debug : CAMLCodec::DequeueBuffer: pts:8.091 idx:194
2025-08-23 16:54:41.951 T:4252 debug : CAMLCodec::GetPicture: index: 194, pts: 8.091, dur:40.999ms ar:1.78 elf:44ms
2025-08-23 16:54:41.951 T:4252 debug : CVideoPlayerVideo::OutputPicture - ttd:344ms pts:8.091 Clock:7.746 Level:5
2025-08-23 16:54:41.954 T:4252 debug : CAMLCodec::AddData: skip add data dl:15670690 fl:51806 sz:302435(302528) lv:101.6% dts:10.135 pts:10.260
2025-08-23 16:54:41.959 T:4073 info : Skipped 1 duplicate messages..
2025-08-23 16:54:41.959 T:4073 debug : PrepareNextRender: frameOnScreen: 7.754 renderPts: 7.905 nextFramePts: 7.883 -> diff: 0.022 render: 1 forceNext: 0
2025-08-23 16:54:41.959 T:4073 debug : CAMLCodec::ReleaseFrame idx:189, drop:0
2025-08-23 16:54:41.960 T:4252 debug : CAMLCodec::AddData: dl:15706146 fl:16350 sz:302435(302528) lv:99.9% dts:10.135 pts:10.260
2025-08-23 16:54:41.961 T:4252 debug : CAMLCodec::AddData: skip add data dl:15706053 fl:16443 sz:266957(267072) lv:101.6% dts:10.177 pts:10.219
2025-08-23 16:54:41.972 T:4250 info : Skipped 5 duplicate messages..
2025-08-23 16:54:41.972 T:4250 debug : CVideoPlayer::ProcessVideoData size:433952 dts:15.098 pts:15.140 dur:41.000ms, clock:7.767 level:61
2025-08-23 16:54:41.972 T:4252 debug : CAMLCodec::AddData: skip add data dl:15706053 fl:16443 sz:266957(267072) lv:101.6% dts:10.177 pts:10.219
2025-08-23 16:54:41.988 T:4073 info : Skipped 7 duplicate messages..
2025-08-23 16:54:41.988 T:4073 debug : CAMLCodec::PollFrame elapsed:29.027ms
2025-08-23 16:54:41.988 T:4252 debug : CAMLCodec::AddData: skip add data dl:15706053 fl:16443 sz:266957(267072) lv:101.6% dts:10.177 pts:10.219
2025-08-23 16:54:41.989 T:4252 debug : CAMLCodec::DequeueBuffer: pts:8.133 idx:195
2025-08-23 16:54:41.989 T:4252 debug : CAMLCodec::GetPicture: index: 195, pts: 8.133, dur:42.000ms ar:1.78 elf:38ms
2025-08-23 16:54:41.990 T:4252 debug : CVideoPlayerVideo::OutputPicture - ttd:347ms pts:8.133 Clock:7.785 Level:5
2025-08-23 16:54:41.992 T:4252 debug : CAMLCodec::AddData: skip add data dl:15676933 fl:45563 sz:266957(267072) lv:101.4% dts:10.177 pts:10.219
2025-08-23 16:54:41.997 T:4073 info : Skipped 1 duplicate messages..
2025-08-23 16:54:41.997 T:4073 debug : PrepareNextRender: frameOnScreen: 7.793 renderPts: 7.944 nextFramePts: 7.925 -> diff: 0.019 render: 1 forceNext: 0
2025-08-23 16:54:41.998 T:4073 debug : CAMLCodec::ReleaseFrame idx:190, drop:0
2025-08-23 16:54:42.002 T:4252 debug : CAMLCodec::AddData: dl:15686917 fl:35579 sz:266957(267072) lv:99.7% dts:10.177 pts:10.219
2025-08-23 16:54:42.003 T:4252 debug : CAMLCodec::AddData: skip add data dl:15686802 fl:35694 sz:274466(274560) lv:101.5% dts:10.219 pts:10.302
2025-08-23 16:54:42.014 T:4250 info : Skipped 5 duplicate messages..
2025-08-23 16:54:42.014 T:4250 debug : CVideoPlayer::ProcessVideoData size:477465 dts:15.140 pts:15.265 dur:41.000ms, clock:7.809 level:61
2025-08-23 16:54:42.015 T:4252 debug : CAMLCodec::AddData: skip add data dl:15686802 fl:35694 sz:274466(274560) lv:101.5% dts:10.219 pts:10.302
2025-08-23 16:54:42.030 T:4073 info : Skipped 7 duplicate messages..
2025-08-23 16:54:42.030 T:4073 debug : CAMLCodec::PollFrame elapsed:31.610ms
2025-08-23 16:54:42.030 T:4252 debug : CAMLCodec::AddData: skip add data dl:15686802 fl:35694 sz:274466(274560) lv:101.5% dts:10.219 pts:10.302
2025-08-23 16:54:42.031 T:4252 debug : CAMLCodec::DequeueBuffer: pts:8.175 idx:196
2025-08-23 16:54:42.031 T:4252 debug : CAMLCodec::GetPicture: index: 196, pts: 8.175, dur:42.001ms ar:1.78 elf:41ms
2025-08-23 16:54:42.031 T:4252 debug : CVideoPlayerVideo::OutputPicture - ttd:348ms pts:8.175 Clock:7.827 Level:5
2025-08-23 16:54:42.035 T:4252 debug : CAMLCodec::AddData: skip add data dl:15681234 fl:41262 sz:274466(274560) lv:101.4% dts:10.219 pts:10.302
2025-08-23 16:54:42.040 T:4073 info : Skipped 1 duplicate messages..
2025-08-23 16:54:42.040 T:4073 debug : PrepareNextRender: frameOnScreen: 7.835 renderPts: 7.986 nextFramePts: 7.966 -> diff: 0.020 render: 1 forceNext: 0
2025-08-23 16:54:42.040 T:4073 debug : CAMLCodec::ReleaseFrame idx:191, drop:0
2025-08-23 16:54:42.044 T:4252 debug : CAMLCodec::AddData: dl:15696082 fl:26414 sz:274466(274560) lv:99.8% dts:10.219 pts:10.302
2025-08-23 16:54:42.045 T:4250 debug : CVideoPlayer::ProcessVideoData size:434487 dts:15.182 pts:15.224 dur:41.000ms, clock:7.841 level:61
2025-08-23 16:54:42.046 T:4252 debug : CAMLCodec::AddData: skip add data dl:15695988 fl:26508 sz:467758(467840) lv:102.8% dts:10.260 pts:10.677
2025-08-23 16:54:42.047 T:4253 debug : CVideoPlayerAudio::OutputPacket: pts:8.637 curr_pts:7.817 clock:7.843 level:83
2025-08-23 16:54:42.048 T:4252 debug : CAMLCodec::AddData: skip add data dl:15695988 fl:26508 sz:467758(467840) lv:102.8% dts:10.260 pts:10.677
2025-08-23 16:54:42.071 T:4073 info : Skipped 11 duplicate messages..
2025-08-23 16:54:42.071 T:4073 debug : CAMLCodec::PollFrame elapsed:31.226ms
2025-08-23 16:54:42.073 T:4252 debug : CAMLCodec::AddData: skip add data dl:15687924 fl:34572 sz:467758(467840) lv:102.7% dts:10.260 pts:10.677
2025-08-23 16:54:42.076 T:4252 debug : CAMLCodec::DequeueBuffer: pts:8.217 idx:197
2025-08-23 16:54:42.076 T:4252 debug : CAMLCodec::GetPicture: index: 197, pts: 8.217, dur:42.000ms ar:1.78 elf:43ms
2025-08-23 16:54:42.076 T:4252 debug : CVideoPlayerVideo::OutputPicture - ttd:345ms pts:8.217 Clock:7.872 Level:5
2025-08-23 16:54:42.081 T:4252 debug : CAMLCodec::AddData: skip add data dl:15687924 fl:34572 sz:467758(467840) lv:102.7% dts:10.260 pts:10.677
2025-08-23 16:54:42.083 T:4252 debug : CAMLCodec::AddData: skip add data dl:15356788 fl:365708 sz:467758(467840) lv:100.6% dts:10.260 pts:10.677
2025-08-23 16:54:42.084 T:4073 debug : PrepareNextRender: frameOnScreen: 7.879 renderPts: 8.030 nextFramePts: 8.008 -> diff: 0.022 render: 1 forceNext: 0
2025-08-23 16:54:42.084 T:4073 debug : CAMLCodec::ReleaseFrame idx:192, drop:0
2025-08-23 16:54:42.085 T:4252 debug : CAMLCodec::AddData: skip add data dl:15356788 fl:365708 sz:467758(467840) lv:100.6% dts:10.260 pts:10.677
2025-08-23 16:54:42.113 T:4073 info : Skipped 14 duplicate messages..
2025-08-23 16:54:42.113 T:4073 debug : CAMLCodec::PollFrame elapsed:28.895ms
2025-08-23 16:54:42.113 T:4252 debug : CAMLCodec::AddData: skip add data dl:15356788 fl:365708 sz:467758(467840) lv:100.6% dts:10.260 pts:10.677
2025-08-23 16:54:42.118 T:4252 debug : CAMLCodec::AddData: dl:15694964 fl:27532 sz:467758(467840) lv:99.8% dts:10.260 pts:10.677
2025-08-23 16:54:42.118 T:4252 debug : CAMLCodec::DequeueBuffer: pts:8.258 idx:198
2025-08-23 16:54:42.118 T:4252 debug : CAMLCodec::GetPicture: index: 198, pts: 8.258, dur:40.999ms ar:1.78 elf:42ms
2025-08-23 16:54:42.119 T:4252 debug : CVideoPlayerVideo::OutputPicture - ttd:343ms pts:8.258 Clock:7.915 Level:5
2025-08-23 16:54:42.122 T:4252 debug : CAMLCodec::AddData: skip add data dl:15694882 fl:27614 sz:372408(372480) lv:102.2% dts:10.302 pts:10.510
2025-08-23 16:54:42.122 T:4073 debug : PrepareNextRender: frameOnScreen: 7.917 renderPts: 8.069 nextFramePts: 8.050 -> diff: 0.019 render: 1 forceNext: 0
2025-08-23 16:54:42.122 T:4073 debug : CAMLCodec::ReleaseFrame idx:193, drop:0
2025-08-23 16:54:42.124 T:4252 debug : CAMLCodec::AddData: skip add data dl:15360738 fl:361758 sz:372408(372480) lv:100.0% dts:10.302 pts:10.510
2025-08-23 16:54:42.147 T:4253 info : Skipped 13 duplicate messages..
2025-08-23 16:54:42.147 T:4253 debug : CVideoPlayerAudio::OutputPacket: pts:8.731 curr_pts:7.917 clock:7.943 level:82
2025-08-23 16:54:42.148 T:4252 debug : CAMLCodec::AddData: skip add data dl:15360738 fl:361758 sz:372408(372480) lv:100.0% dts:10.302 pts:10.510
2025-08-23 16:54:42.155 T:4073 info : Skipped 3 duplicate messages..
2025-08-23 16:54:42.155 T:4073 debug : CAMLCodec::PollFrame elapsed:32.547ms
2025-08-23 16:54:42.155 T:4252 debug : CAMLCodec::DequeueBuffer: pts:8.300 idx:199
2025-08-23 16:54:42.155 T:4252 debug : CAMLCodec::GetPicture: index: 199, pts: 8.300, dur:42.001ms ar:1.78 elf:36ms
2025-08-23 16:54:42.155 T:4252 debug : CVideoPlayerVideo::OutputPicture - ttd:349ms pts:8.300 Clock:7.950 Level:5
2025-08-23 16:54:42.160 T:4252 debug : CAMLCodec::AddData: dl:15695138 fl:27358 sz:372408(372480) lv:99.8% dts:10.302 pts:10.510
2025-08-23 16:54:42.162 T:4252 debug : CAMLCodec::AddData: skip add data dl:15695066 fl:27430 sz:301000(301120) lv:101.7% dts:10.344 pts:10.427
2025-08-23 16:54:42.164 T:4073 info : Skipped 1 duplicate messages..
2025-08-23 16:54:42.164 T:4073 debug : PrepareNextRender: frameOnScreen: 7.960 renderPts: 8.111 nextFramePts: 8.091 -> diff: 0.020 render: 1 forceNext: 0
2025-08-23 16:54:42.164 T:4073 debug : CAMLCodec::ReleaseFrame idx:194, drop:0
2025-08-23 16:54:42.168 T:4250 debug : CVideoPlayer::ProcessVideoData size:428674 dts:15.224 pts:15.307 dur:41.000ms, clock:7.963 level:60
2025-08-23 16:54:42.168 T:4252 debug : CAMLCodec::AddData: dl:15717018 fl:5478 sz:301000(301120) lv:99.9% dts:10.344 pts:10.427
2025-08-23 16:54:42.169 T:4252 debug : CAMLCodec::AddData: skip add data dl:15716898 fl:5598 sz:268637(268736) lv:101.6% dts:10.385 pts:10.385
2025-08-23 16:54:42.198 T:4073 info : Skipped 14 duplicate messages..
2025-08-23 16:54:42.198 T:4073 debug : CAMLCodec::PollFrame elapsed:33.130ms
2025-08-23 16:54:42.200 T:4252 debug : CAMLCodec::AddData: skip add data dl:15716898 fl:5598 sz:268637(268736) lv:101.6% dts:10.385 pts:10.385
2025-08-23 16:54:42.200 T:4250 debug : CVideoPlayer::ProcessAudioData size:10462 dts:15.418 pts:15.418 dur:92.000ms, clock:7.995 drop:0 level:82
2025-08-23 16:54:42.202 T:4252 debug : CAMLCodec::AddData: skip add data dl:15716898 fl:5598 sz:268637(268736) lv:101.6% dts:10.385 pts:10.385
2025-08-23 16:54:42.208 T:4073 info : Skipped 3 duplicate messages..
2025-08-23 16:54:42.208 T:4073 debug : PrepareNextRender: frameOnScreen: 8.004 renderPts: 8.155 nextFramePts: 8.133 -> diff: 0.022 render: 1 forceNext: 0
2025-08-23 16:54:42.209 T:4073 debug : CAMLCodec::ReleaseFrame idx:195, drop:0
2025-08-23 16:54:42.209 T:4252 debug : CAMLCodec::AddData: skip add data dl:15716898 fl:5598 sz:268637(268736) lv:101.6% dts:10.385 pts:10.385
2025-08-23 16:54:42.210 T:4250 debug : CVideoPlayer::ProcessAudioData size:10156 dts:15.510 pts:15.510 dur:92.000ms, clock:8.005 drop:0 level:83
2025-08-23 16:54:42.210 T:4250 debug : CVideoPlayer::ProcessAudioData size:9631 dts:15.603 pts:15.603 dur:92.000ms, clock:8.006 drop:0 level:84
2025-08-23 16:54:42.210 T:4252 debug : CAMLCodec::AddData: skip add data dl:15716898 fl:5598 sz:268637(268736) lv:101.6% dts:10.385 pts:10.385
2025-08-23 16:54:42.238 T:4073 info : Skipped 17 duplicate messages..
2025-08-23 16:54:42.238 T:4073 debug : CAMLCodec::PollFrame elapsed:29.664ms
2025-08-23 16:54:42.239 T:4252 debug : CAMLCodec::AddData: skip add data dl:15716898 fl:5598 sz:268637(268736) lv:101.6% dts:10.385 pts:10.385
2025-08-23 16:54:42.240 T:4252 debug : CAMLCodec::DequeueBuffer: pts:8.342 idx:200
2025-08-23 16:54:42.240 T:4252 debug : CAMLCodec::GetPicture: index: 200, pts: 8.342, dur:42.000ms ar:1.78 elf:85ms
2025-08-23 16:54:42.240 T:4252 debug : CVideoPlayerVideo::OutputPicture - ttd:306ms pts:8.342 Clock:8.036 Level:4
2025-08-23 16:54:42.243 T:4252 debug : CAMLCodec::AddData: skip add data dl:15689122 fl:33374 sz:268637(268736) lv:101.5% dts:10.385 pts:10.385
2025-08-23 16:54:42.248 T:4253 info : Skipped 1 duplicate messages..
2025-08-23 16:54:42.248 T:4253 debug : CVideoPlayerAudio::OutputPacket: pts:8.823 curr_pts:8.019 clock:8.043 level:84
2025-08-23 16:54:42.248 T:4252 debug : CAMLCodec::AddData: skip add data dl:15689122 fl:33374 sz:268637(268736) lv:101.5% dts:10.385 pts:10.385
2025-08-23 16:54:42.252 T:4252 debug : CAMLCodec::AddData: dl:15688610 fl:33886 sz:268637(268736) lv:99.7% dts:10.385 pts:10.385
2025-08-23 16:54:42.254 T:4250 debug : CVideoPlayer::ProcessVideoData size:616749 dts:15.265 pts:15.641 dur:41.000ms, clock:8.049 level:60
2025-08-23 16:54:42.254 T:4252 debug : CAMLCodec::AddData: skip add data dl:15688511 fl:33985 sz:277037(277120) lv:101.5% dts:10.427 pts:10.469
2025-08-23 16:54:42.254 T:4073 debug : PrepareNextRender: frameOnScreen: 8.049 renderPts: 8.200 nextFramePts: 8.175 -> diff: 0.025 render: 1 forceNext: 0
2025-08-23 16:54:42.254 T:4073 debug : CAMLCodec::ReleaseFrame idx:196, drop:0
2025-08-23 16:54:42.256 T:4252 debug : CAMLCodec::AddData: skip add data dl:15688511 fl:33985 sz:277037(277120) lv:101.5% dts:10.427 pts:10.469
2025-08-23 16:54:42.280 T:4073 info : Skipped 12 duplicate messages..
2025-08-23 16:54:42.280 T:4073 debug : CAMLCodec::PollFrame elapsed:25.823ms
2025-08-23 16:54:42.283 T:4252 debug : CAMLCodec::AddData: skip add data dl:15681343 fl:41153 sz:277037(277120) lv:101.5% dts:10.427 pts:10.469
2025-08-23 16:54:42.284 T:4252 debug : CAMLCodec::DequeueBuffer: pts:8.383 idx:201
2025-08-23 16:54:42.284 T:4252 debug : CAMLCodec::GetPicture: index: 201, pts: 8.383, dur:40.999ms ar:1.78 elf:43ms
2025-08-23 16:54:42.284 T:4252 debug : CVideoPlayerVideo::OutputPicture - ttd:303ms pts:8.383 Clock:8.079 Level:4
2025-08-23 16:54:42.287 T:4252 debug : CAMLCodec::AddData: skip add data dl:15681343 fl:41153 sz:277037(277120) lv:101.5% dts:10.427 pts:10.469
2025-08-23 16:54:42.293 T:4073 info : Skipped 1 duplicate messages..
2025-08-23 16:54:42.293 T:4073 debug : PrepareNextRender: frameOnScreen: 8.088 renderPts: 8.239 nextFramePts: 8.217 -> diff: 0.022 render: 1 forceNext: 0
2025-08-23 16:54:42.293 T:4073 debug : CAMLCodec::ReleaseFrame idx:197, drop:0
2025-08-23 16:54:42.294 T:4252 debug : CAMLCodec::AddData: dl:15691327 fl:31169 sz:277037(277120) lv:99.8% dts:10.427 pts:10.469
2025-08-23 16:54:42.296 T:4250 debug : CVideoPlayer::ProcessVideoData size:550322 dts:15.307 pts:15.515 dur:41.000ms, clock:8.091 level:60
2025-08-23 16:54:42.297 T:4252 debug : CAMLCodec::AddData: skip add data dl:15691244 fl:31252 sz:305156(305280) lv:101.7% dts:10.469 pts:10.594
2025-08-23 16:54:42.322 T:4073 info : Skipped 13 duplicate messages..
2025-08-23 16:54:42.322 T:4073 debug : CAMLCodec::PollFrame elapsed:29.111ms
2025-08-23 16:54:42.324 T:4252 debug : CAMLCodec::DequeueBuffer: pts:8.425 idx:202
2025-08-23 16:54:42.324 T:4252 debug : CAMLCodec::GetPicture: index: 202, pts: 8.425, dur:42.001ms ar:1.78 elf:39ms
2025-08-23 16:54:42.324 T:4252 debug : CVideoPlayerVideo::OutputPicture - ttd:305ms pts:8.425 Clock:8.119 Level:4
2025-08-23 16:54:42.326 T:4252 debug : CAMLCodec::AddData: skip add data dl:15684972 fl:37524 sz:305156(305280) lv:101.7% dts:10.469 pts:10.594
2025-08-23 16:54:42.333 T:4073 info : Skipped 1 duplicate messages..
2025-08-23 16:54:42.333 T:4073 debug : PrepareNextRender: frameOnScreen: 8.128 renderPts: 8.279 nextFramePts: 8.258 -> diff: 0.021 render: 1 forceNext: 0
2025-08-23 16:54:42.333 T:4073 debug : CAMLCodec::ReleaseFrame idx:198, drop:0
2025-08-23 16:54:42.334 T:4252 debug : CAMLCodec::AddData: dl:15720620 fl:1876 sz:305156(305280) lv:99.9% dts:10.469 pts:10.594
2025-08-23 16:54:42.335 T:4252 debug : CAMLCodec::AddData: skip add data dl:15720496 fl:2000 sz:270695(270784) lv:101.7% dts:10.510 pts:10.552
2025-08-23 16:54:42.347 T:4253 info : Skipped 7 duplicate messages..
2025-08-23 16:54:42.347 T:4253 debug : CVideoPlayerAudio::OutputPacket: pts:8.916 curr_pts:8.118 clock:8.143 level:83
2025-08-23 16:54:42.348 T:4252 debug : CAMLCodec::AddData: skip add data dl:15720496 fl:2000 sz:270695(270784) lv:101.7% dts:10.510 pts:10.552
2025-08-23 16:54:42.364 T:4073 info : Skipped 8 duplicate messages..
2025-08-23 16:54:42.364 T:4073 debug : CAMLCodec::PollFrame elapsed:30.223ms
2025-08-23 16:54:42.364 T:4252 debug : CAMLCodec::AddData: skip add data dl:15691376 fl:31120 sz:270695(270784) lv:101.5% dts:10.510 pts:10.552
2025-08-23 16:54:42.365 T:4252 debug : CAMLCodec::DequeueBuffer: pts:8.467 idx:203
2025-08-23 16:54:42.365 T:4252 debug : CAMLCodec::GetPicture: index: 203, pts: 8.467, dur:42.000ms ar:1.78 elf:40ms
2025-08-23 16:54:42.365 T:4252 debug : CVideoPlayerVideo::OutputPicture - ttd:306ms pts:8.467 Clock:8.160 Level:4
2025-08-23 16:54:42.367 T:4252 debug : CAMLCodec::AddData: skip add data dl:15691376 fl:31120 sz:270695(270784) lv:101.5% dts:10.510 pts:10.552
2025-08-23 16:54:42.373 T:4073 info : Skipped 2 duplicate messages..
2025-08-23 16:54:42.373 T:4073 debug : PrepareNextRender: frameOnScreen: 8.168 renderPts: 8.319 nextFramePts: 8.300 -> diff: 0.019 render: 1 forceNext: 0
2025-08-23 16:54:42.373 T:4073 debug : CAMLCodec::ReleaseFrame idx:199, drop:0
2025-08-23 16:54:42.376 T:4252 debug : CAMLCodec::AddData: dl:15695664 fl:26832 sz:270695(270784) lv:99.8% dts:10.510 pts:10.552
2025-08-23 16:54:42.377 T:4252 debug : CAMLCodec::AddData: skip add data dl:15695575 fl:26921 sz:283674(283776) lv:101.6% dts:10.552 pts:10.636
2025-08-23 16:54:42.390 T:4250 info : Skipped 6 duplicate messages..
2025-08-23 16:54:42.390 T:4250 debug : CVideoPlayer::ProcessVideoData size:481143 dts:15.349 pts:15.432 dur:41.000ms, clock:8.185 level:59
2025-08-23 16:54:42.390 T:4252 debug : CAMLCodec::AddData: skip add data dl:15695575 fl:26921 sz:283674(283776) lv:101.6% dts:10.552 pts:10.636
2025-08-23 16:54:42.406 T:4073 info : Skipped 7 duplicate messages..
2025-08-23 16:54:42.405 T:4073 debug : CAMLCodec::PollFrame elapsed:32.575ms
2025-08-23 16:54:42.406 T:4252 debug : CAMLCodec::DequeueBuffer: pts:8.508 idx:204
2025-08-23 16:54:42.407 T:4252 debug : CAMLCodec::GetPicture: index: 204, pts: 8.508, dur:41.000ms ar:1.78 elf:40ms
2025-08-23 16:54:42.407 T:4252 debug : CVideoPlayerVideo::OutputPicture - ttd:306ms pts:8.508 Clock:8.202 Level:4
2025-08-23 16:54:42.410 T:4252 debug : CAMLCodec::AddData: skip add data dl:15689175 fl:33321 sz:283674(283776) lv:101.6% dts:10.552 pts:10.636
2025-08-23 16:54:42.421 T:4073 info : Skipped 1 duplicate messages..
2025-08-23 16:54:42.421 T:4073 debug : PrepareNextRender: frameOnScreen: 8.216 renderPts: 8.367 nextFramePts: 8.342 -> diff: 0.025 render: 1 forceNext: 0
2025-08-23 16:54:42.421 T:4073 debug : CAMLCodec::ReleaseFrame idx:200, drop:0
2025-08-23 16:54:42.422 T:4252 debug : CAMLCodec::AddData: dl:15705431 fl:17065 sz:283674(283776) lv:99.9% dts:10.552 pts:10.636
2025-08-23 16:54:42.423 T:4252 debug : CAMLCodec::AddData: skip add data dl:15705329 fl:17167 sz:396030(396096) lv:102.4% dts:10.594 pts:10.969
2025-08-23 16:54:42.447 T:4073 info : Skipped 12 duplicate messages..
2025-08-23 16:54:42.447 T:4073 debug : CAMLCodec::PollFrame elapsed:26.330ms
2025-08-23 16:54:42.448 T:4253 debug : CVideoPlayerAudio::OutputPacket: pts:9.009 curr_pts:8.218 clock:8.243 level:82
2025-08-23 16:54:42.448 T:4252 debug : CAMLCodec::AddData: skip add data dl:15698737 fl:23759 sz:396030(396096) lv:102.3% dts:10.594 pts:10.969
2025-08-23 16:54:42.450 T:4252 debug : CAMLCodec::DequeueBuffer: pts:8.550 idx:205
2025-08-23 16:54:42.450 T:4252 debug : CAMLCodec::GetPicture: index: 205, pts: 8.550, dur:42.000ms ar:1.78 elf:42ms
2025-08-23 16:54:42.450 T:4252 debug : CVideoPlayerVideo::OutputPicture - ttd:305ms pts:8.550 Clock:8.245 Level:4
2025-08-23 16:54:42.452 T:4073 debug : PrepareNextRender: frameOnScreen: 8.247 renderPts: 8.398 nextFramePts: 8.383 -> diff: 0.015 render: 1 forceNext: 0
2025-08-23 16:54:42.452 T:4073 debug : CAMLCodec::ReleaseFrame idx:201, drop:0
2025-08-23 16:54:42.453 T:4252 debug : CAMLCodec::AddData: skip add data dl:15698737 fl:23759 sz:396030(396096) lv:102.3% dts:10.594 pts:10.969
2025-08-23 16:54:42.457 T:4252 info : Skipped 1 duplicate messages..
2025-08-23 16:54:42.457 T:4252 debug : CAMLCodec::AddData: skip add data dl:15367985 fl:354511 sz:396030(396096) lv:100.2% dts:10.594 pts:10.969
2025-08-23 16:54:42.489 T:4073 info : Skipped 17 duplicate messages..
2025-08-23 16:54:42.489 T:4073 debug : CAMLCodec::PollFrame elapsed:37.140ms
2025-08-23 16:54:42.492 T:4252 debug : CAMLCodec::AddData: dl:15684145 fl:38351 sz:396030(396096) lv:99.7% dts:10.594 pts:10.969
2025-08-23 16:54:42.492 T:4252 debug : CAMLCodec::DequeueBuffer: pts:8.592 idx:206
2025-08-23 16:54:42.493 T:4252 debug : CAMLCodec::GetPicture: index: 206, pts: 8.592, dur:42.000ms ar:1.78 elf:42ms
2025-08-23 16:54:42.493 T:4252 debug : CVideoPlayerVideo::OutputPicture - ttd:304ms pts:8.592 Clock:8.288 Level:4
2025-08-23 16:54:42.496 T:4252 debug : CAMLCodec::AddData: skip add data dl:15684079 fl:38417 sz:387167(387264) lv:102.2% dts:10.636 pts:10.844
2025-08-23 16:54:42.501 T:4252 info : Skipped 1 duplicate messages..
2025-08-23 16:54:42.501 T:4252 debug : CAMLCodec::AddData: skip add data dl:15350639 fl:371857 sz:387167(387264) lv:100.1% dts:10.636 pts:10.844
2025-08-23 16:54:42.501 T:4073 debug : PrepareNextRender: frameOnScreen: 8.296 renderPts: 8.447 nextFramePts: 8.425 -> diff: 0.022 render: 1 forceNext: 0
2025-08-23 16:54:42.502 T:4073 debug : CAMLCodec::ReleaseFrame idx:202, drop:0
2025-08-23 16:54:42.503 T:4252 debug : CAMLCodec::AddData: skip add data dl:15350639 fl:371857 sz:387167(387264) lv:100.1% dts:10.636 pts:10.844
2025-08-23 16:54:42.512 T:4250 info : Skipped 4 duplicate messages..
2025-08-23 16:54:42.512 T:4250 debug : CVideoPlayer::ProcessVideoData size:432731 dts:15.390 pts:15.390 dur:41.000ms, clock:8.307 level:59
2025-08-23 16:54:42.513 T:4252 debug : CAMLCodec::AddData: skip add data dl:15350639 fl:371857 sz:387167(387264) lv:100.1% dts:10.636 pts:10.844
2025-08-23 16:54:42.531 T:4073 info : Skipped 7 duplicate messages..
2025-08-23 16:54:42.531 T:4073 debug : CAMLCodec::PollFrame elapsed:29.121ms
2025-08-23 16:54:42.532 T:4252 debug : CAMLCodec::AddData: skip add data dl:15350639 fl:371857 sz:387167(387264) lv:100.1% dts:10.636 pts:10.844
2025-08-23 16:54:42.539 T:4073 info : Skipped 3 duplicate messages..
2025-08-23 16:54:42.539 T:4073 debug : PrepareNextRender: frameOnScreen: 8.334 renderPts: 8.485 nextFramePts: 8.467 -> diff: 0.018 render: 1 forceNext: 0
2025-08-23 16:54:42.539 T:4073 debug : CAMLCodec::ReleaseFrame idx:203, drop:0
2025-08-23 16:54:42.540 T:4252 debug : CAMLCodec::AddData: skip add data dl:15350639 fl:371857 sz:387167(387264) lv:100.1% dts:10.636 pts:10.844
2025-08-23 16:54:42.548 T:4253 info : Skipped 4 duplicate messages..
2025-08-23 16:54:42.548 T:4253 debug : CVideoPlayerAudio::OutputPacket: pts:9.101 curr_pts:8.318 clock:8.343 level:81
2025-08-23 16:54:42.549 T:4252 debug : CAMLCodec::AddData: skip add data dl:15350639 fl:371857 sz:387167(387264) lv:100.1% dts:10.636 pts:10.844
2025-08-23 16:54:42.572 T:4073 info : Skipped 12 duplicate messages..
2025-08-23 16:54:42.572 T:4073 debug : CAMLCodec::PollFrame elapsed:33.256ms
2025-08-23 16:54:42.573 T:4252 debug : CAMLCodec::AddData: skip add data dl:15350639 fl:371857 sz:387167(387264) lv:100.1% dts:10.636 pts:10.844
2025-08-23 16:54:42.575 T:4252 debug : CAMLCodec::DequeueBuffer: pts:8.634 idx:207
2025-08-23 16:54:42.575 T:4252 debug : CAMLCodec::GetPicture: index: 207, pts: 8.634, dur:42.000ms ar:1.78 elf:82ms
2025-08-23 16:54:42.575 T:4252 debug : CVideoPlayerVideo::OutputPicture - ttd:264ms pts:8.634 Clock:8.370 Level:3
2025-08-23 16:54:42.581 T:4073 debug : PrepareNextRender: frameOnScreen: 8.376 renderPts: 8.527 nextFramePts: 8.508 -> diff: 0.019 render: 1 forceNext: 0
2025-08-23 16:54:42.582 T:4073 debug : CAMLCodec::ReleaseFrame idx:204, drop:0
2025-08-23 16:54:42.582 T:4252 debug : CAMLCodec::AddData: dl:15700591 fl:21905 sz:387167(387264) lv:99.8% dts:10.636 pts:10.844
2025-08-23 16:54:42.583 T:4252 debug : CAMLCodec::AddData: skip add data dl:15435726 fl:286770 sz:326021(326144) lv:100.2% dts:10.677 pts:10.761
2025-08-23 16:54:42.585 T:4250 debug : CVideoPlayer::ProcessVideoData size:438340 dts:15.432 pts:15.474 dur:41.000ms, clock:8.380 level:59
2025-08-23 16:54:42.586 T:4252 debug : CAMLCodec::DequeueBuffer: pts:8.675 idx:208
2025-08-23 16:54:42.587 T:4252 debug : CAMLCodec::GetPicture: index: 208, pts: 8.675, dur:41.000ms ar:1.78 elf:11ms
2025-08-23 16:54:42.587 T:4252 debug : CVideoPlayerVideo::OutputPicture - ttd:293ms pts:8.675 Clock:8.381 Level:3
2025-08-23 16:54:42.590 T:4252 debug : CAMLCodec::AddData: skip add data dl:15407054 fl:315442 sz:326021(326144) lv:100.0% dts:10.677 pts:10.761
2025-08-23 16:54:42.598 T:4253 info : Skipped 1 duplicate messages..
2025-08-23 16:54:42.598 T:4253 debug : CVideoPlayerAudio::OutputPacket: pts:9.194 curr_pts:8.367 clock:8.393 level:79
2025-08-23 16:54:42.599 T:4252 debug : CAMLCodec::AddData: dl:15471054 fl:251442 sz:326021(326144) lv:98.4% dts:10.677 pts:10.761
2025-08-23 16:54:42.601 T:4252 debug : CAMLCodec::AddData: skip add data dl:15470931 fl:251565 sz:294210(294336) lv:100.2% dts:10.719 pts:10.719
2025-08-23 16:54:42.614 T:4073 info : Skipped 7 duplicate messages..
2025-08-23 16:54:42.614 T:4073 debug : CAMLCodec::PollFrame elapsed:32.539ms
2025-08-23 16:54:42.615 T:4252 debug : CAMLCodec::AddData: skip add data dl:15463315 fl:259181 sz:294210(294336) lv:100.2% dts:10.719 pts:10.719
2025-08-23 16:54:42.617 T:4252 debug : CAMLCodec::DequeueBuffer: pts:8.717 idx:209
2025-08-23 16:54:42.617 T:4252 debug : CAMLCodec::GetPicture: index: 209, pts: 8.717, dur:42.000ms ar:1.78 elf:30ms
2025-08-23 16:54:42.617 T:4252 debug : CVideoPlayerVideo::OutputPicture - ttd:305ms pts:8.717 Clock:8.412 Level:4
2025-08-23 16:54:42.620 T:4252 debug : CAMLCodec::AddData: skip add data dl:15463315 fl:259181 sz:294210(294336) lv:100.2% dts:10.719 pts:10.719
2025-08-23 16:54:42.622 T:4073 info : Skipped 1 duplicate messages..
2025-08-23 16:54:42.622 T:4073 debug : PrepareNextRender: frameOnScreen: 8.417 renderPts: 8.568 nextFramePts: 8.550 -> diff: 0.018 render: 1 forceNext: 0
2025-08-23 16:54:42.622 T:4073 debug : CAMLCodec::ReleaseFrame idx:205, drop:0
2025-08-23 16:54:42.624 T:4252 debug : CAMLCodec::AddData: skip add data dl:15463315 fl:259181 sz:294210(294336) lv:100.2% dts:10.719 pts:10.719
2025-08-23 16:54:42.627 T:4250 debug : CVideoPlayer::ProcessVideoData size:478372 dts:15.474 pts:15.599 dur:41.000ms, clock:8.422 level:59
2025-08-23 16:54:42.630 T:4252 debug : CAMLCodec::AddData: dl:15492307 fl:230189 sz:294210(294336) lv:98.5% dts:10.719 pts:10.719
2025-08-23 16:54:42.630 T:4252 debug : CAMLCodec::AddData: skip add data dl:15492181 fl:230315 sz:289851(289920) lv:100.3% dts:10.761 pts:10.802
2025-08-23 16:54:42.656 T:4073 info : Skipped 13 duplicate messages..
2025-08-23 16:54:42.656 T:4073 debug : CAMLCodec::PollFrame elapsed:33.763ms
2025-08-23 16:54:42.657 T:4252 debug : CAMLCodec::AddData: skip add data dl:15492181 fl:230315 sz:289851(289920) lv:100.3% dts:10.761 pts:10.802
2025-08-23 16:54:42.658 T:4252 debug : CAMLCodec::DequeueBuffer: pts:8.759 idx:210
2025-08-23 16:54:42.658 T:4252 debug : CAMLCodec::GetPicture: index: 210, pts: 8.759, dur:42.000ms ar:1.78 elf:41ms
2025-08-23 16:54:42.658 T:4252 debug : CVideoPlayerVideo::OutputPicture - ttd:306ms pts:8.759 Clock:8.453 Level:4
2025-08-23 16:54:42.661 T:4252 debug : CAMLCodec::AddData: skip add data dl:15486421 fl:236075 sz:289851(289920) lv:100.3% dts:10.761 pts:10.802
2025-08-23 16:54:42.665 T:4073 info : Skipped 1 duplicate messages..
2025-08-23 16:54:42.665 T:4073 debug : PrepareNextRender: frameOnScreen: 8.460 renderPts: 8.611 nextFramePts: 8.592 -> diff: 0.019 render: 1 forceNext: 0
2025-08-23 16:54:42.665 T:4073 debug : CAMLCodec::ReleaseFrame idx:206, drop:0
2025-08-23 16:54:42.666 T:4252 debug : CAMLCodec::AddData: skip add data dl:15486421 fl:236075 sz:289851(289920) lv:100.3% dts:10.761 pts:10.802
2025-08-23 16:54:42.670 T:4252 debug : CAMLCodec::AddData: dl:15500757 fl:221739 sz:289851(289920) lv:98.6% dts:10.761 pts:10.802
2025-08-23 16:54:42.671 T:4252 debug : CAMLCodec::AddData: skip add data dl:15500688 fl:221808 sz:319644(319744) lv:100.6% dts:10.802 pts:10.928
2025-08-23 16:54:42.698 T:4253 info : Skipped 15 duplicate messages..
2025-08-23 16:54:42.698 T:4253 debug : CVideoPlayerAudio::OutputPacket: pts:9.287 curr_pts:8.467 clock:8.493 level:78
2025-08-23 16:54:42.698 T:4073 debug : CAMLCodec::PollFrame elapsed:32.726ms
2025-08-23 16:54:42.701 T:4252 debug : CAMLCodec::DequeueBuffer: pts:8.800 idx:211
2025-08-23 16:54:42.701 T:4252 debug : CAMLCodec::GetPicture: index: 211, pts: 8.800, dur:41.000ms ar:1.78 elf:42ms
2025-08-23 16:54:42.701 T:4252 debug : CVideoPlayerVideo::OutputPicture - ttd:304ms pts:8.800 Clock:8.496 Level:4
2025-08-23 16:54:42.703 T:4252 debug : CAMLCodec::AddData: skip add data dl:15470736 fl:251760 sz:319644(319744) lv:100.4% dts:10.802 pts:10.928
2025-08-23 16:54:42.710 T:4250 info : Skipped 1 duplicate messages..
2025-08-23 16:54:42.710 T:4250 debug : CVideoPlayer::ProcessVideoData size:436828 dts:15.515 pts:15.557 dur:41.000ms, clock:8.504 level:58
2025-08-23 16:54:42.710 T:4252 debug : CAMLCodec::AddData: dl:15525200 fl:197296 sz:319644(319744) lv:98.7% dts:10.802 pts:10.928
2025-08-23 16:54:42.711 T:4073 debug : PrepareNextRender: frameOnScreen: 8.506 renderPts: 8.657 nextFramePts: 8.634 -> diff: 0.023 render: 1 forceNext: 0
2025-08-23 16:54:42.711 T:4252 debug : CAMLCodec::AddData: skip add data dl:15525100 fl:197396 sz:296027(296128) lv:100.6% dts:10.844 pts:10.886
2025-08-23 16:54:42.711 T:4073 debug : CAMLCodec::ReleaseFrame idx:207, drop:0
2025-08-23 16:54:42.713 T:4252 debug : CAMLCodec::AddData: skip add data dl:15525100 fl:197396 sz:296027(296128) lv:100.6% dts:10.844 pts:10.886
2025-08-23 16:54:42.740 T:4073 info : Skipped 14 duplicate messages..
2025-08-23 16:54:42.740 T:4073 debug : CAMLCodec::PollFrame elapsed:28.262ms
2025-08-23 16:54:42.741 T:4252 debug : CAMLCodec::DequeueBuffer: pts:8.842 idx:212
2025-08-23 16:54:42.741 T:4252 debug : CAMLCodec::GetPicture: index: 212, pts: 8.842, dur:42.000ms ar:1.78 elf:40ms
2025-08-23 16:54:42.742 T:4252 debug : CVideoPlayerVideo::OutputPicture - ttd:305ms pts:8.842 Clock:8.536 Level:4
2025-08-23 16:54:42.743 T:4252 debug : CAMLCodec::DequeueBuffer: pts:8.884 idx:213
2025-08-23 16:54:42.743 T:4252 debug : CAMLCodec::GetPicture: index: 213, pts: 8.884, dur:42.000ms ar:1.78 elf:1ms
2025-08-23 16:54:42.743 T:4252 debug : CVideoPlayerVideo::OutputPicture - ttd:346ms pts:8.884 Clock:8.538 Level:5
2025-08-23 16:54:42.744 T:4252 debug : CAMLCodec::DequeueBuffer: pts:8.926 idx:214
2025-08-23 16:54:42.744 T:4252 debug : CAMLCodec::GetPicture: index: 214, pts: 8.926, dur:42.000ms ar:1.78 elf:1ms
2025-08-23 16:54:42.744 T:4252 debug : CVideoPlayerVideo::OutputPicture - ttd:386ms pts:8.926 Clock:8.539 Level:6
2025-08-23 16:54:42.746 T:4252 debug : CAMLCodec::DequeueBuffer: pts:8.967 idx:215
2025-08-23 16:54:42.746 T:4252 debug : CAMLCodec::GetPicture: index: 215, pts: 8.967, dur:41.000ms ar:1.78 elf:1ms
2025-08-23 16:54:42.751 T:4073 debug : PrepareNextRender: frameOnScreen: 8.546 renderPts: 8.697 nextFramePts: 8.675 -> diff: 0.022 render: 1 forceNext: 0
2025-08-23 16:54:42.751 T:4252 debug : CVideoPlayerVideo::OutputPicture - ttd:426ms pts:8.967 Clock:8.541 Level:6
2025-08-23 16:54:42.751 T:4073 debug : CAMLCodec::ReleaseFrame idx:208, drop:0
2025-08-23 16:54:42.756 T:4252 debug : CAMLCodec::AddData: dl:15291436 fl:431060 sz:296027(296128) lv:97.2% dts:10.844 pts:10.886
2025-08-23 16:54:42.757 T:4252 debug : CAMLCodec::AddData: skip add data dl:15133255 fl:589241 sz:613438(613504) lv:100.1% dts:10.886 pts:11.011
2025-08-23 16:54:42.764 T:4250 info : Skipped 2 duplicate messages..
2025-08-23 16:54:42.764 T:4250 debug : CVideoPlayer::ProcessVideoData size:757323 dts:15.557 pts:15.682 dur:41.000ms, clock:8.559 level:58
2025-08-23 16:54:42.768 T:4252 debug : CAMLCodec::AddData: dl:15404615 fl:317881 sz:613438(613504) lv:97.9% dts:10.886 pts:11.011
2025-08-23 16:54:42.772 T:4252 debug : CAMLCodec::AddData: dl:15533253 fl:189243 sz:128587(128704) lv:98.8% dts:10.928 pts:11.345
2025-08-23 16:54:42.772 T:4252 debug : CAMLCodec::AddData: dl:15537232 fl:185264 sz:3319(4096) lv:98.8% dts:10.969 pts:11.178
2025-08-23 16:54:42.775 T:4252 debug : CAMLCodec::AddData: dl:15603783 fl:118713 sz:67222(67328) lv:99.2% dts:11.011 pts:11.094
2025-08-23 16:54:42.776 T:4250 debug : CVideoPlayer::ProcessAudioData size:9531 dts:15.697 pts:15.697 dur:92.000ms, clock:8.570 drop:0 level:78
2025-08-23 16:54:42.776 T:4250 debug : CVideoPlayer::ProcessAudioData size:8488 dts:15.789 pts:15.789 dur:92.000ms, clock:8.571 drop:0 level:79
2025-08-23 16:54:42.777 T:4250 debug : CVideoPlayer::ProcessAudioData size:9060 dts:15.882 pts:15.882 dur:92.000ms, clock:8.571 drop:0 level:81
2025-08-23 16:54:42.777 T:4250 debug : CVideoPlayer::ProcessAudioData size:9191 dts:15.975 pts:15.975 dur:92.000ms, clock:8.572 drop:0 level:82
2025-08-23 16:54:42.781 T:4250 debug : CVideoPlayer::ProcessVideoData size:673666 dts:15.599 pts:16.016 dur:41.000ms, clock:8.575 level:57
2025-08-23 16:54:42.781 T:4252 debug : CAMLCodec::AddData: skip add data dl:15603677 fl:118819 sz:202232(202304) lv:100.5% dts:11.053 pts:11.053
2025-08-23 16:54:42.782 T:4073 debug : CAMLCodec::PollFrame elapsed:30.418ms
2025-08-23 16:54:42.786 T:4252 debug : CAMLCodec::AddData: dl:15678301 fl:44195 sz:202232(202304) lv:99.7% dts:11.053 pts:11.053
2025-08-23 16:54:42.787 T:4252 debug : CAMLCodec::AddData: dl:15685525 fl:36971 sz:7186(7296) lv:99.7% dts:11.094 pts:11.136
2025-08-23 16:54:42.787 T:4252 debug : CAMLCodec::AddData: dl:15690407 fl:32089 sz:4922(4992) lv:99.8% dts:11.136 pts:11.261
2025-08-23 16:54:42.787 T:4252 debug : CAMLCodec::AddData: dl:15694433 fl:28063 sz:1340(4096) lv:99.8% dts:11.178 pts:11.220
2025-08-23 16:54:42.787 T:4252 debug : CAMLCodec::AddData: dl:15694433 fl:28063 sz:1540(4096) lv:99.8% dts:11.220 pts:11.303
2025-08-23 16:54:42.788 T:4252 debug : CAMLCodec::AddData: dl:15694433 fl:28063 sz:1863(4096) lv:99.8% dts:11.261 pts:11.637
2025-08-23 16:54:42.788 T:4252 debug : CAMLCodec::AddData: dl:15699176 fl:23320 sz:781(4096) lv:99.8% dts:11.303 pts:11.511
2025-08-23 16:54:42.788 T:4252 debug : CAMLCodec::AddData: dl:15699957 fl:22539 sz:668(4096) lv:99.8% dts:11.345 pts:11.428
2025-08-23 16:54:42.788 T:4252 debug : CAMLCodec::AddData: dl:15700625 fl:21871 sz:615(4096) lv:99.8% dts:11.386 pts:11.386
2025-08-23 16:54:42.788 T:4252 debug : CAMLCodec::AddData: dl:15700625 fl:21871 sz:590(4096) lv:99.8% dts:11.428 pts:11.470
2025-08-23 16:54:42.789 T:4252 debug : CAMLCodec::AddData: dl:15701830 fl:20666 sz:709(4096) lv:99.8% dts:11.470 pts:11.595
2025-08-23 16:54:42.789 T:4252 debug : CAMLCodec::AddData: dl:15702539 fl:19957 sz:586(4096) lv:99.8% dts:11.511 pts:11.553
2025-08-23 16:54:42.789 T:4252 debug : CAMLCodec::AddData: dl:15703125 fl:19371 sz:3173(4096) lv:99.8% dts:11.553 pts:11.678
2025-08-23 16:54:42.789 T:4252 debug : CAMLCodec::AddData: dl:15706298 fl:16198 sz:543(4096) lv:99.9% dts:11.595 pts:12.012
2025-08-23 16:54:42.789 T:4252 debug : CAMLCodec::AddData: dl:15706841 fl:15655 sz:559(4096) lv:99.9% dts:11.637 pts:11.845
2025-08-23 16:54:42.789 T:4252 debug : CAMLCodec::AddData: dl:15707400 fl:15096 sz:561(4096) lv:99.9% dts:11.678 pts:11.762
2025-08-23 16:54:42.789 T:4252 debug : CAMLCodec::AddData: dl:15707961 fl:14535 sz:561(4096) lv:99.9% dts:11.720 pts:11.720
2025-08-23 16:54:42.789 T:4252 debug : CAMLCodec::AddData: dl:15708522 fl:13974 sz:561(4096) lv:99.9% dts:11.762 pts:11.803
2025-08-23 16:54:42.789 T:4252 debug : CAMLCodec::AddData: dl:15709083 fl:13413 sz:561(4096) lv:99.9% dts:11.803 pts:11.929
2025-08-23 16:54:42.790 T:4252 debug : CAMLCodec::AddData: dl:15709644 fl:12852 sz:561(4096) lv:99.9% dts:11.845 pts:11.887
2025-08-23 16:54:42.790 T:4252 debug : CAMLCodec::AddData: dl:15710205 fl:12291 sz:561(4096) lv:99.9% dts:11.887 pts:11.970
2025-08-23 16:54:42.791 T:4252 debug : CAMLCodec::AddData: skip add data dl:15706670 fl:15826 sz:504376(504448) lv:103.1% dts:11.929 pts:12.346
2025-08-23 16:54:42.794 T:4252 debug : CAMLCodec::AddData: skip add data dl:15375854 fl:346642 sz:504376(504448) lv:101.0% dts:11.929 pts:12.346
2025-08-23 16:54:42.799 T:4253 info : Skipped 2 duplicate messages..
2025-08-23 16:54:42.799 T:4253 debug : CVideoPlayerAudio::OutputPacket: pts:9.381 curr_pts:8.567 clock:8.593 level:82
2025-08-23 16:54:42.800 T:4252 debug : CAMLCodec::AddData: skip add data dl:15375854 fl:346642 sz:504376(504448) lv:101.0% dts:11.929 pts:12.346
2025-08-23 16:54:42.802 T:4073 debug : PrepareNextRender: frameOnScreen: 8.597 renderPts: 8.748 nextFramePts: 8.717 -> diff: 0.031 render: 1 forceNext: 0
2025-08-23 16:54:42.802 T:4252 debug : CAMLCodec::AddData: skip add data dl:15375854 fl:346642 sz:504376(504448) lv:101.0% dts:11.929 pts:12.346
2025-08-23 16:54:42.802 T:4073 debug : CAMLCodec::ReleaseFrame idx:209, drop:0
2025-08-23 16:54:42.804 T:4252 debug : CAMLCodec::AddData: skip add data dl:15375854 fl:346642 sz:504376(504448) lv:101.0% dts:11.929 pts:12.346
2025-08-23 16:54:42.823 T:4073 info : Skipped 9 duplicate messages..
2025-08-23 16:54:42.823 T:4073 debug : CAMLCodec::PollFrame elapsed:20.052ms
2025-08-23 16:54:42.825 T:4252 debug : CAMLCodec::AddData: skip add data dl:15338670 fl:383826 sz:504376(504448) lv:100.7% dts:11.929 pts:12.346
2025-08-23 16:54:42.831 T:4073 info : Skipped 2 duplicate messages..
2025-08-23 16:54:42.831 T:4073 debug : PrepareNextRender: frameOnScreen: 8.626 renderPts: 8.777 nextFramePts: 8.759 -> diff: 0.018 render: 1 forceNext: 0
2025-08-23 16:54:42.831 T:4073 debug : CAMLCodec::ReleaseFrame idx:210, drop:0
2025-08-23 16:54:42.837 T:4252 debug : CAMLCodec::AddData: dl:15576558 fl:145938 sz:504376(504448) lv:99.0% dts:11.929 pts:12.346
2025-08-23 16:54:42.840 T:4252 debug : CAMLCodec::AddData: dl:15711526 fl:10970 sz:134962(135040) lv:99.9% dts:11.970 pts:12.179
2025-08-23 16:54:42.840 T:4252 debug : CAMLCodec::AddData: dl:15715544 fl:6952 sz:1079(4096) lv:99.9% dts:12.012 pts:12.095
2025-08-23 16:54:42.840 T:4252 debug : CAMLCodec::AddData: dl:15716623 fl:5873 sz:624(4096) lv:99.9% dts:12.054 pts:12.054
2025-08-23 16:54:42.841 T:4252 debug : CAMLCodec::AddData: dl:15725311 fl:-2815 sz:12062(12160) lv:100.0% dts:12.095 pts:12.137
2025-08-23 16:54:42.841 T:4252 debug : CAMLCodec::AddData: skip add data dl:15722496 fl:0 sz:315849(315968) lv:100.0% dts:12.137 pts:12.262
2025-08-23 16:54:42.844 T:4250 info : Skipped 1 duplicate messages..
2025-08-23 16:54:42.844 T:4250 debug : CVideoPlayer::ProcessVideoData size:542101 dts:15.641 pts:15.849 dur:41.000ms, clock:8.639 level:44
2025-08-23 16:54:42.846 T:4252 debug : CAMLCodec::AddData: skip add data dl:15722496 fl:0 sz:315849(315968) lv:100.0% dts:12.137 pts:12.262
2025-08-23 16:54:42.865 T:4073 info : Skipped 10 duplicate messages..
2025-08-23 16:54:42.865 T:4073 debug : CAMLCodec::PollFrame elapsed:33.198ms
2025-08-23 16:54:42.866 T:4252 debug : CAMLCodec::AddData: skip add data dl:15694080 fl:28416 sz:315849(315968) lv:101.8% dts:12.137 pts:12.262
2025-08-23 16:54:42.867 T:4252 debug : CAMLCodec::DequeueBuffer: pts:9.009 idx:216
2025-08-23 16:54:42.867 T:4252 debug : CAMLCodec::GetPicture: index: 216, pts: 9.009, dur:42.000ms ar:1.78 elf:121ms
2025-08-23 16:54:42.867 T:4252 debug : CVideoPlayerVideo::OutputPicture - ttd:347ms pts:9.009 Clock:8.662 Level:5
2025-08-23 16:54:42.869 T:4252 debug : CAMLCodec::AddData: skip add data dl:15694080 fl:28416 sz:315849(315968) lv:101.8% dts:12.137 pts:12.262
2025-08-23 16:54:42.877 T:4252 info : Skipped 2 duplicate messages..
2025-08-23 16:54:42.877 T:4252 debug : CAMLCodec::AddData: skip add data dl:15429248 fl:293248 sz:315849(315968) lv:100.1% dts:12.137 pts:12.262
2025-08-23 16:54:42.878 T:4073 info : Skipped 1 duplicate messages..
2025-08-23 16:54:42.878 T:4073 debug : PrepareNextRender: frameOnScreen: 8.673 renderPts: 8.824 nextFramePts: 8.800 -> diff: 0.024 render: 1 forceNext: 0
2025-08-23 16:54:42.879 T:4073 debug : CAMLCodec::ReleaseFrame idx:211, drop:0
2025-08-23 16:54:42.880 T:4252 debug : CAMLCodec::AddData: skip add data dl:15429248 fl:293248 sz:315849(315968) lv:100.1% dts:12.137 pts:12.262
2025-08-23 16:54:42.897 T:4250 info : Skipped 9 duplicate messages..
2025-08-23 16:54:42.897 T:4250 debug : CVideoPlayer::ProcessVideoData size:464430 dts:15.682 pts:15.766 dur:41.000ms, clock:8.691 level:44
2025-08-23 16:54:42.897 T:4252 debug : CAMLCodec::AddData: skip add data dl:15429248 fl:293248 sz:315849(315968) lv:100.1% dts:12.137 pts:12.262
2025-08-23 16:54:42.898 T:4253 debug : CVideoPlayerAudio::OutputPacket: pts:9.473 curr_pts:8.668 clock:8.693 level:81
2025-08-23 16:54:42.899 T:4252 debug : CAMLCodec::AddData: skip add data dl:15429248 fl:293248 sz:315849(315968) lv:100.1% dts:12.137 pts:12.262
2025-08-23 16:54:42.907 T:4073 info : Skipped 3 duplicate messages..
2025-08-23 16:54:42.907 T:4073 debug : CAMLCodec::PollFrame elapsed:27.954ms
2025-08-23 16:54:42.908 T:4252 debug : CAMLCodec::AddData: skip add data dl:15421824 fl:300672 sz:315849(315968) lv:100.1% dts:12.137 pts:12.262
2025-08-23 16:54:42.909 T:4252 debug : CAMLCodec::DequeueBuffer: pts:9.051 idx:217
2025-08-23 16:54:42.909 T:4252 debug : CAMLCodec::GetPicture: index: 217, pts: 9.051, dur:42.000ms ar:1.78 elf:41ms
2025-08-23 16:54:42.910 T:4252 debug : CVideoPlayerVideo::OutputPicture - ttd:347ms pts:9.051 Clock:8.704 Level:5
2025-08-23 16:54:42.912 T:4252 debug : CAMLCodec::AddData: skip add data dl:15421824 fl:300672 sz:315849(315968) lv:100.1% dts:12.137 pts:12.262
2025-08-23 16:54:42.917 T:4073 info : Skipped 1 duplicate messages..
2025-08-23 16:54:42.917 T:4073 debug : PrepareNextRender: frameOnScreen: 8.711 renderPts: 8.862 nextFramePts: 8.842 -> diff: 0.020 render: 1 forceNext: 0
2025-08-23 16:54:42.917 T:4073 debug : CAMLCodec::ReleaseFrame idx:212, drop:0
2025-08-23 16:54:42.920 T:4252 debug : CAMLCodec::AddData: dl:15472704 fl:249792 sz:315849(315968) lv:98.4% dts:12.137 pts:12.262
2025-08-23 16:54:42.920 T:4252 debug : CAMLCodec::AddData: skip add data dl:15475302 fl:247194 sz:259113(259200) lv:100.0% dts:12.179 pts:12.221
2025-08-23 16:54:42.948 T:4073 info : Skipped 17 duplicate messages..
2025-08-23 16:54:42.948 T:4073 debug : CAMLCodec::PollFrame elapsed:31.399ms
2025-08-23 16:54:42.952 T:4252 debug : CAMLCodec::AddData: dl:15727718 fl:-5222 sz:259113(259200) lv:100.0% dts:12.179 pts:12.221
2025-08-23 16:54:42.952 T:4252 debug : CAMLCodec::DequeueBuffer: pts:9.092 idx:218
2025-08-23 16:54:42.952 T:4252 debug : CAMLCodec::GetPicture: index: 218, pts: 9.092, dur:41.000ms ar:1.78 elf:42ms
2025-08-23 16:54:42.952 T:4252 debug : CVideoPlayerVideo::OutputPicture - ttd:345ms pts:9.092 Clock:8.746 Level:5
2025-08-23 16:54:42.954 T:4252 debug : CAMLCodec::AddData: skip add data dl:15722496 fl:0 sz:362829(362944) lv:100.0% dts:12.221 pts:12.304
2025-08-23 16:54:42.955 T:4073 debug : PrepareNextRender: frameOnScreen: 8.749 renderPts: 8.900 nextFramePts: 8.884 -> diff: 0.016 render: 1 forceNext: 0
2025-08-23 16:54:42.955 T:4073 debug : CAMLCodec::ReleaseFrame idx:213, drop:0
2025-08-23 16:54:42.957 T:4252 debug : CAMLCodec::AddData: skip add data dl:15722496 fl:0 sz:362829(362944) lv:100.0% dts:12.221 pts:12.304
2025-08-23 16:54:42.959 T:4252 debug : CAMLCodec::AddData: skip add data dl:15457216 fl:265280 sz:362829(362944) lv:100.6% dts:12.221 pts:12.304
2025-08-23 16:54:42.979 T:4250 info : Skipped 10 duplicate messages..
2025-08-23 16:54:42.979 T:4250 debug : CVideoPlayer::ProcessVideoData size:428365 dts:15.724 pts:15.724 dur:41.000ms, clock:8.773 level:43
2025-08-23 16:54:42.979 T:4252 debug : CAMLCodec::AddData: skip add data dl:15457216 fl:265280 sz:362829(362944) lv:100.6% dts:12.221 pts:12.304
2025-08-23 16:54:42.990 T:4073 info : Skipped 6 duplicate messages..
2025-08-23 16:54:42.990 T:4073 debug : CAMLCodec::PollFrame elapsed:34.746ms
2025-08-23 16:54:42.991 T:4252 debug : CAMLCodec::DequeueBuffer: pts:9.134 idx:219
2025-08-23 16:54:42.991 T:4252 debug : CAMLCodec::GetPicture: index: 219, pts: 9.134, dur:42.000ms ar:1.78 elf:38ms
2025-08-23 16:54:42.992 T:4252 debug : CVideoPlayerVideo::OutputPicture - ttd:348ms pts:9.134 Clock:8.786 Level:5
2025-08-23 16:54:42.994 T:4252 debug : CAMLCodec::AddData: skip add data dl:15428864 fl:293632 sz:362829(362944) lv:100.4% dts:12.221 pts:12.304
2025-08-23 16:54:43.001 T:4253 info : Skipped 2 duplicate messages..
2025-08-23 16:54:43.001 T:4253 debug : CVideoPlayerAudio::OutputPacket: pts:9.566 curr_pts:8.769 clock:8.795 level:79
2025-08-23 16:54:43.007 T:4252 debug : CAMLCodec::AddData: dl:15532352 fl:190144 sz:362829(362944) lv:98.8% dts:12.221 pts:12.304
2025-08-23 16:54:43.008 T:4252 debug : CAMLCodec::AddData: skip add data dl:15537372 fl:185124 sz:547155(547264) lv:102.3% dts:12.262 pts:12.638
2025-08-23 16:54:43.009 T:4073 debug : PrepareNextRender: frameOnScreen: 8.803 renderPts: 8.954 nextFramePts: 8.926 -> diff: 0.028 render: 1 forceNext: 0
2025-08-23 16:54:43.009 T:4073 debug : CAMLCodec::ReleaseFrame idx:214, drop:0
2025-08-23 16:54:43.010 T:4252 debug : CAMLCodec::AddData: skip add data dl:15537372 fl:185124 sz:547155(547264) lv:102.3% dts:12.262 pts:12.638
2025-08-23 16:54:43.030 T:4250 info : Skipped 9 duplicate messages..
2025-08-23 16:54:43.030 T:4250 debug : CVideoPlayer::ProcessVideoData size:425638 dts:15.766 pts:15.807 dur:41.000ms, clock:8.824 level:43
2025-08-23 16:54:43.030 T:4252 debug : CAMLCodec::AddData: skip add data dl:15537372 fl:185124 sz:547155(547264) lv:102.3% dts:12.262 pts:12.638
2025-08-23 16:54:43.032 T:4073 debug : CAMLCodec::PollFrame elapsed:22.429ms
2025-08-23 16:54:43.033 T:4252 debug : CAMLCodec::AddData: skip add data dl:15531164 fl:191332 sz:547155(547264) lv:102.2% dts:12.262 pts:12.638
2025-08-23 16:54:43.035 T:4252 debug : CAMLCodec::DequeueBuffer: pts:9.176 idx:220
2025-08-23 16:54:43.035 T:4252 debug : CAMLCodec::GetPicture: index: 220, pts: 9.176, dur:42.000ms ar:1.78 elf:43ms
2025-08-23 16:54:43.035 T:4252 debug : CVideoPlayerVideo::OutputPicture - ttd:346ms pts:9.176 Clock:8.829 Level:5
2025-08-23 16:54:43.038 T:4252 debug : CAMLCodec::AddData: skip add data dl:15531164 fl:191332 sz:547155(547264) lv:102.2% dts:12.262 pts:12.638
2025-08-23 16:54:43.043 T:4252 debug : CAMLCodec::AddData: skip add data dl:15273628 fl:448868 sz:547155(547264) lv:100.6% dts:12.262 pts:12.638
2025-08-23 16:54:43.044 T:4073 debug : PrepareNextRender: frameOnScreen: 8.838 renderPts: 8.990 nextFramePts: 8.967 -> diff: 0.023 render: 1 forceNext: 0
2025-08-23 16:54:43.044 T:4073 debug : CAMLCodec::ReleaseFrame idx:215, drop:0
2025-08-23 16:54:43.045 T:4252 debug : CAMLCodec::AddData: skip add data dl:15273628 fl:448868 sz:547155(547264) lv:100.6% dts:12.262 pts:12.638
2025-08-23 16:54:43.074 T:4073 info : Skipped 12 duplicate messages..
2025-08-23 16:54:43.074 T:4073 debug : CAMLCodec::PollFrame elapsed:29.108ms
2025-08-23 16:54:43.074 T:4252 debug : CAMLCodec::DequeueBuffer: pts:9.218 idx:221
2025-08-23 16:54:43.074 T:4252 debug : CAMLCodec::GetPicture: index: 221, pts: 9.218, dur:42.000ms ar:1.78 elf:38ms
2025-08-23 16:54:43.074 T:4252 debug : CVideoPlayerVideo::OutputPicture - ttd:349ms pts:9.218 Clock:8.868 Level:5
2025-08-23 16:54:43.077 T:4252 debug : CAMLCodec::AddData: skip add data dl:15266140 fl:456356 sz:547155(547264) lv:100.5% dts:12.262 pts:12.638
2025-08-23 16:54:43.083 T:4073 info : Skipped 1 duplicate messages..
2025-08-23 16:54:43.083 T:4073 debug : PrepareNextRender: frameOnScreen: 8.878 renderPts: 9.029 nextFramePts: 9.009 -> diff: 0.020 render: 1 forceNext: 0
2025-08-23 16:54:43.084 T:4073 debug : CAMLCodec::ReleaseFrame idx:216, drop:0
2025-08-23 16:54:43.086 T:4252 debug : CAMLCodec::AddData: dl:15500380 fl:222116 sz:547155(547264) lv:98.5% dts:12.262 pts:12.638
2025-08-23 16:54:43.087 T:4252 debug : CAMLCodec::AddData: skip add data dl:15500271 fl:222225 sz:469201(469312) lv:101.5% dts:12.304 pts:12.512
2025-08-23 16:54:43.099 T:4253 info : Skipped 6 duplicate messages..
2025-08-23 16:54:43.099 T:4253 debug : CVideoPlayerAudio::OutputPacket: pts:9.659 curr_pts:8.868 clock:8.893 level:78
2025-08-23 16:54:43.100 T:4252 debug : CAMLCodec::AddData: skip add data dl:15500271 fl:222225 sz:469201(469312) lv:101.5% dts:12.304 pts:12.512
2025-08-23 16:54:43.113 T:4250 info : Skipped 5 duplicate messages..
2025-08-23 16:54:43.113 T:4250 debug : CVideoPlayer::ProcessVideoData size:470408 dts:15.807 pts:15.933 dur:41.000ms, clock:8.907 level:43
2025-08-23 16:54:43.114 T:4252 debug : CAMLCodec::AddData: skip add data dl:15500271 fl:222225 sz:469201(469312) lv:101.5% dts:12.304 pts:12.512
2025-08-23 16:54:43.115 T:4073 debug : CAMLCodec::PollFrame elapsed:31.447ms
2025-08-23 16:54:43.116 T:4252 debug : CAMLCodec::AddData: skip add data dl:15500271 fl:222225 sz:469201(469312) lv:101.5% dts:12.304 pts:12.512
