2025-08-23 16:54:34.841 T:4250 debug : CVideoPlayer::ProcessVideoData size:292219 dts:7.007 pts:7.090 dur:41.000ms, clock:0.647 level:38
2025-08-23 16:54:34.842 T:4252 debug : CAMLCodec::AddData: skip add data dl:15468248 fl:254248 sz:360556(360640) lv:100.6% dts:3.962 pts:4.171
2025-08-23 16:54:34.848 T:4252 info : Skipped 2 duplicate messages..
2025-08-23 16:54:34.848 T:4252 debug : CAMLCodec::DequeueBuffer: pts:1.001 idx:24
2025-08-23 16:54:34.848 T:4252 debug : CAMLCodec::GetPicture: index: 24, pts: 1.001, dur:41.999ms ar:1.78 elf:118ms
2025-08-23 16:54:34.848 T:4073 debug : CAMLCodec::PollFrame elapsed:33.203ms
2025-08-23 16:54:34.848 T:4252 debug : CVideoPlayerVideo::OutputPicture - ttd:347ms pts:1.001 Clock:0.654 Level:5
2025-08-23 16:54:34.850 T:4252 debug : CAMLCodec::AddData: skip add data dl:15467928 fl:254568 sz:360556(360640) lv:100.6% dts:3.962 pts:4.171
2025-08-23 16:54:34.853 T:4252 debug : CAMLCodec::AddData: skip add data dl:15467736 fl:254760 sz:360556(360640) lv:100.6% dts:3.962 pts:4.171
2025-08-23 16:54:34.855 T:4073 debug : PrepareNextRender: frameOnScreen: 0.660 renderPts: 0.806 nextFramePts: 0.792 -> diff: 0.014 render: 1 forceNext: 0
2025-08-23 16:54:34.855 T:4073 debug : CAMLCodec::ReleaseFrame idx:19, drop:0
2025-08-23 16:54:34.856 T:4252 debug : CAMLCodec::AddData: skip add data dl:15467736 fl:254760 sz:360556(360640) lv:100.6% dts:3.962 pts:4.171
2025-08-23 16:54:34.856 T:4250 debug : CVideoPlayer::ProcessVideoData size:264549 dts:7.049 pts:7.049 dur:41.000ms, clock:0.662 level:39
2025-08-23 16:54:34.858 T:4252 debug : CAMLCodec::AddData: skip add data dl:15467736 fl:254760 sz:360556(360640) lv:100.6% dts:3.962 pts:4.171
2025-08-23 16:54:34.868 T:4250 info : Skipped 4 duplicate messages..
2025-08-23 16:54:34.868 T:4250 debug : CVideoPlayer::ProcessVideoData size:265310 dts:7.090 pts:7.132 dur:41.000ms, clock:0.673 level:39
2025-08-23 16:54:34.870 T:4252 debug : CAMLCodec::AddData: skip add data dl:15467736 fl:254760 sz:360556(360640) lv:100.6% dts:3.962 pts:4.171
2025-08-23 16:54:34.886 T:4250 info : Skipped 7 duplicate messages..
2025-08-23 16:54:34.886 T:4250 debug : CVideoPlayer::ProcessVideoData size:287411 dts:7.132 pts:7.257 dur:41.000ms, clock:0.691 level:39
2025-08-23 16:54:34.887 T:4253 debug : CVideoPlayerAudio::OutputPacket: pts:1.672 curr_pts:0.868 clock:0.693 level:70
2025-08-23 16:54:34.890 T:4073 debug : CAMLCodec::PollFrame elapsed:34.204ms
2025-08-23 16:54:34.890 T:4252 debug : CAMLCodec::AddData: skip add data dl:15467352 fl:255144 sz:360556(360640) lv:100.6% dts:3.962 pts:4.171
2025-08-23 16:54:34.892 T:4252 debug : CAMLCodec::DequeueBuffer: pts:1.043 idx:25
2025-08-23 16:54:34.892 T:4252 debug : CAMLCodec::GetPicture: index: 25, pts: 1.043, dur:42.000ms ar:1.78 elf:43ms
2025-08-23 16:54:34.892 T:4252 debug : CVideoPlayerVideo::OutputPicture - ttd:345ms pts:1.043 Clock:0.697 Level:5
2025-08-23 16:54:34.896 T:4252 debug : CAMLCodec::AddData: skip add data dl:15467160 fl:255336 sz:360556(360640) lv:100.6% dts:3.962 pts:4.171
2025-08-23 16:54:34.897 T:4073 debug : PrepareNextRender: frameOnScreen: 0.702 renderPts: 0.848 nextFramePts: 0.834 -> diff: 0.014 render: 1 forceNext: 0
2025-08-23 16:54:34.897 T:4073 debug : CAMLCodec::ReleaseFrame idx:20, drop:0
2025-08-23 16:54:34.898 T:4252 debug : CAMLCodec::AddData: skip add data dl:15467160 fl:255336 sz:360556(360640) lv:100.6% dts:3.962 pts:4.171
2025-08-23 16:54:34.899 T:4250 debug : CVideoPlayer::ProcessVideoData size:258192 dts:7.174 pts:7.216 dur:41.000ms, clock:0.705 level:40
2025-08-23 16:54:34.901 T:4252 debug : CAMLCodec::AddData: skip add data dl:15467160 fl:255336 sz:360556(360640) lv:100.6% dts:3.962 pts:4.171
2025-08-23 16:54:34.910 T:4250 info : Skipped 4 duplicate messages..
2025-08-23 16:54:34.910 T:4250 debug : CVideoPlayer::ProcessVideoData size:264672 dts:7.216 pts:7.299 dur:41.000ms, clock:0.715 level:41
2025-08-23 16:54:34.910 T:4252 debug : CAMLCodec::AddData: skip add data dl:15467160 fl:255336 sz:360556(360640) lv:100.6% dts:3.962 pts:4.171
2025-08-23 16:54:34.911 T:4250 debug : CVideoPlayer::ProcessAudioData size:3387 dts:7.430 pts:7.430 dur:92.000ms, clock:0.716 drop:0 level:70
2025-08-23 16:54:34.911 T:4250 debug : CVideoPlayer::ProcessAudioData size:3304 dts:7.522 pts:7.522 dur:92.000ms, clock:0.716 drop:0 level:71
2025-08-23 16:54:34.911 T:4250 debug : CVideoPlayer::ProcessAudioData size:3434 dts:7.615 pts:7.615 dur:92.000ms, clock:0.716 drop:0 level:72
2025-08-23 16:54:34.912 T:4252 debug : CAMLCodec::AddData: skip add data dl:15467160 fl:255336 sz:360556(360640) lv:100.6% dts:3.962 pts:4.171
2025-08-23 16:54:34.931 T:4252 info : Skipped 8 duplicate messages..
2025-08-23 16:54:34.931 T:4252 debug : CAMLCodec::DequeueBuffer: pts:1.084 idx:26
2025-08-23 16:54:34.931 T:4073 debug : CAMLCodec::PollFrame elapsed:33.953ms
2025-08-23 16:54:34.932 T:4252 debug : CAMLCodec::GetPicture: index: 26, pts: 1.084, dur:41.001ms ar:1.78 elf:39ms
2025-08-23 16:54:34.932 T:4252 debug : CVideoPlayerVideo::OutputPicture - ttd:346ms pts:1.084 Clock:0.737 Level:5
2025-08-23 16:54:34.935 T:4252 debug : CAMLCodec::AddData: skip add data dl:15466840 fl:255656 sz:360556(360640) lv:100.6% dts:3.962 pts:4.171
2025-08-23 16:54:34.938 T:4252 debug : CAMLCodec::AddData: skip add data dl:15466584 fl:255912 sz:360556(360640) lv:100.6% dts:3.962 pts:4.171
2025-08-23 16:54:34.938 T:4073 debug : PrepareNextRender: frameOnScreen: 0.743 renderPts: 0.889 nextFramePts: 0.876 -> diff: 0.013 render: 1 forceNext: 0
2025-08-23 16:54:34.938 T:4073 debug : CAMLCodec::ReleaseFrame idx:21, drop:0
2025-08-23 16:54:34.939 T:4250 debug : CVideoPlayer::ProcessVideoData size:441090 dts:7.257 pts:7.674 dur:41.000ms, clock:0.745 level:41
2025-08-23 16:54:34.940 T:4252 debug : CAMLCodec::AddData: skip add data dl:15466584 fl:255912 sz:360556(360640) lv:100.6% dts:3.962 pts:4.171
2025-08-23 16:54:34.955 T:4250 info : Skipped 7 duplicate messages..
2025-08-23 16:54:34.955 T:4250 debug : CVideoPlayer::ProcessVideoData size:344458 dts:7.299 pts:7.507 dur:41.000ms, clock:0.761 level:42
2025-08-23 16:54:34.957 T:4252 debug : CAMLCodec::AddData: skip add data dl:15466584 fl:255912 sz:360556(360640) lv:100.6% dts:3.962 pts:4.171
2025-08-23 16:54:34.965 T:4250 info : Skipped 4 duplicate messages..
2025-08-23 16:54:34.965 T:4250 debug : CVideoPlayer::ProcessVideoData size:290653 dts:7.341 pts:7.424 dur:41.000ms, clock:0.771 level:42
2025-08-23 16:54:34.967 T:4252 debug : CAMLCodec::AddData: skip add data dl:15466584 fl:255912 sz:360556(360640) lv:100.6% dts:3.962 pts:4.171
2025-08-23 16:54:34.973 T:4073 info : Skipped 1 duplicate messages..
2025-08-23 16:54:34.973 T:4073 debug : CAMLCodec::PollFrame elapsed:35.309ms
2025-08-23 16:54:34.974 T:4252 debug : CAMLCodec::DequeueBuffer: pts:1.126 idx:27
2025-08-23 16:54:34.974 T:4252 debug : CAMLCodec::GetPicture: index: 27, pts: 1.126, dur:42.000ms ar:1.78 elf:41ms
2025-08-23 16:54:34.974 T:4252 debug : CVideoPlayerVideo::OutputPicture - ttd:346ms pts:1.126 Clock:0.780 Level:5
2025-08-23 16:54:34.977 T:4252 debug : CAMLCodec::AddData: skip add data dl:15466008 fl:256488 sz:360556(360640) lv:100.6% dts:3.962 pts:4.171
2025-08-23 16:54:34.980 T:4073 info : Skipped 1 duplicate messages..
2025-08-23 16:54:34.980 T:4073 debug : PrepareNextRender: frameOnScreen: 0.785 renderPts: 0.931 nextFramePts: 0.918 -> diff: 0.013 render: 1 forceNext: 0
2025-08-23 16:54:34.980 T:4073 debug : CAMLCodec::ReleaseFrame idx:22, drop:0
2025-08-23 16:54:34.981 T:4252 debug : CAMLCodec::AddData: skip add data dl:15466008 fl:256488 sz:360556(360640) lv:100.6% dts:3.962 pts:4.171
2025-08-23 16:54:34.982 T:4250 debug : CVideoPlayer::ProcessVideoData size:257669 dts:7.382 pts:7.382 dur:41.000ms, clock:0.788 level:43
2025-08-23 16:54:34.984 T:4252 debug : CAMLCodec::AddData: skip add data dl:15466008 fl:256488 sz:360556(360640) lv:100.6% dts:3.962 pts:4.171
2025-08-23 16:54:34.986 T:4106 debug : ActiveAE::SyncStream - average error of 175.897202, start adjusting
2025-08-23 16:54:34.986 T:4106 debug : ActiveAE::SyncStream - delay frames:2400 error 126ms
2025-08-23 16:54:34.986 T:4252 debug : CAMLCodec::AddData: skip add data dl:15466008 fl:256488 sz:360556(360640) lv:100.6% dts:3.962 pts:4.171
2025-08-23 16:54:34.993 T:4250 info : Skipped 3 duplicate messages..
2025-08-23 16:54:34.993 T:4250 debug : CVideoPlayer::ProcessVideoData size:267024 dts:7.424 pts:7.466 dur:41.000ms, clock:0.799 level:43
2025-08-23 16:54:34.995 T:4252 debug : CAMLCodec::AddData: skip add data dl:15466008 fl:256488 sz:360556(360640) lv:100.6% dts:3.962 pts:4.171
2025-08-23 16:54:35.007 T:4250 info : Skipped 6 duplicate messages..
2025-08-23 16:54:35.007 T:4250 debug : CVideoPlayer::ProcessVideoData size:285094 dts:7.466 pts:7.591 dur:41.000ms, clock:0.812 level:44
2025-08-23 16:54:35.009 T:4252 debug : CAMLCodec::AddData: skip add data dl:15466008 fl:256488 sz:360556(360640) lv:100.6% dts:3.962 pts:4.171
2025-08-23 16:54:35.015 T:4073 info : Skipped 1 duplicate messages..
2025-08-23 16:54:35.015 T:4073 debug : CAMLCodec::PollFrame elapsed:35.064ms
2025-08-23 16:54:35.015 T:4252 debug : CAMLCodec::DequeueBuffer: pts:1.168 idx:28
2025-08-23 16:54:35.015 T:4252 debug : CAMLCodec::GetPicture: index: 28, pts: 1.168, dur:42.000ms ar:1.78 elf:38ms
2025-08-23 16:54:35.015 T:4252 debug : CVideoPlayerVideo::OutputPicture - ttd:347ms pts:1.168 Clock:0.821 Level:5
2025-08-23 16:54:35.018 T:4252 debug : CAMLCodec::AddData: skip add data dl:15465688 fl:256808 sz:360556(360640) lv:100.6% dts:3.962 pts:4.171
2025-08-23 16:54:35.021 T:4252 debug : CAMLCodec::AddData: skip add data dl:15465432 fl:257064 sz:360556(360640) lv:100.6% dts:3.962 pts:4.171
2025-08-23 16:54:35.022 T:4250 info : Skipped 1 duplicate messages..
2025-08-23 16:54:35.022 T:4250 debug : CVideoPlayer::ProcessVideoData size:261814 dts:7.507 pts:7.549 dur:41.000ms, clock:0.828 level:44
2025-08-23 16:54:35.023 T:4073 debug : PrepareNextRender: frameOnScreen: 0.828 renderPts: 0.974 nextFramePts: 0.959 -> diff: 0.015 render: 1 forceNext: 0
2025-08-23 16:54:35.023 T:4073 debug : CAMLCodec::ReleaseFrame idx:23, drop:0
2025-08-23 16:54:35.025 T:4252 debug : CAMLCodec::AddData: skip add data dl:15465432 fl:257064 sz:360556(360640) lv:100.6% dts:3.962 pts:4.171
2025-08-23 16:54:35.034 T:4250 info : Skipped 5 duplicate messages..
2025-08-23 16:54:35.034 T:4250 debug : CVideoPlayer::ProcessVideoData size:262543 dts:7.549 pts:7.633 dur:41.000ms, clock:0.840 level:45
2025-08-23 16:54:35.035 T:4252 debug : CAMLCodec::AddData: skip add data dl:15465432 fl:257064 sz:360556(360640) lv:100.6% dts:3.962 pts:4.171
2025-08-23 16:54:35.036 T:4106 debug : ActiveAE::SyncStream - delay frames:2400 error 76ms
2025-08-23 16:54:35.037 T:4252 debug : CAMLCodec::AddData: skip add data dl:15465432 fl:257064 sz:360556(360640) lv:100.6% dts:3.962 pts:4.171
2025-08-23 16:54:35.040 T:4250 info : Skipped 1 duplicate messages..
2025-08-23 16:54:35.040 T:4250 debug : CVideoPlayer::ProcessAudioData size:3382 dts:7.709 pts:7.709 dur:92.000ms, clock:0.845 drop:0 level:74
2025-08-23 16:54:35.040 T:4250 debug : CVideoPlayer::ProcessAudioData size:3286 dts:7.801 pts:7.801 dur:92.000ms, clock:0.846 drop:0 level:75
2025-08-23 16:54:35.040 T:4252 debug : CAMLCodec::AddData: skip add data dl:15465432 fl:257064 sz:360556(360640) lv:100.6% dts:3.962 pts:4.171
2025-08-23 16:54:35.041 T:4250 debug : CVideoPlayer::ProcessAudioData size:3354 dts:7.894 pts:7.894 dur:92.000ms, clock:0.846 drop:0 level:76
2025-08-23 16:54:35.042 T:4252 debug : CAMLCodec::AddData: skip add data dl:15465432 fl:257064 sz:360556(360640) lv:100.6% dts:3.962 pts:4.171
2025-08-23 16:54:35.057 T:4073 info : Skipped 5 duplicate messages..
2025-08-23 16:54:35.057 T:4073 debug : CAMLCodec::PollFrame elapsed:33.834ms
2025-08-23 16:54:35.057 T:4252 debug : CAMLCodec::DequeueBuffer: pts:1.210 idx:29
2025-08-23 16:54:35.057 T:4252 debug : CAMLCodec::GetPicture: index: 29, pts: 1.210, dur:42.000ms ar:1.78 elf:41ms
2025-08-23 16:54:35.057 T:4252 debug : CVideoPlayerVideo::OutputPicture - ttd:347ms pts:1.210 Clock:0.863 Level:5
2025-08-23 16:54:35.060 T:4252 debug : CAMLCodec::AddData: skip add data dl:15465112 fl:257384 sz:360556(360640) lv:100.6% dts:3.962 pts:4.171
2025-08-23 16:54:35.061 T:4252 debug : CAMLCodec::AddData: skip add data dl:15464920 fl:257576 sz:360556(360640) lv:100.6% dts:3.962 pts:4.171
2025-08-23 16:54:35.065 T:4073 info : Skipped 2 duplicate messages..
2025-08-23 16:54:35.065 T:4073 debug : PrepareNextRender: frameOnScreen: 0.870 renderPts: 1.016 nextFramePts: 1.001 -> diff: 0.015 render: 1 forceNext: 0
2025-08-23 16:54:35.065 T:4073 debug : CAMLCodec::ReleaseFrame idx:24, drop:0
2025-08-23 16:54:35.066 T:4252 debug : CAMLCodec::AddData: skip add data dl:15464920 fl:257576 sz:360556(360640) lv:100.6% dts:3.962 pts:4.171
2025-08-23 16:54:35.070 T:4250 info : Skipped 2 duplicate messages..
2025-08-23 16:54:35.070 T:4250 debug : CVideoPlayer::ProcessVideoData size:389323 dts:7.591 pts:7.966 dur:41.000ms, clock:0.875 level:45
2025-08-23 16:54:35.072 T:4252 debug : CAMLCodec::AddData: skip add data dl:15464920 fl:257576 sz:360556(360640) lv:100.6% dts:3.962 pts:4.171
2025-08-23 16:54:35.081 T:4250 info : Skipped 4 duplicate messages..
2025-08-23 16:54:35.081 T:4250 debug : CVideoPlayer::ProcessVideoData size:347961 dts:7.633 pts:7.841 dur:41.000ms, clock:0.886 level:46
2025-08-23 16:54:35.083 T:4252 debug : CAMLCodec::AddData: skip add data dl:15464920 fl:257576 sz:360556(360640) lv:100.6% dts:3.962 pts:4.171
2025-08-23 16:54:35.086 T:4106 info : Skipped 1 duplicate messages..
2025-08-23 16:54:35.086 T:4106 debug : ActiveAE::SyncStream - delay frames:2400 error 51ms
2025-08-23 16:54:35.086 T:4252 debug : CAMLCodec::AddData: skip add data dl:15464920 fl:257576 sz:360556(360640) lv:100.6% dts:3.962 pts:4.171
2025-08-23 16:54:35.092 T:4250 info : Skipped 2 duplicate messages..
2025-08-23 16:54:35.092 T:4250 debug : CVideoPlayer::ProcessVideoData size:282229 dts:7.674 pts:7.758 dur:41.000ms, clock:0.897 level:46
2025-08-23 16:54:35.093 T:4252 debug : CAMLCodec::AddData: skip add data dl:15464920 fl:257576 sz:360556(360640) lv:100.6% dts:3.962 pts:4.171
2025-08-23 16:54:35.098 T:4073 info : Skipped 1 duplicate messages..
2025-08-23 16:54:35.098 T:4073 debug : CAMLCodec::PollFrame elapsed:33.537ms
2025-08-23 16:54:35.099 T:4252 debug : CAMLCodec::DequeueBuffer: pts:1.251 idx:30
2025-08-23 16:54:35.099 T:4252 debug : CAMLCodec::GetPicture: index: 30, pts: 1.251, dur:41.000ms ar:1.78 elf:41ms
2025-08-23 16:54:35.099 T:4252 debug : CVideoPlayerVideo::OutputPicture - ttd:347ms pts:1.251 Clock:0.904 Level:5
2025-08-23 16:54:35.101 T:4252 debug : CAMLCodec::AddData: skip add data dl:15464600 fl:257896 sz:360556(360640) lv:100.6% dts:3.962 pts:4.171
2025-08-23 16:54:35.105 T:4252 info : Skipped 1 duplicate messages..
2025-08-23 16:54:35.105 T:4252 debug : CAMLCodec::AddData: skip add data dl:15464344 fl:258152 sz:360556(360640) lv:100.6% dts:3.962 pts:4.171
2025-08-23 16:54:35.106 T:4250 debug : CVideoPlayer::ProcessVideoData size:266540 dts:7.716 pts:7.716 dur:41.000ms, clock:0.911 level:47
2025-08-23 16:54:35.107 T:4073 debug : PrepareNextRender: frameOnScreen: 0.912 renderPts: 1.058 nextFramePts: 1.043 -> diff: 0.015 render: 1 forceNext: 0
2025-08-23 16:54:35.107 T:4073 debug : CAMLCodec::ReleaseFrame idx:25, drop:0
2025-08-23 16:54:35.108 T:4252 debug : CAMLCodec::AddData: skip add data dl:15464344 fl:258152 sz:360556(360640) lv:100.6% dts:3.962 pts:4.171
2025-08-23 16:54:35.116 T:4250 info : Skipped 4 duplicate messages..
2025-08-23 16:54:35.116 T:4250 debug : CVideoPlayer::ProcessVideoData size:260776 dts:7.758 pts:7.799 dur:41.000ms, clock:0.921 level:47
2025-08-23 16:54:35.116 T:4252 debug : CAMLCodec::AddData: skip add data dl:15464344 fl:258152 sz:360556(360640) lv:100.6% dts:3.962 pts:4.171
2025-08-23 16:54:35.133 T:4250 info : Skipped 9 duplicate messages..
2025-08-23 16:54:35.133 T:4250 debug : CVideoPlayer::ProcessVideoData size:289787 dts:7.799 pts:7.925 dur:41.000ms, clock:0.938 level:48
2025-08-23 16:54:35.135 T:4252 debug : CAMLCodec::AddData: skip add data dl:15464344 fl:258152 sz:360556(360640) lv:100.6% dts:3.962 pts:4.171
2025-08-23 16:54:35.136 T:4106 debug : ActiveAE::SyncStream - delay frames:2400 error 1ms
2025-08-23 16:54:35.136 T:4106 debug : ActiveAE::SyncStream - average error 0.936869 below threshold of 30.000000
2025-08-23 16:54:35.140 T:4073 debug : CAMLCodec::PollFrame elapsed:33.095ms
2025-08-23 16:54:35.141 T:4252 debug : CAMLCodec::AddData: skip add data dl:15464024 fl:258472 sz:360556(360640) lv:100.6% dts:3.962 pts:4.171
2025-08-23 16:54:35.142 T:4252 debug : CAMLCodec::DequeueBuffer: pts:1.293 idx:31
2025-08-23 16:54:35.142 T:4252 debug : CAMLCodec::GetPicture: index: 31, pts: 1.293, dur:42.000ms ar:1.78 elf:43ms
2025-08-23 16:54:35.142 T:4252 debug : CVideoPlayerVideo::OutputPicture - ttd:345ms pts:1.293 Clock:0.948 Level:5
2025-08-23 16:54:35.145 T:4252 debug : CAMLCodec::AddData: skip add data dl:15463768 fl:258728 sz:360556(360640) lv:100.6% dts:3.962 pts:4.171
2025-08-23 16:54:35.148 T:4250 info : Skipped 1 duplicate messages..
2025-08-23 16:54:35.148 T:4250 debug : CVideoPlayer::ProcessVideoData size:255000 dts:7.841 pts:7.883 dur:41.000ms, clock:0.953 level:48
2025-08-23 16:54:35.148 T:4252 debug : CAMLCodec::AddData: skip add data dl:15463768 fl:258728 sz:360556(360640) lv:100.6% dts:3.962 pts:4.171
2025-08-23 16:54:35.149 T:4250 debug : CVideoPlayer::ProcessAudioData size:3338 dts:7.988 pts:7.988 dur:92.000ms, clock:0.954 drop:0 level:77
2025-08-23 16:54:35.149 T:4073 debug : PrepareNextRender: frameOnScreen: 0.954 renderPts: 1.100 nextFramePts: 1.084 -> diff: 0.016 render: 1 forceNext: 0
2025-08-23 16:54:35.150 T:4073 debug : CAMLCodec::ReleaseFrame idx:26, drop:0
2025-08-23 16:54:35.151 T:4252 debug : CAMLCodec::AddData: skip add data dl:15463768 fl:258728 sz:360556(360640) lv:100.6% dts:3.962 pts:4.171
2025-08-23 16:54:35.176 T:4250 info : Skipped 12 duplicate messages..
2025-08-23 16:54:35.176 T:4250 debug : CVideoPlayer::ProcessVideoData size:683704 dts:7.883 pts:8.008 dur:41.000ms, clock:0.981 level:49
2025-08-23 16:54:35.177 T:4250 debug : CVideoPlayer::ProcessAudioData size:3444 dts:8.081 pts:8.081 dur:92.000ms, clock:0.982 drop:0 level:78
2025-08-23 16:54:35.177 T:4250 debug : CVideoPlayer::ProcessAudioData size:3455 dts:8.173 pts:8.173 dur:92.000ms, clock:0.982 drop:0 level:79
2025-08-23 16:54:35.177 T:4250 debug : CVideoPlayer::ProcessAudioData size:3394 dts:8.266 pts:8.266 dur:92.000ms, clock:0.982 drop:0 level:81
2025-08-23 16:54:35.177 T:4252 debug : CAMLCodec::AddData: skip add data dl:15463768 fl:258728 sz:360556(360640) lv:100.6% dts:3.962 pts:4.171
2025-08-23 16:54:35.182 T:4073 info : Skipped 1 duplicate messages..
2025-08-23 16:54:35.182 T:4073 debug : CAMLCodec::PollFrame elapsed:32.167ms
2025-08-23 16:54:35.182 T:4252 debug : CAMLCodec::AddData: skip add data dl:15463768 fl:258728 sz:360556(360640) lv:100.6% dts:3.962 pts:4.171
2025-08-23 16:54:35.189 T:4253 info : Skipped 2 duplicate messages..
2025-08-23 16:54:35.189 T:4253 debug : CVideoPlayerAudio::OutputPacket: pts:1.765 curr_pts:0.970 clock:0.994 level:81
2025-08-23 16:54:35.189 T:4252 debug : CAMLCodec::AddData: skip add data dl:15463768 fl:258728 sz:360556(360640) lv:100.6% dts:3.962 pts:4.171
2025-08-23 16:54:35.193 T:4073 info : Skipped 2 duplicate messages..
2025-08-23 16:54:35.193 T:4073 debug : PrepareNextRender: frameOnScreen: 0.998 renderPts: 1.144 nextFramePts: 1.126 -> diff: 0.018 render: 1 forceNext: 0
2025-08-23 16:54:35.193 T:4073 debug : CAMLCodec::ReleaseFrame idx:27, drop:0
2025-08-23 16:54:35.194 T:4252 debug : CAMLCodec::AddData: skip add data dl:15463768 fl:258728 sz:360556(360640) lv:100.6% dts:3.962 pts:4.171
2025-08-23 16:54:35.208 T:4250 info : Skipped 7 duplicate messages..
2025-08-23 16:54:35.208 T:4250 debug : CVideoPlayer::ProcessVideoData size:484450 dts:7.925 pts:8.342 dur:41.000ms, clock:1.013 level:50
2025-08-23 16:54:35.210 T:4252 debug : CAMLCodec::AddData: skip add data dl:15463768 fl:258728 sz:360556(360640) lv:100.6% dts:3.962 pts:4.171
2025-08-23 16:54:35.224 T:4073 info : Skipped 6 duplicate messages..
2025-08-23 16:54:35.224 T:4073 debug : CAMLCodec::PollFrame elapsed:30.318ms
2025-08-23 16:54:35.224 T:4252 debug : CAMLCodec::DequeueBuffer: pts:1.335 idx:32
2025-08-23 16:54:35.224 T:4252 debug : CAMLCodec::GetPicture: index: 32, pts: 1.335, dur:42.000ms ar:1.78 elf:81ms
2025-08-23 16:54:35.225 T:4252 debug : CVideoPlayerVideo::OutputPicture - ttd:305ms pts:1.335 Clock:1.030 Level:4
2025-08-23 16:54:35.227 T:4252 debug : CAMLCodec::AddData: skip add data dl:15463448 fl:259048 sz:360556(360640) lv:100.6% dts:3.962 pts:4.171
2025-08-23 16:54:35.228 T:4250 debug : CVideoPlayer::ProcessVideoData size:373963 dts:7.966 pts:8.175 dur:41.000ms, clock:1.033 level:50
2025-08-23 16:54:35.229 T:4252 debug : CAMLCodec::AddData: skip add data dl:15463192 fl:259304 sz:360556(360640) lv:100.6% dts:3.962 pts:4.171
2025-08-23 16:54:35.229 T:4073 debug : PrepareNextRender: frameOnScreen: 1.035 renderPts: 1.181 nextFramePts: 1.168 -> diff: 0.013 render: 1 forceNext: 0
2025-08-23 16:54:35.230 T:4073 debug : CAMLCodec::ReleaseFrame idx:28, drop:0
2025-08-23 16:54:35.231 T:4252 debug : CAMLCodec::AddData: skip add data dl:15463192 fl:259304 sz:360556(360640) lv:100.6% dts:3.962 pts:4.171
2025-08-23 16:54:35.242 T:4250 info : Skipped 5 duplicate messages..
2025-08-23 16:54:35.242 T:4250 debug : CVideoPlayer::ProcessVideoData size:293785 dts:8.008 pts:8.091 dur:41.000ms, clock:1.047 level:51
2025-08-23 16:54:35.243 T:4252 debug : CAMLCodec::AddData: skip add data dl:15463192 fl:259304 sz:360556(360640) lv:100.6% dts:3.962 pts:4.171
2025-08-23 16:54:35.254 T:4250 info : Skipped 5 duplicate messages..
2025-08-23 16:54:35.254 T:4250 debug : CVideoPlayer::ProcessVideoData size:265488 dts:8.050 pts:8.050 dur:41.000ms, clock:1.059 level:51
2025-08-23 16:54:35.255 T:4252 debug : CAMLCodec::AddData: skip add data dl:15463192 fl:259304 sz:360556(360640) lv:100.6% dts:3.962 pts:4.171
2025-08-23 16:54:35.266 T:4073 info : Skipped 3 duplicate messages..
2025-08-23 16:54:35.265 T:4073 debug : CAMLCodec::PollFrame elapsed:35.837ms
2025-08-23 16:54:35.266 T:4252 debug : CAMLCodec::AddData: skip add data dl:15462872 fl:259624 sz:360556(360640) lv:100.6% dts:3.962 pts:4.171
2025-08-23 16:54:35.267 T:4252 debug : CAMLCodec::DequeueBuffer: pts:1.376 idx:33
2025-08-23 16:54:35.267 T:4252 debug : CAMLCodec::GetPicture: index: 33, pts: 1.376, dur:41.000ms ar:1.78 elf:42ms
2025-08-23 16:54:35.267 T:4252 debug : CVideoPlayerVideo::OutputPicture - ttd:303ms pts:1.376 Clock:1.072 Level:4
2025-08-23 16:54:35.269 T:4252 debug : CAMLCodec::AddData: skip add data dl:15462872 fl:259624 sz:360556(360640) lv:100.6% dts:3.962 pts:4.171
2025-08-23 16:54:35.271 T:4250 debug : CVideoPlayer::ProcessVideoData size:266025 dts:8.091 pts:8.133 dur:41.000ms, clock:1.076 level:51
2025-08-23 16:54:35.272 T:4252 debug : CAMLCodec::AddData: skip add data dl:15462680 fl:259816 sz:360556(360640) lv:100.6% dts:3.962 pts:4.171
2025-08-23 16:54:35.275 T:4073 info : Skipped 1 duplicate messages..
2025-08-23 16:54:35.275 T:4073 debug : PrepareNextRender: frameOnScreen: 1.080 renderPts: 1.226 nextFramePts: 1.210 -> diff: 0.016 render: 1 forceNext: 0
2025-08-23 16:54:35.275 T:4073 debug : CAMLCodec::ReleaseFrame idx:29, drop:0
2025-08-23 16:54:35.276 T:4252 debug : CAMLCodec::AddData: skip add data dl:15462680 fl:259816 sz:360556(360640) lv:100.6% dts:3.962 pts:4.171
2025-08-23 16:54:35.280 T:4250 info : Skipped 2 duplicate messages..
2025-08-23 16:54:35.280 T:4250 debug : CVideoPlayer::ProcessVideoData size:296186 dts:8.133 pts:8.258 dur:41.000ms, clock:1.085 level:52
2025-08-23 16:54:35.282 T:4252 debug : CAMLCodec::AddData: skip add data dl:15462680 fl:259816 sz:360556(360640) lv:100.6% dts:3.962 pts:4.171
2025-08-23 16:54:35.287 T:4253 info : Skipped 2 duplicate messages..
2025-08-23 16:54:35.287 T:4253 debug : CVideoPlayerAudio::OutputPacket: pts:1.857 curr_pts:1.069 clock:1.092 level:79
2025-08-23 16:54:35.288 T:4252 debug : CAMLCodec::AddData: skip add data dl:15462680 fl:259816 sz:360556(360640) lv:100.6% dts:3.962 pts:4.171
2025-08-23 16:54:35.296 T:4250 info : Skipped 4 duplicate messages..
2025-08-23 16:54:35.296 T:4250 debug : CVideoPlayer::ProcessVideoData size:262654 dts:8.175 pts:8.217 dur:41.000ms, clock:1.101 level:53
2025-08-23 16:54:35.298 T:4252 debug : CAMLCodec::AddData: skip add data dl:15462680 fl:259816 sz:360556(360640) lv:100.6% dts:3.962 pts:4.171
2025-08-23 16:54:35.307 T:4073 info : Skipped 3 duplicate messages..
2025-08-23 16:54:35.307 T:4073 debug : CAMLCodec::PollFrame elapsed:32.254ms
2025-08-23 16:54:35.307 T:4252 debug : CAMLCodec::DequeueBuffer: pts:1.418 idx:34
2025-08-23 16:54:35.308 T:4252 debug : CAMLCodec::GetPicture: index: 34, pts: 1.418, dur:42.000ms ar:1.78 elf:40ms
2025-08-23 16:54:35.308 T:4252 debug : CVideoPlayerVideo::OutputPicture - ttd:305ms pts:1.418 Clock:1.113 Level:4
2025-08-23 16:54:35.309 T:4250 debug : CVideoPlayer::ProcessVideoData size:267814 dts:8.217 pts:8.300 dur:41.000ms, clock:1.114 level:53
2025-08-23 16:54:35.310 T:4252 debug : CAMLCodec::AddData: skip add data dl:15462296 fl:260200 sz:360556(360640) lv:100.6% dts:3.962 pts:4.171
2025-08-23 16:54:35.314 T:4252 info : Skipped 1 duplicate messages..
2025-08-23 16:54:35.314 T:4252 debug : CAMLCodec::AddData: skip add data dl:15462104 fl:260392 sz:360556(360640) lv:100.6% dts:3.962 pts:4.171
2025-08-23 16:54:35.315 T:4250 debug : CVideoPlayer::ProcessAudioData size:3369 dts:8.359 pts:8.359 dur:92.000ms, clock:1.120 drop:0 level:79
2025-08-23 16:54:35.315 T:4250 debug : CVideoPlayer::ProcessAudioData size:3395 dts:8.451 pts:8.451 dur:92.000ms, clock:1.120 drop:0 level:81
2025-08-23 16:54:35.315 T:4250 debug : CVideoPlayer::ProcessAudioData size:3428 dts:8.544 pts:8.544 dur:92.000ms, clock:1.120 drop:0 level:82
2025-08-23 16:54:35.316 T:4250 debug : CVideoPlayer::ProcessAudioData size:3367 dts:8.637 pts:8.637 dur:92.000ms, clock:1.121 drop:0 level:83
2025-08-23 16:54:35.315 T:4252 debug : CAMLCodec::AddData: skip add data dl:15462104 fl:260392 sz:360556(360640) lv:100.6% dts:3.962 pts:4.171
2025-08-23 16:54:35.316 T:4073 debug : PrepareNextRender: frameOnScreen: 1.121 renderPts: 1.267 nextFramePts: 1.251 -> diff: 0.016 render: 1 forceNext: 0
2025-08-23 16:54:35.316 T:4073 debug : CAMLCodec::ReleaseFrame idx:30, drop:0
2025-08-23 16:54:35.318 T:4252 debug : CAMLCodec::AddData: skip add data dl:15462104 fl:260392 sz:360556(360640) lv:100.6% dts:3.962 pts:4.171
2025-08-23 16:54:35.336 T:4250 info : Skipped 10 duplicate messages..
2025-08-23 16:54:35.336 T:4250 debug : CVideoPlayer::ProcessVideoData size:460805 dts:8.258 pts:8.675 dur:41.000ms, clock:1.140 level:54
2025-08-23 16:54:35.337 T:4252 debug : CAMLCodec::AddData: skip add data dl:15462104 fl:260392 sz:360556(360640) lv:100.6% dts:3.962 pts:4.171
2025-08-23 16:54:35.349 T:4073 info : Skipped 4 duplicate messages..
2025-08-23 16:54:35.349 T:4073 debug : CAMLCodec::PollFrame elapsed:32.720ms
2025-08-23 16:54:35.350 T:4252 debug : CAMLCodec::AddData: skip add data dl:15461784 fl:260712 sz:360556(360640) lv:100.6% dts:3.962 pts:4.171
2025-08-23 16:54:35.351 T:4252 debug : CAMLCodec::DequeueBuffer: pts:1.460 idx:35
2025-08-23 16:54:35.351 T:4252 debug : CAMLCodec::GetPicture: index: 35, pts: 1.460, dur:42.000ms ar:1.78 elf:43ms
2025-08-23 16:54:35.351 T:4252 debug : CVideoPlayerVideo::OutputPicture - ttd:304ms pts:1.460 Clock:1.156 Level:4
2025-08-23 16:54:35.352 T:4073 debug : PrepareNextRender: frameOnScreen: 1.157 renderPts: 1.303 nextFramePts: 1.293 -> diff: 0.010 render: 1 forceNext: 0
2025-08-23 16:54:35.352 T:4073 debug : CAMLCodec::ReleaseFrame idx:31, drop:0
2025-08-23 16:54:35.353 T:4252 debug : CAMLCodec::AddData: skip add data dl:15461784 fl:260712 sz:360556(360640) lv:100.6% dts:3.962 pts:4.171
2025-08-23 16:54:35.354 T:4250 debug : CVideoPlayer::ProcessVideoData size:372209 dts:8.300 pts:8.508 dur:41.000ms, clock:1.159 level:54
2025-08-23 16:54:35.356 T:4252 debug : CAMLCodec::AddData: skip add data dl:15461528 fl:260968 sz:360556(360640) lv:100.6% dts:3.962 pts:4.171
2025-08-23 16:54:35.365 T:4250 info : Skipped 4 duplicate messages..
2025-08-23 16:54:35.365 T:4250 debug : CVideoPlayer::ProcessVideoData size:306967 dts:8.342 pts:8.425 dur:41.000ms, clock:1.170 level:55
2025-08-23 16:54:35.367 T:4252 debug : CAMLCodec::AddData: skip add data dl:15461528 fl:260968 sz:360556(360640) lv:100.6% dts:3.962 pts:4.171
2025-08-23 16:54:35.381 T:4250 info : Skipped 7 duplicate messages..
2025-08-23 16:54:35.381 T:4250 debug : CVideoPlayer::ProcessVideoData size:276417 dts:8.383 pts:8.383 dur:41.000ms, clock:1.186 level:55
2025-08-23 16:54:35.383 T:4252 debug : CAMLCodec::AddData: skip add data dl:15461528 fl:260968 sz:360556(360640) lv:100.6% dts:3.962 pts:4.171
2025-08-23 16:54:35.388 T:4253 info : Skipped 2 duplicate messages..
2025-08-23 16:54:35.388 T:4253 debug : CVideoPlayerAudio::OutputPacket: pts:1.950 curr_pts:1.168 clock:1.193 level:83
2025-08-23 16:54:35.391 T:4252 debug : CAMLCodec::DequeueBuffer: pts:1.501 idx:36
2025-08-23 16:54:35.391 T:4073 debug : CAMLCodec::PollFrame elapsed:38.605ms
2025-08-23 16:54:35.391 T:4252 debug : CAMLCodec::GetPicture: index: 36, pts: 1.501, dur:41.000ms ar:1.78 elf:40ms
2025-08-23 16:54:35.391 T:4252 debug : CVideoPlayerVideo::OutputPicture - ttd:304ms pts:1.501 Clock:1.196 Level:4
2025-08-23 16:54:35.393 T:4252 debug : CAMLCodec::AddData: skip add data dl:15461208 fl:261288 sz:360556(360640) lv:100.6% dts:3.962 pts:4.171
2025-08-23 16:54:35.394 T:4250 debug : CVideoPlayer::ProcessVideoData size:273414 dts:8.425 pts:8.467 dur:41.000ms, clock:1.199 level:56
2025-08-23 16:54:35.397 T:4252 debug : CAMLCodec::AddData: skip add data dl:15460952 fl:261544 sz:360556(360640) lv:100.6% dts:3.962 pts:4.171
2025-08-23 16:54:35.399 T:4073 info : Skipped 1 duplicate messages..
2025-08-23 16:54:35.399 T:4073 debug : PrepareNextRender: frameOnScreen: 1.204 renderPts: 1.350 nextFramePts: 1.335 -> diff: 0.015 render: 1 forceNext: 0
2025-08-23 16:54:35.400 T:4073 debug : CAMLCodec::ReleaseFrame idx:32, drop:0
2025-08-23 16:54:35.400 T:4252 debug : CAMLCodec::AddData: skip add data dl:15460952 fl:261544 sz:360556(360640) lv:100.6% dts:3.962 pts:4.171
2025-08-23 16:54:35.405 T:4250 info : Skipped 1 duplicate messages..
2025-08-23 16:54:35.405 T:4250 debug : CVideoPlayer::ProcessVideoData size:298758 dts:8.467 pts:8.592 dur:41.000ms, clock:1.209 level:56
2025-08-23 16:54:35.405 T:4252 debug : CAMLCodec::AddData: skip add data dl:15460952 fl:261544 sz:360556(360640) lv:100.6% dts:3.962 pts:4.171
2025-08-23 16:54:35.416 T:4250 info : Skipped 5 duplicate messages..
2025-08-23 16:54:35.416 T:4250 debug : CVideoPlayer::ProcessVideoData size:272864 dts:8.508 pts:8.550 dur:41.000ms, clock:1.221 level:56
2025-08-23 16:54:35.416 T:4252 debug : CAMLCodec::AddData: skip add data dl:15460952 fl:261544 sz:360556(360640) lv:100.6% dts:3.962 pts:4.171
2025-08-23 16:54:35.424 T:4250 info : Skipped 4 duplicate messages..
2025-08-23 16:54:35.424 T:4250 debug : CVideoPlayer::ProcessVideoData size:274136 dts:8.550 pts:8.634 dur:41.000ms, clock:1.229 level:57
2025-08-23 16:54:35.427 T:4252 debug : CAMLCodec::AddData: skip add data dl:15460952 fl:261544 sz:360556(360640) lv:100.6% dts:3.962 pts:4.171
2025-08-23 16:54:35.433 T:4073 info : Skipped 1 duplicate messages..
2025-08-23 16:54:35.433 T:4073 debug : CAMLCodec::PollFrame elapsed:33.101ms
2025-08-23 16:54:35.433 T:4252 debug : CAMLCodec::DequeueBuffer: pts:1.543 idx:37
2025-08-23 16:54:35.433 T:4252 debug : CAMLCodec::GetPicture: index: 37, pts: 1.543, dur:42.000ms ar:1.78 elf:41ms
2025-08-23 16:54:35.433 T:4252 debug : CVideoPlayerVideo::OutputPicture - ttd:305ms pts:1.543 Clock:1.238 Level:4
2025-08-23 16:54:35.434 T:4250 debug : CVideoPlayer::ProcessAudioData size:3385 dts:8.731 pts:8.731 dur:92.000ms, clock:1.238 drop:0 level:83
2025-08-23 16:54:35.434 T:4250 debug : CVideoPlayer::ProcessAudioData size:3346 dts:8.823 pts:8.823 dur:92.000ms, clock:1.239 drop:0 level:84
2025-08-23 16:54:35.434 T:4250 debug : CVideoPlayer::ProcessAudioData size:3248 dts:8.916 pts:8.916 dur:92.000ms, clock:1.239 drop:0 level:85
2025-08-23 16:54:35.435 T:4252 debug : CAMLCodec::AddData: skip add data dl:15460632 fl:261864 sz:360556(360640) lv:100.6% dts:3.962 pts:4.171
2025-08-23 16:54:35.437 T:4252 debug : CAMLCodec::AddData: skip add data dl:15460440 fl:262056 sz:360556(360640) lv:100.6% dts:3.962 pts:4.171
2025-08-23 16:54:35.439 T:4253 debug : CVideoPlayerAudio::OutputPacket: pts:2.043 curr_pts:1.218 clock:1.243 level:85
2025-08-23 16:54:35.439 T:4252 debug : CAMLCodec::AddData: skip add data dl:15460440 fl:262056 sz:360556(360640) lv:100.6% dts:3.962 pts:4.171
2025-08-23 16:54:35.444 T:4073 info : Skipped 2 duplicate messages..
2025-08-23 16:54:35.444 T:4073 debug : PrepareNextRender: frameOnScreen: 1.249 renderPts: 1.399 nextFramePts: 1.376 -> diff: 0.023 render: 1 forceNext: 0
2025-08-23 16:54:35.444 T:4073 debug : CAMLCodec::ReleaseFrame idx:33, drop:0
2025-08-23 16:54:35.445 T:4252 debug : CAMLCodec::AddData: skip add data dl:15460440 fl:262056 sz:360556(360640) lv:100.6% dts:3.962 pts:4.171
2025-08-23 16:54:35.452 T:4250 info : Skipped 2 duplicate messages..
2025-08-23 16:54:35.452 T:4250 debug : CVideoPlayer::ProcessVideoData size:410724 dts:8.592 pts:8.967 dur:41.000ms, clock:1.256 level:57
2025-08-23 16:54:35.452 T:4252 debug : CAMLCodec::AddData: skip add data dl:15460440 fl:262056 sz:360556(360640) lv:100.6% dts:3.962 pts:4.171
2025-08-23 16:54:35.468 T:4250 info : Skipped 7 duplicate messages..
2025-08-23 16:54:35.468 T:4250 debug : CVideoPlayer::ProcessVideoData size:370764 dts:8.634 pts:8.842 dur:41.000ms, clock:1.273 level:58
2025-08-23 16:54:35.470 T:4252 debug : CAMLCodec::AddData: skip add data dl:15460440 fl:262056 sz:360556(360640) lv:100.6% dts:3.962 pts:4.171
2025-08-23 16:54:35.475 T:4073 info : Skipped 1 duplicate messages..
2025-08-23 16:54:35.475 T:4073 debug : CAMLCodec::PollFrame elapsed:30.504ms
2025-08-23 16:54:35.475 T:4252 debug : CAMLCodec::DequeueBuffer: pts:1.585 idx:38
2025-08-23 16:54:35.475 T:4252 debug : CAMLCodec::GetPicture: index: 38, pts: 1.585, dur:42.000ms ar:1.78 elf:41ms
2025-08-23 16:54:35.475 T:4252 debug : CVideoPlayerVideo::OutputPicture - ttd:305ms pts:1.585 Clock:1.280 Level:4
2025-08-23 16:54:35.477 T:4252 debug : CAMLCodec::AddData: skip add data dl:15460056 fl:262440 sz:360556(360640) lv:100.6% dts:3.962 pts:4.171
2025-08-23 16:54:35.480 T:4252 info : Skipped 1 duplicate messages..
2025-08-23 16:54:35.480 T:4252 debug : CAMLCodec::AddData: skip add data dl:15459864 fl:262632 sz:360556(360640) lv:100.6% dts:3.962 pts:4.171
2025-08-23 16:54:35.481 T:4073 debug : PrepareNextRender: frameOnScreen: 1.286 renderPts: 1.436 nextFramePts: 1.418 -> diff: 0.018 render: 1 forceNext: 0
2025-08-23 16:54:35.481 T:4073 debug : CAMLCodec::ReleaseFrame idx:34, drop:0
2025-08-23 16:54:35.482 T:4250 debug : CVideoPlayer::ProcessVideoData size:293455 dts:8.675 pts:8.759 dur:41.000ms, clock:1.287 level:58
2025-08-23 16:54:35.483 T:4252 debug : CAMLCodec::AddData: skip add data dl:15459864 fl:262632 sz:360556(360640) lv:100.6% dts:3.962 pts:4.171
2025-08-23 16:54:35.500 T:4250 info : Skipped 8 duplicate messages..
2025-08-23 16:54:35.500 T:4250 debug : CVideoPlayer::ProcessVideoData size:269754 dts:8.717 pts:8.717 dur:41.000ms, clock:1.304 level:59
2025-08-23 16:54:35.501 T:4252 debug : CAMLCodec::AddData: skip add data dl:15459864 fl:262632 sz:360556(360640) lv:100.6% dts:3.962 pts:4.171
2025-08-23 16:54:35.512 T:4250 info : Skipped 5 duplicate messages..
2025-08-23 16:54:35.512 T:4250 debug : CVideoPlayer::ProcessVideoData size:271127 dts:8.759 pts:8.800 dur:41.000ms, clock:1.316 level:59
2025-08-23 16:54:35.512 T:4252 debug : CAMLCodec::AddData: skip add data dl:15459864 fl:262632 sz:360556(360640) lv:100.6% dts:3.962 pts:4.171
2025-08-23 16:54:35.516 T:4073 info : Skipped 2 duplicate messages..
2025-08-23 16:54:35.516 T:4073 debug : CAMLCodec::PollFrame elapsed:34.804ms
2025-08-23 16:54:35.517 T:4252 debug : CAMLCodec::AddData: skip add data dl:15459864 fl:262632 sz:360556(360640) lv:100.6% dts:3.962 pts:4.171
2025-08-23 16:54:35.523 T:4073 info : Skipped 2 duplicate messages..
2025-08-23 16:54:35.523 T:4073 debug : PrepareNextRender: frameOnScreen: 1.328 renderPts: 1.477 nextFramePts: 1.460 -> diff: 0.017 render: 1 forceNext: 0
2025-08-23 16:54:35.523 T:4073 debug : CAMLCodec::ReleaseFrame idx:35, drop:0
2025-08-23 16:54:35.524 T:4252 debug : CAMLCodec::AddData: skip add data dl:15459864 fl:262632 sz:360556(360640) lv:100.6% dts:3.962 pts:4.171
2025-08-23 16:54:35.525 T:4250 debug : CVideoPlayer::ProcessVideoData size:305481 dts:8.800 pts:8.926 dur:41.000ms, clock:1.329 level:60
2025-08-23 16:54:35.526 T:4214 debug : trying to load setting definitions from old format...
2025-08-23 16:54:35.527 T:4252 debug : CAMLCodec::AddData: skip add data dl:15459864 fl:262632 sz:360556(360640) lv:100.6% dts:3.962 pts:4.171
2025-08-23 16:54:35.527 T:4214 debug : requested setting (server_speed_check_data) was not found.
2025-08-23 16:54:35.529 T:4252 debug : CAMLCodec::AddData: skip add data dl:15459864 fl:262632 sz:360556(360640) lv:100.6% dts:3.962 pts:4.171
2025-08-23 16:54:35.538 T:4253 info : Skipped 4 duplicate messages..
2025-08-23 16:54:35.538 T:4253 debug : CVideoPlayerAudio::OutputPacket: pts:2.135 curr_pts:1.318 clock:1.342 level:84
2025-08-23 16:54:35.538 T:4250 debug : CVideoPlayer::ProcessVideoData size:271379 dts:8.842 pts:8.884 dur:41.000ms, clock:1.342 level:60
2025-08-23 16:54:35.539 T:4252 debug : CAMLCodec::AddData: skip add data dl:15459864 fl:262632 sz:360556(360640) lv:100.6% dts:3.962 pts:4.171
2025-08-23 16:54:35.550 T:4226 info : Skipped 6 duplicate messages..
2025-08-23 16:54:35.550 T:4226 debug : onExecutionDone(13, /storage/.kodi/addons/plugin.video.jellycon/default.py)
2025-08-23 16:54:35.551 T:4252 debug : CAMLCodec::AddData: skip add data dl:15459864 fl:262632 sz:360556(360640) lv:100.6% dts:3.962 pts:4.171
2025-08-23 16:54:35.556 T:4252 info : Skipped 2 duplicate messages..
2025-08-23 16:54:35.556 T:4252 debug : CAMLCodec::DequeueBuffer: pts:1.627 idx:39
2025-08-23 16:54:35.556 T:4252 debug : CAMLCodec::GetPicture: index: 39, pts: 1.627, dur:42.000ms ar:1.78 elf:81ms
2025-08-23 16:54:35.556 T:4252 debug : CVideoPlayerVideo::OutputPicture - ttd:266ms pts:1.627 Clock:1.361 Level:3
2025-08-23 16:54:35.558 T:4252 debug : CAMLCodec::AddData: skip add data dl:15459480 fl:263016 sz:360556(360640) lv:100.6% dts:3.962 pts:4.171
2025-08-23 16:54:35.558 T:4073 debug : CAMLCodec::PollFrame elapsed:35.149ms
2025-08-23 16:54:35.560 T:4252 debug : CAMLCodec::AddData: skip add data dl:15459480 fl:263016 sz:360556(360640) lv:100.6% dts:3.962 pts:4.171
2025-08-23 16:54:35.565 T:4252 debug : CAMLCodec::AddData: skip add data dl:15458968 fl:263528 sz:360556(360640) lv:100.6% dts:3.962 pts:4.171
2025-08-23 16:54:35.565 T:4073 debug : PrepareNextRender: frameOnScreen: 1.370 renderPts: 1.520 nextFramePts: 1.501 -> diff: 0.019 render: 1 forceNext: 0
2025-08-23 16:54:35.565 T:4073 debug : CAMLCodec::ReleaseFrame idx:36, drop:0
2025-08-23 16:54:35.566 T:4252 debug : CAMLCodec::DequeueBuffer: pts:1.668 idx:40
2025-08-23 16:54:35.566 T:4252 debug : CAMLCodec::GetPicture: index: 40, pts: 1.668, dur:41.000ms ar:1.78 elf:9ms
2025-08-23 16:54:35.566 T:4252 debug : CVideoPlayerVideo::OutputPicture - ttd:297ms pts:1.668 Clock:1.371 Level:3
2025-08-23 16:54:35.568 T:4252 debug : CAMLCodec::AddData: skip add data dl:15458968 fl:263528 sz:360556(360640) lv:100.6% dts:3.962 pts:4.171
2025-08-23 16:54:35.571 T:4252 debug : CAMLCodec::AddData: skip add data dl:15458712 fl:263784 sz:360556(360640) lv:100.6% dts:3.962 pts:4.171
2025-08-23 16:54:35.572 T:4250 debug : CVideoPlayer::ProcessVideoData size:681819 dts:8.884 pts:9.009 dur:41.000ms, clock:1.376 level:61
2025-08-23 16:54:35.572 T:4250 debug : CVideoPlayer::ProcessAudioData size:3422 dts:9.009 pts:9.009 dur:92.000ms, clock:1.377 drop:0 level:84
2025-08-23 16:54:35.572 T:4250 debug : CVideoPlayer::ProcessAudioData size:3377 dts:9.101 pts:9.101 dur:92.000ms, clock:1.377 drop:0 level:85
2025-08-23 16:54:35.572 T:4250 debug : CVideoPlayer::ProcessAudioData size:3364 dts:9.194 pts:9.194 dur:92.000ms, clock:1.377 drop:0 level:86
2025-08-23 16:54:35.572 T:4250 debug : CVideoPlayer::ProcessAudioData size:3405 dts:9.287 pts:9.287 dur:92.000ms, clock:1.377 drop:0 level:88
2025-08-23 16:54:35.574 T:4252 debug : CAMLCodec::AddData: skip add data dl:15458712 fl:263784 sz:360556(360640) lv:100.6% dts:3.962 pts:4.171
2025-08-23 16:54:35.593 T:4226 info : Skipped 10 duplicate messages..
2025-08-23 16:54:35.593 T:4226 debug : .
2025-08-23 16:54:35.594 T:4252 info : Skipped 1 duplicate messages..
2025-08-23 16:54:35.594 T:4252 debug : CAMLCodec::AddData: skip add data dl:15458712 fl:263784 sz:360556(360640) lv:100.6% dts:3.962 pts:4.171
2025-08-23 16:54:35.598 T:4252 info : Skipped 2 duplicate messages..
2025-08-23 16:54:35.598 T:4252 debug : CAMLCodec::AddData: skip add data dl:15458392 fl:264104 sz:360556(360640) lv:100.6% dts:3.962 pts:4.171
2025-08-23 16:54:35.600 T:4252 debug : CAMLCodec::DequeueBuffer: pts:1.710 idx:41
2025-08-23 16:54:35.600 T:4252 debug : CAMLCodec::GetPicture: index: 41, pts: 1.710, dur:42.000ms ar:1.78 elf:33ms
2025-08-23 16:54:35.600 T:4252 debug : CVideoPlayerVideo::OutputPicture - ttd:305ms pts:1.710 Clock:1.404 Level:4
2025-08-23 16:54:35.601 T:4073 debug : CAMLCodec::PollFrame elapsed:34.983ms
2025-08-23 16:54:35.602 T:4252 debug : CAMLCodec::AddData: skip add data dl:15458392 fl:264104 sz:360556(360640) lv:100.6% dts:3.962 pts:4.171
2025-08-23 16:54:35.603 T:4250 debug : CVideoPlayer::ProcessVideoData size:469857 dts:8.926 pts:9.343 dur:41.000ms, clock:1.408 level:61
2025-08-23 16:54:35.604 T:4252 debug : CAMLCodec::AddData: skip add data dl:15458392 fl:264104 sz:360556(360640) lv:100.6% dts:3.962 pts:4.171
2025-08-23 16:54:35.605 T:4073 debug : PrepareNextRender: frameOnScreen: 1.409 renderPts: 1.559 nextFramePts: 1.543 -> diff: 0.016 render: 1 forceNext: 0
2025-08-23 16:54:35.605 T:4073 debug : CAMLCodec::ReleaseFrame idx:37, drop:0
2025-08-23 16:54:35.606 T:4252 debug : CAMLCodec::AddData: skip add data dl:15458136 fl:264360 sz:360556(360640) lv:100.6% dts:3.962 pts:4.171
2025-08-23 16:54:35.621 T:4250 info : Skipped 9 duplicate messages..
2025-08-23 16:54:35.621 T:4250 debug : CVideoPlayer::ProcessVideoData size:367975 dts:8.967 pts:9.176 dur:41.000ms, clock:1.425 level:63
2025-08-23 16:54:35.621 T:4252 debug : CAMLCodec::AddData: skip add data dl:15458136 fl:264360 sz:360556(360640) lv:100.6% dts:3.962 pts:4.171
2025-08-23 16:54:35.631 T:4250 info : Skipped 6 duplicate messages..
2025-08-23 16:54:35.631 T:4250 debug : CVideoPlayer::ProcessVideoData size:295012 dts:9.009 pts:9.092 dur:41.000ms, clock:1.435 level:63
2025-08-23 16:54:35.632 T:4252 debug : CAMLCodec::AddData: skip add data dl:15458136 fl:264360 sz:360556(360640) lv:100.6% dts:3.962 pts:4.171
2025-08-23 16:54:35.638 T:4253 info : Skipped 3 duplicate messages..
2025-08-23 16:54:35.638 T:4253 debug : CVideoPlayerAudio::OutputPacket: pts:2.228 curr_pts:1.417 clock:1.443 level:88
2025-08-23 16:54:35.639 T:4252 debug : CAMLCodec::AddData: skip add data dl:15458136 fl:264360 sz:360556(360640) lv:100.6% dts:3.962 pts:4.171
2025-08-23 16:54:35.640 T:4252 debug : CAMLCodec::DequeueBuffer: pts:1.752 idx:42
2025-08-23 16:54:35.640 T:4252 debug : CAMLCodec::GetPicture: index: 42, pts: 1.752, dur:42.000ms ar:1.78 elf:40ms
2025-08-23 16:54:35.640 T:4252 debug : CVideoPlayerVideo::OutputPicture - ttd:307ms pts:1.752 Clock:1.445 Level:4
2025-08-23 16:54:35.642 T:4252 debug : CAMLCodec::AddData: skip add data dl:15457816 fl:264680 sz:360556(360640) lv:100.6% dts:3.962 pts:4.171
2025-08-23 16:54:35.642 T:4073 debug : CAMLCodec::PollFrame elapsed:37.139ms
2025-08-23 16:54:35.644 T:4250 debug : CVideoPlayer::ProcessVideoData size:272276 dts:9.051 pts:9.051 dur:41.000ms, clock:1.449 level:63
2025-08-23 16:54:35.646 T:4073 debug : PrepareNextRender: frameOnScreen: 1.450 renderPts: 1.600 nextFramePts: 1.585 -> diff: 0.015 render: 1 forceNext: 0
2025-08-23 16:54:35.646 T:4073 debug : CAMLCodec::ReleaseFrame idx:38, drop:0
2025-08-23 16:54:35.646 T:4252 debug : CAMLCodec::AddData: skip add data dl:15457624 fl:264872 sz:360556(360640) lv:100.6% dts:3.962 pts:4.171
2025-08-23 16:54:35.655 T:4250 info : Skipped 4 duplicate messages..
2025-08-23 16:54:35.655 T:4250 debug : CVideoPlayer::ProcessVideoData size:271865 dts:9.092 pts:9.134 dur:41.000ms, clock:1.459 level:64
2025-08-23 16:54:35.655 T:4252 debug : CAMLCodec::AddData: skip add data dl:15457624 fl:264872 sz:360556(360640) lv:100.6% dts:3.962 pts:4.171
2025-08-23 16:54:35.671 T:4250 info : Skipped 9 duplicate messages..
2025-08-23 16:54:35.671 T:4250 debug : CVideoPlayer::ProcessVideoData size:293632 dts:9.134 pts:9.259 dur:41.000ms, clock:1.475 level:65
2025-08-23 16:54:35.672 T:4252 debug : CAMLCodec::AddData: skip add data dl:15457624 fl:264872 sz:360556(360640) lv:100.6% dts:3.962 pts:4.171
2025-08-23 16:54:35.680 T:4250 info : Skipped 4 duplicate messages..
2025-08-23 16:54:35.680 T:4250 debug : CVideoPlayer::ProcessVideoData size:265662 dts:9.176 pts:9.218 dur:41.000ms, clock:1.485 level:65
2025-08-23 16:54:35.681 T:4252 debug : CAMLCodec::AddData: skip add data dl:15457624 fl:264872 sz:360556(360640) lv:100.6% dts:3.962 pts:4.171
2025-08-23 16:54:35.682 T:4252 debug : CAMLCodec::AddData: skip add data dl:15457240 fl:265256 sz:360556(360640) lv:100.6% dts:3.962 pts:4.171
2025-08-23 16:54:35.683 T:4252 debug : CAMLCodec::DequeueBuffer: pts:1.793 idx:43
2025-08-23 16:54:35.683 T:4252 debug : CAMLCodec::GetPicture: index: 43, pts: 1.793, dur:41.000ms ar:1.78 elf:43ms
2025-08-23 16:54:35.683 T:4252 debug : CVideoPlayerVideo::OutputPicture - ttd:305ms pts:1.793 Clock:1.488 Level:4
2025-08-23 16:54:35.684 T:4073 debug : CAMLCodec::PollFrame elapsed:37.905ms
2025-08-23 16:54:35.686 T:4252 debug : CAMLCodec::AddData: skip add data dl:15457240 fl:265256 sz:360556(360640) lv:100.6% dts:3.962 pts:4.171
2025-08-23 16:54:35.688 T:4073 debug : PrepareNextRender: frameOnScreen: 1.492 renderPts: 1.642 nextFramePts: 1.627 -> diff: 0.015 render: 1 forceNext: 0
2025-08-23 16:54:35.688 T:4073 debug : CAMLCodec::ReleaseFrame idx:39, drop:0
2025-08-23 16:54:35.688 T:4252 debug : CAMLCodec::AddData: skip add data dl:15457048 fl:265448 sz:360556(360640) lv:100.6% dts:3.962 pts:4.171
2025-08-23 16:54:35.694 T:4250 info : Skipped 3 duplicate messages..
2025-08-23 16:54:35.694 T:4250 debug : CVideoPlayer::ProcessVideoData size:265031 dts:9.218 pts:9.301 dur:41.000ms, clock:1.498 level:66
2025-08-23 16:54:35.694 T:4250 debug : CVideoPlayer::ProcessAudioData size:3363 dts:9.381 pts:9.381 dur:92.000ms, clock:1.499 drop:0 level:88
2025-08-23 16:54:35.694 T:4250 debug : CVideoPlayer::ProcessAudioData size:3388 dts:9.473 pts:9.473 dur:92.000ms, clock:1.499 drop:0 level:89
2025-08-23 16:54:35.694 T:4250 debug : CVideoPlayer::ProcessAudioData size:3335 dts:9.566 pts:9.566 dur:92.000ms, clock:1.499 drop:0 level:90
2025-08-23 16:54:35.694 T:4250 debug : CVideoPlayer::ProcessAudioData size:3314 dts:9.659 pts:9.659 dur:92.000ms, clock:1.499 drop:0 level:91
2025-08-23 16:54:35.695 T:4252 debug : CAMLCodec::AddData: skip add data dl:15457048 fl:265448 sz:360556(360640) lv:100.6% dts:3.962 pts:4.171
2025-08-23 16:54:35.712 T:4250 info : Skipped 10 duplicate messages..
2025-08-23 16:54:35.712 T:4250 debug : CVideoPlayer::ProcessVideoData size:438460 dts:9.259 pts:9.676 dur:41.000ms, clock:1.516 level:66
2025-08-23 16:54:35.714 T:4252 debug : CAMLCodec::AddData: skip add data dl:15457048 fl:265448 sz:360556(360640) lv:100.6% dts:3.962 pts:4.171
2025-08-23 16:54:35.724 T:4252 info : Skipped 5 duplicate messages..
2025-08-23 16:54:35.724 T:4252 debug : CAMLCodec::AddData: skip add data dl:15456664 fl:265832 sz:360556(360640) lv:100.6% dts:3.962 pts:4.171
2025-08-23 16:54:35.725 T:4252 debug : CAMLCodec::DequeueBuffer: pts:1.835 idx:44
2025-08-23 16:54:35.725 T:4252 debug : CAMLCodec::GetPicture: index: 44, pts: 1.835, dur:42.000ms ar:1.78 elf:41ms
2025-08-23 16:54:35.725 T:4252 debug : CVideoPlayerVideo::OutputPicture - ttd:305ms pts:1.835 Clock:1.529 Level:4
2025-08-23 16:54:35.726 T:4073 debug : CAMLCodec::PollFrame elapsed:37.807ms
2025-08-23 16:54:35.726 T:4252 debug : CAMLCodec::DequeueBuffer: pts:1.877 idx:45
2025-08-23 16:54:35.726 T:4252 debug : CAMLCodec::GetPicture: index: 45, pts: 1.877, dur:42.000ms ar:1.78 elf:1ms
2025-08-23 16:54:35.726 T:4252 debug : CVideoPlayerVideo::OutputPicture - ttd:346ms pts:1.877 Clock:1.531 Level:5
2025-08-23 16:54:35.728 T:4252 debug : CAMLCodec::DequeueBuffer: pts:1.919 idx:46
2025-08-23 16:54:35.728 T:4252 debug : CAMLCodec::GetPicture: index: 46, pts: 1.919, dur:42.000ms ar:1.78 elf:1ms
2025-08-23 16:54:35.728 T:4252 debug : CVideoPlayerVideo::OutputPicture - ttd:386ms pts:1.919 Clock:1.532 Level:6
2025-08-23 16:54:35.729 T:4073 debug : PrepareNextRender: frameOnScreen: 1.533 renderPts: 1.683 nextFramePts: 1.668 -> diff: 0.015 render: 1 forceNext: 0
2025-08-23 16:54:35.729 T:4252 debug : CAMLCodec::DequeueBuffer: pts:1.960 idx:47
2025-08-23 16:54:35.729 T:4252 debug : CAMLCodec::GetPicture: index: 47, pts: 1.960, dur:41.000ms ar:1.78 elf:1ms
2025-08-23 16:54:35.729 T:4073 debug : CAMLCodec::ReleaseFrame idx:40, drop:0
2025-08-23 16:54:35.729 T:4252 debug : CVideoPlayerVideo::OutputPicture - ttd:426ms pts:1.960 Clock:1.534 Level:6
2025-08-23 16:54:35.730 T:4250 debug : CVideoPlayer::ProcessVideoData size:356478 dts:9.301 pts:9.509 dur:41.000ms, clock:1.535 level:67
2025-08-23 16:54:35.731 T:4252 debug : CAMLCodec::AddData: skip add data dl:15443480 fl:279016 sz:360556(360640) lv:100.5% dts:3.962 pts:4.171
