2025-08-23 16:55:02.720 T:4252 debug : CAMLCodec::AddData: skip add data dl:15679966 fl:42530 sz:431892(432000) lv:102.4% dts:30.489 pts:30.697
2025-08-23 16:55:02.725 T:4253 info : Skipped 2 duplicate messages..
2025-08-23 16:55:02.725 T:4253 debug : CVideoPlayerAudio::OutputPacket: pts:29.257 curr_pts:28.468 clock:28.494 level:74
2025-08-23 16:55:02.726 T:4250 debug : CVideoPlayer::ProcessVideoData size:325611 dts:35.035 pts:35.077 dur:41.000ms, clock:28.494 level:56
2025-08-23 16:55:02.726 T:4252 debug : CAMLCodec::AddData: skip add data dl:15679966 fl:42530 sz:431892(432000) lv:102.4% dts:30.489 pts:30.697
2025-08-23 16:55:02.744 T:4073 info : Skipped 9 duplicate messages..
2025-08-23 16:55:02.744 T:4073 debug : CAMLCodec::PollFrame elapsed:28.667ms
2025-08-23 16:55:02.745 T:4252 debug : CAMLCodec::AddData: skip add data dl:15679966 fl:42530 sz:431892(432000) lv:102.4% dts:30.489 pts:30.697
2025-08-23 16:55:02.750 T:4073 info : Skipped 2 duplicate messages..
2025-08-23 16:55:02.750 T:4073 debug : PrepareNextRender: frameOnScreen: 28.518 renderPts: 28.667 nextFramePts: 28.654 -> diff: 0.013 render: 1 forceNext: 0
2025-08-23 16:55:02.750 T:4073 debug : CAMLCodec::ReleaseFrame idx:687, drop:0
2025-08-23 16:55:02.751 T:4252 debug : CAMLCodec::AddData: skip add data dl:15679966 fl:42530 sz:431892(432000) lv:102.4% dts:30.489 pts:30.697
2025-08-23 16:55:02.786 T:4073 info : Skipped 18 duplicate messages..
2025-08-23 16:55:02.786 T:4073 debug : CAMLCodec::PollFrame elapsed:36.266ms
2025-08-23 16:55:02.787 T:4252 debug : CAMLCodec::AddData: skip add data dl:15627742 fl:94754 sz:431892(432000) lv:102.1% dts:30.489 pts:30.697
2025-08-23 16:55:02.789 T:4252 debug : CAMLCodec::DequeueBuffer: pts:28.862 idx:692
2025-08-23 16:55:02.789 T:4252 debug : CAMLCodec::GetPicture: index: 692, pts: 28.862, dur:42.000ms ar:1.78 elf:83ms
2025-08-23 16:55:02.789 T:4252 debug : CVideoPlayerVideo::OutputPicture - ttd:305ms pts:28.862 Clock:28.557 Level:4
2025-08-23 16:55:02.792 T:4252 debug : CAMLCodec::AddData: skip add data dl:15627742 fl:94754 sz:431892(432000) lv:102.1% dts:30.489 pts:30.697
2025-08-23 16:55:02.797 T:4252 info : Skipped 1 duplicate messages..
2025-08-23 16:55:02.797 T:4252 debug : CAMLCodec::AddData: skip add data dl:15300382 fl:422114 sz:431892(432000) lv:100.0% dts:30.489 pts:30.697
2025-08-23 16:55:02.799 T:4073 debug : PrepareNextRender: frameOnScreen: 28.567 renderPts: 28.716 nextFramePts: 28.695 -> diff: 0.021 render: 1 forceNext: 0
2025-08-23 16:55:02.799 T:4252 debug : CAMLCodec::AddData: skip add data dl:15300382 fl:422114 sz:431892(432000) lv:100.0% dts:30.489 pts:30.697
2025-08-23 16:55:02.799 T:4073 debug : CAMLCodec::ReleaseFrame idx:688, drop:0
2025-08-23 16:55:02.801 T:4252 debug : CAMLCodec::AddData: skip add data dl:15300382 fl:422114 sz:431892(432000) lv:100.0% dts:30.489 pts:30.697
2025-08-23 16:55:02.825 T:4253 info : Skipped 12 duplicate messages..
2025-08-23 16:55:02.825 T:4253 debug : CVideoPlayerAudio::OutputPacket: pts:29.349 curr_pts:28.568 clock:28.593 level:72
2025-08-23 16:55:02.825 T:4252 debug : CAMLCodec::AddData: skip add data dl:15300382 fl:422114 sz:431892(432000) lv:100.0% dts:30.489 pts:30.697
2025-08-23 16:55:02.828 T:4073 info : Skipped 1 duplicate messages..
2025-08-23 16:55:02.828 T:4073 debug : CAMLCodec::PollFrame elapsed:29.173ms
2025-08-23 16:55:02.829 T:4252 debug : CAMLCodec::DequeueBuffer: pts:28.904 idx:693
2025-08-23 16:55:02.829 T:4252 debug : CAMLCodec::GetPicture: index: 693, pts: 28.904, dur:42.000ms ar:1.78 elf:39ms
2025-08-23 16:55:02.829 T:4252 debug : CVideoPlayerVideo::OutputPicture - ttd:307ms pts:28.904 Clock:28.597 Level:4
2025-08-23 16:55:02.834 T:4252 debug : CAMLCodec::AddData: dl:15719838 fl:2658 sz:431892(432000) lv:99.9% dts:30.489 pts:30.697
2025-08-23 16:55:02.836 T:4252 debug : CAMLCodec::AddData: skip add data dl:15719730 fl:2766 sz:366684(366784) lv:102.3% dts:30.530 pts:30.614
2025-08-23 16:55:02.838 T:4252 debug : CAMLCodec::AddData: skip add data dl:15394610 fl:327886 sz:366684(366784) lv:100.2% dts:30.530 pts:30.614
2025-08-23 16:55:02.841 T:4073 info : Skipped 1 duplicate messages..
2025-08-23 16:55:02.841 T:4073 debug : PrepareNextRender: frameOnScreen: 28.609 renderPts: 28.758 nextFramePts: 28.737 -> diff: 0.021 render: 1 forceNext: 0
2025-08-23 16:55:02.841 T:4073 debug : CAMLCodec::ReleaseFrame idx:689, drop:0
2025-08-23 16:55:02.842 T:4252 debug : CAMLCodec::AddData: skip add data dl:15394610 fl:327886 sz:366684(366784) lv:100.2% dts:30.530 pts:30.614
2025-08-23 16:55:02.869 T:4250 info : Skipped 14 duplicate messages..
2025-08-23 16:55:02.869 T:4250 debug : CVideoPlayer::ProcessVideoData size:327322 dts:35.077 pts:35.160 dur:41.000ms, clock:28.637 level:56
2025-08-23 16:55:02.870 T:4073 debug : CAMLCodec::PollFrame elapsed:28.546ms
2025-08-23 16:55:02.870 T:4252 debug : CAMLCodec::AddData: skip add data dl:15394610 fl:327886 sz:366684(366784) lv:100.2% dts:30.530 pts:30.614
2025-08-23 16:55:02.871 T:4252 debug : CAMLCodec::DequeueBuffer: pts:28.946 idx:694
2025-08-23 16:55:02.871 T:4252 debug : CAMLCodec::GetPicture: index: 694, pts: 28.946, dur:42.000ms ar:1.78 elf:42ms
2025-08-23 16:55:02.871 T:4252 debug : CVideoPlayerVideo::OutputPicture - ttd:306ms pts:28.946 Clock:28.639 Level:4
2025-08-23 16:55:02.876 T:4252 debug : CAMLCodec::AddData: skip add data dl:15381682 fl:340814 sz:366684(366784) lv:100.1% dts:30.530 pts:30.614
2025-08-23 16:55:02.878 T:4253 debug : CVideoPlayerAudio::OutputPacket: pts:29.442 curr_pts:28.620 clock:28.646 level:71
2025-08-23 16:55:02.881 T:4073 debug : PrepareNextRender: frameOnScreen: 28.649 renderPts: 28.798 nextFramePts: 28.779 -> diff: 0.019 render: 1 forceNext: 0
2025-08-23 16:55:02.881 T:4073 debug : CAMLCodec::ReleaseFrame idx:690, drop:0
2025-08-23 16:55:02.881 T:4252 debug : CAMLCodec::AddData: dl:15410738 fl:311758 sz:366684(366784) lv:98.0% dts:30.530 pts:30.614
2025-08-23 16:55:02.886 T:4252 debug : CAMLCodec::AddData: dl:15545522 fl:176974 sz:304890(304960) lv:98.8% dts:30.572 pts:30.572
2025-08-23 16:55:02.886 T:4252 debug : CAMLCodec::AddData: skip add data dl:15715528 fl:6968 sz:310176(310272) lv:101.9% dts:30.614 pts:30.656
2025-08-23 16:55:02.891 T:4250 info : Skipped 2 duplicate messages..
2025-08-23 16:55:02.891 T:4250 debug : CVideoPlayer::ProcessAudioData size:7349 dts:35.294 pts:35.294 dur:92.000ms, clock:28.659 drop:0 level:71
2025-08-23 16:55:02.892 T:4250 debug : CVideoPlayer::ProcessAudioData size:6689 dts:35.386 pts:35.386 dur:92.000ms, clock:28.659 drop:0 level:72
2025-08-23 16:55:02.892 T:4250 debug : CVideoPlayer::ProcessAudioData size:6518 dts:35.479 pts:35.479 dur:92.000ms, clock:28.660 drop:0 level:74
2025-08-23 16:55:02.892 T:4252 debug : CAMLCodec::AddData: skip add data dl:15715528 fl:6968 sz:310176(310272) lv:101.9% dts:30.614 pts:30.656
2025-08-23 16:55:02.895 T:4250 info : Skipped 1 duplicate messages..
2025-08-23 16:55:02.895 T:4250 debug : CVideoPlayer::ProcessVideoData size:525069 dts:35.118 pts:35.494 dur:41.000ms, clock:28.663 level:56
2025-08-23 16:55:02.897 T:4252 debug : CAMLCodec::AddData: skip add data dl:15715528 fl:6968 sz:310176(310272) lv:101.9% dts:30.614 pts:30.656
2025-08-23 16:55:02.907 T:4250 info : Skipped 4 duplicate messages..
2025-08-23 16:55:02.907 T:4250 debug : CVideoPlayer::ProcessVideoData size:454088 dts:35.160 pts:35.369 dur:41.000ms, clock:28.675 level:100
2025-08-23 16:55:02.909 T:4252 debug : CAMLCodec::AddData: skip add data dl:15715528 fl:6968 sz:310176(310272) lv:101.9% dts:30.614 pts:30.656
2025-08-23 16:55:02.911 T:4073 debug : CAMLCodec::PollFrame elapsed:29.936ms
2025-08-23 16:55:02.912 T:4252 debug : CAMLCodec::AddData: skip add data dl:15656776 fl:65720 sz:310176(310272) lv:101.5% dts:30.614 pts:30.656
2025-08-23 16:55:02.914 T:4252 debug : CAMLCodec::DequeueBuffer: pts:28.987 idx:695
2025-08-23 16:55:02.915 T:4252 debug : CAMLCodec::GetPicture: index: 695, pts: 28.987, dur:41.000ms ar:1.78 elf:42ms
2025-08-23 16:55:02.915 T:4252 debug : CVideoPlayerVideo::OutputPicture - ttd:304ms pts:28.987 Clock:28.683 Level:4
2025-08-23 16:55:02.918 T:4252 debug : CAMLCodec::AddData: skip add data dl:15656776 fl:65720 sz:310176(310272) lv:101.5% dts:30.614 pts:30.656
2025-08-23 16:55:02.921 T:4073 debug : PrepareNextRender: frameOnScreen: 28.689 renderPts: 28.838 nextFramePts: 28.820 -> diff: 0.018 render: 1 forceNext: 0
2025-08-23 16:55:02.922 T:4073 debug : CAMLCodec::ReleaseFrame idx:691, drop:0
2025-08-23 16:55:02.922 T:4252 debug : CAMLCodec::AddData: dl:15640968 fl:81528 sz:310176(310272) lv:99.4% dts:30.614 pts:30.656
2025-08-23 16:55:02.924 T:4252 debug : CAMLCodec::AddData: skip add data dl:15640872 fl:81624 sz:336440(336512) lv:101.6% dts:30.656 pts:30.781
2025-08-23 16:55:02.953 T:4073 info : Skipped 16 duplicate messages..
2025-08-23 16:55:02.953 T:4073 debug : CAMLCodec::PollFrame elapsed:31.427ms
2025-08-23 16:55:02.954 T:4252 debug : CAMLCodec::DequeueBuffer: pts:29.029 idx:696
2025-08-23 16:55:02.954 T:4252 debug : CAMLCodec::GetPicture: index: 696, pts: 29.029, dur:42.000ms ar:1.78 elf:38ms
2025-08-23 16:55:02.954 T:4252 debug : CVideoPlayerVideo::OutputPicture - ttd:307ms pts:29.029 Clock:28.722 Level:4
2025-08-23 16:55:02.958 T:4252 debug : CAMLCodec::AddData: skip add data dl:15626856 fl:95640 sz:336440(336512) lv:101.5% dts:30.656 pts:30.781
2025-08-23 16:55:02.961 T:4073 debug : PrepareNextRender: frameOnScreen: 28.729 renderPts: 28.878 nextFramePts: 28.862 -> diff: 0.016 render: 1 forceNext: 0
2025-08-23 16:55:02.961 T:4073 debug : CAMLCodec::ReleaseFrame idx:692, drop:0
2025-08-23 16:55:02.965 T:4252 debug : CAMLCodec::AddData: dl:15642792 fl:79704 sz:336440(336512) lv:99.5% dts:30.656 pts:30.781
2025-08-23 16:55:02.966 T:4252 debug : CAMLCodec::AddData: skip add data dl:15642720 fl:79776 sz:314641(314752) lv:101.5% dts:30.697 pts:30.739
2025-08-23 16:55:02.975 T:4253 info : Skipped 4 duplicate messages..
2025-08-23 16:55:02.975 T:4253 debug : CVideoPlayerAudio::OutputPacket: pts:29.536 curr_pts:28.717 clock:28.743 level:74
2025-08-23 16:55:02.975 T:4252 debug : CAMLCodec::AddData: skip add data dl:15642720 fl:79776 sz:314641(314752) lv:101.5% dts:30.697 pts:30.739
2025-08-23 16:55:02.995 T:4073 info : Skipped 11 duplicate messages..
2025-08-23 16:55:02.995 T:4073 debug : CAMLCodec::PollFrame elapsed:33.393ms
2025-08-23 16:55:02.995 T:4252 debug : CAMLCodec::AddData: skip add data dl:15642720 fl:79776 sz:314641(314752) lv:101.5% dts:30.697 pts:30.739
2025-08-23 16:55:02.996 T:4252 debug : CAMLCodec::DequeueBuffer: pts:29.071 idx:697
2025-08-23 16:55:02.997 T:4252 debug : CAMLCodec::GetPicture: index: 697, pts: 29.071, dur:42.000ms ar:1.78 elf:42ms
2025-08-23 16:55:02.997 T:4252 debug : CVideoPlayerVideo::OutputPicture - ttd:306ms pts:29.071 Clock:28.764 Level:4
2025-08-23 16:55:03.000 T:4252 debug : CAMLCodec::AddData: skip add data dl:15628000 fl:94496 sz:314641(314752) lv:101.4% dts:30.697 pts:30.739
2025-08-23 16:55:03.001 T:4250 debug : CVideoPlayer::ProcessVideoData size:388214 dts:35.202 pts:35.285 dur:41.000ms, clock:28.769 level:100
2025-08-23 16:55:03.003 T:4252 debug : CAMLCodec::AddData: skip add data dl:15628000 fl:94496 sz:314641(314752) lv:101.4% dts:30.697 pts:30.739
2025-08-23 16:55:03.004 T:4073 debug : PrepareNextRender: frameOnScreen: 28.772 renderPts: 28.921 nextFramePts: 28.904 -> diff: 0.017 render: 1 forceNext: 0
2025-08-23 16:55:03.004 T:4073 debug : CAMLCodec::ReleaseFrame idx:693, drop:0
2025-08-23 16:55:03.007 T:4252 debug : CAMLCodec::AddData: dl:15516448 fl:206048 sz:314641(314752) lv:98.7% dts:30.697 pts:30.739
2025-08-23 16:55:03.009 T:4252 debug : CAMLCodec::AddData: skip add data dl:15516337 fl:206159 sz:318398(318464) lv:100.7% dts:30.739 pts:30.822
2025-08-23 16:55:03.012 T:4250 debug : CVideoPlayer::ProcessVideoData size:327605 dts:35.244 pts:35.244 dur:41.000ms, clock:28.780 level:56
2025-08-23 16:55:03.012 T:4252 debug : CAMLCodec::AddData: skip add data dl:15516337 fl:206159 sz:318398(318464) lv:100.7% dts:30.739 pts:30.822
2025-08-23 16:55:03.037 T:4073 info : Skipped 12 duplicate messages..
2025-08-23 16:55:03.037 T:4073 debug : CAMLCodec::PollFrame elapsed:32.632ms
2025-08-23 16:55:03.039 T:4252 debug : CAMLCodec::AddData: dl:15719025 fl:3471 sz:318398(318464) lv:99.9% dts:30.739 pts:30.822
2025-08-23 16:55:03.039 T:4252 debug : CAMLCodec::DequeueBuffer: pts:29.112 idx:698
2025-08-23 16:55:03.039 T:4252 debug : CAMLCodec::GetPicture: index: 698, pts: 29.112, dur:41.000ms ar:1.78 elf:42ms
2025-08-23 16:55:03.039 T:4252 debug : CVideoPlayerVideo::OutputPicture - ttd:304ms pts:29.112 Clock:28.807 Level:4
2025-08-23 16:55:03.042 T:4252 debug : CAMLCodec::AddData: skip add data dl:15718959 fl:3537 sz:572896(572992) lv:103.6% dts:30.781 pts:31.198
2025-08-23 16:55:03.046 T:4073 info : Skipped 1 duplicate messages..
2025-08-23 16:55:03.046 T:4073 debug : PrepareNextRender: frameOnScreen: 28.814 renderPts: 28.963 nextFramePts: 28.946 -> diff: 0.017 render: 1 forceNext: 0
2025-08-23 16:55:03.046 T:4073 debug : CAMLCodec::ReleaseFrame idx:694, drop:0
2025-08-23 16:55:03.048 T:4252 debug : CAMLCodec::AddData: skip add data dl:15308783 fl:413713 sz:572896(572992) lv:101.0% dts:30.781 pts:31.198
2025-08-23 16:55:03.075 T:4253 info : Skipped 13 duplicate messages..
2025-08-23 16:55:03.075 T:4253 debug : CVideoPlayerAudio::OutputPacket: pts:29.628 curr_pts:28.818 clock:28.843 level:72
2025-08-23 16:55:03.077 T:4252 debug : CAMLCodec::AddData: skip add data dl:15308783 fl:413713 sz:572896(572992) lv:101.0% dts:30.781 pts:31.198
2025-08-23 16:55:03.078 T:4073 debug : CAMLCodec::PollFrame elapsed:32.094ms
2025-08-23 16:55:03.079 T:4252 debug : CAMLCodec::AddData: skip add data dl:15308783 fl:413713 sz:572896(572992) lv:101.0% dts:30.781 pts:31.198
2025-08-23 16:55:03.084 T:4250 info : Skipped 1 duplicate messages..
2025-08-23 16:55:03.084 T:4250 debug : CVideoPlayer::ProcessVideoData size:326661 dts:35.285 pts:35.327 dur:41.000ms, clock:28.852 level:56
2025-08-23 16:55:03.085 T:4252 debug : CAMLCodec::AddData: skip add data dl:15308783 fl:413713 sz:572896(572992) lv:101.0% dts:30.781 pts:31.198
2025-08-23 16:55:03.086 T:4250 debug : CVideoPlayer::ProcessVideoData size:374081 dts:35.327 pts:35.452 dur:41.000ms, clock:28.853 level:100
2025-08-23 16:55:03.088 T:4252 debug : CAMLCodec::AddData: skip add data dl:15308783 fl:413713 sz:572896(572992) lv:101.0% dts:30.781 pts:31.198
2025-08-23 16:55:03.094 T:4073 info : Skipped 1 duplicate messages..
2025-08-23 16:55:03.094 T:4073 debug : PrepareNextRender: frameOnScreen: 28.861 renderPts: 29.010 nextFramePts: 28.987 -> diff: 0.023 render: 1 forceNext: 0
2025-08-23 16:55:03.094 T:4252 debug : CAMLCodec::AddData: skip add data dl:15308783 fl:413713 sz:572896(572992) lv:101.0% dts:30.781 pts:31.198
2025-08-23 16:55:03.094 T:4073 debug : CAMLCodec::ReleaseFrame idx:695, drop:0
2025-08-23 16:55:03.097 T:4252 debug : CAMLCodec::AddData: skip add data dl:15308783 fl:413713 sz:572896(572992) lv:101.0% dts:30.781 pts:31.198
2025-08-23 16:55:03.120 T:4073 info : Skipped 10 duplicate messages..
2025-08-23 16:55:03.120 T:4073 debug : CAMLCodec::PollFrame elapsed:25.967ms
2025-08-23 16:55:03.120 T:4252 debug : CAMLCodec::DequeueBuffer: pts:29.154 idx:699
2025-08-23 16:55:03.121 T:4252 debug : CAMLCodec::GetPicture: index: 699, pts: 29.154, dur:42.000ms ar:1.78 elf:80ms
2025-08-23 16:55:03.121 T:4252 debug : CVideoPlayerVideo::OutputPicture - ttd:265ms pts:29.154 Clock:28.889 Level:3
2025-08-23 16:55:03.123 T:4252 debug : CAMLCodec::AddData: skip add data dl:15252527 fl:469969 sz:572896(572992) lv:100.6% dts:30.781 pts:31.198
2025-08-23 16:55:03.133 T:4252 info : Skipped 2 duplicate messages..
2025-08-23 16:55:03.133 T:4252 debug : CAMLCodec::AddData: dl:15492015 fl:230481 sz:572896(572992) lv:98.5% dts:30.781 pts:31.198
2025-08-23 16:55:03.133 T:4252 debug : CAMLCodec::DequeueBuffer: pts:29.196 idx:700
2025-08-23 16:55:03.133 T:4252 debug : CAMLCodec::GetPicture: index: 700, pts: 29.196, dur:42.000ms ar:1.78 elf:12ms
2025-08-23 16:55:03.134 T:4252 debug : CVideoPlayerVideo::OutputPicture - ttd:294ms pts:29.196 Clock:28.901 Level:4
2025-08-23 16:55:03.137 T:4252 debug : CAMLCodec::AddData: skip add data dl:15429711 fl:292785 sz:417237(417344) lv:100.8% dts:30.822 pts:31.031
2025-08-23 16:55:03.141 T:4073 debug : PrepareNextRender: frameOnScreen: 28.908 renderPts: 29.057 nextFramePts: 29.029 -> diff: 0.028 render: 1 forceNext: 0
2025-08-23 16:55:03.141 T:4073 debug : CAMLCodec::ReleaseFrame idx:696, drop:0
2025-08-23 16:55:03.142 T:4252 debug : CAMLCodec::AddData: dl:15527951 fl:194545 sz:417237(417344) lv:98.7% dts:30.822 pts:31.031
2025-08-23 16:55:03.143 T:4252 debug : CAMLCodec::AddData: skip add data dl:15527844 fl:194652 sz:335176(335296) lv:100.9% dts:30.864 pts:30.948
2025-08-23 16:55:03.149 T:4250 info : Skipped 3 duplicate messages..
2025-08-23 16:55:03.149 T:4250 debug : CVideoPlayer::ProcessVideoData size:311862 dts:35.369 pts:35.410 dur:41.000ms, clock:28.916 level:56
2025-08-23 16:55:03.150 T:4252 debug : CAMLCodec::AddData: skip add data dl:15527844 fl:194652 sz:335176(335296) lv:100.9% dts:30.864 pts:30.948
2025-08-23 16:55:03.162 T:4073 info : Skipped 6 duplicate messages..
2025-08-23 16:55:03.162 T:4073 debug : CAMLCodec::PollFrame elapsed:20.775ms
2025-08-23 16:55:03.163 T:4252 debug : CAMLCodec::AddData: skip add data dl:15511844 fl:210652 sz:335176(335296) lv:100.8% dts:30.864 pts:30.948
2025-08-23 16:55:03.164 T:4252 debug : CAMLCodec::DequeueBuffer: pts:29.238 idx:701
2025-08-23 16:55:03.165 T:4252 debug : CAMLCodec::GetPicture: index: 701, pts: 29.238, dur:42.000ms ar:1.78 elf:31ms
2025-08-23 16:55:03.165 T:4252 debug : CVideoPlayerVideo::OutputPicture - ttd:305ms pts:29.238 Clock:28.932 Level:4
2025-08-23 16:55:03.168 T:4252 debug : CAMLCodec::AddData: skip add data dl:15511844 fl:210652 sz:335176(335296) lv:100.8% dts:30.864 pts:30.948
2025-08-23 16:55:03.171 T:4073 info : Skipped 1 duplicate messages..
2025-08-23 16:55:03.171 T:4073 debug : PrepareNextRender: frameOnScreen: 28.939 renderPts: 29.088 nextFramePts: 29.071 -> diff: 0.017 render: 1 forceNext: 0
2025-08-23 16:55:03.171 T:4073 debug : CAMLCodec::ReleaseFrame idx:697, drop:0
2025-08-23 16:55:03.175 T:4253 debug : CVideoPlayerAudio::OutputPacket: pts:29.721 curr_pts:28.917 clock:28.943 level:71
2025-08-23 16:55:03.175 T:4252 debug : CAMLCodec::AddData: dl:15523236 fl:199260 sz:335176(335296) lv:98.7% dts:30.864 pts:30.948
2025-08-23 16:55:03.176 T:4252 debug : CAMLCodec::AddData: skip add data dl:15450084 fl:272412 sz:313479(313600) lv:100.2% dts:30.906 pts:30.906
2025-08-23 16:55:03.178 T:4252 debug : CAMLCodec::AddData: skip add data dl:15523116 fl:199380 sz:313479(313600) lv:100.7% dts:30.906 pts:30.906
2025-08-23 16:55:03.181 T:4250 info : Skipped 1 duplicate messages..
2025-08-23 16:55:03.181 T:4250 debug : CVideoPlayer::ProcessVideoData size:613772 dts:35.410 pts:35.535 dur:41.000ms, clock:28.949 level:56
2025-08-23 16:55:03.182 T:4252 debug : CAMLCodec::AddData: skip add data dl:15523116 fl:199380 sz:313479(313600) lv:100.7% dts:30.906 pts:30.906
2025-08-23 16:55:03.204 T:4073 info : Skipped 11 duplicate messages..
2025-08-23 16:55:03.204 T:4073 debug : CAMLCodec::PollFrame elapsed:32.415ms
2025-08-23 16:55:03.205 T:4252 debug : CAMLCodec::DequeueBuffer: pts:29.279 idx:702
2025-08-23 16:55:03.205 T:4252 debug : CAMLCodec::GetPicture: index: 702, pts: 29.279, dur:41.000ms ar:1.78 elf:40ms
2025-08-23 16:55:03.206 T:4252 debug : CVideoPlayerVideo::OutputPicture - ttd:305ms pts:29.279 Clock:28.973 Level:4
2025-08-23 16:55:03.208 T:4252 debug : CAMLCodec::AddData: skip add data dl:15509612 fl:212884 sz:313479(313600) lv:100.6% dts:30.906 pts:30.906
2025-08-23 16:55:03.216 T:4073 info : Skipped 1 duplicate messages..
2025-08-23 16:55:03.216 T:4073 debug : PrepareNextRender: frameOnScreen: 28.983 renderPts: 29.132 nextFramePts: 29.112 -> diff: 0.020 render: 1 forceNext: 0
2025-08-23 16:55:03.216 T:4073 debug : CAMLCodec::ReleaseFrame idx:698, drop:0
2025-08-23 16:55:03.217 T:4252 debug : CAMLCodec::AddData: dl:15490284 fl:232212 sz:313479(313600) lv:98.5% dts:30.906 pts:30.906
2025-08-23 16:55:03.219 T:4252 debug : CAMLCodec::AddData: skip add data dl:15490163 fl:232333 sz:315070(315136) lv:100.5% dts:30.948 pts:30.989
2025-08-23 16:55:03.223 T:4250 info : Skipped 1 duplicate messages..
2025-08-23 16:55:03.223 T:4250 debug : CVideoPlayer::ProcessAudioData size:10082 dts:35.573 pts:35.573 dur:92.000ms, clock:28.990 drop:0 level:71
2025-08-23 16:55:03.223 T:4250 debug : CVideoPlayer::ProcessAudioData size:9820 dts:35.665 pts:35.665 dur:92.000ms, clock:28.990 drop:0 level:72
2025-08-23 16:55:03.223 T:4250 debug : CVideoPlayer::ProcessAudioData size:8496 dts:35.758 pts:35.758 dur:92.000ms, clock:28.991 drop:0 level:74
2025-08-23 16:55:03.223 T:4250 debug : CVideoPlayer::ProcessAudioData size:7531 dts:35.851 pts:35.851 dur:92.000ms, clock:28.991 drop:0 level:75
2025-08-23 16:55:03.226 T:4250 debug : CVideoPlayer::ProcessVideoData size:547749 dts:35.452 pts:35.869 dur:41.000ms, clock:28.993 level:56
2025-08-23 16:55:03.226 T:4252 debug : CAMLCodec::AddData: skip add data dl:15490163 fl:232333 sz:315070(315136) lv:100.5% dts:30.948 pts:30.989
2025-08-23 16:55:03.246 T:4073 info : Skipped 11 duplicate messages..
2025-08-23 16:55:03.246 T:4073 debug : CAMLCodec::PollFrame elapsed:29.301ms
2025-08-23 16:55:03.247 T:4252 debug : CAMLCodec::AddData: skip add data dl:15432115 fl:290381 sz:315070(315136) lv:100.1% dts:30.948 pts:30.989
2025-08-23 16:55:03.249 T:4252 debug : CAMLCodec::DequeueBuffer: pts:29.321 idx:703
2025-08-23 16:55:03.249 T:4252 debug : CAMLCodec::GetPicture: index: 703, pts: 29.321, dur:42.000ms ar:1.78 elf:43ms
2025-08-23 16:55:03.250 T:4252 debug : CVideoPlayerVideo::OutputPicture - ttd:304ms pts:29.321 Clock:29.017 Level:4
2025-08-23 16:55:03.252 T:4073 debug : PrepareNextRender: frameOnScreen: 29.020 renderPts: 29.169 nextFramePts: 29.154 -> diff: 0.015 render: 1 forceNext: 0
2025-08-23 16:55:03.252 T:4073 debug : CAMLCodec::ReleaseFrame idx:699, drop:0
2025-08-23 16:55:03.253 T:4252 debug : CAMLCodec::AddData: skip add data dl:15432115 fl:290381 sz:315070(315136) lv:100.1% dts:30.948 pts:30.989
2025-08-23 16:55:03.259 T:4252 debug : CAMLCodec::AddData: dl:15424179 fl:298317 sz:315070(315136) lv:98.1% dts:30.948 pts:30.989
2025-08-23 16:55:03.260 T:4252 debug : CAMLCodec::AddData: skip add data dl:15424113 fl:298383 sz:372658(372736) lv:100.4% dts:30.989 pts:31.114
2025-08-23 16:55:03.275 T:4253 info : Skipped 8 duplicate messages..
2025-08-23 16:55:03.275 T:4253 debug : CVideoPlayerAudio::OutputPacket: pts:29.814 curr_pts:29.018 clock:29.043 level:75
2025-08-23 16:55:03.277 T:4252 debug : CAMLCodec::AddData: skip add data dl:15424113 fl:298383 sz:372658(372736) lv:100.4% dts:30.989 pts:31.114
2025-08-23 16:55:03.287 T:4073 info : Skipped 5 duplicate messages..
2025-08-23 16:55:03.287 T:4073 debug : CAMLCodec::PollFrame elapsed:34.859ms
2025-08-23 16:55:03.287 T:4252 debug : CAMLCodec::DequeueBuffer: pts:29.363 idx:704
2025-08-23 16:55:03.287 T:4252 debug : CAMLCodec::GetPicture: index: 704, pts: 29.363, dur:42.000ms ar:1.78 elf:38ms
2025-08-23 16:55:03.288 T:4252 debug : CVideoPlayerVideo::OutputPicture - ttd:307ms pts:29.363 Clock:29.055 Level:4
2025-08-23 16:55:03.289 T:4252 debug : CAMLCodec::DequeueBuffer: pts:29.404 idx:705
2025-08-23 16:55:03.289 T:4252 debug : CAMLCodec::GetPicture: index: 705, pts: 29.404, dur:41.000ms ar:1.78 elf:1ms
2025-08-23 16:55:03.289 T:4252 debug : CVideoPlayerVideo::OutputPicture - ttd:347ms pts:29.404 Clock:29.056 Level:5
2025-08-23 16:55:03.290 T:4252 debug : CAMLCodec::DequeueBuffer: pts:29.446 idx:706
2025-08-23 16:55:03.290 T:4252 debug : CAMLCodec::GetPicture: index: 706, pts: 29.446, dur:42.000ms ar:1.78 elf:1ms
2025-08-23 16:55:03.290 T:4252 debug : CVideoPlayerVideo::OutputPicture - ttd:388ms pts:29.446 Clock:29.058 Level:6
2025-08-23 16:55:03.292 T:4252 debug : CAMLCodec::DequeueBuffer: pts:29.488 idx:707
2025-08-23 16:55:03.292 T:4252 debug : CAMLCodec::GetPicture: index: 707, pts: 29.488, dur:42.000ms ar:1.78 elf:1ms
2025-08-23 16:55:03.296 T:4073 debug : PrepareNextRender: frameOnScreen: 29.063 renderPts: 29.212 nextFramePts: 29.196 -> diff: 0.016 render: 1 forceNext: 0
2025-08-23 16:55:03.296 T:4073 debug : CAMLCodec::ReleaseFrame idx:700, drop:0
2025-08-23 16:55:03.296 T:4252 debug : CVideoPlayerVideo::OutputPicture - ttd:428ms pts:29.488 Clock:29.059 Level:6
2025-08-23 16:55:03.299 T:4250 debug : CVideoPlayer::ProcessVideoData size:435107 dts:35.494 pts:35.702 dur:41.000ms, clock:29.067 level:56
2025-08-23 16:55:03.302 T:4252 debug : CAMLCodec::AddData: dl:15300657 fl:421839 sz:372658(372736) lv:97.3% dts:30.989 pts:31.114
2025-08-23 16:55:03.307 T:4252 debug : CAMLCodec::AddData: dl:15402467 fl:320029 sz:306138(306240) lv:97.9% dts:31.031 pts:31.073
2025-08-23 16:55:03.311 T:4252 debug : CAMLCodec::AddData: dl:15711229 fl:11267 sz:308786(308864) lv:99.9% dts:31.073 pts:31.156
2025-08-23 16:55:03.312 T:4250 debug : CVideoPlayer::ProcessVideoData size:335282 dts:35.535 pts:35.619 dur:41.000ms, clock:29.079 level:55
2025-08-23 16:55:03.313 T:4252 debug : CAMLCodec::AddData: skip add data dl:15267247 fl:455249 sz:533725(533824) lv:100.5% dts:31.114 pts:31.490
2025-08-23 16:55:03.313 T:4250 debug : CVideoPlayer::ProcessVideoData size:300659 dts:35.577 pts:35.577 dur:41.000ms, clock:29.081 level:55
2025-08-23 16:55:03.316 T:4252 debug : CAMLCodec::AddData: skip add data dl:15267247 fl:455249 sz:533725(533824) lv:100.5% dts:31.114 pts:31.490
2025-08-23 16:55:03.329 T:4073 info : Skipped 6 duplicate messages..
2025-08-23 16:55:03.329 T:4073 debug : CAMLCodec::PollFrame elapsed:32.797ms
2025-08-23 16:55:03.333 T:4252 debug : CAMLCodec::AddData: dl:15648175 fl:74321 sz:533725(533824) lv:99.5% dts:31.114 pts:31.490
2025-08-23 16:55:03.334 T:4252 debug : CAMLCodec::AddData: skip add data dl:15571688 fl:150552 sz:416893(416960) lv:101.7% dts:31.156 pts:31.365
2025-08-23 16:55:03.335 T:4250 debug : CVideoPlayer::ProcessVideoData size:304809 dts:35.619 pts:35.661 dur:41.000ms, clock:29.102 level:56
2025-08-23 16:55:03.337 T:4252 debug : CAMLCodec::AddData: skip add data dl:15648076 fl:74420 sz:416893(416960) lv:102.1% dts:31.156 pts:31.365
2025-08-23 16:55:03.342 T:4252 debug : CAMLCodec::AddData: dl:15650444 fl:72052 sz:416893(416960) lv:99.5% dts:31.156 pts:31.365
2025-08-23 16:55:03.344 T:4252 debug : CAMLCodec::AddData: skip add data dl:15650377 fl:72119 sz:340225(340352) lv:101.7% dts:31.198 pts:31.281
2025-08-23 16:55:03.345 T:4073 debug : PrepareNextRender: frameOnScreen: 29.112 renderPts: 29.261 nextFramePts: 29.238 -> diff: 0.023 render: 1 forceNext: 0
2025-08-23 16:55:03.345 T:4073 debug : CAMLCodec::ReleaseFrame idx:701, drop:0
2025-08-23 16:55:03.346 T:4252 debug : CAMLCodec::AddData: skip add data dl:15650377 fl:72119 sz:340225(340352) lv:101.7% dts:31.198 pts:31.281
2025-08-23 16:55:03.347 T:4250 debug : CVideoPlayer::ProcessVideoData size:345381 dts:35.661 pts:35.786 dur:41.000ms, clock:29.114 level:56
2025-08-23 16:55:03.348 T:4252 debug : CAMLCodec::AddData: skip add data dl:15650377 fl:72119 sz:340225(340352) lv:101.7% dts:31.198 pts:31.281
2025-08-23 16:55:03.371 T:4073 info : Skipped 13 duplicate messages..
2025-08-23 16:55:03.371 T:4073 debug : CAMLCodec::PollFrame elapsed:25.890ms
2025-08-23 16:55:03.372 T:4252 debug : CAMLCodec::AddData: skip add data dl:15596169 fl:126327 sz:340225(340352) lv:101.3% dts:31.198 pts:31.281
2025-08-23 16:55:03.377 T:4253 info : Skipped 1 duplicate messages..
2025-08-23 16:55:03.377 T:4253 debug : CVideoPlayerAudio::OutputPacket: pts:29.907 curr_pts:29.119 clock:29.144 level:74
2025-08-23 16:55:03.378 T:4252 debug : CAMLCodec::AddData: skip add data dl:15596169 fl:126327 sz:340225(340352) lv:101.3% dts:31.198 pts:31.281
2025-08-23 16:55:03.380 T:4073 debug : PrepareNextRender: frameOnScreen: 29.147 renderPts: 29.296 nextFramePts: 29.279 -> diff: 0.017 render: 1 forceNext: 0
2025-08-23 16:55:03.380 T:4073 debug : CAMLCodec::ReleaseFrame idx:702, drop:0
2025-08-23 16:55:03.380 T:4250 debug : CVideoPlayer::ProcessVideoData size:304173 dts:35.702 pts:35.744 dur:41.000ms, clock:29.147 level:56
2025-08-23 16:55:03.382 T:4252 debug : CAMLCodec::AddData: dl:15601097 fl:121399 sz:340225(340352) lv:99.2% dts:31.198 pts:31.281
2025-08-23 16:55:03.383 T:4252 debug : CAMLCodec::AddData: skip add data dl:15457353 fl:265143 sz:305798(305920) lv:100.2% dts:31.240 pts:31.240
2025-08-23 16:55:03.385 T:4252 debug : CAMLCodec::AddData: skip add data dl:15600970 fl:121526 sz:305798(305920) lv:101.1% dts:31.240 pts:31.240
2025-08-23 16:55:03.403 T:4250 info : Skipped 10 duplicate messages..
2025-08-23 16:55:03.403 T:4250 debug : CVideoPlayer::ProcessVideoData size:316776 dts:35.744 pts:35.827 dur:41.000ms, clock:29.170 level:100
2025-08-23 16:55:03.403 T:4252 debug : CAMLCodec::AddData: skip add data dl:15600970 fl:121526 sz:305798(305920) lv:101.1% dts:31.240 pts:31.240
2025-08-23 16:55:03.412 T:4073 info : Skipped 5 duplicate messages..
2025-08-23 16:55:03.412 T:4073 debug : CAMLCodec::PollFrame elapsed:32.546ms
2025-08-23 16:55:03.413 T:4252 debug : CAMLCodec::DequeueBuffer: pts:29.529 idx:708
2025-08-23 16:55:03.413 T:4252 debug : CAMLCodec::GetPicture: index: 708, pts: 29.529, dur:41.000ms ar:1.78 elf:121ms
2025-08-23 16:55:03.413 T:4252 debug : CVideoPlayerVideo::OutputPicture - ttd:348ms pts:29.529 Clock:29.180 Level:5
2025-08-23 16:55:03.415 T:4252 debug : CAMLCodec::AddData: skip add data dl:15540234 fl:182262 sz:305798(305920) lv:100.7% dts:31.240 pts:31.240
2025-08-23 16:55:03.421 T:4073 info : Skipped 2 duplicate messages..
2025-08-23 16:55:03.421 T:4073 debug : PrepareNextRender: frameOnScreen: 29.188 renderPts: 29.337 nextFramePts: 29.321 -> diff: 0.016 render: 1 forceNext: 0
2025-08-23 16:55:03.421 T:4073 debug : CAMLCodec::ReleaseFrame idx:703, drop:0
2025-08-23 16:55:03.425 T:4252 debug : CAMLCodec::AddData: dl:15528074 fl:194422 sz:305798(305920) lv:98.7% dts:31.240 pts:31.240
2025-08-23 16:55:03.426 T:4252 debug : CAMLCodec::AddData: skip add data dl:15527952 fl:194544 sz:306579(306688) lv:100.7% dts:31.281 pts:31.323
2025-08-23 16:55:03.444 T:4250 info : Skipped 10 duplicate messages..
2025-08-23 16:55:03.444 T:4250 debug : CVideoPlayer::ProcessAudioData size:8548 dts:35.944 pts:35.944 dur:92.000ms, clock:29.211 drop:0 level:74
2025-08-23 16:55:03.444 T:4250 debug : CVideoPlayer::ProcessAudioData size:7898 dts:36.036 pts:36.036 dur:92.000ms, clock:29.212 drop:0 level:75
2025-08-23 16:55:03.444 T:4250 debug : CVideoPlayer::ProcessAudioData size:6955 dts:36.129 pts:36.129 dur:92.000ms, clock:29.212 drop:0 level:76
2025-08-23 16:55:03.447 T:4250 debug : CVideoPlayer::ProcessVideoData size:561171 dts:35.786 pts:36.203 dur:41.000ms, clock:29.214 level:56
2025-08-23 16:55:03.447 T:4252 debug : CAMLCodec::AddData: skip add data dl:15527952 fl:194544 sz:306579(306688) lv:100.7% dts:31.281 pts:31.323
2025-08-23 16:55:03.454 T:4073 info : Skipped 3 duplicate messages..
2025-08-23 16:55:03.454 T:4073 debug : CAMLCodec::PollFrame elapsed:33.052ms
2025-08-23 16:55:03.455 T:4252 debug : CAMLCodec::AddData: skip add data dl:15527952 fl:194544 sz:306579(306688) lv:100.7% dts:31.281 pts:31.323
2025-08-23 16:55:03.456 T:4252 debug : CAMLCodec::DequeueBuffer: pts:29.571 idx:709
2025-08-23 16:55:03.457 T:4252 debug : CAMLCodec::GetPicture: index: 709, pts: 29.571, dur:42.000ms ar:1.78 elf:43ms
2025-08-23 16:55:03.457 T:4252 debug : CVideoPlayerVideo::OutputPicture - ttd:346ms pts:29.571 Clock:29.224 Level:5
2025-08-23 16:55:03.461 T:4073 debug : PrepareNextRender: frameOnScreen: 29.228 renderPts: 29.377 nextFramePts: 29.363 -> diff: 0.014 render: 1 forceNext: 0
2025-08-23 16:55:03.461 T:4073 debug : CAMLCodec::ReleaseFrame idx:704, drop:0
2025-08-23 16:55:03.461 T:4252 debug : CAMLCodec::AddData: skip add data dl:15513168 fl:209328 sz:306579(306688) lv:100.6% dts:31.281 pts:31.323
2025-08-23 16:55:03.466 T:4252 debug : CAMLCodec::AddData: dl:15491856 fl:230640 sz:306579(306688) lv:98.5% dts:31.281 pts:31.323
2025-08-23 16:55:03.467 T:4252 debug : CAMLCodec::AddData: skip add data dl:15491747 fl:230749 sz:374697(374784) lv:100.9% dts:31.323 pts:31.448
2025-08-23 16:55:03.476 T:4253 info : Skipped 4 duplicate messages..
2025-08-23 16:55:03.476 T:4253 debug : CVideoPlayerAudio::OutputPacket: pts:29.999 curr_pts:29.218 clock:29.243 level:76
2025-08-23 16:55:03.476 T:4252 debug : CAMLCodec::AddData: skip add data dl:15491747 fl:230749 sz:374697(374784) lv:100.9% dts:31.323 pts:31.448
2025-08-23 16:55:03.496 T:4073 info : Skipped 10 duplicate messages..
2025-08-23 16:55:03.496 T:4073 debug : CAMLCodec::PollFrame elapsed:34.943ms
2025-08-23 16:55:03.496 T:4252 debug : CAMLCodec::AddData: skip add data dl:15477347 fl:245149 sz:374697(374784) lv:100.8% dts:31.323 pts:31.448
2025-08-23 16:55:03.498 T:4252 debug : CAMLCodec::DequeueBuffer: pts:29.613 idx:710
2025-08-23 16:55:03.498 T:4252 debug : CAMLCodec::GetPicture: index: 710, pts: 29.613, dur:42.000ms ar:1.78 elf:41ms
2025-08-23 16:55:03.498 T:4252 debug : CVideoPlayerVideo::OutputPicture - ttd:347ms pts:29.613 Clock:29.265 Level:5
2025-08-23 16:55:03.501 T:4252 debug : CAMLCodec::AddData: skip add data dl:15477347 fl:245149 sz:374697(374784) lv:100.8% dts:31.323 pts:31.448
2025-08-23 16:55:03.509 T:4252 info : Skipped 1 duplicate messages..
2025-08-23 16:55:03.509 T:4252 debug : CAMLCodec::AddData: dl:15511907 fl:210589 sz:374697(374784) lv:98.6% dts:31.323 pts:31.448
2025-08-23 16:55:03.509 T:4073 debug : PrepareNextRender: frameOnScreen: 29.277 renderPts: 29.426 nextFramePts: 29.404 -> diff: 0.022 render: 1 forceNext: 0
2025-08-23 16:55:03.510 T:4073 debug : CAMLCodec::ReleaseFrame idx:705, drop:0
2025-08-23 16:55:03.510 T:4252 debug : CAMLCodec::AddData: skip add data dl:15511820 fl:210676 sz:309588(309696) lv:100.6% dts:31.365 pts:31.406
2025-08-23 16:55:03.520 T:4250 info : Skipped 5 duplicate messages..
2025-08-23 16:55:03.520 T:4250 debug : CVideoPlayer::ProcessVideoData size:431535 dts:35.827 pts:36.036 dur:41.000ms, clock:29.287 level:100
2025-08-23 16:55:03.522 T:4252 debug : CAMLCodec::AddData: skip add data dl:15511820 fl:210676 sz:309588(309696) lv:100.6% dts:31.365 pts:31.406
2025-08-23 16:55:03.526 T:4253 info : Skipped 1 duplicate messages..
2025-08-23 16:55:03.526 T:4253 debug : CVideoPlayerAudio::OutputPacket: pts:30.092 curr_pts:29.267 clock:29.293 level:75
2025-08-23 16:55:03.526 T:4252 debug : CAMLCodec::AddData: skip add data dl:15511820 fl:210676 sz:309588(309696) lv:100.6% dts:31.365 pts:31.406
2025-08-23 16:55:03.538 T:4073 info : Skipped 5 duplicate messages..
2025-08-23 16:55:03.538 T:4073 debug : CAMLCodec::PollFrame elapsed:27.977ms
2025-08-23 16:55:03.541 T:4252 debug : CAMLCodec::AddData: skip add data dl:15461516 fl:260980 sz:309588(309696) lv:100.3% dts:31.365 pts:31.406
2025-08-23 16:55:03.543 T:4252 debug : CAMLCodec::DequeueBuffer: pts:29.655 idx:711
2025-08-23 16:55:03.543 T:4252 debug : CAMLCodec::GetPicture: index: 711, pts: 29.655, dur:42.000ms ar:1.78 elf:44ms
2025-08-23 16:55:03.543 T:4252 debug : CVideoPlayerVideo::OutputPicture - ttd:345ms pts:29.655 Clock:29.310 Level:5
2025-08-23 16:55:03.545 T:4252 debug : CAMLCodec::AddData: skip add data dl:15461516 fl:260980 sz:309588(309696) lv:100.3% dts:31.365 pts:31.406
2025-08-23 16:55:03.547 T:4073 debug : PrepareNextRender: frameOnScreen: 29.314 renderPts: 29.463 nextFramePts: 29.446 -> diff: 0.017 render: 1 forceNext: 0
2025-08-23 16:55:03.547 T:4073 debug : CAMLCodec::ReleaseFrame idx:706, drop:0
2025-08-23 16:55:03.550 T:4252 debug : CAMLCodec::AddData: dl:15443660 fl:278836 sz:309588(309696) lv:98.2% dts:31.365 pts:31.406
2025-08-23 16:55:03.551 T:4252 debug : CAMLCodec::AddData: skip add data dl:15443552 fl:278944 sz:639563(639680) lv:102.3% dts:31.406 pts:31.531
2025-08-23 16:55:03.552 T:4250 debug : CVideoPlayer::ProcessVideoData size:352943 dts:35.869 pts:35.953 dur:41.000ms, clock:29.319 level:100
2025-08-23 16:55:03.555 T:4252 debug : CAMLCodec::AddData: skip add data dl:15443552 fl:278944 sz:639563(639680) lv:102.3% dts:31.406 pts:31.531
2025-08-23 16:55:03.564 T:4250 info : Skipped 4 duplicate messages..
2025-08-23 16:55:03.564 T:4250 debug : CVideoPlayer::ProcessVideoData size:320071 dts:35.911 pts:35.911 dur:41.000ms, clock:29.331 level:100
2025-08-23 16:55:03.565 T:4252 debug : CAMLCodec::AddData: skip add data dl:15443552 fl:278944 sz:639563(639680) lv:102.3% dts:31.406 pts:31.531
2025-08-23 16:55:03.580 T:4252 info : Skipped 6 duplicate messages..
2025-08-23 16:55:03.580 T:4252 debug : CAMLCodec::AddData: skip add data dl:15431776 fl:290720 sz:639563(639680) lv:102.2% dts:31.406 pts:31.531
2025-08-23 16:55:03.580 T:4073 debug : CAMLCodec::PollFrame elapsed:32.529ms
2025-08-23 16:55:03.581 T:4252 debug : CAMLCodec::DequeueBuffer: pts:29.696 idx:712
2025-08-23 16:55:03.581 T:4252 debug : CAMLCodec::GetPicture: index: 712, pts: 29.696, dur:41.000ms ar:1.78 elf:38ms
2025-08-23 16:55:03.581 T:4252 debug : CVideoPlayerVideo::OutputPicture - ttd:347ms pts:29.696 Clock:29.348 Level:5
2025-08-23 16:55:03.584 T:4252 debug : CAMLCodec::AddData: skip add data dl:15431776 fl:290720 sz:639563(639680) lv:102.2% dts:31.406 pts:31.531
2025-08-23 16:55:03.589 T:4073 info : Skipped 1 duplicate messages..
2025-08-23 16:55:03.589 T:4073 debug : PrepareNextRender: frameOnScreen: 29.356 renderPts: 29.505 nextFramePts: 29.488 -> diff: 0.017 render: 1 forceNext: 0
2025-08-23 16:55:03.589 T:4073 debug : CAMLCodec::ReleaseFrame idx:707, drop:0
2025-08-23 16:55:03.589 T:4252 debug : CAMLCodec::AddData: skip add data dl:15097760 fl:624736 sz:639563(639680) lv:100.1% dts:31.406 pts:31.531
2025-08-23 16:55:03.621 T:4073 info : Skipped 18 duplicate messages..
2025-08-23 16:55:03.621 T:4073 debug : CAMLCodec::PollFrame elapsed:31.915ms
2025-08-23 16:55:03.625 T:4252 debug : CAMLCodec::AddData: dl:15724192 fl:-1696 sz:639563(639680) lv:100.0% dts:31.406 pts:31.531
2025-08-23 16:55:03.625 T:4252 debug : CAMLCodec::DequeueBuffer: pts:29.738 idx:713
2025-08-23 16:55:03.625 T:4252 debug : CAMLCodec::GetPicture: index: 713, pts: 29.738, dur:42.000ms ar:1.78 elf:43ms
2025-08-23 16:55:03.625 T:4252 debug : CVideoPlayerVideo::OutputPicture - ttd:345ms pts:29.738 Clock:29.392 Level:5
2025-08-23 16:55:03.626 T:4253 debug : CVideoPlayerAudio::OutputPacket: pts:30.185 curr_pts:29.367 clock:29.393 level:74
2025-08-23 16:55:03.628 T:4252 debug : CAMLCodec::AddData: skip add data dl:15594720 fl:127520 sz:553407(553472) lv:102.7% dts:31.448 pts:31.865
2025-08-23 16:55:03.630 T:4252 debug : CAMLCodec::AddData: skip add data dl:15722496 fl:0 sz:553407(553472) lv:100.0% dts:31.448 pts:31.865
2025-08-23 16:55:03.633 T:4252 debug : CAMLCodec::AddData: skip add data dl:15301952 fl:420544 sz:553407(553472) lv:100.8% dts:31.448 pts:31.865
2025-08-23 16:55:03.637 T:4250 info : Skipped 1 duplicate messages..
2025-08-23 16:55:03.637 T:4250 debug : CVideoPlayer::ProcessVideoData size:317963 dts:35.953 pts:35.994 dur:41.000ms, clock:29.404 level:100
2025-08-23 16:55:03.639 T:4252 debug : CAMLCodec::AddData: skip add data dl:15301952 fl:420544 sz:553407(553472) lv:100.8% dts:31.448 pts:31.865
2025-08-23 16:55:03.639 T:4073 debug : PrepareNextRender: frameOnScreen: 29.406 renderPts: 29.555 nextFramePts: 29.529 -> diff: 0.026 render: 1 forceNext: 0
2025-08-23 16:55:03.639 T:4073 debug : CAMLCodec::ReleaseFrame idx:708, drop:0
2025-08-23 16:55:03.641 T:4252 debug : CAMLCodec::AddData: skip add data dl:15301952 fl:420544 sz:553407(553472) lv:100.8% dts:31.448 pts:31.865
2025-08-23 16:55:03.650 T:4250 info : Skipped 3 duplicate messages..
2025-08-23 16:55:03.649 T:4250 debug : CVideoPlayer::ProcessVideoData size:378587 dts:35.994 pts:36.119 dur:41.000ms, clock:29.416 level:100
2025-08-23 16:55:03.652 T:4252 debug : CAMLCodec::AddData: skip add data dl:15301952 fl:420544 sz:553407(553472) lv:100.8% dts:31.448 pts:31.865
2025-08-23 16:55:03.663 T:4073 info : Skipped 5 duplicate messages..
2025-08-23 16:55:03.663 T:4073 debug : CAMLCodec::PollFrame elapsed:23.942ms
2025-08-23 16:55:03.664 T:4252 debug : CAMLCodec::AddData: skip add data dl:15301952 fl:420544 sz:553407(553472) lv:100.8% dts:31.448 pts:31.865
2025-08-23 16:55:03.665 T:4252 debug : CAMLCodec::DequeueBuffer: pts:29.780 idx:714
2025-08-23 16:55:03.665 T:4252 debug : CAMLCodec::GetPicture: index: 714, pts: 29.780, dur:42.000ms ar:1.78 elf:39ms
2025-08-23 16:55:03.665 T:4252 debug : CVideoPlayerVideo::OutputPicture - ttd:347ms pts:29.780 Clock:29.432 Level:5
2025-08-23 16:55:03.671 T:4252 debug : CAMLCodec::AddData: dl:15691392 fl:31104 sz:553407(553472) lv:99.8% dts:31.448 pts:31.865
2025-08-23 16:55:03.671 T:4073 debug : PrepareNextRender: frameOnScreen: 29.438 renderPts: 29.587 nextFramePts: 29.571 -> diff: 0.016 render: 1 forceNext: 0
2025-08-23 16:55:03.672 T:4073 debug : CAMLCodec::ReleaseFrame idx:709, drop:0
2025-08-23 16:55:03.673 T:4252 debug : CAMLCodec::AddData: skip add data dl:15692906 fl:29590 sz:445235(445312) lv:102.6% dts:31.490 pts:31.698
2025-08-23 16:55:03.678 T:4252 debug : CAMLCodec::AddData: dl:15721770 fl:726 sz:445235(445312) lv:100.0% dts:31.490 pts:31.698
2025-08-23 16:55:03.679 T:4252 debug : CAMLCodec::AddData: skip add data dl:15650224 fl:72024 sz:351740(351808) lv:101.7% dts:31.531 pts:31.615
2025-08-23 16:55:03.681 T:4250 debug : CVideoPlayer::ProcessVideoData size:323756 dts:36.036 pts:36.078 dur:41.000ms, clock:29.448 level:56
2025-08-23 16:55:03.681 T:4252 debug : CAMLCodec::AddData: skip add data dl:15721693 fl:803 sz:351740(351808) lv:102.2% dts:31.531 pts:31.615
2025-08-23 16:55:03.682 T:4250 debug : CVideoPlayer::ProcessVideoData size:338827 dts:36.078 pts:36.161 dur:41.000ms, clock:29.449 level:100
2025-08-23 16:55:03.684 T:4252 debug : CAMLCodec::AddData: skip add data dl:15721693 fl:803 sz:351740(351808) lv:102.2% dts:31.531 pts:31.615
2025-08-23 16:55:03.705 T:4073 info : Skipped 11 duplicate messages..
2025-08-23 16:55:03.705 T:4073 debug : CAMLCodec::PollFrame elapsed:32.761ms
2025-08-23 16:55:03.705 T:4252 debug : CAMLCodec::AddData: skip add data dl:15721693 fl:803 sz:351740(351808) lv:102.2% dts:31.531 pts:31.615
2025-08-23 16:55:03.707 T:4252 debug : CAMLCodec::DequeueBuffer: pts:29.821 idx:715
2025-08-23 16:55:03.707 T:4252 debug : CAMLCodec::GetPicture: index: 715, pts: 29.821, dur:41.000ms ar:1.78 elf:41ms
2025-08-23 16:55:03.707 T:4252 debug : CVideoPlayerVideo::OutputPicture - ttd:347ms pts:29.821 Clock:29.474 Level:5
2025-08-23 16:55:03.709 T:4252 debug : CAMLCodec::AddData: skip add data dl:15673501 fl:48995 sz:351740(351808) lv:101.9% dts:31.531 pts:31.615
2025-08-23 16:55:03.712 T:4073 debug : PrepareNextRender: frameOnScreen: 29.479 renderPts: 29.628 nextFramePts: 29.613 -> diff: 0.015 render: 1 forceNext: 0
2025-08-23 16:55:03.712 T:4073 debug : CAMLCodec::ReleaseFrame idx:710, drop:0
2025-08-23 16:55:03.713 T:4252 debug : CAMLCodec::AddData: skip add data dl:15673501 fl:48995 sz:351740(351808) lv:101.9% dts:31.531 pts:31.615
2025-08-23 16:55:03.718 T:4252 debug : CAMLCodec::AddData: dl:15677021 fl:45475 sz:351740(351808) lv:99.7% dts:31.531 pts:31.615
2025-08-23 16:55:03.718 T:4252 debug : CAMLCodec::AddData: skip add data dl:15676953 fl:45543 sz:311625(311744) lv:101.7% dts:31.573 pts:31.573
2025-08-23 16:55:03.726 T:4253 info : Skipped 4 duplicate messages..
2025-08-23 16:55:03.726 T:4253 debug : CVideoPlayerAudio::OutputPacket: pts:30.279 curr_pts:29.467 clock:29.492 level:72
2025-08-23 16:55:03.727 T:4252 debug : CAMLCodec::AddData: skip add data dl:15676953 fl:45543 sz:311625(311744) lv:101.7% dts:31.573 pts:31.573
2025-08-23 16:55:03.747 T:4073 info : Skipped 11 duplicate messages..
2025-08-23 16:55:03.747 T:4073 debug : CAMLCodec::PollFrame elapsed:34.275ms
2025-08-23 16:55:03.747 T:4252 debug : CAMLCodec::AddData: skip add data dl:15676953 fl:45543 sz:311625(311744) lv:101.7% dts:31.573 pts:31.573
2025-08-23 16:55:03.756 T:4073 info : Skipped 4 duplicate messages..
2025-08-23 16:55:03.756 T:4073 debug : PrepareNextRender: frameOnScreen: 29.523 renderPts: 29.672 nextFramePts: 29.655 -> diff: 0.017 render: 1 forceNext: 0
2025-08-23 16:55:03.756 T:4073 debug : CAMLCodec::ReleaseFrame idx:711, drop:0
2025-08-23 16:55:03.757 T:4252 debug : CAMLCodec::AddData: skip add data dl:15676953 fl:45543 sz:311625(311744) lv:101.7% dts:31.573 pts:31.573
2025-08-23 16:55:03.764 T:4250 info : Skipped 3 duplicate messages..
2025-08-23 16:55:03.764 T:4250 debug : CVideoPlayer::ProcessAudioData size:6818 dts:36.223 pts:36.223 dur:92.000ms, clock:29.531 drop:0 level:72
2025-08-23 16:55:03.764 T:4250 debug : CVideoPlayer::ProcessAudioData size:8343 dts:36.315 pts:36.315 dur:92.000ms, clock:29.531 drop:0 level:74
2025-08-23 16:55:03.764 T:4250 debug : CVideoPlayer::ProcessAudioData size:8275 dts:36.408 pts:36.408 dur:92.000ms, clock:29.531 drop:0 level:75
2025-08-23 16:55:03.766 T:4250 debug : CVideoPlayer::ProcessVideoData size:487450 dts:36.119 pts:36.495 dur:41.000ms, clock:29.533 level:56
2025-08-23 16:55:03.767 T:4252 debug : CAMLCodec::AddData: skip add data dl:15676953 fl:45543 sz:311625(311744) lv:101.7% dts:31.573 pts:31.573
2025-08-23 16:55:03.789 T:4073 info : Skipped 12 duplicate messages..
2025-08-23 16:55:03.789 T:4073 debug : CAMLCodec::PollFrame elapsed:31.953ms
2025-08-23 16:55:03.792 T:4252 debug : CAMLCodec::AddData: skip add data dl:15629977 fl:92519 sz:311625(311744) lv:101.4% dts:31.573 pts:31.573
2025-08-23 16:55:03.794 T:4252 debug : CAMLCodec::DequeueBuffer: pts:29.863 idx:716
2025-08-23 16:55:03.794 T:4252 debug : CAMLCodec::GetPicture: index: 716, pts: 29.863, dur:42.000ms ar:1.78 elf:87ms
2025-08-23 16:55:03.794 T:4252 debug : CVideoPlayerVideo::OutputPicture - ttd:302ms pts:29.863 Clock:29.561 Level:4
2025-08-23 16:55:03.798 T:4252 debug : CAMLCodec::AddData: skip add data dl:15629977 fl:92519 sz:311625(311744) lv:101.4% dts:31.573 pts:31.573
2025-08-23 16:55:03.800 T:4073 debug : PrepareNextRender: frameOnScreen: 29.567 renderPts: 29.716 nextFramePts: 29.696 -> diff: 0.020 render: 1 forceNext: 0
2025-08-23 16:55:03.800 T:4073 debug : CAMLCodec::ReleaseFrame idx:712, drop:0
2025-08-23 16:55:03.802 T:4252 debug : CAMLCodec::AddData: dl:15609945 fl:112551 sz:311625(311744) lv:99.2% dts:31.573 pts:31.573
2025-08-23 16:55:03.803 T:4252 debug : CAMLCodec::AddData: skip add data dl:15609826 fl:112670 sz:326907(326976) lv:101.3% dts:31.615 pts:31.657
2025-08-23 16:55:03.825 T:4253 info : Skipped 16 duplicate messages..
2025-08-23 16:55:03.825 T:4253 debug : CVideoPlayerAudio::OutputPacket: pts:30.371 curr_pts:29.568 clock:29.592 level:75
2025-08-23 16:55:03.826 T:4252 debug : CAMLCodec::AddData: skip add data dl:15609826 fl:112670 sz:326907(326976) lv:101.3% dts:31.615 pts:31.657
2025-08-23 16:55:03.830 T:4252 info : Skipped 1 duplicate messages..
2025-08-23 16:55:03.830 T:4252 debug : CAMLCodec::AddData: skip add data dl:15597666 fl:124830 sz:326907(326976) lv:101.2% dts:31.615 pts:31.657
2025-08-23 16:55:03.830 T:4073 debug : CAMLCodec::PollFrame elapsed:29.851ms
2025-08-23 16:55:03.831 T:4252 debug : CAMLCodec::DequeueBuffer: pts:29.905 idx:717
2025-08-23 16:55:03.831 T:4252 debug : CAMLCodec::GetPicture: index: 717, pts: 29.905, dur:42.000ms ar:1.78 elf:36ms
2025-08-23 16:55:03.831 T:4252 debug : CVideoPlayerVideo::OutputPicture - ttd:306ms pts:29.905 Clock:29.598 Level:4
2025-08-23 16:55:03.834 T:4252 debug : CAMLCodec::AddData: skip add data dl:15597666 fl:124830 sz:326907(326976) lv:101.2% dts:31.615 pts:31.657
2025-08-23 16:55:03.837 T:4073 info : Skipped 1 duplicate messages..
2025-08-23 16:55:03.837 T:4073 debug : PrepareNextRender: frameOnScreen: 29.604 renderPts: 29.753 nextFramePts: 29.738 -> diff: 0.015 render: 1 forceNext: 0
2025-08-23 16:55:03.837 T:4073 debug : CAMLCodec::ReleaseFrame idx:713, drop:0
2025-08-23 16:55:03.841 T:4252 debug : CAMLCodec::AddData: dl:15587938 fl:134558 sz:326907(326976) lv:99.1% dts:31.615 pts:31.657
2025-08-23 16:55:03.842 T:4252 debug : CAMLCodec::AddData: skip add data dl:15587869 fl:134627 sz:358202(358272) lv:101.4% dts:31.657 pts:31.782
2025-08-23 16:55:03.859 T:4250 info : Skipped 8 duplicate messages..
2025-08-23 16:55:03.859 T:4250 debug : CVideoPlayer::ProcessVideoData size:444538 dts:36.161 pts:36.370 dur:41.000ms, clock:29.626 level:56
2025-08-23 16:55:03.860 T:4252 debug : CAMLCodec::AddData: skip add data dl:15587869 fl:134627 sz:358202(358272) lv:101.4% dts:31.657 pts:31.782
2025-08-23 16:55:03.872 T:4073 info : Skipped 5 duplicate messages..
2025-08-23 16:55:03.872 T:4073 debug : CAMLCodec::PollFrame elapsed:34.704ms
2025-08-23 16:55:03.874 T:4252 debug : CAMLCodec::AddData: skip add data dl:15577053 fl:145443 sz:358202(358272) lv:101.3% dts:31.657 pts:31.782
2025-08-23 16:55:03.875 T:4252 debug : CAMLCodec::DequeueBuffer: pts:29.947 idx:718
2025-08-23 16:55:03.876 T:4252 debug : CAMLCodec::GetPicture: index: 718, pts: 29.947, dur:42.000ms ar:1.78 elf:44ms
2025-08-23 16:55:03.876 T:4252 debug : CVideoPlayerVideo::OutputPicture - ttd:304ms pts:29.947 Clock:29.643 Level:4
2025-08-23 16:55:03.879 T:4252 debug : CAMLCodec::AddData: skip add data dl:15577053 fl:145443 sz:358202(358272) lv:101.3% dts:31.657 pts:31.782
2025-08-23 16:55:03.880 T:4073 debug : PrepareNextRender: frameOnScreen: 29.647 renderPts: 29.796 nextFramePts: 29.780 -> diff: 0.016 render: 1 forceNext: 0
2025-08-23 16:55:03.881 T:4073 debug : CAMLCodec::ReleaseFrame idx:714, drop:0
2025-08-23 16:55:03.884 T:4252 debug : CAMLCodec::AddData: dl:15593053 fl:129443 sz:358202(358272) lv:99.1% dts:31.657 pts:31.782
2025-08-23 16:55:03.885 T:4252 debug : CAMLCodec::AddData: skip add data dl:15592983 fl:129513 sz:326471(326592) lv:101.2% dts:31.698 pts:31.740
2025-08-23 16:55:03.892 T:4250 info : Skipped 3 duplicate messages..
2025-08-23 16:55:03.892 T:4250 debug : CVideoPlayer::ProcessVideoData size:376696 dts:36.203 pts:36.286 dur:41.000ms, clock:29.658 level:100
