2025-08-23 16:54:36.989 T:4250 debug : CVideoPlayer::ProcessAudioData size:3362 dts:10.866 pts:10.866 dur:92.000ms, clock:2.791 drop:0 level:90
2025-08-23 16:54:36.989 T:4250 debug : CVideoPlayer::ProcessAudioData size:3348 dts:10.959 pts:10.959 dur:92.000ms, clock:2.792 drop:0 level:91
2025-08-23 16:54:36.992 T:4250 debug : CVideoPlayer::ProcessVideoData size:396037 dts:10.594 pts:10.969 dur:41.000ms, clock:2.794 level:67
2025-08-23 16:54:36.992 T:4252 debug : CAMLCodec::AddData: dl:15524750 fl:197746 sz:266013(266112) lv:98.7% dts:5.172 pts:5.214
2025-08-23 16:54:36.993 T:4252 debug : CAMLCodec::AddData: skip add data dl:15524651 fl:197845 sz:268036(268160) lv:100.4% dts:5.214 pts:5.297
2025-08-23 16:54:37.020 T:4073 info : Skipped 13 duplicate messages..
2025-08-23 16:54:37.020 T:4073 debug : CAMLCodec::PollFrame elapsed:34.457ms
2025-08-23 16:54:37.020 T:4252 debug : CAMLCodec::DequeueBuffer: pts:3.170 idx:76
2025-08-23 16:54:37.020 T:4252 debug : CAMLCodec::GetPicture: index: 76, pts: 3.170, dur:42.000ms ar:1.78 elf:41ms
2025-08-23 16:54:37.020 T:4252 debug : CVideoPlayerVideo::OutputPicture - ttd:347ms pts:3.170 Clock:2.823 Level:5
2025-08-23 16:54:37.023 T:4252 debug : CAMLCodec::AddData: skip add data dl:15518443 fl:204053 sz:268036(268160) lv:100.4% dts:5.214 pts:5.297
2025-08-23 16:54:37.026 T:4073 info : Skipped 1 duplicate messages..
2025-08-23 16:54:37.026 T:4073 debug : PrepareNextRender: frameOnScreen: 2.828 renderPts: 2.981 nextFramePts: 2.961 -> diff: 0.020 render: 1 forceNext: 0
2025-08-23 16:54:37.026 T:4073 debug : CAMLCodec::ReleaseFrame idx:71, drop:0
2025-08-23 16:54:37.030 T:4252 debug : CAMLCodec::AddData: dl:15524779 fl:197717 sz:268036(268160) lv:98.7% dts:5.214 pts:5.297
2025-08-23 16:54:37.031 T:4252 debug : CAMLCodec::AddData: skip add data dl:15524655 fl:197841 sz:455289(455360) lv:101.6% dts:5.255 pts:5.672
2025-08-23 16:54:37.040 T:4253 info : Skipped 4 duplicate messages..
2025-08-23 16:54:37.040 T:4253 debug : CVideoPlayerAudio::OutputPacket: pts:3.622 curr_pts:2.818 clock:2.843 level:91
2025-08-23 16:54:37.042 T:4252 debug : CAMLCodec::AddData: skip add data dl:15524655 fl:197841 sz:455289(455360) lv:101.6% dts:5.255 pts:5.672
2025-08-23 16:54:37.045 T:4250 debug : CVideoPlayer::ProcessVideoData size:387174 dts:10.636 pts:10.844 dur:41.000ms, clock:2.847 level:67
2025-08-23 16:54:37.046 T:4252 debug : CAMLCodec::AddData: skip add data dl:15524655 fl:197841 sz:455289(455360) lv:101.6% dts:5.255 pts:5.672
2025-08-23 16:54:37.062 T:4073 info : Skipped 6 duplicate messages..
2025-08-23 16:54:37.062 T:4073 debug : CAMLCodec::PollFrame elapsed:35.991ms
2025-08-23 16:54:37.062 T:4252 debug : CAMLCodec::DequeueBuffer: pts:3.212 idx:77
2025-08-23 16:54:37.062 T:4252 debug : CAMLCodec::GetPicture: index: 77, pts: 3.212, dur:42.000ms ar:1.78 elf:41ms
2025-08-23 16:54:37.062 T:4252 debug : CVideoPlayerVideo::OutputPicture - ttd:347ms pts:3.212 Clock:2.865 Level:5
2025-08-23 16:54:37.065 T:4252 debug : CAMLCodec::AddData: skip add data dl:15516655 fl:205841 sz:455289(455360) lv:101.5% dts:5.255 pts:5.672
2025-08-23 16:54:37.066 T:4073 debug : PrepareNextRender: frameOnScreen: 2.869 renderPts: 3.021 nextFramePts: 3.003 -> diff: 0.018 render: 1 forceNext: 0
2025-08-23 16:54:37.067 T:4073 debug : CAMLCodec::ReleaseFrame idx:72, drop:0
2025-08-23 16:54:37.067 T:4252 debug : CAMLCodec::AddData: skip add data dl:15516655 fl:205841 sz:455289(455360) lv:101.5% dts:5.255 pts:5.672
2025-08-23 16:54:37.072 T:4252 debug : CAMLCodec::AddData: dl:15653743 fl:68753 sz:455289(455360) lv:99.5% dts:5.255 pts:5.672
2025-08-23 16:54:37.073 T:4252 debug : CAMLCodec::AddData: skip add data dl:15653672 fl:68824 sz:362727(362816) lv:101.8% dts:5.297 pts:5.505
2025-08-23 16:54:37.097 T:4250 info : Skipped 11 duplicate messages..
2025-08-23 16:54:37.097 T:4250 debug : CVideoPlayer::ProcessVideoData size:326028 dts:10.677 pts:10.761 dur:41.000ms, clock:2.900 level:100
2025-08-23 16:54:37.098 T:4252 debug : CAMLCodec::AddData: skip add data dl:15653672 fl:68824 sz:362727(362816) lv:101.8% dts:5.297 pts:5.505
2025-08-23 16:54:37.098 T:4250 debug : CVideoPlayer::ProcessVideoData size:294217 dts:10.719 pts:10.719 dur:41.000ms, clock:2.901 level:67
2025-08-23 16:54:37.100 T:4252 debug : CAMLCodec::AddData: skip add data dl:15653672 fl:68824 sz:362727(362816) lv:101.8% dts:5.297 pts:5.505
2025-08-23 16:54:37.102 T:4252 debug : CAMLCodec::AddData: skip add data dl:15526632 fl:195864 sz:362727(362816) lv:101.0% dts:5.297 pts:5.505
2025-08-23 16:54:37.103 T:4252 debug : CAMLCodec::DequeueBuffer: pts:3.253 idx:78
2025-08-23 16:54:37.103 T:4252 debug : CAMLCodec::GetPicture: index: 78, pts: 3.253, dur:41.000ms ar:1.78 elf:40ms
2025-08-23 16:54:37.103 T:4252 debug : CVideoPlayerVideo::OutputPicture - ttd:347ms pts:3.253 Clock:2.906 Level:5
2025-08-23 16:54:37.104 T:4073 debug : CAMLCodec::PollFrame elapsed:37.101ms
2025-08-23 16:54:37.107 T:4252 debug : CAMLCodec::AddData: skip add data dl:15526632 fl:195864 sz:362727(362816) lv:101.0% dts:5.297 pts:5.505
2025-08-23 16:54:37.114 T:4073 info : Skipped 1 duplicate messages..
2025-08-23 16:54:37.114 T:4073 debug : PrepareNextRender: frameOnScreen: 2.917 renderPts: 3.069 nextFramePts: 3.045 -> diff: 0.024 render: 1 forceNext: 0
2025-08-23 16:54:37.114 T:4073 debug : CAMLCodec::ReleaseFrame idx:73, drop:0
2025-08-23 16:54:37.115 T:4252 debug : CAMLCodec::AddData: dl:15567912 fl:154584 sz:362727(362816) lv:99.0% dts:5.297 pts:5.505
2025-08-23 16:54:37.116 T:4252 debug : CAMLCodec::AddData: skip add data dl:15567823 fl:154673 sz:302337(302464) lv:100.9% dts:5.339 pts:5.422
2025-08-23 16:54:37.141 T:4253 info : Skipped 12 duplicate messages..
2025-08-23 16:54:37.141 T:4253 debug : CVideoPlayerAudio::OutputPacket: pts:3.715 curr_pts:2.918 clock:2.943 level:90
2025-08-23 16:54:37.142 T:4252 debug : CAMLCodec::AddData: skip add data dl:15567823 fl:154673 sz:302337(302464) lv:100.9% dts:5.339 pts:5.422
2025-08-23 16:54:37.145 T:4252 debug : CAMLCodec::DequeueBuffer: pts:3.295 idx:79
2025-08-23 16:54:37.145 T:4073 debug : CAMLCodec::PollFrame elapsed:30.813ms
2025-08-23 16:54:37.145 T:4252 debug : CAMLCodec::GetPicture: index: 79, pts: 3.295, dur:42.000ms ar:1.78 elf:42ms
2025-08-23 16:54:37.146 T:4252 debug : CVideoPlayerVideo::OutputPicture - ttd:346ms pts:3.295 Clock:2.948 Level:5
2025-08-23 16:54:37.147 T:4252 debug : CAMLCodec::AddData: skip add data dl:15533647 fl:188849 sz:302337(302464) lv:100.7% dts:5.339 pts:5.422
2025-08-23 16:54:37.151 T:4250 info : Skipped 1 duplicate messages..
2025-08-23 16:54:37.151 T:4250 debug : CVideoPlayer::ProcessVideoData size:289858 dts:10.761 pts:10.802 dur:41.000ms, clock:2.954 level:100
2025-08-23 16:54:37.155 T:4252 debug : CAMLCodec::AddData: dl:15575887 fl:146609 sz:302337(302464) lv:99.0% dts:5.339 pts:5.422
2025-08-23 16:54:37.156 T:4073 debug : PrepareNextRender: frameOnScreen: 2.958 renderPts: 3.110 nextFramePts: 3.086 -> diff: 0.024 render: 1 forceNext: 0
2025-08-23 16:54:37.156 T:4073 debug : CAMLCodec::ReleaseFrame idx:74, drop:0
2025-08-23 16:54:37.156 T:4252 debug : CAMLCodec::AddData: skip add data dl:15575760 fl:146736 sz:276072(276160) lv:100.8% dts:5.380 pts:5.380
2025-08-23 16:54:37.187 T:4073 info : Skipped 15 duplicate messages..
2025-08-23 16:54:37.187 T:4073 debug : CAMLCodec::PollFrame elapsed:30.932ms
2025-08-23 16:54:37.188 T:4252 debug : CAMLCodec::AddData: skip add data dl:15575760 fl:146736 sz:276072(276160) lv:100.8% dts:5.380 pts:5.380
2025-08-23 16:54:37.193 T:4073 debug : PrepareNextRender: frameOnScreen: 2.995 renderPts: 3.148 nextFramePts: 3.128 -> diff: 0.020 render: 1 forceNext: 0
2025-08-23 16:54:37.193 T:4073 debug : CAMLCodec::ReleaseFrame idx:75, drop:0
2025-08-23 16:54:37.194 T:4250 debug : CVideoPlayer::ProcessVideoData size:319651 dts:10.802 pts:10.928 dur:41.000ms, clock:2.996 level:67
2025-08-23 16:54:37.195 T:4252 debug : CAMLCodec::AddData: skip add data dl:15575760 fl:146736 sz:276072(276160) lv:100.8% dts:5.380 pts:5.380
2025-08-23 16:54:37.229 T:4073 info : Skipped 16 duplicate messages..
2025-08-23 16:54:37.229 T:4073 debug : CAMLCodec::PollFrame elapsed:35.761ms
2025-08-23 16:54:37.229 T:4252 debug : CAMLCodec::DequeueBuffer: pts:3.337 idx:80
2025-08-23 16:54:37.229 T:4252 debug : CAMLCodec::GetPicture: index: 80, pts: 3.337, dur:42.000ms ar:1.78 elf:83ms
2025-08-23 16:54:37.229 T:4252 debug : CVideoPlayerVideo::OutputPicture - ttd:305ms pts:3.337 Clock:3.032 Level:4
2025-08-23 16:54:37.232 T:4252 debug : CAMLCodec::AddData: skip add data dl:15549072 fl:173424 sz:276072(276160) lv:100.6% dts:5.380 pts:5.380
2025-08-23 16:54:37.236 T:4073 info : Skipped 1 duplicate messages..
2025-08-23 16:54:37.236 T:4073 debug : PrepareNextRender: frameOnScreen: 3.038 renderPts: 3.190 nextFramePts: 3.170 -> diff: 0.020 render: 1 forceNext: 0
2025-08-23 16:54:37.236 T:4073 debug : CAMLCodec::ReleaseFrame idx:76, drop:0
2025-08-23 16:54:37.239 T:4252 debug : CAMLCodec::AddData: dl:15565392 fl:157104 sz:276072(276160) lv:99.0% dts:5.380 pts:5.380
2025-08-23 16:54:37.240 T:4252 debug : CAMLCodec::AddData: skip add data dl:15565304 fl:157192 sz:264716(264832) lv:100.6% dts:5.422 pts:5.464
2025-08-23 16:54:37.240 T:4253 debug : CVideoPlayerAudio::OutputPacket: pts:3.807 curr_pts:3.018 clock:3.043 level:89
2025-08-23 16:54:37.241 T:4252 debug : CAMLCodec::AddData: skip add data dl:15565304 fl:157192 sz:264716(264832) lv:100.6% dts:5.422 pts:5.464
2025-08-23 16:54:37.270 T:4252 info : Skipped 15 duplicate messages..
2025-08-23 16:54:37.270 T:4252 debug : CAMLCodec::DequeueBuffer: pts:3.378 idx:81
2025-08-23 16:54:37.270 T:4073 debug : CAMLCodec::PollFrame elapsed:34.331ms
2025-08-23 16:54:37.271 T:4252 debug : CAMLCodec::GetPicture: index: 81, pts: 3.378, dur:41.000ms ar:1.78 elf:41ms
2025-08-23 16:54:37.271 T:4252 debug : CVideoPlayerVideo::OutputPicture - ttd:305ms pts:3.378 Clock:3.073 Level:4
2025-08-23 16:54:37.273 T:4252 debug : CAMLCodec::AddData: skip add data dl:15558712 fl:163784 sz:264716(264832) lv:100.6% dts:5.422 pts:5.464
2025-08-23 16:54:37.276 T:4073 info : Skipped 1 duplicate messages..
2025-08-23 16:54:37.276 T:4073 debug : PrepareNextRender: frameOnScreen: 3.078 renderPts: 3.231 nextFramePts: 3.212 -> diff: 0.019 render: 1 forceNext: 0
2025-08-23 16:54:37.276 T:4073 debug : CAMLCodec::ReleaseFrame idx:77, drop:0
2025-08-23 16:54:37.278 T:4252 debug : CAMLCodec::AddData: skip add data dl:15558712 fl:163784 sz:264716(264832) lv:100.6% dts:5.422 pts:5.464
2025-08-23 16:54:37.282 T:4252 debug : CAMLCodec::AddData: dl:15566008 fl:156488 sz:264716(264832) lv:99.0% dts:5.422 pts:5.464
2025-08-23 16:54:37.283 T:4252 debug : CAMLCodec::AddData: skip add data dl:15565892 fl:156604 sz:296188(296256) lv:100.8% dts:5.464 pts:5.589
2025-08-23 16:54:37.311 T:4252 info : Skipped 15 duplicate messages..
2025-08-23 16:54:37.311 T:4252 debug : CAMLCodec::AddData: skip add data dl:15560580 fl:161916 sz:296188(296256) lv:100.8% dts:5.464 pts:5.589
2025-08-23 16:54:37.312 T:4252 debug : CAMLCodec::DequeueBuffer: pts:3.420 idx:82
2025-08-23 16:54:37.313 T:4073 debug : CAMLCodec::PollFrame elapsed:36.107ms
2025-08-23 16:54:37.313 T:4252 debug : CAMLCodec::GetPicture: index: 82, pts: 3.420, dur:42.000ms ar:1.78 elf:41ms
2025-08-23 16:54:37.313 T:4252 debug : CVideoPlayerVideo::OutputPicture - ttd:305ms pts:3.420 Clock:3.115 Level:4
2025-08-23 16:54:37.317 T:4252 debug : CAMLCodec::AddData: skip add data dl:15560580 fl:161916 sz:296188(296256) lv:100.8% dts:5.464 pts:5.589
2025-08-23 16:54:37.317 T:4250 debug : CVideoPlayer::ProcessVideoData size:296034 dts:10.844 pts:10.886 dur:41.000ms, clock:3.120 level:100
2025-08-23 16:54:37.323 T:4252 debug : CAMLCodec::AddData: dl:15596164 fl:126332 sz:296188(296256) lv:99.2% dts:5.464 pts:5.589
2025-08-23 16:54:37.323 T:4073 debug : PrepareNextRender: frameOnScreen: 3.125 renderPts: 3.278 nextFramePts: 3.253 -> diff: 0.025 render: 1 forceNext: 0
2025-08-23 16:54:37.324 T:4073 debug : CAMLCodec::ReleaseFrame idx:78, drop:0
2025-08-23 16:54:37.325 T:4252 debug : CAMLCodec::AddData: skip add data dl:15596096 fl:126400 sz:274213(274304) lv:100.9% dts:5.505 pts:5.547
2025-08-23 16:54:37.340 T:4253 info : Skipped 7 duplicate messages..
2025-08-23 16:54:37.340 T:4253 debug : CVideoPlayerAudio::OutputPacket: pts:3.900 curr_pts:3.117 clock:3.143 level:88
2025-08-23 16:54:37.343 T:4252 debug : CAMLCodec::AddData: skip add data dl:15596096 fl:126400 sz:274213(274304) lv:100.9% dts:5.505 pts:5.547
2025-08-23 16:54:37.353 T:4252 info : Skipped 5 duplicate messages..
2025-08-23 16:54:37.353 T:4252 debug : CAMLCodec::DequeueBuffer: pts:3.462 idx:83
2025-08-23 16:54:37.353 T:4252 debug : CAMLCodec::GetPicture: index: 83, pts: 3.462, dur:42.000ms ar:1.78 elf:40ms
2025-08-23 16:54:37.353 T:4252 debug : CVideoPlayerVideo::OutputPicture - ttd:306ms pts:3.462 Clock:3.155 Level:4
2025-08-23 16:54:37.354 T:4073 debug : CAMLCodec::PollFrame elapsed:30.055ms
2025-08-23 16:54:37.355 T:4252 debug : CAMLCodec::AddData: skip add data dl:15567936 fl:154560 sz:274213(274304) lv:100.7% dts:5.505 pts:5.547
2025-08-23 16:54:37.361 T:4073 info : Skipped 2 duplicate messages..
2025-08-23 16:54:37.361 T:4073 debug : PrepareNextRender: frameOnScreen: 3.163 renderPts: 3.315 nextFramePts: 3.295 -> diff: 0.020 render: 1 forceNext: 0
2025-08-23 16:54:37.361 T:4073 debug : CAMLCodec::ReleaseFrame idx:79, drop:0
2025-08-23 16:54:37.364 T:4252 debug : CAMLCodec::AddData: dl:15586240 fl:136256 sz:274213(274304) lv:99.1% dts:5.505 pts:5.547
2025-08-23 16:54:37.365 T:4252 debug : CAMLCodec::AddData: skip add data dl:15586149 fl:136347 sz:267954(268032) lv:100.8% dts:5.547 pts:5.631
2025-08-23 16:54:37.371 T:4250 info : Skipped 3 duplicate messages..
2025-08-23 16:54:37.371 T:4250 debug : CVideoPlayer::ProcessVideoData size:613459 dts:10.886 pts:11.011 dur:41.000ms, clock:3.173 level:66
2025-08-23 16:54:37.371 T:4252 debug : CAMLCodec::AddData: skip add data dl:15586149 fl:136347 sz:267954(268032) lv:100.8% dts:5.547 pts:5.631
2025-08-23 16:54:37.391 T:4253 info : Skipped 9 duplicate messages..
2025-08-23 16:54:37.391 T:4253 debug : CVideoPlayerAudio::OutputPacket: pts:3.994 curr_pts:3.167 clock:3.193 level:86
2025-08-23 16:54:37.391 T:4252 debug : CAMLCodec::AddData: skip add data dl:15586149 fl:136347 sz:267954(268032) lv:100.8% dts:5.547 pts:5.631
2025-08-23 16:54:37.396 T:4073 debug : CAMLCodec::PollFrame elapsed:34.364ms
2025-08-23 16:54:37.396 T:4252 debug : CAMLCodec::AddData: skip add data dl:15580965 fl:141531 sz:267954(268032) lv:100.8% dts:5.547 pts:5.631
2025-08-23 16:54:37.398 T:4252 debug : CAMLCodec::DequeueBuffer: pts:3.503 idx:84
2025-08-23 16:54:37.398 T:4252 debug : CAMLCodec::GetPicture: index: 84, pts: 3.503, dur:41.000ms ar:1.78 elf:44ms
2025-08-23 16:54:37.398 T:4252 debug : CVideoPlayerVideo::OutputPicture - ttd:302ms pts:3.503 Clock:3.200 Level:4
2025-08-23 16:54:37.401 T:4252 debug : CAMLCodec::AddData: skip add data dl:15580965 fl:141531 sz:267954(268032) lv:100.8% dts:5.547 pts:5.631
2025-08-23 16:54:37.403 T:4073 debug : PrepareNextRender: frameOnScreen: 3.205 renderPts: 3.357 nextFramePts: 3.337 -> diff: 0.020 render: 1 forceNext: 0
2025-08-23 16:54:37.403 T:4073 debug : CAMLCodec::ReleaseFrame idx:80, drop:0
2025-08-23 16:54:37.404 T:4252 debug : CAMLCodec::AddData: skip add data dl:15580965 fl:141531 sz:267954(268032) lv:100.8% dts:5.547 pts:5.631
2025-08-23 16:54:37.408 T:4252 debug : CAMLCodec::AddData: dl:15595813 fl:126683 sz:267954(268032) lv:99.2% dts:5.547 pts:5.631
2025-08-23 16:54:37.409 T:4252 debug : CAMLCodec::AddData: skip add data dl:15595735 fl:126761 sz:411624(411712) lv:101.8% dts:5.589 pts:5.964
2025-08-23 16:54:37.434 T:4250 info : Skipped 12 duplicate messages..
2025-08-23 16:54:37.434 T:4250 debug : CVideoPlayer::ProcessAudioData size:3406 dts:11.053 pts:11.053 dur:92.000ms, clock:3.236 drop:0 level:86
2025-08-23 16:54:37.434 T:4252 debug : CAMLCodec::AddData: skip add data dl:15595735 fl:126761 sz:411624(411712) lv:101.8% dts:5.589 pts:5.964
2025-08-23 16:54:37.434 T:4250 debug : CVideoPlayer::ProcessAudioData size:3393 dts:11.145 pts:11.145 dur:92.000ms, clock:3.236 drop:0 level:88
2025-08-23 16:54:37.438 T:4073 debug : CAMLCodec::PollFrame elapsed:33.681ms
2025-08-23 16:54:37.438 T:4252 debug : CAMLCodec::AddData: skip add data dl:15588119 fl:134377 sz:411624(411712) lv:101.7% dts:5.589 pts:5.964
2025-08-23 16:54:37.440 T:4252 debug : CAMLCodec::DequeueBuffer: pts:3.545 idx:85
2025-08-23 16:54:37.440 T:4252 debug : CAMLCodec::GetPicture: index: 85, pts: 3.545, dur:42.000ms ar:1.78 elf:41ms
2025-08-23 16:54:37.440 T:4252 debug : CVideoPlayerVideo::OutputPicture - ttd:303ms pts:3.545 Clock:3.242 Level:4
2025-08-23 16:54:37.442 T:4252 debug : CAMLCodec::AddData: skip add data dl:15588119 fl:134377 sz:411624(411712) lv:101.7% dts:5.589 pts:5.964
2025-08-23 16:54:37.445 T:4250 debug : CVideoPlayer::ProcessAudioData size:3387 dts:11.238 pts:11.238 dur:92.000ms, clock:3.247 drop:0 level:89
2025-08-23 16:54:37.445 T:4252 debug : CAMLCodec::AddData: skip add data dl:15588119 fl:134377 sz:411624(411712) lv:101.7% dts:5.589 pts:5.964
2025-08-23 16:54:37.446 T:4250 debug : CVideoPlayer::ProcessAudioData size:3416 dts:11.331 pts:11.331 dur:92.000ms, clock:3.247 drop:0 level:90
2025-08-23 16:54:37.449 T:4073 debug : PrepareNextRender: frameOnScreen: 3.251 renderPts: 3.403 nextFramePts: 3.378 -> diff: 0.025 render: 1 forceNext: 0
2025-08-23 16:54:37.449 T:4073 debug : CAMLCodec::ReleaseFrame idx:81, drop:0
2025-08-23 16:54:37.450 T:4252 debug : CAMLCodec::AddData: dl:15677783 fl:44713 sz:411624(411712) lv:99.7% dts:5.589 pts:5.964
2025-08-23 16:54:37.451 T:4252 debug : CAMLCodec::AddData: skip add data dl:15677695 fl:44801 sz:366625(366720) lv:102.0% dts:5.631 pts:5.839
2025-08-23 16:54:37.456 T:4250 info : Skipped 3 duplicate messages..
2025-08-23 16:54:37.456 T:4250 debug : CVideoPlayer::ProcessAudioData size:3333 dts:11.424 pts:11.424 dur:92.000ms, clock:3.258 drop:0 level:91
2025-08-23 16:54:37.456 T:4250 debug : CVideoPlayer::ProcessAudioData size:3427 dts:11.517 pts:11.517 dur:92.000ms, clock:3.258 drop:0 level:92
2025-08-23 16:54:37.456 T:4250 debug : CVideoPlayer::ProcessAudioData size:3441 dts:11.610 pts:11.610 dur:92.000ms, clock:3.258 drop:0 level:93
2025-08-23 16:54:37.457 T:4250 debug : CVideoPlayer::ProcessVideoData size:128594 dts:10.928 pts:11.345 dur:41.000ms, clock:3.259 level:66
2025-08-23 16:54:37.458 T:4252 debug : CAMLCodec::AddData: skip add data dl:15677695 fl:44801 sz:366625(366720) lv:102.0% dts:5.631 pts:5.839
2025-08-23 16:54:37.458 T:4250 debug : CVideoPlayer::ProcessVideoData size:3326 dts:10.969 pts:11.178 dur:41.000ms, clock:3.260 level:67
2025-08-23 16:54:37.458 T:4250 debug : CVideoPlayer::ProcessVideoData size:67229 dts:11.011 pts:11.094 dur:41.000ms, clock:3.260 level:67
2025-08-23 16:54:37.458 T:4250 debug : CVideoPlayer::ProcessVideoData size:202239 dts:11.053 pts:11.053 dur:41.000ms, clock:3.260 level:68
2025-08-23 16:54:37.461 T:4252 debug : CAMLCodec::AddData: skip add data dl:15677695 fl:44801 sz:366625(366720) lv:102.0% dts:5.631 pts:5.839
2025-08-23 16:54:37.480 T:4073 info : Skipped 8 duplicate messages..
2025-08-23 16:54:37.480 T:4073 debug : CAMLCodec::PollFrame elapsed:30.519ms
2025-08-23 16:54:37.480 T:4252 debug : CAMLCodec::AddData: skip add data dl:15597503 fl:124993 sz:366625(366720) lv:101.5% dts:5.631 pts:5.839
2025-08-23 16:54:37.482 T:4252 debug : CAMLCodec::DequeueBuffer: pts:3.587 idx:86
2025-08-23 16:54:37.482 T:4252 debug : CAMLCodec::GetPicture: index: 86, pts: 3.587, dur:42.000ms ar:1.78 elf:41ms
2025-08-23 16:54:37.482 T:4252 debug : CVideoPlayerVideo::OutputPicture - ttd:303ms pts:3.587 Clock:3.284 Level:4
2025-08-23 16:54:37.484 T:4252 debug : CAMLCodec::AddData: skip add data dl:15597503 fl:124993 sz:366625(366720) lv:101.5% dts:5.631 pts:5.839
2025-08-23 16:54:37.488 T:4073 info : Skipped 1 duplicate messages..
2025-08-23 16:54:37.488 T:4073 debug : PrepareNextRender: frameOnScreen: 3.290 renderPts: 3.442 nextFramePts: 3.420 -> diff: 0.022 render: 1 forceNext: 0
2025-08-23 16:54:37.488 T:4073 debug : CAMLCodec::ReleaseFrame idx:82, drop:0
2025-08-23 16:54:37.490 T:4250 debug : CVideoPlayer::ProcessVideoData size:7193 dts:11.094 pts:11.136 dur:41.000ms, clock:3.291 level:68
2025-08-23 16:54:37.490 T:4250 debug : CVideoPlayer::ProcessVideoData size:4929 dts:11.136 pts:11.261 dur:41.000ms, clock:3.292 level:68
2025-08-23 16:54:37.490 T:4250 debug : CVideoPlayer::ProcessVideoData size:1347 dts:11.178 pts:11.220 dur:41.000ms, clock:3.292 level:69
2025-08-23 16:54:37.490 T:4250 debug : CVideoPlayer::ProcessVideoData size:1547 dts:11.220 pts:11.303 dur:41.000ms, clock:3.292 level:69
2025-08-23 16:54:37.490 T:4250 debug : CVideoPlayer::ProcessVideoData size:1870 dts:11.261 pts:11.637 dur:41.000ms, clock:3.292 level:70
2025-08-23 16:54:37.490 T:4250 debug : CVideoPlayer::ProcessVideoData size:788 dts:11.303 pts:11.511 dur:41.000ms, clock:3.292 level:70
2025-08-23 16:54:37.490 T:4250 debug : CVideoPlayer::ProcessVideoData size:675 dts:11.345 pts:11.428 dur:41.000ms, clock:3.292 level:71
2025-08-23 16:54:37.490 T:4250 debug : CVideoPlayer::ProcessVideoData size:622 dts:11.386 pts:11.386 dur:41.000ms, clock:3.292 level:71
2025-08-23 16:54:37.490 T:4250 debug : CVideoPlayer::ProcessVideoData size:597 dts:11.428 pts:11.470 dur:41.000ms, clock:3.292 level:72
2025-08-23 16:54:37.490 T:4250 debug : CVideoPlayer::ProcessVideoData size:716 dts:11.470 pts:11.595 dur:41.000ms, clock:3.292 level:72
2025-08-23 16:54:37.490 T:4250 debug : CVideoPlayer::ProcessVideoData size:593 dts:11.511 pts:11.553 dur:41.000ms, clock:3.292 level:73
2025-08-23 16:54:37.491 T:4250 debug : CVideoPlayer::ProcessVideoData size:3194 dts:11.553 pts:11.678 dur:41.000ms, clock:3.292 level:73
2025-08-23 16:54:37.491 T:4250 debug : CVideoPlayer::ProcessAudioData size:3421 dts:11.703 pts:11.703 dur:92.000ms, clock:3.293 drop:0 level:95
2025-08-23 16:54:37.491 T:4250 debug : CVideoPlayer::ProcessAudioData size:3638 dts:11.795 pts:11.795 dur:92.000ms, clock:3.293 drop:0 level:96
2025-08-23 16:54:37.491 T:4250 debug : CVideoPlayer::ProcessAudioData size:3645 dts:11.888 pts:11.888 dur:92.000ms, clock:3.293 drop:0 level:97
2025-08-23 16:54:37.491 T:4250 debug : CVideoPlayer::ProcessAudioData size:3654 dts:11.981 pts:11.981 dur:92.000ms, clock:3.293 drop:0 level:98
2025-08-23 16:54:37.491 T:4250 debug : CVideoPlayer::ProcessAudioData size:3678 dts:12.074 pts:12.074 dur:92.000ms, clock:3.293 drop:0 level:99
2025-08-23 16:54:37.491 T:4250 debug : CVideoPlayer::ProcessAudioData size:7780 dts:12.167 pts:12.167 dur:92.000ms, clock:3.293 drop:0 level:100
2025-08-23 16:54:37.491 T:4250 debug : CVideoPlayer::ProcessAudioData size:8961 dts:12.260 pts:12.260 dur:92.000ms, clock:3.293 drop:0 level:100
2025-08-23 16:54:37.491 T:4250 debug : CVideoPlayer::ProcessVideoData size:550 dts:11.595 pts:12.012 dur:41.000ms, clock:3.293 level:74
2025-08-23 16:54:37.491 T:4250 debug : CVideoPlayer::ProcessVideoData size:566 dts:11.637 pts:11.845 dur:41.000ms, clock:3.293 level:75
2025-08-23 16:54:37.491 T:4250 debug : CVideoPlayer::ProcessVideoData size:568 dts:11.678 pts:11.762 dur:41.000ms, clock:3.293 level:75
2025-08-23 16:54:37.491 T:4250 debug : CVideoPlayer::ProcessVideoData size:568 dts:11.720 pts:11.720 dur:41.000ms, clock:3.293 level:76
2025-08-23 16:54:37.492 T:4250 debug : CVideoPlayer::ProcessVideoData size:568 dts:11.762 pts:11.803 dur:41.000ms, clock:3.293 level:76
2025-08-23 16:54:37.492 T:4250 debug : CVideoPlayer::ProcessVideoData size:568 dts:11.803 pts:11.929 dur:41.000ms, clock:3.293 level:77
2025-08-23 16:54:37.492 T:4250 debug : CVideoPlayer::ProcessVideoData size:568 dts:11.845 pts:11.887 dur:41.000ms, clock:3.293 level:77
2025-08-23 16:54:37.492 T:4250 debug : CVideoPlayer::ProcessVideoData size:568 dts:11.887 pts:11.970 dur:41.000ms, clock:3.293 level:78
2025-08-23 16:54:37.492 T:4253 debug : CVideoPlayerAudio::OutputPacket: pts:4.087 curr_pts:3.269 clock:3.294 level:100
2025-08-23 16:54:37.493 T:4250 debug : CVideoPlayer::ProcessVideoData size:504383 dts:11.929 pts:12.346 dur:41.000ms, clock:3.295 level:78
2025-08-23 16:54:37.495 T:4252 debug : CAMLCodec::AddData: dl:15649343 fl:73153 sz:366625(366720) lv:99.5% dts:5.631 pts:5.839
2025-08-23 16:54:37.496 T:4252 debug : CAMLCodec::AddData: skip add data dl:15649248 fl:73248 sz:294741(294848) lv:101.4% dts:5.672 pts:5.756
2025-08-23 16:54:37.521 T:4073 info : Skipped 12 duplicate messages..
2025-08-23 16:54:37.521 T:4073 debug : CAMLCodec::PollFrame elapsed:32.757ms
2025-08-23 16:54:37.522 T:4252 debug : CAMLCodec::AddData: skip add data dl:15649248 fl:73248 sz:294741(294848) lv:101.4% dts:5.672 pts:5.756
2025-08-23 16:54:37.524 T:4250 debug : CVideoPlayer::ProcessVideoData size:134969 dts:11.970 pts:12.179 dur:41.000ms, clock:3.326 level:78
2025-08-23 16:54:37.526 T:4252 debug : CAMLCodec::AddData: skip add data dl:15649248 fl:73248 sz:294741(294848) lv:101.4% dts:5.672 pts:5.756
2025-08-23 16:54:37.528 T:4073 info : Skipped 1 duplicate messages..
2025-08-23 16:54:37.528 T:4073 debug : PrepareNextRender: frameOnScreen: 3.330 renderPts: 3.482 nextFramePts: 3.462 -> diff: 0.020 render: 1 forceNext: 0
2025-08-23 16:54:37.528 T:4073 debug : CAMLCodec::ReleaseFrame idx:83, drop:0
2025-08-23 16:54:37.530 T:4252 debug : CAMLCodec::AddData: skip add data dl:15649248 fl:73248 sz:294741(294848) lv:101.4% dts:5.672 pts:5.756
2025-08-23 16:54:37.563 T:4073 info : Skipped 15 duplicate messages..
2025-08-23 16:54:37.563 T:4073 debug : CAMLCodec::PollFrame elapsed:34.050ms
2025-08-23 16:54:37.563 T:4252 debug : CAMLCodec::AddData: skip add data dl:15614752 fl:107744 sz:294741(294848) lv:101.2% dts:5.672 pts:5.756
2025-08-23 16:54:37.565 T:4252 debug : CAMLCodec::DequeueBuffer: pts:3.629 idx:87
2025-08-23 16:54:37.565 T:4252 debug : CAMLCodec::GetPicture: index: 87, pts: 3.629, dur:42.000ms ar:1.78 elf:83ms
2025-08-23 16:54:37.565 T:4252 debug : CVideoPlayerVideo::OutputPicture - ttd:261ms pts:3.629 Clock:3.367 Level:3
2025-08-23 16:54:37.568 T:4252 debug : CAMLCodec::AddData: skip add data dl:15614752 fl:107744 sz:294741(294848) lv:101.2% dts:5.672 pts:5.756
2025-08-23 16:54:37.568 T:4073 debug : PrepareNextRender: frameOnScreen: 3.370 renderPts: 3.522 nextFramePts: 3.503 -> diff: 0.019 render: 1 forceNext: 0
2025-08-23 16:54:37.568 T:4073 debug : CAMLCodec::ReleaseFrame idx:84, drop:0
2025-08-23 16:54:37.570 T:4252 debug : CAMLCodec::AddData: skip add data dl:15614752 fl:107744 sz:294741(294848) lv:101.2% dts:5.672 pts:5.756
2025-08-23 16:54:37.574 T:4252 debug : CAMLCodec::AddData: dl:15650016 fl:72480 sz:294741(294848) lv:99.5% dts:5.672 pts:5.756
2025-08-23 16:54:37.578 T:4250 debug : CVideoPlayer::ProcessVideoData size:1086 dts:12.012 pts:12.095 dur:41.000ms, clock:3.380 level:78
2025-08-23 16:54:37.578 T:4250 debug : CVideoPlayer::ProcessVideoData size:631 dts:12.054 pts:12.054 dur:41.000ms, clock:3.380 level:79
2025-08-23 16:54:37.578 T:4250 debug : CVideoPlayer::ProcessVideoData size:12069 dts:12.095 pts:12.137 dur:41.000ms, clock:3.380 level:79
2025-08-23 16:54:37.580 T:4250 debug : CVideoPlayer::ProcessVideoData size:315856 dts:12.137 pts:12.262 dur:41.000ms, clock:3.381 level:80
2025-08-23 16:54:37.583 T:4252 debug : CAMLCodec::AddData: dl:15701664 fl:20576 sz:268337(268416) lv:99.8% dts:5.714 pts:5.714
2025-08-23 16:54:37.583 T:4252 debug : CAMLCodec::DequeueBuffer: pts:3.670 idx:88
2025-08-23 16:54:37.583 T:4252 debug : CAMLCodec::GetPicture: index: 88, pts: 3.670, dur:41.000ms ar:1.78 elf:17ms
2025-08-23 16:54:37.583 T:4252 debug : CVideoPlayerVideo::OutputPicture - ttd:284ms pts:3.670 Clock:3.385 Level:3
2025-08-23 16:54:37.586 T:4252 debug : CAMLCodec::AddData: skip add data dl:15468736 fl:253760 sz:271850(271936) lv:100.1% dts:5.756 pts:5.797
2025-08-23 16:54:37.592 T:4253 info : Skipped 3 duplicate messages..
2025-08-23 16:54:37.592 T:4253 debug : CVideoPlayerAudio::OutputPacket: pts:4.179 curr_pts:3.369 clock:3.393 level:100
2025-08-23 16:54:37.593 T:4252 debug : CAMLCodec::AddData: skip add data dl:15468736 fl:253760 sz:271850(271936) lv:100.1% dts:5.756 pts:5.797
2025-08-23 16:54:37.604 T:4252 info : Skipped 4 duplicate messages..
2025-08-23 16:54:37.604 T:4252 debug : CAMLCodec::AddData: skip add data dl:15460736 fl:261760 sz:271850(271936) lv:100.0% dts:5.756 pts:5.797
2025-08-23 16:54:37.605 T:4252 debug : CAMLCodec::DequeueBuffer: pts:3.712 idx:89
2025-08-23 16:54:37.605 T:4252 debug : CAMLCodec::GetPicture: index: 89, pts: 3.712, dur:42.000ms ar:1.78 elf:21ms
2025-08-23 16:54:37.605 T:4252 debug : CVideoPlayerVideo::OutputPicture - ttd:305ms pts:3.712 Clock:3.407 Level:4
2025-08-23 16:54:37.605 T:4073 debug : CAMLCodec::PollFrame elapsed:36.782ms
2025-08-23 16:54:37.608 T:4252 debug : CAMLCodec::AddData: skip add data dl:15460736 fl:261760 sz:271850(271936) lv:100.0% dts:5.756 pts:5.797
2025-08-23 16:54:37.610 T:4073 info : Skipped 1 duplicate messages..
2025-08-23 16:54:37.610 T:4073 debug : PrepareNextRender: frameOnScreen: 3.412 renderPts: 3.564 nextFramePts: 3.545 -> diff: 0.019 render: 1 forceNext: 0
2025-08-23 16:54:37.610 T:4073 debug : CAMLCodec::ReleaseFrame idx:85, drop:0
2025-08-23 16:54:37.611 T:4252 debug : CAMLCodec::AddData: skip add data dl:15460736 fl:261760 sz:271850(271936) lv:100.0% dts:5.756 pts:5.797
2025-08-23 16:54:37.615 T:4252 debug : CAMLCodec::AddData: dl:15478272 fl:244224 sz:271850(271936) lv:98.4% dts:5.756 pts:5.797
2025-08-23 16:54:37.616 T:4252 debug : CAMLCodec::AddData: skip add data dl:15645136 fl:77360 sz:298037(298112) lv:101.4% dts:5.797 pts:5.923
2025-08-23 16:54:37.621 T:4250 info : Skipped 2 duplicate messages..
2025-08-23 16:54:37.621 T:4250 debug : CVideoPlayer::ProcessVideoData size:259120 dts:12.179 pts:12.221 dur:41.000ms, clock:3.422 level:79
2025-08-23 16:54:37.621 T:4252 debug : CAMLCodec::AddData: skip add data dl:15645136 fl:77360 sz:298037(298112) lv:101.4% dts:5.797 pts:5.923
2025-08-23 16:54:37.622 T:4250 debug : CVideoPlayer::ProcessVideoData size:362836 dts:12.221 pts:12.304 dur:41.000ms, clock:3.424 level:100
2025-08-23 16:54:37.624 T:4252 debug : CAMLCodec::AddData: skip add data dl:15645136 fl:77360 sz:298037(298112) lv:101.4% dts:5.797 pts:5.923
2025-08-23 16:54:37.647 T:4073 info : Skipped 10 duplicate messages..
2025-08-23 16:54:37.647 T:4073 debug : CAMLCodec::PollFrame elapsed:36.798ms
2025-08-23 16:54:37.647 T:4252 debug : CAMLCodec::DequeueBuffer: pts:3.754 idx:90
2025-08-23 16:54:37.648 T:4252 debug : CAMLCodec::GetPicture: index: 90, pts: 3.754, dur:42.000ms ar:1.78 elf:42ms
2025-08-23 16:54:37.648 T:4252 debug : CVideoPlayerVideo::OutputPicture - ttd:304ms pts:3.754 Clock:3.449 Level:4
2025-08-23 16:54:37.650 T:4252 debug : CAMLCodec::AddData: skip add data dl:15639696 fl:82800 sz:298037(298112) lv:101.3% dts:5.797 pts:5.923
2025-08-23 16:54:37.655 T:4073 info : Skipped 1 duplicate messages..
2025-08-23 16:54:37.655 T:4073 debug : PrepareNextRender: frameOnScreen: 3.456 renderPts: 3.609 nextFramePts: 3.587 -> diff: 0.022 render: 1 forceNext: 0
2025-08-23 16:54:37.655 T:4073 debug : CAMLCodec::ReleaseFrame idx:86, drop:0
2025-08-23 16:54:37.656 T:4252 debug : CAMLCodec::AddData: dl:15675984 fl:46512 sz:298037(298112) lv:99.7% dts:5.797 pts:5.923
2025-08-23 16:54:37.657 T:4252 debug : CAMLCodec::AddData: skip add data dl:15675909 fl:46587 sz:270658(270784) lv:101.4% dts:5.839 pts:5.881
2025-08-23 16:54:37.687 T:4252 info : Skipped 17 duplicate messages..
2025-08-23 16:54:37.687 T:4252 debug : CAMLCodec::AddData: skip add data dl:15647941 fl:74555 sz:270658(270784) lv:101.2% dts:5.839 pts:5.881
2025-08-23 16:54:37.688 T:4073 debug : CAMLCodec::PollFrame elapsed:33.365ms
2025-08-23 16:54:37.689 T:4252 debug : CAMLCodec::DequeueBuffer: pts:3.795 idx:91
2025-08-23 16:54:37.689 T:4252 debug : CAMLCodec::GetPicture: index: 91, pts: 3.795, dur:41.000ms ar:1.78 elf:41ms
2025-08-23 16:54:37.690 T:4252 debug : CVideoPlayerVideo::OutputPicture - ttd:303ms pts:3.795 Clock:3.491 Level:4
2025-08-23 16:54:37.692 T:4252 debug : CAMLCodec::AddData: skip add data dl:15647941 fl:74555 sz:270658(270784) lv:101.2% dts:5.839 pts:5.881
2025-08-23 16:54:37.692 T:4253 debug : CVideoPlayerAudio::OutputPacket: pts:4.272 curr_pts:3.468 clock:3.494 level:99
2025-08-23 16:54:37.694 T:4252 debug : CAMLCodec::AddData: skip add data dl:15647941 fl:74555 sz:270658(270784) lv:101.2% dts:5.839 pts:5.881
2025-08-23 16:54:37.699 T:4073 debug : PrepareNextRender: frameOnScreen: 3.501 renderPts: 3.653 nextFramePts: 3.629 -> diff: 0.024 render: 1 forceNext: 0
2025-08-23 16:54:37.699 T:4073 debug : CAMLCodec::ReleaseFrame idx:87, drop:0
2025-08-23 16:54:37.700 T:4252 debug : CAMLCodec::AddData: dl:15664005 fl:58491 sz:270658(270784) lv:99.6% dts:5.839 pts:5.881
2025-08-23 16:54:37.701 T:4252 debug : CAMLCodec::AddData: skip add data dl:15663879 fl:58617 sz:704918(705024) lv:104.1% dts:5.881 pts:6.006
2025-08-23 16:54:37.705 T:4250 info : Skipped 1 duplicate messages..
2025-08-23 16:54:37.705 T:4250 debug : CVideoPlayer::ProcessAudioData size:9431 dts:12.353 pts:12.353 dur:92.000ms, clock:3.507 drop:0 level:99
2025-08-23 16:54:37.705 T:4250 debug : CVideoPlayer::ProcessAudioData size:9087 dts:12.445 pts:12.445 dur:92.000ms, clock:3.507 drop:0 level:100
2025-08-23 16:54:37.705 T:4250 debug : CVideoPlayer::ProcessAudioData size:9471 dts:12.538 pts:12.538 dur:92.000ms, clock:3.507 drop:0 level:100
2025-08-23 16:54:37.705 T:4250 debug : CVideoPlayer::ProcessAudioData size:10103 dts:12.631 pts:12.631 dur:92.000ms, clock:3.507 drop:0 level:100
2025-08-23 16:54:37.708 T:4250 debug : CVideoPlayer::ProcessVideoData size:547162 dts:12.262 pts:12.638 dur:41.000ms, clock:3.509 level:80
2025-08-23 16:54:37.710 T:4252 debug : CAMLCodec::AddData: skip add data dl:15663879 fl:58617 sz:704918(705024) lv:104.1% dts:5.881 pts:6.006
2025-08-23 16:54:37.720 T:4250 info : Skipped 2 duplicate messages..
2025-08-23 16:54:37.720 T:4250 debug : CVideoPlayer::ProcessVideoData size:469208 dts:12.304 pts:12.512 dur:41.000ms, clock:3.522 level:80
2025-08-23 16:54:37.721 T:4252 debug : CAMLCodec::AddData: skip add data dl:15663879 fl:58617 sz:704918(705024) lv:104.1% dts:5.881 pts:6.006
2025-08-23 16:54:37.730 T:4073 info : Skipped 4 duplicate messages..
2025-08-23 16:54:37.730 T:4073 debug : CAMLCodec::PollFrame elapsed:30.679ms
2025-08-23 16:54:37.731 T:4252 debug : CAMLCodec::DequeueBuffer: pts:3.837 idx:92
2025-08-23 16:54:37.731 T:4252 debug : CAMLCodec::GetPicture: index: 92, pts: 3.837, dur:42.000ms ar:1.78 elf:41ms
2025-08-23 16:54:37.731 T:4252 debug : CVideoPlayerVideo::OutputPicture - ttd:304ms pts:3.837 Clock:3.532 Level:4
2025-08-23 16:54:37.732 T:4252 debug : CAMLCodec::DequeueBuffer: pts:3.879 idx:93
2025-08-23 16:54:37.732 T:4252 debug : CAMLCodec::GetPicture: index: 93, pts: 3.879, dur:42.000ms ar:1.78 elf:1ms
2025-08-23 16:54:37.732 T:4252 debug : CVideoPlayerVideo::OutputPicture - ttd:345ms pts:3.879 Clock:3.534 Level:5
2025-08-23 16:54:37.733 T:4073 debug : PrepareNextRender: frameOnScreen: 3.535 renderPts: 3.687 nextFramePts: 3.670 -> diff: 0.017 render: 1 forceNext: 0
2025-08-23 16:54:37.733 T:4252 debug : CAMLCodec::DequeueBuffer: pts:3.921 idx:94
2025-08-23 16:54:37.733 T:4073 debug : CAMLCodec::ReleaseFrame idx:88, drop:0
2025-08-23 16:54:37.734 T:4252 debug : CAMLCodec::GetPicture: index: 94, pts: 3.921, dur:42.000ms ar:1.78 elf:1ms
2025-08-23 16:54:37.734 T:4252 debug : CVideoPlayerVideo::OutputPicture - ttd:385ms pts:3.921 Clock:3.535 Level:5
2025-08-23 16:54:37.735 T:4252 debug : CAMLCodec::DequeueBuffer: pts:3.962 idx:95
2025-08-23 16:54:37.735 T:4252 debug : CAMLCodec::GetPicture: index: 95, pts: 3.962, dur:41.000ms ar:1.78 elf:1ms
2025-08-23 16:54:37.735 T:4252 debug : CVideoPlayerVideo::OutputPicture - ttd:425ms pts:3.962 Clock:3.537 Level:6
2025-08-23 16:54:37.738 T:4252 debug : CAMLCodec::AddData: skip add data dl:15658311 fl:64185 sz:704918(705024) lv:104.0% dts:5.881 pts:6.006
2025-08-23 16:54:37.742 T:4252 info : Skipped 1 duplicate messages..
2025-08-23 16:54:37.742 T:4252 debug : CAMLCodec::AddData: skip add data dl:15141831 fl:580665 sz:704918(705024) lv:100.8% dts:5.881 pts:6.006
2025-08-23 16:54:37.751 T:4252 info : Skipped 1 duplicate messages..
2025-08-23 16:54:37.751 T:4252 debug : CAMLCodec::AddData: dl:15690887 fl:31609 sz:704918(705024) lv:99.8% dts:5.881 pts:6.006
2025-08-23 16:54:37.753 T:4252 debug : CAMLCodec::AddData: skip add data dl:15690781 fl:31715 sz:487985(488064) lv:102.9% dts:5.923 pts:6.340
2025-08-23 16:54:37.756 T:4252 debug : CAMLCodec::AddData: skip add data dl:15348509 fl:373987 sz:487985(488064) lv:100.7% dts:5.923 pts:6.340
2025-08-23 16:54:37.772 T:4073 info : Skipped 5 duplicate messages..
2025-08-23 16:54:37.771 T:4073 debug : CAMLCodec::PollFrame elapsed:37.927ms
2025-08-23 16:54:37.772 T:4250 debug : CVideoPlayer::ProcessVideoData size:407956 dts:12.346 pts:12.429 dur:41.000ms, clock:3.574 level:80
2025-08-23 16:54:37.775 T:4252 debug : CAMLCodec::AddData: dl:15710109 fl:12387 sz:487985(488064) lv:99.9% dts:5.923 pts:6.340
2025-08-23 16:54:37.776 T:4252 debug : CAMLCodec::AddData: skip add data dl:15680797 fl:41699 sz:371149(371264) lv:102.1% dts:5.964 pts:6.173
2025-08-23 16:54:37.778 T:4073 debug : PrepareNextRender: frameOnScreen: 3.579 renderPts: 3.732 nextFramePts: 3.712 -> diff: 0.020 render: 1 forceNext: 0
2025-08-23 16:54:37.778 T:4252 debug : CAMLCodec::AddData: skip add data dl:15710030 fl:12466 sz:371149(371264) lv:102.2% dts:5.964 pts:6.173
2025-08-23 16:54:37.778 T:4073 debug : CAMLCodec::ReleaseFrame idx:89, drop:0
2025-08-23 16:54:37.780 T:4252 debug : CAMLCodec::AddData: skip add data dl:15384846 fl:337650 sz:371149(371264) lv:100.2% dts:5.964 pts:6.173
2025-08-23 16:54:37.791 T:4253 info : Skipped 6 duplicate messages..
2025-08-23 16:54:37.791 T:4253 debug : CVideoPlayerAudio::OutputPacket: pts:4.365 curr_pts:3.568 clock:3.592 level:100
2025-08-23 16:54:37.792 T:4252 debug : CAMLCodec::AddData: skip add data dl:15384846 fl:337650 sz:371149(371264) lv:100.2% dts:5.964 pts:6.173
2025-08-23 16:54:37.804 T:4250 info : Skipped 7 duplicate messages..
2025-08-23 16:54:37.804 T:4250 debug : CVideoPlayer::ProcessVideoData size:390465 dts:12.387 pts:12.387 dur:41.000ms, clock:3.605 level:80
2025-08-23 16:54:37.804 T:4252 debug : CAMLCodec::AddData: skip add data dl:15384846 fl:337650 sz:371149(371264) lv:100.2% dts:5.964 pts:6.173
2025-08-23 16:54:37.814 T:4073 info : Skipped 3 duplicate messages..
2025-08-23 16:54:37.814 T:4073 debug : CAMLCodec::PollFrame elapsed:35.481ms
2025-08-23 16:54:37.817 T:4252 debug : CAMLCodec::AddData: dl:15720718 fl:1778 sz:371149(371264) lv:99.9% dts:5.964 pts:6.173
2025-08-23 16:54:37.820 T:4252 debug : CAMLCodec::AddData: skip add data dl:15456347 fl:266149 sz:299629(299712) lv:100.2% dts:6.006 pts:6.089
2025-08-23 16:54:37.823 T:4073 info : Skipped 1 duplicate messages..
2025-08-23 16:54:37.823 T:4073 debug : PrepareNextRender: frameOnScreen: 3.624 renderPts: 3.777 nextFramePts: 3.754 -> diff: 0.023 render: 1 forceNext: 0
2025-08-23 16:54:37.823 T:4073 debug : CAMLCodec::ReleaseFrame idx:90, drop:0
2025-08-23 16:54:37.824 T:4252 debug : CAMLCodec::AddData: skip add data dl:15456347 fl:266149 sz:299629(299712) lv:100.2% dts:6.006 pts:6.089
2025-08-23 16:54:37.836 T:4250 info : Skipped 6 duplicate messages..
2025-08-23 16:54:37.836 T:4250 debug : CVideoPlayer::ProcessVideoData size:396388 dts:12.429 pts:12.471 dur:41.000ms, clock:3.637 level:80
2025-08-23 16:54:37.836 T:4252 debug : CAMLCodec::AddData: skip add data dl:15456347 fl:266149 sz:299629(299712) lv:100.2% dts:6.006 pts:6.089
2025-08-23 16:54:37.856 T:4073 info : Skipped 9 duplicate messages..
2025-08-23 16:54:37.856 T:4073 debug : CAMLCodec::PollFrame elapsed:32.654ms
2025-08-23 16:54:37.856 T:4252 debug : CAMLCodec::DequeueBuffer: pts:4.004 idx:96
2025-08-23 16:54:37.856 T:4252 debug : CAMLCodec::GetPicture: index: 96, pts: 4.004, dur:41.999ms ar:1.78 elf:120ms
2025-08-23 16:54:37.856 T:4252 debug : CVideoPlayerVideo::OutputPicture - ttd:346ms pts:4.004 Clock:3.658 Level:5
2025-08-23 16:54:37.860 T:4252 debug : CAMLCodec::AddData: dl:15728603 fl:-6107 sz:299629(299712) lv:100.0% dts:6.006 pts:6.089
2025-08-23 16:54:37.862 T:4252 debug : CAMLCodec::AddData: skip add data dl:15464384 fl:258112 sz:271049(271168) lv:100.0% dts:6.048 pts:6.048
2025-08-23 16:54:37.864 T:4073 debug : PrepareNextRender: frameOnScreen: 3.665 renderPts: 3.818 nextFramePts: 3.795 -> diff: 0.023 render: 1 forceNext: 0
2025-08-23 16:54:37.864 T:4073 debug : CAMLCodec::ReleaseFrame idx:91, drop:0
2025-08-23 16:54:37.865 T:4252 debug : CAMLCodec::AddData: skip add data dl:15464384 fl:258112 sz:271049(271168) lv:100.0% dts:6.048 pts:6.048
2025-08-23 16:54:37.891 T:4253 info : Skipped 15 duplicate messages..
2025-08-23 16:54:37.891 T:4253 debug : CVideoPlayerAudio::OutputPacket: pts:4.457 curr_pts:3.668 clock:3.693 level:100
2025-08-23 16:54:37.892 T:4252 debug : CAMLCodec::AddData: skip add data dl:15464384 fl:258112 sz:271049(271168) lv:100.0% dts:6.048 pts:6.048
2025-08-23 16:54:37.897 T:4252 info : Skipped 2 duplicate messages..
2025-08-23 16:54:37.897 T:4252 debug : CAMLCodec::DequeueBuffer: pts:4.046 idx:97
2025-08-23 16:54:37.897 T:4252 debug : CAMLCodec::GetPicture: index: 97, pts: 4.046, dur:42.001ms ar:1.78 elf:40ms
2025-08-23 16:54:37.897 T:4252 debug : CVideoPlayerVideo::OutputPicture - ttd:347ms pts:4.046 Clock:3.698 Level:5
2025-08-23 16:54:37.897 T:4073 debug : CAMLCodec::PollFrame elapsed:32.863ms
2025-08-23 16:54:37.899 T:4252 debug : CAMLCodec::AddData: skip add data dl:15458048 fl:264448 sz:271049(271168) lv:100.0% dts:6.048 pts:6.048
2025-08-23 16:54:37.903 T:4073 info : Skipped 1 duplicate messages..
2025-08-23 16:54:37.903 T:4073 debug : PrepareNextRender: frameOnScreen: 3.704 renderPts: 3.857 nextFramePts: 3.837 -> diff: 0.020 render: 1 forceNext: 0
2025-08-23 16:54:37.903 T:4252 debug : CAMLCodec::AddData: skip add data dl:15458048 fl:264448 sz:271049(271168) lv:100.0% dts:6.048 pts:6.048
2025-08-23 16:54:37.903 T:4073 debug : CAMLCodec::ReleaseFrame idx:92, drop:0
2025-08-23 16:54:37.907 T:4252 debug : CAMLCodec::AddData: dl:15468544 fl:253952 sz:271049(271168) lv:98.3% dts:6.048 pts:6.048
2025-08-23 16:54:37.908 T:4252 debug : CAMLCodec::AddData: skip add data dl:15474449 fl:248047 sz:274617(274688) lv:100.1% dts:6.089 pts:6.131
2025-08-23 16:54:37.939 T:4073 info : Skipped 17 duplicate messages..
2025-08-23 16:54:37.939 T:4073 debug : CAMLCodec::PollFrame elapsed:35.256ms
2025-08-23 16:54:37.940 T:4252 debug : CAMLCodec::DequeueBuffer: pts:4.087 idx:98
2025-08-23 16:54:37.940 T:4252 debug : CAMLCodec::GetPicture: index: 98, pts: 4.087, dur:40.999ms ar:1.78 elf:43ms
2025-08-23 16:54:37.940 T:4252 debug : CVideoPlayerVideo::OutputPicture - ttd:345ms pts:4.087 Clock:3.742 Level:5
2025-08-23 16:54:37.942 T:4252 debug : CAMLCodec::AddData: skip add data dl:15468945 fl:253551 sz:274617(274688) lv:100.1% dts:6.089 pts:6.131
2025-08-23 16:54:37.948 T:4073 info : Skipped 1 duplicate messages..
2025-08-23 16:54:37.948 T:4073 debug : PrepareNextRender: frameOnScreen: 3.749 renderPts: 3.901 nextFramePts: 3.879 -> diff: 0.022 render: 1 forceNext: 0
2025-08-23 16:54:37.948 T:4073 debug : CAMLCodec::ReleaseFrame idx:93, drop:0
2025-08-23 16:54:37.949 T:4250 debug : CVideoPlayer::ProcessVideoData size:406737 dts:12.471 pts:12.596 dur:41.000ms, clock:3.750 level:79
2025-08-23 16:54:37.952 T:4252 debug : CAMLCodec::AddData: dl:15480465 fl:242031 sz:274617(274688) lv:98.4% dts:6.089 pts:6.131
2025-08-23 16:54:37.953 T:4252 debug : CAMLCodec::AddData: skip add data dl:15480394 fl:242102 sz:297687(297792) lv:100.3% dts:6.131 pts:6.256
2025-08-23 16:54:37.972 T:4250 info : Skipped 8 duplicate messages..
2025-08-23 16:54:37.972 T:4250 debug : CVideoPlayer::ProcessVideoData size:398778 dts:12.512 pts:12.554 dur:41.000ms, clock:3.773 level:100
2025-08-23 16:54:37.974 T:4252 debug : CAMLCodec::AddData: skip add data dl:15480394 fl:242102 sz:297687(297792) lv:100.3% dts:6.131 pts:6.256
2025-08-23 16:54:37.981 T:4073 info : Skipped 1 duplicate messages..
2025-08-23 16:54:37.981 T:4073 debug : CAMLCodec::PollFrame elapsed:32.751ms
2025-08-23 16:54:37.982 T:4252 debug : CAMLCodec::AddData: skip add data dl:15451082 fl:271414 sz:297687(297792) lv:100.1% dts:6.131 pts:6.256
2025-08-23 16:54:37.984 T:4252 debug : CAMLCodec::DequeueBuffer: pts:4.129 idx:99
2025-08-23 16:54:37.984 T:4252 debug : CAMLCodec::GetPicture: index: 99, pts: 4.129, dur:42.000ms ar:1.78 elf:43ms
2025-08-23 16:54:37.984 T:4252 debug : CVideoPlayerVideo::OutputPicture - ttd:343ms pts:4.129 Clock:3.785 Level:5
2025-08-23 16:54:37.989 T:4252 debug : CAMLCodec::AddData: dl:15491082 fl:231414 sz:297687(297792) lv:98.5% dts:6.131 pts:6.256
2025-08-23 16:54:37.992 T:4253 debug : CVideoPlayerAudio::OutputPacket: pts:4.550 curr_pts:3.767 clock:3.793 level:100
2025-08-23 16:54:37.992 T:4252 debug : CAMLCodec::AddData: dl:15687816 fl:34424 sz:265440(265536) lv:99.7% dts:6.173 pts:6.215
2025-08-23 16:54:37.993 T:4252 debug : CAMLCodec::AddData: skip add data dl:15722496 fl:0 sz:272333(272448) lv:100.0% dts:6.215 pts:6.298
2025-08-23 16:54:38.001 T:4073 info : Skipped 3 duplicate messages..
2025-08-23 16:54:38.001 T:4073 debug : PrepareNextRender: frameOnScreen: 3.802 renderPts: 3.955 nextFramePts: 3.921 -> diff: 0.034 render: 1 forceNext: 0
2025-08-23 16:54:38.001 T:4073 debug : CAMLCodec::ReleaseFrame idx:94, drop:0
2025-08-23 16:54:38.001 T:4252 debug : CAMLCodec::AddData: skip add data dl:15722496 fl:0 sz:272333(272448) lv:100.0% dts:6.215 pts:6.298
2025-08-23 16:54:38.001 T:4250 debug : CVideoPlayer::ProcessVideoData size:773153 dts:12.554 pts:12.679 dur:41.000ms, clock:3.802 level:79
2025-08-23 16:54:38.003 T:4252 debug : CAMLCodec::AddData: skip add data dl:15722496 fl:0 sz:272333(272448) lv:100.0% dts:6.215 pts:6.298
2025-08-23 16:54:38.022 T:4073 info : Skipped 9 duplicate messages..
2025-08-23 16:54:38.022 T:4073 debug : CAMLCodec::PollFrame elapsed:20.761ms
2025-08-23 16:54:38.024 T:4252 debug : CAMLCodec::AddData: skip add data dl:15717440 fl:5056 sz:272333(272448) lv:101.7% dts:6.215 pts:6.298
2025-08-23 16:54:38.025 T:4252 debug : CAMLCodec::DequeueBuffer: pts:4.171 idx:100
2025-08-23 16:54:38.026 T:4252 debug : CAMLCodec::GetPicture: index: 100, pts: 4.171, dur:42.001ms ar:1.78 elf:41ms
2025-08-23 16:54:38.026 T:4252 debug : CVideoPlayerVideo::OutputPicture - ttd:344ms pts:4.171 Clock:3.827 Level:5
2025-08-23 16:54:38.027 T:4073 debug : PrepareNextRender: frameOnScreen: 3.828 renderPts: 3.980 nextFramePts: 3.962 -> diff: 0.018 render: 1 forceNext: 0
2025-08-23 16:54:38.028 T:4073 debug : CAMLCodec::ReleaseFrame idx:95, drop:0
2025-08-23 16:54:38.029 T:4252 debug : CAMLCodec::AddData: skip add data dl:15717440 fl:5056 sz:272333(272448) lv:101.7% dts:6.215 pts:6.298
2025-08-23 16:54:38.034 T:4252 info : Skipped 1 duplicate messages..
2025-08-23 16:54:38.034 T:4252 debug : CAMLCodec::AddData: skip add data dl:15458944 fl:263552 sz:272333(272448) lv:100.0% dts:6.215 pts:6.298
2025-08-23 16:54:38.041 T:4253 info : Skipped 4 duplicate messages..
2025-08-23 16:54:38.041 T:4253 debug : CVideoPlayerAudio::OutputPacket: pts:4.643 curr_pts:3.817 clock:3.843 level:99
2025-08-23 16:54:38.043 T:4252 debug : CAMLCodec::AddData: skip add data dl:15458944 fl:263552 sz:272333(272448) lv:100.0% dts:6.215 pts:6.298
2025-08-23 16:54:38.064 T:4073 info : Skipped 10 duplicate messages..
2025-08-23 16:54:38.064 T:4073 debug : CAMLCodec::PollFrame elapsed:35.341ms
2025-08-23 16:54:38.068 T:4252 debug : CAMLCodec::AddData: dl:15723392 fl:-896 sz:272333(272448) lv:100.0% dts:6.215 pts:6.298
2025-08-23 16:54:38.068 T:4252 debug : CAMLCodec::DequeueBuffer: pts:4.213 idx:101
2025-08-23 16:54:38.068 T:4252 debug : CAMLCodec::GetPicture: index: 101, pts: 4.213, dur:42.000ms ar:1.78 elf:42ms
2025-08-23 16:54:38.068 T:4252 debug : CVideoPlayerVideo::OutputPicture - ttd:343ms pts:4.213 Clock:3.869 Level:5
2025-08-23 16:54:38.069 T:4073 debug : PrepareNextRender: frameOnScreen: 3.870 renderPts: 4.022 nextFramePts: 4.004 -> diff: 0.018 render: 1 forceNext: 0
2025-08-23 16:54:38.069 T:4073 debug : CAMLCodec::ReleaseFrame idx:96, drop:0
2025-08-23 16:54:38.071 T:4252 debug : CAMLCodec::AddData: skip add data dl:15722496 fl:0 sz:458709(458816) lv:100.0% dts:6.256 pts:6.673
2025-08-23 16:54:38.073 T:4252 debug : CAMLCodec::AddData: skip add data dl:15404864 fl:317632 sz:458709(458816) lv:100.9% dts:6.256 pts:6.673
2025-08-23 16:54:38.106 T:4073 info : Skipped 15 duplicate messages..
2025-08-23 16:54:38.106 T:4073 debug : CAMLCodec::PollFrame elapsed:36.336ms
2025-08-23 16:54:38.106 T:4252 debug : CAMLCodec::DequeueBuffer: pts:4.254 idx:102
2025-08-23 16:54:38.106 T:4252 debug : CAMLCodec::GetPicture: index: 102, pts: 4.254, dur:41.000ms ar:1.78 elf:37ms
2025-08-23 16:54:38.106 T:4252 debug : CVideoPlayerVideo::OutputPicture - ttd:346ms pts:4.254 Clock:3.907 Level:5
2025-08-23 16:54:38.110 T:4252 debug : CAMLCodec::AddData: skip add data dl:15278208 fl:444288 sz:458709(458816) lv:100.1% dts:6.256 pts:6.673
2025-08-23 16:54:38.110 T:4073 debug : PrepareNextRender: frameOnScreen: 3.911 renderPts: 4.063 nextFramePts: 4.046 -> diff: 0.017 render: 1 forceNext: 0
2025-08-23 16:54:38.110 T:4073 debug : CAMLCodec::ReleaseFrame idx:97, drop:0
2025-08-23 16:54:38.112 T:4252 debug : CAMLCodec::AddData: skip add data dl:15278208 fl:444288 sz:458709(458816) lv:100.1% dts:6.256 pts:6.673
2025-08-23 16:54:38.119 T:4252 info : Skipped 1 duplicate messages..
2025-08-23 16:54:38.119 T:4252 debug : CAMLCodec::AddData: dl:15414144 fl:308352 sz:458709(458816) lv:98.0% dts:6.256 pts:6.673
2025-08-23 16:54:38.120 T:4252 debug : CAMLCodec::AddData: skip add data dl:15448739 fl:273757 sz:354945(355072) lv:100.5% dts:6.298 pts:6.506
2025-08-23 16:54:38.142 T:4253 info : Skipped 11 duplicate messages..
2025-08-23 16:54:38.142 T:4253 debug : CVideoPlayerAudio::OutputPacket: pts:4.737 curr_pts:3.917 clock:3.943 level:98
