2025-08-23 16:54:50.343 T:4252 debug : CVideoPlayerVideo::OutputPicture - ttd:305ms pts:16.433 Clock:16.127 Level:4
2025-08-23 16:54:50.345 T:4252 debug : CAMLCodec::AddData: skip add data dl:15449088 fl:273408 sz:444778(444864) lv:101.1% dts:17.726 pts:17.726
2025-08-23 16:54:50.351 T:4250 info : Skipped 2 duplicate messages..
2025-08-23 16:54:50.351 T:4250 debug : CVideoPlayer::ProcessVideoData size:446585 dts:21.230 pts:21.313 dur:41.000ms, clock:16.136 level:43
2025-08-23 16:54:50.355 T:4073 debug : PrepareNextRender: frameOnScreen: 16.139 renderPts: 16.291 nextFramePts: 16.266 -> diff: 0.025 render: 1 forceNext: 0
2025-08-23 16:54:50.355 T:4073 debug : CAMLCodec::ReleaseFrame idx:390, drop:0
2025-08-23 16:54:50.356 T:4252 debug : CAMLCodec::AddData: dl:15451712 fl:270784 sz:444778(444864) lv:98.2% dts:17.726 pts:17.726
2025-08-23 16:54:50.356 T:4252 debug : CAMLCodec::AddData: skip add data dl:15451626 fl:270870 sz:444044(444160) lv:101.1% dts:17.768 pts:17.809
2025-08-23 16:54:50.359 T:4253 info : Skipped 1 duplicate messages..
2025-08-23 16:54:50.359 T:4253 debug : CVideoPlayerAudio::OutputPacket: pts:16.903 curr_pts:16.117 clock:16.144 level:54
2025-08-23 16:54:50.360 T:4252 debug : CAMLCodec::AddData: skip add data dl:15451626 fl:270870 sz:444044(444160) lv:101.1% dts:17.768 pts:17.809
2025-08-23 16:54:50.362 T:4250 info : Skipped 1 duplicate messages..
2025-08-23 16:54:50.362 T:4250 debug : CVideoPlayer::ProcessAudioData size:8387 dts:21.362 pts:21.362 dur:92.000ms, clock:16.146 drop:0 level:54
2025-08-23 16:54:50.364 T:4252 debug : CAMLCodec::AddData: skip add data dl:15451626 fl:270870 sz:444044(444160) lv:101.1% dts:17.768 pts:17.809
2025-08-23 16:54:50.373 T:4250 info : Skipped 4 duplicate messages..
2025-08-23 16:54:50.373 T:4250 debug : CVideoPlayer::ProcessAudioData size:8203 dts:21.454 pts:21.454 dur:92.000ms, clock:16.157 drop:0 level:55
2025-08-23 16:54:50.375 T:4252 debug : CAMLCodec::AddData: skip add data dl:15451626 fl:270870 sz:444044(444160) lv:101.1% dts:17.768 pts:17.809
2025-08-23 16:54:50.383 T:4073 info : Skipped 3 duplicate messages..
2025-08-23 16:54:50.382 T:4073 debug : CAMLCodec::PollFrame elapsed:27.033ms
2025-08-23 16:54:50.383 T:4250 debug : CVideoPlayer::ProcessAudioData size:8391 dts:21.547 pts:21.547 dur:92.000ms, clock:16.167 drop:0 level:56
2025-08-23 16:54:50.383 T:4250 debug : CVideoPlayer::ProcessAudioData size:8790 dts:21.640 pts:21.640 dur:92.000ms, clock:16.168 drop:0 level:57
2025-08-23 16:54:50.385 T:4252 debug : CAMLCodec::AddData: skip add data dl:15411946 fl:310550 sz:444044(444160) lv:100.8% dts:17.768 pts:17.809
2025-08-23 16:54:50.386 T:4252 debug : CAMLCodec::DequeueBuffer: pts:16.475 idx:395
2025-08-23 16:54:50.387 T:4252 debug : CAMLCodec::GetPicture: index: 395, pts: 16.475, dur:42.000ms ar:1.78 elf:43ms
2025-08-23 16:54:50.387 T:4252 debug : CVideoPlayerVideo::OutputPicture - ttd:303ms pts:16.475 Clock:16.171 Level:4
2025-08-23 16:54:50.387 T:4250 debug : CVideoPlayer::ProcessVideoData size:599307 dts:21.271 pts:21.647 dur:41.000ms, clock:16.171 level:100
2025-08-23 16:54:50.390 T:4252 debug : CAMLCodec::AddData: skip add data dl:15411946 fl:310550 sz:444044(444160) lv:100.8% dts:17.768 pts:17.809
2025-08-23 16:54:50.396 T:4252 info : Skipped 1 duplicate messages..
2025-08-23 16:54:50.396 T:4252 debug : CAMLCodec::AddData: dl:15421546 fl:300950 sz:444044(444160) lv:98.0% dts:17.768 pts:17.809
2025-08-23 16:54:50.402 T:4252 debug : CAMLCodec::AddData: skip add data dl:15421430 fl:301066 sz:474202(474304) lv:101.1% dts:17.809 pts:17.935
2025-08-23 16:54:50.406 T:4073 info : Skipped 1 duplicate messages..
2025-08-23 16:54:50.406 T:4073 debug : PrepareNextRender: frameOnScreen: 16.191 renderPts: 16.342 nextFramePts: 16.308 -> diff: 0.034 render: 1 forceNext: 0
2025-08-23 16:54:50.406 T:4073 debug : CAMLCodec::ReleaseFrame idx:391, drop:0
2025-08-23 16:54:50.407 T:4252 debug : CAMLCodec::AddData: skip add data dl:15421430 fl:301066 sz:474202(474304) lv:101.1% dts:17.809 pts:17.935
2025-08-23 16:54:50.409 T:4253 debug : CVideoPlayerAudio::OutputPacket: pts:16.996 curr_pts:16.167 clock:16.193 level:57
2025-08-23 16:54:50.409 T:4252 debug : CAMLCodec::AddData: skip add data dl:15421430 fl:301066 sz:474202(474304) lv:101.1% dts:17.809 pts:17.935
2025-08-23 16:54:50.424 T:4073 info : Skipped 7 duplicate messages..
2025-08-23 16:54:50.424 T:4073 debug : CAMLCodec::PollFrame elapsed:17.785ms
2025-08-23 16:54:50.425 T:4252 debug : CAMLCodec::AddData: skip add data dl:15413814 fl:308682 sz:474202(474304) lv:101.0% dts:17.809 pts:17.935
2025-08-23 16:54:50.426 T:4252 debug : CAMLCodec::DequeueBuffer: pts:16.516 idx:396
2025-08-23 16:54:50.426 T:4252 debug : CAMLCodec::GetPicture: index: 396, pts: 16.516, dur:40.999ms ar:1.78 elf:39ms
2025-08-23 16:54:50.426 T:4252 debug : CVideoPlayerVideo::OutputPicture - ttd:305ms pts:16.516 Clock:16.210 Level:4
2025-08-23 16:54:50.427 T:4252 debug : CAMLCodec::DequeueBuffer: pts:16.558 idx:397
2025-08-23 16:54:50.427 T:4252 debug : CAMLCodec::GetPicture: index: 397, pts: 16.558, dur:42.001ms ar:1.78 elf:1ms
2025-08-23 16:54:50.427 T:4252 debug : CVideoPlayerVideo::OutputPicture - ttd:346ms pts:16.558 Clock:16.212 Level:5
2025-08-23 16:54:50.429 T:4252 debug : CAMLCodec::DequeueBuffer: pts:16.600 idx:398
2025-08-23 16:54:50.429 T:4252 debug : CAMLCodec::GetPicture: index: 398, pts: 16.600, dur:42.000ms ar:1.78 elf:1ms
2025-08-23 16:54:50.429 T:4252 debug : CVideoPlayerVideo::OutputPicture - ttd:387ms pts:16.600 Clock:16.213 Level:6
2025-08-23 16:54:50.430 T:4252 debug : CAMLCodec::DequeueBuffer: pts:16.642 idx:399
2025-08-23 16:54:50.430 T:4252 debug : CAMLCodec::GetPicture: index: 399, pts: 16.642, dur:42.000ms ar:1.78 elf:1ms
2025-08-23 16:54:50.434 T:4073 debug : PrepareNextRender: frameOnScreen: 16.218 renderPts: 16.369 nextFramePts: 16.350 -> diff: 0.019 render: 1 forceNext: 0
2025-08-23 16:54:50.434 T:4252 debug : CVideoPlayerVideo::OutputPicture - ttd:427ms pts:16.642 Clock:16.214 Level:6
2025-08-23 16:54:50.434 T:4073 debug : CAMLCodec::ReleaseFrame idx:392, drop:0
2025-08-23 16:54:50.436 T:4252 debug : CAMLCodec::AddData: skip add data dl:15413814 fl:308682 sz:474202(474304) lv:101.0% dts:17.809 pts:17.935
2025-08-23 16:54:50.440 T:4250 debug : CVideoPlayer::ProcessVideoData size:548649 dts:21.313 pts:21.521 dur:41.000ms, clock:16.224 level:43
2025-08-23 16:54:50.440 T:4252 debug : CAMLCodec::AddData: dl:15307510 fl:414986 sz:474202(474304) lv:97.3% dts:17.809 pts:17.935
2025-08-23 16:54:50.444 T:4252 debug : CAMLCodec::AddData: dl:15558454 fl:164042 sz:442898(443008) lv:98.9% dts:17.851 pts:17.893
2025-08-23 16:54:50.446 T:4252 debug : CAMLCodec::AddData: skip add data dl:15573794 fl:148702 sz:432813(432896) lv:101.8% dts:17.893 pts:17.976
2025-08-23 16:54:50.452 T:4250 info : Skipped 2 duplicate messages..
2025-08-23 16:54:50.452 T:4250 debug : CVideoPlayer::ProcessVideoData size:478918 dts:21.355 pts:21.438 dur:41.000ms, clock:16.237 level:43
2025-08-23 16:54:50.457 T:4252 debug : CAMLCodec::AddData: dl:15492898 fl:229598 sz:432813(432896) lv:98.5% dts:17.893 pts:17.976
2025-08-23 16:54:50.458 T:4252 debug : CAMLCodec::AddData: skip add data dl:15492815 fl:229681 sz:664338(664448) lv:102.7% dts:17.935 pts:18.352
2025-08-23 16:54:50.465 T:4250 info : Skipped 2 duplicate messages..
2025-08-23 16:54:50.465 T:4250 debug : CVideoPlayer::ProcessVideoData size:442082 dts:21.396 pts:21.396 dur:41.000ms, clock:16.249 level:43
2025-08-23 16:54:50.466 T:4252 debug : CAMLCodec::AddData: skip add data dl:15492815 fl:229681 sz:664338(664448) lv:102.7% dts:17.935 pts:18.352
2025-08-23 16:54:50.466 T:4073 debug : CAMLCodec::PollFrame elapsed:32.094ms
2025-08-23 16:54:50.468 T:4252 debug : CAMLCodec::AddData: skip add data dl:15328911 fl:393585 sz:664338(664448) lv:101.7% dts:17.935 pts:18.352
2025-08-23 16:54:50.468 T:4250 debug : CVideoPlayer::ProcessVideoData size:443009 dts:21.438 pts:21.480 dur:41.000ms, clock:16.253 level:43
2025-08-23 16:54:50.470 T:4252 debug : CAMLCodec::AddData: skip add data dl:15328911 fl:393585 sz:664338(664448) lv:101.7% dts:17.935 pts:18.352
2025-08-23 16:54:50.480 T:4252 info : Skipped 1 duplicate messages..
2025-08-23 16:54:50.480 T:4252 debug : CAMLCodec::AddData: dl:15488655 fl:233841 sz:664338(664448) lv:98.5% dts:17.935 pts:18.352
2025-08-23 16:54:50.481 T:4252 debug : CAMLCodec::AddData: skip add data dl:15328392 fl:393976 sz:546248(546368) lv:100.9% dts:17.976 pts:18.185
2025-08-23 16:54:50.483 T:4252 debug : CAMLCodec::AddData: skip add data dl:15488545 fl:233951 sz:546248(546368) lv:101.9% dts:17.976 pts:18.185
2025-08-23 16:54:50.485 T:4073 debug : PrepareNextRender: frameOnScreen: 16.269 renderPts: 16.420 nextFramePts: 16.391 -> diff: 0.029 render: 1 forceNext: 0
2025-08-23 16:54:50.485 T:4073 debug : CAMLCodec::ReleaseFrame idx:393, drop:0
2025-08-23 16:54:50.485 T:4252 debug : CAMLCodec::AddData: skip add data dl:15488545 fl:233951 sz:546248(546368) lv:101.9% dts:17.976 pts:18.185
2025-08-23 16:54:50.503 T:4250 info : Skipped 11 duplicate messages..
2025-08-23 16:54:50.503 T:4250 debug : CVideoPlayer::ProcessVideoData size:477682 dts:21.480 pts:21.605 dur:41.000ms, clock:16.287 level:100
2025-08-23 16:54:50.505 T:4252 debug : CAMLCodec::AddData: skip add data dl:15488545 fl:233951 sz:546248(546368) lv:101.9% dts:17.976 pts:18.185
2025-08-23 16:54:50.508 T:4252 info : Skipped 1 duplicate messages..
2025-08-23 16:54:50.508 T:4252 debug : CAMLCodec::AddData: skip add data dl:15449697 fl:272799 sz:546248(546368) lv:101.7% dts:17.976 pts:18.185
2025-08-23 16:54:50.508 T:4073 debug : CAMLCodec::PollFrame elapsed:23.273ms
2025-08-23 16:54:50.510 T:4252 debug : CAMLCodec::AddData: skip add data dl:15449697 fl:272799 sz:546248(546368) lv:101.7% dts:17.976 pts:18.185
2025-08-23 16:54:50.510 T:4253 debug : CVideoPlayerAudio::OutputPacket: pts:17.090 curr_pts:16.269 clock:16.295 level:56
2025-08-23 16:54:50.514 T:4252 debug : CAMLCodec::AddData: skip add data dl:15449697 fl:272799 sz:546248(546368) lv:101.7% dts:17.976 pts:18.185
2025-08-23 16:54:50.521 T:4073 info : Skipped 1 duplicate messages..
2025-08-23 16:54:50.521 T:4073 debug : PrepareNextRender: frameOnScreen: 16.305 renderPts: 16.456 nextFramePts: 16.433 -> diff: 0.023 render: 1 forceNext: 0
2025-08-23 16:54:50.521 T:4073 debug : CAMLCodec::ReleaseFrame idx:394, drop:0
2025-08-23 16:54:50.522 T:4252 debug : CAMLCodec::AddData: dl:15566561 fl:155935 sz:546248(546368) lv:99.0% dts:17.976 pts:18.185
2025-08-23 16:54:50.524 T:4252 debug : CAMLCodec::AddData: skip add data dl:15566441 fl:156055 sz:472517(472640) lv:102.0% dts:18.018 pts:18.101
2025-08-23 16:54:50.537 T:4250 info : Skipped 8 duplicate messages..
2025-08-23 16:54:50.537 T:4250 debug : CVideoPlayer::ProcessVideoData size:444785 dts:21.521 pts:21.563 dur:41.000ms, clock:16.321 level:100
2025-08-23 16:54:50.538 T:4252 debug : CAMLCodec::AddData: skip add data dl:15566441 fl:156055 sz:472517(472640) lv:102.0% dts:18.018 pts:18.101
2025-08-23 16:54:50.550 T:4073 info : Skipped 6 duplicate messages..
2025-08-23 16:54:50.550 T:4073 debug : CAMLCodec::PollFrame elapsed:28.588ms
2025-08-23 16:54:50.550 T:4252 debug : CAMLCodec::AddData: skip add data dl:15530281 fl:192215 sz:472517(472640) lv:101.7% dts:18.018 pts:18.101
2025-08-23 16:54:50.552 T:4252 debug : CAMLCodec::DequeueBuffer: pts:16.683 idx:400
2025-08-23 16:54:50.552 T:4252 debug : CAMLCodec::GetPicture: index: 400, pts: 16.683, dur:41.000ms ar:1.78 elf:121ms
2025-08-23 16:54:50.552 T:4252 debug : CVideoPlayerVideo::OutputPicture - ttd:347ms pts:16.683 Clock:16.336 Level:5
2025-08-23 16:54:50.554 T:4252 debug : CAMLCodec::AddData: skip add data dl:15530281 fl:192215 sz:472517(472640) lv:101.7% dts:18.018 pts:18.101
2025-08-23 16:54:50.560 T:4073 info : Skipped 1 duplicate messages..
2025-08-23 16:54:50.560 T:4073 debug : PrepareNextRender: frameOnScreen: 16.344 renderPts: 16.495 nextFramePts: 16.475 -> diff: 0.020 render: 1 forceNext: 0
2025-08-23 16:54:50.560 T:4073 debug : CAMLCodec::ReleaseFrame idx:395, drop:0
2025-08-23 16:54:50.561 T:4252 debug : CAMLCodec::AddData: dl:15582761 fl:139735 sz:472517(472640) lv:99.1% dts:18.018 pts:18.101
2025-08-23 16:54:50.562 T:4252 debug : CAMLCodec::AddData: skip add data dl:15379560 fl:342808 sz:435470(435584) lv:100.5% dts:18.060 pts:18.060
2025-08-23 16:54:50.564 T:4252 debug : CAMLCodec::AddData: skip add data dl:15582638 fl:139858 sz:435470(435584) lv:101.8% dts:18.060 pts:18.060
2025-08-23 16:54:50.591 T:4073 info : Skipped 17 duplicate messages..
2025-08-23 16:54:50.591 T:4073 debug : CAMLCodec::PollFrame elapsed:31.106ms
2025-08-23 16:54:50.592 T:4252 debug : CAMLCodec::AddData: skip add data dl:15574766 fl:147730 sz:435470(435584) lv:101.8% dts:18.060 pts:18.060
2025-08-23 16:54:50.594 T:4252 debug : CAMLCodec::DequeueBuffer: pts:16.725 idx:401
2025-08-23 16:54:50.594 T:4252 debug : CAMLCodec::GetPicture: index: 401, pts: 16.725, dur:42.000ms ar:1.78 elf:41ms
2025-08-23 16:54:50.594 T:4252 debug : CVideoPlayerVideo::OutputPicture - ttd:347ms pts:16.725 Clock:16.378 Level:5
2025-08-23 16:54:50.597 T:4252 debug : CAMLCodec::AddData: skip add data dl:15574766 fl:147730 sz:435470(435584) lv:101.8% dts:18.060 pts:18.060
2025-08-23 16:54:50.598 T:4073 debug : PrepareNextRender: frameOnScreen: 16.382 renderPts: 16.533 nextFramePts: 16.516 -> diff: 0.017 render: 1 forceNext: 0
2025-08-23 16:54:50.598 T:4073 debug : CAMLCodec::ReleaseFrame idx:396, drop:0
2025-08-23 16:54:50.599 T:4252 debug : CAMLCodec::AddData: skip add data dl:15574766 fl:147730 sz:435470(435584) lv:101.8% dts:18.060 pts:18.060
2025-08-23 16:54:50.603 T:4252 debug : CAMLCodec::AddData: dl:15587502 fl:134994 sz:435470(435584) lv:99.1% dts:18.060 pts:18.060
2025-08-23 16:54:50.604 T:4252 debug : CAMLCodec::AddData: skip add data dl:15587388 fl:135108 sz:435532(435648) lv:101.9% dts:18.101 pts:18.143
2025-08-23 16:54:50.610 T:4253 info : Skipped 3 duplicate messages..
2025-08-23 16:54:50.610 T:4253 debug : CVideoPlayerAudio::OutputPacket: pts:17.182 curr_pts:16.370 clock:16.394 level:55
2025-08-23 16:54:50.611 T:4250 debug : CVideoPlayer::ProcessVideoData size:758183 dts:21.563 pts:21.688 dur:41.000ms, clock:16.395 level:43
2025-08-23 16:54:50.613 T:4252 debug : CAMLCodec::AddData: skip add data dl:15587388 fl:135108 sz:435532(435648) lv:101.9% dts:18.101 pts:18.143
2025-08-23 16:54:50.632 T:4250 info : Skipped 10 duplicate messages..
2025-08-23 16:54:50.632 T:4250 debug : CVideoPlayer::ProcessAudioData size:8370 dts:21.734 pts:21.734 dur:92.000ms, clock:16.416 drop:0 level:55
2025-08-23 16:54:50.633 T:4250 debug : CVideoPlayer::ProcessAudioData size:8378 dts:21.826 pts:21.826 dur:92.000ms, clock:16.416 drop:0 level:56
2025-08-23 16:54:50.633 T:4250 debug : CVideoPlayer::ProcessAudioData size:8374 dts:21.919 pts:21.919 dur:92.000ms, clock:16.417 drop:0 level:57
2025-08-23 16:54:50.633 T:4250 debug : CVideoPlayer::ProcessAudioData size:8366 dts:22.012 pts:22.012 dur:92.000ms, clock:16.417 drop:0 level:59
2025-08-23 16:54:50.633 T:4073 debug : CAMLCodec::PollFrame elapsed:35.351ms
2025-08-23 16:54:50.633 T:4252 debug : CAMLCodec::AddData: skip add data dl:15587388 fl:135108 sz:435532(435648) lv:101.9% dts:18.101 pts:18.143
2025-08-23 16:54:50.635 T:4252 debug : CAMLCodec::DequeueBuffer: pts:16.767 idx:402
2025-08-23 16:54:50.635 T:4252 debug : CAMLCodec::GetPicture: index: 402, pts: 16.767, dur:42.000ms ar:1.78 elf:40ms
2025-08-23 16:54:50.635 T:4252 debug : CVideoPlayerVideo::OutputPicture - ttd:348ms pts:16.767 Clock:16.419 Level:5
2025-08-23 16:54:50.638 T:4252 debug : CAMLCodec::AddData: skip add data dl:15579772 fl:142724 sz:435532(435648) lv:101.8% dts:18.101 pts:18.143
2025-08-23 16:54:50.642 T:4073 info : Skipped 1 duplicate messages..
2025-08-23 16:54:50.642 T:4073 debug : PrepareNextRender: frameOnScreen: 16.426 renderPts: 16.577 nextFramePts: 16.558 -> diff: 0.019 render: 1 forceNext: 0
2025-08-23 16:54:50.642 T:4073 debug : CAMLCodec::ReleaseFrame idx:397, drop:0
2025-08-23 16:54:50.646 T:4252 debug : CAMLCodec::AddData: dl:15582460 fl:140036 sz:435532(435648) lv:99.1% dts:18.101 pts:18.143
2025-08-23 16:54:50.647 T:4250 debug : CVideoPlayer::ProcessVideoData size:674294 dts:21.605 pts:22.022 dur:41.000ms, clock:16.431 level:43
2025-08-23 16:54:50.647 T:4252 debug : CAMLCodec::AddData: skip add data dl:15582344 fl:140152 sz:478768(478848) lv:102.1% dts:18.143 pts:18.268
2025-08-23 16:54:50.675 T:4073 info : Skipped 15 duplicate messages..
2025-08-23 16:54:50.675 T:4073 debug : CAMLCodec::PollFrame elapsed:32.696ms
2025-08-23 16:54:50.676 T:4252 debug : CAMLCodec::AddData: skip add data dl:15542088 fl:180408 sz:478768(478848) lv:101.9% dts:18.143 pts:18.268
2025-08-23 16:54:50.678 T:4252 debug : CAMLCodec::DequeueBuffer: pts:16.808 idx:403
2025-08-23 16:54:50.678 T:4252 debug : CAMLCodec::GetPicture: index: 403, pts: 16.808, dur:41.000ms ar:1.78 elf:42ms
2025-08-23 16:54:50.678 T:4252 debug : CVideoPlayerVideo::OutputPicture - ttd:346ms pts:16.808 Clock:16.462 Level:5
2025-08-23 16:54:50.681 T:4252 debug : CAMLCodec::AddData: skip add data dl:15542088 fl:180408 sz:478768(478848) lv:101.9% dts:18.143 pts:18.268
2025-08-23 16:54:50.682 T:4073 debug : PrepareNextRender: frameOnScreen: 16.466 renderPts: 16.617 nextFramePts: 16.600 -> diff: 0.017 render: 1 forceNext: 0
2025-08-23 16:54:50.682 T:4073 debug : CAMLCodec::ReleaseFrame idx:398, drop:0
2025-08-23 16:54:50.684 T:4252 debug : CAMLCodec::AddData: skip add data dl:15542088 fl:180408 sz:478768(478848) lv:101.9% dts:18.143 pts:18.268
2025-08-23 16:54:50.689 T:4252 debug : CAMLCodec::AddData: dl:15595720 fl:126776 sz:478768(478848) lv:99.2% dts:18.143 pts:18.268
2025-08-23 16:54:50.690 T:4252 debug : CAMLCodec::AddData: skip add data dl:15595640 fl:126856 sz:431998(432064) lv:101.9% dts:18.185 pts:18.227
2025-08-23 16:54:50.709 T:4253 info : Skipped 11 duplicate messages..
2025-08-23 16:54:50.709 T:4253 debug : CVideoPlayerAudio::OutputPacket: pts:17.276 curr_pts:16.467 clock:16.493 level:59
2025-08-23 16:54:50.710 T:4252 debug : CAMLCodec::AddData: skip add data dl:15595640 fl:126856 sz:431998(432064) lv:101.9% dts:18.185 pts:18.227
2025-08-23 16:54:50.717 T:4073 info : Skipped 3 duplicate messages..
2025-08-23 16:54:50.717 T:4073 debug : CAMLCodec::PollFrame elapsed:34.357ms
2025-08-23 16:54:50.718 T:4252 debug : CAMLCodec::AddData: skip add data dl:15588024 fl:134472 sz:431998(432064) lv:101.9% dts:18.185 pts:18.227
2025-08-23 16:54:50.719 T:4252 debug : CAMLCodec::DequeueBuffer: pts:16.850 idx:404
2025-08-23 16:54:50.719 T:4252 debug : CAMLCodec::GetPicture: index: 404, pts: 16.850, dur:42.000ms ar:1.78 elf:41ms
2025-08-23 16:54:50.719 T:4252 debug : CVideoPlayerVideo::OutputPicture - ttd:347ms pts:16.850 Clock:16.503 Level:5
2025-08-23 16:54:50.721 T:4252 debug : CAMLCodec::AddData: skip add data dl:15588024 fl:134472 sz:431998(432064) lv:101.9% dts:18.185 pts:18.227
2025-08-23 16:54:50.723 T:4073 debug : PrepareNextRender: frameOnScreen: 16.507 renderPts: 16.658 nextFramePts: 16.642 -> diff: 0.016 render: 1 forceNext: 0
2025-08-23 16:54:50.723 T:4073 debug : CAMLCodec::ReleaseFrame idx:399, drop:0
2025-08-23 16:54:50.724 T:4252 debug : CAMLCodec::AddData: skip add data dl:15588024 fl:134472 sz:431998(432064) lv:101.9% dts:18.185 pts:18.227
2025-08-23 16:54:50.730 T:4250 info : Skipped 1 duplicate messages..
2025-08-23 16:54:50.730 T:4250 debug : CVideoPlayer::ProcessVideoData size:552204 dts:21.647 pts:21.855 dur:41.000ms, clock:16.514 level:43
2025-08-23 16:54:50.733 T:4252 debug : CAMLCodec::AddData: dl:15590968 fl:131528 sz:431998(432064) lv:99.1% dts:18.185 pts:18.227
2025-08-23 16:54:50.734 T:4252 debug : CAMLCodec::AddData: skip add data dl:15590902 fl:131594 sz:439079(439168) lv:101.9% dts:18.227 pts:18.310
2025-08-23 16:54:50.758 T:4073 info : Skipped 13 duplicate messages..
2025-08-23 16:54:50.758 T:4073 debug : CAMLCodec::PollFrame elapsed:35.122ms
2025-08-23 16:54:50.760 T:4252 debug : CAMLCodec::AddData: skip add data dl:15582326 fl:140170 sz:439079(439168) lv:101.9% dts:18.227 pts:18.310
2025-08-23 16:54:50.761 T:4252 debug : CAMLCodec::DequeueBuffer: pts:16.892 idx:405
2025-08-23 16:54:50.761 T:4252 debug : CAMLCodec::GetPicture: index: 405, pts: 16.892, dur:42.000ms ar:1.78 elf:42ms
2025-08-23 16:54:50.762 T:4252 debug : CVideoPlayerVideo::OutputPicture - ttd:346ms pts:16.892 Clock:16.545 Level:5
2025-08-23 16:54:50.764 T:4252 debug : CAMLCodec::AddData: skip add data dl:15582326 fl:140170 sz:439079(439168) lv:101.9% dts:18.227 pts:18.310
2025-08-23 16:54:50.768 T:4073 info : Skipped 1 duplicate messages..
2025-08-23 16:54:50.768 T:4073 debug : PrepareNextRender: frameOnScreen: 16.552 renderPts: 16.703 nextFramePts: 16.683 -> diff: 0.020 render: 1 forceNext: 0
2025-08-23 16:54:50.768 T:4073 debug : CAMLCodec::ReleaseFrame idx:400, drop:0
2025-08-23 16:54:50.769 T:4252 debug : CAMLCodec::AddData: skip add data dl:15582326 fl:140170 sz:439079(439168) lv:101.9% dts:18.227 pts:18.310
2025-08-23 16:54:50.774 T:4250 debug : CVideoPlayer::ProcessVideoData size:475062 dts:21.688 pts:21.772 dur:41.000ms, clock:16.558 level:43
2025-08-23 16:54:50.774 T:4252 debug : CAMLCodec::AddData: dl:15507766 fl:214730 sz:439079(439168) lv:98.6% dts:18.227 pts:18.310
2025-08-23 16:54:50.775 T:4252 debug : CAMLCodec::AddData: skip add data dl:15507677 fl:214819 sz:585888(585984) lv:102.3% dts:18.268 pts:18.644
2025-08-23 16:54:50.800 T:4073 info : Skipped 11 duplicate messages..
2025-08-23 16:54:50.800 T:4073 debug : CAMLCodec::PollFrame elapsed:31.980ms
2025-08-23 16:54:50.801 T:4252 debug : CAMLCodec::AddData: skip add data dl:15507677 fl:214819 sz:585888(585984) lv:102.3% dts:18.268 pts:18.644
2025-08-23 16:54:50.802 T:4252 debug : CAMLCodec::DequeueBuffer: pts:16.934 idx:406
2025-08-23 16:54:50.802 T:4252 debug : CAMLCodec::GetPicture: index: 406, pts: 16.934, dur:42.000ms ar:1.78 elf:40ms
2025-08-23 16:54:50.802 T:4252 debug : CVideoPlayerVideo::OutputPicture - ttd:348ms pts:16.934 Clock:16.586 Level:5
2025-08-23 16:54:50.804 T:4252 debug : CAMLCodec::AddData: skip add data dl:15345757 fl:376739 sz:585888(585984) lv:101.3% dts:18.268 pts:18.644
2025-08-23 16:54:50.811 T:4253 info : Skipped 2 duplicate messages..
2025-08-23 16:54:50.811 T:4253 debug : CVideoPlayerAudio::OutputPacket: pts:17.369 curr_pts:16.569 clock:16.594 level:57
2025-08-23 16:54:50.815 T:4252 debug : CAMLCodec::AddData: dl:15423965 fl:298531 sz:585888(585984) lv:98.1% dts:18.268 pts:18.644
2025-08-23 16:54:50.818 T:4250 debug : CVideoPlayer::ProcessVideoData size:442291 dts:21.730 pts:21.730 dur:41.000ms, clock:16.602 level:42
2025-08-23 16:54:50.818 T:4252 debug : CAMLCodec::AddData: skip add data dl:15423869 fl:298627 sz:545877(545984) lv:101.5% dts:18.310 pts:18.518
2025-08-23 16:54:50.823 T:4073 info : Skipped 2 duplicate messages..
2025-08-23 16:54:50.823 T:4073 debug : PrepareNextRender: frameOnScreen: 16.607 renderPts: 16.758 nextFramePts: 16.725 -> diff: 0.033 render: 1 forceNext: 0
2025-08-23 16:54:50.824 T:4073 debug : CAMLCodec::ReleaseFrame idx:401, drop:0
2025-08-23 16:54:50.825 T:4252 debug : CAMLCodec::AddData: skip add data dl:15423869 fl:298627 sz:545877(545984) lv:101.5% dts:18.310 pts:18.518
2025-08-23 16:54:50.830 T:4250 info : Skipped 2 duplicate messages..
2025-08-23 16:54:50.830 T:4250 debug : CVideoPlayer::ProcessVideoData size:439793 dts:21.772 pts:21.813 dur:41.000ms, clock:16.613 level:100
2025-08-23 16:54:50.832 T:4252 debug : CAMLCodec::AddData: skip add data dl:15423869 fl:298627 sz:545877(545984) lv:101.5% dts:18.310 pts:18.518
2025-08-23 16:54:50.842 T:4073 info : Skipped 4 duplicate messages..
2025-08-23 16:54:50.842 T:4073 debug : CAMLCodec::PollFrame elapsed:18.273ms
2025-08-23 16:54:50.844 T:4252 debug : CAMLCodec::AddData: skip add data dl:15383805 fl:338691 sz:545877(545984) lv:101.3% dts:18.310 pts:18.518
2025-08-23 16:54:50.845 T:4252 debug : CAMLCodec::DequeueBuffer: pts:16.975 idx:407
2025-08-23 16:54:50.845 T:4252 debug : CAMLCodec::GetPicture: index: 407, pts: 16.975, dur:41.000ms ar:1.78 elf:42ms
2025-08-23 16:54:50.845 T:4252 debug : CVideoPlayerVideo::OutputPicture - ttd:346ms pts:16.975 Clock:16.629 Level:5
2025-08-23 16:54:50.849 T:4073 debug : PrepareNextRender: frameOnScreen: 16.632 renderPts: 16.783 nextFramePts: 16.767 -> diff: 0.016 render: 1 forceNext: 0
2025-08-23 16:54:50.849 T:4073 debug : CAMLCodec::ReleaseFrame idx:402, drop:0
2025-08-23 16:54:50.849 T:4252 debug : CAMLCodec::AddData: skip add data dl:15383805 fl:338691 sz:545877(545984) lv:101.3% dts:18.310 pts:18.518
2025-08-23 16:54:50.855 T:4252 debug : CAMLCodec::AddData: dl:15494397 fl:228099 sz:545877(545984) lv:98.5% dts:18.310 pts:18.518
2025-08-23 16:54:50.856 T:4252 debug : CAMLCodec::AddData: skip add data dl:15494290 fl:228206 sz:486346(486464) lv:101.6% dts:18.352 pts:18.435
2025-08-23 16:54:50.862 T:4250 info : Skipped 2 duplicate messages..
2025-08-23 16:54:50.862 T:4250 debug : CVideoPlayer::ProcessVideoData size:477791 dts:21.813 pts:21.939 dur:41.000ms, clock:16.645 level:100
2025-08-23 16:54:50.864 T:4252 debug : CAMLCodec::AddData: skip add data dl:15494290 fl:228206 sz:486346(486464) lv:101.6% dts:18.352 pts:18.435
2025-08-23 16:54:50.884 T:4073 info : Skipped 8 duplicate messages..
2025-08-23 16:54:50.884 T:4073 debug : CAMLCodec::PollFrame elapsed:34.887ms
2025-08-23 16:54:50.884 T:4252 debug : CAMLCodec::AddData: skip add data dl:15494290 fl:228206 sz:486346(486464) lv:101.6% dts:18.352 pts:18.435
2025-08-23 16:54:50.896 T:4073 info : Skipped 6 duplicate messages..
2025-08-23 16:54:50.896 T:4073 debug : PrepareNextRender: frameOnScreen: 16.680 renderPts: 16.831 nextFramePts: 16.808 -> diff: 0.023 render: 1 forceNext: 0
2025-08-23 16:54:50.896 T:4073 debug : CAMLCodec::ReleaseFrame idx:403, drop:0
2025-08-23 16:54:50.898 T:4252 debug : CAMLCodec::AddData: skip add data dl:15494290 fl:228206 sz:486346(486464) lv:101.6% dts:18.352 pts:18.435
2025-08-23 16:54:50.909 T:4253 info : Skipped 5 duplicate messages..
2025-08-23 16:54:50.909 T:4253 debug : CVideoPlayerAudio::OutputPacket: pts:17.461 curr_pts:16.669 clock:16.693 level:56
2025-08-23 16:54:50.909 T:4252 debug : CAMLCodec::AddData: skip add data dl:15494290 fl:228206 sz:486346(486464) lv:101.6% dts:18.352 pts:18.435
2025-08-23 16:54:50.926 T:4073 info : Skipped 8 duplicate messages..
2025-08-23 16:54:50.926 T:4073 debug : CAMLCodec::PollFrame elapsed:29.579ms
2025-08-23 16:54:50.927 T:4252 debug : CAMLCodec::AddData: skip add data dl:15456786 fl:265710 sz:486346(486464) lv:101.4% dts:18.352 pts:18.435
2025-08-23 16:54:50.928 T:4252 debug : CAMLCodec::DequeueBuffer: pts:17.017 idx:408
2025-08-23 16:54:50.928 T:4252 debug : CAMLCodec::GetPicture: index: 408, pts: 17.017, dur:42.000ms ar:1.78 elf:83ms
2025-08-23 16:54:50.929 T:4252 debug : CVideoPlayerVideo::OutputPicture - ttd:304ms pts:17.017 Clock:16.712 Level:4
2025-08-23 16:54:50.931 T:4252 debug : CAMLCodec::AddData: skip add data dl:15456786 fl:265710 sz:486346(486464) lv:101.4% dts:18.352 pts:18.435
2025-08-23 16:54:50.937 T:4073 debug : PrepareNextRender: frameOnScreen: 16.721 renderPts: 16.872 nextFramePts: 16.850 -> diff: 0.022 render: 1 forceNext: 0
2025-08-23 16:54:50.938 T:4073 debug : CAMLCodec::ReleaseFrame idx:404, drop:0
2025-08-23 16:54:50.939 T:4252 debug : CAMLCodec::AddData: dl:15513554 fl:208942 sz:486346(486464) lv:98.6% dts:18.352 pts:18.435
2025-08-23 16:54:50.941 T:4252 debug : CAMLCodec::AddData: skip add data dl:15513436 fl:209060 sz:439450(439552) lv:101.4% dts:18.393 pts:18.393
2025-08-23 16:54:50.965 T:4250 info : Skipped 13 duplicate messages..
2025-08-23 16:54:50.965 T:4250 debug : CVideoPlayer::ProcessVideoData size:445762 dts:21.855 pts:21.897 dur:41.000ms, clock:16.749 level:100
2025-08-23 16:54:50.967 T:4073 debug : CAMLCodec::PollFrame elapsed:29.519ms
2025-08-23 16:54:50.968 T:4252 debug : CAMLCodec::AddData: skip add data dl:15505308 fl:217188 sz:439450(439552) lv:101.4% dts:18.393 pts:18.393
2025-08-23 16:54:50.969 T:4252 debug : CAMLCodec::DequeueBuffer: pts:17.059 idx:409
2025-08-23 16:54:50.969 T:4252 debug : CAMLCodec::GetPicture: index: 409, pts: 17.059, dur:42.000ms ar:1.78 elf:40ms
2025-08-23 16:54:50.970 T:4252 debug : CVideoPlayerVideo::OutputPicture - ttd:305ms pts:17.059 Clock:16.753 Level:4
2025-08-23 16:54:50.973 T:4252 debug : CAMLCodec::AddData: skip add data dl:15505308 fl:217188 sz:439450(439552) lv:101.4% dts:18.393 pts:18.393
2025-08-23 16:54:50.974 T:4073 debug : PrepareNextRender: frameOnScreen: 16.758 renderPts: 16.908 nextFramePts: 16.892 -> diff: 0.016 render: 1 forceNext: 0
2025-08-23 16:54:50.974 T:4073 debug : CAMLCodec::ReleaseFrame idx:405, drop:0
2025-08-23 16:54:50.976 T:4252 debug : CAMLCodec::AddData: skip add data dl:15505308 fl:217188 sz:439450(439552) lv:101.4% dts:18.393 pts:18.393
2025-08-23 16:54:50.982 T:4252 debug : CAMLCodec::AddData: dl:15511516 fl:210980 sz:439450(439552) lv:98.6% dts:18.393 pts:18.393
2025-08-23 16:54:50.982 T:4252 debug : CAMLCodec::AddData: skip add data dl:15511414 fl:211082 sz:445623(445696) lv:101.5% dts:18.435 pts:18.477
2025-08-23 16:54:51.009 T:4073 info : Skipped 14 duplicate messages..
2025-08-23 16:54:51.009 T:4073 debug : CAMLCodec::PollFrame elapsed:34.544ms
2025-08-23 16:54:51.010 T:4253 debug : CVideoPlayerAudio::OutputPacket: pts:17.554 curr_pts:16.769 clock:16.794 level:55
2025-08-23 16:54:51.013 T:4252 debug : CAMLCodec::DequeueBuffer: pts:17.100 idx:410
2025-08-23 16:54:51.013 T:4252 debug : CAMLCodec::GetPicture: index: 410, pts: 17.100, dur:41.000ms ar:1.78 elf:40ms
2025-08-23 16:54:51.013 T:4252 debug : CVideoPlayerVideo::OutputPicture - ttd:303ms pts:17.100 Clock:16.796 Level:4
2025-08-23 16:54:51.016 T:4252 debug : CAMLCodec::AddData: skip add data dl:15503734 fl:218762 sz:445623(445696) lv:101.4% dts:18.435 pts:18.477
2025-08-23 16:54:51.021 T:4073 info : Skipped 1 duplicate messages..
2025-08-23 16:54:51.021 T:4073 debug : PrepareNextRender: frameOnScreen: 16.805 renderPts: 16.955 nextFramePts: 16.934 -> diff: 0.021 render: 1 forceNext: 0
2025-08-23 16:54:51.021 T:4073 debug : CAMLCodec::ReleaseFrame idx:406, drop:0
2025-08-23 16:54:51.023 T:4252 debug : CAMLCodec::AddData: dl:15512310 fl:210186 sz:445623(445696) lv:98.6% dts:18.435 pts:18.477
2025-08-23 16:54:51.024 T:4252 debug : CAMLCodec::AddData: skip add data dl:15512237 fl:210259 sz:468310(468416) lv:101.6% dts:18.477 pts:18.602
2025-08-23 16:54:51.027 T:4250 info : Skipped 1 duplicate messages..
2025-08-23 16:54:51.027 T:4250 debug : CVideoPlayer::ProcessVideoData size:444471 dts:21.897 pts:21.980 dur:41.000ms, clock:16.811 level:43
2025-08-23 16:54:51.028 T:4252 debug : CAMLCodec::AddData: skip add data dl:15512237 fl:210259 sz:468310(468416) lv:101.6% dts:18.477 pts:18.602
2025-08-23 16:54:51.028 T:4250 debug : CVideoPlayer::ProcessAudioData size:8400 dts:22.105 pts:22.105 dur:92.000ms, clock:16.811 drop:0 level:55
2025-08-23 16:54:51.030 T:4252 debug : CAMLCodec::AddData: skip add data dl:15512237 fl:210259 sz:468310(468416) lv:101.6% dts:18.477 pts:18.602
2025-08-23 16:54:51.039 T:4250 info : Skipped 4 duplicate messages..
2025-08-23 16:54:51.039 T:4250 debug : CVideoPlayer::ProcessAudioData size:7998 dts:22.197 pts:22.197 dur:92.000ms, clock:16.822 drop:0 level:56
2025-08-23 16:54:51.041 T:4252 debug : CAMLCodec::AddData: skip add data dl:15512237 fl:210259 sz:468310(468416) lv:101.6% dts:18.477 pts:18.602
2025-08-23 16:54:51.051 T:4073 info : Skipped 4 duplicate messages..
2025-08-23 16:54:51.051 T:4073 debug : CAMLCodec::PollFrame elapsed:29.146ms
2025-08-23 16:54:51.053 T:4252 debug : CAMLCodec::AddData: skip add data dl:15474157 fl:248339 sz:468310(468416) lv:101.4% dts:18.477 pts:18.602
2025-08-23 16:54:51.055 T:4252 debug : CAMLCodec::DequeueBuffer: pts:17.142 idx:411
2025-08-23 16:54:51.055 T:4252 debug : CAMLCodec::GetPicture: index: 411, pts: 17.142, dur:42.000ms ar:1.78 elf:41ms
2025-08-23 16:54:51.055 T:4252 debug : CVideoPlayerVideo::OutputPicture - ttd:303ms pts:17.142 Clock:16.838 Level:4
2025-08-23 16:54:51.059 T:4252 debug : CAMLCodec::AddData: skip add data dl:15474157 fl:248339 sz:468310(468416) lv:101.4% dts:18.477 pts:18.602
2025-08-23 16:54:51.059 T:4253 debug : CVideoPlayerAudio::OutputPacket: pts:17.647 curr_pts:16.818 clock:16.842 level:56
2025-08-23 16:54:51.064 T:4252 debug : CAMLCodec::AddData: dl:15509421 fl:213075 sz:468310(468416) lv:98.6% dts:18.477 pts:18.602
2025-08-23 16:54:51.064 T:4252 debug : CAMLCodec::AddData: skip add data dl:15509315 fl:213181 sz:441117(441216) lv:101.4% dts:18.518 pts:18.560
2025-08-23 16:54:51.065 T:4073 debug : PrepareNextRender: frameOnScreen: 16.848 renderPts: 16.998 nextFramePts: 16.975 -> diff: 0.023 render: 1 forceNext: 0
2025-08-23 16:54:51.065 T:4073 debug : CAMLCodec::ReleaseFrame idx:407, drop:0
2025-08-23 16:54:51.066 T:4252 debug : CAMLCodec::AddData: skip add data dl:15509315 fl:213181 sz:441117(441216) lv:101.4% dts:18.518 pts:18.560
2025-08-23 16:54:51.070 T:4250 info : Skipped 2 duplicate messages..
2025-08-23 16:54:51.070 T:4250 debug : CVideoPlayer::ProcessAudioData size:7719 dts:22.291 pts:22.291 dur:92.000ms, clock:16.854 drop:0 level:56
2025-08-23 16:54:51.071 T:4252 debug : CAMLCodec::AddData: skip add data dl:15509315 fl:213181 sz:441117(441216) lv:101.4% dts:18.518 pts:18.560
2025-08-23 16:54:51.072 T:4250 debug : CVideoPlayer::ProcessVideoData size:678720 dts:21.939 pts:22.356 dur:41.000ms, clock:16.855 level:43
2025-08-23 16:54:51.074 T:4252 debug : CAMLCodec::AddData: skip add data dl:15509315 fl:213181 sz:441117(441216) lv:101.4% dts:18.518 pts:18.560
2025-08-23 16:54:51.084 T:4250 info : Skipped 5 duplicate messages..
2025-08-23 16:54:51.084 T:4250 debug : CVideoPlayer::ProcessVideoData size:554535 dts:21.980 pts:22.189 dur:41.000ms, clock:16.867 level:100
2025-08-23 16:54:51.086 T:4252 debug : CAMLCodec::AddData: skip add data dl:15509315 fl:213181 sz:441117(441216) lv:101.4% dts:18.518 pts:18.560
2025-08-23 16:54:51.093 T:4073 info : Skipped 3 duplicate messages..
2025-08-23 16:54:51.093 T:4073 debug : CAMLCodec::PollFrame elapsed:27.879ms
2025-08-23 16:54:51.093 T:4252 debug : CAMLCodec::AddData: skip add data dl:15509315 fl:213181 sz:441117(441216) lv:101.4% dts:18.518 pts:18.560
2025-08-23 16:54:51.094 T:4252 debug : CAMLCodec::DequeueBuffer: pts:17.184 idx:412
2025-08-23 16:54:51.094 T:4252 debug : CAMLCodec::GetPicture: index: 412, pts: 17.184, dur:42.000ms ar:1.78 elf:39ms
2025-08-23 16:54:51.095 T:4252 debug : CVideoPlayerVideo::OutputPicture - ttd:305ms pts:17.184 Clock:16.878 Level:4
2025-08-23 16:54:51.098 T:4252 debug : CAMLCodec::AddData: skip add data dl:15500739 fl:221757 sz:441117(441216) lv:101.4% dts:18.518 pts:18.560
2025-08-23 16:54:51.101 T:4073 info : Skipped 1 duplicate messages..
2025-08-23 16:54:51.101 T:4073 debug : PrepareNextRender: frameOnScreen: 16.884 renderPts: 17.035 nextFramePts: 17.017 -> diff: 0.018 render: 1 forceNext: 0
2025-08-23 16:54:51.101 T:4073 debug : CAMLCodec::ReleaseFrame idx:408, drop:0
2025-08-23 16:54:51.103 T:4252 debug : CAMLCodec::AddData: skip add data dl:15500739 fl:221757 sz:441117(441216) lv:101.4% dts:18.518 pts:18.560
2025-08-23 16:54:51.107 T:4252 debug : CAMLCodec::AddData: dl:15514563 fl:207933 sz:441117(441216) lv:98.6% dts:18.518 pts:18.560
2025-08-23 16:54:51.109 T:4252 debug : CAMLCodec::AddData: skip add data dl:15514464 fl:208032 sz:737950(738048) lv:103.3% dts:18.560 pts:18.685
2025-08-23 16:54:51.116 T:4250 info : Skipped 3 duplicate messages..
2025-08-23 16:54:51.116 T:4250 debug : CVideoPlayer::ProcessVideoData size:475940 dts:22.022 pts:22.105 dur:41.000ms, clock:16.899 level:100
2025-08-23 16:54:51.118 T:4252 debug : CAMLCodec::AddData: skip add data dl:15514464 fl:208032 sz:737950(738048) lv:103.3% dts:18.560 pts:18.685
2025-08-23 16:54:51.134 T:4073 info : Skipped 8 duplicate messages..
2025-08-23 16:54:51.134 T:4073 debug : CAMLCodec::PollFrame elapsed:32.949ms
2025-08-23 16:54:51.136 T:4252 debug : CAMLCodec::AddData: skip add data dl:15505760 fl:216736 sz:737950(738048) lv:103.3% dts:18.560 pts:18.685
2025-08-23 16:54:51.137 T:4252 debug : CAMLCodec::DequeueBuffer: pts:17.226 idx:413
2025-08-23 16:54:51.137 T:4252 debug : CAMLCodec::GetPicture: index: 413, pts: 17.226, dur:42.000ms ar:1.78 elf:42ms
2025-08-23 16:54:51.137 T:4252 debug : CVideoPlayerVideo::OutputPicture - ttd:305ms pts:17.226 Clock:16.921 Level:4
2025-08-23 16:54:51.141 T:4252 debug : CAMLCodec::AddData: skip add data dl:15505760 fl:216736 sz:737950(738048) lv:103.3% dts:18.560 pts:18.685
2025-08-23 16:54:51.141 T:4073 debug : PrepareNextRender: frameOnScreen: 16.925 renderPts: 17.075 nextFramePts: 17.059 -> diff: 0.016 render: 1 forceNext: 0
2025-08-23 16:54:51.142 T:4073 debug : CAMLCodec::ReleaseFrame idx:409, drop:0
2025-08-23 16:54:51.143 T:4252 debug : CAMLCodec::AddData: skip add data dl:15505760 fl:216736 sz:737950(738048) lv:103.3% dts:18.560 pts:18.685
2025-08-23 16:54:51.150 T:4252 info : Skipped 1 duplicate messages..
2025-08-23 16:54:51.150 T:4252 debug : CAMLCodec::AddData: dl:15722464 fl:32 sz:737950(738048) lv:100.0% dts:18.560 pts:18.685
2025-08-23 16:54:51.150 T:4252 debug : CAMLCodec::AddData: skip add data dl:15559520 fl:162928 sz:683175(683264) lv:103.3% dts:18.602 pts:19.019
2025-08-23 16:54:51.152 T:4252 debug : CAMLCodec::AddData: skip add data dl:15722366 fl:130 sz:683175(683264) lv:104.3% dts:18.602 pts:19.019
2025-08-23 16:54:51.158 T:4250 info : Skipped 3 duplicate messages..
2025-08-23 16:54:51.158 T:4250 debug : CVideoPlayer::ProcessVideoData size:442876 dts:22.064 pts:22.064 dur:41.000ms, clock:16.941 level:100
2025-08-23 16:54:51.160 T:4253 debug : CVideoPlayerAudio::OutputPacket: pts:17.740 curr_pts:16.918 clock:16.943 level:56
2025-08-23 16:54:51.160 T:4252 debug : CAMLCodec::AddData: skip add data dl:15722366 fl:130 sz:683175(683264) lv:104.3% dts:18.602 pts:19.019
2025-08-23 16:54:51.169 T:4250 info : Skipped 5 duplicate messages..
2025-08-23 16:54:51.169 T:4250 debug : CVideoPlayer::ProcessVideoData size:382202 dts:22.105 pts:22.147 dur:41.000ms, clock:16.952 level:100
2025-08-23 16:54:51.171 T:4252 debug : CAMLCodec::AddData: skip add data dl:15722366 fl:130 sz:683175(683264) lv:104.3% dts:18.602 pts:19.019
2025-08-23 16:54:51.176 T:4073 info : Skipped 2 duplicate messages..
2025-08-23 16:54:51.176 T:4073 debug : CAMLCodec::PollFrame elapsed:34.530ms
2025-08-23 16:54:51.176 T:4252 debug : CAMLCodec::AddData: skip add data dl:15722366 fl:130 sz:683175(683264) lv:104.3% dts:18.602 pts:19.019
2025-08-23 16:54:51.179 T:4252 debug : CAMLCodec::AddData: skip add data dl:15617790 fl:104706 sz:683175(683264) lv:103.6% dts:18.602 pts:19.019
2025-08-23 16:54:51.180 T:4252 debug : CAMLCodec::DequeueBuffer: pts:17.267 idx:414
2025-08-23 16:54:51.181 T:4252 debug : CAMLCodec::GetPicture: index: 414, pts: 17.267, dur:41.000ms ar:1.78 elf:43ms
2025-08-23 16:54:51.181 T:4252 debug : CVideoPlayerVideo::OutputPicture - ttd:303ms pts:17.267 Clock:16.964 Level:4
2025-08-23 16:54:51.183 T:4252 debug : CAMLCodec::AddData: skip add data dl:15617790 fl:104706 sz:683175(683264) lv:103.6% dts:18.602 pts:19.019
2025-08-23 16:54:51.186 T:4073 info : Skipped 1 duplicate messages..
2025-08-23 16:54:51.186 T:4073 debug : PrepareNextRender: frameOnScreen: 16.969 renderPts: 17.120 nextFramePts: 17.100 -> diff: 0.020 render: 1 forceNext: 0
2025-08-23 16:54:51.186 T:4073 debug : CAMLCodec::ReleaseFrame idx:410, drop:0
2025-08-23 16:54:51.187 T:4252 debug : CAMLCodec::AddData: skip add data dl:15617790 fl:104706 sz:683175(683264) lv:103.6% dts:18.602 pts:19.019
2025-08-23 16:54:51.190 T:4252 debug : CAMLCodec::AddData: skip add data dl:15105918 fl:616578 sz:683175(683264) lv:100.4% dts:18.602 pts:19.019
2025-08-23 16:54:51.218 T:4073 info : Skipped 16 duplicate messages..
2025-08-23 16:54:51.218 T:4073 debug : CAMLCodec::PollFrame elapsed:31.317ms
2025-08-23 16:54:51.218 T:4252 debug : CAMLCodec::AddData: skip add data dl:15105918 fl:616578 sz:683175(683264) lv:100.4% dts:18.602 pts:19.019
2025-08-23 16:54:51.228 T:4073 info : Skipped 4 duplicate messages..
2025-08-23 16:54:51.228 T:4073 debug : PrepareNextRender: frameOnScreen: 17.011 renderPts: 17.161 nextFramePts: 17.142 -> diff: 0.019 render: 1 forceNext: 0
2025-08-23 16:54:51.228 T:4252 debug : CAMLCodec::AddData: skip add data dl:15105918 fl:616578 sz:683175(683264) lv:100.4% dts:18.602 pts:19.019
2025-08-23 16:54:51.228 T:4073 debug : CAMLCodec::ReleaseFrame idx:411, drop:0
2025-08-23 16:54:51.229 T:4252 debug : CAMLCodec::AddData: skip add data dl:15105918 fl:616578 sz:683175(683264) lv:100.4% dts:18.602 pts:19.019
2025-08-23 16:54:51.260 T:4253 info : Skipped 16 duplicate messages..
2025-08-23 16:54:51.260 T:4253 debug : CVideoPlayerAudio::OutputPacket: pts:17.832 curr_pts:17.018 clock:17.043 level:55
2025-08-23 16:54:51.260 T:4073 debug : CAMLCodec::PollFrame elapsed:32.321ms
2025-08-23 16:54:51.261 T:4252 debug : CAMLCodec::AddData: skip add data dl:15063870 fl:658626 sz:683175(683264) lv:100.1% dts:18.602 pts:19.019
2025-08-23 16:54:51.262 T:4252 debug : CAMLCodec::DequeueBuffer: pts:17.309 idx:415
2025-08-23 16:54:51.262 T:4252 debug : CAMLCodec::GetPicture: index: 415, pts: 17.309, dur:42.000ms ar:1.78 elf:81ms
2025-08-23 16:54:51.262 T:4252 debug : CVideoPlayerVideo::OutputPicture - ttd:263ms pts:17.309 Clock:17.045 Level:3
2025-08-23 16:54:51.268 T:4252 debug : CAMLCodec::AddData: skip add data dl:15063870 fl:658626 sz:683175(683264) lv:100.1% dts:18.602 pts:19.019
2025-08-23 16:54:51.271 T:4073 debug : PrepareNextRender: frameOnScreen: 17.054 renderPts: 17.204 nextFramePts: 17.184 -> diff: 0.020 render: 1 forceNext: 0
2025-08-23 16:54:51.271 T:4073 debug : CAMLCodec::ReleaseFrame idx:412, drop:0
2025-08-23 16:54:51.272 T:4252 debug : CAMLCodec::AddData: dl:15304958 fl:417538 sz:683175(683264) lv:97.3% dts:18.602 pts:19.019
2025-08-23 16:54:51.273 T:4252 debug : CAMLCodec::DequeueBuffer: pts:17.351 idx:416
2025-08-23 16:54:51.273 T:4252 debug : CAMLCodec::GetPicture: index: 416, pts: 17.351, dur:42.000ms ar:1.78 elf:10ms
2025-08-23 16:54:51.273 T:4252 debug : CVideoPlayerVideo::OutputPicture - ttd:295ms pts:17.351 Clock:17.056 Level:3
2025-08-23 16:54:51.275 T:4252 debug : CAMLCodec::AddData: skip add data dl:15264485 fl:458011 sz:548055(548160) lv:100.5% dts:18.644 pts:18.852
2025-08-23 16:54:51.286 T:4252 info : Skipped 3 duplicate messages..
2025-08-23 16:54:51.286 T:4252 debug : CAMLCodec::AddData: dl:15377189 fl:345307 sz:548055(548160) lv:97.8% dts:18.644 pts:18.852
2025-08-23 16:54:51.287 T:4252 debug : CAMLCodec::AddData: skip add data dl:15377084 fl:345412 sz:475598(475712) lv:100.8% dts:18.685 pts:18.769
2025-08-23 16:54:51.293 T:4250 info : Skipped 3 duplicate messages..
2025-08-23 16:54:51.292 T:4250 debug : CVideoPlayer::ProcessVideoData size:479073 dts:22.147 pts:22.272 dur:41.000ms, clock:17.076 level:43
2025-08-23 16:54:51.293 T:4252 debug : CAMLCodec::AddData: skip add data dl:15377084 fl:345412 sz:475598(475712) lv:100.8% dts:18.685 pts:18.769
2025-08-23 16:54:51.293 T:4250 debug : CVideoPlayer::ProcessVideoData size:381789 dts:22.189 pts:22.231 dur:41.000ms, clock:17.076 level:100
2025-08-23 16:54:51.295 T:4252 debug : CAMLCodec::AddData: skip add data dl:15377084 fl:345412 sz:475598(475712) lv:100.8% dts:18.685 pts:18.769
2025-08-23 16:54:51.301 T:4252 info : Skipped 3 duplicate messages..
2025-08-23 16:54:51.301 T:4252 debug : CAMLCodec::AddData: skip add data dl:15367804 fl:354692 sz:475598(475712) lv:100.7% dts:18.685 pts:18.769
2025-08-23 16:54:51.302 T:4073 debug : CAMLCodec::PollFrame elapsed:30.450ms
2025-08-23 16:54:51.302 T:4252 debug : CAMLCodec::DequeueBuffer: pts:17.392 idx:417
2025-08-23 16:54:51.302 T:4252 debug : CAMLCodec::GetPicture: index: 417, pts: 17.392, dur:41.000ms ar:1.78 elf:29ms
2025-08-23 16:54:51.302 T:4252 debug : CVideoPlayerVideo::OutputPicture - ttd:306ms pts:17.392 Clock:17.085 Level:4
2025-08-23 16:54:51.305 T:4252 debug : CAMLCodec::AddData: skip add data dl:15367804 fl:354692 sz:475598(475712) lv:100.7% dts:18.685 pts:18.769
2025-08-23 16:54:51.315 T:4252 info : Skipped 2 duplicate messages..
2025-08-23 16:54:51.315 T:4252 debug : CAMLCodec::AddData: dl:15405948 fl:316548 sz:475598(475712) lv:97.9% dts:18.685 pts:18.769
2025-08-23 16:54:51.315 T:4252 debug : CAMLCodec::AddData: skip add data dl:15405834 fl:316662 sz:439805(439872) lv:100.7% dts:18.727 pts:18.727
2025-08-23 16:54:51.321 T:4073 info : Skipped 2 duplicate messages..
2025-08-23 16:54:51.321 T:4073 debug : PrepareNextRender: frameOnScreen: 17.104 renderPts: 17.255 nextFramePts: 17.226 -> diff: 0.029 render: 1 forceNext: 0
2025-08-23 16:54:51.322 T:4073 debug : CAMLCodec::ReleaseFrame idx:413, drop:0
2025-08-23 16:54:51.323 T:4252 debug : CAMLCodec::AddData: skip add data dl:15405834 fl:316662 sz:439805(439872) lv:100.7% dts:18.727 pts:18.727
2025-08-23 16:54:51.343 T:4073 info : Skipped 10 duplicate messages..
2025-08-23 16:54:51.343 T:4073 debug : CAMLCodec::PollFrame elapsed:20.923ms
2025-08-23 16:54:51.345 T:4250 debug : CVideoPlayer::ProcessVideoData size:383156 dts:22.231 pts:22.314 dur:41.000ms, clock:17.128 level:43
2025-08-23 16:54:51.346 T:4250 debug : CVideoPlayer::ProcessAudioData size:7878 dts:22.384 pts:22.384 dur:92.000ms, clock:17.129 drop:0 level:55
2025-08-23 16:54:51.346 T:4250 debug : CVideoPlayer::ProcessAudioData size:7912 dts:22.476 pts:22.476 dur:92.000ms, clock:17.129 drop:0 level:56
2025-08-23 16:54:51.346 T:4250 debug : CVideoPlayer::ProcessAudioData size:7728 dts:22.569 pts:22.569 dur:92.000ms, clock:17.129 drop:0 level:57
2025-08-23 16:54:51.349 T:4250 debug : CVideoPlayer::ProcessVideoData size:605057 dts:22.272 pts:22.648 dur:41.000ms, clock:17.132 level:44
2025-08-23 16:54:51.349 T:4252 debug : CAMLCodec::AddData: skip add data dl:15397706 fl:324790 sz:439805(439872) lv:100.7% dts:18.727 pts:18.727
2025-08-23 16:54:51.351 T:4252 debug : CAMLCodec::DequeueBuffer: pts:17.434 idx:418
2025-08-23 16:54:51.351 T:4252 debug : CAMLCodec::GetPicture: index: 418, pts: 17.434, dur:42.000ms ar:1.78 elf:48ms
2025-08-23 16:54:51.351 T:4252 debug : CVideoPlayerVideo::OutputPicture - ttd:300ms pts:17.434 Clock:17.134 Level:4
2025-08-23 16:54:51.353 T:4252 debug : CAMLCodec::AddData: skip add data dl:15397706 fl:324790 sz:439805(439872) lv:100.7% dts:18.727 pts:18.727
2025-08-23 16:54:51.357 T:4252 debug : CAMLCodec::AddData: dl:15398794 fl:323702 sz:439805(439872) lv:97.9% dts:18.727 pts:18.727
2025-08-23 16:54:51.358 T:4252 debug : CAMLCodec::AddData: skip add data dl:15398727 fl:323769 sz:441226(441344) lv:100.7% dts:18.769 pts:18.810
2025-08-23 16:54:51.360 T:4253 info : Skipped 1 duplicate messages..
2025-08-23 16:54:51.360 T:4253 debug : CVideoPlayerAudio::OutputPacket: pts:17.925 curr_pts:17.118 clock:17.143 level:57
2025-08-23 16:54:51.361 T:4073 debug : PrepareNextRender: frameOnScreen: 17.144 renderPts: 17.294 nextFramePts: 17.267 -> diff: 0.027 render: 1 forceNext: 0
2025-08-23 16:54:51.361 T:4073 debug : CAMLCodec::ReleaseFrame idx:414, drop:0
2025-08-23 16:54:51.362 T:4252 debug : CAMLCodec::AddData: skip add data dl:15398727 fl:323769 sz:441226(441344) lv:100.7% dts:18.769 pts:18.810
2025-08-23 16:54:51.385 T:4073 info : Skipped 13 duplicate messages..
2025-08-23 16:54:51.385 T:4073 debug : CAMLCodec::PollFrame elapsed:23.766ms
2025-08-23 16:54:51.386 T:4252 debug : CAMLCodec::AddData: skip add data dl:15355783 fl:366713 sz:441226(441344) lv:100.4% dts:18.769 pts:18.810
2025-08-23 16:54:51.387 T:4252 debug : CAMLCodec::DequeueBuffer: pts:17.476 idx:419
2025-08-23 16:54:51.387 T:4252 debug : CAMLCodec::GetPicture: index: 419, pts: 17.476, dur:42.000ms ar:1.78 elf:36ms
2025-08-23 16:54:51.387 T:4252 debug : CVideoPlayerVideo::OutputPicture - ttd:305ms pts:17.476 Clock:17.170 Level:4
2025-08-23 16:54:51.390 T:4252 debug : CAMLCodec::AddData: skip add data dl:15355783 fl:366713 sz:441226(441344) lv:100.4% dts:18.769 pts:18.810
2025-08-23 16:54:51.392 T:4073 debug : PrepareNextRender: frameOnScreen: 17.174 renderPts: 17.325 nextFramePts: 17.309 -> diff: 0.016 render: 1 forceNext: 0
2025-08-23 16:54:51.392 T:4073 debug : CAMLCodec::ReleaseFrame idx:415, drop:0
2025-08-23 16:54:51.394 T:4252 debug : CAMLCodec::AddData: skip add data dl:15355783 fl:366713 sz:441226(441344) lv:100.4% dts:18.769 pts:18.810
2025-08-23 16:54:51.398 T:4252 debug : CAMLCodec::AddData: dl:15367239 fl:355257 sz:441226(441344) lv:97.7% dts:18.769 pts:18.810
2025-08-23 16:54:51.399 T:4252 debug : CAMLCodec::AddData: skip add data dl:15367121 fl:355375 sz:481539(481664) lv:100.8% dts:18.810 pts:18.936
2025-08-23 16:54:51.427 T:4073 info : Skipped 14 duplicate messages..
2025-08-23 16:54:51.427 T:4073 debug : CAMLCodec::PollFrame elapsed:34.761ms
2025-08-23 16:54:51.428 T:4252 debug : CAMLCodec::AddData: skip add data dl:15358801 fl:363695 sz:481539(481664) lv:100.7% dts:18.810 pts:18.936
2025-08-23 16:54:51.430 T:4252 debug : CAMLCodec::DequeueBuffer: pts:17.517 idx:420
2025-08-23 16:54:51.430 T:4252 debug : CAMLCodec::GetPicture: index: 420, pts: 17.517, dur:41.000ms ar:1.78 elf:42ms
2025-08-23 16:54:51.430 T:4252 debug : CVideoPlayerVideo::OutputPicture - ttd:304ms pts:17.517 Clock:17.213 Level:4
2025-08-23 16:54:51.431 T:4252 debug : CAMLCodec::DequeueBuffer: pts:17.559 idx:421
2025-08-23 16:54:51.431 T:4252 debug : CAMLCodec::GetPicture: index: 421, pts: 17.559, dur:42.000ms ar:1.78 elf:1ms
2025-08-23 16:54:51.431 T:4252 debug : CVideoPlayerVideo::OutputPicture - ttd:344ms pts:17.559 Clock:17.214 Level:5
2025-08-23 16:54:51.433 T:4252 debug : CAMLCodec::DequeueBuffer: pts:17.601 idx:422
2025-08-23 16:54:51.433 T:4252 debug : CAMLCodec::GetPicture: index: 422, pts: 17.601, dur:42.000ms ar:1.78 elf:1ms
2025-08-23 16:54:51.433 T:4252 debug : CVideoPlayerVideo::OutputPicture - ttd:385ms pts:17.601 Clock:17.216 Level:6
2025-08-23 16:54:51.434 T:4252 debug : CAMLCodec::DequeueBuffer: pts:17.643 idx:423
2025-08-23 16:54:51.434 T:4252 debug : CAMLCodec::GetPicture: index: 423, pts: 17.643, dur:42.000ms ar:1.78 elf:1ms
