2025-08-23 16:54:39.406 T:4252 debug : CAMLCodec::AddData: skip add data dl:15600100 fl:122396 sz:262536(262656) lv:100.9% dts:7.549 pts:7.633
2025-08-23 16:54:39.412 T:4252 info : Skipped 1 duplicate messages..
2025-08-23 16:54:39.412 T:4252 debug : CAMLCodec::AddData: dl:15601636 fl:120860 sz:262536(262656) lv:99.2% dts:7.549 pts:7.633
2025-08-23 16:54:39.413 T:4252 debug : CAMLCodec::AddData: skip add data dl:15601516 fl:120980 sz:389316(389440) lv:101.7% dts:7.591 pts:7.966
2025-08-23 16:54:39.432 T:4250 info : Skipped 10 duplicate messages..
2025-08-23 16:54:39.432 T:4250 debug : CVideoPlayer::ProcessVideoData size:445071 dts:13.430 pts:13.472 dur:41.000ms, clock:5.231 level:72
2025-08-23 16:54:39.433 T:4252 debug : CAMLCodec::AddData: skip add data dl:15601516 fl:120980 sz:389316(389440) lv:101.7% dts:7.591 pts:7.966
2025-08-23 16:54:39.440 T:4073 info : Skipped 3 duplicate messages..
2025-08-23 16:54:39.440 T:4073 debug : CAMLCodec::PollFrame elapsed:35.460ms
2025-08-23 16:54:39.441 T:4252 debug : CAMLCodec::DequeueBuffer: pts:5.547 idx:133
2025-08-23 16:54:39.441 T:4252 debug : CAMLCodec::GetPicture: index: 133, pts: 5.547, dur:42.000ms ar:1.78 elf:41ms
2025-08-23 16:54:39.442 T:4252 debug : CVideoPlayerVideo::OutputPicture - ttd:306ms pts:5.547 Clock:5.241 Level:4
2025-08-23 16:54:39.444 T:4253 debug : CVideoPlayerAudio::OutputPacket: pts:6.037 curr_pts:5.218 clock:5.244 level:93
2025-08-23 16:54:39.446 T:4252 debug : CAMLCodec::AddData: skip add data dl:15594668 fl:127828 sz:389316(389440) lv:101.6% dts:7.591 pts:7.966
2025-08-23 16:54:39.455 T:4252 info : Skipped 1 duplicate messages..
2025-08-23 16:54:39.455 T:4252 debug : CAMLCodec::AddData: dl:15655788 fl:66708 sz:389316(389440) lv:99.5% dts:7.591 pts:7.966
2025-08-23 16:54:39.456 T:4252 debug : CAMLCodec::AddData: skip add data dl:15655664 fl:66832 sz:347954(348032) lv:101.7% dts:7.633 pts:7.841
2025-08-23 16:54:39.461 T:4073 info : Skipped 2 duplicate messages..
2025-08-23 16:54:39.461 T:4073 debug : PrepareNextRender: frameOnScreen: 5.260 renderPts: 5.414 nextFramePts: 5.380 -> diff: 0.034 render: 1 forceNext: 0
2025-08-23 16:54:39.462 T:4073 debug : CAMLCodec::ReleaseFrame idx:129, drop:0
2025-08-23 16:54:39.462 T:4252 debug : CAMLCodec::AddData: skip add data dl:15655664 fl:66832 sz:347954(348032) lv:101.7% dts:7.633 pts:7.841
2025-08-23 16:54:39.475 T:4250 info : Skipped 7 duplicate messages..
2025-08-23 16:54:39.475 T:4250 debug : CVideoPlayer::ProcessVideoData size:458141 dts:13.472 pts:13.597 dur:41.000ms, clock:5.275 level:72
2025-08-23 16:54:39.476 T:4252 debug : CAMLCodec::AddData: skip add data dl:15655664 fl:66832 sz:347954(348032) lv:101.7% dts:7.633 pts:7.841
2025-08-23 16:54:39.482 T:4252 info : Skipped 2 duplicate messages..
2025-08-23 16:54:39.482 T:4252 debug : CAMLCodec::AddData: skip add data dl:15572336 fl:150160 sz:347954(348032) lv:101.2% dts:7.633 pts:7.841
2025-08-23 16:54:39.482 T:4073 debug : CAMLCodec::PollFrame elapsed:20.148ms
2025-08-23 16:54:39.483 T:4252 debug : CAMLCodec::DequeueBuffer: pts:5.589 idx:134
2025-08-23 16:54:39.483 T:4252 debug : CAMLCodec::GetPicture: index: 134, pts: 5.589, dur:42.000ms ar:1.78 elf:41ms
2025-08-23 16:54:39.484 T:4252 debug : CVideoPlayerVideo::OutputPicture - ttd:306ms pts:5.589 Clock:5.283 Level:4
2025-08-23 16:54:39.487 T:4252 debug : CAMLCodec::AddData: skip add data dl:15572336 fl:150160 sz:347954(348032) lv:101.2% dts:7.633 pts:7.841
2025-08-23 16:54:39.490 T:4073 info : Skipped 1 duplicate messages..
2025-08-23 16:54:39.490 T:4073 debug : PrepareNextRender: frameOnScreen: 5.289 renderPts: 5.442 nextFramePts: 5.422 -> diff: 0.020 render: 1 forceNext: 0
2025-08-23 16:54:39.490 T:4073 debug : CAMLCodec::ReleaseFrame idx:130, drop:0
2025-08-23 16:54:39.494 T:4252 debug : CAMLCodec::AddData: dl:15591664 fl:130832 sz:347954(348032) lv:99.1% dts:7.633 pts:7.841
2025-08-23 16:54:39.495 T:4252 debug : CAMLCodec::AddData: skip add data dl:15591586 fl:130910 sz:282222(282304) lv:100.9% dts:7.674 pts:7.758
2025-08-23 16:54:39.524 T:4073 info : Skipped 16 duplicate messages..
2025-08-23 16:54:39.524 T:4073 debug : CAMLCodec::PollFrame elapsed:32.987ms
2025-08-23 16:54:39.524 T:4252 debug : CAMLCodec::AddData: skip add data dl:15591586 fl:130910 sz:282222(282304) lv:100.9% dts:7.674 pts:7.758
2025-08-23 16:54:39.528 T:4073 info : Skipped 1 duplicate messages..
2025-08-23 16:54:39.528 T:4073 debug : PrepareNextRender: frameOnScreen: 5.327 renderPts: 5.480 nextFramePts: 5.464 -> diff: 0.016 render: 1 forceNext: 0
2025-08-23 16:54:39.528 T:4073 debug : CAMLCodec::ReleaseFrame idx:131, drop:0
2025-08-23 16:54:39.528 T:4252 debug : CAMLCodec::AddData: skip add data dl:15591586 fl:130910 sz:282222(282304) lv:100.9% dts:7.674 pts:7.758
2025-08-23 16:54:39.544 T:4253 info : Skipped 8 duplicate messages..
2025-08-23 16:54:39.544 T:4253 debug : CVideoPlayerAudio::OutputPacket: pts:6.129 curr_pts:5.318 clock:5.343 level:92
2025-08-23 16:54:39.544 T:4252 debug : CAMLCodec::AddData: skip add data dl:15591586 fl:130910 sz:282222(282304) lv:100.9% dts:7.674 pts:7.758
2025-08-23 16:54:39.565 T:4073 info : Skipped 12 duplicate messages..
2025-08-23 16:54:39.565 T:4073 debug : CAMLCodec::PollFrame elapsed:37.055ms
2025-08-23 16:54:39.566 T:4252 debug : CAMLCodec::AddData: skip add data dl:15553698 fl:168798 sz:282222(282304) lv:100.7% dts:7.674 pts:7.758
2025-08-23 16:54:39.567 T:4252 debug : CAMLCodec::DequeueBuffer: pts:5.631 idx:135
2025-08-23 16:54:39.567 T:4252 debug : CAMLCodec::GetPicture: index: 135, pts: 5.631, dur:42.000ms ar:1.78 elf:83ms
2025-08-23 16:54:39.567 T:4252 debug : CVideoPlayerVideo::OutputPicture - ttd:264ms pts:5.631 Clock:5.366 Level:3
2025-08-23 16:54:39.569 T:4252 debug : CAMLCodec::AddData: skip add data dl:15553698 fl:168798 sz:282222(282304) lv:100.7% dts:7.674 pts:7.758
2025-08-23 16:54:39.571 T:4073 debug : PrepareNextRender: frameOnScreen: 5.370 renderPts: 5.523 nextFramePts: 5.505 -> diff: 0.018 render: 1 forceNext: 0
2025-08-23 16:54:39.571 T:4073 debug : CAMLCodec::ReleaseFrame idx:132, drop:0
2025-08-23 16:54:39.572 T:4252 debug : CAMLCodec::AddData: skip add data dl:15553698 fl:168798 sz:282222(282304) lv:100.7% dts:7.674 pts:7.758
2025-08-23 16:54:39.575 T:4080 info : Skipped 1 duplicate messages..
2025-08-23 16:54:39.575 T:4080 debug : CLibInputKeyboard::ProcessKey - using delay: 400ms repeat: 80ms
2025-08-23 16:54:39.576 T:4286 debug : Thread Timer start, auto delete: false
2025-08-23 16:54:39.578 T:4252 debug : CAMLCodec::AddData: dl:15570594 fl:151902 sz:282222(282304) lv:99.0% dts:7.674 pts:7.758
2025-08-23 16:54:39.579 T:4252 debug : CAMLCodec::AddData: skip add data dl:15570512 fl:151984 sz:266533(266624) lv:100.7% dts:7.716 pts:7.716
2025-08-23 16:54:39.607 T:4073 info : Skipped 15 duplicate messages..
2025-08-23 16:54:39.607 T:4073 debug : CAMLCodec::PollFrame elapsed:35.894ms
2025-08-23 16:54:39.608 T:4252 debug : CAMLCodec::AddData: skip add data dl:15541136 fl:181360 sz:266533(266624) lv:100.5% dts:7.716 pts:7.716
2025-08-23 16:54:39.609 T:4252 debug : CAMLCodec::DequeueBuffer: pts:5.672 idx:136
2025-08-23 16:54:39.609 T:4252 debug : CAMLCodec::GetPicture: index: 136, pts: 5.672, dur:41.000ms ar:1.78 elf:41ms
2025-08-23 16:54:39.609 T:4252 debug : CVideoPlayerVideo::OutputPicture - ttd:263ms pts:5.672 Clock:5.408 Level:3
2025-08-23 16:54:39.610 T:4073 debug : Keyboard: scancode: 0x3c, sym: 0x11b (f2), unicode: 0x00, modifier: 0x0
2025-08-23 16:54:39.610 T:4073 debug : HandleKey: f2 (0xf091) pressed, window 12005, action is PlayerProcessInfo
2025-08-23 16:54:39.610 T:4073 debug : Activating window ID: 10116
2025-08-23 16:54:39.610 T:4073 debug : ------ Window Init (DialogPlayerProcessInfo.xml) ------
2025-08-23 16:54:39.610 T:4073 info : Loading skin file: DialogPlayerProcessInfo.xml, load type: KEEP_IN_MEMORY
2025-08-23 16:54:39.611 T:4252 debug : CAMLCodec::AddData: skip add data dl:15541136 fl:181360 sz:266533(266624) lv:100.5% dts:7.716 pts:7.716
2025-08-23 16:54:39.620 T:4252 info : Skipped 2 duplicate messages..
2025-08-23 16:54:39.620 T:4252 debug : CAMLCodec::AddData: dl:15546256 fl:176240 sz:266533(266624) lv:98.8% dts:7.716 pts:7.716
2025-08-23 16:54:39.620 T:4252 debug : CAMLCodec::DequeueBuffer: pts:5.714 idx:137
2025-08-23 16:54:39.620 T:4252 debug : CAMLCodec::GetPicture: index: 137, pts: 5.714, dur:42.000ms ar:1.78 elf:10ms
2025-08-23 16:54:39.620 T:4252 debug : CVideoPlayerVideo::OutputPicture - ttd:294ms pts:5.714 Clock:5.419 Level:4
2025-08-23 16:54:39.620 T:4250 debug : CVideoPlayer::ProcessVideoData size:444479 dts:13.513 pts:13.555 dur:41.000ms, clock:5.419 level:72
2025-08-23 16:54:39.623 T:4252 debug : CAMLCodec::AddData: skip add data dl:15539381 fl:183115 sz:260769(260864) lv:100.5% dts:7.758 pts:7.799
2025-08-23 16:54:39.631 T:4250 info : Skipped 2 duplicate messages..
2025-08-23 16:54:39.631 T:4250 debug : CVideoPlayer::ProcessAudioData size:9082 dts:13.653 pts:13.653 dur:92.000ms, clock:5.430 drop:0 level:92
2025-08-23 16:54:39.634 T:4250 debug : CVideoPlayer::ProcessVideoData size:755545 dts:13.555 pts:13.680 dur:41.000ms, clock:5.432 level:72
2025-08-23 16:54:39.634 T:4252 debug : CAMLCodec::AddData: dl:15535093 fl:187403 sz:260769(260864) lv:98.8% dts:7.758 pts:7.799
2025-08-23 16:54:39.635 T:4252 debug : CAMLCodec::AddData: skip add data dl:15534998 fl:187498 sz:289780(289856) lv:100.6% dts:7.799 pts:7.925
2025-08-23 16:54:39.645 T:4253 info : Skipped 4 duplicate messages..
2025-08-23 16:54:39.645 T:4253 debug : CVideoPlayerAudio::OutputPacket: pts:6.222 curr_pts:5.418 clock:5.444 level:92
2025-08-23 16:54:39.648 T:4252 debug : CAMLCodec::AddData: skip add data dl:15534998 fl:187498 sz:289780(289856) lv:100.6% dts:7.799 pts:7.925
2025-08-23 16:54:39.649 T:4252 debug : CAMLCodec::AddData: skip add data dl:15528278 fl:194218 sz:289780(289856) lv:100.6% dts:7.799 pts:7.925
2025-08-23 16:54:39.651 T:4252 debug : CAMLCodec::DequeueBuffer: pts:5.756 idx:138
2025-08-23 16:54:39.651 T:4252 debug : CAMLCodec::GetPicture: index: 138, pts: 5.756, dur:42.000ms ar:1.78 elf:30ms
2025-08-23 16:54:39.651 T:4252 debug : CVideoPlayerVideo::OutputPicture - ttd:306ms pts:5.756 Clock:5.450 Level:5
2025-08-23 16:54:39.653 T:4252 debug : CAMLCodec::AddData: skip add data dl:15528278 fl:194218 sz:289780(289856) lv:100.6% dts:7.799 pts:7.925
2025-08-23 16:54:39.662 T:4252 info : Skipped 3 duplicate messages..
2025-08-23 16:54:39.662 T:4252 debug : CAMLCodec::AddData: dl:15549078 fl:173418 sz:289780(289856) lv:98.9% dts:7.799 pts:7.925
2025-08-23 16:54:39.663 T:4252 debug : CAMLCodec::AddData: skip add data dl:15549002 fl:173494 sz:254993(255104) lv:100.5% dts:7.841 pts:7.883
2025-08-23 16:54:39.689 T:4073 info : Skipped 17 duplicate messages..
2025-08-23 16:54:39.689 T:4073 debug : PrepareNextRender: frameOnScreen: 5.488 renderPts: 5.641 nextFramePts: 5.547 -> diff: 0.094 render: 1 forceNext: 0
2025-08-23 16:54:39.689 T:4073 debug : CAMLCodec::ReleaseFrame idx:133, drop:1
2025-08-23 16:54:39.689 T:4073 debug : CAMLCodec::ReleaseFrame idx:134, drop:0
2025-08-23 16:54:39.689 T:4073 debug : CAMLCodec::PollFrame elapsed:0.006ms
2025-08-23 16:54:39.691 T:4252 debug : CAMLCodec::AddData: skip add data dl:15549002 fl:173494 sz:254993(255104) lv:100.5% dts:7.841 pts:7.883
2025-08-23 16:54:39.692 T:4252 debug : CAMLCodec::DequeueBuffer: pts:5.797 idx:139
2025-08-23 16:54:39.692 T:4252 debug : CAMLCodec::GetPicture: index: 139, pts: 5.797, dur:41.000ms ar:1.78 elf:41ms
2025-08-23 16:54:39.693 T:4252 debug : CVideoPlayerVideo::OutputPicture - ttd:305ms pts:5.797 Clock:5.491 Level:4
2025-08-23 16:54:39.695 T:4286 debug : Thread Timer 3708797440 terminating
2025-08-23 16:54:39.695 T:4252 debug : CAMLCodec::AddData: skip add data dl:15520010 fl:202486 sz:254993(255104) lv:100.3% dts:7.841 pts:7.883
2025-08-23 16:54:39.698 T:4073 info : Skipped 1 duplicate messages..
2025-08-23 16:54:39.698 T:4073 debug : PrepareNextRender: frameOnScreen: 5.496 renderPts: 5.650 nextFramePts: 5.631 -> diff: 0.019 render: 1 forceNext: 0
2025-08-23 16:54:39.698 T:4073 debug : CAMLCodec::ReleaseFrame idx:135, drop:0
2025-08-23 16:54:39.698 T:4073 debug : CAMLCodec::PollFrame elapsed:0.014ms
2025-08-23 16:54:39.699 T:4252 debug : CAMLCodec::AddData: skip add data dl:15520010 fl:202486 sz:254993(255104) lv:100.3% dts:7.841 pts:7.883
2025-08-23 16:54:39.703 T:4252 debug : CAMLCodec::AddData: dl:15510346 fl:212150 sz:254993(255104) lv:98.6% dts:7.841 pts:7.883
2025-08-23 16:54:39.704 T:4252 debug : CAMLCodec::AddData: skip add data dl:15510235 fl:212261 sz:683683(683776) lv:103.0% dts:7.883 pts:8.008
2025-08-23 16:54:39.706 T:4073 debug : Keyboard: scancode: 0x3c, sym: 0x11b (f2), unicode: 0x00, modifier: 0x0
2025-08-23 16:54:39.708 T:4073 debug : PrepareNextRender: frameOnScreen: 5.507 renderPts: 5.660 nextFramePts: 5.672 -> diff: -0.012 render: 0 forceNext: 0
2025-08-23 16:54:39.708 T:4252 debug : CAMLCodec::AddData: skip add data dl:15510235 fl:212261 sz:683683(683776) lv:103.0% dts:7.883 pts:8.008
2025-08-23 16:54:39.708 T:4073 debug : CAMLCodec::ReleaseFrame idx:136, drop:0
2025-08-23 16:54:39.710 T:4252 debug : CAMLCodec::AddData: skip add data dl:15510235 fl:212261 sz:683683(683776) lv:103.0% dts:7.883 pts:8.008
2025-08-23 16:54:39.725 T:4250 info : Skipped 6 duplicate messages..
2025-08-23 16:54:39.725 T:4250 debug : CVideoPlayer::ProcessAudioData size:9031 dts:13.746 pts:13.746 dur:92.000ms, clock:5.524 drop:0 level:92
2025-08-23 16:54:39.726 T:4250 debug : CVideoPlayer::ProcessAudioData size:9302 dts:13.838 pts:13.838 dur:92.000ms, clock:5.524 drop:0 level:93
2025-08-23 16:54:39.726 T:4250 debug : CVideoPlayer::ProcessAudioData size:9231 dts:13.931 pts:13.931 dur:92.000ms, clock:5.524 drop:0 level:95
2025-08-23 16:54:39.728 T:4250 debug : CVideoPlayer::ProcessVideoData size:670972 dts:13.597 pts:14.014 dur:41.000ms, clock:5.527 level:71
2025-08-23 16:54:39.729 T:4252 debug : CAMLCodec::AddData: skip add data dl:15510235 fl:212261 sz:683683(683776) lv:103.0% dts:7.883 pts:8.008
2025-08-23 16:54:39.733 T:4073 info : Skipped 1 duplicate messages..
2025-08-23 16:54:39.733 T:4073 debug : CAMLCodec::PollFrame elapsed:24.525ms
2025-08-23 16:54:39.734 T:4252 debug : CAMLCodec::AddData: skip add data dl:15504347 fl:218149 sz:683683(683776) lv:102.9% dts:7.883 pts:8.008
2025-08-23 16:54:39.735 T:4252 debug : CAMLCodec::DequeueBuffer: pts:5.839 idx:140
2025-08-23 16:54:39.735 T:4252 debug : CAMLCodec::GetPicture: index: 140, pts: 5.839, dur:42.000ms ar:1.78 elf:43ms
2025-08-23 16:54:39.735 T:4252 debug : CVideoPlayerVideo::OutputPicture - ttd:304ms pts:5.839 Clock:5.534 Level:3
2025-08-23 16:54:39.737 T:4252 debug : CAMLCodec::DequeueBuffer: pts:5.881 idx:141
2025-08-23 16:54:39.737 T:4252 debug : CAMLCodec::GetPicture: index: 141, pts: 5.881, dur:42.000ms ar:1.78 elf:1ms
2025-08-23 16:54:39.737 T:4252 debug : CVideoPlayerVideo::OutputPicture - ttd:345ms pts:5.881 Clock:5.535 Level:4
2025-08-23 16:54:39.738 T:4252 debug : CAMLCodec::DequeueBuffer: pts:5.923 idx:142
2025-08-23 16:54:39.738 T:4252 debug : CAMLCodec::GetPicture: index: 142, pts: 5.923, dur:42.000ms ar:1.78 elf:1ms
2025-08-23 16:54:39.738 T:4252 debug : CVideoPlayerVideo::OutputPicture - ttd:386ms pts:5.923 Clock:5.537 Level:5
2025-08-23 16:54:39.739 T:4252 debug : CAMLCodec::DequeueBuffer: pts:5.964 idx:143
2025-08-23 16:54:39.739 T:4252 debug : CAMLCodec::GetPicture: index: 143, pts: 5.964, dur:41.000ms ar:1.78 elf:1ms
2025-08-23 16:54:39.744 T:4253 debug : CVideoPlayerAudio::OutputPacket: pts:6.315 curr_pts:5.517 clock:5.543 level:95
2025-08-23 16:54:39.751 T:4073 debug : PrepareNextRender: frameOnScreen: 5.549 renderPts: 5.702 nextFramePts: 5.714 -> diff: -0.012 render: 0 forceNext: 0
2025-08-23 16:54:39.774 T:4073 debug : CAMLCodec::PollFrame elapsed:23.186ms
2025-08-23 16:54:39.774 T:4252 debug : CVideoPlayerVideo::OutputPicture - ttd:426ms pts:5.964 Clock:5.538 Level:6
2025-08-23 16:54:39.780 T:4252 debug : CAMLCodec::AddData: dl:14624091 fl:1098405 sz:683683(683776) lv:93.0% dts:7.883 pts:8.008
2025-08-23 16:54:39.785 T:4252 debug : CAMLCodec::AddData: dl:15108542 fl:613954 sz:484443(484544) lv:96.1% dts:7.925 pts:8.342
2025-08-23 16:54:39.789 T:4073 debug : PrepareNextRender: frameOnScreen: 5.588 renderPts: 5.741 nextFramePts: 5.714 -> diff: 0.027 render: 1 forceNext: 0
2025-08-23 16:54:39.790 T:4252 debug : CAMLCodec::AddData: dl:15210969 fl:511527 sz:373956(374080) lv:96.7% dts:7.966 pts:8.175
2025-08-23 16:54:39.791 T:4073 debug : CAMLCodec::ReleaseFrame idx:137, drop:0
2025-08-23 16:54:39.791 T:4250 debug : CVideoPlayer::ProcessVideoData size:547806 dts:13.639 pts:13.847 dur:41.000ms, clock:5.590 level:70
2025-08-23 16:54:39.793 T:4250 debug : CVideoPlayer::ProcessVideoData size:458912 dts:13.680 pts:13.764 dur:41.000ms, clock:5.592 level:70
2025-08-23 16:54:39.797 T:4252 debug : CAMLCodec::AddData: dl:15504733 fl:217763 sz:293778(293888) lv:98.6% dts:8.008 pts:8.091
2025-08-23 16:54:39.798 T:4252 debug : CAMLCodec::AddData: skip add data dl:15504623 fl:217873 sz:265481(265600) lv:100.3% dts:8.050 pts:8.050
2025-08-23 16:54:39.805 T:4250 info : Skipped 3 duplicate messages..
2025-08-23 16:54:39.805 T:4250 debug : CVideoPlayer::ProcessVideoData size:445734 dts:13.722 pts:13.722 dur:41.000ms, clock:5.604 level:70
2025-08-23 16:54:39.806 T:4252 debug : CAMLCodec::AddData: skip add data dl:15504623 fl:217873 sz:265481(265600) lv:100.3% dts:8.050 pts:8.050
2025-08-23 16:54:39.816 T:4073 info : Skipped 5 duplicate messages..
2025-08-23 16:54:39.816 T:4073 debug : CAMLCodec::PollFrame elapsed:24.762ms
2025-08-23 16:54:39.817 T:4252 debug : CAMLCodec::AddData: skip add data dl:15504623 fl:217873 sz:265481(265600) lv:100.3% dts:8.050 pts:8.050
2025-08-23 16:54:39.827 T:4073 info : Skipped 5 duplicate messages..
2025-08-23 16:54:39.827 T:4073 debug : PrepareNextRender: frameOnScreen: 5.625 renderPts: 5.778 nextFramePts: 5.756 -> diff: 0.022 render: 1 forceNext: 0
2025-08-23 16:54:39.827 T:4073 debug : CAMLCodec::ReleaseFrame idx:138, drop:0
2025-08-23 16:54:39.828 T:4252 debug : CAMLCodec::AddData: skip add data dl:15504623 fl:217873 sz:265481(265600) lv:100.3% dts:8.050 pts:8.050
2025-08-23 16:54:39.845 T:4253 info : Skipped 8 duplicate messages..
2025-08-23 16:54:39.845 T:4253 debug : CVideoPlayerAudio::OutputPacket: pts:6.409 curr_pts:5.618 clock:5.643 level:93
2025-08-23 16:54:39.845 T:4252 debug : CAMLCodec::AddData: skip add data dl:15504623 fl:217873 sz:265481(265600) lv:100.3% dts:8.050 pts:8.050
2025-08-23 16:54:39.858 T:4073 info : Skipped 6 duplicate messages..
2025-08-23 16:54:39.858 T:4073 debug : CAMLCodec::PollFrame elapsed:30.924ms
2025-08-23 16:54:39.858 T:4252 debug : CAMLCodec::AddData: skip add data dl:15504623 fl:217873 sz:265481(265600) lv:100.3% dts:8.050 pts:8.050
2025-08-23 16:54:39.860 T:4252 debug : CAMLCodec::DequeueBuffer: pts:6.006 idx:144
2025-08-23 16:54:39.860 T:4252 debug : CAMLCodec::GetPicture: index: 144, pts: 6.006, dur:42.000ms ar:1.78 elf:120ms
2025-08-23 16:54:39.860 T:4252 debug : CVideoPlayerVideo::OutputPicture - ttd:347ms pts:6.006 Clock:5.659 Level:5
2025-08-23 16:54:39.862 T:4252 debug : CAMLCodec::AddData: skip add data dl:15476527 fl:245969 sz:265481(265600) lv:100.1% dts:8.050 pts:8.050
2025-08-23 16:54:39.870 T:4252 info : Skipped 1 duplicate messages..
2025-08-23 16:54:39.870 T:4252 debug : CAMLCodec::AddData: dl:15477359 fl:245137 sz:265481(265600) lv:98.4% dts:8.050 pts:8.050
2025-08-23 16:54:39.871 T:4252 debug : CAMLCodec::AddData: skip add data dl:15477240 fl:245256 sz:266018(266112) lv:100.1% dts:8.091 pts:8.133
2025-08-23 16:54:39.874 T:4073 info : Skipped 1 duplicate messages..
2025-08-23 16:54:39.874 T:4073 debug : PrepareNextRender: frameOnScreen: 5.672 renderPts: 5.825 nextFramePts: 5.797 -> diff: 0.028 render: 1 forceNext: 0
2025-08-23 16:54:39.874 T:4073 debug : CAMLCodec::ReleaseFrame idx:139, drop:0
2025-08-23 16:54:39.875 T:4252 debug : CAMLCodec::AddData: skip add data dl:15477240 fl:245256 sz:266018(266112) lv:100.1% dts:8.091 pts:8.133
2025-08-23 16:54:39.899 T:4073 info : Skipped 13 duplicate messages..
2025-08-23 16:54:39.899 T:4073 debug : CAMLCodec::PollFrame elapsed:25.605ms
2025-08-23 16:54:39.900 T:4252 debug : CAMLCodec::AddData: skip add data dl:15477240 fl:245256 sz:266018(266112) lv:100.1% dts:8.091 pts:8.133
2025-08-23 16:54:39.901 T:4252 debug : CAMLCodec::DequeueBuffer: pts:6.048 idx:145
2025-08-23 16:54:39.901 T:4252 debug : CAMLCodec::GetPicture: index: 145, pts: 6.048, dur:42.000ms ar:1.78 elf:41ms
2025-08-23 16:54:39.901 T:4252 debug : CVideoPlayerVideo::OutputPicture - ttd:348ms pts:6.048 Clock:5.700 Level:5
2025-08-23 16:54:39.903 T:4252 debug : CAMLCodec::AddData: skip add data dl:15470968 fl:251528 sz:266018(266112) lv:100.1% dts:8.091 pts:8.133
2025-08-23 16:54:39.913 T:4250 info : Skipped 2 duplicate messages..
2025-08-23 16:54:39.913 T:4250 debug : CVideoPlayer::ProcessVideoData size:446460 dts:13.764 pts:13.805 dur:41.000ms, clock:5.712 level:70
2025-08-23 16:54:39.914 T:4252 debug : CAMLCodec::AddData: dl:15468856 fl:253640 sz:266018(266112) lv:98.3% dts:8.091 pts:8.133
2025-08-23 16:54:39.915 T:4252 debug : CAMLCodec::AddData: skip add data dl:15468762 fl:253734 sz:296179(296256) lv:100.2% dts:8.133 pts:8.258
2025-08-23 16:54:39.918 T:4073 info : Skipped 1 duplicate messages..
2025-08-23 16:54:39.918 T:4073 debug : PrepareNextRender: frameOnScreen: 5.716 renderPts: 5.870 nextFramePts: 5.839 -> diff: 0.031 render: 1 forceNext: 0
2025-08-23 16:54:39.918 T:4073 debug : CAMLCodec::ReleaseFrame idx:140, drop:0
2025-08-23 16:54:39.919 T:4252 debug : CAMLCodec::AddData: skip add data dl:15468762 fl:253734 sz:296179(296256) lv:100.2% dts:8.133 pts:8.258
2025-08-23 16:54:39.941 T:4073 info : Skipped 11 duplicate messages..
2025-08-23 16:54:39.941 T:4073 debug : CAMLCodec::PollFrame elapsed:23.108ms
2025-08-23 16:54:39.942 T:4252 debug : CAMLCodec::AddData: skip add data dl:15462362 fl:260134 sz:296179(296256) lv:100.2% dts:8.133 pts:8.258
2025-08-23 16:54:39.943 T:4252 debug : CAMLCodec::DequeueBuffer: pts:6.089 idx:146
2025-08-23 16:54:39.943 T:4252 debug : CAMLCodec::GetPicture: index: 146, pts: 6.089, dur:41.000ms ar:1.78 elf:41ms
2025-08-23 16:54:39.943 T:4252 debug : CVideoPlayerVideo::OutputPicture - ttd:347ms pts:6.089 Clock:5.742 Level:5
2025-08-23 16:54:39.944 T:4253 debug : CVideoPlayerAudio::OutputPacket: pts:6.501 curr_pts:5.719 clock:5.743 level:92
2025-08-23 16:54:39.949 T:4252 debug : CAMLCodec::AddData: skip add data dl:15462362 fl:260134 sz:296179(296256) lv:100.2% dts:8.133 pts:8.258
2025-08-23 16:54:39.953 T:4073 debug : PrepareNextRender: frameOnScreen: 5.751 renderPts: 5.904 nextFramePts: 5.881 -> diff: 0.023 render: 1 forceNext: 0
2025-08-23 16:54:39.953 T:4073 debug : CAMLCodec::ReleaseFrame idx:141, drop:0
2025-08-23 16:54:39.954 T:4252 debug : CAMLCodec::AddData: dl:15489626 fl:232870 sz:296179(296256) lv:98.5% dts:8.133 pts:8.258
2025-08-23 16:54:39.955 T:4252 debug : CAMLCodec::AddData: skip add data dl:15489549 fl:232947 sz:262647(262720) lv:100.2% dts:8.175 pts:8.217
2025-08-23 16:54:39.956 T:4250 debug : CVideoPlayer::ProcessVideoData size:459301 dts:13.805 pts:13.931 dur:41.000ms, clock:5.755 level:70
2025-08-23 16:54:39.957 T:4252 debug : CAMLCodec::AddData: skip add data dl:15489549 fl:232947 sz:262647(262720) lv:100.2% dts:8.175 pts:8.217
2025-08-23 16:54:39.983 T:4073 info : Skipped 14 duplicate messages..
2025-08-23 16:54:39.983 T:4073 debug : CAMLCodec::PollFrame elapsed:30.024ms
2025-08-23 16:54:39.984 T:4252 debug : CAMLCodec::AddData: skip add data dl:15489549 fl:232947 sz:262647(262720) lv:100.2% dts:8.175 pts:8.217
2025-08-23 16:54:39.985 T:4252 debug : CAMLCodec::DequeueBuffer: pts:6.131 idx:147
2025-08-23 16:54:39.985 T:4252 debug : CAMLCodec::GetPicture: index: 147, pts: 6.131, dur:42.000ms ar:1.78 elf:41ms
2025-08-23 16:54:39.985 T:4252 debug : CVideoPlayerVideo::OutputPicture - ttd:347ms pts:6.131 Clock:5.784 Level:5
2025-08-23 16:54:39.990 T:4252 debug : CAMLCodec::AddData: dl:15723597 fl:-1101 sz:262647(262720) lv:100.0% dts:8.175 pts:8.217
2025-08-23 16:54:39.991 T:4252 debug : CAMLCodec::AddData: skip add data dl:15722496 fl:0 sz:267807(267904) lv:100.0% dts:8.217 pts:8.300
2025-08-23 16:54:39.994 T:4252 debug : CAMLCodec::AddData: skip add data dl:15462848 fl:259648 sz:267807(267904) lv:100.0% dts:8.217 pts:8.300
2025-08-23 16:54:39.996 T:4253 debug : CVideoPlayerAudio::OutputPacket: pts:6.594 curr_pts:5.769 clock:5.794 level:91
2025-08-23 16:54:39.996 T:4252 debug : CAMLCodec::AddData: skip add data dl:15462848 fl:259648 sz:267807(267904) lv:100.0% dts:8.217 pts:8.300
2025-08-23 16:54:40.000 T:4073 info : Skipped 2 duplicate messages..
2025-08-23 16:54:40.000 T:4073 debug : PrepareNextRender: frameOnScreen: 5.799 renderPts: 5.952 nextFramePts: 5.923 -> diff: 0.029 render: 1 forceNext: 0
2025-08-23 16:54:40.001 T:4073 debug : CAMLCodec::ReleaseFrame idx:142, drop:0
2025-08-23 16:54:40.001 T:4252 debug : CAMLCodec::AddData: skip add data dl:15462848 fl:259648 sz:267807(267904) lv:100.0% dts:8.217 pts:8.300
2025-08-23 16:54:40.025 T:4073 info : Skipped 14 duplicate messages..
2025-08-23 16:54:40.025 T:4073 debug : CAMLCodec::PollFrame elapsed:24.249ms
2025-08-23 16:54:40.028 T:4252 debug : CAMLCodec::AddData: dl:15724928 fl:-2432 sz:267807(267904) lv:100.0% dts:8.217 pts:8.300
2025-08-23 16:54:40.028 T:4252 debug : CAMLCodec::DequeueBuffer: pts:6.173 idx:148
2025-08-23 16:54:40.028 T:4252 debug : CAMLCodec::GetPicture: index: 148, pts: 6.173, dur:42.000ms ar:1.78 elf:43ms
2025-08-23 16:54:40.029 T:4252 debug : CVideoPlayerVideo::OutputPicture - ttd:346ms pts:6.173 Clock:5.827 Level:5
2025-08-23 16:54:40.030 T:4073 debug : PrepareNextRender: frameOnScreen: 5.828 renderPts: 5.982 nextFramePts: 5.964 -> diff: 0.018 render: 1 forceNext: 0
2025-08-23 16:54:40.030 T:4073 debug : CAMLCodec::ReleaseFrame idx:143, drop:0
2025-08-23 16:54:40.032 T:4252 debug : CAMLCodec::AddData: skip add data dl:15722496 fl:0 sz:460798(460864) lv:100.0% dts:8.258 pts:8.675
2025-08-23 16:54:40.034 T:4252 debug : CAMLCodec::AddData: skip add data dl:15459072 fl:263424 sz:460798(460864) lv:101.2% dts:8.258 pts:8.675
2025-08-23 16:54:40.051 T:4250 info : Skipped 7 duplicate messages..
2025-08-23 16:54:40.051 T:4250 debug : CVideoPlayer::ProcessVideoData size:448157 dts:13.847 pts:13.889 dur:41.000ms, clock:5.849 level:69
2025-08-23 16:54:40.051 T:4252 debug : CAMLCodec::AddData: skip add data dl:15459072 fl:263424 sz:460798(460864) lv:101.2% dts:8.258 pts:8.675
2025-08-23 16:54:40.067 T:4073 info : Skipped 7 duplicate messages..
2025-08-23 16:54:40.067 T:4073 debug : CAMLCodec::PollFrame elapsed:36.169ms
2025-08-23 16:54:40.068 T:4252 debug : CAMLCodec::AddData: skip add data dl:15450176 fl:272320 sz:460798(460864) lv:101.2% dts:8.258 pts:8.675
2025-08-23 16:54:40.069 T:4252 debug : CAMLCodec::DequeueBuffer: pts:6.215 idx:149
2025-08-23 16:54:40.069 T:4252 debug : CAMLCodec::GetPicture: index: 149, pts: 6.215, dur:42.000ms ar:1.78 elf:40ms
2025-08-23 16:54:40.070 T:4252 debug : CVideoPlayerVideo::OutputPicture - ttd:347ms pts:6.215 Clock:5.868 Level:5
2025-08-23 16:54:40.074 T:4252 debug : CAMLCodec::AddData: skip add data dl:15450176 fl:272320 sz:460798(460864) lv:101.2% dts:8.258 pts:8.675
2025-08-23 16:54:40.080 T:4073 debug : PrepareNextRender: frameOnScreen: 5.878 renderPts: 6.031 nextFramePts: 6.006 -> diff: 0.025 render: 1 forceNext: 0
2025-08-23 16:54:40.080 T:4073 debug : CAMLCodec::ReleaseFrame idx:144, drop:0
2025-08-23 16:54:40.080 T:4252 debug : CAMLCodec::AddData: dl:15580480 fl:142016 sz:460798(460864) lv:99.1% dts:8.258 pts:8.675
2025-08-23 16:54:40.081 T:4252 debug : CAMLCodec::AddData: skip add data dl:15583777 fl:138719 sz:372202(372288) lv:101.4% dts:8.300 pts:8.508
2025-08-23 16:54:40.083 T:4250 debug : CVideoPlayer::ProcessVideoData size:443244 dts:13.889 pts:13.972 dur:41.000ms, clock:5.881 level:69
2025-08-23 16:54:40.083 T:4252 debug : CAMLCodec::AddData: skip add data dl:15583777 fl:138719 sz:372202(372288) lv:101.4% dts:8.300 pts:8.508
2025-08-23 16:54:40.095 T:4253 info : Skipped 6 duplicate messages..
2025-08-23 16:54:40.095 T:4253 debug : CVideoPlayerAudio::OutputPacket: pts:6.687 curr_pts:5.868 clock:5.893 level:90
2025-08-23 16:54:40.097 T:4252 debug : CAMLCodec::AddData: skip add data dl:15583777 fl:138719 sz:372202(372288) lv:101.4% dts:8.300 pts:8.508
2025-08-23 16:54:40.108 T:4073 info : Skipped 5 duplicate messages..
2025-08-23 16:54:40.108 T:4073 debug : CAMLCodec::PollFrame elapsed:28.309ms
2025-08-23 16:54:40.109 T:4252 debug : CAMLCodec::AddData: skip add data dl:15583777 fl:138719 sz:372202(372288) lv:101.4% dts:8.300 pts:8.508
2025-08-23 16:54:40.113 T:4073 debug : PrepareNextRender: frameOnScreen: 5.912 renderPts: 6.065 nextFramePts: 6.048 -> diff: 0.017 render: 1 forceNext: 0
2025-08-23 16:54:40.114 T:4073 debug : CAMLCodec::ReleaseFrame idx:145, drop:0
2025-08-23 16:54:40.114 T:4252 debug : CAMLCodec::DequeueBuffer: pts:6.256 idx:150
2025-08-23 16:54:40.114 T:4252 debug : CAMLCodec::GetPicture: index: 150, pts: 6.256, dur:41.000ms ar:1.78 elf:44ms
2025-08-23 16:54:40.114 T:4252 debug : CVideoPlayerVideo::OutputPicture - ttd:343ms pts:6.256 Clock:5.912 Level:4
2025-08-23 16:54:40.116 T:4252 debug : CAMLCodec::AddData: skip add data dl:15455649 fl:266847 sz:372202(372288) lv:100.6% dts:8.300 pts:8.508
2025-08-23 16:54:40.122 T:4252 info : Skipped 1 duplicate messages..
2025-08-23 16:54:40.122 T:4252 debug : CAMLCodec::AddData: dl:15506337 fl:216159 sz:372202(372288) lv:98.6% dts:8.300 pts:8.508
2025-08-23 16:54:40.123 T:4252 debug : CAMLCodec::AddData: skip add data dl:15506251 fl:216245 sz:306960(307072) lv:100.5% dts:8.342 pts:8.425
2025-08-23 16:54:40.150 T:4073 info : Skipped 15 duplicate messages..
2025-08-23 16:54:40.150 T:4073 debug : CAMLCodec::PollFrame elapsed:36.475ms
2025-08-23 16:54:40.151 T:4252 debug : CAMLCodec::AddData: skip add data dl:15472907 fl:249589 sz:306960(307072) lv:100.3% dts:8.342 pts:8.425
2025-08-23 16:54:40.152 T:4252 debug : CAMLCodec::DequeueBuffer: pts:6.298 idx:151
2025-08-23 16:54:40.152 T:4252 debug : CAMLCodec::GetPicture: index: 151, pts: 6.298, dur:42.000ms ar:1.78 elf:38ms
2025-08-23 16:54:40.152 T:4252 debug : CVideoPlayerVideo::OutputPicture - ttd:347ms pts:6.298 Clock:5.951 Level:5
2025-08-23 16:54:40.155 T:4252 debug : CAMLCodec::AddData: skip add data dl:15472907 fl:249589 sz:306960(307072) lv:100.3% dts:8.342 pts:8.425
2025-08-23 16:54:40.158 T:4073 info : Skipped 1 duplicate messages..
2025-08-23 16:54:40.158 T:4073 debug : PrepareNextRender: frameOnScreen: 5.957 renderPts: 6.110 nextFramePts: 6.089 -> diff: 0.021 render: 1 forceNext: 0
2025-08-23 16:54:40.159 T:4073 debug : CAMLCodec::ReleaseFrame idx:146, drop:0
2025-08-23 16:54:40.162 T:4252 debug : CAMLCodec::AddData: dl:15515787 fl:206709 sz:306960(307072) lv:98.6% dts:8.342 pts:8.425
2025-08-23 16:54:40.163 T:4252 debug : CAMLCodec::AddData: skip add data dl:15515675 fl:206821 sz:276410(276480) lv:100.4% dts:8.383 pts:8.383
2025-08-23 16:54:40.164 T:4250 debug : CVideoPlayer::ProcessAudioData size:9178 dts:14.025 pts:14.025 dur:92.000ms, clock:5.963 drop:0 level:90
2025-08-23 16:54:40.164 T:4250 debug : CVideoPlayer::ProcessAudioData size:9148 dts:14.117 pts:14.117 dur:92.000ms, clock:5.963 drop:0 level:91
2025-08-23 16:54:40.165 T:4250 debug : CVideoPlayer::ProcessAudioData size:9146 dts:14.210 pts:14.210 dur:92.000ms, clock:5.963 drop:0 level:92
2025-08-23 16:54:40.165 T:4250 debug : CVideoPlayer::ProcessAudioData size:9266 dts:14.303 pts:14.303 dur:92.000ms, clock:5.963 drop:0 level:93
2025-08-23 16:54:40.167 T:4250 debug : CVideoPlayer::ProcessVideoData size:684093 dts:13.931 pts:14.348 dur:41.000ms, clock:5.965 level:69
2025-08-23 16:54:40.169 T:4252 debug : CAMLCodec::AddData: skip add data dl:15515675 fl:206821 sz:276410(276480) lv:100.4% dts:8.383 pts:8.383
2025-08-23 16:54:40.192 T:4073 info : Skipped 11 duplicate messages..
2025-08-23 16:54:40.192 T:4073 debug : CAMLCodec::PollFrame elapsed:33.105ms
2025-08-23 16:54:40.193 T:4252 debug : CAMLCodec::AddData: skip add data dl:15515675 fl:206821 sz:276410(276480) lv:100.4% dts:8.383 pts:8.383
2025-08-23 16:54:40.195 T:4253 info : Skipped 1 duplicate messages..
2025-08-23 16:54:40.195 T:4253 debug : CVideoPlayerAudio::OutputPacket: pts:6.779 curr_pts:5.968 clock:5.993 level:93
2025-08-23 16:54:40.196 T:4252 debug : CAMLCodec::AddData: skip add data dl:15515675 fl:206821 sz:276410(276480) lv:100.4% dts:8.383 pts:8.383
2025-08-23 16:54:40.202 T:4073 info : Skipped 4 duplicate messages..
2025-08-23 16:54:40.202 T:4073 debug : PrepareNextRender: frameOnScreen: 6.000 renderPts: 6.154 nextFramePts: 6.131 -> diff: 0.023 render: 1 forceNext: 0
2025-08-23 16:54:40.202 T:4073 debug : CAMLCodec::ReleaseFrame idx:147, drop:0
2025-08-23 16:54:40.204 T:4252 debug : CAMLCodec::AddData: skip add data dl:15515675 fl:206821 sz:276410(276480) lv:100.4% dts:8.383 pts:8.383
2025-08-23 16:54:40.234 T:4073 info : Skipped 17 duplicate messages..
2025-08-23 16:54:40.234 T:4073 debug : CAMLCodec::PollFrame elapsed:30.923ms
2025-08-23 16:54:40.235 T:4252 debug : CAMLCodec::AddData: skip add data dl:15489179 fl:233317 sz:276410(276480) lv:100.2% dts:8.383 pts:8.383
2025-08-23 16:54:40.236 T:4252 debug : CAMLCodec::DequeueBuffer: pts:6.340 idx:152
2025-08-23 16:54:40.236 T:4252 debug : CAMLCodec::GetPicture: index: 152, pts: 6.340, dur:42.000ms ar:1.78 elf:83ms
2025-08-23 16:54:40.236 T:4252 debug : CVideoPlayerVideo::OutputPicture - ttd:305ms pts:6.340 Clock:6.034 Level:4
2025-08-23 16:54:40.239 T:4252 debug : CAMLCodec::AddData: skip add data dl:15489179 fl:233317 sz:276410(276480) lv:100.2% dts:8.383 pts:8.383
2025-08-23 16:54:40.242 T:4073 info : Skipped 1 duplicate messages..
2025-08-23 16:54:40.242 T:4073 debug : PrepareNextRender: frameOnScreen: 6.040 renderPts: 6.193 nextFramePts: 6.173 -> diff: 0.020 render: 1 forceNext: 0
2025-08-23 16:54:40.242 T:4073 debug : CAMLCodec::ReleaseFrame idx:148, drop:0
2025-08-23 16:54:40.243 T:4252 debug : CAMLCodec::AddData: skip add data dl:15489179 fl:233317 sz:276410(276480) lv:100.2% dts:8.383 pts:8.383
2025-08-23 16:54:40.249 T:4252 debug : CAMLCodec::AddData: dl:15498139 fl:224357 sz:276410(276480) lv:98.5% dts:8.383 pts:8.383
2025-08-23 16:54:40.250 T:4252 debug : CAMLCodec::AddData: skip add data dl:15498069 fl:224427 sz:273407(273472) lv:100.3% dts:8.425 pts:8.467
2025-08-23 16:54:40.276 T:4073 info : Skipped 15 duplicate messages..
2025-08-23 16:54:40.276 T:4073 debug : CAMLCodec::PollFrame elapsed:33.567ms
2025-08-23 16:54:40.277 T:4252 debug : CAMLCodec::AddData: skip add data dl:15491541 fl:230955 sz:273407(273472) lv:100.2% dts:8.425 pts:8.467
2025-08-23 16:54:40.278 T:4252 debug : CAMLCodec::DequeueBuffer: pts:6.381 idx:153
2025-08-23 16:54:40.278 T:4252 debug : CAMLCodec::GetPicture: index: 153, pts: 6.381, dur:41.000ms ar:1.78 elf:41ms
2025-08-23 16:54:40.278 T:4252 debug : CVideoPlayerVideo::OutputPicture - ttd:304ms pts:6.381 Clock:6.076 Level:4
2025-08-23 16:54:40.281 T:4252 debug : CAMLCodec::AddData: skip add data dl:15491541 fl:230955 sz:273407(273472) lv:100.2% dts:8.425 pts:8.467
2025-08-23 16:54:40.284 T:4073 info : Skipped 1 duplicate messages..
2025-08-23 16:54:40.284 T:4073 debug : PrepareNextRender: frameOnScreen: 6.082 renderPts: 6.235 nextFramePts: 6.215 -> diff: 0.020 render: 1 forceNext: 0
2025-08-23 16:54:40.284 T:4073 debug : CAMLCodec::ReleaseFrame idx:149, drop:0
2025-08-23 16:54:40.285 T:4252 debug : CAMLCodec::AddData: skip add data dl:15491541 fl:230955 sz:273407(273472) lv:100.2% dts:8.425 pts:8.467
2025-08-23 16:54:40.289 T:4252 debug : CAMLCodec::AddData: dl:15507605 fl:214891 sz:273407(273472) lv:98.6% dts:8.425 pts:8.467
2025-08-23 16:54:40.290 T:4252 debug : CAMLCodec::AddData: skip add data dl:15507540 fl:214956 sz:298751(298816) lv:100.5% dts:8.467 pts:8.592
2025-08-23 16:54:40.291 T:4250 debug : CVideoPlayer::ProcessVideoData size:563352 dts:13.972 pts:14.181 dur:41.000ms, clock:6.089 level:69
2025-08-23 16:54:40.292 T:4252 debug : CAMLCodec::AddData: skip add data dl:15507540 fl:214956 sz:298751(298816) lv:100.5% dts:8.467 pts:8.592
2025-08-23 16:54:40.296 T:4253 info : Skipped 1 duplicate messages..
2025-08-23 16:54:40.296 T:4253 debug : CVideoPlayerAudio::OutputPacket: pts:6.872 curr_pts:6.068 clock:6.094 level:92
2025-08-23 16:54:40.298 T:4252 debug : CAMLCodec::AddData: skip add data dl:15507540 fl:214956 sz:298751(298816) lv:100.5% dts:8.467 pts:8.592
2025-08-23 16:54:40.317 T:4073 info : Skipped 9 duplicate messages..
2025-08-23 16:54:40.317 T:4073 debug : CAMLCodec::PollFrame elapsed:33.099ms
2025-08-23 16:54:40.318 T:4252 debug : CAMLCodec::AddData: skip add data dl:15502420 fl:220076 sz:298751(298816) lv:100.5% dts:8.467 pts:8.592
2025-08-23 16:54:40.319 T:4252 debug : CAMLCodec::DequeueBuffer: pts:6.423 idx:154
2025-08-23 16:54:40.319 T:4252 debug : CAMLCodec::GetPicture: index: 154, pts: 6.423, dur:42.000ms ar:1.78 elf:40ms
2025-08-23 16:54:40.320 T:4252 debug : CVideoPlayerVideo::OutputPicture - ttd:305ms pts:6.423 Clock:6.117 Level:4
2025-08-23 16:54:40.322 T:4252 debug : CAMLCodec::AddData: skip add data dl:15502420 fl:220076 sz:298751(298816) lv:100.5% dts:8.467 pts:8.592
2025-08-23 16:54:40.326 T:4073 info : Skipped 1 duplicate messages..
2025-08-23 16:54:40.326 T:4073 debug : PrepareNextRender: frameOnScreen: 6.124 renderPts: 6.277 nextFramePts: 6.256 -> diff: 0.021 render: 1 forceNext: 0
2025-08-23 16:54:40.326 T:4073 debug : CAMLCodec::ReleaseFrame idx:150, drop:0
2025-08-23 16:54:40.326 T:4252 debug : CAMLCodec::AddData: skip add data dl:15502420 fl:220076 sz:298751(298816) lv:100.5% dts:8.467 pts:8.592
2025-08-23 16:54:40.331 T:4252 debug : CAMLCodec::AddData: dl:15539412 fl:183084 sz:298751(298816) lv:98.8% dts:8.467 pts:8.592
2025-08-23 16:54:40.332 T:4252 debug : CAMLCodec::AddData: skip add data dl:15539347 fl:183149 sz:272857(272960) lv:100.5% dts:8.508 pts:8.550
2025-08-23 16:54:40.359 T:4073 info : Skipped 16 duplicate messages..
2025-08-23 16:54:40.359 T:4073 debug : CAMLCodec::PollFrame elapsed:32.970ms
2025-08-23 16:54:40.360 T:4252 debug : CAMLCodec::AddData: skip add data dl:15511187 fl:211309 sz:272857(272960) lv:100.4% dts:8.508 pts:8.550
2025-08-23 16:54:40.361 T:4252 debug : CAMLCodec::DequeueBuffer: pts:6.465 idx:155
2025-08-23 16:54:40.362 T:4252 debug : CAMLCodec::GetPicture: index: 155, pts: 6.465, dur:42.000ms ar:1.78 elf:42ms
2025-08-23 16:54:40.362 T:4252 debug : CVideoPlayerVideo::OutputPicture - ttd:305ms pts:6.465 Clock:6.160 Level:4
2025-08-23 16:54:40.364 T:4252 debug : CAMLCodec::AddData: skip add data dl:15511187 fl:211309 sz:272857(272960) lv:100.4% dts:8.508 pts:8.550
2025-08-23 16:54:40.369 T:4073 info : Skipped 1 duplicate messages..
2025-08-23 16:54:40.369 T:4073 debug : PrepareNextRender: frameOnScreen: 6.167 renderPts: 6.320 nextFramePts: 6.298 -> diff: 0.022 render: 1 forceNext: 0
2025-08-23 16:54:40.369 T:4073 debug : CAMLCodec::ReleaseFrame idx:151, drop:0
2025-08-23 16:54:40.371 T:4252 debug : CAMLCodec::AddData: dl:15526227 fl:196269 sz:272857(272960) lv:98.7% dts:8.508 pts:8.550
2025-08-23 16:54:40.371 T:4252 debug : CAMLCodec::AddData: skip add data dl:15526124 fl:196372 sz:274129(274240) lv:100.5% dts:8.550 pts:8.634
2025-08-23 16:54:40.374 T:4250 debug : CVideoPlayer::ProcessVideoData size:481166 dts:14.014 pts:14.097 dur:41.000ms, clock:6.172 level:68
2025-08-23 16:54:40.375 T:4252 debug : CAMLCodec::AddData: skip add data dl:15526124 fl:196372 sz:274129(274240) lv:100.5% dts:8.550 pts:8.634
2025-08-23 16:54:40.396 T:4253 info : Skipped 10 duplicate messages..
2025-08-23 16:54:40.396 T:4253 debug : CVideoPlayerAudio::OutputPacket: pts:6.966 curr_pts:6.168 clock:6.193 level:91
2025-08-23 16:54:40.396 T:4252 debug : CAMLCodec::AddData: skip add data dl:15526124 fl:196372 sz:274129(274240) lv:100.5% dts:8.550 pts:8.634
2025-08-23 16:54:40.401 T:4073 info : Skipped 2 duplicate messages..
2025-08-23 16:54:40.401 T:4073 debug : CAMLCodec::PollFrame elapsed:31.447ms
2025-08-23 16:54:40.402 T:4252 debug : CAMLCodec::AddData: skip add data dl:15520684 fl:201812 sz:274129(274240) lv:100.4% dts:8.550 pts:8.634
2025-08-23 16:54:40.404 T:4252 debug : CAMLCodec::DequeueBuffer: pts:6.506 idx:156
2025-08-23 16:54:40.404 T:4252 debug : CAMLCodec::GetPicture: index: 156, pts: 6.506, dur:41.000ms ar:1.78 elf:41ms
2025-08-23 16:54:40.405 T:4252 debug : CVideoPlayerVideo::OutputPicture - ttd:303ms pts:6.506 Clock:6.203 Level:4
2025-08-23 16:54:40.407 T:4252 debug : CAMLCodec::AddData: skip add data dl:15520684 fl:201812 sz:274129(274240) lv:100.4% dts:8.550 pts:8.634
2025-08-23 16:54:40.412 T:4252 debug : CAMLCodec::AddData: dl:15532844 fl:189652 sz:274129(274240) lv:98.8% dts:8.550 pts:8.634
2025-08-23 16:54:40.413 T:4252 debug : CAMLCodec::AddData: skip add data dl:15532733 fl:189763 sz:410717(410816) lv:101.4% dts:8.592 pts:8.967
2025-08-23 16:54:40.414 T:4073 debug : PrepareNextRender: frameOnScreen: 6.212 renderPts: 6.365 nextFramePts: 6.340 -> diff: 0.025 render: 1 forceNext: 0
2025-08-23 16:54:40.414 T:4073 debug : CAMLCodec::ReleaseFrame idx:152, drop:0
2025-08-23 16:54:40.416 T:4250 debug : CVideoPlayer::ProcessVideoData size:446534 dts:14.056 pts:14.056 dur:41.000ms, clock:6.214 level:68
2025-08-23 16:54:40.417 T:4252 debug : CAMLCodec::AddData: skip add data dl:15532733 fl:189763 sz:410717(410816) lv:101.4% dts:8.592 pts:8.967
2025-08-23 16:54:40.443 T:4073 info : Skipped 12 duplicate messages..
2025-08-23 16:54:40.442 T:4073 debug : CAMLCodec::PollFrame elapsed:28.161ms
2025-08-23 16:54:40.443 T:4252 debug : CAMLCodec::DequeueBuffer: pts:6.548 idx:157
2025-08-23 16:54:40.443 T:4252 debug : CAMLCodec::GetPicture: index: 157, pts: 6.548, dur:42.000ms ar:1.78 elf:38ms
2025-08-23 16:54:40.443 T:4252 debug : CVideoPlayerVideo::OutputPicture - ttd:307ms pts:6.548 Clock:6.241 Level:4
2025-08-23 16:54:40.447 T:4073 debug : PrepareNextRender: frameOnScreen: 6.245 renderPts: 6.398 nextFramePts: 6.381 -> diff: 0.017 render: 1 forceNext: 0
2025-08-23 16:54:40.447 T:4073 debug : CAMLCodec::ReleaseFrame idx:153, drop:0
2025-08-23 16:54:40.448 T:4252 debug : CAMLCodec::AddData: skip add data dl:15525117 fl:197379 sz:410717(410816) lv:101.3% dts:8.592 pts:8.967
2025-08-23 16:54:40.454 T:4252 info : Skipped 1 duplicate messages..
2025-08-23 16:54:40.454 T:4252 debug : CAMLCodec::AddData: dl:15613437 fl:109059 sz:410717(410816) lv:99.3% dts:8.592 pts:8.967
2025-08-23 16:54:40.455 T:4252 debug : CAMLCodec::AddData: skip add data dl:15613338 fl:109158 sz:370757(370880) lv:101.6% dts:8.634 pts:8.842
2025-08-23 16:54:40.479 T:4250 info : Skipped 12 duplicate messages..
2025-08-23 16:54:40.479 T:4250 debug : CVideoPlayer::ProcessVideoData size:449558 dts:14.097 pts:14.139 dur:41.000ms, clock:6.276 level:68
2025-08-23 16:54:40.479 T:4252 debug : CAMLCodec::AddData: skip add data dl:15613338 fl:109158 sz:370757(370880) lv:101.6% dts:8.634 pts:8.842
2025-08-23 16:54:40.484 T:4073 info : Skipped 2 duplicate messages..
2025-08-23 16:54:40.484 T:4073 debug : CAMLCodec::PollFrame elapsed:37.143ms
2025-08-23 16:54:40.485 T:4252 debug : CAMLCodec::AddData: skip add data dl:15532378 fl:190118 sz:370757(370880) lv:101.1% dts:8.634 pts:8.842
2025-08-23 16:54:40.486 T:4252 debug : CAMLCodec::DequeueBuffer: pts:6.590 idx:158
2025-08-23 16:54:40.487 T:4252 debug : CAMLCodec::GetPicture: index: 158, pts: 6.590, dur:42.000ms ar:1.78 elf:43ms
2025-08-23 16:54:40.487 T:4252 debug : CVideoPlayerVideo::OutputPicture - ttd:305ms pts:6.590 Clock:6.284 Level:4
2025-08-23 16:54:40.489 T:4252 debug : CAMLCodec::AddData: skip add data dl:15532378 fl:190118 sz:370757(370880) lv:101.1% dts:8.634 pts:8.842
2025-08-23 16:54:40.497 T:4073 debug : PrepareNextRender: frameOnScreen: 6.295 renderPts: 6.448 nextFramePts: 6.423 -> diff: 0.025 render: 1 forceNext: 0
2025-08-23 16:54:40.497 T:4253 debug : CVideoPlayerAudio::OutputPacket: pts:7.059 curr_pts:6.269 clock:6.295 level:90
2025-08-23 16:54:40.497 T:4073 debug : CAMLCodec::ReleaseFrame idx:154, drop:0
2025-08-23 16:54:40.498 T:4252 debug : CAMLCodec::AddData: dl:15576026 fl:146470 sz:370757(370880) lv:99.0% dts:8.634 pts:8.842
2025-08-23 16:54:40.499 T:4252 debug : CAMLCodec::AddData: skip add data dl:15467290 fl:255206 sz:293448(293568) lv:100.2% dts:8.675 pts:8.759
2025-08-23 16:54:40.501 T:4252 debug : CAMLCodec::AddData: skip add data dl:15575903 fl:146593 sz:293448(293568) lv:100.9% dts:8.675 pts:8.759
2025-08-23 16:54:40.521 T:4250 info : Skipped 10 duplicate messages..
2025-08-23 16:54:40.521 T:4250 debug : CVideoPlayer::ProcessVideoData size:492965 dts:14.139 pts:14.264 dur:41.000ms, clock:6.319 level:68
2025-08-23 16:54:40.521 T:4252 debug : CAMLCodec::AddData: skip add data dl:15575903 fl:146593 sz:293448(293568) lv:100.9% dts:8.675 pts:8.759
2025-08-23 16:54:40.526 T:4073 info : Skipped 2 duplicate messages..
2025-08-23 16:54:40.526 T:4073 debug : CAMLCodec::PollFrame elapsed:28.510ms
2025-08-23 16:54:40.527 T:4252 debug : CAMLCodec::AddData: skip add data dl:15575903 fl:146593 sz:293448(293568) lv:100.9% dts:8.675 pts:8.759
2025-08-23 16:54:40.533 T:4073 info : Skipped 2 duplicate messages..
2025-08-23 16:54:40.533 T:4073 debug : PrepareNextRender: frameOnScreen: 6.330 renderPts: 6.484 nextFramePts: 6.465 -> diff: 0.019 render: 1 forceNext: 0
2025-08-23 16:54:40.533 T:4073 debug : CAMLCodec::ReleaseFrame idx:155, drop:0
2025-08-23 16:54:40.534 T:4252 debug : CAMLCodec::AddData: skip add data dl:15575903 fl:146593 sz:293448(293568) lv:100.9% dts:8.675 pts:8.759
2025-08-23 16:54:40.568 T:4073 info : Skipped 17 duplicate messages..
2025-08-23 16:54:40.568 T:4073 debug : CAMLCodec::PollFrame elapsed:34.887ms
2025-08-23 16:54:40.568 T:4252 debug : CAMLCodec::AddData: skip add data dl:15539551 fl:182945 sz:293448(293568) lv:100.7% dts:8.675 pts:8.759
2025-08-23 16:54:40.569 T:4252 debug : CAMLCodec::DequeueBuffer: pts:6.632 idx:159
2025-08-23 16:54:40.569 T:4252 debug : CAMLCodec::GetPicture: index: 159, pts: 6.632, dur:42.000ms ar:1.78 elf:82ms
2025-08-23 16:54:40.570 T:4252 debug : CVideoPlayerVideo::OutputPicture - ttd:264ms pts:6.632 Clock:6.367 Level:3
2025-08-23 16:54:40.572 T:4252 debug : CAMLCodec::AddData: skip add data dl:15539551 fl:182945 sz:293448(293568) lv:100.7% dts:8.675 pts:8.759
2025-08-23 16:54:40.577 T:4073 info : Skipped 2 duplicate messages..
2025-08-23 16:54:40.577 T:4073 debug : PrepareNextRender: frameOnScreen: 6.374 renderPts: 6.528 nextFramePts: 6.506 -> diff: 0.022 render: 1 forceNext: 0
2025-08-23 16:54:40.577 T:4073 debug : CAMLCodec::ReleaseFrame idx:156, drop:0
2025-08-23 16:54:40.581 T:4252 debug : CAMLCodec::AddData: dl:15571231 fl:151265 sz:293448(293568) lv:99.0% dts:8.675 pts:8.759
2025-08-23 16:54:40.581 T:4252 debug : CAMLCodec::DequeueBuffer: pts:6.673 idx:160
2025-08-23 16:54:40.581 T:4252 debug : CAMLCodec::GetPicture: index: 160, pts: 6.673, dur:41.000ms ar:1.78 elf:11ms
2025-08-23 16:54:40.581 T:4252 debug : CVideoPlayerVideo::OutputPicture - ttd:294ms pts:6.673 Clock:6.378 Level:3
2025-08-23 16:54:40.583 T:4252 debug : CAMLCodec::AddData: skip add data dl:15541863 fl:180633 sz:269747(269824) lv:100.5% dts:8.717 pts:8.717
2025-08-23 16:54:40.590 T:4252 info : Skipped 2 duplicate messages..
2025-08-23 16:54:40.590 T:4252 debug : CAMLCodec::AddData: dl:15552615 fl:169881 sz:269747(269824) lv:98.9% dts:8.717 pts:8.717
2025-08-23 16:54:40.591 T:4252 debug : CAMLCodec::AddData: skip add data dl:15552538 fl:169958 sz:271120(271232) lv:100.6% dts:8.759 pts:8.800
2025-08-23 16:54:40.595 T:4253 info : Skipped 2 duplicate messages..
2025-08-23 16:54:40.595 T:4253 debug : CVideoPlayerAudio::OutputPacket: pts:7.151 curr_pts:6.368 clock:6.393 level:89
2025-08-23 16:54:40.596 T:4252 debug : CAMLCodec::AddData: skip add data dl:15552538 fl:169958 sz:271120(271232) lv:100.6% dts:8.759 pts:8.800
2025-08-23 16:54:40.610 T:4073 info : Skipped 8 duplicate messages..
2025-08-23 16:54:40.610 T:4073 debug : CAMLCodec::PollFrame elapsed:32.666ms
2025-08-23 16:54:40.611 T:4252 debug : CAMLCodec::AddData: skip add data dl:15544794 fl:177702 sz:271120(271232) lv:100.6% dts:8.759 pts:8.800
2025-08-23 16:54:40.613 T:4252 debug : CAMLCodec::DequeueBuffer: pts:6.715 idx:161
2025-08-23 16:54:40.613 T:4252 debug : CAMLCodec::GetPicture: index: 161, pts: 6.715, dur:42.000ms ar:1.78 elf:31ms
2025-08-23 16:54:40.613 T:4252 debug : CVideoPlayerVideo::OutputPicture - ttd:304ms pts:6.715 Clock:6.411 Level:4
2025-08-23 16:54:40.615 T:4252 debug : CAMLCodec::AddData: skip add data dl:15544794 fl:177702 sz:271120(271232) lv:100.6% dts:8.759 pts:8.800
2025-08-23 16:54:40.619 T:4073 info : Skipped 1 duplicate messages..
2025-08-23 16:54:40.619 T:4073 debug : PrepareNextRender: frameOnScreen: 6.416 renderPts: 6.570 nextFramePts: 6.548 -> diff: 0.022 render: 1 forceNext: 0
2025-08-23 16:54:40.619 T:4073 debug : CAMLCodec::ReleaseFrame idx:157, drop:0
2025-08-23 16:54:40.619 T:4252 debug : CAMLCodec::AddData: skip add data dl:15544794 fl:177702 sz:271120(271232) lv:100.6% dts:8.759 pts:8.800
2025-08-23 16:54:40.624 T:4250 debug : CVideoPlayer::ProcessVideoData size:448411 dts:14.181 pts:14.223 dur:41.000ms, clock:6.422 level:67
2025-08-23 16:54:40.624 T:4252 debug : CAMLCodec::AddData: dl:15556186 fl:166310 sz:271120(271232) lv:98.9% dts:8.759 pts:8.800
2025-08-23 16:54:40.625 T:4252 debug : CAMLCodec::AddData: skip add data dl:15556074 fl:166422 sz:305474(305600) lv:100.8% dts:8.800 pts:8.926
2025-08-23 16:54:40.646 T:4253 info : Skipped 9 duplicate messages..
2025-08-23 16:54:40.646 T:4253 debug : CVideoPlayerAudio::OutputPacket: pts:7.244 curr_pts:6.418 clock:6.443 level:88
2025-08-23 16:54:40.647 T:4252 debug : CAMLCodec::AddData: skip add data dl:15556074 fl:166422 sz:305474(305600) lv:100.8% dts:8.800 pts:8.926
2025-08-23 16:54:40.651 T:4073 info : Skipped 2 duplicate messages..
2025-08-23 16:54:40.651 T:4073 debug : CAMLCodec::PollFrame elapsed:31.947ms
2025-08-23 16:54:40.653 T:4252 debug : CAMLCodec::AddData: skip add data dl:15550634 fl:171862 sz:305474(305600) lv:100.8% dts:8.800 pts:8.926
