2025-08-23 16:54:46.932 T:4252 debug : CAMLCodec::AddData: skip add data dl:15535760 fl:186736 sz:450274(450368) lv:101.6% dts:14.389 pts:14.389
2025-08-23 16:54:46.958 T:4073 info : Skipped 12 duplicate messages..
2025-08-23 16:54:46.958 T:4073 debug : CAMLCodec::PollFrame elapsed:27.230ms
2025-08-23 16:54:46.959 T:4252 debug : CAMLCodec::AddData: skip add data dl:15534416 fl:188080 sz:450274(450368) lv:101.6% dts:14.389 pts:14.389
2025-08-23 16:54:46.961 T:4252 debug : CAMLCodec::DequeueBuffer: pts:13.055 idx:313
2025-08-23 16:54:46.961 T:4252 debug : CAMLCodec::GetPicture: index: 313, pts: 13.055, dur:42.000ms ar:1.78 elf:40ms
2025-08-23 16:54:46.961 T:4252 debug : CVideoPlayerVideo::OutputPicture - ttd:305ms pts:13.055 Clock:12.750 Level:4
2025-08-23 16:54:46.963 T:4252 debug : CAMLCodec::AddData: skip add data dl:15534416 fl:188080 sz:450274(450368) lv:101.6% dts:14.389 pts:14.389
2025-08-23 16:54:46.967 T:4250 info : Skipped 1 duplicate messages..
2025-08-23 16:54:46.967 T:4250 debug : CVideoPlayer::ProcessVideoData size:432820 dts:17.893 pts:17.976 dur:41.000ms, clock:12.756 level:100
2025-08-23 16:54:46.970 T:4252 debug : CAMLCodec::AddData: dl:15535376 fl:187120 sz:450274(450368) lv:98.8% dts:14.389 pts:14.389
2025-08-23 16:54:46.972 T:4252 debug : CAMLCodec::AddData: skip add data dl:15535282 fl:187214 sz:448931(449024) lv:101.6% dts:14.431 pts:14.473
2025-08-23 16:54:46.973 T:4073 debug : PrepareNextRender: frameOnScreen: 12.762 renderPts: 12.914 nextFramePts: 12.888 -> diff: 0.026 render: 1 forceNext: 0
2025-08-23 16:54:46.973 T:4073 debug : CAMLCodec::ReleaseFrame idx:309, drop:0
2025-08-23 16:54:46.974 T:4252 debug : CAMLCodec::AddData: skip add data dl:15535282 fl:187214 sz:448931(449024) lv:101.6% dts:14.431 pts:14.473
2025-08-23 16:54:46.978 T:4250 info : Skipped 1 duplicate messages..
2025-08-23 16:54:46.978 T:4250 debug : CVideoPlayer::ProcessAudioData size:7837 dts:18.019 pts:18.019 dur:92.000ms, clock:12.767 drop:0 level:55
2025-08-23 16:54:46.978 T:4252 debug : CAMLCodec::AddData: skip add data dl:15535282 fl:187214 sz:448931(449024) lv:101.6% dts:14.431 pts:14.473
2025-08-23 16:54:46.978 T:4250 debug : CVideoPlayer::ProcessAudioData size:7455 dts:18.111 pts:18.111 dur:92.000ms, clock:12.767 drop:0 level:56
2025-08-23 16:54:46.980 T:4252 debug : CAMLCodec::AddData: skip add data dl:15535282 fl:187214 sz:448931(449024) lv:101.6% dts:14.431 pts:14.473
2025-08-23 16:54:47.000 T:4073 info : Skipped 9 duplicate messages..
2025-08-23 16:54:47.000 T:4073 debug : CAMLCodec::PollFrame elapsed:26.489ms
2025-08-23 16:54:47.002 T:4252 debug : CAMLCodec::AddData: skip add data dl:15534258 fl:188238 sz:448931(449024) lv:101.6% dts:14.431 pts:14.473
2025-08-23 16:54:47.004 T:4253 debug : CVideoPlayerAudio::OutputPacket: pts:13.560 curr_pts:12.768 clock:12.793 level:56
2025-08-23 16:54:47.005 T:4252 debug : CAMLCodec::DequeueBuffer: pts:13.096 idx:314
2025-08-23 16:54:47.005 T:4252 debug : CAMLCodec::GetPicture: index: 314, pts: 13.096, dur:41.000ms ar:1.78 elf:43ms
2025-08-23 16:54:47.005 T:4252 debug : CVideoPlayerVideo::OutputPicture - ttd:302ms pts:13.096 Clock:12.794 Level:4
2025-08-23 16:54:47.007 T:4252 debug : CAMLCodec::AddData: skip add data dl:15534258 fl:188238 sz:448931(449024) lv:101.6% dts:14.431 pts:14.473
2025-08-23 16:54:47.009 T:4250 info : Skipped 1 duplicate messages..
2025-08-23 16:54:47.009 T:4250 debug : CVideoPlayer::ProcessAudioData size:6999 dts:18.204 pts:18.204 dur:92.000ms, clock:12.798 drop:0 level:56
2025-08-23 16:54:47.013 T:4252 debug : CAMLCodec::AddData: dl:15537842 fl:184654 sz:448931(449024) lv:98.8% dts:14.431 pts:14.473
2025-08-23 16:54:47.016 T:4252 debug : CAMLCodec::AddData: skip add data dl:15537749 fl:184747 sz:493339(493440) lv:101.9% dts:14.473 pts:14.598
2025-08-23 16:54:47.017 T:4073 debug : PrepareNextRender: frameOnScreen: 12.806 renderPts: 12.958 nextFramePts: 12.930 -> diff: 0.028 render: 1 forceNext: 0
2025-08-23 16:54:47.018 T:4073 debug : CAMLCodec::ReleaseFrame idx:310, drop:0
2025-08-23 16:54:47.018 T:4252 debug : CAMLCodec::AddData: skip add data dl:15537749 fl:184747 sz:493339(493440) lv:101.9% dts:14.473 pts:14.598
2025-08-23 16:54:47.021 T:4250 debug : CVideoPlayer::ProcessAudioData size:6715 dts:18.297 pts:18.297 dur:92.000ms, clock:12.809 drop:0 level:57
2025-08-23 16:54:47.023 T:4250 debug : CVideoPlayer::ProcessVideoData size:664345 dts:17.935 pts:18.352 dur:41.000ms, clock:12.811 level:43
2025-08-23 16:54:47.024 T:4252 debug : CAMLCodec::AddData: skip add data dl:15537749 fl:184747 sz:493339(493440) lv:101.9% dts:14.473 pts:14.598
2025-08-23 16:54:47.025 T:4250 debug : CVideoPlayer::ProcessVideoData size:546255 dts:17.976 pts:18.185 dur:41.000ms, clock:12.814 level:100
2025-08-23 16:54:47.028 T:4252 debug : CAMLCodec::AddData: skip add data dl:15537749 fl:184747 sz:493339(493440) lv:101.9% dts:14.473 pts:14.598
2025-08-23 16:54:47.041 T:4073 info : Skipped 5 duplicate messages..
2025-08-23 16:54:47.041 T:4073 debug : CAMLCodec::PollFrame elapsed:23.562ms
2025-08-23 16:54:47.042 T:4252 debug : CAMLCodec::AddData: skip add data dl:15529237 fl:193259 sz:493339(493440) lv:101.9% dts:14.473 pts:14.598
2025-08-23 16:54:47.043 T:4252 debug : CAMLCodec::DequeueBuffer: pts:13.138 idx:315
2025-08-23 16:54:47.043 T:4252 debug : CAMLCodec::GetPicture: index: 315, pts: 13.138, dur:42.000ms ar:1.78 elf:37ms
2025-08-23 16:54:47.043 T:4252 debug : CVideoPlayerVideo::OutputPicture - ttd:306ms pts:13.138 Clock:12.832 Level:4
2025-08-23 16:54:47.046 T:4252 debug : CAMLCodec::AddData: skip add data dl:15529237 fl:193259 sz:493339(493440) lv:101.9% dts:14.473 pts:14.598
2025-08-23 16:54:47.052 T:4252 info : Skipped 1 duplicate messages..
2025-08-23 16:54:47.052 T:4252 debug : CAMLCodec::AddData: skip add data dl:15529237 fl:633451 sz:493339(493440) lv:101.9% dts:14.473 pts:14.598
2025-08-23 16:54:47.054 T:4073 debug : PrepareNextRender: frameOnScreen: 12.843 renderPts: 12.995 nextFramePts: 12.971 -> diff: 0.024 render: 1 forceNext: 0
2025-08-23 16:54:47.054 T:4073 debug : CAMLCodec::ReleaseFrame idx:311, drop:0
2025-08-23 16:54:47.057 T:4252 debug : CAMLCodec::AddData: dl:15582485 fl:140011 sz:493339(493440) lv:99.1% dts:14.473 pts:14.598
2025-08-23 16:54:47.059 T:4252 debug : CAMLCodec::AddData: skip add data dl:15582384 fl:140112 sz:450086(450176) lv:101.9% dts:14.514 pts:14.556
2025-08-23 16:54:47.083 T:4073 info : Skipped 11 duplicate messages..
2025-08-23 16:54:47.083 T:4073 debug : CAMLCodec::PollFrame elapsed:28.869ms
2025-08-23 16:54:47.084 T:4252 debug : CAMLCodec::AddData: skip add data dl:15580784 fl:141712 sz:450086(450176) lv:101.9% dts:14.514 pts:14.556
2025-08-23 16:54:47.085 T:4252 debug : CAMLCodec::DequeueBuffer: pts:13.180 idx:316
2025-08-23 16:54:47.085 T:4252 debug : CAMLCodec::GetPicture: index: 316, pts: 13.180, dur:42.000ms ar:1.78 elf:42ms
2025-08-23 16:54:47.085 T:4252 debug : CVideoPlayerVideo::OutputPicture - ttd:305ms pts:13.180 Clock:12.874 Level:4
2025-08-23 16:54:47.089 T:4252 debug : CAMLCodec::AddData: skip add data dl:15580784 fl:141712 sz:450086(450176) lv:101.9% dts:14.514 pts:14.556
2025-08-23 16:54:47.097 T:4252 info : Skipped 1 duplicate messages..
2025-08-23 16:54:47.097 T:4252 debug : CAMLCodec::AddData: dl:15590320 fl:132176 sz:450086(450176) lv:99.1% dts:14.514 pts:14.556
2025-08-23 16:54:47.100 T:4252 debug : CAMLCodec::AddData: skip add data dl:15590230 fl:132266 sz:767853(767936) lv:104.0% dts:14.556 pts:14.681
2025-08-23 16:54:47.100 T:4073 debug : PrepareNextRender: frameOnScreen: 12.889 renderPts: 13.038 nextFramePts: 13.013 -> diff: 0.025 render: 1 forceNext: 0
2025-08-23 16:54:47.100 T:4073 debug : CAMLCodec::ReleaseFrame idx:312, drop:0
2025-08-23 16:54:47.102 T:4252 debug : CAMLCodec::AddData: skip add data dl:15590230 fl:132266 sz:767853(767936) lv:104.0% dts:14.556 pts:14.681
2025-08-23 16:54:47.104 T:4253 debug : CVideoPlayerAudio::OutputPacket: pts:13.653 curr_pts:12.868 clock:12.892 level:57
2025-08-23 16:54:47.105 T:4252 debug : CAMLCodec::AddData: skip add data dl:15590230 fl:132266 sz:767853(767936) lv:104.0% dts:14.556 pts:14.681
2025-08-23 16:54:47.118 T:4250 info : Skipped 5 duplicate messages..
2025-08-23 16:54:47.118 T:4250 debug : CVideoPlayer::ProcessVideoData size:472524 dts:18.018 pts:18.101 dur:41.000ms, clock:12.907 level:43
2025-08-23 16:54:47.119 T:4252 debug : CAMLCodec::AddData: skip add data dl:15590230 fl:132266 sz:767853(767936) lv:104.0% dts:14.556 pts:14.681
2025-08-23 16:54:47.120 T:4250 debug : CVideoPlayer::ProcessVideoData size:435477 dts:18.060 pts:18.060 dur:41.000ms, clock:12.909 level:100
2025-08-23 16:54:47.122 T:4252 debug : CAMLCodec::AddData: skip add data dl:15590230 fl:132266 sz:767853(767936) lv:104.0% dts:14.556 pts:14.681
2025-08-23 16:54:47.125 T:4073 debug : CAMLCodec::PollFrame elapsed:24.286ms
2025-08-23 16:54:47.126 T:4252 debug : CAMLCodec::AddData: skip add data dl:15588438 fl:134058 sz:767853(767936) lv:104.0% dts:14.556 pts:14.681
2025-08-23 16:54:47.128 T:4252 debug : CAMLCodec::DequeueBuffer: pts:13.222 idx:317
2025-08-23 16:54:47.128 T:4252 debug : CAMLCodec::GetPicture: index: 317, pts: 13.222, dur:42.000ms ar:1.78 elf:42ms
2025-08-23 16:54:47.128 T:4252 debug : CVideoPlayerVideo::OutputPicture - ttd:305ms pts:13.222 Clock:12.917 Level:4
2025-08-23 16:54:47.132 T:4073 debug : PrepareNextRender: frameOnScreen: 12.921 renderPts: 13.070 nextFramePts: 13.055 -> diff: 0.015 render: 1 forceNext: 0
2025-08-23 16:54:47.133 T:4073 debug : CAMLCodec::ReleaseFrame idx:313, drop:0
2025-08-23 16:54:47.134 T:4252 debug : CAMLCodec::AddData: skip add data dl:15588438 fl:134058 sz:767853(767936) lv:104.0% dts:14.556 pts:14.681
2025-08-23 16:54:47.137 T:4252 debug : CAMLCodec::AddData: skip add data dl:15085398 fl:637098 sz:767853(767936) lv:100.8% dts:14.556 pts:14.681
2025-08-23 16:54:47.154 T:4253 info : Skipped 6 duplicate messages..
2025-08-23 16:54:47.154 T:4253 debug : CVideoPlayerAudio::OutputPacket: pts:13.746 curr_pts:12.918 clock:12.943 level:56
2025-08-23 16:54:47.155 T:4252 debug : CAMLCodec::AddData: skip add data dl:15085398 fl:637098 sz:767853(767936) lv:100.8% dts:14.556 pts:14.681
2025-08-23 16:54:47.167 T:4073 info : Skipped 4 duplicate messages..
2025-08-23 16:54:47.167 T:4073 debug : CAMLCodec::PollFrame elapsed:33.842ms
2025-08-23 16:54:47.168 T:4252 debug : CAMLCodec::AddData: skip add data dl:14989014 fl:733482 sz:767853(767936) lv:100.2% dts:14.556 pts:14.681
2025-08-23 16:54:47.169 T:4252 debug : CAMLCodec::DequeueBuffer: pts:13.263 idx:318
2025-08-23 16:54:47.169 T:4252 debug : CAMLCodec::GetPicture: index: 318, pts: 13.263, dur:41.000ms ar:1.78 elf:41ms
2025-08-23 16:54:47.169 T:4252 debug : CVideoPlayerVideo::OutputPicture - ttd:304ms pts:13.263 Clock:12.958 Level:4
2025-08-23 16:54:47.173 T:4252 debug : CAMLCodec::AddData: skip add data dl:14989014 fl:733482 sz:767853(767936) lv:100.2% dts:14.556 pts:14.681
2025-08-23 16:54:47.175 T:4073 info : Skipped 1 duplicate messages..
2025-08-23 16:54:47.175 T:4073 debug : PrepareNextRender: frameOnScreen: 12.964 renderPts: 13.113 nextFramePts: 13.096 -> diff: 0.017 render: 1 forceNext: 0
2025-08-23 16:54:47.175 T:4073 debug : CAMLCodec::ReleaseFrame idx:314, drop:0
2025-08-23 16:54:47.178 T:4252 debug : CAMLCodec::AddData: skip add data dl:14989014 fl:733482 sz:767853(767936) lv:100.2% dts:14.556 pts:14.681
2025-08-23 16:54:47.183 T:4252 debug : CAMLCodec::AddData: dl:15248406 fl:474090 sz:767853(767936) lv:96.9% dts:14.556 pts:14.681
2025-08-23 16:54:47.185 T:4252 debug : CAMLCodec::AddData: skip add data dl:15248323 fl:474173 sz:674115(674240) lv:101.2% dts:14.598 pts:15.015
2025-08-23 16:54:47.202 T:4250 info : Skipped 8 duplicate messages..
2025-08-23 16:54:47.202 T:4250 debug : CVideoPlayer::ProcessVideoData size:435539 dts:18.101 pts:18.143 dur:41.000ms, clock:12.991 level:100
2025-08-23 16:54:47.204 T:4252 debug : CAMLCodec::AddData: skip add data dl:15248323 fl:474173 sz:674115(674240) lv:101.2% dts:14.598 pts:15.015
2025-08-23 16:54:47.209 T:4073 info : Skipped 1 duplicate messages..
2025-08-23 16:54:47.209 T:4073 debug : CAMLCodec::PollFrame elapsed:33.045ms
2025-08-23 16:54:47.209 T:4252 debug : CAMLCodec::AddData: skip add data dl:15248323 fl:474173 sz:674115(674240) lv:101.2% dts:14.598 pts:15.015
2025-08-23 16:54:47.222 T:4073 info : Skipped 5 duplicate messages..
2025-08-23 16:54:47.222 T:4073 debug : PrepareNextRender: frameOnScreen: 13.010 renderPts: 13.159 nextFramePts: 13.138 -> diff: 0.021 render: 1 forceNext: 0
2025-08-23 16:54:47.222 T:4073 debug : CAMLCodec::ReleaseFrame idx:315, drop:0
2025-08-23 16:54:47.223 T:4252 debug : CAMLCodec::AddData: skip add data dl:15248323 fl:474173 sz:674115(674240) lv:101.2% dts:14.598 pts:15.015
2025-08-23 16:54:47.250 T:4073 info : Skipped 12 duplicate messages..
2025-08-23 16:54:47.250 T:4073 debug : CAMLCodec::PollFrame elapsed:28.333ms
2025-08-23 16:54:47.252 T:4252 debug : CAMLCodec::AddData: skip add data dl:15230595 fl:491901 sz:674115(674240) lv:101.1% dts:14.598 pts:15.015
2025-08-23 16:54:47.253 T:4252 debug : CAMLCodec::DequeueBuffer: pts:13.305 idx:319
2025-08-23 16:54:47.254 T:4252 debug : CAMLCodec::GetPicture: index: 319, pts: 13.305, dur:42.000ms ar:1.78 elf:84ms
2025-08-23 16:54:47.254 T:4252 debug : CVideoPlayerVideo::OutputPicture - ttd:262ms pts:13.305 Clock:13.042 Level:3
2025-08-23 16:54:47.257 T:4253 debug : CVideoPlayerAudio::OutputPacket: pts:13.838 curr_pts:13.021 clock:13.046 level:55
2025-08-23 16:54:47.258 T:4252 debug : CAMLCodec::AddData: skip add data dl:15230595 fl:491901 sz:674115(674240) lv:101.1% dts:14.598 pts:15.015
2025-08-23 16:54:47.262 T:4073 debug : PrepareNextRender: frameOnScreen: 13.051 renderPts: 13.200 nextFramePts: 13.180 -> diff: 0.020 render: 1 forceNext: 0
2025-08-23 16:54:47.262 T:4073 debug : CAMLCodec::ReleaseFrame idx:316, drop:0
2025-08-23 16:54:47.265 T:4250 debug : CVideoPlayer::ProcessVideoData size:478775 dts:18.143 pts:18.268 dur:41.000ms, clock:13.054 level:44
2025-08-23 16:54:47.266 T:4252 debug : CAMLCodec::AddData: dl:15461955 fl:260541 sz:674115(674240) lv:98.3% dts:14.598 pts:15.015
2025-08-23 16:54:47.266 T:4252 debug : CAMLCodec::DequeueBuffer: pts:13.347 idx:320
2025-08-23 16:54:47.266 T:4252 debug : CAMLCodec::GetPicture: index: 320, pts: 13.347, dur:42.000ms ar:1.78 elf:12ms
2025-08-23 16:54:47.266 T:4252 debug : CVideoPlayerVideo::OutputPicture - ttd:292ms pts:13.347 Clock:13.054 Level:3
2025-08-23 16:54:47.274 T:4252 debug : CAMLCodec::AddData: dl:15381827 fl:340669 sz:539186(539264) lv:97.8% dts:14.640 pts:14.848
2025-08-23 16:54:47.276 T:4252 debug : CAMLCodec::AddData: skip add data dl:15467526 fl:254970 sz:470189(470272) lv:101.3% dts:14.681 pts:14.765
2025-08-23 16:54:47.277 T:4250 debug : CVideoPlayer::ProcessVideoData size:432005 dts:18.185 pts:18.227 dur:41.000ms, clock:13.065 level:44
2025-08-23 16:54:47.279 T:4252 debug : CAMLCodec::AddData: skip add data dl:15547960 fl:174536 sz:470189(470272) lv:101.8% dts:14.681 pts:14.765
2025-08-23 16:54:47.293 T:4073 info : Skipped 6 duplicate messages..
2025-08-23 16:54:47.292 T:4073 debug : CAMLCodec::PollFrame elapsed:29.970ms
2025-08-23 16:54:47.293 T:4252 debug : CAMLCodec::AddData: skip add data dl:15546488 fl:176008 sz:470189(470272) lv:101.8% dts:14.681 pts:14.765
2025-08-23 16:54:47.295 T:4252 debug : CAMLCodec::DequeueBuffer: pts:13.388 idx:321
2025-08-23 16:54:47.295 T:4252 debug : CAMLCodec::GetPicture: index: 321, pts: 13.388, dur:41.000ms ar:1.78 elf:28ms
2025-08-23 16:54:47.295 T:4252 debug : CVideoPlayerVideo::OutputPicture - ttd:304ms pts:13.388 Clock:13.083 Level:4
2025-08-23 16:54:47.298 T:4252 debug : CAMLCodec::AddData: skip add data dl:15546488 fl:176008 sz:470189(470272) lv:101.8% dts:14.681 pts:14.765
2025-08-23 16:54:47.299 T:4250 debug : CVideoPlayer::ProcessVideoData size:439086 dts:18.227 pts:18.310 dur:41.000ms, clock:13.088 level:100
2025-08-23 16:54:47.302 T:4252 debug : CAMLCodec::AddData: skip add data dl:15546488 fl:176008 sz:470189(470272) lv:101.8% dts:14.681 pts:14.765
2025-08-23 16:54:47.304 T:4073 debug : PrepareNextRender: frameOnScreen: 13.092 renderPts: 13.242 nextFramePts: 13.222 -> diff: 0.020 render: 1 forceNext: 0
2025-08-23 16:54:47.304 T:4073 debug : CAMLCodec::ReleaseFrame idx:317, drop:0
2025-08-23 16:54:47.308 T:4252 debug : CAMLCodec::AddData: dl:15573368 fl:149128 sz:470189(470272) lv:99.0% dts:14.681 pts:14.765
2025-08-23 16:54:47.308 T:4252 debug : CAMLCodec::AddData: skip add data dl:15573285 fl:149211 sz:430706(430784) lv:101.8% dts:14.723 pts:14.723
2025-08-23 16:54:47.334 T:4073 info : Skipped 12 duplicate messages..
2025-08-23 16:54:47.334 T:4073 debug : CAMLCodec::PollFrame elapsed:29.711ms
2025-08-23 16:54:47.335 T:4252 debug : CAMLCodec::AddData: skip add data dl:15571621 fl:150875 sz:430706(430784) lv:101.7% dts:14.723 pts:14.723
2025-08-23 16:54:47.336 T:4252 debug : CAMLCodec::DequeueBuffer: pts:13.430 idx:322
2025-08-23 16:54:47.336 T:4252 debug : CAMLCodec::GetPicture: index: 322, pts: 13.430, dur:42.000ms ar:1.78 elf:41ms
2025-08-23 16:54:47.336 T:4252 debug : CVideoPlayerVideo::OutputPicture - ttd:305ms pts:13.430 Clock:13.125 Level:4
2025-08-23 16:54:47.339 T:4252 debug : CAMLCodec::AddData: skip add data dl:15571621 fl:150875 sz:430706(430784) lv:101.7% dts:14.723 pts:14.723
2025-08-23 16:54:47.342 T:4250 debug : CVideoPlayer::ProcessAudioData size:6935 dts:18.390 pts:18.390 dur:92.000ms, clock:13.130 drop:0 level:55
2025-08-23 16:54:47.342 T:4252 debug : CAMLCodec::AddData: skip add data dl:15571621 fl:150875 sz:430706(430784) lv:101.7% dts:14.723 pts:14.723
2025-08-23 16:54:47.342 T:4250 debug : CVideoPlayer::ProcessAudioData size:9467 dts:18.482 pts:18.482 dur:92.000ms, clock:13.131 drop:0 level:56
2025-08-23 16:54:47.346 T:4073 debug : PrepareNextRender: frameOnScreen: 13.134 renderPts: 13.283 nextFramePts: 13.263 -> diff: 0.020 render: 1 forceNext: 0
2025-08-23 16:54:47.346 T:4073 debug : CAMLCodec::ReleaseFrame idx:318, drop:0
2025-08-23 16:54:47.348 T:4252 debug : CAMLCodec::AddData: dl:15554277 fl:168219 sz:430706(430784) lv:98.9% dts:14.723 pts:14.723
2025-08-23 16:54:47.349 T:4252 debug : CAMLCodec::AddData: skip add data dl:15554199 fl:168297 sz:427742(427840) lv:101.6% dts:14.765 pts:14.806
2025-08-23 16:54:47.353 T:4250 info : Skipped 1 duplicate messages..
2025-08-23 16:54:47.353 T:4250 debug : CVideoPlayer::ProcessAudioData size:10123 dts:18.575 pts:18.575 dur:92.000ms, clock:13.141 drop:0 level:57
2025-08-23 16:54:47.353 T:4252 debug : CAMLCodec::AddData: skip add data dl:15554199 fl:168297 sz:427742(427840) lv:101.6% dts:14.765 pts:14.806
2025-08-23 16:54:47.357 T:4250 info : Skipped 1 duplicate messages..
2025-08-23 16:54:47.356 T:4250 debug : CVideoPlayer::ProcessVideoData size:585895 dts:18.268 pts:18.644 dur:41.000ms, clock:13.145 level:44
2025-08-23 16:54:47.357 T:4253 debug : CVideoPlayerAudio::OutputPacket: pts:13.931 curr_pts:13.120 clock:13.146 level:57
2025-08-23 16:54:47.358 T:4252 debug : CAMLCodec::AddData: skip add data dl:15554199 fl:168297 sz:427742(427840) lv:101.6% dts:14.765 pts:14.806
2025-08-23 16:54:47.376 T:4073 info : Skipped 7 duplicate messages..
2025-08-23 16:54:47.376 T:4073 debug : CAMLCodec::PollFrame elapsed:29.630ms
2025-08-23 16:54:47.377 T:4252 debug : CAMLCodec::AddData: skip add data dl:15544151 fl:178345 sz:427742(427840) lv:101.5% dts:14.765 pts:14.806
2025-08-23 16:54:47.379 T:4252 debug : CAMLCodec::DequeueBuffer: pts:13.472 idx:323
2025-08-23 16:54:47.379 T:4252 debug : CAMLCodec::GetPicture: index: 323, pts: 13.472, dur:42.000ms ar:1.78 elf:42ms
2025-08-23 16:54:47.379 T:4252 debug : CVideoPlayerVideo::OutputPicture - ttd:304ms pts:13.472 Clock:13.167 Level:4
2025-08-23 16:54:47.381 T:4252 debug : CAMLCodec::AddData: skip add data dl:15544151 fl:178345 sz:427742(427840) lv:101.5% dts:14.765 pts:14.806
2025-08-23 16:54:47.388 T:4252 info : Skipped 1 duplicate messages..
2025-08-23 16:54:47.388 T:4252 debug : CAMLCodec::AddData: dl:15529239 fl:193257 sz:427742(427840) lv:98.7% dts:14.765 pts:14.806
2025-08-23 16:54:47.389 T:4252 debug : CAMLCodec::AddData: skip add data dl:15529141 fl:193355 sz:480820(480896) lv:101.8% dts:14.806 pts:14.932
2025-08-23 16:54:47.392 T:4073 info : Skipped 1 duplicate messages..
2025-08-23 16:54:47.392 T:4073 debug : PrepareNextRender: frameOnScreen: 13.181 renderPts: 13.330 nextFramePts: 13.305 -> diff: 0.025 render: 1 forceNext: 0
2025-08-23 16:54:47.393 T:4073 debug : CAMLCodec::ReleaseFrame idx:319, drop:0
2025-08-23 16:54:47.393 T:4252 debug : CAMLCodec::AddData: skip add data dl:15529141 fl:193355 sz:480820(480896) lv:101.8% dts:14.806 pts:14.932
2025-08-23 16:54:47.417 T:4073 info : Skipped 12 duplicate messages..
2025-08-23 16:54:47.417 T:4073 debug : CAMLCodec::PollFrame elapsed:24.061ms
2025-08-23 16:54:47.418 T:4252 debug : CAMLCodec::AddData: skip add data dl:15527413 fl:195083 sz:480820(480896) lv:101.8% dts:14.806 pts:14.932
2025-08-23 16:54:47.420 T:4252 debug : CAMLCodec::DequeueBuffer: pts:13.513 idx:324
2025-08-23 16:54:47.420 T:4252 debug : CAMLCodec::GetPicture: index: 324, pts: 13.513, dur:41.000ms ar:1.78 elf:40ms
2025-08-23 16:54:47.420 T:4252 debug : CVideoPlayerVideo::OutputPicture - ttd:305ms pts:13.513 Clock:13.208 Level:4
2025-08-23 16:54:47.421 T:4252 debug : CAMLCodec::DequeueBuffer: pts:13.555 idx:325
2025-08-23 16:54:47.421 T:4252 debug : CAMLCodec::GetPicture: index: 325, pts: 13.555, dur:42.000ms ar:1.78 elf:1ms
2025-08-23 16:54:47.421 T:4252 debug : CVideoPlayerVideo::OutputPicture - ttd:345ms pts:13.555 Clock:13.209 Level:5
2025-08-23 16:54:47.422 T:4252 debug : CAMLCodec::DequeueBuffer: pts:13.597 idx:326
2025-08-23 16:54:47.422 T:4252 debug : CAMLCodec::GetPicture: index: 326, pts: 13.597, dur:42.000ms ar:1.78 elf:1ms
2025-08-23 16:54:47.422 T:4252 debug : CVideoPlayerVideo::OutputPicture - ttd:386ms pts:13.597 Clock:13.211 Level:6
2025-08-23 16:54:47.424 T:4252 debug : CAMLCodec::DequeueBuffer: pts:13.639 idx:327
2025-08-23 16:54:47.424 T:4252 debug : CAMLCodec::GetPicture: index: 327, pts: 13.639, dur:42.000ms ar:1.78 elf:1ms
2025-08-23 16:54:47.427 T:4073 debug : PrepareNextRender: frameOnScreen: 13.215 renderPts: 13.364 nextFramePts: 13.347 -> diff: 0.017 render: 1 forceNext: 0
2025-08-23 16:54:47.427 T:4252 debug : CVideoPlayerVideo::OutputPicture - ttd:427ms pts:13.639 Clock:13.212 Level:6
2025-08-23 16:54:47.427 T:4073 debug : CAMLCodec::ReleaseFrame idx:320, drop:0
2025-08-23 16:54:47.432 T:4252 debug : CAMLCodec::AddData: dl:15424757 fl:297739 sz:480820(480896) lv:98.1% dts:14.806 pts:14.932
2025-08-23 16:54:47.433 T:4252 debug : CAMLCodec::AddData: skip add data dl:15424681 fl:297815 sz:432836(432960) lv:100.8% dts:14.848 pts:14.890
2025-08-23 16:54:47.437 T:4252 debug : CAMLCodec::AddData: dl:15685673 fl:36823 sz:432836(432960) lv:99.7% dts:14.848 pts:14.890
2025-08-23 16:54:47.438 T:4252 debug : CAMLCodec::AddData: skip add data dl:15685549 fl:36947 sz:431805(431872) lv:102.5% dts:14.890 pts:14.973
2025-08-23 16:54:47.439 T:4250 debug : CVideoPlayer::ProcessVideoData size:545884 dts:18.310 pts:18.518 dur:41.000ms, clock:13.227 level:43
2025-08-23 16:54:47.440 T:4250 debug : CVideoPlayer::ProcessVideoData size:486353 dts:18.352 pts:18.435 dur:41.000ms, clock:13.229 level:43
2025-08-23 16:54:47.441 T:4252 debug : CAMLCodec::AddData: skip add data dl:15685549 fl:36947 sz:431805(431872) lv:102.5% dts:14.890 pts:14.973
2025-08-23 16:54:47.442 T:4250 debug : CVideoPlayer::ProcessVideoData size:439457 dts:18.393 pts:18.393 dur:41.000ms, clock:13.230 level:100
2025-08-23 16:54:47.447 T:4252 debug : CAMLCodec::AddData: dl:15597933 fl:124563 sz:431805(431872) lv:99.2% dts:14.890 pts:14.973
2025-08-23 16:54:47.449 T:4252 debug : CAMLCodec::AddData: skip add data dl:15597866 fl:124630 sz:670688(670784) lv:103.4% dts:14.932 pts:15.349
2025-08-23 16:54:47.456 T:4253 info : Skipped 1 duplicate messages..
2025-08-23 16:54:47.456 T:4253 debug : CVideoPlayerAudio::OutputPacket: pts:14.025 curr_pts:13.218 clock:13.244 level:56
2025-08-23 16:54:47.456 T:4252 debug : CAMLCodec::AddData: skip add data dl:15597866 fl:124630 sz:670688(670784) lv:103.4% dts:14.932 pts:15.349
2025-08-23 16:54:47.459 T:4073 info : Skipped 1 duplicate messages..
2025-08-23 16:54:47.459 T:4073 debug : CAMLCodec::PollFrame elapsed:32.120ms
2025-08-23 16:54:47.460 T:4252 debug : CAMLCodec::AddData: skip add data dl:15446378 fl:276118 sz:670688(670784) lv:102.5% dts:14.932 pts:15.349
2025-08-23 16:54:47.464 T:4250 debug : CVideoPlayer::ProcessVideoData size:445630 dts:18.435 pts:18.477 dur:41.000ms, clock:13.252 level:43
2025-08-23 16:54:47.464 T:4252 debug : CAMLCodec::AddData: skip add data dl:15446378 fl:276118 sz:670688(670784) lv:102.5% dts:14.932 pts:15.349
2025-08-23 16:54:47.468 T:4250 debug : CVideoPlayer::ProcessVideoData size:468317 dts:18.477 pts:18.602 dur:41.000ms, clock:13.256 level:44
2025-08-23 16:54:47.468 T:4252 debug : CAMLCodec::AddData: skip add data dl:15446378 fl:276118 sz:670688(670784) lv:102.5% dts:14.932 pts:15.349
2025-08-23 16:54:47.473 T:4252 debug : CAMLCodec::AddData: dl:15602730 fl:119766 sz:670688(670784) lv:99.2% dts:14.932 pts:15.349
2025-08-23 16:54:47.474 T:4252 debug : CAMLCodec::AddData: skip add data dl:15446376 fl:275992 sz:546207(546304) lv:101.7% dts:14.973 pts:15.182
2025-08-23 16:54:47.475 T:4252 debug : CAMLCodec::AddData: skip add data dl:15602634 fl:119862 sz:546207(546304) lv:102.7% dts:14.973 pts:15.182
2025-08-23 16:54:47.476 T:4073 debug : PrepareNextRender: frameOnScreen: 13.264 renderPts: 13.413 nextFramePts: 13.388 -> diff: 0.025 render: 1 forceNext: 0
2025-08-23 16:54:47.476 T:4073 debug : CAMLCodec::ReleaseFrame idx:321, drop:0
2025-08-23 16:54:47.478 T:4252 debug : CAMLCodec::AddData: skip add data dl:15602634 fl:119862 sz:546207(546304) lv:102.7% dts:14.973 pts:15.182
2025-08-23 16:54:47.501 T:4073 info : Skipped 13 duplicate messages..
2025-08-23 16:54:47.501 T:4073 debug : CAMLCodec::PollFrame elapsed:24.935ms
2025-08-23 16:54:47.501 T:4252 debug : CAMLCodec::AddData: skip add data dl:15569290 fl:153206 sz:546207(546304) lv:102.5% dts:14.973 pts:15.182
2025-08-23 16:54:47.510 T:4073 info : Skipped 4 duplicate messages..
2025-08-23 16:54:47.510 T:4073 debug : PrepareNextRender: frameOnScreen: 13.298 renderPts: 13.448 nextFramePts: 13.430 -> diff: 0.018 render: 1 forceNext: 0
2025-08-23 16:54:47.511 T:4073 debug : CAMLCodec::ReleaseFrame idx:322, drop:0
2025-08-23 16:54:47.514 T:4252 debug : CAMLCodec::AddData: dl:15667722 fl:54774 sz:546207(546304) lv:99.6% dts:14.973 pts:15.182
2025-08-23 16:54:47.515 T:4252 debug : CAMLCodec::AddData: skip add data dl:15645706 fl:76790 sz:475109(475200) lv:102.5% dts:15.015 pts:15.098
2025-08-23 16:54:47.517 T:4252 debug : CAMLCodec::AddData: skip add data dl:15667625 fl:54871 sz:475109(475200) lv:102.6% dts:15.015 pts:15.098
2025-08-23 16:54:47.520 T:4250 info : Skipped 1 duplicate messages..
2025-08-23 16:54:47.520 T:4250 debug : CVideoPlayer::ProcessVideoData size:441124 dts:18.518 pts:18.560 dur:41.000ms, clock:13.308 level:43
2025-08-23 16:54:47.520 T:4252 debug : CAMLCodec::AddData: skip add data dl:15667625 fl:54871 sz:475109(475200) lv:102.6% dts:15.015 pts:15.098
2025-08-23 16:54:47.543 T:4073 info : Skipped 12 duplicate messages..
2025-08-23 16:54:47.543 T:4073 debug : CAMLCodec::PollFrame elapsed:31.533ms
2025-08-23 16:54:47.543 T:4252 debug : CAMLCodec::AddData: skip add data dl:15656617 fl:65879 sz:475109(475200) lv:102.6% dts:15.015 pts:15.098
2025-08-23 16:54:47.544 T:4252 debug : CAMLCodec::DequeueBuffer: pts:13.680 idx:328
2025-08-23 16:54:47.545 T:4252 debug : CAMLCodec::GetPicture: index: 328, pts: 13.680, dur:41.000ms ar:1.78 elf:120ms
2025-08-23 16:54:47.545 T:4252 debug : CVideoPlayerVideo::OutputPicture - ttd:347ms pts:13.680 Clock:13.333 Level:5
2025-08-23 16:54:47.548 T:4252 debug : CAMLCodec::AddData: skip add data dl:15656617 fl:65879 sz:475109(475200) lv:102.6% dts:15.015 pts:15.098
2025-08-23 16:54:47.555 T:4252 info : Skipped 1 duplicate messages..
2025-08-23 16:54:47.555 T:4252 debug : CAMLCodec::AddData: dl:15687913 fl:34583 sz:475109(475200) lv:99.7% dts:15.015 pts:15.098
2025-08-23 16:54:47.555 T:4073 debug : PrepareNextRender: frameOnScreen: 13.343 renderPts: 13.493 nextFramePts: 13.472 -> diff: 0.021 render: 1 forceNext: 0
2025-08-23 16:54:47.556 T:4073 debug : CAMLCodec::ReleaseFrame idx:323, drop:0
2025-08-23 16:54:47.556 T:4253 debug : CVideoPlayerAudio::OutputPacket: pts:14.117 curr_pts:13.319 clock:13.344 level:55
2025-08-23 16:54:47.556 T:4252 debug : CAMLCodec::AddData: skip add data dl:15608616 fl:113648 sz:436619(436736) lv:102.0% dts:15.057 pts:15.057
2025-08-23 16:54:47.558 T:4252 debug : CAMLCodec::AddData: skip add data dl:15687822 fl:34674 sz:436619(436736) lv:102.5% dts:15.057 pts:15.057
2025-08-23 16:54:47.562 T:4250 info : Skipped 2 duplicate messages..
2025-08-23 16:54:47.562 T:4250 debug : CVideoPlayer::ProcessAudioData size:9973 dts:18.669 pts:18.669 dur:92.000ms, clock:13.350 drop:0 level:55
2025-08-23 16:54:47.563 T:4252 debug : CAMLCodec::AddData: skip add data dl:15687822 fl:34674 sz:436619(436736) lv:102.5% dts:15.057 pts:15.057
2025-08-23 16:54:47.563 T:4250 debug : CVideoPlayer::ProcessVideoData size:737971 dts:18.560 pts:18.685 dur:41.000ms, clock:13.351 level:44
2025-08-23 16:54:47.565 T:4252 debug : CAMLCodec::AddData: skip add data dl:15687822 fl:34674 sz:436619(436736) lv:102.5% dts:15.057 pts:15.057
2025-08-23 16:54:47.584 T:4073 info : Skipped 11 duplicate messages..
2025-08-23 16:54:47.584 T:4073 debug : CAMLCodec::PollFrame elapsed:28.454ms
2025-08-23 16:54:47.585 T:4252 debug : CAMLCodec::AddData: skip add data dl:15687822 fl:34674 sz:436619(436736) lv:102.5% dts:15.057 pts:15.057
2025-08-23 16:54:47.586 T:4252 debug : CAMLCodec::DequeueBuffer: pts:13.722 idx:329
2025-08-23 16:54:47.586 T:4252 debug : CAMLCodec::GetPicture: index: 329, pts: 13.722, dur:42.000ms ar:1.78 elf:41ms
2025-08-23 16:54:47.587 T:4252 debug : CVideoPlayerVideo::OutputPicture - ttd:347ms pts:13.722 Clock:13.375 Level:5
2025-08-23 16:54:47.589 T:4252 debug : CAMLCodec::AddData: skip add data dl:15685966 fl:36530 sz:436619(436736) lv:102.5% dts:15.057 pts:15.057
2025-08-23 16:54:47.592 T:4073 info : Skipped 1 duplicate messages..
2025-08-23 16:54:47.592 T:4073 debug : PrepareNextRender: frameOnScreen: 13.380 renderPts: 13.530 nextFramePts: 13.513 -> diff: 0.017 render: 1 forceNext: 0
2025-08-23 16:54:47.593 T:4073 debug : CAMLCodec::ReleaseFrame idx:324, drop:0
2025-08-23 16:54:47.593 T:4252 debug : CAMLCodec::AddData: skip add data dl:15685966 fl:36530 sz:436619(436736) lv:102.5% dts:15.057 pts:15.057
2025-08-23 16:54:47.598 T:4252 debug : CAMLCodec::AddData: dl:15677902 fl:44594 sz:436619(436736) lv:99.7% dts:15.057 pts:15.057
2025-08-23 16:54:47.599 T:4252 debug : CAMLCodec::AddData: skip add data dl:15677785 fl:44711 sz:433945(434048) lv:102.4% dts:15.098 pts:15.140
2025-08-23 16:54:47.615 T:4250 info : Skipped 8 duplicate messages..
2025-08-23 16:54:47.615 T:4250 debug : CVideoPlayer::ProcessAudioData size:9643 dts:18.762 pts:18.762 dur:92.000ms, clock:13.403 drop:0 level:56
2025-08-23 16:54:47.615 T:4252 debug : CAMLCodec::AddData: skip add data dl:15677785 fl:44711 sz:433945(434048) lv:102.4% dts:15.098 pts:15.140
2025-08-23 16:54:47.615 T:4250 debug : CVideoPlayer::ProcessAudioData size:8459 dts:18.854 pts:18.854 dur:92.000ms, clock:13.403 drop:0 level:57
2025-08-23 16:54:47.617 T:4252 debug : CAMLCodec::AddData: skip add data dl:15677785 fl:44711 sz:433945(434048) lv:102.4% dts:15.098 pts:15.140
2025-08-23 16:54:47.626 T:4252 info : Skipped 4 duplicate messages..
2025-08-23 16:54:47.626 T:4252 debug : CAMLCodec::AddData: skip add data dl:15676121 fl:46375 sz:433945(434048) lv:102.4% dts:15.098 pts:15.140
2025-08-23 16:54:47.626 T:4073 debug : CAMLCodec::PollFrame elapsed:33.541ms
2025-08-23 16:54:47.626 T:4250 debug : CVideoPlayer::ProcessAudioData size:10133 dts:18.947 pts:18.947 dur:92.000ms, clock:13.414 drop:0 level:59
2025-08-23 16:54:47.627 T:4252 debug : CAMLCodec::DequeueBuffer: pts:13.764 idx:330
2025-08-23 16:54:47.627 T:4252 debug : CAMLCodec::GetPicture: index: 330, pts: 13.764, dur:42.000ms ar:1.78 elf:40ms
2025-08-23 16:54:47.627 T:4252 debug : CVideoPlayerVideo::OutputPicture - ttd:348ms pts:13.764 Clock:13.415 Level:5
2025-08-23 16:54:47.630 T:4252 debug : CAMLCodec::AddData: skip add data dl:15676121 fl:46375 sz:433945(434048) lv:102.4% dts:15.098 pts:15.140
2025-08-23 16:54:47.633 T:4073 debug : PrepareNextRender: frameOnScreen: 13.421 renderPts: 13.570 nextFramePts: 13.555 -> diff: 0.015 render: 1 forceNext: 0
2025-08-23 16:54:47.633 T:4073 debug : CAMLCodec::ReleaseFrame idx:325, drop:0
2025-08-23 16:54:47.633 T:4252 debug : CAMLCodec::AddData: skip add data dl:15676121 fl:46375 sz:433945(434048) lv:102.4% dts:15.098 pts:15.140
2025-08-23 16:54:47.638 T:4252 debug : CAMLCodec::AddData: dl:15660633 fl:61863 sz:433945(434048) lv:99.6% dts:15.098 pts:15.140
2025-08-23 16:54:47.639 T:4252 debug : CAMLCodec::AddData: skip add data dl:15564760 fl:157608 sz:477458(477568) lv:102.0% dts:15.140 pts:15.265
2025-08-23 16:54:47.640 T:4250 debug : CVideoPlayer::ProcessVideoData size:683182 dts:18.602 pts:19.019 dur:41.000ms, clock:13.428 level:43
2025-08-23 16:54:47.642 T:4252 debug : CAMLCodec::AddData: skip add data dl:15660530 fl:61966 sz:477458(477568) lv:102.6% dts:15.140 pts:15.265
2025-08-23 16:54:47.655 T:4253 info : Skipped 6 duplicate messages..
2025-08-23 16:54:47.655 T:4253 debug : CVideoPlayerAudio::OutputPacket: pts:14.210 curr_pts:13.418 clock:13.443 level:59
2025-08-23 16:54:47.656 T:4252 debug : CAMLCodec::AddData: skip add data dl:15660530 fl:61966 sz:477458(477568) lv:102.6% dts:15.140 pts:15.265
2025-08-23 16:54:47.668 T:4073 info : Skipped 6 duplicate messages..
2025-08-23 16:54:47.668 T:4073 debug : CAMLCodec::PollFrame elapsed:34.465ms
2025-08-23 16:54:47.668 T:4252 debug : CAMLCodec::AddData: skip add data dl:15660530 fl:61966 sz:477458(477568) lv:102.6% dts:15.140 pts:15.265
2025-08-23 16:54:47.671 T:4252 debug : CAMLCodec::DequeueBuffer: pts:13.805 idx:331
2025-08-23 16:54:47.671 T:4252 debug : CAMLCodec::GetPicture: index: 331, pts: 13.805, dur:41.000ms ar:1.78 elf:43ms
2025-08-23 16:54:47.671 T:4252 debug : CVideoPlayerVideo::OutputPicture - ttd:345ms pts:13.805 Clock:13.459 Level:5
2025-08-23 16:54:47.674 T:4252 debug : CAMLCodec::AddData: skip add data dl:15650802 fl:71694 sz:477458(477568) lv:102.5% dts:15.140 pts:15.265
2025-08-23 16:54:47.677 T:4073 info : Skipped 1 duplicate messages..
2025-08-23 16:54:47.677 T:4073 debug : PrepareNextRender: frameOnScreen: 13.465 renderPts: 13.614 nextFramePts: 13.597 -> diff: 0.017 render: 1 forceNext: 0
2025-08-23 16:54:47.677 T:4073 debug : CAMLCodec::ReleaseFrame idx:326, drop:0
2025-08-23 16:54:47.678 T:4252 debug : CAMLCodec::AddData: skip add data dl:15650802 fl:71694 sz:477458(477568) lv:102.5% dts:15.140 pts:15.265
2025-08-23 16:54:47.683 T:4250 debug : CVideoPlayer::ProcessVideoData size:548062 dts:18.644 pts:18.852 dur:41.000ms, clock:13.471 level:43
2025-08-23 16:54:47.683 T:4252 debug : CAMLCodec::AddData: dl:15681714 fl:40782 sz:477458(477568) lv:99.7% dts:15.140 pts:15.265
2025-08-23 16:54:47.684 T:4252 debug : CAMLCodec::AddData: skip add data dl:15637424 fl:84944 sz:434480(434560) lv:102.2% dts:15.182 pts:15.224
2025-08-23 16:54:47.685 T:4252 debug : CAMLCodec::AddData: skip add data dl:15681604 fl:40892 sz:434480(434560) lv:102.5% dts:15.182 pts:15.224
2025-08-23 16:54:47.710 T:4073 info : Skipped 13 duplicate messages..
2025-08-23 16:54:47.710 T:4073 debug : CAMLCodec::PollFrame elapsed:32.162ms
2025-08-23 16:54:47.710 T:4252 debug : CAMLCodec::AddData: skip add data dl:15681604 fl:40892 sz:434480(434560) lv:102.5% dts:15.182 pts:15.224
2025-08-23 16:54:47.713 T:4252 debug : CAMLCodec::AddData: skip add data dl:15680132 fl:42364 sz:434480(434560) lv:102.5% dts:15.182 pts:15.224
2025-08-23 16:54:47.714 T:4252 debug : CAMLCodec::DequeueBuffer: pts:13.847 idx:332
2025-08-23 16:54:47.714 T:4252 debug : CAMLCodec::GetPicture: index: 332, pts: 13.847, dur:42.000ms ar:1.78 elf:42ms
2025-08-23 16:54:47.714 T:4252 debug : CVideoPlayerVideo::OutputPicture - ttd:345ms pts:13.847 Clock:13.502 Level:5
2025-08-23 16:54:47.716 T:4073 debug : PrepareNextRender: frameOnScreen: 13.503 renderPts: 13.653 nextFramePts: 13.639 -> diff: 0.014 render: 1 forceNext: 0
2025-08-23 16:54:47.716 T:4073 debug : CAMLCodec::ReleaseFrame idx:327, drop:0
2025-08-23 16:54:47.717 T:4252 debug : CAMLCodec::AddData: skip add data dl:15680132 fl:42364 sz:434480(434560) lv:102.5% dts:15.182 pts:15.224
2025-08-23 16:54:47.724 T:4252 info : Skipped 1 duplicate messages..
2025-08-23 16:54:47.724 T:4252 debug : CAMLCodec::AddData: dl:15672836 fl:49660 sz:434480(434560) lv:99.6% dts:15.182 pts:15.224
2025-08-23 16:54:47.725 T:4252 debug : CAMLCodec::AddData: skip add data dl:15672756 fl:49740 sz:428667(428736) lv:102.4% dts:15.224 pts:15.307
2025-08-23 16:54:47.735 T:4250 info : Skipped 4 duplicate messages..
2025-08-23 16:54:47.735 T:4250 debug : CVideoPlayer::ProcessVideoData size:475605 dts:18.685 pts:18.769 dur:41.000ms, clock:13.522 level:43
2025-08-23 16:54:47.735 T:4252 debug : CAMLCodec::AddData: skip add data dl:15672756 fl:49740 sz:428667(428736) lv:102.4% dts:15.224 pts:15.307
2025-08-23 16:54:47.752 T:4073 info : Skipped 8 duplicate messages..
2025-08-23 16:54:47.752 T:4073 debug : CAMLCodec::PollFrame elapsed:35.707ms
2025-08-23 16:54:47.753 T:4252 debug : CAMLCodec::AddData: skip add data dl:15671348 fl:51148 sz:428667(428736) lv:102.4% dts:15.224 pts:15.307
2025-08-23 16:54:47.754 T:4252 debug : CAMLCodec::DequeueBuffer: pts:13.889 idx:333
2025-08-23 16:54:47.755 T:4252 debug : CAMLCodec::GetPicture: index: 333, pts: 13.889, dur:42.000ms ar:1.78 elf:40ms
2025-08-23 16:54:47.755 T:4252 debug : CVideoPlayerVideo::OutputPicture - ttd:346ms pts:13.889 Clock:13.543 Level:5
2025-08-23 16:54:47.755 T:4253 debug : CVideoPlayerAudio::OutputPacket: pts:14.303 curr_pts:13.518 clock:13.543 level:57
2025-08-23 16:54:47.757 T:4252 debug : CAMLCodec::AddData: skip add data dl:15671348 fl:51148 sz:428667(428736) lv:102.4% dts:15.224 pts:15.307
2025-08-23 16:54:47.761 T:4073 info : Skipped 1 duplicate messages..
2025-08-23 16:54:47.761 T:4073 debug : PrepareNextRender: frameOnScreen: 13.549 renderPts: 13.698 nextFramePts: 13.680 -> diff: 0.018 render: 1 forceNext: 0
2025-08-23 16:54:47.761 T:4073 debug : CAMLCodec::ReleaseFrame idx:328, drop:0
2025-08-23 16:54:47.762 T:4252 debug : CAMLCodec::AddData: skip add data dl:15671348 fl:51148 sz:428667(428736) lv:102.4% dts:15.224 pts:15.307
2025-08-23 16:54:47.767 T:4252 debug : CAMLCodec::AddData: dl:15581300 fl:141196 sz:428667(428736) lv:99.1% dts:15.224 pts:15.307
2025-08-23 16:54:47.768 T:4252 debug : CAMLCodec::AddData: skip add data dl:15581231 fl:141265 sz:616742(616832) lv:103.0% dts:15.265 pts:15.641
2025-08-23 16:54:47.777 T:4250 info : Skipped 3 duplicate messages..
2025-08-23 16:54:47.777 T:4250 debug : CVideoPlayer::ProcessVideoData size:439812 dts:18.727 pts:18.727 dur:41.000ms, clock:13.565 level:43
2025-08-23 16:54:47.778 T:4250 debug : CVideoPlayer::ProcessVideoData size:441233 dts:18.769 pts:18.810 dur:41.000ms, clock:13.566 level:43
2025-08-23 16:54:47.778 T:4252 debug : CAMLCodec::AddData: skip add data dl:15581231 fl:141265 sz:616742(616832) lv:103.0% dts:15.265 pts:15.641
2025-08-23 16:54:47.793 T:4073 info : Skipped 6 duplicate messages..
2025-08-23 16:54:47.793 T:4073 debug : CAMLCodec::PollFrame elapsed:32.265ms
2025-08-23 16:54:47.795 T:4252 debug : CAMLCodec::AddData: skip add data dl:15415919 fl:306577 sz:616742(616832) lv:101.9% dts:15.265 pts:15.641
2025-08-23 16:54:47.796 T:4252 debug : CAMLCodec::DequeueBuffer: pts:13.931 idx:334
2025-08-23 16:54:47.796 T:4252 debug : CAMLCodec::GetPicture: index: 334, pts: 13.931, dur:42.000ms ar:1.78 elf:41ms
2025-08-23 16:54:47.797 T:4252 debug : CVideoPlayerVideo::OutputPicture - ttd:346ms pts:13.931 Clock:13.584 Level:5
2025-08-23 16:54:47.799 T:4252 debug : CAMLCodec::AddData: skip add data dl:15415919 fl:306577 sz:616742(616832) lv:101.9% dts:15.265 pts:15.641
2025-08-23 16:54:47.803 T:4073 info : Skipped 1 duplicate messages..
2025-08-23 16:54:47.803 T:4073 debug : PrepareNextRender: frameOnScreen: 13.591 renderPts: 13.740 nextFramePts: 13.722 -> diff: 0.018 render: 1 forceNext: 0
2025-08-23 16:54:47.803 T:4073 debug : CAMLCodec::ReleaseFrame idx:329, drop:0
2025-08-23 16:54:47.805 T:4253 debug : CVideoPlayerAudio::OutputPacket: pts:14.396 curr_pts:13.568 clock:13.592 level:56
2025-08-23 16:54:47.808 T:4252 debug : CAMLCodec::AddData: dl:15511279 fl:211217 sz:616742(616832) lv:98.6% dts:15.265 pts:15.641
2025-08-23 16:54:47.809 T:4252 debug : CAMLCodec::AddData: skip add data dl:15450344 fl:271896 sz:550315(550400) lv:101.7% dts:15.307 pts:15.515
2025-08-23 16:54:47.811 T:4252 debug : CAMLCodec::AddData: skip add data dl:15511189 fl:211307 sz:550315(550400) lv:102.1% dts:15.307 pts:15.515
2025-08-23 16:54:47.820 T:4250 info : Skipped 4 duplicate messages..
2025-08-23 16:54:47.820 T:4250 debug : CVideoPlayer::ProcessVideoData size:481546 dts:18.810 pts:18.936 dur:41.000ms, clock:13.608 level:100
2025-08-23 16:54:47.822 T:4252 debug : CAMLCodec::AddData: skip add data dl:15511189 fl:211307 sz:550315(550400) lv:102.1% dts:15.307 pts:15.515
2025-08-23 16:54:47.835 T:4073 info : Skipped 6 duplicate messages..
2025-08-23 16:54:47.835 T:4073 debug : CAMLCodec::PollFrame elapsed:31.585ms
2025-08-23 16:54:47.837 T:4252 debug : CAMLCodec::DequeueBuffer: pts:13.972 idx:335
2025-08-23 16:54:47.837 T:4252 debug : CAMLCodec::GetPicture: index: 335, pts: 13.972, dur:41.000ms ar:1.78 elf:40ms
2025-08-23 16:54:47.837 T:4252 debug : CVideoPlayerVideo::OutputPicture - ttd:347ms pts:13.972 Clock:13.624 Level:5
2025-08-23 16:54:47.840 T:4252 debug : CAMLCodec::AddData: skip add data dl:15469333 fl:253163 sz:550315(550400) lv:101.9% dts:15.307 pts:15.515
2025-08-23 16:54:47.847 T:4252 info : Skipped 1 duplicate messages..
2025-08-23 16:54:47.847 T:4252 debug : CAMLCodec::AddData: dl:15573077 fl:149419 sz:550315(550400) lv:99.0% dts:15.307 pts:15.515
2025-08-23 16:54:47.848 T:4252 debug : CAMLCodec::AddData: skip add data dl:15474256 fl:248080 sz:481136(481216) lv:101.4% dts:15.349 pts:15.432
2025-08-23 16:54:47.848 T:4073 debug : PrepareNextRender: frameOnScreen: 13.636 renderPts: 13.785 nextFramePts: 13.764 -> diff: 0.021 render: 1 forceNext: 0
2025-08-23 16:54:47.848 T:4073 debug : CAMLCodec::ReleaseFrame idx:330, drop:0
2025-08-23 16:54:47.849 T:4252 debug : CAMLCodec::AddData: skip add data dl:15572992 fl:149504 sz:481136(481216) lv:102.1% dts:15.349 pts:15.432
2025-08-23 16:54:47.852 T:4250 info : Skipped 1 duplicate messages..
2025-08-23 16:54:47.852 T:4250 debug : CVideoPlayer::ProcessVideoData size:440809 dts:18.852 pts:18.894 dur:41.000ms, clock:13.639 level:100
2025-08-23 16:54:47.853 T:4252 debug : CAMLCodec::AddData: skip add data dl:15572992 fl:149504 sz:481136(481216) lv:102.1% dts:15.349 pts:15.432
2025-08-23 16:54:47.877 T:4073 info : Skipped 13 duplicate messages..
2025-08-23 16:54:47.877 T:4073 debug : CAMLCodec::PollFrame elapsed:28.286ms
2025-08-23 16:54:47.878 T:4252 debug : CAMLCodec::AddData: skip add data dl:15572992 fl:149504 sz:481136(481216) lv:102.1% dts:15.349 pts:15.432
2025-08-23 16:54:47.886 T:4073 info : Skipped 3 duplicate messages..
2025-08-23 16:54:47.886 T:4073 debug : PrepareNextRender: frameOnScreen: 13.674 renderPts: 13.823 nextFramePts: 13.805 -> diff: 0.018 render: 1 forceNext: 0
2025-08-23 16:54:47.886 T:4073 debug : CAMLCodec::ReleaseFrame idx:331, drop:0
2025-08-23 16:54:47.887 T:4252 debug : CAMLCodec::AddData: skip add data dl:15572992 fl:149504 sz:481136(481216) lv:102.1% dts:15.349 pts:15.432
2025-08-23 16:54:47.905 T:4253 info : Skipped 9 duplicate messages..
2025-08-23 16:54:47.905 T:4253 debug : CVideoPlayerAudio::OutputPacket: pts:14.488 curr_pts:13.668 clock:13.693 level:55
2025-08-23 16:54:47.906 T:4252 debug : CAMLCodec::AddData: skip add data dl:15572992 fl:149504 sz:481136(481216) lv:102.1% dts:15.349 pts:15.432
2025-08-23 16:54:47.919 T:4073 info : Skipped 6 duplicate messages..
2025-08-23 16:54:47.919 T:4073 debug : CAMLCodec::PollFrame elapsed:32.112ms
2025-08-23 16:54:47.920 T:4252 debug : CAMLCodec::AddData: skip add data dl:15538496 fl:184000 sz:481136(481216) lv:101.9% dts:15.349 pts:15.432
2025-08-23 16:54:47.921 T:4252 debug : CAMLCodec::DequeueBuffer: pts:14.014 idx:336
2025-08-23 16:54:47.921 T:4252 debug : CAMLCodec::GetPicture: index: 336, pts: 14.014, dur:42.000ms ar:1.78 elf:84ms
2025-08-23 16:54:47.921 T:4252 debug : CVideoPlayerVideo::OutputPicture - ttd:305ms pts:14.014 Clock:13.709 Level:4
2025-08-23 16:54:47.923 T:4252 debug : CAMLCodec::AddData: skip add data dl:15538496 fl:184000 sz:481136(481216) lv:101.9% dts:15.349 pts:15.432
2025-08-23 16:54:47.932 T:4073 info : Skipped 1 duplicate messages..
2025-08-23 16:54:47.932 T:4073 debug : PrepareNextRender: frameOnScreen: 13.719 renderPts: 13.868 nextFramePts: 13.847 -> diff: 0.021 render: 1 forceNext: 0
2025-08-23 16:54:47.932 T:4073 debug : CAMLCodec::ReleaseFrame idx:332, drop:0
2025-08-23 16:54:47.932 T:4252 debug : CAMLCodec::AddData: dl:15578944 fl:143552 sz:481136(481216) lv:99.0% dts:15.349 pts:15.432
2025-08-23 16:54:47.933 T:4252 debug : CAMLCodec::AddData: skip add data dl:15578864 fl:143632 sz:432724(432832) lv:101.8% dts:15.390 pts:15.390
2025-08-23 16:54:47.944 T:4250 info : Skipped 6 duplicate messages..
2025-08-23 16:54:47.944 T:4250 debug : CVideoPlayer::ProcessVideoData size:431936 dts:18.894 pts:18.977 dur:41.000ms, clock:13.732 level:100
2025-08-23 16:54:47.946 T:4252 debug : CAMLCodec::AddData: skip add data dl:15578864 fl:143632 sz:432724(432832) lv:101.8% dts:15.390 pts:15.390
2025-08-23 16:54:47.960 T:4252 info : Skipped 6 duplicate messages..
2025-08-23 16:54:47.960 T:4252 debug : CAMLCodec::DequeueBuffer: pts:14.056 idx:337
2025-08-23 16:54:47.960 T:4252 debug : CAMLCodec::GetPicture: index: 337, pts: 14.056, dur:42.000ms ar:1.78 elf:39ms
2025-08-23 16:54:47.960 T:4073 debug : CAMLCodec::PollFrame elapsed:28.428ms
2025-08-23 16:54:47.961 T:4252 debug : CVideoPlayerVideo::OutputPicture - ttd:307ms pts:14.056 Clock:13.748 Level:4
2025-08-23 16:54:47.964 T:4252 debug : CAMLCodec::AddData: skip add data dl:15573104 fl:149392 sz:432724(432832) lv:101.8% dts:15.390 pts:15.390
2025-08-23 16:54:47.972 T:4073 info : Skipped 1 duplicate messages..
2025-08-23 16:54:47.972 T:4073 debug : PrepareNextRender: frameOnScreen: 13.760 renderPts: 13.909 nextFramePts: 13.889 -> diff: 0.020 render: 1 forceNext: 0
2025-08-23 16:54:47.972 T:4073 debug : CAMLCodec::ReleaseFrame idx:333, drop:0
2025-08-23 16:54:47.974 T:4252 debug : CAMLCodec::AddData: dl:15561648 fl:160848 sz:432724(432832) lv:98.9% dts:15.390 pts:15.390
2025-08-23 16:54:47.975 T:4252 debug : CAMLCodec::AddData: skip add data dl:15561540 fl:160956 sz:438333(438400) lv:101.7% dts:15.432 pts:15.474
2025-08-23 16:54:47.996 T:4250 info : Skipped 10 duplicate messages..
2025-08-23 16:54:47.996 T:4250 debug : CVideoPlayer::ProcessAudioData size:10591 dts:19.040 pts:19.040 dur:92.000ms, clock:13.783 drop:0 level:55
2025-08-23 16:54:47.996 T:4250 debug : CVideoPlayer::ProcessAudioData size:9086 dts:19.132 pts:19.132 dur:92.000ms, clock:13.783 drop:0 level:56
2025-08-23 16:54:47.996 T:4250 debug : CVideoPlayer::ProcessAudioData size:8499 dts:19.225 pts:19.225 dur:92.000ms, clock:13.783 drop:0 level:57
2025-08-23 16:54:47.997 T:4250 debug : CVideoPlayer::ProcessAudioData size:10502 dts:19.319 pts:19.319 dur:92.000ms, clock:13.784 drop:0 level:59
2025-08-23 16:54:47.999 T:4250 debug : CVideoPlayer::ProcessVideoData size:691127 dts:18.936 pts:19.353 dur:41.000ms, clock:13.786 level:43
2025-08-23 16:54:48.000 T:4252 debug : CAMLCodec::AddData: skip add data dl:15561540 fl:160956 sz:438333(438400) lv:101.7% dts:15.432 pts:15.474
2025-08-23 16:54:48.002 T:4073 info : Skipped 1 duplicate messages..
2025-08-23 16:54:48.002 T:4073 debug : CAMLCodec::PollFrame elapsed:29.518ms
2025-08-23 16:54:48.004 T:4252 debug : CAMLCodec::AddData: skip add data dl:15556292 fl:166204 sz:438333(438400) lv:101.7% dts:15.432 pts:15.474
2025-08-23 16:54:48.006 T:4252 debug : CAMLCodec::DequeueBuffer: pts:14.097 idx:338
2025-08-23 16:54:48.006 T:4252 debug : CAMLCodec::GetPicture: index: 338, pts: 14.097, dur:41.000ms ar:1.78 elf:45ms
2025-08-23 16:54:48.006 T:4252 debug : CVideoPlayerVideo::OutputPicture - ttd:303ms pts:14.097 Clock:13.793 Level:4
2025-08-23 16:54:48.007 T:4253 debug : CVideoPlayerAudio::OutputPacket: pts:14.581 curr_pts:13.769 clock:13.794 level:59
2025-08-23 16:54:48.009 T:4252 debug : CAMLCodec::AddData: skip add data dl:15556292 fl:166204 sz:438333(438400) lv:101.7% dts:15.432 pts:15.474
2025-08-23 16:54:48.012 T:4073 info : Skipped 1 duplicate messages..
2025-08-23 16:54:48.012 T:4073 debug : PrepareNextRender: frameOnScreen: 13.799 renderPts: 13.948 nextFramePts: 13.931 -> diff: 0.017 render: 1 forceNext: 0
2025-08-23 16:54:48.012 T:4252 debug : CAMLCodec::AddData: skip add data dl:15556292 fl:166204 sz:438333(438400) lv:101.7% dts:15.432 pts:15.474
2025-08-23 16:54:48.012 T:4073 debug : CAMLCodec::ReleaseFrame idx:334, drop:0
2025-08-23 16:54:48.018 T:4252 debug : CAMLCodec::AddData: dl:15541060 fl:181436 sz:438333(438400) lv:98.8% dts:15.432 pts:15.474
2025-08-23 16:54:48.020 T:4252 debug : CAMLCodec::AddData: skip add data dl:15540993 fl:181503 sz:478365(478464) lv:101.8% dts:15.474 pts:15.599
2025-08-23 16:54:48.022 T:4250 debug : CVideoPlayer::ProcessVideoData size:563749 dts:18.977 pts:19.186 dur:41.000ms, clock:13.809 level:43
2025-08-23 16:54:48.023 T:4252 debug : CAMLCodec::AddData: skip add data dl:15540993 fl:181503 sz:478365(478464) lv:101.8% dts:15.474 pts:15.599
2025-08-23 16:54:48.044 T:4073 info : Skipped 10 duplicate messages..
2025-08-23 16:54:48.044 T:4073 debug : CAMLCodec::PollFrame elapsed:31.241ms
2025-08-23 16:54:48.044 T:4252 debug : CAMLCodec::DequeueBuffer: pts:14.139 idx:339
